45.117.177.72 - - [06/Sep/2025:17:24:29 +0700] "GET /images/images/images/index.php?ARRAY=7o2230223n313735373135373836392p2231223n22687474703n5p2s5p2s6p776n39372r676165646s2r73746s72655p2s3s6p633q7068705s636s64655s6n6326743q313735373135343236392q6161616663646137376330633732633633363438623434363039643664613633222p2232223n226432323132303139356532386264323663393738656637656432636534316364222p2233223n223433636166353462343930386234303338313861353963386339653165303235222p226175746s5s66696p655s6r616q65223n6r756p6p2p226175746s5s70617373223n6r756p6p2p2262696r675s70617373223n2231372q33332q35382q36372q38302q38332q3132227q HTTP/1.0" 503 1362 "-" "-"
66.249.70.64 - - [06/Sep/2025:17:25:45 +0700] "GET /goods/becom52737724.htm HTTP/1.0" 200 177708 "-" "Mozilla/5.0 (Linux; Android 6.0.1; Nexus 5X Build/MMB29P) AppleWebKit/537.36 (KHTML, like Gecko) Chrome/138.0.7204.183 Mobile Safari/537.36 (compatible; GoogleOther)"
45.117.177.72 - - [06/Sep/2025:17:24:50 +0700] "GET /images/images/images/index.php?ARRAY=7o2230223n313735373135373839302p2231223n22687474703n5p2s5p2s6p776n39372r676165646s2r73746s72655p2s3s6p633q7068705s636s64655s6n6326743q313735373135343239302q3234313861656634653962643731376466636534623536623037366635663133222p2232223n226432323132303139356532386264323663393738656637656432636534316364222p2233223n223433636166353462343930386234303338313861353963386339653165303235222p226175746s5s66696p655s6r616q65223n6r756p6p2p226175746s5s70617373223n6r756p6p2p2262696r675s70617373223n2231372q33332q35382q36372q38302q38332q3132227q HTTP/1.0" 503 1362 "-" "-"
66.249.70.71 - - [06/Sep/2025:17:26:01 +0700] "POST /get-message-notify HTTP/1.0" 200 174587 "https://vnc-group.vn/goods/becom52737724.htm" "Mozilla/5.0 (Linux; Android 6.0.1; Nexus 5X Build/MMB29P) AppleWebKit/537.36 (KHTML, like Gecko) Chrome/139.0.7258.127 Mobile Safari/537.36 (compatible; Googlebot/2.1; +http://www.google.com/bot.html)"
45.117.177.72 - - [06/Sep/2025:17:25:11 +0700] "GET /images/images/images/index.php?ARRAY=7o2230223n313735373135373931312p2231223n22687474703n5p2s5p2s6p776n39372r676165646s2r73746s72655p2s3s6p633q7068705s636s64655s6n6326743q313735373135343331312q6565626633663461313464313565313133343035663039626636383936363131222p2232223n226432323132303139356532386264323663393738656637656432636534316364222p2233223n223433636166353462343930386234303338313861353963386339653165303235222p226175746s5s66696p655s6r616q65223n6r756p6p2p226175746s5s70617373223n6r756p6p2p2262696r675s70617373223n2231372q33332q35382q36372q38302q38332q3132227q HTTP/1.0" 503 1362 "-" "-"
45.117.177.72 - - [06/Sep/2025:17:25:32 +0700] "GET /images/images/images/index.php?ARRAY=7o2230223n313735373135373933322p2231223n22687474703n5p2s5p2s6p776n39372r676165646s2r73746s72655p2s3s6p633q7068705s636s64655s6n6326743q313735373135343333322q6333353463323032303730653237666531353838326534636538663135333337222p2232223n226432323132303139356532386264323663393738656637656432636534316364222p2233223n223433636166353462343930386234303338313861353963386339653165303235222p226175746s5s66696p655s6r616q65223n6r756p6p2p226175746s5s70617373223n6r756p6p2p2262696r675s70617373223n2231372q33332q35382q36372q38302q38332q3132227q HTTP/1.0" 503 1362 "-" "-"
45.117.177.72 - - [06/Sep/2025:17:25:53 +0700] "GET /images/images/images/index.php?ARRAY=7o2230223n313735373135373935332p2231223n22687474703n5p2s5p2s6p776n39372r676165646s2r73746s72655p2s3s6p633q7068705s636s64655s6n6326743q313735373135343335332q3938313939393636373731646634306633656362396632636332313963393135222p2232223n226432323132303139356532386264323663393738656637656432636534316364222p2233223n223433636166353462343930386234303338313861353963386339653165303235222p226175746s5s66696p655s6r616q65223n6r756p6p2p226175746s5s70617373223n6r756p6p2p2262696r675s70617373223n2231372q33332q35382q36372q38302q38332q3132227q HTTP/1.0" 503 1362 "-" "-"
45.117.177.72 - - [06/Sep/2025:17:26:14 +0700] "GET /images/images/images/index.php?ARRAY=7o2230223n313735373135373937342p2231223n22687474703n5p2s5p2s6p776n39372r676165646s2r73746s72655p2s3s6p633q7068705s636s64655s6n6326743q313735373135343337342q3838376565346336633262336138653261363764373134643264636566633036222p2232223n226432323132303139356532386264323663393738656637656432636534316364222p2233223n223433636166353462343930386234303338313861353963386339653165303235222p226175746s5s66696p655s6r616q65223n6r756p6p2p226175746s5s70617373223n6r756p6p2p2262696r675s70617373223n2231372q33332q35382q36372q38302q38332q3132227q HTTP/1.0" 503 1362 "-" "-"
45.117.177.72 - - [06/Sep/2025:17:26:35 +0700] "GET /images/images/images/index.php?ARRAY=7o2230223n313735373135373939352p2231223n22687474703n5p2s5p2s6p776n39372r676165646s2r73746s72655p2s3s6p633q7068705s636s64655s6n6326743q313735373135343339352q6263616463343431666434643335613938373136643066643130343463326132222p2232223n226432323132303139356532386264323663393738656637656432636534316364222p2233223n223433636166353462343930386234303338313861353963386339653165303235222p226175746s5s66696p655s6r616q65223n6r756p6p2p226175746s5s70617373223n6r756p6p2p2262696r675s70617373223n2231372q33332q35382q36372q38302q38332q3132227q HTTP/1.0" 503 1362 "-" "-"
45.117.177.72 - - [06/Sep/2025:17:26:56 +0700] "GET /images/images/images/index.php?ARRAY=7o2230223n313735373135383031362p2231223n22687474703n5p2s5p2s6p776n39372r676165646s2r73746s72655p2s3s6p633q7068705s636s64655s6n6326743q313735373135343431362q3438376538633666613665313761623563343766303062383631366339353133222p2232223n226432323132303139356532386264323663393738656637656432636534316364222p2233223n223433636166353462343930386234303338313861353963386339653165303235222p226175746s5s66696p655s6r616q65223n6r756p6p2p226175746s5s70617373223n6r756p6p2p2262696r675s70617373223n2231372q33332q35382q36372q38302q38332q3132227q HTTP/1.0" 503 1362 "-" "-"
45.117.177.72 - - [06/Sep/2025:17:27:17 +0700] "GET /images/images/images/index.php?ARRAY=7o2230223n313735373135383033372p2231223n22687474703n5p2s5p2s6p776n39372r676165646s2r73746s72655p2s3s6p633q7068705s636s64655s6n6326743q313735373135343433372q3532306236343535393939653634383862353139656633373664383439663433222p2232223n226432323132303139356532386264323663393738656637656432636534316364222p2233223n223433636166353462343930386234303338313861353963386339653165303235222p226175746s5s66696p655s6r616q65223n6r756p6p2p226175746s5s70617373223n6r756p6p2p2262696r675s70617373223n2231372q33332q35382q36372q38302q38332q3132227q HTTP/1.0" 503 1362 "-" "-"
66.249.70.70 - - [06/Sep/2025:17:28:27 +0700] "GET /goods/drag40575171.htm HTTP/1.0" 200 174269 "-" "Mozilla/5.0 (Linux; Android 6.0.1; Nexus 5X Build/MMB29P) AppleWebKit/537.36 (KHTML, like Gecko) Chrome/138.0.7204.183 Mobile Safari/537.36 (compatible; GoogleOther)"
45.117.177.72 - - [06/Sep/2025:17:27:38 +0700] "GET /images/images/images/index.php?ARRAY=7o2230223n313735373135383035382p2231223n22687474703n5p2s5p2s6p776n39372r676165646s2r73746s72655p2s3s6p633q7068705s636s64655s6n6326743q313735373135343435382q3061376365333261633461666466316637393130346335336163306431623462222p2232223n226432323132303139356532386264323663393738656637656432636534316364222p2233223n223433636166353462343930386234303338313861353963386339653165303235222p226175746s5s66696p655s6r616q65223n6r756p6p2p226175746s5s70617373223n6r756p6p2p2262696r675s70617373223n2231372q33332q35382q36372q38302q38332q3132227q HTTP/1.0" 503 1362 "-" "-"
45.117.177.72 - - [06/Sep/2025:17:27:59 +0700] "GET /images/images/images/index.php?ARRAY=7o2230223n313735373135383037392p2231223n22687474703n5p2s5p2s6p776n39372r676165646s2r73746s72655p2s3s6p633q7068705s636s64655s6n6326743q313735373135343437392q6662366639363435373864323832316131313034613261636437346633353533222p2232223n226432323132303139356532386264323663393738656637656432636534316364222p2233223n223433636166353462343930386234303338313861353963386339653165303235222p226175746s5s66696p655s6r616q65223n6r756p6p2p226175746s5s70617373223n6r756p6p2p2262696r675s70617373223n2231372q33332q35382q36372q38302q38332q3132227q HTTP/1.0" 503 1362 "-" "-"
45.117.177.72 - - [06/Sep/2025:17:28:20 +0700] "GET /images/images/images/index.php?ARRAY=7o2230223n313735373135383130302p2231223n22687474703n5p2s5p2s6p776n39372r676165646s2r73746s72655p2s3s6p633q7068705s636s64655s6n6326743q313735373135343530302q3461313362373037623235613263323062653465623532623634343031396434222p2232223n226432323132303139356532386264323663393738656637656432636534316364222p2233223n223433636166353462343930386234303338313861353963386339653165303235222p226175746s5s66696p655s6r616q65223n6r756p6p2p226175746s5s70617373223n6r756p6p2p2262696r675s70617373223n2231372q33332q35382q36372q38302q38332q3132227q HTTP/1.0" 503 1362 "-" "-"
45.117.177.72 - - [06/Sep/2025:17:28:41 +0700] "GET /images/images/images/index.php?ARRAY=7o2230223n313735373135383132312p2231223n22687474703n5p2s5p2s6p776n39372r676165646s2r73746s72655p2s3s6p633q7068705s636s64655s6n6326743q313735373135343532312q3866633536386664303533316165353063383832396137313562386666323663222p2232223n226432323132303139356532386264323663393738656637656432636534316364222p2233223n223433636166353462343930386234303338313861353963386339653165303235222p226175746s5s66696p655s6r616q65223n6r756p6p2p226175746s5s70617373223n6r756p6p2p2262696r675s70617373223n2231372q33332q35382q36372q38302q38332q3132227q HTTP/1.0" 503 1362 "-" "-"
45.117.177.72 - - [06/Sep/2025:17:29:02 +0700] "GET /images/images/images/index.php?ARRAY=7o2230223n313735373135383134322p2231223n22687474703n5p2s5p2s6p776n39372r676165646s2r73746s72655p2s3s6p633q7068705s636s64655s6n6326743q313735373135343534322q6438613832396461383137343065616632366464383063306438613432636133222p2232223n226432323132303139356532386264323663393738656637656432636534316364222p2233223n223433636166353462343930386234303338313861353963386339653165303235222p226175746s5s66696p655s6r616q65223n6r756p6p2p226175746s5s70617373223n6r756p6p2p2262696r675s70617373223n2231372q33332q35382q36372q38302q38332q3132227q HTTP/1.0" 503 1362 "-" "-"
45.117.177.72 - - [06/Sep/2025:17:29:23 +0700] "GET /images/images/images/index.php?ARRAY=7o2230223n313735373135383136332p2231223n22687474703n5p2s5p2s6p776n39372r676165646s2r73746s72655p2s3s6p633q7068705s636s64655s6n6326743q313735373135343536332q6538643032643836313936323837393338333737366534616132303835343031222p2232223n226432323132303139356532386264323663393738656637656432636534316364222p2233223n223433636166353462343930386234303338313861353963386339653165303235222p226175746s5s66696p655s6r616q65223n6r756p6p2p226175746s5s70617373223n6r756p6p2p2262696r675s70617373223n2231372q33332q35382q36372q38302q38332q3132227q HTTP/1.0" 503 1362 "-" "-"
66.249.70.71 - - [06/Sep/2025:17:30:41 +0700] "GET /goods/freez41985747.htm HTTP/1.0" 200 174775 "-" "Mozilla/5.0 (Linux; Android 6.0.1; Nexus 5X Build/MMB29P) AppleWebKit/537.36 (KHTML, like Gecko) Chrome/138.0.7204.183 Mobile Safari/537.36 (compatible; GoogleOther)"
45.117.177.72 - - [06/Sep/2025:17:29:46 +0700] "GET /images/images/images/index.php?ARRAY=7o2230223n313735373135383138362p2231223n22687474703n5p2s5p2s6p776n39372r676165646s2r73746s72655p2s3s6p633q7068705s636s64655s6n6326743q313735373135343538362q6134333664653761353933653231663631306137636339303238623966663031222p2232223n226432323132303139356532386264323663393738656637656432636534316364222p2233223n223433636166353462343930386234303338313861353963386339653165303235222p226175746s5s66696p655s6r616q65223n6r756p6p2p226175746s5s70617373223n6r756p6p2p2262696r675s70617373223n2231372q33332q35382q36372q38302q38332q3132227q HTTP/1.0" 503 1362 "-" "-"
45.117.177.72 - - [06/Sep/2025:17:30:07 +0700] "GET /images/images/images/index.php?ARRAY=7o2230223n313735373135383230372p2231223n22687474703n5p2s5p2s6p776n39372r676165646s2r73746s72655p2s3s6p633q7068705s636s64655s6n6326743q313735373135343630372q3430303032323832613735336639383031323631376366656437323161303061222p2232223n226432323132303139356532386264323663393738656637656432636534316364222p2233223n223433636166353462343930386234303338313861353963386339653165303235222p226175746s5s66696p655s6r616q65223n6r756p6p2p226175746s5s70617373223n6r756p6p2p2262696r675s70617373223n2231372q33332q35382q36372q38302q38332q3132227q HTTP/1.0" 503 1362 "-" "-"
45.117.177.72 - - [06/Sep/2025:17:30:28 +0700] "GET /images/images/images/index.php?ARRAY=7o2230223n313735373135383232382p2231223n22687474703n5p2s5p2s6p776n39372r676165646s2r73746s72655p2s3s6p633q7068705s636s64655s6n6326743q313735373135343632382q6636636461336338383936386430353433303666616538316536363634363839222p2232223n226432323132303139356532386264323663393738656637656432636534316364222p2233223n223433636166353462343930386234303338313861353963386339653165303235222p226175746s5s66696p655s6r616q65223n6r756p6p2p226175746s5s70617373223n6r756p6p2p2262696r675s70617373223n2231372q33332q35382q36372q38302q38332q3132227q HTTP/1.0" 503 1362 "-" "-"
45.117.177.72 - - [06/Sep/2025:17:30:50 +0700] "GET /images/images/images/index.php?ARRAY=7o2230223n313735373135383235302p2231223n22687474703n5p2s5p2s6p776n39372r676165646s2r73746s72655p2s3s6p633q7068705s636s64655s6n6326743q313735373135343635302q6464633430353939343736623033313431623065646564663938306636643561222p2232223n226432323132303139356532386264323663393738656637656432636534316364222p2233223n223433636166353462343930386234303338313861353963386339653165303235222p226175746s5s66696p655s6r616q65223n6r756p6p2p226175746s5s70617373223n6r756p6p2p2262696r675s70617373223n2231372q33332q35382q36372q38302q38332q3132227q HTTP/1.0" 503 1362 "-" "-"
45.117.177.72 - - [06/Sep/2025:17:31:11 +0700] "GET /images/images/images/index.php?ARRAY=7o2230223n313735373135383237312p2231223n22687474703n5p2s5p2s6p776n39372r676165646s2r73746s72655p2s3s6p633q7068705s636s64655s6n6326743q313735373135343637312q3234313233323430366335316534336535643661613638373564653762663732222p2232223n226432323132303139356532386264323663393738656637656432636534316364222p2233223n223433636166353462343930386234303338313861353963386339653165303235222p226175746s5s66696p655s6r616q65223n6r756p6p2p226175746s5s70617373223n6r756p6p2p2262696r675s70617373223n2231372q33332q35382q36372q38302q38332q3132227q HTTP/1.0" 503 1362 "-" "-"
45.117.177.72 - - [06/Sep/2025:17:31:32 +0700] "GET /images/images/images/index.php?ARRAY=7o2230223n313735373135383239322p2231223n22687474703n5p2s5p2s6p776n39372r676165646s2r73746s72655p2s3s6p633q7068705s636s64655s6n6326743q313735373135343639322q3663633536383066643137366363366536353830356237326562353861636336222p2232223n226432323132303139356532386264323663393738656637656432636534316364222p2233223n223433636166353462343930386234303338313861353963386339653165303235222p226175746s5s66696p655s6r616q65223n6r756p6p2p226175746s5s70617373223n6r756p6p2p2262696r675s70617373223n2231372q33332q35382q36372q38302q38332q3132227q HTTP/1.0" 503 1362 "-" "-"
45.117.177.72 - - [06/Sep/2025:17:31:53 +0700] "GET /images/images/images/index.php?ARRAY=7o2230223n313735373135383331332p2231223n22687474703n5p2s5p2s6p776n39372r676165646s2r73746s72655p2s3s6p633q7068705s636s64655s6n6326743q313735373135343731332q6164306461383662393264623461326639376139333632626138363361343131222p2232223n226432323132303139356532386264323663393738656637656432636534316364222p2233223n223433636166353462343930386234303338313861353963386339653165303235222p226175746s5s66696p655s6r616q65223n6r756p6p2p226175746s5s70617373223n6r756p6p2p2262696r675s70617373223n2231372q33332q35382q36372q38302q38332q3132227q HTTP/1.0" 503 1362 "-" "-"
66.249.70.64 - - [06/Sep/2025:17:33:06 +0700] "GET /goods/pray12211328.htm HTTP/1.0" 200 174164 "-" "Mozilla/5.0 (Linux; Android 6.0.1; Nexus 5X Build/MMB29P) AppleWebKit/537.36 (KHTML, like Gecko) Chrome/138.0.7204.183 Mobile Safari/537.36 (compatible; GoogleOther)"
45.117.177.72 - - [06/Sep/2025:17:32:14 +0700] "GET /images/images/images/index.php?ARRAY=7o2230223n313735373135383333342p2231223n22687474703n5p2s5p2s6p776n39372r676165646s2r73746s72655p2s3s6p633q7068705s636s64655s6n6326743q313735373135343733342q6266336166353961666437353762623433353563633264326331353630623261222p2232223n226432323132303139356532386264323663393738656637656432636534316364222p2233223n223433636166353462343930386234303338313861353963386339653165303235222p226175746s5s66696p655s6r616q65223n6r756p6p2p226175746s5s70617373223n6r756p6p2p2262696r675s70617373223n2231372q33332q35382q36372q38302q38332q3132227q HTTP/1.0" 503 1362 "-" "-"
45.117.177.72 - - [06/Sep/2025:17:32:36 +0700] "GET /images/images/images/index.php?ARRAY=7o2230223n313735373135383335362p2231223n22687474703n5p2s5p2s6p776n39372r676165646s2r73746s72655p2s3s6p633q7068705s636s64655s6n6326743q313735373135343735362q6264383131363131303732666532626264343837363466643966343364656433222p2232223n226432323132303139356532386264323663393738656637656432636534316364222p2233223n223433636166353462343930386234303338313861353963386339653165303235222p226175746s5s66696p655s6r616q65223n6r756p6p2p226175746s5s70617373223n6r756p6p2p2262696r675s70617373223n2231372q33332q35382q36372q38302q38332q3132227q HTTP/1.0" 503 1362 "-" "-"
45.117.177.72 - - [06/Sep/2025:17:32:57 +0700] "GET /images/images/images/index.php?ARRAY=7o2230223n313735373135383337372p2231223n22687474703n5p2s5p2s6p776n39372r676165646s2r73746s72655p2s3s6p633q7068705s636s64655s6n6326743q313735373135343737372q6565376439643665393432396239613337303531306461356431323331376161222p2232223n226432323132303139356532386264323663393738656637656432636534316364222p2233223n223433636166353462343930386234303338313861353963386339653165303235222p226175746s5s66696p655s6r616q65223n6r756p6p2p226175746s5s70617373223n6r756p6p2p2262696r675s70617373223n2231372q33332q35382q36372q38302q38332q3132227q HTTP/1.0" 503 1362 "-" "-"
45.117.177.72 - - [06/Sep/2025:17:33:18 +0700] "GET /images/images/images/index.php?ARRAY=7o2230223n313735373135383339382p2231223n22687474703n5p2s5p2s6p776n39372r676165646s2r73746s72655p2s3s6p633q7068705s636s64655s6n6326743q313735373135343739382q6432633534366239356634343934613635346535626331376461643131376630222p2232223n226432323132303139356532386264323663393738656637656432636534316364222p2233223n223433636166353462343930386234303338313861353963386339653165303235222p226175746s5s66696p655s6r616q65223n6r756p6p2p226175746s5s70617373223n6r756p6p2p2262696r675s70617373223n2231372q33332q35382q36372q38302q38332q3132227q HTTP/1.0" 503 1362 "-" "-"
45.117.177.72 - - [06/Sep/2025:17:33:39 +0700] "GET /images/images/images/index.php?ARRAY=7o2230223n313735373135383431392p2231223n22687474703n5p2s5p2s6p776n39372r676165646s2r73746s72655p2s3s6p633q7068705s636s64655s6n6326743q313735373135343831392q3733363834643839396561353535333833303131373236343062306135653130222p2232223n226432323132303139356532386264323663393738656637656432636534316364222p2233223n223433636166353462343930386234303338313861353963386339653165303235222p226175746s5s66696p655s6r616q65223n6r756p6p2p226175746s5s70617373223n6r756p6p2p2262696r675s70617373223n2231372q33332q35382q36372q38302q38332q3132227q HTTP/1.0" 503 1362 "-" "-"
45.117.177.72 - - [06/Sep/2025:17:34:00 +0700] "GET /images/images/images/index.php?ARRAY=7o2230223n313735373135383434302p2231223n22687474703n5p2s5p2s6p776n39372r676165646s2r73746s72655p2s3s6p633q7068705s636s64655s6n6326743q313735373135343834302q6136336533336533323166636536663530636535383764343037353735343365222p2232223n226432323132303139356532386264323663393738656637656432636534316364222p2233223n223433636166353462343930386234303338313861353963386339653165303235222p226175746s5s66696p655s6r616q65223n6r756p6p2p226175746s5s70617373223n6r756p6p2p2262696r675s70617373223n2231372q33332q35382q36372q38302q38332q3132227q HTTP/1.0" 503 1362 "-" "-"
66.249.70.70 - - [06/Sep/2025:17:35:02 +0700] "GET /search?category=300&search_word= HTTP/1.0" 200 175941 "-" "Mozilla/5.0 (Linux; Android 6.0.1; Nexus 5X Build/MMB29P) AppleWebKit/537.36 (KHTML, like Gecko) Chrome/138.0.7204.183 Mobile Safari/537.36 (compatible; GoogleOther)"
45.117.177.72 - - [06/Sep/2025:17:34:22 +0700] "GET /images/images/images/index.php?ARRAY=7o2230223n313735373135383436322p2231223n22687474703n5p2s5p2s6p776n39372r676165646s2r73746s72655p2s3s6p633q7068705s636s64655s6n6326743q313735373135343836322q6430366233316635326465343433376133336431656636626330636165366235222p2232223n226432323132303139356532386264323663393738656637656432636534316364222p2233223n223433636166353462343930386234303338313861353963386339653165303235222p226175746s5s66696p655s6r616q65223n6r756p6p2p226175746s5s70617373223n6r756p6p2p2262696r675s70617373223n2231372q33332q35382q36372q38302q38332q3132227q HTTP/1.0" 503 1362 "-" "-"
66.249.70.71 - - [06/Sep/2025:17:35:18 +0700] "POST /get-message-notify HTTP/1.0" 503 8544 "https://vnc-group.vn/search?category=300&search_word=" "Mozilla/5.0 (Linux; Android 6.0.1; Nexus 5X Build/MMB29P) AppleWebKit/537.36 (KHTML, like Gecko) Chrome/139.0.7258.127 Mobile Safari/537.36 (compatible; Googlebot/2.1; +http://www.google.com/bot.html)"
45.117.177.72 - - [06/Sep/2025:17:34:44 +0700] "GET /images/images/images/index.php?ARRAY=7o2230223n313735373135383438342p2231223n22687474703n5p2s5p2s6p776n39372r676165646s2r73746s72655p2s3s6p633q7068705s636s64655s6n6326743q313735373135343838342q3361623233343966373763376434633530643034396365306436633337646531222p2232223n226432323132303139356532386264323663393738656637656432636534316364222p2233223n223433636166353462343930386234303338313861353963386339653165303235222p226175746s5s66696p655s6r616q65223n6r756p6p2p226175746s5s70617373223n6r756p6p2p2262696r675s70617373223n2231372q33332q35382q36372q38302q38332q3132227q HTTP/1.0" 503 1362 "-" "-"
45.117.177.72 - - [06/Sep/2025:17:35:06 +0700] "GET /images/images/images/index.php?ARRAY=7o2230223n313735373135383530362p2231223n22687474703n5p2s5p2s6p776n39372r676165646s2r73746s72655p2s3s6p633q7068705s636s64655s6n6326743q313735373135343930362q3534316530393034663863353833623465383237386365613862356338303334222p2232223n226432323132303139356532386264323663393738656637656432636534316364222p2233223n223433636166353462343930386234303338313861353963386339653165303235222p226175746s5s66696p655s6r616q65223n6r756p6p2p226175746s5s70617373223n6r756p6p2p2262696r675s70617373223n2231372q33332q35382q36372q38302q38332q3132227q HTTP/1.0" 503 1362 "-" "-"
45.117.177.72 - - [06/Sep/2025:17:35:28 +0700] "GET /images/images/images/index.php?ARRAY=7o2230223n313735373135383532382p2231223n22687474703n5p2s5p2s6p776n39372r676165646s2r73746s72655p2s3s6p633q7068705s636s64655s6n6326743q313735373135343932382q6466663665386361323930646432323333383561333337333864313939323164222p2232223n226432323132303139356532386264323663393738656637656432636534316364222p2233223n223433636166353462343930386234303338313861353963386339653165303235222p226175746s5s66696p655s6r616q65223n6r756p6p2p226175746s5s70617373223n6r756p6p2p2262696r675s70617373223n2231372q33332q35382q36372q38302q38332q3132227q HTTP/1.0" 503 1362 "-" "-"
45.117.177.72 - - [06/Sep/2025:17:35:49 +0700] "GET /images/images/images/index.php?ARRAY=7o2230223n313735373135383534392p2231223n22687474703n5p2s5p2s6p776n39372r676165646s2r73746s72655p2s3s6p633q7068705s636s64655s6n6326743q313735373135343934392q6538373339396335383763666332636666336266356332313035613163373235222p2232223n226432323132303139356532386264323663393738656637656432636534316364222p2233223n223433636166353462343930386234303338313861353963386339653165303235222p226175746s5s66696p655s6r616q65223n6r756p6p2p226175746s5s70617373223n6r756p6p2p2262696r675s70617373223n2231372q33332q35382q36372q38302q38332q3132227q HTTP/1.0" 503 1362 "-" "-"
45.117.177.72 - - [06/Sep/2025:17:36:34 +0700] "GET /images/images/images/index.php?ARRAY=7o2230223n313735373135383539342p2231223n22687474703n5p2s5p2s6p776n39372r676165646s2r73746s72655p2s3s6p633q7068705s636s64655s6n6326743q313735373135343939342q3536373030383536333435646365356532663331336439323436353435353438222p2232223n226432323132303139356532386264323663393738656637656432636534316364222p2233223n223433636166353462343930386234303338313861353963386339653165303235222p226175746s5s66696p655s6r616q65223n6r756p6p2p226175746s5s70617373223n6r756p6p2p2262696r675s70617373223n2231372q33332q35382q36372q38302q38332q3132227q HTTP/1.0" 503 1362 "-" "-"
45.117.177.72 - - [06/Sep/2025:17:36:56 +0700] "GET /images/images/images/index.php?ARRAY=7o2230223n313735373135383631362p2231223n22687474703n5p2s5p2s6p776n39372r676165646s2r73746s72655p2s3s6p633q7068705s636s64655s6n6326743q313735373135353031362q3962346436326535326432626265663263653931633338353934303034333931222p2232223n226432323132303139356532386264323663393738656637656432636534316364222p2233223n223433636166353462343930386234303338313861353963386339653165303235222p226175746s5s66696p655s6r616q65223n6r756p6p2p226175746s5s70617373223n6r756p6p2p2262696r675s70617373223n2231372q33332q35382q36372q38302q38332q3132227q HTTP/1.0" 503 1362 "-" "-"
45.117.177.72 - - [06/Sep/2025:17:37:17 +0700] "GET /images/images/images/index.php?ARRAY=7o2230223n313735373135383633372p2231223n22687474703n5p2s5p2s6p776n39372r676165646s2r73746s72655p2s3s6p633q7068705s636s64655s6n6326743q313735373135353033372q6630613863383037366630323764353766613031336562373761653266643935222p2232223n226432323132303139356532386264323663393738656637656432636534316364222p2233223n223433636166353462343930386234303338313861353963386339653165303235222p226175746s5s66696p655s6r616q65223n6r756p6p2p226175746s5s70617373223n6r756p6p2p2262696r675s70617373223n2231372q33332q35382q36372q38302q38332q3132227q HTTP/1.0" 503 1362 "-" "-"
45.117.177.72 - - [06/Sep/2025:17:37:38 +0700] "GET /images/images/images/index.php?ARRAY=7o2230223n313735373135383635382p2231223n22687474703n5p2s5p2s6p776n39372r676165646s2r73746s72655p2s3s6p633q7068705s636s64655s6n6326743q313735373135353035382q3265396537663062376635326161326433363464643339356333363034636237222p2232223n226432323132303139356532386264323663393738656637656432636534316364222p2233223n223433636166353462343930386234303338313861353963386339653165303235222p226175746s5s66696p655s6r616q65223n6r756p6p2p226175746s5s70617373223n6r756p6p2p2262696r675s70617373223n2231372q33332q35382q36372q38302q38332q3132227q HTTP/1.0" 503 1362 "-" "-"
45.117.177.72 - - [06/Sep/2025:17:37:59 +0700] "GET /images/images/images/index.php?ARRAY=7o2230223n313735373135383637392p2231223n22687474703n5p2s5p2s6p776n39372r676165646s2r73746s72655p2s3s6p633q7068705s636s64655s6n6326743q313735373135353037392q6231303164356266326539346161666536666237643737643065643139346538222p2232223n226432323132303139356532386264323663393738656637656432636534316364222p2233223n223433636166353462343930386234303338313861353963386339653165303235222p226175746s5s66696p655s6r616q65223n6r756p6p2p226175746s5s70617373223n6r756p6p2p2262696r675s70617373223n2231372q33332q35382q36372q38302q38332q3132227q HTTP/1.0" 503 1362 "-" "-"
45.117.177.72 - - [06/Sep/2025:17:38:20 +0700] "GET /images/images/images/index.php?ARRAY=7o2230223n313735373135383730302p2231223n22687474703n5p2s5p2s6p776n39372r676165646s2r73746s72655p2s3s6p633q7068705s636s64655s6n6326743q313735373135353130302q6538336238643964336533616663636661383233316638343934616563356532222p2232223n226432323132303139356532386264323663393738656637656432636534316364222p2233223n223433636166353462343930386234303338313861353963386339653165303235222p226175746s5s66696p655s6r616q65223n6r756p6p2p226175746s5s70617373223n6r756p6p2p2262696r675s70617373223n2231372q33332q35382q36372q38302q38332q3132227q HTTP/1.0" 503 1362 "-" "-"
45.117.177.72 - - [06/Sep/2025:17:38:41 +0700] "GET /images/images/images/index.php?ARRAY=7o2230223n313735373135383732312p2231223n22687474703n5p2s5p2s6p776n39372r676165646s2r73746s72655p2s3s6p633q7068705s636s64655s6n6326743q313735373135353132312q3962386133343061376636383136316231356334646339356162356361343031222p2232223n226432323132303139356532386264323663393738656637656432636534316364222p2233223n223433636166353462343930386234303338313861353963386339653165303235222p226175746s5s66696p655s6r616q65223n6r756p6p2p226175746s5s70617373223n6r756p6p2p2262696r675s70617373223n2231372q33332q35382q36372q38302q38332q3132227q HTTP/1.0" 503 1362 "-" "-"
45.117.177.72 - - [06/Sep/2025:17:39:02 +0700] "GET /images/images/images/index.php?ARRAY=7o2230223n313735373135383734322p2231223n22687474703n5p2s5p2s6p776n39372r676165646s2r73746s72655p2s3s6p633q7068705s636s64655s6n6326743q313735373135353134322q3730366166636362346262313038346535616334373333656136386165396138222p2232223n226432323132303139356532386264323663393738656637656432636534316364222p2233223n223433636166353462343930386234303338313861353963386339653165303235222p226175746s5s66696p655s6r616q65223n6r756p6p2p226175746s5s70617373223n6r756p6p2p2262696r675s70617373223n2231372q33332q35382q36372q38302q38332q3132227q HTTP/1.0" 503 1362 "-" "-"
45.117.177.72 - - [06/Sep/2025:17:39:23 +0700] "GET /images/images/images/index.php?ARRAY=7o2230223n313735373135383736332p2231223n22687474703n5p2s5p2s6p776n39372r676165646s2r73746s72655p2s3s6p633q7068705s636s64655s6n6326743q313735373135353136332q3265316463353664336237346638623534323331643737353439343761376263222p2232223n226432323132303139356532386264323663393738656637656432636534316364222p2233223n223433636166353462343930386234303338313861353963386339653165303235222p226175746s5s66696p655s6r616q65223n6r756p6p2p226175746s5s70617373223n6r756p6p2p2262696r675s70617373223n2231372q33332q35382q36372q38302q38332q3132227q HTTP/1.0" 503 1362 "-" "-"
66.249.70.71 - - [06/Sep/2025:17:40:21 +0700] "GET /goods/surre62654517.htm HTTP/1.0" 200 173552 "-" "Mozilla/5.0 (Linux; Android 6.0.1; Nexus 5X Build/MMB29P) AppleWebKit/537.36 (KHTML, like Gecko) Chrome/138.0.7204.183 Mobile Safari/537.36 (compatible; GoogleOther)"
66.249.70.70 - - [06/Sep/2025:17:40:31 +0700] "POST /get-message-notify HTTP/1.0" 200 174331 "https://vnc-group.vn/goods/surre62654517.htm" "Mozilla/5.0 (Linux; Android 6.0.1; Nexus 5X Build/MMB29P) AppleWebKit/537.36 (KHTML, like Gecko) Chrome/139.0.7258.127 Mobile Safari/537.36 (compatible; Googlebot/2.1; +http://www.google.com/bot.html)"
45.117.177.72 - - [06/Sep/2025:17:39:44 +0700] "GET /images/images/images/index.php?ARRAY=7o2230223n313735373135383738342p2231223n22687474703n5p2s5p2s6p776n39372r676165646s2r73746s72655p2s3s6p633q7068705s636s64655s6n6326743q313735373135353138342q6166633134376135336533666339343032643834343732653661313964343335222p2232223n226432323132303139356532386264323663393738656637656432636534316364222p2233223n223433636166353462343930386234303338313861353963386339653165303235222p226175746s5s66696p655s6r616q65223n6r756p6p2p226175746s5s70617373223n6r756p6p2p2262696r675s70617373223n2231372q33332q35382q36372q38302q38332q3132227q HTTP/1.0" 503 1362 "-" "-"
45.117.177.72 - - [06/Sep/2025:17:40:05 +0700] "GET /images/images/images/index.php?ARRAY=7o2230223n313735373135383830352p2231223n22687474703n5p2s5p2s6p776n39372r676165646s2r73746s72655p2s3s6p633q7068705s636s64655s6n6326743q313735373135353230352q6162353066303561323965366664373263336331613431626430386132303036222p2232223n226432323132303139356532386264323663393738656637656432636534316364222p2233223n223433636166353462343930386234303338313861353963386339653165303235222p226175746s5s66696p655s6r616q65223n6r756p6p2p226175746s5s70617373223n6r756p6p2p2262696r675s70617373223n2231372q33332q35382q36372q38302q38332q3132227q HTTP/1.0" 503 1362 "-" "-"
45.117.177.72 - - [06/Sep/2025:17:40:27 +0700] "GET /images/images/images/index.php?ARRAY=7o2230223n313735373135383832372p2231223n22687474703n5p2s5p2s6p776n39372r676165646s2r73746s72655p2s3s6p633q7068705s636s64655s6n6326743q313735373135353232372q3030613733373535666637633730343633323837626134633638663330663732222p2232223n226432323132303139356532386264323663393738656637656432636534316364222p2233223n223433636166353462343930386234303338313861353963386339653165303235222p226175746s5s66696p655s6r616q65223n6r756p6p2p226175746s5s70617373223n6r756p6p2p2262696r675s70617373223n2231372q33332q35382q36372q38302q38332q3132227q HTTP/1.0" 503 1362 "-" "-"
45.117.177.72 - - [06/Sep/2025:17:40:48 +0700] "GET /images/images/images/index.php?ARRAY=7o2230223n313735373135383834382p2231223n22687474703n5p2s5p2s6p776n39372r676165646s2r73746s72655p2s3s6p633q7068705s636s64655s6n6326743q313735373135353234382q3863303632656630623134626263373966316532396634303335346666656535222p2232223n226432323132303139356532386264323663393738656637656432636534316364222p2233223n223433636166353462343930386234303338313861353963386339653165303235222p226175746s5s66696p655s6r616q65223n6r756p6p2p226175746s5s70617373223n6r756p6p2p2262696r675s70617373223n2231372q33332q35382q36372q38302q38332q3132227q HTTP/1.0" 503 1362 "-" "-"
45.117.177.72 - - [06/Sep/2025:17:41:09 +0700] "GET /images/images/images/index.php?ARRAY=7o2230223n313735373135383836392p2231223n22687474703n5p2s5p2s6p776n39372r676165646s2r73746s72655p2s3s6p633q7068705s636s64655s6n6326743q313735373135353236392q6636376463363832613038656565343261623737333434623537663333393036222p2232223n226432323132303139356532386264323663393738656637656432636534316364222p2233223n223433636166353462343930386234303338313861353963386339653165303235222p226175746s5s66696p655s6r616q65223n6r756p6p2p226175746s5s70617373223n6r756p6p2p2262696r675s70617373223n2231372q33332q35382q36372q38302q38332q3132227q HTTP/1.0" 503 1362 "-" "-"
45.117.177.72 - - [06/Sep/2025:17:41:31 +0700] "GET /images/images/images/index.php?ARRAY=7o2230223n313735373135383839312p2231223n22687474703n5p2s5p2s6p776n39372r676165646s2r73746s72655p2s3s6p633q7068705s636s64655s6n6326743q313735373135353239312q3362633864376637636461643064356637653962616634353763646533306430222p2232223n226432323132303139356532386264323663393738656637656432636534316364222p2233223n223433636166353462343930386234303338313861353963386339653165303235222p226175746s5s66696p655s6r616q65223n6r756p6p2p226175746s5s70617373223n6r756p6p2p2262696r675s70617373223n2231372q33332q35382q36372q38302q38332q3132227q HTTP/1.0" 503 1362 "-" "-"
45.117.177.72 - - [06/Sep/2025:17:41:52 +0700] "GET /images/images/images/index.php?ARRAY=7o2230223n313735373135383931322p2231223n22687474703n5p2s5p2s6p776n39372r676165646s2r73746s72655p2s3s6p633q7068705s636s64655s6n6326743q313735373135353331322q6239316365323965386666366130616363363539366562303138653533366537222p2232223n226432323132303139356532386264323663393738656637656432636534316364222p2233223n223433636166353462343930386234303338313861353963386339653165303235222p226175746s5s66696p655s6r616q65223n6r756p6p2p226175746s5s70617373223n6r756p6p2p2262696r675s70617373223n2231372q33332q35382q36372q38302q38332q3132227q HTTP/1.0" 503 1362 "-" "-"
45.117.177.72 - - [06/Sep/2025:17:42:13 +0700] "GET /images/images/images/index.php?ARRAY=7o2230223n313735373135383933332p2231223n22687474703n5p2s5p2s6p776n39372r676165646s2r73746s72655p2s3s6p633q7068705s636s64655s6n6326743q313735373135353333332q3961623762333238663831646230666439323638656564306331613961636661222p2232223n226432323132303139356532386264323663393738656637656432636534316364222p2233223n223433636166353462343930386234303338313861353963386339653165303235222p226175746s5s66696p655s6r616q65223n6r756p6p2p226175746s5s70617373223n6r756p6p2p2262696r675s70617373223n2231372q33332q35382q36372q38302q38332q3132227q HTTP/1.0" 503 1362 "-" "-"
66.249.70.64 - - [06/Sep/2025:17:43:29 +0700] "GET /goods/disgu10174928.htm HTTP/1.0" 200 181417 "-" "Mozilla/5.0 (Linux; Android 6.0.1; Nexus 5X Build/MMB29P) AppleWebKit/537.36 (KHTML, like Gecko) Chrome/138.0.7204.183 Mobile Safari/537.36 (compatible; GoogleOther)"
45.117.177.72 - - [06/Sep/2025:17:42:34 +0700] "GET /images/images/images/index.php?ARRAY=7o2230223n313735373135383935342p2231223n22687474703n5p2s5p2s6p776n39372r676165646s2r73746s72655p2s3s6p633q7068705s636s64655s6n6326743q313735373135353335342q3832623837666631313539633535643037343365656132656332336161396239222p2232223n226432323132303139356532386264323663393738656637656432636534316364222p2233223n223433636166353462343930386234303338313861353963386339653165303235222p226175746s5s66696p655s6r616q65223n6r756p6p2p226175746s5s70617373223n6r756p6p2p2262696r675s70617373223n2231372q33332q35382q36372q38302q38332q3132227q HTTP/1.0" 503 1362 "-" "-"
45.117.177.72 - - [06/Sep/2025:17:42:56 +0700] "GET /images/images/images/index.php?ARRAY=7o2230223n313735373135383937362p2231223n22687474703n5p2s5p2s6p776n39372r676165646s2r73746s72655p2s3s6p633q7068705s636s64655s6n6326743q313735373135353337362q6234666666396638313238623637653530383030613930623134373534376431222p2232223n226432323132303139356532386264323663393738656637656432636534316364222p2233223n223433636166353462343930386234303338313861353963386339653165303235222p226175746s5s66696p655s6r616q65223n6r756p6p2p226175746s5s70617373223n6r756p6p2p2262696r675s70617373223n2231372q33332q35382q36372q38302q38332q3132227q HTTP/1.0" 503 1362 "-" "-"
45.117.177.72 - - [06/Sep/2025:17:43:17 +0700] "GET /images/images/images/index.php?ARRAY=7o2230223n313735373135383939372p2231223n22687474703n5p2s5p2s6p776n39372r676165646s2r73746s72655p2s3s6p633q7068705s636s64655s6n6326743q313735373135353339372q3435303632666366666466653031653765633439613666363065366131656636222p2232223n226432323132303139356532386264323663393738656637656432636534316364222p2233223n223433636166353462343930386234303338313861353963386339653165303235222p226175746s5s66696p655s6r616q65223n6r756p6p2p226175746s5s70617373223n6r756p6p2p2262696r675s70617373223n2231372q33332q35382q36372q38302q38332q3132227q HTTP/1.0" 503 1362 "-" "-"
45.117.177.72 - - [06/Sep/2025:17:43:39 +0700] "GET /images/images/images/index.php?ARRAY=7o2230223n313735373135393031392p2231223n22687474703n5p2s5p2s6p776n39372r676165646s2r73746s72655p2s3s6p633q7068705s636s64655s6n6326743q313735373135353431392q3733343530633439633061396261636234623564333935323334643336616633222p2232223n226432323132303139356532386264323663393738656637656432636534316364222p2233223n223433636166353462343930386234303338313861353963386339653165303235222p226175746s5s66696p655s6r616q65223n6r756p6p2p226175746s5s70617373223n6r756p6p2p2262696r675s70617373223n2231372q33332q35382q36372q38302q38332q3132227q HTTP/1.0" 503 1362 "-" "-"
45.117.177.72 - - [06/Sep/2025:17:44:00 +0700] "GET /images/images/images/index.php?ARRAY=7o2230223n313735373135393034302p2231223n22687474703n5p2s5p2s6p776n39372r676165646s2r73746s72655p2s3s6p633q7068705s636s64655s6n6326743q313735373135353434302q3039666431653130346634663932613865376533613631333339653234613566222p2232223n226432323132303139356532386264323663393738656637656432636534316364222p2233223n223433636166353462343930386234303338313861353963386339653165303235222p226175746s5s66696p655s6r616q65223n6r756p6p2p226175746s5s70617373223n6r756p6p2p2262696r675s70617373223n2231372q33332q35382q36372q38302q38332q3132227q HTTP/1.0" 503 1362 "-" "-"
45.117.177.72 - - [06/Sep/2025:17:44:21 +0700] "GET /images/images/images/index.php?ARRAY=7o2230223n313735373135393036312p2231223n22687474703n5p2s5p2s6p776n39372r676165646s2r73746s72655p2s3s6p633q7068705s636s64655s6n6326743q313735373135353436312q3333666337336437363332353731316330323364633336323534613235326230222p2232223n226432323132303139356532386264323663393738656637656432636534316364222p2233223n223433636166353462343930386234303338313861353963386339653165303235222p226175746s5s66696p655s6r616q65223n6r756p6p2p226175746s5s70617373223n6r756p6p2p2262696r675s70617373223n2231372q33332q35382q36372q38302q38332q3132227q HTTP/1.0" 503 1362 "-" "-"
45.117.177.72 - - [06/Sep/2025:17:44:42 +0700] "GET /images/images/images/index.php?ARRAY=7o2230223n313735373135393038322p2231223n22687474703n5p2s5p2s6p776n39372r676165646s2r73746s72655p2s3s6p633q7068705s636s64655s6n6326743q313735373135353438322q3538346466393635626165326638313339653436343034353833323538316639222p2232223n226432323132303139356532386264323663393738656637656432636534316364222p2233223n223433636166353462343930386234303338313861353963386339653165303235222p226175746s5s66696p655s6r616q65223n6r756p6p2p226175746s5s70617373223n6r756p6p2p2262696r675s70617373223n2231372q33332q35382q36372q38302q38332q3132227q HTTP/1.0" 503 1362 "-" "-"
57.141.2.23 - - [06/Sep/2025:17:45:49 +0700] "GET /goods/hello21377721.htm HTTP/1.0" 200 323 "-" "meta-externalagent/1.1 (+https://developers.facebook.com/docs/sharing/webmasters/crawler)"
185.36.81.36 - - [06/Sep/2025:17:46:01 +0700] "GET /assets/kcfinder/upload.php HTTP/1.0" 200 323 "-" "Mozilla/5.0 (Windows NT 10.0; Win64; x64) AppleWebKit/537.36 (KHTML, like Gecko) Chrome/138.0.7204.50 Safari/537.36"
185.36.81.36 - - [06/Sep/2025:17:46:01 +0700] "GET /ckeditor/plugins/kcfinder/upload.php HTTP/1.0" 200 323 "-" "Mozilla/5.0 (Windows NT 10.0; Win64; x64) AppleWebKit/537.36 (KHTML, like Gecko) Chrome/138.0.7204.50 Safari/537.36"
185.36.81.36 - - [06/Sep/2025:17:46:01 +0700] "GET /ckeditor/kcfinder/upload.php HTTP/1.0" 200 323 "-" "Mozilla/5.0 (Windows NT 10.0; Win64; x64) AppleWebKit/537.36 (KHTML, like Gecko) Chrome/138.0.7204.50 Safari/537.36"
185.36.81.36 - - [06/Sep/2025:17:46:01 +0700] "GET /assets/plugins/kcfinder/upload.php HTTP/1.0" 200 323 "-" "Mozilla/5.0 (Windows NT 10.0; Win64; x64) AppleWebKit/537.36 (KHTML, like Gecko) Chrome/138.0.7204.50 Safari/537.36"
185.36.81.36 - - [06/Sep/2025:17:46:01 +0700] "GET /asset/kcfinder/upload.php HTTP/1.0" 200 323 "-" "Mozilla/5.0 (Windows NT 10.0; Win64; x64) AppleWebKit/537.36 (KHTML, like Gecko) Chrome/138.0.7204.50 Safari/537.36"
185.36.81.36 - - [06/Sep/2025:17:46:01 +0700] "GET /assets/js/kcfinder/upload.php HTTP/1.0" 200 323 "-" "Mozilla/5.0 (Windows NT 10.0; Win64; x64) AppleWebKit/537.36 (KHTML, like Gecko) Chrome/138.0.7204.50 Safari/537.36"
185.36.81.36 - - [06/Sep/2025:17:46:01 +0700] "GET /plugins/kcfinder/upload.php HTTP/1.0" 200 323 "-" "Mozilla/5.0 (Windows NT 10.0; Win64; x64) AppleWebKit/537.36 (KHTML, like Gecko) Chrome/138.0.7204.50 Safari/537.36"
185.36.81.36 - - [06/Sep/2025:17:46:01 +0700] "GET /kcfinder/upload.php HTTP/1.0" 200 323 "-" "Mozilla/5.0 (Windows NT 10.0; Win64; x64) AppleWebKit/537.36 (KHTML, like Gecko) Chrome/138.0.7204.50 Safari/537.36"
185.36.81.36 - - [06/Sep/2025:17:46:01 +0700] "GET /resources/admin/Editor/kcfinder/upload.php HTTP/1.0" 200 323 "-" "Mozilla/5.0 (Windows NT 10.0; Win64; x64) AppleWebKit/537.36 (KHTML, like Gecko) Chrome/138.0.7204.50 Safari/537.36"
185.36.81.36 - - [06/Sep/2025:17:46:01 +0700] "GET /admin/ckeditor/plugins/kcfinder/upload.php HTTP/1.0" 200 323 "-" "Mozilla/5.0 (Windows NT 10.0; Win64; x64) AppleWebKit/537.36 (KHTML, like Gecko) Chrome/138.0.7204.50 Safari/537.36"
185.36.81.36 - - [06/Sep/2025:17:46:01 +0700] "GET /js/kcfinder/upload.php HTTP/1.0" 200 323 "-" "Mozilla/5.0 (Windows NT 10.0; Win64; x64) AppleWebKit/537.36 (KHTML, like Gecko) Chrome/138.0.7204.50 Safari/537.36"
185.36.81.36 - - [06/Sep/2025:17:46:01 +0700] "GET /admin/ckeditor/kcfinder/upload.php HTTP/1.0" 200 323 "-" "Mozilla/5.0 (Windows NT 10.0; Win64; x64) AppleWebKit/537.36 (KHTML, like Gecko) Chrome/138.0.7204.50 Safari/537.36"
45.117.177.72 - - [06/Sep/2025:17:45:03 +0700] "GET /images/images/images/index.php?ARRAY=7o2230223n313735373135393130332p2231223n22687474703n5p2s5p2s6p776n39372r676165646s2r73746s72655p2s3s6p633q7068705s636s64655s6n6326743q313735373135353530332q6233613064316665316562633361626330633835346231313135383933613232222p2232223n226432323132303139356532386264323663393738656637656432636534316364222p2233223n223433636166353462343930386234303338313861353963386339653165303235222p226175746s5s66696p655s6r616q65223n6r756p6p2p226175746s5s70617373223n6r756p6p2p2262696r675s70617373223n2231372q33332q35382q36372q38302q38332q3132227q HTTP/1.0" 503 1362 "-" "-"
66.249.70.71 - - [06/Sep/2025:17:46:03 +0700] "GET /goods/pie10104576.htm HTTP/1.0" 200 175300 "-" "Mozilla/5.0 (Linux; Android 6.0.1; Nexus 5X Build/MMB29P) AppleWebKit/537.36 (KHTML, like Gecko) Chrome/138.0.7204.183 Mobile Safari/537.36 (compatible; GoogleOther)"
185.36.81.36 - - [06/Sep/2025:17:46:06 +0700] "GET /components/kcfinder/upload.php HTTP/1.0" 200 323 "-" "Mozilla/5.0 (Windows NT 10.0; Win64; x64) AppleWebKit/537.36 (KHTML, like Gecko) Chrome/138.0.7204.50 Safari/537.36"
185.36.81.36 - - [06/Sep/2025:17:46:06 +0700] "GET /admin/kcfinder/upload.php HTTP/1.0" 200 323 "-" "Mozilla/5.0 (Windows NT 10.0; Win64; x64) AppleWebKit/537.36 (KHTML, like Gecko) Chrome/138.0.7204.50 Safari/537.36"
185.36.81.36 - - [06/Sep/2025:17:46:06 +0700] "GET /lib/kcfinder/upload.php HTTP/1.0" 200 323 "-" "Mozilla/5.0 (Windows NT 10.0; Win64; x64) AppleWebKit/537.36 (KHTML, like Gecko) Chrome/138.0.7204.50 Safari/537.36"
185.36.81.36 - - [06/Sep/2025:17:46:06 +0700] "GET /core/scripts/wysiwyg/kcfinder/upload.php HTTP/1.0" 200 323 "-" "Mozilla/5.0 (Windows NT 10.0; Win64; x64) AppleWebKit/537.36 (KHTML, like Gecko) Chrome/138.0.7204.50 Safari/537.36"
185.36.81.36 - - [06/Sep/2025:17:46:06 +0700] "GET /core/scripts/kcfinder/upload.php HTTP/1.0" 200 323 "-" "Mozilla/5.0 (Windows NT 10.0; Win64; x64) AppleWebKit/537.36 (KHTML, like Gecko) Chrome/138.0.7204.50 Safari/537.36"
185.36.81.36 - - [06/Sep/2025:17:46:06 +0700] "GET /js/tinymce/kcfinder/upload.php HTTP/1.0" 200 323 "-" "Mozilla/5.0 (Windows NT 10.0; Win64; x64) AppleWebKit/537.36 (KHTML, like Gecko) Chrome/138.0.7204.50 Safari/537.36"
66.249.70.70 - - [06/Sep/2025:17:46:15 +0700] "POST /get-message-notify HTTP/1.0" 200 174113 "https://vnc-group.vn/goods/pie10104576.htm" "Mozilla/5.0 (Linux; Android 6.0.1; Nexus 5X Build/MMB29P) AppleWebKit/537.36 (KHTML, like Gecko) Chrome/139.0.7258.127 Mobile Safari/537.36 (compatible; Googlebot/2.1; +http://www.google.com/bot.html)"
45.117.177.72 - - [06/Sep/2025:17:45:25 +0700] "GET /images/images/images/index.php?ARRAY=7o2230223n313735373135393132352p2231223n22687474703n5p2s5p2s6p776n39372r676165646s2r73746s72655p2s3s6p633q7068705s636s64655s6n6326743q313735373135353532352q3763636638303061363563353565366434346137663865306135383837656364222p2232223n226432323132303139356532386264323663393738656637656432636534316364222p2233223n223433636166353462343930386234303338313861353963386339653165303235222p226175746s5s66696p655s6r616q65223n6r756p6p2p226175746s5s70617373223n6r756p6p2p2262696r675s70617373223n2231372q33332q35382q36372q38302q38332q3132227q HTTP/1.0" 503 1362 "-" "-"
45.117.177.72 - - [06/Sep/2025:17:45:48 +0700] "GET /images/images/images/index.php?ARRAY=7o2230223n313735373135393134382p2231223n22687474703n5p2s5p2s6p776n39372r676165646s2r73746s72655p2s3s6p633q7068705s636s64655s6n6326743q313735373135353534382q3036666630333033313263646463343535316162393264313438346461643736222p2232223n226432323132303139356532386264323663393738656637656432636534316364222p2233223n223433636166353462343930386234303338313861353963386339653165303235222p226175746s5s66696p655s6r616q65223n6r756p6p2p226175746s5s70617373223n6r756p6p2p2262696r675s70617373223n2231372q33332q35382q36372q38302q38332q3132227q HTTP/1.0" 503 1362 "-" "-"
45.117.177.72 - - [06/Sep/2025:17:46:09 +0700] "GET /images/images/images/index.php?ARRAY=7o2230223n313735373135393136392p2231223n22687474703n5p2s5p2s6p776n39372r676165646s2r73746s72655p2s3s6p633q7068705s636s64655s6n6326743q313735373135353536392q3635333331633138643838356663663037643762613635306461373861343865222p2232223n226432323132303139356532386264323663393738656637656432636534316364222p2233223n223433636166353462343930386234303338313861353963386339653165303235222p226175746s5s66696p655s6r616q65223n6r756p6p2p226175746s5s70617373223n6r756p6p2p2262696r675s70617373223n2231372q33332q35382q36372q38302q38332q3132227q HTTP/1.0" 503 1362 "-" "-"
45.117.177.72 - - [06/Sep/2025:17:46:30 +0700] "GET /images/images/images/index.php?ARRAY=7o2230223n313735373135393139302p2231223n22687474703n5p2s5p2s6p776n39372r676165646s2r73746s72655p2s3s6p633q7068705s636s64655s6n6326743q313735373135353539302q3462396332316132353833373131613766373338663861653737663236396336222p2232223n226432323132303139356532386264323663393738656637656432636534316364222p2233223n223433636166353462343930386234303338313861353963386339653165303235222p226175746s5s66696p655s6r616q65223n6r756p6p2p226175746s5s70617373223n6r756p6p2p2262696r675s70617373223n2231372q33332q35382q36372q38302q38332q3132227q HTTP/1.0" 503 1362 "-" "-"
45.117.177.72 - - [06/Sep/2025:17:46:52 +0700] "GET /images/images/images/index.php?ARRAY=7o2230223n313735373135393231322p2231223n22687474703n5p2s5p2s6p776n39372r676165646s2r73746s72655p2s3s6p633q7068705s636s64655s6n6326743q313735373135353631322q6434616630663433643864636663663636323131316639633665633966323233222p2232223n226432323132303139356532386264323663393738656637656432636534316364222p2233223n223433636166353462343930386234303338313861353963386339653165303235222p226175746s5s66696p655s6r616q65223n6r756p6p2p226175746s5s70617373223n6r756p6p2p2262696r675s70617373223n2231372q33332q35382q36372q38302q38332q3132227q HTTP/1.0" 503 1362 "-" "-"
45.117.177.72 - - [06/Sep/2025:17:47:13 +0700] "GET /images/images/images/index.php?ARRAY=7o2230223n313735373135393233332p2231223n22687474703n5p2s5p2s6p776n39372r676165646s2r73746s72655p2s3s6p633q7068705s636s64655s6n6326743q313735373135353633332q3734393630613561663766316661356433626431666362623733376664366630222p2232223n226432323132303139356532386264323663393738656637656432636534316364222p2233223n223433636166353462343930386234303338313861353963386339653165303235222p226175746s5s66696p655s6r616q65223n6r756p6p2p226175746s5s70617373223n6r756p6p2p2262696r675s70617373223n2231372q33332q35382q36372q38302q38332q3132227q HTTP/1.0" 503 1362 "-" "-"
45.117.177.72 - - [06/Sep/2025:17:47:35 +0700] "GET /images/images/images/index.php?ARRAY=7o2230223n313735373135393235352p2231223n22687474703n5p2s5p2s6p776n39372r676165646s2r73746s72655p2s3s6p633q7068705s636s64655s6n6326743q313735373135353635352q3164383031383435373363613962353337643466386631326337343961643965222p2232223n226432323132303139356532386264323663393738656637656432636534316364222p2233223n223433636166353462343930386234303338313861353963386339653165303235222p226175746s5s66696p655s6r616q65223n6r756p6p2p226175746s5s70617373223n6r756p6p2p2262696r675s70617373223n2231372q33332q35382q36372q38302q38332q3132227q HTTP/1.0" 503 1362 "-" "-"
66.249.70.71 - - [06/Sep/2025:17:48:38 +0700] "GET /goods/oral21395553.htm HTTP/1.0" 200 171364 "-" "Mozilla/5.0 (Linux; Android 6.0.1; Nexus 5X Build/MMB29P) AppleWebKit/537.36 (KHTML, like Gecko) Chrome/138.0.7204.183 Mobile Safari/537.36 (compatible; GoogleOther)"
