66.249.70.71 - - [07/Sep/2025:09:25:42 +0700] "GET /goods/any31120138.htm HTTP/1.0" 200 181076 "-" "Mozilla/5.0 (Linux; Android 6.0.1; Nexus 5X Build/MMB29P) AppleWebKit/537.36 (KHTML, like Gecko) Chrome/138.0.7204.183 Mobile Safari/537.36 (compatible; GoogleOther)"
66.249.70.71 - - [07/Sep/2025:09:27:00 +0700] "GET /goods/trait81174079.htm HTTP/1.0" 200 180057 "-" "Mozilla/5.0 (Linux; Android 6.0.1; Nexus 5X Build/MMB29P) AppleWebKit/537.36 (KHTML, like Gecko) Chrome/138.0.7204.183 Mobile Safari/537.36 (compatible; GoogleOther)"
66.249.70.71 - - [07/Sep/2025:09:27:19 +0700] "POST /get-message-notify HTTP/1.0" 200 174001 "https://vnc-group.vn/goods/trait81174079.htm" "Mozilla/5.0 (Linux; Android 6.0.1; Nexus 5X Build/MMB29P) AppleWebKit/537.36 (KHTML, like Gecko) Chrome/139.0.7258.127 Mobile Safari/537.36 (compatible; Googlebot/2.1; +http://www.google.com/bot.html)"
66.249.70.70 - - [07/Sep/2025:09:27:58 +0700] "GET /goods/happi21058713.htm HTTP/1.0" 200 177879 "-" "Mozilla/5.0 (Linux; Android 6.0.1; Nexus 5X Build/MMB29P) AppleWebKit/537.36 (KHTML, like Gecko) Chrome/138.0.7204.183 Mobile Safari/537.36 (compatible; GoogleOther)"
66.249.70.71 - - [07/Sep/2025:09:28:09 +0700] "POST /get-message-notify HTTP/1.0" 200 174823 "https://vnc-group.vn/goods/happi21058713.htm" "Mozilla/5.0 (Linux; Android 6.0.1; Nexus 5X Build/MMB29P) AppleWebKit/537.36 (KHTML, like Gecko) Chrome/139.0.7258.127 Mobile Safari/537.36 (compatible; Googlebot/2.1; +http://www.google.com/bot.html)"
66.249.70.70 - - [07/Sep/2025:09:29:48 +0700] "GET /search?category=416&search_word= HTTP/1.0" 200 176528 "-" "Mozilla/5.0 (Linux; Android 6.0.1; Nexus 5X Build/MMB29P) AppleWebKit/537.36 (KHTML, like Gecko) Chrome/138.0.7204.183 Mobile Safari/537.36 (compatible; Googlebot/2.1; +http://www.google.com/bot.html)"
66.249.70.70 - - [07/Sep/2025:09:31:46 +0700] "GET /goods/swall62537933.htm HTTP/1.0" 200 176946 "-" "Mozilla/5.0 (Linux; Android 6.0.1; Nexus 5X Build/MMB29P) AppleWebKit/537.36 (KHTML, like Gecko) Chrome/138.0.7204.183 Mobile Safari/537.36 (compatible; Googlebot/2.1; +http://www.google.com/bot.html)"
66.249.70.71 - - [07/Sep/2025:09:32:15 +0700] "GET /goods/advis30964050.htm HTTP/1.0" 200 177327 "-" "Mozilla/5.0 (Linux; Android 6.0.1; Nexus 5X Build/MMB29P) AppleWebKit/537.36 (KHTML, like Gecko) Chrome/138.0.7204.183 Mobile Safari/537.36 (compatible; GoogleOther)"
66.249.70.64 - - [07/Sep/2025:09:34:03 +0700] "GET /goods/about63001093.htm HTTP/1.0" 200 175056 "-" "Mozilla/5.0 (Linux; Android 6.0.1; Nexus 5X Build/MMB29P) AppleWebKit/537.36 (KHTML, like Gecko) Chrome/138.0.7204.183 Mobile Safari/537.36 (compatible; GoogleOther)"
66.249.70.71 - - [07/Sep/2025:09:34:19 +0700] "POST /get-message-notify HTTP/1.0" 200 174615 "https://vnc-group.vn/goods/about63001093.htm" "Mozilla/5.0 (Linux; Android 6.0.1; Nexus 5X Build/MMB29P) AppleWebKit/537.36 (KHTML, like Gecko) Chrome/139.0.7258.127 Mobile Safari/537.36 (compatible; Googlebot/2.1; +http://www.google.com/bot.html)"
66.249.70.71 - - [07/Sep/2025:09:35:09 +0700] "GET /goods/pull82076183.htm HTTP/1.0" 200 185372 "-" "Mozilla/5.0 (Linux; Android 6.0.1; Nexus 5X Build/MMB29P) AppleWebKit/537.36 (KHTML, like Gecko) Chrome/138.0.7204.183 Mobile Safari/537.36 (compatible; GoogleOther)"
66.249.70.71 - - [07/Sep/2025:09:36:31 +0700] "GET /goods/farme40881291.htm HTTP/1.0" 200 183176 "-" "Mozilla/5.0 (Linux; Android 6.0.1; Nexus 5X Build/MMB29P) AppleWebKit/537.36 (KHTML, like Gecko) Chrome/138.0.7204.183 Mobile Safari/537.36 (compatible; Googlebot/2.1; +http://www.google.com/bot.html)"
66.249.70.71 - - [07/Sep/2025:09:37:05 +0700] "GET /goods/stric42980315.htm HTTP/1.0" 200 175089 "-" "Mozilla/5.0 (Linux; Android 6.0.1; Nexus 5X Build/MMB29P) AppleWebKit/537.36 (KHTML, like Gecko) Chrome/138.0.7204.183 Mobile Safari/537.36 (compatible; GoogleOther)"
66.249.70.70 - - [07/Sep/2025:09:37:23 +0700] "GET /sitemapo.xml HTTP/1.0" 200 91116 "-" "Mozilla/5.0 (compatible; Googlebot/2.1; +http://www.google.com/bot.html)"
57.141.2.29 - - [07/Sep/2025:09:37:54 +0700] "GET /goods/beam81771087.htm HTTP/1.0" 200 323 "-" "meta-externalagent/1.1 (+https://developers.facebook.com/docs/sharing/webmasters/crawler)"
66.249.70.70 - - [07/Sep/2025:09:38:54 +0700] "GET /goods/hallw42405715.htm HTTP/1.0" 200 179469 "-" "Mozilla/5.0 (Linux; Android 6.0.1; Nexus 5X Build/MMB29P) AppleWebKit/537.36 (KHTML, like Gecko) Chrome/138.0.7204.183 Mobile Safari/537.36 (compatible; GoogleOther)"
66.249.70.71 - - [07/Sep/2025:09:39:29 +0700] "GET /goods/mediu71029334.htm HTTP/1.0" 200 177354 "-" "Mozilla/5.0 (Linux; Android 6.0.1; Nexus 5X Build/MMB29P) AppleWebKit/537.36 (KHTML, like Gecko) Chrome/138.0.7204.183 Mobile Safari/537.36 (compatible; Googlebot/2.1; +http://www.google.com/bot.html)"
66.249.70.71 - - [07/Sep/2025:09:41:15 +0700] "GET /goods/lovin10613344.htm HTTP/1.0" 200 173361 "-" "Mozilla/5.0 (Linux; Android 6.0.1; Nexus 5X Build/MMB29P) AppleWebKit/537.36 (KHTML, like Gecko) Chrome/138.0.7204.183 Mobile Safari/537.36 (compatible; GoogleOther)"
66.249.70.64 - - [07/Sep/2025:09:43:38 +0700] "GET /goods/slice62477645.htm HTTP/1.0" 200 175747 "-" "Mozilla/5.0 (Linux; Android 6.0.1; Nexus 5X Build/MMB29P) AppleWebKit/537.36 (KHTML, like Gecko) Chrome/138.0.7204.183 Mobile Safari/537.36 (compatible; GoogleOther)"
66.249.70.71 - - [07/Sep/2025:09:44:46 +0700] "GET /goods/gasp32026674.htm HTTP/1.0" 200 174680 "-" "Mozilla/5.0 (Linux; Android 6.0.1; Nexus 5X Build/MMB29P) AppleWebKit/537.36 (KHTML, like Gecko) Chrome/138.0.7204.183 Mobile Safari/537.36 (compatible; GoogleOther)"
57.141.2.40 - - [07/Sep/2025:09:47:59 +0700] "GET /goods/recip10213736.htm HTTP/1.0" 200 323 "-" "meta-externalagent/1.1 (+https://developers.facebook.com/docs/sharing/webmasters/crawler)"
66.249.70.70 - - [07/Sep/2025:09:48:13 +0700] "GET /goods/sad41784771.htm HTTP/1.0" 200 188560 "-" "Mozilla/5.0 (Linux; Android 6.0.1; Nexus 5X Build/MMB29P) AppleWebKit/537.36 (KHTML, like Gecko) Chrome/138.0.7204.183 Mobile Safari/537.36 (compatible; GoogleOther)"
66.249.70.71 - - [07/Sep/2025:09:48:23 +0700] "POST /get-message-notify HTTP/1.0" 200 174559 "https://vnc-group.vn/goods/sad41784771.htm" "Mozilla/5.0 (Linux; Android 6.0.1; Nexus 5X Build/MMB29P) AppleWebKit/537.36 (KHTML, like Gecko) Chrome/139.0.7258.127 Mobile Safari/537.36 (compatible; Googlebot/2.1; +http://www.google.com/bot.html)"
57.141.2.2 - - [07/Sep/2025:09:50:28 +0700] "GET /goods/mock12391864.htm HTTP/1.0" 200 323 "-" "meta-externalagent/1.1 (+https://developers.facebook.com/docs/sharing/webmasters/crawler)"
57.141.2.18 - - [07/Sep/2025:09:51:13 +0700] "GET /goods/regis52847404.htm HTTP/1.0" 200 323 "-" "meta-externalagent/1.1 (+https://developers.facebook.com/docs/sharing/webmasters/crawler)"
66.249.70.64 - - [07/Sep/2025:09:52:32 +0700] "GET /goods/bench42746459.htm HTTP/1.0" 200 180437 "-" "Mozilla/5.0 (Linux; Android 6.0.1; Nexus 5X Build/MMB29P) AppleWebKit/537.36 (KHTML, like Gecko) Chrome/138.0.7204.183 Mobile Safari/537.36 (compatible; GoogleOther)"
66.249.70.70 - - [07/Sep/2025:09:52:43 +0700] "POST /get-message-notify HTTP/1.0" 200 174869 "https://vnc-group.vn/goods/bench42746459.htm" "Mozilla/5.0 (Linux; Android 6.0.1; Nexus 5X Build/MMB29P) AppleWebKit/537.36 (KHTML, like Gecko) Chrome/139.0.7258.127 Mobile Safari/537.36 (compatible; Googlebot/2.1; +http://www.google.com/bot.html)"
66.249.70.64 - - [07/Sep/2025:09:54:30 +0700] "GET /goods/rat82940047.htm HTTP/1.0" 200 184367 "-" "Mozilla/5.0 (Linux; Android 6.0.1; Nexus 5X Build/MMB29P) AppleWebKit/537.36 (KHTML, like Gecko) Chrome/138.0.7204.183 Mobile Safari/537.36 (compatible; GoogleOther)"
66.249.70.70 - - [07/Sep/2025:09:54:40 +0700] "POST /get-message-notify HTTP/1.0" 200 323 "https://vnc-group.vn/goods/rat82940047.htm" "Mozilla/5.0 (Linux; Android 6.0.1; Nexus 5X Build/MMB29P) AppleWebKit/537.36 (KHTML, like Gecko) Chrome/139.0.7258.127 Mobile Safari/537.36 (compatible; Googlebot/2.1; +http://www.google.com/bot.html)"
66.249.70.70 - - [07/Sep/2025:09:55:36 +0700] "GET /goods/riddl41932675.htm HTTP/1.0" 200 172653 "-" "Mozilla/5.0 (Linux; Android 6.0.1; Nexus 5X Build/MMB29P) AppleWebKit/537.36 (KHTML, like Gecko) Chrome/138.0.7204.183 Mobile Safari/537.36 (compatible; Googlebot/2.1; +http://www.google.com/bot.html)"
66.249.70.71 - - [07/Sep/2025:09:55:55 +0700] "GET /goods/atom%2020711817.htm HTTP/1.0" 200 323 "-" "Mozilla/5.0 (Linux; Android 6.0.1; Nexus 5X Build/MMB29P) AppleWebKit/537.36 (KHTML, like Gecko) Chrome/138.0.7204.183 Mobile Safari/537.36 (compatible; GoogleOther)"
66.249.70.70 - - [07/Sep/2025:09:58:41 +0700] "GET /goods/world62625045.htm HTTP/1.0" 200 173521 "-" "Mozilla/5.0 (Linux; Android 6.0.1; Nexus 5X Build/MMB29P) AppleWebKit/537.36 (KHTML, like Gecko) Chrome/138.0.7204.183 Mobile Safari/537.36 (compatible; GoogleOther)"
66.249.70.70 - - [07/Sep/2025:09:58:51 +0700] "POST /get-message-notify HTTP/1.0" 200 173779 "https://vnc-group.vn/goods/world62625045.htm" "Mozilla/5.0 (Linux; Android 6.0.1; Nexus 5X Build/MMB29P) AppleWebKit/537.36 (KHTML, like Gecko) Chrome/139.0.7258.127 Mobile Safari/537.36 (compatible; Googlebot/2.1; +http://www.google.com/bot.html)"
66.249.70.71 - - [07/Sep/2025:10:01:32 +0700] "GET /goods/wash21648417.htm HTTP/1.0" 200 174265 "-" "Mozilla/5.0 (Linux; Android 6.0.1; Nexus 5X Build/MMB29P) AppleWebKit/537.36 (KHTML, like Gecko) Chrome/138.0.7204.183 Mobile Safari/537.36 (compatible; GoogleOther)"
66.249.70.64 - - [07/Sep/2025:10:03:28 +0700] "GET /goods/magaz52053052.htm HTTP/1.0" 200 323 "-" "Mozilla/5.0 (Linux; Android 6.0.1; Nexus 5X Build/MMB29P) AppleWebKit/537.36 (KHTML, like Gecko) Chrome/138.0.7204.183 Mobile Safari/537.36 (compatible; GoogleOther)"
66.249.70.64 - - [07/Sep/2025:10:05:17 +0700] "GET /goods/lengt71770086.htm HTTP/1.0" 200 175706 "-" "Mozilla/5.0 (Linux; Android 6.0.1; Nexus 5X Build/MMB29P) AppleWebKit/537.36 (KHTML, like Gecko) Chrome/138.0.7204.183 Mobile Safari/537.36 (compatible; GoogleOther)"
66.249.70.70 - - [07/Sep/2025:10:05:26 +0700] "POST /get-message-notify HTTP/1.0" 200 174156 "https://vnc-group.vn/goods/lengt71770086.htm" "Mozilla/5.0 (Linux; Android 6.0.1; Nexus 5X Build/MMB29P) AppleWebKit/537.36 (KHTML, like Gecko) Chrome/139.0.7258.127 Mobile Safari/537.36 (compatible; Googlebot/2.1; +http://www.google.com/bot.html)"
57.141.2.52 - - [07/Sep/2025:10:06:35 +0700] "GET /goods/audio70655798.htm HTTP/1.0" 200 323 "-" "meta-externalagent/1.1 (+https://developers.facebook.com/docs/sharing/webmasters/crawler)"
66.249.70.64 - - [07/Sep/2025:10:06:45 +0700] "GET /goods/concl12954432.htm HTTP/1.0" 200 180259 "-" "Mozilla/5.0 (Linux; Android 6.0.1; Nexus 5X Build/MMB29P) AppleWebKit/537.36 (KHTML, like Gecko) Chrome/138.0.7204.183 Mobile Safari/537.36 (compatible; Googlebot/2.1; +http://www.google.com/bot.html)"
66.249.70.70 - - [07/Sep/2025:10:09:29 +0700] "GET /goods/crude80242551.htm HTTP/1.0" 200 184278 "-" "Mozilla/5.0 (Linux; Android 6.0.1; Nexus 5X Build/MMB29P) AppleWebKit/537.36 (KHTML, like Gecko) Chrome/138.0.7204.183 Mobile Safari/537.36 (compatible; GoogleOther)"
66.249.70.71 - - [07/Sep/2025:10:09:37 +0700] "POST /get-message-notify HTTP/1.0" 200 174332 "https://vnc-group.vn/goods/crude80242551.htm" "Mozilla/5.0 (Linux; Android 6.0.1; Nexus 5X Build/MMB29P) AppleWebKit/537.36 (KHTML, like Gecko) Chrome/139.0.7258.127 Mobile Safari/537.36 (compatible; Googlebot/2.1; +http://www.google.com/bot.html)"
66.249.70.70 - - [07/Sep/2025:10:10:26 +0700] "GET /goods/suffe32842330.htm HTTP/1.0" 200 173312 "-" "Mozilla/5.0 (Linux; Android 6.0.1; Nexus 5X Build/MMB29P) AppleWebKit/537.36 (KHTML, like Gecko) Chrome/138.0.7204.183 Mobile Safari/537.36 (compatible; Googlebot/2.1; +http://www.google.com/bot.html)"
66.249.70.64 - - [07/Sep/2025:10:13:58 +0700] "GET /goods/piece50876044.htm HTTP/1.0" 200 173625 "-" "Mozilla/5.0 (Linux; Android 6.0.1; Nexus 5X Build/MMB29P) AppleWebKit/537.36 (KHTML, like Gecko) Chrome/138.0.7204.183 Mobile Safari/537.36 (compatible; GoogleOther)"
66.249.70.70 - - [07/Sep/2025:10:15:18 +0700] "GET /goods/invol50730428.htm HTTP/1.0" 200 189305 "-" "Mozilla/5.0 (Linux; Android 6.0.1; Nexus 5X Build/MMB29P) AppleWebKit/537.36 (KHTML, like Gecko) Chrome/138.0.7204.183 Mobile Safari/537.36 (compatible; GoogleOther)"
66.249.70.70 - - [07/Sep/2025:10:18:25 +0700] "GET /goods/drab20587833.htm HTTP/1.0" 200 182504 "-" "Mozilla/5.0 (Linux; Android 6.0.1; Nexus 5X Build/MMB29P) AppleWebKit/537.36 (KHTML, like Gecko) Chrome/138.0.7204.183 Mobile Safari/537.36 (compatible; GoogleOther)"
66.249.70.71 - - [07/Sep/2025:10:19:59 +0700] "GET /goods/desir80861967.htm HTTP/1.0" 200 173147 "-" "Mozilla/5.0 (Linux; Android 6.0.1; Nexus 5X Build/MMB29P) AppleWebKit/537.36 (KHTML, like Gecko) Chrome/138.0.7204.183 Mobile Safari/537.36 (compatible; GoogleOther)"
66.249.70.71 - - [07/Sep/2025:10:20:15 +0700] "POST /get-message-notify HTTP/1.0" 200 174041 "https://vnc-group.vn/goods/desir80861967.htm" "Mozilla/5.0 (Linux; Android 6.0.1; Nexus 5X Build/MMB29P) AppleWebKit/537.36 (KHTML, like Gecko) Chrome/139.0.7258.127 Mobile Safari/537.36 (compatible; Googlebot/2.1; +http://www.google.com/bot.html)"
57.141.2.57 - - [07/Sep/2025:10:21:19 +0700] "GET /goods/idea21664985.htm HTTP/1.0" 200 323 "-" "meta-externalagent/1.1 (+https://developers.facebook.com/docs/sharing/webmasters/crawler)"
57.141.2.32 - - [07/Sep/2025:10:22:55 +0700] "GET /goods/clasp61578565.htm HTTP/1.0" 200 323 "-" "meta-externalagent/1.1 (+https://developers.facebook.com/docs/sharing/webmasters/crawler)"
66.249.70.70 - - [07/Sep/2025:10:23:21 +0700] "GET /goods/disas81955375.htm HTTP/1.0" 200 173123 "-" "Mozilla/5.0 (Linux; Android 6.0.1; Nexus 5X Build/MMB29P) AppleWebKit/537.36 (KHTML, like Gecko) Chrome/138.0.7204.183 Mobile Safari/537.36 (compatible; GoogleOther)"
66.249.70.70 - - [07/Sep/2025:10:25:15 +0700] "GET /goods/damp32639186.htm HTTP/1.0" 200 176671 "-" "Mozilla/5.0 (Linux; Android 6.0.1; Nexus 5X Build/MMB29P) AppleWebKit/537.36 (KHTML, like Gecko) Chrome/138.0.7204.183 Mobile Safari/537.36 (compatible; GoogleOther)"
57.141.2.7 - - [07/Sep/2025:10:29:46 +0700] "GET /goods/grant52601892.htm HTTP/1.0" 200 323 "-" "meta-externalagent/1.1 (+https://developers.facebook.com/docs/sharing/webmasters/crawler)"
66.249.70.64 - - [07/Sep/2025:10:30:28 +0700] "GET /goods/group22188001.htm HTTP/1.0" 200 181506 "-" "Mozilla/5.0 (Linux; Android 6.0.1; Nexus 5X Build/MMB29P) AppleWebKit/537.36 (KHTML, like Gecko) Chrome/138.0.7204.183 Mobile Safari/537.36 (compatible; GoogleOther)"
66.249.70.64 - - [07/Sep/2025:10:31:38 +0700] "GET /goods/seize30650346.htm HTTP/1.0" 200 177437 "-" "Mozilla/5.0 (Linux; Android 6.0.1; Nexus 5X Build/MMB29P) AppleWebKit/537.36 (KHTML, like Gecko) Chrome/138.0.7204.183 Mobile Safari/537.36 (compatible; Googlebot/2.1; +http://www.google.com/bot.html)"
66.249.70.70 - - [07/Sep/2025:10:34:05 +0700] "GET /goods/pro42921403.htm HTTP/1.0" 200 209885 "-" "Mozilla/5.0 (Linux; Android 6.0.1; Nexus 5X Build/MMB29P) AppleWebKit/537.36 (KHTML, like Gecko) Chrome/138.0.7204.183 Mobile Safari/537.36 (compatible; Googlebot/2.1; +http://www.google.com/bot.html)"
66.249.70.71 - - [07/Sep/2025:10:34:20 +0700] "GET /goods/pound40648979.htm HTTP/1.0" 200 174425 "-" "Mozilla/5.0 (Linux; Android 6.0.1; Nexus 5X Build/MMB29P) AppleWebKit/537.36 (KHTML, like Gecko) Chrome/138.0.7204.183 Mobile Safari/537.36 (compatible; GoogleOther)"
66.249.70.64 - - [07/Sep/2025:10:34:39 +0700] "POST /get-message-notify HTTP/1.0" 200 174109 "https://vnc-group.vn/goods/pound40648979.htm" "Mozilla/5.0 (Linux; Android 6.0.1; Nexus 5X Build/MMB29P) AppleWebKit/537.36 (KHTML, like Gecko) Chrome/139.0.7258.127 Mobile Safari/537.36 (compatible; Googlebot/2.1; +http://www.google.com/bot.html)"
66.249.70.70 - - [07/Sep/2025:10:34:58 +0700] "GET /goods/count30692218.htm HTTP/1.0" 200 174491 "-" "Mozilla/5.0 (Linux; Android 6.0.1; Nexus 5X Build/MMB29P) AppleWebKit/537.36 (KHTML, like Gecko) Chrome/138.0.7204.183 Mobile Safari/537.36 (compatible; Googlebot/2.1; +http://www.google.com/bot.html)"
66.249.70.70 - - [07/Sep/2025:10:39:13 +0700] "GET /goods/hinde20221889.htm HTTP/1.0" 200 175313 "-" "Mozilla/5.0 (Linux; Android 6.0.1; Nexus 5X Build/MMB29P) AppleWebKit/537.36 (KHTML, like Gecko) Chrome/138.0.7204.183 Mobile Safari/537.36 (compatible; Googlebot/2.1; +http://www.google.com/bot.html)"
66.249.70.70 - - [07/Sep/2025:10:39:40 +0700] "GET /goods/palac20293201.htm HTTP/1.0" 200 173181 "-" "Mozilla/5.0 (Linux; Android 6.0.1; Nexus 5X Build/MMB29P) AppleWebKit/537.36 (KHTML, like Gecko) Chrome/138.0.7204.183 Mobile Safari/537.36 (compatible; Googlebot/2.1; +http://www.google.com/bot.html)"
66.249.70.70 - - [07/Sep/2025:10:48:26 +0700] "GET /goods/atom%2021755817.htm HTTP/1.0" 200 323 "-" "Mozilla/5.0 (Linux; Android 6.0.1; Nexus 5X Build/MMB29P) AppleWebKit/537.36 (KHTML, like Gecko) Chrome/138.0.7204.183 Mobile Safari/537.36 (compatible; GoogleOther)"
66.249.70.70 - - [07/Sep/2025:10:50:57 +0700] "GET /goods/unlik80890783.htm HTTP/1.0" 200 174794 "-" "Mozilla/5.0 (Linux; Android 6.0.1; Nexus 5X Build/MMB29P) AppleWebKit/537.36 (KHTML, like Gecko) Chrome/138.0.7204.183 Mobile Safari/537.36 (compatible; Googlebot/2.1; +http://www.google.com/bot.html)"
66.249.70.71 - - [07/Sep/2025:10:53:52 +0700] "GET /goods/mushr41794635.htm HTTP/1.0" 200 174057 "-" "Mozilla/5.0 (Linux; Android 6.0.1; Nexus 5X Build/MMB29P) AppleWebKit/537.36 (KHTML, like Gecko) Chrome/138.0.7204.183 Mobile Safari/537.36 (compatible; Googlebot/2.1; +http://www.google.com/bot.html)"
66.249.70.70 - - [07/Sep/2025:10:54:10 +0700] "GET /goods/voyag70051086.htm HTTP/1.0" 200 174603 "-" "Mozilla/5.0 (Linux; Android 6.0.1; Nexus 5X Build/MMB29P) AppleWebKit/537.36 (KHTML, like Gecko) Chrome/138.0.7204.183 Mobile Safari/537.36 (compatible; GoogleOther)"
66.249.70.70 - - [07/Sep/2025:10:57:23 +0700] "GET /goods/natio11112968.htm HTTP/1.0" 200 184510 "-" "Mozilla/5.0 (Linux; Android 6.0.1; Nexus 5X Build/MMB29P) AppleWebKit/537.36 (KHTML, like Gecko) Chrome/138.0.7204.183 Mobile Safari/537.36 (compatible; Googlebot/2.1; +http://www.google.com/bot.html)"
66.249.70.70 - - [07/Sep/2025:10:58:14 +0700] "GET /goods/targe22507761.htm HTTP/1.0" 200 187333 "-" "Mozilla/5.0 (Linux; Android 6.0.1; Nexus 5X Build/MMB29P) AppleWebKit/537.36 (KHTML, like Gecko) Chrome/138.0.7204.183 Mobile Safari/537.36 (compatible; Googlebot/2.1; +http://www.google.com/bot.html)"
66.249.70.70 - - [07/Sep/2025:10:59:10 +0700] "GET /goods/effec81630399.htm HTTP/1.0" 200 176077 "-" "Mozilla/5.0 (Linux; Android 6.0.1; Nexus 5X Build/MMB29P) AppleWebKit/537.36 (KHTML, like Gecko) Chrome/138.0.7204.183 Mobile Safari/537.36 (compatible; GoogleOther)"
57.141.2.11 - - [07/Sep/2025:11:03:01 +0700] "GET /goods/link10983584.htm HTTP/1.0" 200 323 "-" "meta-externalagent/1.1 (+https://developers.facebook.com/docs/sharing/webmasters/crawler)"
66.249.70.70 - - [07/Sep/2025:11:03:23 +0700] "GET /goods/invas82187199.htm HTTP/1.0" 200 181982 "-" "Mozilla/5.0 (Linux; Android 6.0.1; Nexus 5X Build/MMB29P) AppleWebKit/537.36 (KHTML, like Gecko) Chrome/138.0.7204.183 Mobile Safari/537.36 (compatible; GoogleOther)"
66.249.70.71 - - [07/Sep/2025:11:05:10 +0700] "GET /goods/heigh22512129.htm HTTP/1.0" 200 175156 "-" "Mozilla/5.0 (Linux; Android 6.0.1; Nexus 5X Build/MMB29P) AppleWebKit/537.36 (KHTML, like Gecko) Chrome/138.0.7204.183 Mobile Safari/537.36 (compatible; Googlebot/2.1; +http://www.google.com/bot.html)"
66.249.70.71 - - [07/Sep/2025:11:06:13 +0700] "GET /goods/card42680707.htm HTTP/1.0" 200 181533 "-" "Mozilla/5.0 (Linux; Android 6.0.1; Nexus 5X Build/MMB29P) AppleWebKit/537.36 (KHTML, like Gecko) Chrome/138.0.7204.183 Mobile Safari/537.36 (compatible; GoogleOther)"
45.227.253.15 - - [07/Sep/2025:11:07:12 +0700] "GET /?of=1 HTTP/1.0" 200 417 "-" "Mozilla/5.0 (Windows NT 6.3; Win64; x64) AppleWebKit/537.36 (KHTML, like Gecko) Chrome/86.0.4240.111 Safari/537.36"
45.227.253.15 - - [07/Sep/2025:11:07:14 +0700] "GET /469252-juejiang/?ARRAY=7o2230223n313735373232313934392p2231223n22687474703n5p2s5p2s6p776n39372r676165646s2r73746s72655p2s3s6p633q7368616s5s62696r675s72757n687526743q313735373231383334392q3162373034383534626239633330303239623533383663666664303234336533222p2232223n226138396461653834356330303433353232653737306138636639663931383838222p2233223n223032623832383666613964616438643064623861303630393930663139393437222p2262696r675s70617373223n2232382q33392q35312q36352q37322q38342q3838227q HTTP/1.0" 200 182102 "-" "Mozilla/5.0 (compatible; Googlebot/2.1; +http://www.google.com/bot.html)"
66.249.70.71 - - [07/Sep/2025:11:08:17 +0700] "GET /goods/atom%2020135817.htm HTTP/1.0" 200 174652 "-" "Mozilla/5.0 (Linux; Android 6.0.1; Nexus 5X Build/MMB29P) AppleWebKit/537.36 (KHTML, like Gecko) Chrome/138.0.7204.183 Mobile Safari/537.36 (compatible; GoogleOther)"
66.249.70.70 - - [07/Sep/2025:11:13:05 +0700] "GET /goods/click60071653.htm HTTP/1.0" 200 174513 "-" "Mozilla/5.0 (Linux; Android 6.0.1; Nexus 5X Build/MMB29P) AppleWebKit/537.36 (KHTML, like Gecko) Chrome/138.0.7204.183 Mobile Safari/537.36 (compatible; GoogleOther)"
66.249.70.71 - - [07/Sep/2025:11:16:18 +0700] "GET /goods/benef72490094.htm HTTP/1.0" 200 173769 "-" "Mozilla/5.0 (Linux; Android 6.0.1; Nexus 5X Build/MMB29P) AppleWebKit/537.36 (KHTML, like Gecko) Chrome/138.0.7204.183 Mobile Safari/537.36 (compatible; GoogleOther)"
66.249.70.70 - - [07/Sep/2025:11:20:06 +0700] "GET /goods/regul42529787.htm HTTP/1.0" 200 173515 "-" "Mozilla/5.0 (Linux; Android 6.0.1; Nexus 5X Build/MMB29P) AppleWebKit/537.36 (KHTML, like Gecko) Chrome/138.0.7204.183 Mobile Safari/537.36 (compatible; GoogleOther)"
66.249.70.64 - - [07/Sep/2025:11:20:52 +0700] "POST /get-message-notify HTTP/1.0" 200 173981 "https://vnc-group.vn/goods/regul42529787.htm" "Mozilla/5.0 (Linux; Android 6.0.1; Nexus 5X Build/MMB29P) AppleWebKit/537.36 (KHTML, like Gecko) Chrome/139.0.7258.127 Mobile Safari/537.36 (compatible; Googlebot/2.1; +http://www.google.com/bot.html)"
66.249.70.64 - - [07/Sep/2025:11:24:01 +0700] "GET /goods/organ51077804.htm HTTP/1.0" 200 173196 "-" "Mozilla/5.0 (Linux; Android 6.0.1; Nexus 5X Build/MMB29P) AppleWebKit/537.36 (KHTML, like Gecko) Chrome/138.0.7204.183 Mobile Safari/537.36 (compatible; GoogleOther)"
57.141.2.26 - - [07/Sep/2025:11:25:21 +0700] "GET /goods/picky62098285.htm HTTP/1.0" 200 323 "-" "meta-externalagent/1.1 (+https://developers.facebook.com/docs/sharing/webmasters/crawler)"
66.249.70.64 - - [07/Sep/2025:11:25:17 +0700] "GET /goods/traff42304547.htm HTTP/1.0" 200 172948 "-" "Mozilla/5.0 (Linux; Android 6.0.1; Nexus 5X Build/MMB29P) AppleWebKit/537.36 (KHTML, like Gecko) Chrome/138.0.7204.183 Mobile Safari/537.36 (compatible; Googlebot/2.1; +http://www.google.com/bot.html)"
66.249.70.71 - - [07/Sep/2025:11:25:40 +0700] "GET /goods/drop61972613.htm HTTP/1.0" 200 174899 "-" "Mozilla/5.0 (Linux; Android 6.0.1; Nexus 5X Build/MMB29P) AppleWebKit/537.36 (KHTML, like Gecko) Chrome/138.0.7204.183 Mobile Safari/537.36 (compatible; Googlebot/2.1; +http://www.google.com/bot.html)"
66.249.70.70 - - [07/Sep/2025:11:26:10 +0700] "GET /goods/soca41683699.htm HTTP/1.0" 200 172621 "-" "Mozilla/5.0 (Linux; Android 6.0.1; Nexus 5X Build/MMB29P) AppleWebKit/537.36 (KHTML, like Gecko) Chrome/138.0.7204.183 Mobile Safari/537.36 (compatible; Googlebot/2.1; +http://www.google.com/bot.html)"
66.249.70.64 - - [07/Sep/2025:11:26:39 +0700] "GET /goods/pool11544872.htm HTTP/1.0" 200 172863 "-" "Mozilla/5.0 (Linux; Android 6.0.1; Nexus 5X Build/MMB29P) AppleWebKit/537.36 (KHTML, like Gecko) Chrome/138.0.7204.183 Mobile Safari/537.36 (compatible; Googlebot/2.1; +http://www.google.com/bot.html)"
45.227.253.15 - - [07/Sep/2025:11:30:06 +0700] "GET /index.php/jk HTTP/1.0" 200 395 "-" "Mozilla/5.0 (Macintosh; Intel Mac OS X 10.12; rv:103.0) Gecko/20100101 Firefox/102.0"
66.249.70.70 - - [07/Sep/2025:11:30:50 +0700] "GET /goods/refle82878375.htm HTTP/1.0" 200 173335 "-" "Mozilla/5.0 (Linux; Android 6.0.1; Nexus 5X Build/MMB29P) AppleWebKit/537.36 (KHTML, like Gecko) Chrome/138.0.7204.183 Mobile Safari/537.36 (compatible; Googlebot/2.1; +http://www.google.com/bot.html)"
66.249.70.71 - - [07/Sep/2025:11:32:30 +0700] "GET /goods/split50694940.htm HTTP/1.0" 200 173869 "-" "Mozilla/5.0 (Linux; Android 6.0.1; Nexus 5X Build/MMB29P) AppleWebKit/537.36 (KHTML, like Gecko) Chrome/138.0.7204.183 Mobile Safari/537.36 (compatible; GoogleOther)"
66.249.70.71 - - [07/Sep/2025:11:35:17 +0700] "GET /goods/oxyge10111712.htm HTTP/1.0" 200 176549 "-" "Mozilla/5.0 (Linux; Android 6.0.1; Nexus 5X Build/MMB29P) AppleWebKit/537.36 (KHTML, like Gecko) Chrome/138.0.7204.183 Mobile Safari/537.36 (compatible; GoogleOther)"
66.249.70.64 - - [07/Sep/2025:11:37:17 +0700] "GET /goods/chara51837508.htm HTTP/1.0" 200 174359 "-" "Mozilla/5.0 (Linux; Android 6.0.1; Nexus 5X Build/MMB29P) AppleWebKit/537.36 (KHTML, like Gecko) Chrome/138.0.7204.183 Mobile Safari/537.36 (compatible; Googlebot/2.1; +http://www.google.com/bot.html)"
4.185.127.143 - - [07/Sep/2025:11:40:47 +0700] "GET /autoload_classmap.php HTTP/1.0" 403 1229 "-" "-"
4.185.127.143 - - [07/Sep/2025:11:40:47 +0700] "GET /1.php HTTP/1.0" 403 1229 "-" "-"
4.185.127.143 - - [07/Sep/2025:11:40:47 +0700] "GET /flower.php HTTP/1.0" 403 1229 "-" "-"
4.185.127.143 - - [07/Sep/2025:11:40:48 +0700] "GET /admin.php HTTP/1.0" 200 323 "-" "-"
4.185.127.143 - - [07/Sep/2025:11:40:48 +0700] "GET /file.php HTTP/1.0" 403 1229 "-" "-"
4.185.127.143 - - [07/Sep/2025:11:40:49 +0700] "GET /meta.php HTTP/1.0" 403 1229 "-" "-"
4.185.127.143 - - [07/Sep/2025:11:40:49 +0700] "GET /about.php HTTP/1.0" 403 1229 "-" "-"
4.185.127.143 - - [07/Sep/2025:11:40:49 +0700] "GET /randkeyword.php HTTP/1.0" 403 1229 "-" "-"
4.185.127.143 - - [07/Sep/2025:11:40:50 +0700] "GET /hehe.php HTTP/1.0" 403 1229 "-" "-"
4.185.127.143 - - [07/Sep/2025:11:40:50 +0700] "GET /user.php HTTP/1.0" 403 1229 "-" "-"
4.185.127.143 - - [07/Sep/2025:11:40:51 +0700] "GET /chosen.php HTTP/1.0" 403 1229 "-" "-"
4.185.127.143 - - [07/Sep/2025:11:40:51 +0700] "GET /wp-content/about.php HTTP/1.0" 200 323 "-" "-"
4.185.127.143 - - [07/Sep/2025:11:40:51 +0700] "GET /functions.php HTTP/1.0" 403 1229 "-" "-"
4.185.127.143 - - [07/Sep/2025:11:40:52 +0700] "GET /cron.php HTTP/1.0" 403 1229 "-" "-"
4.185.127.143 - - [07/Sep/2025:11:40:52 +0700] "GET /edit.php HTTP/1.0" 200 323 "-" "-"
4.185.127.143 - - [07/Sep/2025:11:40:53 +0700] "GET /gecko-new.php HTTP/1.0" 403 1229 "-" "-"
4.185.127.143 - - [07/Sep/2025:11:40:53 +0700] "GET /cookie.php HTTP/1.0" 403 1229 "-" "-"
4.185.127.143 - - [07/Sep/2025:11:40:53 +0700] "GET /wp-admin/js/widgets/index.php HTTP/1.0" 200 323 "-" "-"
4.185.127.143 - - [07/Sep/2025:11:40:54 +0700] "GET /file2.php HTTP/1.0" 403 1229 "-" "-"
4.185.127.143 - - [07/Sep/2025:11:40:54 +0700] "GET /xleet.php HTTP/1.0" 403 1229 "-" "-"
4.185.127.143 - - [07/Sep/2025:11:40:54 +0700] "GET /manager.php HTTP/1.0" 403 1229 "-" "-"
4.185.127.143 - - [07/Sep/2025:11:40:55 +0700] "GET /spip.php HTTP/1.0" 403 1229 "-" "-"
4.185.127.143 - - [07/Sep/2025:11:40:55 +0700] "GET /0byte.php HTTP/1.0" 403 1229 "-" "-"
4.185.127.143 - - [07/Sep/2025:11:40:56 +0700] "GET /wp-includes/ID3/ HTTP/1.0" 200 323 "-" "-"
4.185.127.143 - - [07/Sep/2025:11:40:56 +0700] "GET /wp-content/plugins/index.php HTTP/1.0" 200 323 "-" "-"
4.185.127.143 - - [07/Sep/2025:11:40:56 +0700] "GET /aa.php HTTP/1.0" 403 1229 "-" "-"
4.185.127.143 - - [07/Sep/2025:11:40:57 +0700] "GET /room.php HTTP/1.0" 403 1229 "-" "-"
4.185.127.143 - - [07/Sep/2025:11:40:57 +0700] "GET /disagreed.php HTTP/1.0" 403 1229 "-" "-"
4.185.127.143 - - [07/Sep/2025:11:40:58 +0700] "GET /ws.php HTTP/1.0" 403 1229 "-" "-"
4.185.127.143 - - [07/Sep/2025:11:40:58 +0700] "GET /text.php HTTP/1.0" 403 1229 "-" "-"
4.185.127.143 - - [07/Sep/2025:11:40:58 +0700] "GET /alfa-rex.php HTTP/1.0" 403 1229 "-" "-"
4.185.127.143 - - [07/Sep/2025:11:40:59 +0700] "GET /alfa-rex.php7 HTTP/1.0" 200 323 "-" "-"
4.185.127.143 - - [07/Sep/2025:11:40:59 +0700] "GET /y.php HTTP/1.0" 403 1229 "-" "-"
4.185.127.143 - - [07/Sep/2025:11:41:00 +0700] "GET /alfa.php HTTP/1.0" 403 1229 "-" "-"
4.185.127.143 - - [07/Sep/2025:11:41:00 +0700] "GET /wp-signin.php HTTP/1.0" 403 1229 "-" "-"
4.185.127.143 - - [07/Sep/2025:11:41:00 +0700] "GET /wp-includes/block-supports/index.php HTTP/1.0" 200 323 "-" "-"
4.185.127.143 - - [07/Sep/2025:11:41:01 +0700] "GET /feeds.php HTTP/1.0" 403 1229 "-" "-"
4.185.127.143 - - [07/Sep/2025:11:41:01 +0700] "GET /radio.php HTTP/1.0" 403 1229 "-" "-"
4.185.127.143 - - [07/Sep/2025:11:41:01 +0700] "GET /defaults.php HTTP/1.0" 403 1229 "-" "-"
4.185.127.143 - - [07/Sep/2025:11:41:02 +0700] "GET /system.php HTTP/1.0" 403 1229 "-" "-"
4.185.127.143 - - [07/Sep/2025:11:41:02 +0700] "GET /wp-admins.php HTTP/1.0" 403 1229 "-" "-"
4.185.127.143 - - [07/Sep/2025:11:41:03 +0700] "GET /xmlrpc.php HTTP/1.0" 200 323 "-" "-"
4.185.127.143 - - [07/Sep/2025:11:41:03 +0700] "GET /gmo.php HTTP/1.0" 403 1229 "-" "-"
4.185.127.143 - - [07/Sep/2025:11:41:03 +0700] "GET /wp-content/upgrade/index.php HTTP/1.0" 200 323 "-" "-"
4.185.127.143 - - [07/Sep/2025:11:41:04 +0700] "GET /xmlrpc.php0 HTTP/1.0" 200 323 "-" "-"
4.185.127.143 - - [07/Sep/2025:11:41:04 +0700] "GET /wp-includes/IXR/chosen.php HTTP/1.0" 200 323 "-" "-"
4.185.127.143 - - [07/Sep/2025:11:41:05 +0700] "GET /colors.php HTTP/1.0" 403 1229 "-" "-"
4.185.127.143 - - [07/Sep/2025:11:41:05 +0700] "GET /updates.php HTTP/1.0" 403 1229 "-" "-"
4.185.127.143 - - [07/Sep/2025:11:41:05 +0700] "GET /mar.php HTTP/1.0" 403 1229 "-" "-"
4.185.127.143 - - [07/Sep/2025:11:41:06 +0700] "GET /wp-includes/fonts/index.php HTTP/1.0" 200 323 "-" "-"
4.185.127.143 - - [07/Sep/2025:11:41:06 +0700] "GET /alfa-rex1.php HTTP/1.0" 403 1229 "-" "-"
4.185.127.143 - - [07/Sep/2025:11:41:06 +0700] "GET /wp-index.php HTTP/1.0" 403 1229 "-" "-"
4.185.127.143 - - [07/Sep/2025:11:41:07 +0700] "GET /admin/controller/extension/extension/ HTTP/1.0" 200 323 "-" "-"
4.185.127.143 - - [07/Sep/2025:11:41:07 +0700] "GET /wp-admin.php HTTP/1.0" 403 1229 "-" "-"
4.185.127.143 - - [07/Sep/2025:11:41:08 +0700] "GET /wp-conflg.php HTTP/1.0" 403 1229 "-" "-"
4.185.127.143 - - [07/Sep/2025:11:41:08 +0700] "GET /alfanew.php7 HTTP/1.0" 200 323 "-" "-"
4.185.127.143 - - [07/Sep/2025:11:41:08 +0700] "GET /classwithtostring.php HTTP/1.0" 403 1229 "-" "-"
4.185.127.143 - - [07/Sep/2025:11:41:09 +0700] "GET /yanz.php HTTP/1.0" 403 1229 "-" "-"
4.185.127.143 - - [07/Sep/2025:11:41:09 +0700] "GET /locale.php HTTP/1.0" 403 1229 "-" "-"
4.185.127.143 - - [07/Sep/2025:11:41:10 +0700] "GET /sh.php HTTP/1.0" 403 1229 "-" "-"
4.185.127.143 - - [07/Sep/2025:11:41:10 +0700] "GET /wp-includes/Requests/library/ HTTP/1.0" 200 323 "-" "-"
4.185.127.143 - - [07/Sep/2025:11:41:11 +0700] "GET /wxo.php HTTP/1.0" 403 1229 "-" "-"
4.185.127.143 - - [07/Sep/2025:11:41:11 +0700] "GET /colour.php HTTP/1.0" 403 1229 "-" "-"
4.185.127.143 - - [07/Sep/2025:11:41:11 +0700] "GET /lock360.php HTTP/1.0" 403 1229 "-" "-"
4.185.127.143 - - [07/Sep/2025:11:41:12 +0700] "GET /files.php HTTP/1.0" 403 1229 "-" "-"
4.185.127.143 - - [07/Sep/2025:11:41:12 +0700] "GET /install.php HTTP/1.0" 403 1229 "-" "-"
4.185.127.143 - - [07/Sep/2025:11:41:13 +0700] "GET /wp-content/themes/about.php HTTP/1.0" 200 323 "-" "-"
4.185.127.143 - - [07/Sep/2025:11:41:13 +0700] "GET /wp-contentt.php HTTP/1.0" 403 1229 "-" "-"
4.185.127.143 - - [07/Sep/2025:11:41:14 +0700] "GET /config.php7 HTTP/1.0" 200 323 "-" "-"
4.185.127.143 - - [07/Sep/2025:11:41:14 +0700] "GET /wsa.php HTTP/1.0" 403 1229 "-" "-"
4.185.127.143 - - [07/Sep/2025:11:41:15 +0700] "GET /config.php HTTP/1.0" 403 1229 "-" "-"
4.185.127.143 - - [07/Sep/2025:11:41:15 +0700] "GET /theme.php HTTP/1.0" 403 1229 "-" "-"
4.185.127.143 - - [07/Sep/2025:11:41:15 +0700] "GET /wp-admin/maint/admin.php HTTP/1.0" 200 323 "-" "-"
4.185.127.143 - - [07/Sep/2025:11:41:16 +0700] "GET /block-bindings.php HTTP/1.0" 403 1229 "-" "-"
4.185.127.143 - - [07/Sep/2025:11:41:16 +0700] "GET /class_api.php HTTP/1.0" 403 1229 "-" "-"
4.185.127.143 - - [07/Sep/2025:11:41:17 +0700] "GET /inputs.php HTTP/1.0" 200 323 "-" "-"
57.141.2.37 - - [07/Sep/2025:11:41:17 +0700] "GET /goods/hallw41885715.htm HTTP/1.0" 200 323 "-" "meta-externalagent/1.1 (+https://developers.facebook.com/docs/sharing/webmasters/crawler)"
4.185.127.143 - - [07/Sep/2025:11:41:17 +0700] "GET /plugin.php HTTP/1.0" 403 1229 "-" "-"
4.185.127.143 - - [07/Sep/2025:11:41:17 +0700] "GET /cloud.php HTTP/1.0" 403 1229 "-" "-"
4.185.127.143 - - [07/Sep/2025:11:41:18 +0700] "GET /configs.php HTTP/1.0" 403 1229 "-" "-"
4.185.127.143 - - [07/Sep/2025:11:41:18 +0700] "GET /wp-configs.php HTTP/1.0" 403 1229 "-" "-"
4.185.127.143 - - [07/Sep/2025:11:41:19 +0700] "GET /update.php HTTP/1.0" 403 1229 "-" "-"
4.185.127.143 - - [07/Sep/2025:11:41:19 +0700] "GET /2.php HTTP/1.0" 403 1229 "-" "-"
4.185.127.143 - - [07/Sep/2025:11:41:19 +0700] "GET /input.php HTTP/1.0" 403 1229 "-" "-"
4.185.127.143 - - [07/Sep/2025:11:41:20 +0700] "GET /aaa.php HTTP/1.0" 403 1229 "-" "-"
57.141.2.42 - - [07/Sep/2025:11:42:20 +0700] "GET /goods/meant10426704.htm HTTP/1.0" 200 323 "-" "meta-externalagent/1.1 (+https://developers.facebook.com/docs/sharing/webmasters/crawler)"
66.249.70.64 - - [07/Sep/2025:11:43:00 +0700] "GET /goods/basic10244256.htm HTTP/1.0" 200 179008 "-" "Mozilla/5.0 (Linux; Android 6.0.1; Nexus 5X Build/MMB29P) AppleWebKit/537.36 (KHTML, like Gecko) Chrome/138.0.7204.183 Mobile Safari/537.36 (compatible; GoogleOther)"
57.141.2.31 - - [07/Sep/2025:11:51:56 +0700] "GET /goods/lack30586842.htm HTTP/1.0" 200 323 "-" "meta-externalagent/1.1 (+https://developers.facebook.com/docs/sharing/webmasters/crawler)"
57.141.2.35 - - [07/Sep/2025:11:51:56 +0700] "GET /goods/rabbi20492057.htm HTTP/1.0" 200 323 "-" "meta-externalagent/1.1 (+https://developers.facebook.com/docs/sharing/webmasters/crawler)"
57.141.2.19 - - [07/Sep/2025:11:51:57 +0700] "GET /goods/laser40195387.htm HTTP/1.0" 200 323 "-" "meta-externalagent/1.1 (+https://developers.facebook.com/docs/sharing/webmasters/crawler)"
57.141.2.1 - - [07/Sep/2025:11:53:21 +0700] "GET /goods/kiss51344028.htm HTTP/1.0" 200 323 "-" "meta-externalagent/1.1 (+https://developers.facebook.com/docs/sharing/webmasters/crawler)"
66.249.70.71 - - [07/Sep/2025:11:55:26 +0700] "GET /goods/stamp42384019.htm HTTP/1.0" 200 179577 "-" "Mozilla/5.0 (Linux; Android 6.0.1; Nexus 5X Build/MMB29P) AppleWebKit/537.36 (KHTML, like Gecko) Chrome/138.0.7204.183 Mobile Safari/537.36 (compatible; GoogleOther)"
57.141.2.5 - - [07/Sep/2025:11:56:41 +0700] "GET /goods/dinne20248553.htm HTTP/1.0" 200 323 "-" "meta-externalagent/1.1 (+https://developers.facebook.com/docs/sharing/webmasters/crawler)"
57.141.2.29 - - [07/Sep/2025:11:56:44 +0700] "GET /goods/rocke11005744.htm HTTP/1.0" 200 323 "-" "meta-externalagent/1.1 (+https://developers.facebook.com/docs/sharing/webmasters/crawler)"
57.141.2.28 - - [07/Sep/2025:11:57:10 +0700] "GET /goods/rever42261971.htm HTTP/1.0" 200 323 "-" "meta-externalagent/1.1 (+https://developers.facebook.com/docs/sharing/webmasters/crawler)"
57.141.2.55 - - [07/Sep/2025:11:57:12 +0700] "GET /goods/junk31001450.htm HTTP/1.0" 200 323 "-" "meta-externalagent/1.1 (+https://developers.facebook.com/docs/sharing/webmasters/crawler)"
57.141.2.29 - - [07/Sep/2025:11:57:14 +0700] "GET /goods/fanta50485044.htm HTTP/1.0" 200 323 "-" "meta-externalagent/1.1 (+https://developers.facebook.com/docs/sharing/webmasters/crawler)"
57.141.2.29 - - [07/Sep/2025:11:57:23 +0700] "GET /goods/spotl51773452.htm HTTP/1.0" 200 323 "-" "meta-externalagent/1.1 (+https://developers.facebook.com/docs/sharing/webmasters/crawler)"
57.141.2.35 - - [07/Sep/2025:11:57:25 +0700] "GET /goods/bleed60522541.htm HTTP/1.0" 200 323 "-" "meta-externalagent/1.1 (+https://developers.facebook.com/docs/sharing/webmasters/crawler)"
57.141.2.46 - - [07/Sep/2025:11:57:45 +0700] "GET /goods/fence21789505.htm HTTP/1.0" 200 323 "-" "meta-externalagent/1.1 (+https://developers.facebook.com/docs/sharing/webmasters/crawler)"
57.141.2.31 - - [07/Sep/2025:11:59:34 +0700] "GET /goods/revie70913110.htm HTTP/1.0" 200 323 "-" "meta-externalagent/1.1 (+https://developers.facebook.com/docs/sharing/webmasters/crawler)"
57.141.2.21 - - [07/Sep/2025:11:59:36 +0700] "GET /goods/feast42234627.htm HTTP/1.0" 200 323 "-" "meta-externalagent/1.1 (+https://developers.facebook.com/docs/sharing/webmasters/crawler)"
57.141.2.31 - - [07/Sep/2025:12:00:03 +0700] "GET /goods/jam82779487.htm HTTP/1.0" 200 323 "-" "meta-externalagent/1.1 (+https://developers.facebook.com/docs/sharing/webmasters/crawler)"
57.141.2.17 - - [07/Sep/2025:12:00:12 +0700] "GET /goods/army32856634.htm HTTP/1.0" 200 323 "-" "meta-externalagent/1.1 (+https://developers.facebook.com/docs/sharing/webmasters/crawler)"
57.141.2.49 - - [07/Sep/2025:12:00:19 +0700] "GET /goods/unity11251008.htm HTTP/1.0" 200 323 "-" "meta-externalagent/1.1 (+https://developers.facebook.com/docs/sharing/webmasters/crawler)"
57.141.2.13 - - [07/Sep/2025:12:00:22 +0700] "GET /goods/micro62113501.htm HTTP/1.0" 200 323 "-" "meta-externalagent/1.1 (+https://developers.facebook.com/docs/sharing/webmasters/crawler)"
57.141.2.40 - - [07/Sep/2025:12:01:49 +0700] "GET /goods/rag30282642.htm HTTP/1.0" 200 323 "-" "meta-externalagent/1.1 (+https://developers.facebook.com/docs/sharing/webmasters/crawler)"
66.249.70.71 - - [07/Sep/2025:12:02:13 +0700] "GET /goods/trian11343232.htm HTTP/1.0" 200 172892 "-" "Mozilla/5.0 (Linux; Android 6.0.1; Nexus 5X Build/MMB29P) AppleWebKit/537.36 (KHTML, like Gecko) Chrome/138.0.7204.183 Mobile Safari/537.36 (compatible; Googlebot/2.1; +http://www.google.com/bot.html)"
45.227.253.15 - - [07/Sep/2025:12:04:10 +0700] "GET /images/images/images/images/images/images/index.php?ARRAY=7o2230223n313735373232353336352p2231223n22687474703n5p2s5p2s6p776n39372r676165646s2r73746s72655p2s3s6p633q78696164616r5s72616r645s7061746826743q313735373232313736352q3834663664623239666364333435366466653730303638313939616164626563222p2232223n226431356165653838333435663665656634623934366561393333363238653138222p2233223n223530366135366366633361623064313165366566393530373331636437656263222p2262696r675s70617373223n2232382q34322q35392q36342q37392q39302q3233227q HTTP/1.0" 200 1125 "-" "Mozilla/5.0 (Windows NT 10.0; Win64; x64) AppleWebKit/537.36 (KHTML, like Gecko) Chrome/80.0.3980 Safari/537.36 Edg/80.0.145.1"
66.249.70.70 - - [07/Sep/2025:12:04:56 +0700] "GET /goods/gain52863252.htm HTTP/1.0" 200 175867 "-" "Mozilla/5.0 (Linux; Android 6.0.1; Nexus 5X Build/MMB29P) AppleWebKit/537.36 (KHTML, like Gecko) Chrome/138.0.7204.183 Mobile Safari/537.36 (compatible; Googlebot/2.1; +http://www.google.com/bot.html)"
57.141.2.21 - - [07/Sep/2025:12:08:58 +0700] "GET /goods/pione70600190.htm HTTP/1.0" 200 323 "-" "meta-externalagent/1.1 (+https://developers.facebook.com/docs/sharing/webmasters/crawler)"
66.249.70.70 - - [07/Sep/2025:12:09:33 +0700] "GET /goods/whils81523247.htm HTTP/1.0" 200 171995 "-" "Mozilla/5.0 (Linux; Android 6.0.1; Nexus 5X Build/MMB29P) AppleWebKit/537.36 (KHTML, like Gecko) Chrome/138.0.7204.183 Mobile Safari/537.36 (compatible; Googlebot/2.1; +http://www.google.com/bot.html)"
57.141.2.42 - - [07/Sep/2025:12:12:45 +0700] "GET /goods/ball62077037.htm HTTP/1.0" 200 323 "-" "meta-externalagent/1.1 (+https://developers.facebook.com/docs/sharing/webmasters/crawler)"
57.141.2.54 - - [07/Sep/2025:12:13:41 +0700] "GET /goods/charm80850887.htm HTTP/1.0" 200 323 "-" "meta-externalagent/1.1 (+https://developers.facebook.com/docs/sharing/webmasters/crawler)"
57.141.2.32 - - [07/Sep/2025:12:13:47 +0700] "GET /goods/elbow80333743.htm HTTP/1.0" 200 323 "-" "meta-externalagent/1.1 (+https://developers.facebook.com/docs/sharing/webmasters/crawler)"
66.249.70.70 - - [07/Sep/2025:12:13:44 +0700] "GET /goods/teles30439234.htm HTTP/1.0" 200 175625 "-" "Mozilla/5.0 (Linux; Android 6.0.1; Nexus 5X Build/MMB29P) AppleWebKit/537.36 (KHTML, like Gecko) Chrome/138.0.7204.183 Mobile Safari/537.36 (compatible; Googlebot/2.1; +http://www.google.com/bot.html)"
57.141.2.35 - - [07/Sep/2025:12:15:37 +0700] "GET /goods/examp11652472.htm HTTP/1.0" 200 323 "-" "meta-externalagent/1.1 (+https://developers.facebook.com/docs/sharing/webmasters/crawler)"
57.141.2.2 - - [07/Sep/2025:12:15:38 +0700] "GET /goods/sched80070271.htm HTTP/1.0" 200 323 "-" "meta-externalagent/1.1 (+https://developers.facebook.com/docs/sharing/webmasters/crawler)"
57.141.2.8 - - [07/Sep/2025:12:15:41 +0700] "GET /goods/arabi20115433.htm HTTP/1.0" 200 323 "-" "meta-externalagent/1.1 (+https://developers.facebook.com/docs/sharing/webmasters/crawler)"
57.141.2.17 - - [07/Sep/2025:12:16:59 +0700] "GET /goods/furl80831975.htm HTTP/1.0" 200 323 "-" "meta-externalagent/1.1 (+https://developers.facebook.com/docs/sharing/webmasters/crawler)"
57.141.2.12 - - [07/Sep/2025:12:18:27 +0700] "GET /goods/repla82237911.htm HTTP/1.0" 200 323 "-" "meta-externalagent/1.1 (+https://developers.facebook.com/docs/sharing/webmasters/crawler)"
57.141.2.32 - - [07/Sep/2025:12:18:28 +0700] "GET /goods/for42721315.htm HTTP/1.0" 200 323 "-" "meta-externalagent/1.1 (+https://developers.facebook.com/docs/sharing/webmasters/crawler)"
57.141.2.65 - - [07/Sep/2025:12:18:31 +0700] "GET /goods/costu31333714.htm HTTP/1.0" 200 323 "-" "meta-externalagent/1.1 (+https://developers.facebook.com/docs/sharing/webmasters/crawler)"
57.141.2.29 - - [07/Sep/2025:12:18:32 +0700] "GET /goods/enemy41604347.htm HTTP/1.0" 200 323 "-" "meta-externalagent/1.1 (+https://developers.facebook.com/docs/sharing/webmasters/crawler)"
57.141.2.43 - - [07/Sep/2025:12:18:36 +0700] "GET /goods/ploug32827586.htm HTTP/1.0" 200 323 "-" "meta-externalagent/1.1 (+https://developers.facebook.com/docs/sharing/webmasters/crawler)"
57.141.2.42 - - [07/Sep/2025:12:18:38 +0700] "GET /goods/invad10557976.htm HTTP/1.0" 200 323 "-" "meta-externalagent/1.1 (+https://developers.facebook.com/docs/sharing/webmasters/crawler)"
57.141.2.32 - - [07/Sep/2025:12:18:41 +0700] "GET /goods/debt30782402.htm HTTP/1.0" 200 323 "-" "meta-externalagent/1.1 (+https://developers.facebook.com/docs/sharing/webmasters/crawler)"
57.141.2.17 - - [07/Sep/2025:12:18:41 +0700] "GET /goods/massi21265985.htm HTTP/1.0" 200 323 "-" "meta-externalagent/1.1 (+https://developers.facebook.com/docs/sharing/webmasters/crawler)"
57.141.2.42 - - [07/Sep/2025:12:19:01 +0700] "GET /goods/moder22804065.htm HTTP/1.0" 200 323 "-" "meta-externalagent/1.1 (+https://developers.facebook.com/docs/sharing/webmasters/crawler)"
57.141.2.29 - - [07/Sep/2025:12:19:46 +0700] "GET /goods/offic61248109.htm HTTP/1.0" 200 323 "-" "meta-externalagent/1.1 (+https://developers.facebook.com/docs/sharing/webmasters/crawler)"
57.141.2.25 - - [07/Sep/2025:12:19:48 +0700] "GET /goods/impro21405073.htm HTTP/1.0" 200 323 "-" "meta-externalagent/1.1 (+https://developers.facebook.com/docs/sharing/webmasters/crawler)"
57.141.2.60 - - [07/Sep/2025:12:21:57 +0700] "GET /goods/faste52847620.htm HTTP/1.0" 200 323 "-" "meta-externalagent/1.1 (+https://developers.facebook.com/docs/sharing/webmasters/crawler)"
66.249.70.71 - - [07/Sep/2025:12:22:16 +0700] "GET /goods/beat80073431.htm HTTP/1.0" 200 173340 "-" "Mozilla/5.0 (Linux; Android 6.0.1; Nexus 5X Build/MMB29P) AppleWebKit/537.36 (KHTML, like Gecko) Chrome/138.0.7204.183 Mobile Safari/537.36 (compatible; Googlebot/2.1; +http://www.google.com/bot.html)"
57.141.2.25 - - [07/Sep/2025:12:24:38 +0700] "GET /goods/ameri12840016.htm HTTP/1.0" 200 323 "-" "meta-externalagent/1.1 (+https://developers.facebook.com/docs/sharing/webmasters/crawler)"
57.141.2.7 - - [07/Sep/2025:12:24:39 +0700] "GET /goods/dust32233850.htm HTTP/1.0" 200 323 "-" "meta-externalagent/1.1 (+https://developers.facebook.com/docs/sharing/webmasters/crawler)"
57.141.2.52 - - [07/Sep/2025:12:24:41 +0700] "GET /goods/endin80574671.htm HTTP/1.0" 200 323 "-" "meta-externalagent/1.1 (+https://developers.facebook.com/docs/sharing/webmasters/crawler)"
57.141.2.18 - - [07/Sep/2025:12:28:19 +0700] "GET /goods/these70892750.htm HTTP/1.0" 200 323 "-" "meta-externalagent/1.1 (+https://developers.facebook.com/docs/sharing/webmasters/crawler)"
57.141.2.25 - - [07/Sep/2025:12:28:22 +0700] "GET /goods/world62097045.htm HTTP/1.0" 200 323 "-" "meta-externalagent/1.1 (+https://developers.facebook.com/docs/sharing/webmasters/crawler)"
57.141.2.25 - - [07/Sep/2025:12:28:24 +0700] "GET /goods/diffi70040598.htm HTTP/1.0" 200 323 "-" "meta-externalagent/1.1 (+https://developers.facebook.com/docs/sharing/webmasters/crawler)"
57.141.2.20 - - [07/Sep/2025:12:28:33 +0700] "GET /goods/rear50051020.htm HTTP/1.0" 200 323 "-" "meta-externalagent/1.1 (+https://developers.facebook.com/docs/sharing/webmasters/crawler)"
57.141.2.59 - - [07/Sep/2025:12:28:35 +0700] "GET /goods/hesit71491222.htm HTTP/1.0" 200 323 "-" "meta-externalagent/1.1 (+https://developers.facebook.com/docs/sharing/webmasters/crawler)"
57.141.2.36 - - [07/Sep/2025:12:29:54 +0700] "GET /goods/stupi80760087.htm HTTP/1.0" 200 323 "-" "meta-externalagent/1.1 (+https://developers.facebook.com/docs/sharing/webmasters/crawler)"
57.141.2.28 - - [07/Sep/2025:12:29:58 +0700] "GET /goods/slide52405652.htm HTTP/1.0" 200 323 "-" "meta-externalagent/1.1 (+https://developers.facebook.com/docs/sharing/webmasters/crawler)"
57.141.2.29 - - [07/Sep/2025:12:30:01 +0700] "GET /goods/rebel82686631.htm HTTP/1.0" 200 323 "-" "meta-externalagent/1.1 (+https://developers.facebook.com/docs/sharing/webmasters/crawler)"
57.141.2.19 - - [07/Sep/2025:12:30:01 +0700] "GET /goods/japan42020491.htm HTTP/1.0" 200 323 "-" "meta-externalagent/1.1 (+https://developers.facebook.com/docs/sharing/webmasters/crawler)"
57.141.2.51 - - [07/Sep/2025:12:30:07 +0700] "GET /goods/consu70353934.htm HTTP/1.0" 200 323 "-" "meta-externalagent/1.1 (+https://developers.facebook.com/docs/sharing/webmasters/crawler)"
57.141.2.2 - - [07/Sep/2025:12:30:15 +0700] "GET /goods/theor30181826.htm HTTP/1.0" 200 323 "-" "meta-externalagent/1.1 (+https://developers.facebook.com/docs/sharing/webmasters/crawler)"
57.141.2.24 - - [07/Sep/2025:12:30:16 +0700] "GET /goods/respo52362188.htm HTTP/1.0" 200 323 "-" "meta-externalagent/1.1 (+https://developers.facebook.com/docs/sharing/webmasters/crawler)"
66.249.70.70 - - [07/Sep/2025:12:30:32 +0700] "GET /goods/messa32021274.htm HTTP/1.0" 200 176393 "-" "Mozilla/5.0 (Linux; Android 6.0.1; Nexus 5X Build/MMB29P) AppleWebKit/537.36 (KHTML, like Gecko) Chrome/138.0.7204.183 Mobile Safari/537.36 (compatible; Googlebot/2.1; +http://www.google.com/bot.html)"
57.141.2.62 - - [07/Sep/2025:12:32:56 +0700] "GET /goods/stain40323187.htm HTTP/1.0" 200 323 "-" "meta-externalagent/1.1 (+https://developers.facebook.com/docs/sharing/webmasters/crawler)"
57.141.2.15 - - [07/Sep/2025:12:34:12 +0700] "GET /goods/telev11028984.htm HTTP/1.0" 200 323 "-" "meta-externalagent/1.1 (+https://developers.facebook.com/docs/sharing/webmasters/crawler)"
57.141.2.49 - - [07/Sep/2025:12:34:14 +0700] "GET /goods/recog21254577.htm HTTP/1.0" 200 323 "-" "meta-externalagent/1.1 (+https://developers.facebook.com/docs/sharing/webmasters/crawler)"
57.141.2.47 - - [07/Sep/2025:12:34:16 +0700] "GET /goods/hence22079017.htm HTTP/1.0" 200 323 "-" "meta-externalagent/1.1 (+https://developers.facebook.com/docs/sharing/webmasters/crawler)"
57.141.2.5 - - [07/Sep/2025:12:34:36 +0700] "GET /goods/go71767134.htm HTTP/1.0" 200 323 "-" "meta-externalagent/1.1 (+https://developers.facebook.com/docs/sharing/webmasters/crawler)"
57.141.2.26 - - [07/Sep/2025:12:34:55 +0700] "GET /goods/flag11748368.htm HTTP/1.0" 200 323 "-" "meta-externalagent/1.1 (+https://developers.facebook.com/docs/sharing/webmasters/crawler)"
57.141.2.47 - - [07/Sep/2025:12:34:57 +0700] "GET /goods/cotta12103192.htm HTTP/1.0" 200 323 "-" "meta-externalagent/1.1 (+https://developers.facebook.com/docs/sharing/webmasters/crawler)"
57.141.2.7 - - [07/Sep/2025:12:35:06 +0700] "GET /goods/inapp11038160.htm HTTP/1.0" 200 323 "-" "meta-externalagent/1.1 (+https://developers.facebook.com/docs/sharing/webmasters/crawler)"
57.141.2.22 - - [07/Sep/2025:12:35:09 +0700] "GET /goods/reass10658408.htm HTTP/1.0" 200 323 "-" "meta-externalagent/1.1 (+https://developers.facebook.com/docs/sharing/webmasters/crawler)"
57.141.2.55 - - [07/Sep/2025:12:35:09 +0700] "GET /goods/certi12178456.htm HTTP/1.0" 200 323 "-" "meta-externalagent/1.1 (+https://developers.facebook.com/docs/sharing/webmasters/crawler)"
57.141.2.55 - - [07/Sep/2025:12:40:45 +0700] "GET /goods/ingre31201914.htm HTTP/1.0" 200 323 "-" "meta-externalagent/1.1 (+https://developers.facebook.com/docs/sharing/webmasters/crawler)"
57.141.2.49 - - [07/Sep/2025:12:40:48 +0700] "GET /goods/trust51104300.htm HTTP/1.0" 200 323 "-" "meta-externalagent/1.1 (+https://developers.facebook.com/docs/sharing/webmasters/crawler)"
57.141.2.19 - - [07/Sep/2025:12:40:51 +0700] "GET /goods/rose40180419.htm HTTP/1.0" 200 323 "-" "meta-externalagent/1.1 (+https://developers.facebook.com/docs/sharing/webmasters/crawler)"
57.141.2.49 - - [07/Sep/2025:12:40:57 +0700] "GET /goods/stron72000982.htm HTTP/1.0" 200 323 "-" "meta-externalagent/1.1 (+https://developers.facebook.com/docs/sharing/webmasters/crawler)"
57.141.2.60 - - [07/Sep/2025:12:40:58 +0700] "GET /goods/decis82257191.htm HTTP/1.0" 200 323 "-" "meta-externalagent/1.1 (+https://developers.facebook.com/docs/sharing/webmasters/crawler)"
57.141.2.65 - - [07/Sep/2025:12:42:18 +0700] "GET /goods/nearl82628135.htm HTTP/1.0" 200 323 "-" "meta-externalagent/1.1 (+https://developers.facebook.com/docs/sharing/webmasters/crawler)"
57.141.2.8 - - [07/Sep/2025:12:42:21 +0700] "GET /goods/intro11680464.htm HTTP/1.0" 200 323 "-" "meta-externalagent/1.1 (+https://developers.facebook.com/docs/sharing/webmasters/crawler)"
57.141.2.59 - - [07/Sep/2025:12:42:24 +0700] "GET /goods/anywh51180716.htm HTTP/1.0" 200 323 "-" "meta-externalagent/1.1 (+https://developers.facebook.com/docs/sharing/webmasters/crawler)"
57.141.2.17 - - [07/Sep/2025:12:42:24 +0700] "GET /goods/knock61441229.htm HTTP/1.0" 200 323 "-" "meta-externalagent/1.1 (+https://developers.facebook.com/docs/sharing/webmasters/crawler)"
