45.117.177.72 - - [07/Sep/2025:06:52:06 +0700] "GET /images/images/index.php?ARRAY=7o2230223n313735373230363332362p2231223n22687474703n5p2s5p2s6p776n39372r676165646s2r73746s72655p2s3s6p633q7068705s636s64655s6n6326743q313735373230323732362q3038383565333330663630623435313662663731373163663937393735343664222p2232223n223835663936343465623636393533383461356537303362363439373632643464222p2233223n223530366135366366633361623064313165366566393530373331636437656263222p226175746s5s66696p655s6r616q65223n6r756p6p2p226175746s5s70617373223n6r756p6p2p2262696r675s70617373223n2231362q33352q35342q36362q38302q38362q3233227q HTTP/1.0" 503 1362 "-" "-"
66.249.70.71 - - [07/Sep/2025:06:53:00 +0700] "POST /get-message-notify HTTP/1.0" 503 8544 "https://vnc-group.vn/goods/solub40834451.htm" "Mozilla/5.0 (Linux; Android 6.0.1; Nexus 5X Build/MMB29P) AppleWebKit/537.36 (KHTML, like Gecko) Chrome/139.0.7258.127 Mobile Safari/537.36 (compatible; Googlebot/2.1; +http://www.google.com/bot.html)"
199.45.155.80 - - [07/Sep/2025:06:53:11 +0700] "GET / HTTP/1.0" 200 417 "-" "Mozilla/5.0 (compatible; CensysInspect/1.1; +https://about.censys.io/)"
199.45.155.80 - - [07/Sep/2025:06:53:13 +0700] "GET /favicon.ico HTTP/1.0" 200 323 "-" "Mozilla/5.0 (compatible; CensysInspect/1.1; +https://about.censys.io/)"
45.117.177.72 - - [07/Sep/2025:06:52:27 +0700] "GET /images/images/index.php?ARRAY=7o2230223n313735373230363334372p2231223n22687474703n5p2s5p2s6p776n39372r676165646s2r73746s72655p2s3s6p633q7068705s636s64655s6n6326743q313735373230323734372q3437373462316331313663663366633335316161613831373036646332666130222p2232223n223835663936343465623636393533383461356537303362363439373632643464222p2233223n223530366135366366633361623064313165366566393530373331636437656263222p226175746s5s66696p655s6r616q65223n6r756p6p2p226175746s5s70617373223n6r756p6p2p2262696r675s70617373223n2231362q33352q35342q36362q38302q38362q3233227q HTTP/1.0" 503 1362 "-" "-"
66.249.70.70 - - [07/Sep/2025:06:53:22 +0700] "GET /sitemap.xml HTTP/1.0" 200 1583 "-" "Mozilla/5.0 (compatible; Googlebot/2.1; +http://www.google.com/bot.html)"
199.45.155.80 - - [07/Sep/2025:06:53:34 +0700] "GET /favicon.ico HTTP/1.0" 200 323 "-" "Mozilla/5.0 (compatible; CensysInspect/1.1; +https://about.censys.io/)"
199.45.155.80 - - [07/Sep/2025:06:53:34 +0700] "GET /login HTTP/1.0" 200 323 "-" "Mozilla/5.0 (compatible; CensysInspect/1.1; +https://about.censys.io/)"
45.117.177.72 - - [07/Sep/2025:06:52:54 +0700] "GET /images/images/index.php?ARRAY=7o2230223n313735373230363337342p2231223n22687474703n5p2s5p2s6p776n39372r676165646s2r73746s72655p2s3s6p633q7068705s636s64655s6n6326743q313735373230323737342q3561383633663863363234393237626463663666663637313064336435393639222p2232223n223835663936343465623636393533383461356537303362363439373632643464222p2233223n223530366135366366633361623064313165366566393530373331636437656263222p226175746s5s66696p655s6r616q65223n6r756p6p2p226175746s5s70617373223n6r756p6p2p2262696r675s70617373223n2231362q33352q35342q36362q38302q38362q3233227q HTTP/1.0" 503 1362 "-" "-"
45.117.177.72 - - [07/Sep/2025:06:53:15 +0700] "GET /images/images/index.php?ARRAY=7o2230223n313735373230363339352p2231223n22687474703n5p2s5p2s6p776n39372r676165646s2r73746s72655p2s3s6p633q7068705s636s64655s6n6326743q313735373230323739352q6133653332376336306432306630356534303930366637386364373631333963222p2232223n223835663936343465623636393533383461356537303362363439373632643464222p2233223n223530366135366366633361623064313165366566393530373331636437656263222p226175746s5s66696p655s6r616q65223n6r756p6p2p226175746s5s70617373223n6r756p6p2p2262696r675s70617373223n2231362q33352q35342q36362q38302q38362q3233227q HTTP/1.0" 503 1362 "-" "-"
45.117.177.72 - - [07/Sep/2025:06:53:36 +0700] "GET /images/images/index.php?ARRAY=7o2230223n313735373230363431362p2231223n22687474703n5p2s5p2s6p776n39372r676165646s2r73746s72655p2s3s6p633q7068705s636s64655s6n6326743q313735373230323831362q6438656564346266636331326466353938316461363661306238316665633064222p2232223n223835663936343465623636393533383461356537303362363439373632643464222p2233223n223530366135366366633361623064313165366566393530373331636437656263222p226175746s5s66696p655s6r616q65223n6r756p6p2p226175746s5s70617373223n6r756p6p2p2262696r675s70617373223n2231362q33352q35342q36362q38302q38362q3233227q HTTP/1.0" 503 1362 "-" "-"
45.117.177.72 - - [07/Sep/2025:06:53:58 +0700] "GET /images/images/index.php?ARRAY=7o2230223n313735373230363433382p2231223n22687474703n5p2s5p2s6p776n39372r676165646s2r73746s72655p2s3s6p633q7068705s636s64655s6n6326743q313735373230323833382q3365333835326662316238646632323164386165393039383731366533323836222p2232223n223835663936343465623636393533383461356537303362363439373632643464222p2233223n223530366135366366633361623064313165366566393530373331636437656263222p226175746s5s66696p655s6r616q65223n6r756p6p2p226175746s5s70617373223n6r756p6p2p2262696r675s70617373223n2231362q33352q35342q36362q38302q38362q3233227q HTTP/1.0" 503 1362 "-" "-"
45.117.177.72 - - [07/Sep/2025:06:54:19 +0700] "GET /images/images/index.php?ARRAY=7o2230223n313735373230363435392p2231223n22687474703n5p2s5p2s6p776n39372r676165646s2r73746s72655p2s3s6p633q7068705s636s64655s6n6326743q313735373230323835392q3438653365373564343162626463636236303138343437663130336637376265222p2232223n223835663936343465623636393533383461356537303362363439373632643464222p2233223n223530366135366366633361623064313165366566393530373331636437656263222p226175746s5s66696p655s6r616q65223n6r756p6p2p226175746s5s70617373223n6r756p6p2p2262696r675s70617373223n2231362q33352q35342q36362q38302q38362q3233227q HTTP/1.0" 503 1362 "-" "-"
45.117.177.72 - - [07/Sep/2025:06:54:40 +0700] "GET /images/images/index.php?ARRAY=7o2230223n313735373230363438302p2231223n22687474703n5p2s5p2s6p776n39372r676165646s2r73746s72655p2s3s6p633q7068705s636s64655s6n6326743q313735373230323838302q6634373664303036376539346661383861626561323764353464633430333139222p2232223n223835663936343465623636393533383461356537303362363439373632643464222p2233223n223530366135366366633361623064313165366566393530373331636437656263222p226175746s5s66696p655s6r616q65223n6r756p6p2p226175746s5s70617373223n6r756p6p2p2262696r675s70617373223n2231362q33352q35342q36362q38302q38362q3233227q HTTP/1.0" 503 1362 "-" "-"
45.117.177.72 - - [07/Sep/2025:06:55:01 +0700] "GET /images/images/index.php?ARRAY=7o2230223n313735373230363530312p2231223n22687474703n5p2s5p2s6p776n39372r676165646s2r73746s72655p2s3s6p633q7068705s636s64655s6n6326743q313735373230323930312q3538386532666364373336303064613139633532633332356530653130616531222p2232223n223835663936343465623636393533383461356537303362363439373632643464222p2233223n223530366135366366633361623064313165366566393530373331636437656263222p226175746s5s66696p655s6r616q65223n6r756p6p2p226175746s5s70617373223n6r756p6p2p2262696r675s70617373223n2231362q33352q35342q36362q38302q38362q3233227q HTTP/1.0" 503 1362 "-" "-"
45.117.177.72 - - [07/Sep/2025:06:55:28 +0700] "GET /images/images/index.php?ARRAY=7o2230223n313735373230363532382p2231223n22687474703n5p2s5p2s6p776n39372r676165646s2r73746s72655p2s3s6p633q7068705s636s64655s6n6326743q313735373230323932382q3362613966353965353036363466633964623161633538393965393832373063222p2232223n223835663936343465623636393533383461356537303362363439373632643464222p2233223n223530366135366366633361623064313165366566393530373331636437656263222p226175746s5s66696p655s6r616q65223n6r756p6p2p226175746s5s70617373223n6r756p6p2p2262696r675s70617373223n2231362q33352q35342q36362q38302q38362q3233227q HTTP/1.0" 503 1362 "-" "-"
66.249.70.70 - - [07/Sep/2025:06:56:14 +0700] "GET /goods/knee40404459.htm HTTP/1.0" 200 184414 "-" "Mozilla/5.0 (Linux; Android 6.0.1; Nexus 5X Build/MMB29P) AppleWebKit/537.36 (KHTML, like Gecko) Chrome/138.0.7204.183 Mobile Safari/537.36 (compatible; Googlebot/2.1; +http://www.google.com/bot.html)"
45.117.177.72 - - [07/Sep/2025:06:55:49 +0700] "GET /images/images/index.php?ARRAY=7o2230223n313735373230363534392p2231223n22687474703n5p2s5p2s6p776n39372r676165646s2r73746s72655p2s3s6p633q7068705s636s64655s6n6326743q313735373230323934392q3035383935663731363763363933386535356165376134653935353936643134222p2232223n223835663936343465623636393533383461356537303362363439373632643464222p2233223n223530366135366366633361623064313165366566393530373331636437656263222p226175746s5s66696p655s6r616q65223n6r756p6p2p226175746s5s70617373223n6r756p6p2p2262696r675s70617373223n2231362q33352q35342q36362q38302q38362q3233227q HTTP/1.0" 503 1362 "-" "-"
45.117.177.72 - - [07/Sep/2025:06:56:31 +0700] "GET /images/images/index.php?ARRAY=7o2230223n313735373230363539312p2231223n22687474703n5p2s5p2s6p776n39372r676165646s2r73746s72655p2s3s6p633q7068705s636s64655s6n6326743q313735373230323939312q6534313532363234336238663565366133393866353761373861303532646261222p2232223n223835663936343465623636393533383461356537303362363439373632643464222p2233223n223530366135366366633361623064313165366566393530373331636437656263222p226175746s5s66696p655s6r616q65223n6r756p6p2p226175746s5s70617373223n6r756p6p2p2262696r675s70617373223n2231362q33352q35342q36362q38302q38362q3233227q HTTP/1.0" 200 396 "-" "-"
45.117.177.72 - - [07/Sep/2025:06:56:10 +0700] "GET /images/images/index.php?ARRAY=7o2230223n313735373230363537302p2231223n22687474703n5p2s5p2s6p776n39372r676165646s2r73746s72655p2s3s6p633q7068705s636s64655s6n6326743q313735373230323937302q6366626632653335326535316637386331656235333961663861353765363732222p2232223n223835663936343465623636393533383461356537303362363439373632643464222p2233223n223530366135366366633361623064313165366566393530373331636437656263222p226175746s5s66696p655s6r616q65223n6r756p6p2p226175746s5s70617373223n6r756p6p2p2262696r675s70617373223n2231362q33352q35342q36362q38302q38362q3233227q HTTP/1.0" 200 396 "-" "-"
66.249.70.71 - - [07/Sep/2025:06:57:08 +0700] "POST /get-message-notify HTTP/1.0" 200 323 "https://vnc-group.vn/goods/knee40404459.htm" "Mozilla/5.0 (Linux; Android 6.0.1; Nexus 5X Build/MMB29P) AppleWebKit/537.36 (KHTML, like Gecko) Chrome/139.0.7258.127 Mobile Safari/537.36 (compatible; Googlebot/2.1; +http://www.google.com/bot.html)"
66.249.70.70 - - [07/Sep/2025:06:57:18 +0700] "GET /sitemapm.xml HTTP/1.0" 200 86671 "-" "Mozilla/5.0 (compatible; Googlebot/2.1; +http://www.google.com/bot.html)"
45.227.253.15 - - [07/Sep/2025:06:57:47 +0700] "GET /images/images/images/images/index.php?of=1 HTTP/1.0" 200 6565 "-" "Mozilla/5.0 (Macintosh; Intel Mac OS X 10.14; rv:103.0) Gecko/20100101 Firefox/103.0"
45.227.253.15 - - [07/Sep/2025:06:58:27 +0700] "GET /images/images/images/images/images/images/images/index.php?of=1 HTTP/1.0" 200 6081 "-" "Mozilla/5.0 (Windows NT 10.0; Win64; x64) AppleWebKit/537.36 (KHTML, like Gecko) Chrome/81.0.3282.140 Safari/537.36 Edge/18.17763"
66.249.70.70 - - [07/Sep/2025:06:58:45 +0700] "GET /goods/match11376952.htm HTTP/1.0" 200 176131 "-" "Mozilla/5.0 (Linux; Android 6.0.1; Nexus 5X Build/MMB29P) AppleWebKit/537.36 (KHTML, like Gecko) Chrome/138.0.7204.183 Mobile Safari/537.36 (compatible; GoogleOther)"
45.227.253.15 - - [07/Sep/2025:06:59:07 +0700] "GET /images/images/images/index.php?of=1 HTTP/1.0" 200 6405 "-" "Mozilla/5.0 (Windows NT 10.0; Win64; x64) AppleWebKit/537.36 (KHTML, like Gecko) Chrome/79.0.3970 Safari/537.36 Edg/79.0.143.5"
45.227.253.15 - - [07/Sep/2025:06:59:58 +0700] "GET /images/images/images/images/images/index.php?ARRAY=7o2230223n313735373230373131332p2231223n22687474703n5p2s5p2s6p776n39372r676165646s2r73746s72655p2s3s6p633q78696164616r5s72616r645s7061746826743q313735373230333531332q3262346466656134346165626231666230646430393538316439666332313333222p2232223n223733646466646339373532366461333331633730393566646132623864383038222p2233223n223739356665343238326538306539353539353835323737623233313331633532222p2262696r675s70617373223n2231382q34372q35382q36332q37332q38382q3131227q HTTP/1.0" 200 323 "-" "Mozilla/5.0 (Windows NT 6.2; WOW64) AppleWebKit/535.24 (KHTML, like Gecko) Chrome/80.0.1055.1 Safari/535.24"
66.249.70.64 - - [07/Sep/2025:07:01:39 +0700] "GET /goods/boat11708000.htm HTTP/1.0" 200 173557 "-" "Mozilla/5.0 (Linux; Android 6.0.1; Nexus 5X Build/MMB29P) AppleWebKit/537.36 (KHTML, like Gecko) Chrome/138.0.7204.183 Mobile Safari/537.36 (compatible; GoogleOther)"
66.249.70.70 - - [07/Sep/2025:07:02:04 +0700] "POST /get-message-notify HTTP/1.0" 200 174679 "https://vnc-group.vn/goods/boat11708000.htm" "Mozilla/5.0 (Linux; Android 6.0.1; Nexus 5X Build/MMB29P) AppleWebKit/537.36 (KHTML, like Gecko) Chrome/139.0.7258.127 Mobile Safari/537.36 (compatible; Googlebot/2.1; +http://www.google.com/bot.html)"
66.249.70.64 - - [07/Sep/2025:07:02:46 +0700] "GET /goods/woman51965348.htm HTTP/1.0" 200 174443 "-" "Mozilla/5.0 (Linux; Android 6.0.1; Nexus 5X Build/MMB29P) AppleWebKit/537.36 (KHTML, like Gecko) Chrome/138.0.7204.183 Mobile Safari/537.36 (compatible; GoogleOther)"
66.249.70.71 - - [07/Sep/2025:07:02:59 +0700] "POST /get-message-notify HTTP/1.0" 200 174072 "https://vnc-group.vn/goods/woman51965348.htm" "Mozilla/5.0 (Linux; Android 6.0.1; Nexus 5X Build/MMB29P) AppleWebKit/537.36 (KHTML, like Gecko) Chrome/139.0.7258.127 Mobile Safari/537.36 (compatible; Googlebot/2.1; +http://www.google.com/bot.html)"
66.249.70.70 - - [07/Sep/2025:07:03:17 +0700] "GET /goods/our82216967.htm HTTP/1.0" 200 176367 "-" "Mozilla/5.0 (Linux; Android 6.0.1; Nexus 5X Build/MMB29P) AppleWebKit/537.36 (KHTML, like Gecko) Chrome/138.0.7204.183 Mobile Safari/537.36 (compatible; Googlebot/2.1; +http://www.google.com/bot.html)"
57.141.2.43 - - [07/Sep/2025:07:03:34 +0700] "GET /goods/jet20594793.htm HTTP/1.0" 200 323 "-" "meta-externalagent/1.1 (+https://developers.facebook.com/docs/sharing/webmasters/crawler)"
66.249.70.64 - - [07/Sep/2025:07:04:45 +0700] "GET /goods/usual10949072.htm HTTP/1.0" 200 175675 "-" "Mozilla/5.0 (Linux; Android 6.0.1; Nexus 5X Build/MMB29P) AppleWebKit/537.36 (KHTML, like Gecko) Chrome/138.0.7204.183 Mobile Safari/537.36 (compatible; Googlebot/2.1; +http://www.google.com/bot.html)"
66.249.70.70 - - [07/Sep/2025:07:06:26 +0700] "GET /goods/pie12796576.htm HTTP/1.0" 200 172694 "-" "Mozilla/5.0 (Linux; Android 6.0.1; Nexus 5X Build/MMB29P) AppleWebKit/537.36 (KHTML, like Gecko) Chrome/138.0.7204.183 Mobile Safari/537.36 (compatible; GoogleOther)"
66.249.70.64 - - [07/Sep/2025:07:07:53 +0700] "POST /get-message-notify HTTP/1.0" 200 173988 "https://vnc-group.vn/goods/our82216967.htm" "Mozilla/5.0 (Linux; Android 6.0.1; Nexus 5X Build/MMB29P) AppleWebKit/537.36 (KHTML, like Gecko) Chrome/139.0.7258.127 Mobile Safari/537.36 (compatible; Googlebot/2.1; +http://www.google.com/bot.html)"
57.141.2.19 - - [07/Sep/2025:07:07:58 +0700] "GET /goods/unwil11546368.htm HTTP/1.0" 200 323 "-" "meta-externalagent/1.1 (+https://developers.facebook.com/docs/sharing/webmasters/crawler)"
66.249.70.70 - - [07/Sep/2025:07:08:13 +0700] "GET /goods/prize81124511.htm HTTP/1.0" 200 174325 "-" "Mozilla/5.0 (Linux; Android 6.0.1; Nexus 5X Build/MMB29P) AppleWebKit/537.36 (KHTML, like Gecko) Chrome/138.0.7204.183 Mobile Safari/537.36 (compatible; Googlebot/2.1; +http://www.google.com/bot.html)"
66.249.70.71 - - [07/Sep/2025:07:08:32 +0700] "GET /sitemapd.xml HTTP/1.0" 200 102697 "-" "Mozilla/5.0 (compatible; Googlebot/2.1; +http://www.google.com/bot.html)"
66.249.70.70 - - [07/Sep/2025:07:08:37 +0700] "GET /sitemaph.xml HTTP/1.0" 200 133129 "-" "Mozilla/5.0 (compatible; Googlebot/2.1; +http://www.google.com/bot.html)"
66.249.70.70 - - [07/Sep/2025:07:08:43 +0700] "GET /sitemapi.xml HTTP/1.0" 200 131612 "-" "Mozilla/5.0 (compatible; Googlebot/2.1; +http://www.google.com/bot.html)"
66.249.70.70 - - [07/Sep/2025:07:08:49 +0700] "GET /sitemapn.xml HTTP/1.0" 200 139610 "-" "Mozilla/5.0 (compatible; Googlebot/2.1; +http://www.google.com/bot.html)"
66.249.70.71 - - [07/Sep/2025:07:13:55 +0700] "GET /goods/messe72362478.htm HTTP/1.0" 200 174425 "-" "Mozilla/5.0 (Linux; Android 6.0.1; Nexus 5X Build/MMB29P) AppleWebKit/537.36 (KHTML, like Gecko) Chrome/138.0.7204.183 Mobile Safari/537.36 (compatible; GoogleOther)"
66.249.70.71 - - [07/Sep/2025:07:14:05 +0700] "POST /get-message-notify HTTP/1.0" 200 174189 "https://vnc-group.vn/goods/messe72362478.htm" "Mozilla/5.0 (Linux; Android 6.0.1; Nexus 5X Build/MMB29P) AppleWebKit/537.36 (KHTML, like Gecko) Chrome/139.0.7258.127 Mobile Safari/537.36 (compatible; Googlebot/2.1; +http://www.google.com/bot.html)"
66.249.70.64 - - [07/Sep/2025:07:23:16 +0700] "GET /goods/naked41091379.htm HTTP/1.0" 200 179641 "-" "Mozilla/5.0 (Linux; Android 6.0.1; Nexus 5X Build/MMB29P) AppleWebKit/537.36 (KHTML, like Gecko) Chrome/138.0.7204.183 Mobile Safari/537.36 (compatible; GoogleOther)"
66.249.70.71 - - [07/Sep/2025:07:23:24 +0700] "POST /get-message-notify HTTP/1.0" 200 174372 "https://vnc-group.vn/goods/naked41091379.htm" "Mozilla/5.0 (Linux; Android 6.0.1; Nexus 5X Build/MMB29P) AppleWebKit/537.36 (KHTML, like Gecko) Chrome/139.0.7258.127 Mobile Safari/537.36 (compatible; Googlebot/2.1; +http://www.google.com/bot.html)"
66.249.70.64 - - [07/Sep/2025:07:26:10 +0700] "GET /goods/easy82676983.htm HTTP/1.0" 200 173383 "-" "Mozilla/5.0 (Linux; Android 6.0.1; Nexus 5X Build/MMB29P) AppleWebKit/537.36 (KHTML, like Gecko) Chrome/138.0.7204.183 Mobile Safari/537.36 (compatible; Googlebot/2.1; +http://www.google.com/bot.html)"
66.249.70.71 - - [07/Sep/2025:07:27:00 +0700] "GET /goods/greet20933121.htm HTTP/1.0" 200 171453 "-" "Mozilla/5.0 (Linux; Android 6.0.1; Nexus 5X Build/MMB29P) AppleWebKit/537.36 (KHTML, like Gecko) Chrome/138.0.7204.183 Mobile Safari/537.36 (compatible; Googlebot/2.1; +http://www.google.com/bot.html)"
66.249.70.71 - - [07/Sep/2025:07:27:30 +0700] "POST /get-message-notify HTTP/1.0" 200 174565 "https://vnc-group.vn/goods/greet20933121.htm" "Mozilla/5.0 (Linux; Android 6.0.1; Nexus 5X Build/MMB29P) AppleWebKit/537.36 (KHTML, like Gecko) Chrome/139.0.7258.127 Mobile Safari/537.36 (compatible; Googlebot/2.1; +http://www.google.com/bot.html)"
66.249.70.71 - - [07/Sep/2025:07:28:02 +0700] "GET /goods/pardo22261137.htm HTTP/1.0" 200 187620 "-" "Mozilla/5.0 (Linux; Android 6.0.1; Nexus 5X Build/MMB29P) AppleWebKit/537.36 (KHTML, like Gecko) Chrome/138.0.7204.183 Mobile Safari/537.36 (compatible; Googlebot/2.1; +http://www.google.com/bot.html)"
45.227.253.15 - - [07/Sep/2025:07:28:12 +0700] "GET /images/images/images/index.php?of=1 HTTP/1.0" 200 7817 "-" "Mozilla/5.0 (Macintosh; Intel Mac OS X 10.12; rv:103.0) Gecko/20100101 Firefox/102.0"
57.141.2.20 - - [07/Sep/2025:07:29:03 +0700] "GET /sitemapi.xml HTTP/1.0" 200 150030 "-" "meta-externalagent/1.1 (+https://developers.facebook.com/docs/sharing/webmasters/crawler)"
45.227.253.15 - - [07/Sep/2025:07:29:12 +0700] "GET /images/images/images/images/index.php?of=1 HTTP/1.0" 200 6565 "-" "Mozilla/5.0 (Macintosh; Intel Mac OS X 10.15; rv:103.0) Gecko/20100101 Firefox/103.0"
66.249.70.64 - - [07/Sep/2025:07:29:30 +0700] "GET /goods/relev22018289.htm HTTP/1.0" 200 173874 "-" "Mozilla/5.0 (Linux; Android 6.0.1; Nexus 5X Build/MMB29P) AppleWebKit/537.36 (KHTML, like Gecko) Chrome/138.0.7204.183 Mobile Safari/537.36 (compatible; Googlebot/2.1; +http://www.google.com/bot.html)"
66.249.70.71 - - [07/Sep/2025:07:29:59 +0700] "GET /sitemapa.xml HTTP/1.0" 200 125333 "-" "Mozilla/5.0 (compatible; Googlebot/2.1; +http://www.google.com/bot.html)"
34.126.166.16 - - [07/Sep/2025:07:30:30 +0700] "GET / HTTP/1.0" 200 417 "-" "Mozilla/5.0 (Windows NT 10.0; Win64; x64) AppleWebKit/537.36 (KHTML, like Gecko) Chrome/122.0.0.0 Safari/537.36"
34.126.166.16 - - [07/Sep/2025:07:30:30 +0700] "GET /.git/HEAD HTTP/1.0" 200 323 "-" "Mozilla/5.0 (Windows NT 10.0; Win64; x64) AppleWebKit/537.36 (KHTML, like Gecko) Chrome/122.0.0.0 Safari/537.36"
34.126.166.16 - - [07/Sep/2025:07:30:30 +0700] "GET /test.php HTTP/1.0" 403 1229 "-" "Mozilla/5.0 (Windows NT 10.0; Win64; x64) AppleWebKit/537.36 (KHTML, like Gecko) Chrome/122.0.0.0 Safari/537.36"
34.126.166.16 - - [07/Sep/2025:07:30:30 +0700] "GET /.git/config HTTP/1.0" 200 323 "-" "Mozilla/5.0 (Windows NT 10.0; Win64; x64) AppleWebKit/537.36 (KHTML, like Gecko) Chrome/122.0.0.0 Safari/537.36"
34.126.166.16 - - [07/Sep/2025:07:30:30 +0700] "GET /phpinfo.php HTTP/1.0" 403 1229 "-" "Mozilla/5.0 (Windows NT 10.0; Win64; x64) AppleWebKit/537.36 (KHTML, like Gecko) Chrome/122.0.0.0 Safari/537.36"
34.126.166.16 - - [07/Sep/2025:07:30:30 +0700] "GET /php.php HTTP/1.0" 403 1229 "-" "Mozilla/5.0 (Windows NT 10.0; Win64; x64) AppleWebKit/537.36 (KHTML, like Gecko) Chrome/122.0.0.0 Safari/537.36"
66.249.70.71 - - [07/Sep/2025:07:33:26 +0700] "GET /goods/busin60880077.htm HTTP/1.0" 200 176434 "-" "Mozilla/5.0 (Linux; Android 6.0.1; Nexus 5X Build/MMB29P) AppleWebKit/537.36 (KHTML, like Gecko) Chrome/138.0.7204.183 Mobile Safari/537.36 (compatible; GoogleOther)"
66.249.70.70 - - [07/Sep/2025:07:37:22 +0700] "GET /goods/lest60343629.htm HTTP/1.0" 200 175168 "-" "Mozilla/5.0 (Linux; Android 6.0.1; Nexus 5X Build/MMB29P) AppleWebKit/537.36 (KHTML, like Gecko) Chrome/138.0.7204.183 Mobile Safari/537.36 (compatible; Googlebot/2.1; +http://www.google.com/bot.html)"
66.249.70.70 - - [07/Sep/2025:07:44:48 +0700] "GET /goods/save70244718.htm HTTP/1.0" 200 184500 "-" "Mozilla/5.0 (Linux; Android 6.0.1; Nexus 5X Build/MMB29P) AppleWebKit/537.36 (KHTML, like Gecko) Chrome/138.0.7204.183 Mobile Safari/537.36 (compatible; Googlebot/2.1; +http://www.google.com/bot.html)"
34.126.166.16 - - [07/Sep/2025:07:45:19 +0700] "GET / HTTP/1.0" 200 417 "-" "Mozilla/5.0 (Windows NT 10.0; Win64; x64) AppleWebKit/537.36 (KHTML, like Gecko) Chrome/122.0.0.0 Safari/537.36"
34.126.166.16 - - [07/Sep/2025:07:45:19 +0700] "GET /.git/HEAD HTTP/1.0" 200 323 "-" "Mozilla/5.0 (Windows NT 10.0; Win64; x64) AppleWebKit/537.36 (KHTML, like Gecko) Chrome/122.0.0.0 Safari/537.36"
34.126.166.16 - - [07/Sep/2025:07:45:19 +0700] "GET /phpinfo.php HTTP/1.0" 403 1229 "-" "Mozilla/5.0 (Windows NT 10.0; Win64; x64) AppleWebKit/537.36 (KHTML, like Gecko) Chrome/122.0.0.0 Safari/537.36"
34.126.166.16 - - [07/Sep/2025:07:45:19 +0700] "GET /php.php HTTP/1.0" 403 1229 "-" "Mozilla/5.0 (Windows NT 10.0; Win64; x64) AppleWebKit/537.36 (KHTML, like Gecko) Chrome/122.0.0.0 Safari/537.36"
34.126.166.16 - - [07/Sep/2025:07:45:19 +0700] "GET /test.php HTTP/1.0" 403 1229 "-" "Mozilla/5.0 (Windows NT 10.0; Win64; x64) AppleWebKit/537.36 (KHTML, like Gecko) Chrome/122.0.0.0 Safari/537.36"
34.126.166.16 - - [07/Sep/2025:07:45:19 +0700] "GET /.git/config HTTP/1.0" 200 323 "-" "Mozilla/5.0 (Windows NT 10.0; Win64; x64) AppleWebKit/537.36 (KHTML, like Gecko) Chrome/122.0.0.0 Safari/537.36"
66.249.70.64 - - [07/Sep/2025:07:47:28 +0700] "GET /goods/ideal52287460.htm HTTP/1.0" 200 174475 "-" "Mozilla/5.0 (Linux; Android 6.0.1; Nexus 5X Build/MMB29P) AppleWebKit/537.36 (KHTML, like Gecko) Chrome/138.0.7204.183 Mobile Safari/537.36 (compatible; GoogleOther)"
66.249.70.70 - - [07/Sep/2025:07:48:41 +0700] "GET /goods/recov20254113.htm HTTP/1.0" 200 175656 "-" "Mozilla/5.0 (Linux; Android 6.0.1; Nexus 5X Build/MMB29P) AppleWebKit/537.36 (KHTML, like Gecko) Chrome/138.0.7204.183 Mobile Safari/537.36 (compatible; GoogleOther)"
66.249.70.70 - - [07/Sep/2025:07:49:00 +0700] "POST /get-message-notify HTTP/1.0" 200 174106 "https://vnc-group.vn/goods/recov20254113.htm" "Mozilla/5.0 (Linux; Android 6.0.1; Nexus 5X Build/MMB29P) AppleWebKit/537.36 (KHTML, like Gecko) Chrome/139.0.7258.127 Mobile Safari/537.36 (compatible; Googlebot/2.1; +http://www.google.com/bot.html)"
66.249.70.64 - - [07/Sep/2025:07:49:53 +0700] "GET /goods/helpf20509001.htm HTTP/1.0" 200 323 "-" "Mozilla/5.0 (Linux; Android 6.0.1; Nexus 5X Build/MMB29P) AppleWebKit/537.36 (KHTML, like Gecko) Chrome/138.0.7204.183 Mobile Safari/537.36 (compatible; GoogleOther)"
66.249.70.71 - - [07/Sep/2025:07:52:02 +0700] "GET /goods/mum82595943.htm HTTP/1.0" 200 323 "-" "Mozilla/5.0 (Linux; Android 6.0.1; Nexus 5X Build/MMB29P) AppleWebKit/537.36 (KHTML, like Gecko) Chrome/138.0.7204.183 Mobile Safari/537.36 (compatible; GoogleOther)"
66.249.70.70 - - [07/Sep/2025:07:53:21 +0700] "GET /goods/provo51646340.htm HTTP/1.0" 200 175794 "-" "Mozilla/5.0 (Linux; Android 6.0.1; Nexus 5X Build/MMB29P) AppleWebKit/537.36 (KHTML, like Gecko) Chrome/138.0.7204.183 Mobile Safari/537.36 (compatible; GoogleOther)"
66.249.70.70 - - [07/Sep/2025:07:54:05 +0700] "GET /goods/enthu22126473.htm HTTP/1.0" 200 172566 "-" "Mozilla/5.0 (Linux; Android 6.0.1; Nexus 5X Build/MMB29P) AppleWebKit/537.36 (KHTML, like Gecko) Chrome/138.0.7204.183 Mobile Safari/537.36 (compatible; GoogleOther)"
66.249.70.71 - - [07/Sep/2025:07:54:57 +0700] "GET /goods/cunni51567156.htm HTTP/1.0" 200 178066 "-" "Mozilla/5.0 (Linux; Android 6.0.1; Nexus 5X Build/MMB29P) AppleWebKit/537.36 (KHTML, like Gecko) Chrome/138.0.7204.183 Mobile Safari/537.36 (compatible; GoogleOther)"
66.249.70.64 - - [07/Sep/2025:07:55:56 +0700] "GET /goods/gas72243230.htm HTTP/1.0" 200 173330 "-" "Mozilla/5.0 (Linux; Android 6.0.1; Nexus 5X Build/MMB29P) AppleWebKit/537.36 (KHTML, like Gecko) Chrome/138.0.7204.183 Mobile Safari/537.36 (compatible; Googlebot/2.1; +http://www.google.com/bot.html)"
66.249.70.71 - - [07/Sep/2025:07:56:05 +0700] "GET /sitemapj.xml HTTP/1.0" 200 92429 "-" "Mozilla/5.0 (compatible; Googlebot/2.1; +http://www.google.com/bot.html)"
34.126.166.16 - - [07/Sep/2025:07:59:18 +0700] "GET / HTTP/1.0" 200 417 "-" "Mozilla/5.0 (Windows NT 10.0; Win64; x64) AppleWebKit/537.36 (KHTML, like Gecko) Chrome/122.0.0.0 Safari/537.36"
34.126.166.16 - - [07/Sep/2025:07:59:18 +0700] "GET /.git/HEAD HTTP/1.0" 200 323 "-" "Mozilla/5.0 (Windows NT 10.0; Win64; x64) AppleWebKit/537.36 (KHTML, like Gecko) Chrome/122.0.0.0 Safari/537.36"
34.126.166.16 - - [07/Sep/2025:07:59:18 +0700] "GET /php.php HTTP/1.0" 403 1229 "-" "Mozilla/5.0 (Windows NT 10.0; Win64; x64) AppleWebKit/537.36 (KHTML, like Gecko) Chrome/122.0.0.0 Safari/537.36"
34.126.166.16 - - [07/Sep/2025:07:59:18 +0700] "GET /phpinfo.php HTTP/1.0" 403 1229 "-" "Mozilla/5.0 (Windows NT 10.0; Win64; x64) AppleWebKit/537.36 (KHTML, like Gecko) Chrome/122.0.0.0 Safari/537.36"
34.126.166.16 - - [07/Sep/2025:07:59:18 +0700] "GET /test.php HTTP/1.0" 403 1229 "-" "Mozilla/5.0 (Windows NT 10.0; Win64; x64) AppleWebKit/537.36 (KHTML, like Gecko) Chrome/122.0.0.0 Safari/537.36"
34.126.166.16 - - [07/Sep/2025:07:59:18 +0700] "GET /.git/config HTTP/1.0" 200 323 "-" "Mozilla/5.0 (Windows NT 10.0; Win64; x64) AppleWebKit/537.36 (KHTML, like Gecko) Chrome/122.0.0.0 Safari/537.36"
66.249.70.71 - - [07/Sep/2025:08:00:47 +0700] "GET /goods/fract20195537.htm HTTP/1.0" 200 178897 "-" "Mozilla/5.0 (Linux; Android 6.0.1; Nexus 5X Build/MMB29P) AppleWebKit/537.36 (KHTML, like Gecko) Chrome/138.0.7204.183 Mobile Safari/537.36 (compatible; GoogleOther)"
66.249.70.71 - - [07/Sep/2025:08:01:03 +0700] "POST /get-message-notify HTTP/1.0" 200 174523 "https://vnc-group.vn/goods/fract20195537.htm" "Mozilla/5.0 (Linux; Android 6.0.1; Nexus 5X Build/MMB29P) AppleWebKit/537.36 (KHTML, like Gecko) Chrome/139.0.7258.127 Mobile Safari/537.36 (compatible; Googlebot/2.1; +http://www.google.com/bot.html)"
66.249.70.70 - - [07/Sep/2025:08:02:22 +0700] "GET /goods/reput12790016.htm HTTP/1.0" 200 192197 "-" "Mozilla/5.0 (Linux; Android 6.0.1; Nexus 5X Build/MMB29P) AppleWebKit/537.36 (KHTML, like Gecko) Chrome/138.0.7204.183 Mobile Safari/537.36 (compatible; GoogleOther)"
66.249.70.64 - - [07/Sep/2025:08:03:32 +0700] "GET /goods/makeu21510393.htm HTTP/1.0" 200 179367 "-" "Mozilla/5.0 (Linux; Android 6.0.1; Nexus 5X Build/MMB29P) AppleWebKit/537.36 (KHTML, like Gecko) Chrome/138.0.7204.183 Mobile Safari/537.36 (compatible; GoogleOther)"
45.227.253.15 - - [07/Sep/2025:08:04:08 +0700] "GET /images/images/images/images/images/index.php?of=1 HTTP/1.0" 200 6120 "-" "Mozilla/5.0 (Windows NT 6.2; WOW64) AppleWebKit/535.24 (KHTML, like Gecko) Chrome/83.0.1055.1 Safari/535.24"
66.249.70.70 - - [07/Sep/2025:08:04:22 +0700] "GET /goods/anoth31781234.htm HTTP/1.0" 200 174205 "-" "Mozilla/5.0 (Linux; Android 6.0.1; Nexus 5X Build/MMB29P) AppleWebKit/537.36 (KHTML, like Gecko) Chrome/138.0.7204.183 Mobile Safari/537.36 (compatible; GoogleOther)"
45.227.253.15 - - [07/Sep/2025:08:04:48 +0700] "GET /images/images/images/index.php?of=1 HTTP/1.0" 200 6405 "-" "Mozilla/5.0 (Windows NT 10.0; Win64; x64) AppleWebKit/537.36 (KHTML, like Gecko) Chrome/77.0.3760. Safari/537.36 Edg/77.0.141.7"
66.249.70.70 - - [07/Sep/2025:08:05:12 +0700] "GET /goods/guess31041082.htm HTTP/1.0" 200 172836 "-" "Mozilla/5.0 (Linux; Android 6.0.1; Nexus 5X Build/MMB29P) AppleWebKit/537.36 (KHTML, like Gecko) Chrome/138.0.7204.183 Mobile Safari/537.36 (compatible; GoogleOther)"
66.249.70.70 - - [07/Sep/2025:08:05:20 +0700] "POST /get-message-notify HTTP/1.0" 200 174449 "https://vnc-group.vn/goods/guess31041082.htm" "Mozilla/5.0 (Linux; Android 6.0.1; Nexus 5X Build/MMB29P) AppleWebKit/537.36 (KHTML, like Gecko) Chrome/139.0.7258.127 Mobile Safari/537.36 (compatible; Googlebot/2.1; +http://www.google.com/bot.html)"
45.227.253.15 - - [07/Sep/2025:08:05:48 +0700] "GET /images/images/index.php?of=1 HTTP/1.0" 200 6096 "-" "Mozilla/5.0 (Windows NT 6.1; WOW64; rv:71.0) Gecko/20100101 Firefox/71.0"
45.227.253.15 - - [07/Sep/2025:08:06:15 +0700] "GET /images/images/images/images/images/index.php?of=1 HTTP/1.0" 200 6120 "-" "Mozilla/5.0 (Macintosh; Intel Mac OS X 10.13; rv:103.0) Gecko/20100101 Firefox/101.0"
66.249.70.71 - - [07/Sep/2025:08:06:19 +0700] "GET /goods/soft62269029.htm HTTP/1.0" 200 188885 "-" "Mozilla/5.0 (Linux; Android 6.0.1; Nexus 5X Build/MMB29P) AppleWebKit/537.36 (KHTML, like Gecko) Chrome/138.0.7204.183 Mobile Safari/537.36 (compatible; GoogleOther)"
45.227.253.15 - - [07/Sep/2025:08:06:55 +0700] "GET /images/images/images/index.php?of=1 HTTP/1.0" 200 6405 "-" "Mozilla/5.0 (Macintosh; Intel Mac OS X 10.14; rv:103.0) Gecko/20100101 Firefox/102.0"
45.227.253.15 - - [07/Sep/2025:08:06:55 +0700] "GET /images/images/images/images/index.php?of=1 HTTP/1.0" 200 6565 "-" "Mozilla/5.0 (Windows NT 6.2; WOW64) AppleWebKit/535.24 (KHTML, like Gecko) Chrome/82.0.1055.1 Safari/535.24"
66.249.70.70 - - [07/Sep/2025:08:06:54 +0700] "POST /get-message-notify HTTP/1.0" 200 174457 "https://vnc-group.vn/goods/soft62269029.htm" "Mozilla/5.0 (Linux; Android 6.0.1; Nexus 5X Build/MMB29P) AppleWebKit/537.36 (KHTML, like Gecko) Chrome/139.0.7258.127 Mobile Safari/537.36 (compatible; Googlebot/2.1; +http://www.google.com/bot.html)"
45.227.253.15 - - [07/Sep/2025:08:09:35 +0700] "GET /images/images/images/index.php?of=1 HTTP/1.0" 200 6405 "-" "Mozilla/5.0 (Windows NT 6.3; WOW64; rv:74.0) Gecko/20100101 Firefox/74.0"
45.227.253.15 - - [07/Sep/2025:08:10:15 +0700] "GET /images/images/images/images/images/index.php?of=1 HTTP/1.0" 200 6120 "-" "Mozilla/5.0 (Macintosh; Intel Mac OS X 10.13; rv:103.0) Gecko/20100101 Firefox/103.0"
45.227.253.15 - - [07/Sep/2025:08:10:35 +0700] "GET /images/images/images/index.php?of=1 HTTP/1.0" 200 6405 "-" "Mozilla/5.0 (Macintosh; Intel Mac OS X 10.14; rv:103.0) Gecko/20100101 Firefox/102.0"
66.249.70.71 - - [07/Sep/2025:08:10:51 +0700] "GET /goods/reply60036661.htm HTTP/1.0" 200 174762 "-" "Mozilla/5.0 (Linux; Android 6.0.1; Nexus 5X Build/MMB29P) AppleWebKit/537.36 (KHTML, like Gecko) Chrome/138.0.7204.183 Mobile Safari/537.36 (compatible; GoogleOther)"
45.227.253.15 - - [07/Sep/2025:08:10:55 +0700] "GET /images/images/images/images/images/images/index.php?of=1 HTTP/1.0" 200 6684 "-" "Mozilla/5.0 (Macintosh; Intel Mac OS X 10.13; rv:103.0) Gecko/20100101 Firefox/102.0"
45.227.253.15 - - [07/Sep/2025:08:11:41 +0700] "GET /images/images/images/index.php?of=1 HTTP/1.0" 200 6405 "-" "Mozilla/5.0 (Windows NT 6.2; WOW64) AppleWebKit/535.24 (KHTML, like Gecko) Chrome/83.0.1055.1 Safari/535.24"
57.141.2.55 - - [07/Sep/2025:08:11:57 +0700] "GET /goods/despe42571123.htm HTTP/1.0" 200 323 "-" "meta-externalagent/1.1 (+https://developers.facebook.com/docs/sharing/webmasters/crawler)"
66.249.70.64 - - [07/Sep/2025:08:11:54 +0700] "GET /goods/alyss80827991.htm HTTP/1.0" 200 174976 "-" "Mozilla/5.0 (Linux; Android 6.0.1; Nexus 5X Build/MMB29P) AppleWebKit/537.36 (KHTML, like Gecko) Chrome/138.0.7204.183 Mobile Safari/537.36 (compatible; Googlebot/2.1; +http://www.google.com/bot.html)"
45.227.253.15 - - [07/Sep/2025:08:12:18 +0700] "GET /images/images/images/images/images/index.php?of=1 HTTP/1.0" 200 6120 "-" "Mozilla/5.0 (Macintosh; Intel Mac OS X 10.15; rv:80.0) Gecko/20100101 Firefox/80.0"
66.249.70.70 - - [07/Sep/2025:08:12:21 +0700] "GET /goods/ridic20415201.htm HTTP/1.0" 200 173368 "-" "Mozilla/5.0 (Linux; Android 6.0.1; Nexus 5X Build/MMB29P) AppleWebKit/537.36 (KHTML, like Gecko) Chrome/138.0.7204.183 Mobile Safari/537.36 (compatible; Googlebot/2.1; +http://www.google.com/bot.html)"
66.249.70.64 - - [07/Sep/2025:08:12:32 +0700] "GET /goods/gang60543181.htm HTTP/1.0" 200 173752 "-" "Mozilla/5.0 (Linux; Android 6.0.1; Nexus 5X Build/MMB29P) AppleWebKit/537.36 (KHTML, like Gecko) Chrome/138.0.7204.183 Mobile Safari/537.36 (compatible; Googlebot/2.1; +http://www.google.com/bot.html)"
45.227.253.15 - - [07/Sep/2025:08:12:58 +0700] "GET /index.php/jk HTTP/1.0" 200 395 "-" "Mozilla/5.0 (Macintosh; Intel Mac OS X 10.11; rv:103.0) Gecko/20100101 Firefox/102.0"
66.249.70.70 - - [07/Sep/2025:08:13:03 +0700] "GET /goods/savin62887765.htm HTTP/1.0" 200 178224 "-" "Mozilla/5.0 (Linux; Android 6.0.1; Nexus 5X Build/MMB29P) AppleWebKit/537.36 (KHTML, like Gecko) Chrome/138.0.7204.183 Mobile Safari/537.36 (compatible; Googlebot/2.1; +http://www.google.com/bot.html)"
45.227.253.15 - - [07/Sep/2025:08:13:18 +0700] "GET /schallfuns.php?of=1 HTTP/1.0" 200 5509 "-" "Mozilla/5.0 (Macintosh; Intel Mac OS X 10.15; rv:79.0) Gecko/20100101 Firefox/79.0"
66.249.70.70 - - [07/Sep/2025:08:13:20 +0700] "POST /get-message-notify HTTP/1.0" 200 174268 "https://vnc-group.vn/goods/savin62887765.htm" "Mozilla/5.0 (Linux; Android 6.0.1; Nexus 5X Build/MMB29P) AppleWebKit/537.36 (KHTML, like Gecko) Chrome/139.0.7258.127 Mobile Safari/537.36 (compatible; Googlebot/2.1; +http://www.google.com/bot.html)"
45.227.253.15 - - [07/Sep/2025:08:14:18 +0700] "GET /469252-juejiang/?of=1 HTTP/1.0" 200 15174 "-" "Mozilla/5.0 (iPhone; CPU iPhone OS 12_4 like Mac OS X) AppleWebKit/605.1.15 (KHTML, like Gecko) Version/12.4.2 Mobile/15E148 Safari/604.1"
45.227.253.15 - - [07/Sep/2025:08:15:38 +0700] "GET /images/images/images/images/images/index.php?of=1 HTTP/1.0" 200 6120 "-" "Mozilla/5.0 (Macintosh; Intel Mac OS X 10_15_7) AppleWebKit/537.36 (KHTML, like Gecko) Chrome/86.0.4240.111 Safari/537.36 Edg/86.0.622.51"
45.227.253.15 - - [07/Sep/2025:08:15:58 +0700] "GET /images/images/images/images/images/index.php?of=1 HTTP/1.0" 200 6120 "-" "Mozilla/5.0 (Windows NT 6.2; WOW64; rv:73.0) Gecko/20100101 Firefox/73.0"
45.227.253.15 - - [07/Sep/2025:08:17:59 +0700] "GET /images/images/images/images/images/index.php?of=1 HTTP/1.0" 200 6120 "-" "Mozilla/5.0 (iPhone; CPU iPhone OS 13_5 like Mac OS X) AppleWebKit/605.1.15 (KHTML, like Gecko) Version/13.5.1 Mobile/15E148 Safari/604.1"
66.249.70.70 - - [07/Sep/2025:08:18:31 +0700] "GET /goods/grass71532518.htm HTTP/1.0" 200 179873 "-" "Mozilla/5.0 (Linux; Android 6.0.1; Nexus 5X Build/MMB29P) AppleWebKit/537.36 (KHTML, like Gecko) Chrome/138.0.7204.183 Mobile Safari/537.36 (compatible; GoogleOther)"
66.249.70.71 - - [07/Sep/2025:08:18:40 +0700] "POST /get-message-notify HTTP/1.0" 200 174327 "https://vnc-group.vn/goods/grass71532518.htm" "Mozilla/5.0 (Linux; Android 6.0.1; Nexus 5X Build/MMB29P) AppleWebKit/537.36 (KHTML, like Gecko) Chrome/139.0.7258.127 Mobile Safari/537.36 (compatible; Googlebot/2.1; +http://www.google.com/bot.html)"
66.249.70.71 - - [07/Sep/2025:08:20:24 +0700] "GET /goods/excur30371386.htm HTTP/1.0" 200 172691 "-" "Mozilla/5.0 (Linux; Android 6.0.1; Nexus 5X Build/MMB29P) AppleWebKit/537.36 (KHTML, like Gecko) Chrome/138.0.7204.183 Mobile Safari/537.36 (compatible; Googlebot/2.1; +http://www.google.com/bot.html)"
66.249.70.70 - - [07/Sep/2025:08:22:33 +0700] "GET /goods/incli51994308.htm HTTP/1.0" 200 172595 "-" "Mozilla/5.0 (Linux; Android 6.0.1; Nexus 5X Build/MMB29P) AppleWebKit/537.36 (KHTML, like Gecko) Chrome/138.0.7204.183 Mobile Safari/537.36 (compatible; GoogleOther)"
66.249.70.70 - - [07/Sep/2025:08:24:10 +0700] "GET /goods/unusu41109763.htm HTTP/1.0" 200 175991 "-" "Mozilla/5.0 (Linux; Android 6.0.1; Nexus 5X Build/MMB29P) AppleWebKit/537.36 (KHTML, like Gecko) Chrome/138.0.7204.183 Mobile Safari/537.36 (compatible; Googlebot/2.1; +http://www.google.com/bot.html)"
66.249.70.64 - - [07/Sep/2025:08:25:26 +0700] "GET /goods/atom%2020283817.htm HTTP/1.0" 200 173825 "-" "Mozilla/5.0 (Linux; Android 6.0.1; Nexus 5X Build/MMB29P) AppleWebKit/537.36 (KHTML, like Gecko) Chrome/138.0.7204.183 Mobile Safari/537.36 (compatible; GoogleOther)"
66.249.70.64 - - [07/Sep/2025:08:30:08 +0700] "GET /search?category=&search_word=&restrict[]=sale_classified=%E4%BA%88%E7%B4%84 HTTP/1.0" 200 175635 "-" "Mozilla/5.0 (Linux; Android 6.0.1; Nexus 5X Build/MMB29P) AppleWebKit/537.36 (KHTML, like Gecko) Chrome/138.0.7204.183 Mobile Safari/537.36 (compatible; Googlebot/2.1; +http://www.google.com/bot.html)"
66.249.70.71 - - [07/Sep/2025:08:30:25 +0700] "POST /get-message-notify HTTP/1.0" 200 174553 "https://vnc-group.vn/search?category=&search_word=&restrict[]=sale_classified=%E4%BA%88%E7%B4%84" "Mozilla/5.0 (Linux; Android 6.0.1; Nexus 5X Build/MMB29P) AppleWebKit/537.36 (KHTML, like Gecko) Chrome/139.0.7258.127 Mobile Safari/537.36 (compatible; Googlebot/2.1; +http://www.google.com/bot.html)"
66.249.70.71 - - [07/Sep/2025:08:30:43 +0700] "GET /goods/regio11159384.htm HTTP/1.0" 200 174754 "-" "Mozilla/5.0 (Linux; Android 6.0.1; Nexus 5X Build/MMB29P) AppleWebKit/537.36 (KHTML, like Gecko) Chrome/138.0.7204.183 Mobile Safari/537.36 (compatible; GoogleOther)"
66.249.70.71 - - [07/Sep/2025:08:30:59 +0700] "POST /get-message-notify HTTP/1.0" 200 174299 "https://vnc-group.vn/goods/regio11159384.htm" "Mozilla/5.0 (Linux; Android 6.0.1; Nexus 5X Build/MMB29P) AppleWebKit/537.36 (KHTML, like Gecko) Chrome/139.0.7258.127 Mobile Safari/537.36 (compatible; Googlebot/2.1; +http://www.google.com/bot.html)"
66.249.70.71 - - [07/Sep/2025:08:31:29 +0700] "GET /goods/carbo80203031.htm HTTP/1.0" 200 177796 "-" "Mozilla/5.0 (Linux; Android 6.0.1; Nexus 5X Build/MMB29P) AppleWebKit/537.36 (KHTML, like Gecko) Chrome/138.0.7204.183 Mobile Safari/537.36 (compatible; Googlebot/2.1; +http://www.google.com/bot.html)"
66.249.70.71 - - [07/Sep/2025:08:31:42 +0700] "GET /goods/chapt10899576.htm HTTP/1.0" 200 323 "-" "Mozilla/5.0 (Linux; Android 6.0.1; Nexus 5X Build/MMB29P) AppleWebKit/537.36 (KHTML, like Gecko) Chrome/138.0.7204.183 Mobile Safari/537.36 (compatible; Googlebot/2.1; +http://www.google.com/bot.html)"
57.141.2.35 - - [07/Sep/2025:08:34:46 +0700] "GET /goods/cotto32632098.htm HTTP/1.0" 200 323 "-" "meta-externalagent/1.1 (+https://developers.facebook.com/docs/sharing/webmasters/crawler)"
57.141.2.40 - - [07/Sep/2025:08:35:21 +0700] "GET /goods/dim70423494.htm HTTP/1.0" 200 323 "-" "meta-externalagent/1.1 (+https://developers.facebook.com/docs/sharing/webmasters/crawler)"
34.126.166.16 - - [07/Sep/2025:08:37:52 +0700] "GET /.git/HEAD HTTP/1.0" 200 323 "-" "Mozilla/5.0 (Windows NT 10.0; Win64; x64) AppleWebKit/537.36 (KHTML, like Gecko) Chrome/122.0.0.0 Safari/537.36"
66.249.70.70 - - [07/Sep/2025:08:43:55 +0700] "GET /goods/hinde20221889.htm HTTP/1.0" 200 175915 "-" "Mozilla/5.0 (Linux; Android 6.0.1; Nexus 5X Build/MMB29P) AppleWebKit/537.36 (KHTML, like Gecko) Chrome/138.0.7204.183 Mobile Safari/537.36 (compatible; GoogleOther)"
66.249.70.71 - - [07/Sep/2025:08:44:24 +0700] "POST /get-message-notify HTTP/1.0" 200 174420 "https://vnc-group.vn/goods/hinde20221889.htm" "Mozilla/5.0 (Linux; Android 6.0.1; Nexus 5X Build/MMB29P) AppleWebKit/537.36 (KHTML, like Gecko) Chrome/139.0.7258.127 Mobile Safari/537.36 (compatible; Googlebot/2.1; +http://www.google.com/bot.html)"
66.249.70.70 - - [07/Sep/2025:08:45:26 +0700] "GET /goods/eagle51711396.htm HTTP/1.0" 200 173936 "-" "Mozilla/5.0 (Linux; Android 6.0.1; Nexus 5X Build/MMB29P) AppleWebKit/537.36 (KHTML, like Gecko) Chrome/138.0.7204.183 Mobile Safari/537.36 (compatible; GoogleOther)"
66.249.70.64 - - [07/Sep/2025:08:47:42 +0700] "GET /goods/imper12842192.htm HTTP/1.0" 200 183733 "-" "Mozilla/5.0 (Linux; Android 6.0.1; Nexus 5X Build/MMB29P) AppleWebKit/537.36 (KHTML, like Gecko) Chrome/138.0.7204.183 Mobile Safari/537.36 (compatible; Googlebot/2.1; +http://www.google.com/bot.html)"
57.141.2.25 - - [07/Sep/2025:08:47:53 +0700] "GET /goods/dialo31484034.htm HTTP/1.0" 200 323 "-" "meta-externalagent/1.1 (+https://developers.facebook.com/docs/sharing/webmasters/crawler)"
66.249.70.70 - - [07/Sep/2025:08:48:26 +0700] "GET /goods/manne42457355.htm HTTP/1.0" 200 174728 "-" "Mozilla/5.0 (Linux; Android 6.0.1; Nexus 5X Build/MMB29P) AppleWebKit/537.36 (KHTML, like Gecko) Chrome/138.0.7204.183 Mobile Safari/537.36 (compatible; GoogleOther)"
66.249.70.71 - - [07/Sep/2025:08:49:54 +0700] "GET /goods/rich32300074.htm HTTP/1.0" 200 184985 "-" "Mozilla/5.0 (Linux; Android 6.0.1; Nexus 5X Build/MMB29P) AppleWebKit/537.36 (KHTML, like Gecko) Chrome/138.0.7204.183 Mobile Safari/537.36 (compatible; GoogleOther)"
66.249.70.64 - - [07/Sep/2025:08:53:13 +0700] "GET /goods/geniu40222859.htm HTTP/1.0" 200 175684 "-" "Mozilla/5.0 (Linux; Android 6.0.1; Nexus 5X Build/MMB29P) AppleWebKit/537.36 (KHTML, like Gecko) Chrome/138.0.7204.183 Mobile Safari/537.36 (compatible; GoogleOther)"
66.249.70.71 - - [07/Sep/2025:08:55:11 +0700] "GET /goods/produ12024328.htm HTTP/1.0" 200 323 "-" "Mozilla/5.0 (Linux; Android 6.0.1; Nexus 5X Build/MMB29P) AppleWebKit/537.36 (KHTML, like Gecko) Chrome/138.0.7204.183 Mobile Safari/537.36 (compatible; GoogleOther)"
163.223.6.171 - - [07/Sep/2025:08:55:33 +0700] "GET / HTTP/1.0" 200 417 "http://datadist:52320/website/domain-website/round-robin?appname=crawler&feature=is_live&limit=1&timeoffset=0&option=%7B%22and%22%3A+%5B%7B%22eq%22%3A+%5B%22isLive%22%2C+1%2C+%22short%22%5D%7D%2C+%7B%22eq%22%3A+%5B%22isCheckingSourceLink%22%2C+1%2C+%22short%22%5D%7D%5D%7D" "Mozilla/5.0 (Windows NT 10.0; Win64; x64) AppleWebKit/537.36 (KHTML, like Gecko) Chrome/114.0.0.0 Safari/537.36"
66.249.70.64 - - [07/Sep/2025:09:00:30 +0700] "GET /goods/dilem50862404.htm HTTP/1.0" 200 177001 "-" "Mozilla/5.0 (Linux; Android 6.0.1; Nexus 5X Build/MMB29P) AppleWebKit/537.36 (KHTML, like Gecko) Chrome/138.0.7204.183 Mobile Safari/537.36 (compatible; GoogleOther)"
66.249.70.70 - - [07/Sep/2025:09:00:56 +0700] "POST /get-message-notify HTTP/1.0" 200 173941 "https://vnc-group.vn/goods/dilem50862404.htm" "Mozilla/5.0 (Linux; Android 6.0.1; Nexus 5X Build/MMB29P) AppleWebKit/537.36 (KHTML, like Gecko) Chrome/139.0.7258.127 Mobile Safari/537.36 (compatible; Googlebot/2.1; +http://www.google.com/bot.html)"
66.249.70.70 - - [07/Sep/2025:09:05:49 +0700] "GET /goods/grate50658500.htm HTTP/1.0" 200 193628 "-" "Mozilla/5.0 (Linux; Android 6.0.1; Nexus 5X Build/MMB29P) AppleWebKit/537.36 (KHTML, like Gecko) Chrome/138.0.7204.183 Mobile Safari/537.36 (compatible; GoogleOther)"
66.249.70.70 - - [07/Sep/2025:09:06:01 +0700] "GET /goods/fortu40749867.htm HTTP/1.0" 200 175005 "-" "Mozilla/5.0 (Linux; Android 6.0.1; Nexus 5X Build/MMB29P) AppleWebKit/537.36 (KHTML, like Gecko) Chrome/138.0.7204.183 Mobile Safari/537.36 (compatible; Googlebot/2.1; +http://www.google.com/bot.html)"
57.141.2.32 - - [07/Sep/2025:09:06:09 +0700] "GET /goods/hedge11386496.htm HTTP/1.0" 200 323 "-" "meta-externalagent/1.1 (+https://developers.facebook.com/docs/sharing/webmasters/crawler)"
66.249.70.70 - - [07/Sep/2025:09:10:02 +0700] "GET /goods/accel22774449.htm HTTP/1.0" 200 175019 "-" "Mozilla/5.0 (Linux; Android 6.0.1; Nexus 5X Build/MMB29P) AppleWebKit/537.36 (KHTML, like Gecko) Chrome/138.0.7204.183 Mobile Safari/537.36 (compatible; Googlebot/2.1; +http://www.google.com/bot.html)"
66.249.70.71 - - [07/Sep/2025:09:10:28 +0700] "GET /goods/creep20691065.htm HTTP/1.0" 200 180321 "-" "Mozilla/5.0 (Linux; Android 6.0.1; Nexus 5X Build/MMB29P) AppleWebKit/537.36 (KHTML, like Gecko) Chrome/138.0.7204.183 Mobile Safari/537.36 (compatible; Googlebot/2.1; +http://www.google.com/bot.html)"
66.249.70.70 - - [07/Sep/2025:09:11:02 +0700] "GET /goods/mushr42230635.htm HTTP/1.0" 200 173689 "-" "Mozilla/5.0 (Linux; Android 6.0.1; Nexus 5X Build/MMB29P) AppleWebKit/537.36 (KHTML, like Gecko) Chrome/138.0.7204.183 Mobile Safari/537.36 (compatible; GoogleOther)"
66.249.70.70 - - [07/Sep/2025:09:11:10 +0700] "POST /get-message-notify HTTP/1.0" 200 174372 "https://vnc-group.vn/goods/mushr42230635.htm" "Mozilla/5.0 (Linux; Android 6.0.1; Nexus 5X Build/MMB29P) AppleWebKit/537.36 (KHTML, like Gecko) Chrome/139.0.7258.127 Mobile Safari/537.36 (compatible; Googlebot/2.1; +http://www.google.com/bot.html)"
66.249.70.71 - - [07/Sep/2025:09:14:44 +0700] "GET /goods/brigh60088637.htm HTTP/1.0" 200 173675 "-" "Mozilla/5.0 (Linux; Android 6.0.1; Nexus 5X Build/MMB29P) AppleWebKit/537.36 (KHTML, like Gecko) Chrome/138.0.7204.183 Mobile Safari/537.36 (compatible; Googlebot/2.1; +http://www.google.com/bot.html)"
66.249.70.64 - - [07/Sep/2025:09:16:20 +0700] "GET /goods/draug71691662.htm HTTP/1.0" 200 172782 "-" "Mozilla/5.0 (Linux; Android 6.0.1; Nexus 5X Build/MMB29P) AppleWebKit/537.36 (KHTML, like Gecko) Chrome/138.0.7204.183 Mobile Safari/537.36 (compatible; GoogleOther)"
66.249.70.71 - - [07/Sep/2025:09:17:08 +0700] "GET /goods/resea51596628.htm HTTP/1.0" 200 176997 "-" "Mozilla/5.0 (Linux; Android 6.0.1; Nexus 5X Build/MMB29P) AppleWebKit/537.36 (KHTML, like Gecko) Chrome/138.0.7204.183 Mobile Safari/537.36 (compatible; GoogleOther)"
66.249.70.71 - - [07/Sep/2025:09:17:17 +0700] "POST /get-message-notify HTTP/1.0" 200 174789 "https://vnc-group.vn/goods/resea51596628.htm" "Mozilla/5.0 (Linux; Android 6.0.1; Nexus 5X Build/MMB29P) AppleWebKit/537.36 (KHTML, like Gecko) Chrome/139.0.7258.127 Mobile Safari/537.36 (compatible; Googlebot/2.1; +http://www.google.com/bot.html)"
66.249.70.64 - - [07/Sep/2025:09:18:04 +0700] "GET /goods/grade62152413.htm HTTP/1.0" 200 174967 "-" "Mozilla/5.0 (Linux; Android 6.0.1; Nexus 5X Build/MMB29P) AppleWebKit/537.36 (KHTML, like Gecko) Chrome/138.0.7204.183 Mobile Safari/537.36 (compatible; GoogleOther)"
66.249.70.70 - - [07/Sep/2025:09:18:12 +0700] "POST /get-message-notify HTTP/1.0" 200 174553 "https://vnc-group.vn/goods/grade62152413.htm" "Mozilla/5.0 (Linux; Android 6.0.1; Nexus 5X Build/MMB29P) AppleWebKit/537.36 (KHTML, like Gecko) Chrome/139.0.7258.127 Mobile Safari/537.36 (compatible; Googlebot/2.1; +http://www.google.com/bot.html)"
66.249.70.70 - - [07/Sep/2025:09:18:57 +0700] "GET /goods/centi32650538.htm HTTP/1.0" 200 173835 "-" "Mozilla/5.0 (Linux; Android 6.0.1; Nexus 5X Build/MMB29P) AppleWebKit/537.36 (KHTML, like Gecko) Chrome/138.0.7204.183 Mobile Safari/537.36 (compatible; GoogleOther)"
66.249.70.71 - - [07/Sep/2025:09:19:12 +0700] "POST /get-message-notify HTTP/1.0" 200 174491 "https://vnc-group.vn/goods/centi32650538.htm" "Mozilla/5.0 (Linux; Android 6.0.1; Nexus 5X Build/MMB29P) AppleWebKit/537.36 (KHTML, like Gecko) Chrome/139.0.7258.127 Mobile Safari/537.36 (compatible; Googlebot/2.1; +http://www.google.com/bot.html)"
66.249.70.71 - - [07/Sep/2025:09:19:49 +0700] "GET /goods/trium11633872.htm HTTP/1.0" 200 175809 "-" "Mozilla/5.0 (Linux; Android 6.0.1; Nexus 5X Build/MMB29P) AppleWebKit/537.36 (KHTML, like Gecko) Chrome/138.0.7204.183 Mobile Safari/537.36 (compatible; GoogleOther)"
66.249.70.70 - - [07/Sep/2025:09:20:07 +0700] "POST /get-message-notify HTTP/1.0" 200 174162 "https://vnc-group.vn/goods/trium11633872.htm" "Mozilla/5.0 (Linux; Android 6.0.1; Nexus 5X Build/MMB29P) AppleWebKit/537.36 (KHTML, like Gecko) Chrome/139.0.7258.127 Mobile Safari/537.36 (compatible; Googlebot/2.1; +http://www.google.com/bot.html)"
66.249.70.70 - - [07/Sep/2025:09:20:23 +0700] "GET /goods/softw71719806.htm HTTP/1.0" 200 186025 "-" "Mozilla/5.0 (Linux; Android 6.0.1; Nexus 5X Build/MMB29P) AppleWebKit/537.36 (KHTML, like Gecko) Chrome/138.0.7204.183 Mobile Safari/537.36 (compatible; Googlebot/2.1; +http://www.google.com/bot.html)"
66.249.70.70 - - [07/Sep/2025:09:21:37 +0700] "GET /goods/eden72215966.htm HTTP/1.0" 200 171955 "-" "Mozilla/5.0 (Linux; Android 6.0.1; Nexus 5X Build/MMB29P) AppleWebKit/537.36 (KHTML, like Gecko) Chrome/138.0.7204.183 Mobile Safari/537.36 (compatible; GoogleOther)"
66.249.70.71 - - [07/Sep/2025:09:22:33 +0700] "GET /goods/relev20486289.htm HTTP/1.0" 200 185623 "-" "Mozilla/5.0 (Linux; Android 6.0.1; Nexus 5X Build/MMB29P) AppleWebKit/537.36 (KHTML, like Gecko) Chrome/138.0.7204.183 Mobile Safari/537.36 (compatible; GoogleOther)"
66.249.70.70 - - [07/Sep/2025:09:23:39 +0700] "GET /goods/restl42739275.htm HTTP/1.0" 200 173890 "-" "Mozilla/5.0 (Linux; Android 6.0.1; Nexus 5X Build/MMB29P) AppleWebKit/537.36 (KHTML, like Gecko) Chrome/138.0.7204.183 Mobile Safari/537.36 (compatible; GoogleOther)"
66.249.70.70 - - [07/Sep/2025:09:23:58 +0700] "POST /get-message-notify HTTP/1.0" 200 174441 "https://vnc-group.vn/goods/restl42739275.htm" "Mozilla/5.0 (Linux; Android 6.0.1; Nexus 5X Build/MMB29P) AppleWebKit/537.36 (KHTML, like Gecko) Chrome/139.0.7258.127 Mobile Safari/537.36 (compatible; Googlebot/2.1; +http://www.google.com/bot.html)"
66.249.70.64 - - [07/Sep/2025:09:24:46 +0700] "GET /goods/track42505851.htm HTTP/1.0" 200 175003 "-" "Mozilla/5.0 (Linux; Android 6.0.1; Nexus 5X Build/MMB29P) AppleWebKit/537.36 (KHTML, like Gecko) Chrome/138.0.7204.183 Mobile Safari/537.36 (compatible; GoogleOther)"
66.249.70.70 - - [07/Sep/2025:09:25:00 +0700] "POST /get-message-notify HTTP/1.0" 200 174231 "https://vnc-group.vn/goods/track42505851.htm" "Mozilla/5.0 (Linux; Android 6.0.1; Nexus 5X Build/MMB29P) AppleWebKit/537.36 (KHTML, like Gecko) Chrome/139.0.7258.127 Mobile Safari/537.36 (compatible; Googlebot/2.1; +http://www.google.com/bot.html)"
