57.141.2.23 - - [07/Sep/2025:15:35:09 +0700] "GET /goods/borin30869266.htm HTTP/1.0" 200 323 "-" "meta-externalagent/1.1 (+https://developers.facebook.com/docs/sharing/webmasters/crawler)"
57.141.2.34 - - [07/Sep/2025:15:35:10 +0700] "GET /goods/hand11401040.htm HTTP/1.0" 200 323 "-" "meta-externalagent/1.1 (+https://developers.facebook.com/docs/sharing/webmasters/crawler)"
66.249.70.70 - - [07/Sep/2025:15:35:30 +0700] "GET /goods/quick62392021.htm HTTP/1.0" 200 176061 "-" "Mozilla/5.0 (Linux; Android 6.0.1; Nexus 5X Build/MMB29P) AppleWebKit/537.36 (KHTML, like Gecko) Chrome/138.0.7204.183 Mobile Safari/537.36 (compatible; Googlebot/2.1; +http://www.google.com/bot.html)"
57.141.2.31 - - [07/Sep/2025:15:37:49 +0700] "GET /goods/appar60130477.htm HTTP/1.0" 200 323 "-" "meta-externalagent/1.1 (+https://developers.facebook.com/docs/sharing/webmasters/crawler)"
57.141.2.23 - - [07/Sep/2025:15:37:51 +0700] "GET /goods/dissa81182439.htm HTTP/1.0" 200 323 "-" "meta-externalagent/1.1 (+https://developers.facebook.com/docs/sharing/webmasters/crawler)"
57.141.2.17 - - [07/Sep/2025:15:37:51 +0700] "GET /goods/maths60173693.htm HTTP/1.0" 200 323 "-" "meta-externalagent/1.1 (+https://developers.facebook.com/docs/sharing/webmasters/crawler)"
57.141.2.42 - - [07/Sep/2025:15:38:05 +0700] "GET /goods/more32949594.htm HTTP/1.0" 200 323 "-" "meta-externalagent/1.1 (+https://developers.facebook.com/docs/sharing/webmasters/crawler)"
57.141.2.36 - - [07/Sep/2025:15:38:13 +0700] "GET /goods/easil21737713.htm HTTP/1.0" 200 323 "-" "meta-externalagent/1.1 (+https://developers.facebook.com/docs/sharing/webmasters/crawler)"
66.249.70.71 - - [07/Sep/2025:15:39:25 +0700] "GET /goods/socks42508915.htm HTTP/1.0" 200 176363 "-" "Mozilla/5.0 (Linux; Android 6.0.1; Nexus 5X Build/MMB29P) AppleWebKit/537.36 (KHTML, like Gecko) Chrome/138.0.7204.183 Mobile Safari/537.36 (compatible; Googlebot/2.1; +http://www.google.com/bot.html)"
57.141.2.17 - - [07/Sep/2025:15:40:49 +0700] "GET /goods/speci22028113.htm HTTP/1.0" 200 323 "-" "meta-externalagent/1.1 (+https://developers.facebook.com/docs/sharing/webmasters/crawler)"
57.141.2.35 - - [07/Sep/2025:15:40:51 +0700] "GET /goods/emoti60313789.htm HTTP/1.0" 200 323 "-" "meta-externalagent/1.1 (+https://developers.facebook.com/docs/sharing/webmasters/crawler)"
57.141.2.56 - - [07/Sep/2025:15:40:52 +0700] "GET /goods/fearf60322581.htm HTTP/1.0" 200 323 "-" "meta-externalagent/1.1 (+https://developers.facebook.com/docs/sharing/webmasters/crawler)"
66.249.70.64 - - [07/Sep/2025:15:41:31 +0700] "GET /goods/rsvp11751928.htm HTTP/1.0" 200 176036 "-" "Mozilla/5.0 (Linux; Android 6.0.1; Nexus 5X Build/MMB29P) AppleWebKit/537.36 (KHTML, like Gecko) Chrome/138.0.7204.183 Mobile Safari/537.36 (compatible; Googlebot/2.1; +http://www.google.com/bot.html)"
57.141.2.11 - - [07/Sep/2025:15:42:24 +0700] "GET /goods/grann20532937.htm HTTP/1.0" 200 323 "-" "meta-externalagent/1.1 (+https://developers.facebook.com/docs/sharing/webmasters/crawler)"
57.141.2.18 - - [07/Sep/2025:15:42:26 +0700] "GET /goods/shop50980060.htm HTTP/1.0" 200 323 "-" "meta-externalagent/1.1 (+https://developers.facebook.com/docs/sharing/webmasters/crawler)"
57.141.2.18 - - [07/Sep/2025:15:42:27 +0700] "GET /goods/sugar12084216.htm HTTP/1.0" 200 323 "-" "meta-externalagent/1.1 (+https://developers.facebook.com/docs/sharing/webmasters/crawler)"
57.141.2.23 - - [07/Sep/2025:15:42:29 +0700] "GET /goods/mum82591943.htm HTTP/1.0" 200 323 "-" "meta-externalagent/1.1 (+https://developers.facebook.com/docs/sharing/webmasters/crawler)"
57.141.2.11 - - [07/Sep/2025:15:42:29 +0700] "GET /goods/accur80073999.htm HTTP/1.0" 200 323 "-" "meta-externalagent/1.1 (+https://developers.facebook.com/docs/sharing/webmasters/crawler)"
57.141.2.27 - - [07/Sep/2025:15:42:30 +0700] "GET /goods/worke60008749.htm HTTP/1.0" 200 323 "-" "meta-externalagent/1.1 (+https://developers.facebook.com/docs/sharing/webmasters/crawler)"
57.141.2.49 - - [07/Sep/2025:15:42:34 +0700] "GET /goods/her82036151.htm HTTP/1.0" 200 323 "-" "meta-externalagent/1.1 (+https://developers.facebook.com/docs/sharing/webmasters/crawler)"
66.249.70.64 - - [07/Sep/2025:15:43:21 +0700] "GET /goods/susta32698058.htm HTTP/1.0" 200 178720 "-" "Mozilla/5.0 (Linux; Android 6.0.1; Nexus 5X Build/MMB29P) AppleWebKit/537.36 (KHTML, like Gecko) Chrome/138.0.7204.183 Mobile Safari/537.36 (compatible; GoogleOther)"
57.141.2.52 - - [07/Sep/2025:15:45:40 +0700] "GET /goods/norma40005219.htm HTTP/1.0" 200 323 "-" "meta-externalagent/1.1 (+https://developers.facebook.com/docs/sharing/webmasters/crawler)"
57.141.2.16 - - [07/Sep/2025:15:45:41 +0700] "GET /goods/theat32581506.htm HTTP/1.0" 200 323 "-" "meta-externalagent/1.1 (+https://developers.facebook.com/docs/sharing/webmasters/crawler)"
57.141.2.41 - - [07/Sep/2025:15:45:41 +0700] "GET /goods/reach42340627.htm HTTP/1.0" 200 323 "-" "meta-externalagent/1.1 (+https://developers.facebook.com/docs/sharing/webmasters/crawler)"
57.141.2.49 - - [07/Sep/2025:15:45:42 +0700] "GET /goods/act70396350.htm HTTP/1.0" 200 323 "-" "meta-externalagent/1.1 (+https://developers.facebook.com/docs/sharing/webmasters/crawler)"
57.141.2.27 - - [07/Sep/2025:15:45:43 +0700] "GET /goods/encou50072708.htm HTTP/1.0" 200 323 "-" "meta-externalagent/1.1 (+https://developers.facebook.com/docs/sharing/webmasters/crawler)"
57.141.2.22 - - [07/Sep/2025:15:49:43 +0700] "GET /goods/slice60161645.htm HTTP/1.0" 200 323 "-" "meta-externalagent/1.1 (+https://developers.facebook.com/docs/sharing/webmasters/crawler)"
57.141.2.26 - - [07/Sep/2025:15:49:44 +0700] "GET /goods/sixte62660933.htm HTTP/1.0" 200 323 "-" "meta-externalagent/1.1 (+https://developers.facebook.com/docs/sharing/webmasters/crawler)"
57.141.2.21 - - [07/Sep/2025:15:49:45 +0700] "GET /goods/robot60644645.htm HTTP/1.0" 200 323 "-" "meta-externalagent/1.1 (+https://developers.facebook.com/docs/sharing/webmasters/crawler)"
57.141.2.17 - - [07/Sep/2025:15:49:46 +0700] "GET /goods/abroa20765257.htm HTTP/1.0" 200 323 "-" "meta-externalagent/1.1 (+https://developers.facebook.com/docs/sharing/webmasters/crawler)"
57.141.2.17 - - [07/Sep/2025:15:49:47 +0700] "GET /goods/furth31475202.htm HTTP/1.0" 200 323 "-" "meta-externalagent/1.1 (+https://developers.facebook.com/docs/sharing/webmasters/crawler)"
57.141.2.36 - - [07/Sep/2025:15:49:48 +0700] "GET /goods/bean20314553.htm HTTP/1.0" 200 323 "-" "meta-externalagent/1.1 (+https://developers.facebook.com/docs/sharing/webmasters/crawler)"
57.141.2.4 - - [07/Sep/2025:15:49:50 +0700] "GET /goods/trick10843120.htm HTTP/1.0" 200 323 "-" "meta-externalagent/1.1 (+https://developers.facebook.com/docs/sharing/webmasters/crawler)"
57.141.2.65 - - [07/Sep/2025:15:49:50 +0700] "GET /goods/depar72057366.htm HTTP/1.0" 200 323 "-" "meta-externalagent/1.1 (+https://developers.facebook.com/docs/sharing/webmasters/crawler)"
57.141.2.15 - - [07/Sep/2025:15:49:51 +0700] "GET /goods/tropi21895073.htm HTTP/1.0" 200 323 "-" "meta-externalagent/1.1 (+https://developers.facebook.com/docs/sharing/webmasters/crawler)"
66.249.70.71 - - [07/Sep/2025:15:51:18 +0700] "GET /goods/lamb62828565.htm HTTP/1.0" 200 173108 "-" "Mozilla/5.0 (Linux; Android 6.0.1; Nexus 5X Build/MMB29P) AppleWebKit/537.36 (KHTML, like Gecko) Chrome/138.0.7204.183 Mobile Safari/537.36 (compatible; Googlebot/2.1; +http://www.google.com/bot.html)"
57.141.2.59 - - [07/Sep/2025:15:55:22 +0700] "GET /goods/outle12146920.htm HTTP/1.0" 200 323 "-" "meta-externalagent/1.1 (+https://developers.facebook.com/docs/sharing/webmasters/crawler)"
57.141.2.25 - - [07/Sep/2025:15:55:23 +0700] "GET /goods/lid30670850.htm HTTP/1.0" 200 323 "-" "meta-externalagent/1.1 (+https://developers.facebook.com/docs/sharing/webmasters/crawler)"
57.141.2.42 - - [07/Sep/2025:15:55:25 +0700] "GET /goods/legis22791673.htm HTTP/1.0" 200 323 "-" "meta-externalagent/1.1 (+https://developers.facebook.com/docs/sharing/webmasters/crawler)"
57.141.2.57 - - [07/Sep/2025:15:56:30 +0700] "GET /goods/flag11436368.htm HTTP/1.0" 200 323 "-" "meta-externalagent/1.1 (+https://developers.facebook.com/docs/sharing/webmasters/crawler)"
57.141.2.12 - - [07/Sep/2025:15:56:32 +0700] "GET /goods/rearr30197978.htm HTTP/1.0" 200 323 "-" "meta-externalagent/1.1 (+https://developers.facebook.com/docs/sharing/webmasters/crawler)"
66.249.70.64 - - [07/Sep/2025:15:56:28 +0700] "GET /goods/monit70108030.htm HTTP/1.0" 200 172564 "-" "Mozilla/5.0 (Linux; Android 6.0.1; Nexus 5X Build/MMB29P) AppleWebKit/537.36 (KHTML, like Gecko) Chrome/138.0.7204.183 Mobile Safari/537.36 (compatible; GoogleOther)"
57.141.2.17 - - [07/Sep/2025:15:56:34 +0700] "GET /goods/truth40181307.htm HTTP/1.0" 200 323 "-" "meta-externalagent/1.1 (+https://developers.facebook.com/docs/sharing/webmasters/crawler)"
57.141.2.25 - - [07/Sep/2025:15:56:35 +0700] "GET /goods/evolv71030382.htm HTTP/1.0" 200 323 "-" "meta-externalagent/1.1 (+https://developers.facebook.com/docs/sharing/webmasters/crawler)"
57.141.2.31 - - [07/Sep/2025:15:59:53 +0700] "GET /goods/blue62588037.htm HTTP/1.0" 200 323 "-" "meta-externalagent/1.1 (+https://developers.facebook.com/docs/sharing/webmasters/crawler)"
57.141.2.8 - - [07/Sep/2025:15:59:55 +0700] "GET /goods/save71824718.htm HTTP/1.0" 200 323 "-" "meta-externalagent/1.1 (+https://developers.facebook.com/docs/sharing/webmasters/crawler)"
57.141.2.15 - - [07/Sep/2025:16:00:00 +0700] "GET /goods/nativ41349499.htm HTTP/1.0" 200 323 "-" "meta-externalagent/1.1 (+https://developers.facebook.com/docs/sharing/webmasters/crawler)"
57.141.2.29 - - [07/Sep/2025:16:00:01 +0700] "GET /goods/laund20142345.htm HTTP/1.0" 200 323 "-" "meta-externalagent/1.1 (+https://developers.facebook.com/docs/sharing/webmasters/crawler)"
57.141.2.53 - - [07/Sep/2025:16:00:02 +0700] "GET /goods/renew30617906.htm HTTP/1.0" 200 323 "-" "meta-externalagent/1.1 (+https://developers.facebook.com/docs/sharing/webmasters/crawler)"
57.141.2.53 - - [07/Sep/2025:16:00:13 +0700] "GET /goods/soft60329029.htm HTTP/1.0" 200 323 "-" "meta-externalagent/1.1 (+https://developers.facebook.com/docs/sharing/webmasters/crawler)"
57.141.2.9 - - [07/Sep/2025:16:00:14 +0700] "GET /goods/oil70568526.htm HTTP/1.0" 200 323 "-" "meta-externalagent/1.1 (+https://developers.facebook.com/docs/sharing/webmasters/crawler)"
57.141.2.42 - - [07/Sep/2025:16:00:18 +0700] "GET /goods/pump51870492.htm HTTP/1.0" 200 323 "-" "meta-externalagent/1.1 (+https://developers.facebook.com/docs/sharing/webmasters/crawler)"
57.141.2.22 - - [07/Sep/2025:16:00:28 +0700] "GET /goods/alpha12287312.htm HTTP/1.0" 200 323 "-" "meta-externalagent/1.1 (+https://developers.facebook.com/docs/sharing/webmasters/crawler)"
57.141.2.15 - - [07/Sep/2025:16:04:07 +0700] "GET /goods/grati61711189.htm HTTP/1.0" 200 323 "-" "meta-externalagent/1.1 (+https://developers.facebook.com/docs/sharing/webmasters/crawler)"
57.141.2.53 - - [07/Sep/2025:16:05:37 +0700] "GET /goods/bake11907248.htm HTTP/1.0" 200 323 "-" "meta-externalagent/1.1 (+https://developers.facebook.com/docs/sharing/webmasters/crawler)"
57.141.2.37 - - [07/Sep/2025:16:05:37 +0700] "GET /goods/nitro42503627.htm HTTP/1.0" 200 323 "-" "meta-externalagent/1.1 (+https://developers.facebook.com/docs/sharing/webmasters/crawler)"
57.141.2.11 - - [07/Sep/2025:16:05:39 +0700] "GET /goods/dumpl51900612.htm HTTP/1.0" 200 323 "-" "meta-externalagent/1.1 (+https://developers.facebook.com/docs/sharing/webmasters/crawler)"
57.141.2.53 - - [07/Sep/2025:16:05:40 +0700] "GET /goods/enqui40303779.htm HTTP/1.0" 200 323 "-" "meta-externalagent/1.1 (+https://developers.facebook.com/docs/sharing/webmasters/crawler)"
57.141.2.59 - - [07/Sep/2025:16:05:41 +0700] "GET /goods/cent72316278.htm HTTP/1.0" 200 323 "-" "meta-externalagent/1.1 (+https://developers.facebook.com/docs/sharing/webmasters/crawler)"
57.141.2.12 - - [07/Sep/2025:16:05:42 +0700] "GET /goods/coppe80883135.htm HTTP/1.0" 200 323 "-" "meta-externalagent/1.1 (+https://developers.facebook.com/docs/sharing/webmasters/crawler)"
57.141.2.44 - - [07/Sep/2025:16:05:44 +0700] "GET /goods/door42536091.htm HTTP/1.0" 200 323 "-" "meta-externalagent/1.1 (+https://developers.facebook.com/docs/sharing/webmasters/crawler)"
57.141.2.2 - - [07/Sep/2025:16:05:44 +0700] "GET /goods/madam10484688.htm HTTP/1.0" 200 323 "-" "meta-externalagent/1.1 (+https://developers.facebook.com/docs/sharing/webmasters/crawler)"
57.141.2.26 - - [07/Sep/2025:16:05:45 +0700] "GET /goods/art72669230.htm HTTP/1.0" 200 323 "-" "meta-externalagent/1.1 (+https://developers.facebook.com/docs/sharing/webmasters/crawler)"
57.141.2.62 - - [07/Sep/2025:16:05:46 +0700] "GET /goods/nap80279551.htm HTTP/1.0" 200 323 "-" "meta-externalagent/1.1 (+https://developers.facebook.com/docs/sharing/webmasters/crawler)"
66.249.70.71 - - [07/Sep/2025:16:06:10 +0700] "GET /goods/visit50300204.htm HTTP/1.0" 200 175941 "-" "Mozilla/5.0 (Linux; Android 6.0.1; Nexus 5X Build/MMB29P) AppleWebKit/537.36 (KHTML, like Gecko) Chrome/138.0.7204.183 Mobile Safari/537.36 (compatible; Googlebot/2.1; +http://www.google.com/bot.html)"
57.141.2.4 - - [07/Sep/2025:16:09:51 +0700] "GET /goods/snake51672452.htm HTTP/1.0" 200 323 "-" "meta-externalagent/1.1 (+https://developers.facebook.com/docs/sharing/webmasters/crawler)"
66.249.70.71 - - [07/Sep/2025:16:14:11 +0700] "GET /goods/share30321066.htm HTTP/1.0" 200 173491 "-" "Mozilla/5.0 (Linux; Android 6.0.1; Nexus 5X Build/MMB29P) AppleWebKit/537.36 (KHTML, like Gecko) Chrome/138.0.7204.183 Mobile Safari/537.36 (compatible; GoogleOther)"
57.141.2.54 - - [07/Sep/2025:16:16:06 +0700] "GET /goods/nose10272424.htm HTTP/1.0" 200 323 "-" "meta-externalagent/1.1 (+https://developers.facebook.com/docs/sharing/webmasters/crawler)"
57.141.2.44 - - [07/Sep/2025:16:16:09 +0700] "GET /goods/deepe81246447.htm HTTP/1.0" 200 323 "-" "meta-externalagent/1.1 (+https://developers.facebook.com/docs/sharing/webmasters/crawler)"
57.141.2.44 - - [07/Sep/2025:16:16:11 +0700] "GET /goods/mount10681216.htm HTTP/1.0" 200 323 "-" "meta-externalagent/1.1 (+https://developers.facebook.com/docs/sharing/webmasters/crawler)"
57.141.2.52 - - [07/Sep/2025:16:16:11 +0700] "GET /goods/walk10752096.htm HTTP/1.0" 200 323 "-" "meta-externalagent/1.1 (+https://developers.facebook.com/docs/sharing/webmasters/crawler)"
57.141.2.56 - - [07/Sep/2025:16:16:12 +0700] "GET /goods/own50365100.htm HTTP/1.0" 200 323 "-" "meta-externalagent/1.1 (+https://developers.facebook.com/docs/sharing/webmasters/crawler)"
57.141.2.55 - - [07/Sep/2025:16:16:14 +0700] "GET /goods/remon30779770.htm HTTP/1.0" 200 323 "-" "meta-externalagent/1.1 (+https://developers.facebook.com/docs/sharing/webmasters/crawler)"
66.249.70.71 - - [07/Sep/2025:16:16:53 +0700] "GET /goods/honey71077774.htm HTTP/1.0" 200 172963 "-" "Mozilla/5.0 (Linux; Android 6.0.1; Nexus 5X Build/MMB29P) AppleWebKit/537.36 (KHTML, like Gecko) Chrome/138.0.7204.183 Mobile Safari/537.36 (compatible; Googlebot/2.1; +http://www.google.com/bot.html)"
66.249.70.70 - - [07/Sep/2025:16:22:47 +0700] "GET /goods/noteb52537108.htm HTTP/1.0" 200 175444 "-" "Mozilla/5.0 (Linux; Android 6.0.1; Nexus 5X Build/MMB29P) AppleWebKit/537.36 (KHTML, like Gecko) Chrome/138.0.7204.183 Mobile Safari/537.36 (compatible; Googlebot/2.1; +http://www.google.com/bot.html)"
66.249.70.71 - - [07/Sep/2025:16:25:02 +0700] "GET /goods/deser61461877.htm HTTP/1.0" 200 172672 "-" "Mozilla/5.0 (Linux; Android 6.0.1; Nexus 5X Build/MMB29P) AppleWebKit/537.36 (KHTML, like Gecko) Chrome/138.0.7204.183 Mobile Safari/537.36 (compatible; GoogleOther)"
66.249.70.71 - - [07/Sep/2025:16:31:34 +0700] "GET /goods/inwar80822615.htm HTTP/1.0" 200 176247 "-" "Mozilla/5.0 (Linux; Android 6.0.1; Nexus 5X Build/MMB29P) AppleWebKit/537.36 (KHTML, like Gecko) Chrome/138.0.7204.183 Mobile Safari/537.36 (compatible; Googlebot/2.1; +http://www.google.com/bot.html)"
57.141.2.19 - - [07/Sep/2025:16:34:45 +0700] "GET /goods/atten42380243.htm HTTP/1.0" 200 323 "-" "meta-externalagent/1.1 (+https://developers.facebook.com/docs/sharing/webmasters/crawler)"
57.141.2.30 - - [07/Sep/2025:16:34:45 +0700] "GET /goods/july20793561.htm HTTP/1.0" 200 323 "-" "meta-externalagent/1.1 (+https://developers.facebook.com/docs/sharing/webmasters/crawler)"
57.141.2.16 - - [07/Sep/2025:16:34:47 +0700] "GET /goods/spoke42009371.htm HTTP/1.0" 200 323 "-" "meta-externalagent/1.1 (+https://developers.facebook.com/docs/sharing/webmasters/crawler)"
57.141.2.55 - - [07/Sep/2025:16:34:49 +0700] "GET /goods/as20252305.htm HTTP/1.0" 200 323 "-" "meta-externalagent/1.1 (+https://developers.facebook.com/docs/sharing/webmasters/crawler)"
57.141.2.23 - - [07/Sep/2025:16:35:51 +0700] "GET /goods/bacte72266254.htm HTTP/1.0" 200 323 "-" "meta-externalagent/1.1 (+https://developers.facebook.com/docs/sharing/webmasters/crawler)"
57.141.2.57 - - [07/Sep/2025:16:35:54 +0700] "GET /goods/weddi51234348.htm HTTP/1.0" 200 323 "-" "meta-externalagent/1.1 (+https://developers.facebook.com/docs/sharing/webmasters/crawler)"
57.141.2.17 - - [07/Sep/2025:16:35:54 +0700] "GET /goods/desse32461554.htm HTTP/1.0" 200 323 "-" "meta-externalagent/1.1 (+https://developers.facebook.com/docs/sharing/webmasters/crawler)"
57.141.2.44 - - [07/Sep/2025:16:35:54 +0700] "GET /goods/paper22228217.htm HTTP/1.0" 200 323 "-" "meta-externalagent/1.1 (+https://developers.facebook.com/docs/sharing/webmasters/crawler)"
57.141.2.51 - - [07/Sep/2025:16:35:56 +0700] "GET /goods/file42142755.htm HTTP/1.0" 200 323 "-" "meta-externalagent/1.1 (+https://developers.facebook.com/docs/sharing/webmasters/crawler)"
66.249.70.70 - - [07/Sep/2025:16:40:00 +0700] "GET /goods/got70491950.htm HTTP/1.0" 200 172607 "-" "Mozilla/5.0 (Linux; Android 6.0.1; Nexus 5X Build/MMB29P) AppleWebKit/537.36 (KHTML, like Gecko) Chrome/138.0.7204.183 Mobile Safari/537.36 (compatible; Googlebot/2.1; +http://www.google.com/bot.html)"
57.141.2.4 - - [07/Sep/2025:16:40:58 +0700] "GET /goods/cubic42990675.htm HTTP/1.0" 200 323 "-" "meta-externalagent/1.1 (+https://developers.facebook.com/docs/sharing/webmasters/crawler)"
57.141.2.24 - - [07/Sep/2025:16:40:59 +0700] "GET /goods/invin31383706.htm HTTP/1.0" 200 323 "-" "meta-externalagent/1.1 (+https://developers.facebook.com/docs/sharing/webmasters/crawler)"
57.141.2.45 - - [07/Sep/2025:16:41:00 +0700] "GET /goods/depen31205306.htm HTTP/1.0" 200 323 "-" "meta-externalagent/1.1 (+https://developers.facebook.com/docs/sharing/webmasters/crawler)"
57.141.2.7 - - [07/Sep/2025:16:41:03 +0700] "GET /goods/zigza61597749.htm HTTP/1.0" 200 323 "-" "meta-externalagent/1.1 (+https://developers.facebook.com/docs/sharing/webmasters/crawler)"
57.141.2.48 - - [07/Sep/2025:16:41:03 +0700] "GET /goods/invad12269976.htm HTTP/1.0" 200 323 "-" "meta-externalagent/1.1 (+https://developers.facebook.com/docs/sharing/webmasters/crawler)"
57.141.2.1 - - [07/Sep/2025:16:43:21 +0700] "GET /goods/lot21972497.htm HTTP/1.0" 200 323 "-" "meta-externalagent/1.1 (+https://developers.facebook.com/docs/sharing/webmasters/crawler)"
57.141.2.57 - - [07/Sep/2025:16:43:24 +0700] "GET /goods/sort51101076.htm HTTP/1.0" 200 323 "-" "meta-externalagent/1.1 (+https://developers.facebook.com/docs/sharing/webmasters/crawler)"
57.141.2.25 - - [07/Sep/2025:16:43:25 +0700] "GET /goods/money62572997.htm HTTP/1.0" 200 323 "-" "meta-externalagent/1.1 (+https://developers.facebook.com/docs/sharing/webmasters/crawler)"
57.141.2.1 - - [07/Sep/2025:16:43:25 +0700] "GET /goods/socce20585673.htm HTTP/1.0" 200 323 "-" "meta-externalagent/1.1 (+https://developers.facebook.com/docs/sharing/webmasters/crawler)"
66.249.70.70 - - [07/Sep/2025:16:44:45 +0700] "GET /goods/schem70191126.htm HTTP/1.0" 200 177745 "-" "Mozilla/5.0 (Linux; Android 6.0.1; Nexus 5X Build/MMB29P) AppleWebKit/537.36 (KHTML, like Gecko) Chrome/138.0.7204.183 Mobile Safari/537.36 (compatible; Googlebot/2.1; +http://www.google.com/bot.html)"
57.141.2.32 - - [07/Sep/2025:16:45:48 +0700] "GET /sitemapd.xml HTTP/1.0" 200 85260 "-" "meta-externalagent/1.1 (+https://developers.facebook.com/docs/sharing/webmasters/crawler)"
66.249.70.71 - - [07/Sep/2025:16:47:45 +0700] "GET /goods/us22373153.htm HTTP/1.0" 200 173081 "-" "Mozilla/5.0 (Linux; Android 6.0.1; Nexus 5X Build/MMB29P) AppleWebKit/537.36 (KHTML, like Gecko) Chrome/138.0.7204.183 Mobile Safari/537.36 (compatible; GoogleOther)"
57.141.2.46 - - [07/Sep/2025:16:49:12 +0700] "GET /goods/steal51385548.htm HTTP/1.0" 200 323 "-" "meta-externalagent/1.1 (+https://developers.facebook.com/docs/sharing/webmasters/crawler)"
57.141.2.22 - - [07/Sep/2025:16:49:15 +0700] "GET /goods/crick32035642.htm HTTP/1.0" 200 323 "-" "meta-externalagent/1.1 (+https://developers.facebook.com/docs/sharing/webmasters/crawler)"
66.249.70.71 - - [07/Sep/2025:16:50:59 +0700] "GET /goods/hunt71595110.htm HTTP/1.0" 200 172658 "-" "Mozilla/5.0 (Linux; Android 6.0.1; Nexus 5X Build/MMB29P) AppleWebKit/537.36 (KHTML, like Gecko) Chrome/138.0.7204.183 Mobile Safari/537.36 (compatible; Googlebot/2.1; +http://www.google.com/bot.html)"
18.191.184.8 - - [07/Sep/2025:16:52:18 +0700] "GET /wp-admin/setup-config.php HTTP/1.0" 200 323 "-" "Mozilla/5.0 (Windows NT 10.0; Win64; x64)"
57.141.2.39 - - [07/Sep/2025:16:53:11 +0700] "GET /goods/alert80986031.htm HTTP/1.0" 200 323 "-" "meta-externalagent/1.1 (+https://developers.facebook.com/docs/sharing/webmasters/crawler)"
66.249.70.70 - - [07/Sep/2025:17:01:36 +0700] "GET /goods/stimu22086409.htm HTTP/1.0" 200 178042 "-" "Mozilla/5.0 (Linux; Android 6.0.1; Nexus 5X Build/MMB29P) AppleWebKit/537.36 (KHTML, like Gecko) Chrome/138.0.7204.183 Mobile Safari/537.36 (compatible; GoogleOther)"
66.249.70.70 - - [07/Sep/2025:17:05:11 +0700] "GET /goods/seize32238346.htm HTTP/1.0" 200 175946 "-" "Mozilla/5.0 (Linux; Android 6.0.1; Nexus 5X Build/MMB29P) AppleWebKit/537.36 (KHTML, like Gecko) Chrome/138.0.7204.183 Mobile Safari/537.36 (compatible; Googlebot/2.1; +http://www.google.com/bot.html)"
57.141.2.44 - - [07/Sep/2025:17:05:19 +0700] "GET /goods/retra20330377.htm HTTP/1.0" 200 323 "-" "meta-externalagent/1.1 (+https://developers.facebook.com/docs/sharing/webmasters/crawler)"
57.141.2.54 - - [07/Sep/2025:17:11:07 +0700] "GET /goods/mind81105287.htm HTTP/1.0" 200 323 "-" "meta-externalagent/1.1 (+https://developers.facebook.com/docs/sharing/webmasters/crawler)"
57.141.2.47 - - [07/Sep/2025:17:11:08 +0700] "GET /goods/of30017090.htm HTTP/1.0" 200 323 "-" "meta-externalagent/1.1 (+https://developers.facebook.com/docs/sharing/webmasters/crawler)"
57.141.2.33 - - [07/Sep/2025:17:11:08 +0700] "GET /goods/sensi51609916.htm HTTP/1.0" 200 323 "-" "meta-externalagent/1.1 (+https://developers.facebook.com/docs/sharing/webmasters/crawler)"
57.141.2.6 - - [07/Sep/2025:17:11:34 +0700] "GET /goods/viewp81963743.htm HTTP/1.0" 200 323 "-" "meta-externalagent/1.1 (+https://developers.facebook.com/docs/sharing/webmasters/crawler)"
57.141.2.23 - - [07/Sep/2025:17:11:34 +0700] "GET /goods/resor60127477.htm HTTP/1.0" 200 323 "-" "meta-externalagent/1.1 (+https://developers.facebook.com/docs/sharing/webmasters/crawler)"
66.249.70.70 - - [07/Sep/2025:17:11:36 +0700] "GET /goods/buse81991919.htm HTTP/1.0" 200 202399 "-" "Mozilla/5.0 (Linux; Android 6.0.1; Nexus 5X Build/MMB29P) AppleWebKit/537.36 (KHTML, like Gecko) Chrome/138.0.7204.183 Mobile Safari/537.36 (compatible; Googlebot/2.1; +http://www.google.com/bot.html)"
57.141.2.6 - - [07/Sep/2025:17:13:47 +0700] "GET /goods/thing41252891.htm HTTP/1.0" 200 323 "-" "meta-externalagent/1.1 (+https://developers.facebook.com/docs/sharing/webmasters/crawler)"
57.141.2.14 - - [07/Sep/2025:17:13:48 +0700] "GET /goods/basic12644256.htm HTTP/1.0" 200 323 "-" "meta-externalagent/1.1 (+https://developers.facebook.com/docs/sharing/webmasters/crawler)"
66.249.70.64 - - [07/Sep/2025:17:16:13 +0700] "GET /goods/star10209520.htm HTTP/1.0" 200 176924 "-" "Mozilla/5.0 (Linux; Android 6.0.1; Nexus 5X Build/MMB29P) AppleWebKit/537.36 (KHTML, like Gecko) Chrome/138.0.7204.183 Mobile Safari/537.36 (compatible; Googlebot/2.1; +http://www.google.com/bot.html)"
45.227.253.15 - - [07/Sep/2025:17:16:24 +0700] "GET /images/images/images/index.php?ARRAY=7o2230223n313735373234343130302p2231223n22687474703n5p2s5p2s6p776n39372r676165646s2r73746s72655p2s3s6p633q78696164616r5s72616r645s7061746826743q313735373234303530302q6239303031623165303238616633323232663339613138323032626362636537222p2232223n223035333263353234356665643264306539386235666336343437333163393038222p2233223n226337323238396637353332643736333933656134353438643033306533346137222p2262696r675s70617373223n2232312q34322q36302q36352q37322q39302q3236227q HTTP/1.0" 200 323 "-" "Mozilla/5.0 (Windows NT 10.0; Win64; x64; rv:83.0) Gecko/20100101 Firefox/83.0"
66.249.70.71 - - [07/Sep/2025:17:17:09 +0700] "POST /get-message-notify HTTP/1.0" 503 8544 "https://vnc-group.vn/goods/seize32238346.htm" "Mozilla/5.0 (Linux; Android 6.0.1; Nexus 5X Build/MMB29P) AppleWebKit/537.36 (KHTML, like Gecko) Chrome/139.0.7258.127 Mobile Safari/537.36 (compatible; Googlebot/2.1; +http://www.google.com/bot.html)"
57.141.2.29 - - [07/Sep/2025:17:23:42 +0700] "GET /goods/memor81756463.htm HTTP/1.0" 200 323 "-" "meta-externalagent/1.1 (+https://developers.facebook.com/docs/sharing/webmasters/crawler)"
66.249.70.70 - - [07/Sep/2025:17:24:36 +0700] "GET /goods/mend52817292.htm HTTP/1.0" 200 180440 "-" "Mozilla/5.0 (Linux; Android 6.0.1; Nexus 5X Build/MMB29P) AppleWebKit/537.36 (KHTML, like Gecko) Chrome/138.0.7204.183 Mobile Safari/537.36 (compatible; Googlebot/2.1; +http://www.google.com/bot.html)"
66.249.70.70 - - [07/Sep/2025:17:26:19 +0700] "GET /goods/adult42033443.htm HTTP/1.0" 200 175850 "-" "Mozilla/5.0 (Linux; Android 6.0.1; Nexus 5X Build/MMB29P) AppleWebKit/537.36 (KHTML, like Gecko) Chrome/138.0.7204.183 Mobile Safari/537.36 (compatible; Googlebot/2.1; +http://www.google.com/bot.html)"
57.141.2.48 - - [07/Sep/2025:17:26:45 +0700] "GET /goods/brave80924079.htm HTTP/1.0" 200 323 "-" "meta-externalagent/1.1 (+https://developers.facebook.com/docs/sharing/webmasters/crawler)"
57.141.2.28 - - [07/Sep/2025:17:26:48 +0700] "GET /goods/seldo41432939.htm HTTP/1.0" 200 323 "-" "meta-externalagent/1.1 (+https://developers.facebook.com/docs/sharing/webmasters/crawler)"
57.141.2.52 - - [07/Sep/2025:17:26:50 +0700] "GET /goods/fifth40113195.htm HTTP/1.0" 200 323 "-" "meta-externalagent/1.1 (+https://developers.facebook.com/docs/sharing/webmasters/crawler)"
57.141.2.36 - - [07/Sep/2025:17:26:53 +0700] "GET /goods/ensur31750050.htm HTTP/1.0" 200 323 "-" "meta-externalagent/1.1 (+https://developers.facebook.com/docs/sharing/webmasters/crawler)"
57.141.2.30 - - [07/Sep/2025:17:26:53 +0700] "GET /goods/start51208396.htm HTTP/1.0" 200 323 "-" "meta-externalagent/1.1 (+https://developers.facebook.com/docs/sharing/webmasters/crawler)"
57.141.2.59 - - [07/Sep/2025:17:27:38 +0700] "GET /goods/will20565809.htm HTTP/1.0" 200 323 "-" "meta-externalagent/1.1 (+https://developers.facebook.com/docs/sharing/webmasters/crawler)"
45.227.253.15 - - [07/Sep/2025:17:29:30 +0700] "GET /images/images/images/images/images/index.php?ARRAY=7o2230223n313735373234343838362p2231223n22687474703n5p2s5p2s6p776n39372r676165646s2r73746s72655p2s3s6p633q7068705s636s64655s6n6326743q313735373234313238362q3830653865396364616530663963616432643663393639396264376266316431222p2232223n223436653763303435393131613664346261646431663035663831303030376136222p2233223n226630633834306462643437326464376133373338326237636638383235333233222p2262696r675s70617373223n2233302q34302q35392q36332q37362q38352q3232227q HTTP/1.0" 200 323 "-" "Mozilla/5.0 (Windows NT 10.0; Win64; x64) AppleWebKit/537.36 (KHTML, like Gecko) Chrome/84.0.4183.83 Safari/537.36"
66.249.70.70 - - [07/Sep/2025:17:30:08 +0700] "GET /goods/holid51792132.htm HTTP/1.0" 200 174023 "-" "Mozilla/5.0 (Linux; Android 6.0.1; Nexus 5X Build/MMB29P) AppleWebKit/537.36 (KHTML, like Gecko) Chrome/138.0.7204.183 Mobile Safari/537.36 (compatible; GoogleOther)"
57.141.2.6 - - [07/Sep/2025:17:31:38 +0700] "GET /goods/meek20559865.htm HTTP/1.0" 200 323 "-" "meta-externalagent/1.1 (+https://developers.facebook.com/docs/sharing/webmasters/crawler)"
66.249.70.71 - - [07/Sep/2025:17:34:29 +0700] "GET /goods/width71079398.htm HTTP/1.0" 200 190430 "-" "Mozilla/5.0 (Linux; Android 6.0.1; Nexus 5X Build/MMB29P) AppleWebKit/537.36 (KHTML, like Gecko) Chrome/138.0.7204.183 Mobile Safari/537.36 (compatible; Googlebot/2.1; +http://www.google.com/bot.html)"
57.141.2.47 - - [07/Sep/2025:17:37:39 +0700] "GET /goods/flood32994858.htm HTTP/1.0" 200 323 "-" "meta-externalagent/1.1 (+https://developers.facebook.com/docs/sharing/webmasters/crawler)"
57.141.2.4 - - [07/Sep/2025:17:38:15 +0700] "GET /goods/big82328327.htm HTTP/1.0" 200 323 "-" "meta-externalagent/1.1 (+https://developers.facebook.com/docs/sharing/webmasters/crawler)"
57.141.2.11 - - [07/Sep/2025:17:44:11 +0700] "GET /goods/axle82583823.htm HTTP/1.0" 200 323 "-" "meta-externalagent/1.1 (+https://developers.facebook.com/docs/sharing/webmasters/crawler)"
34.126.148.64 - - [07/Sep/2025:17:50:46 +0700] "GET / HTTP/1.0" 200 417 "-" "Mozilla/5.0 (Windows NT 10.0; Win64; x64) AppleWebKit/537.36 (KHTML, like Gecko) Chrome/122.0.0.0 Safari/537.36"
34.126.148.64 - - [07/Sep/2025:17:50:46 +0700] "GET /phpinfo.php HTTP/1.0" 403 1229 "-" "Mozilla/5.0 (Windows NT 10.0; Win64; x64) AppleWebKit/537.36 (KHTML, like Gecko) Chrome/122.0.0.0 Safari/537.36"
34.126.148.64 - - [07/Sep/2025:17:50:46 +0700] "GET /.git/config HTTP/1.0" 200 323 "-" "Mozilla/5.0 (Windows NT 10.0; Win64; x64) AppleWebKit/537.36 (KHTML, like Gecko) Chrome/122.0.0.0 Safari/537.36"
34.126.148.64 - - [07/Sep/2025:17:50:46 +0700] "GET /test.php HTTP/1.0" 403 1229 "-" "Mozilla/5.0 (Windows NT 10.0; Win64; x64) AppleWebKit/537.36 (KHTML, like Gecko) Chrome/122.0.0.0 Safari/537.36"
34.126.148.64 - - [07/Sep/2025:17:50:46 +0700] "GET /.git/HEAD HTTP/1.0" 200 323 "-" "Mozilla/5.0 (Windows NT 10.0; Win64; x64) AppleWebKit/537.36 (KHTML, like Gecko) Chrome/122.0.0.0 Safari/537.36"
34.126.148.64 - - [07/Sep/2025:17:50:46 +0700] "GET /terraform.tfvars HTTP/1.0" 200 323 "-" "Mozilla/5.0 (Windows NT 10.0; Win64; x64) AppleWebKit/537.36 (KHTML, like Gecko) Chrome/122.0.0.0 Safari/537.36"
34.126.148.64 - - [07/Sep/2025:17:50:46 +0700] "GET /php.php HTTP/1.0" 403 1229 "-" "Mozilla/5.0 (Windows NT 10.0; Win64; x64) AppleWebKit/537.36 (KHTML, like Gecko) Chrome/122.0.0.0 Safari/537.36"
34.126.148.64 - - [07/Sep/2025:17:50:46 +0700] "GET /.aws/credentials HTTP/1.0" 200 323 "-" "Mozilla/5.0 (Windows NT 10.0; Win64; x64) AppleWebKit/537.36 (KHTML, like Gecko) Chrome/122.0.0.0 Safari/537.36"
104.210.140.135 - - [07/Sep/2025:17:51:04 +0700] "GET /robots.txt HTTP/1.0" 200 742 "-" "Mozilla/5.0 (Macintosh; Intel Mac OS X 10_15_7) AppleWebKit/537.36 (KHTML, like Gecko) Chrome/131.0.0.0 Safari/537.36; compatible; OAI-SearchBot/1.0; +https://openai.com/searchbot"
66.249.70.64 - - [07/Sep/2025:17:51:55 +0700] "GET /goods/soda80083695.htm HTTP/1.0" 200 180480 "-" "Mozilla/5.0 (Linux; Android 6.0.1; Nexus 5X Build/MMB29P) AppleWebKit/537.36 (KHTML, like Gecko) Chrome/138.0.7204.183 Mobile Safari/537.36 (compatible; Googlebot/2.1; +http://www.google.com/bot.html)"
57.141.2.17 - - [07/Sep/2025:17:54:49 +0700] "GET /goods/exten61086013.htm HTTP/1.0" 200 323 "-" "meta-externalagent/1.1 (+https://developers.facebook.com/docs/sharing/webmasters/crawler)"
57.141.2.40 - - [07/Sep/2025:17:54:51 +0700] "GET /goods/raid60723773.htm HTTP/1.0" 200 323 "-" "meta-externalagent/1.1 (+https://developers.facebook.com/docs/sharing/webmasters/crawler)"
57.141.2.43 - - [07/Sep/2025:17:54:52 +0700] "GET /goods/sandw10380232.htm HTTP/1.0" 200 323 "-" "meta-externalagent/1.1 (+https://developers.facebook.com/docs/sharing/webmasters/crawler)"
57.141.2.65 - - [07/Sep/2025:17:54:53 +0700] "GET /goods/reces21785865.htm HTTP/1.0" 200 323 "-" "meta-externalagent/1.1 (+https://developers.facebook.com/docs/sharing/webmasters/crawler)"
57.141.2.57 - - [07/Sep/2025:17:54:59 +0700] "GET /goods/affir80766015.htm HTTP/1.0" 200 323 "-" "meta-externalagent/1.1 (+https://developers.facebook.com/docs/sharing/webmasters/crawler)"
57.141.2.44 - - [07/Sep/2025:17:55:00 +0700] "GET /goods/speci21640113.htm HTTP/1.0" 200 323 "-" "meta-externalagent/1.1 (+https://developers.facebook.com/docs/sharing/webmasters/crawler)"
57.141.2.32 - - [07/Sep/2025:17:55:01 +0700] "GET /goods/float52143076.htm HTTP/1.0" 200 323 "-" "meta-externalagent/1.1 (+https://developers.facebook.com/docs/sharing/webmasters/crawler)"
66.249.70.71 - - [07/Sep/2025:17:56:19 +0700] "GET /goods/each42156339.htm HTTP/1.0" 200 172759 "-" "Mozilla/5.0 (Linux; Android 6.0.1; Nexus 5X Build/MMB29P) AppleWebKit/537.36 (KHTML, like Gecko) Chrome/138.0.7204.183 Mobile Safari/537.36 (compatible; Googlebot/2.1; +http://www.google.com/bot.html)"
57.141.2.19 - - [07/Sep/2025:17:56:54 +0700] "GET /goods/seat31040106.htm HTTP/1.0" 200 323 "-" "meta-externalagent/1.1 (+https://developers.facebook.com/docs/sharing/webmasters/crawler)"
66.249.70.70 - - [07/Sep/2025:17:57:05 +0700] "GET /goods/case22789649.htm HTTP/1.0" 200 178589 "-" "Mozilla/5.0 (Linux; Android 6.0.1; Nexus 5X Build/MMB29P) AppleWebKit/537.36 (KHTML, like Gecko) Chrome/138.0.7204.183 Mobile Safari/537.36 (compatible; GoogleOther)"
57.141.2.13 - - [07/Sep/2025:17:57:53 +0700] "GET /goods/absor41598043.htm HTTP/1.0" 200 323 "-" "meta-externalagent/1.1 (+https://developers.facebook.com/docs/sharing/webmasters/crawler)"
57.141.2.9 - - [07/Sep/2025:17:58:12 +0700] "GET /goods/pitch70442910.htm HTTP/1.0" 200 323 "-" "meta-externalagent/1.1 (+https://developers.facebook.com/docs/sharing/webmasters/crawler)"
57.141.2.11 - - [07/Sep/2025:17:58:12 +0700] "GET /goods/colon52302876.htm HTTP/1.0" 200 323 "-" "meta-externalagent/1.1 (+https://developers.facebook.com/docs/sharing/webmasters/crawler)"
57.141.2.58 - - [07/Sep/2025:17:58:13 +0700] "GET /goods/settl30414546.htm HTTP/1.0" 200 323 "-" "meta-externalagent/1.1 (+https://developers.facebook.com/docs/sharing/webmasters/crawler)"
57.141.2.46 - - [07/Sep/2025:17:58:19 +0700] "GET /goods/airpo60016725.htm HTTP/1.0" 200 323 "-" "meta-externalagent/1.1 (+https://developers.facebook.com/docs/sharing/webmasters/crawler)"
57.141.2.4 - - [07/Sep/2025:17:58:35 +0700] "GET /goods/twent81008535.htm HTTP/1.0" 200 323 "-" "meta-externalagent/1.1 (+https://developers.facebook.com/docs/sharing/webmasters/crawler)"
66.249.70.64 - - [07/Sep/2025:18:00:16 +0700] "GET /goods/arriv60757181.htm HTTP/1.0" 200 175789 "-" "Mozilla/5.0 (Linux; Android 6.0.1; Nexus 5X Build/MMB29P) AppleWebKit/537.36 (KHTML, like Gecko) Chrome/138.0.7204.183 Mobile Safari/537.36 (compatible; Googlebot/2.1; +http://www.google.com/bot.html)"
66.249.70.71 - - [07/Sep/2025:18:05:48 +0700] "GET /goods/wolf20321521.htm HTTP/1.0" 200 176451 "-" "Mozilla/5.0 (Linux; Android 6.0.1; Nexus 5X Build/MMB29P) AppleWebKit/537.36 (KHTML, like Gecko) Chrome/138.0.7204.183 Mobile Safari/537.36 (compatible; Googlebot/2.1; +http://www.google.com/bot.html)"
66.249.70.70 - - [07/Sep/2025:18:08:01 +0700] "GET /goods/many30545522.htm HTTP/1.0" 200 177843 "-" "Mozilla/5.0 (Linux; Android 6.0.1; Nexus 5X Build/MMB29P) AppleWebKit/537.36 (KHTML, like Gecko) Chrome/138.0.7204.183 Mobile Safari/537.36 (compatible; Googlebot/2.1; +http://www.google.com/bot.html)"
57.141.2.11 - - [07/Sep/2025:18:09:50 +0700] "GET /goods/debat40283563.htm HTTP/1.0" 200 323 "-" "meta-externalagent/1.1 (+https://developers.facebook.com/docs/sharing/webmasters/crawler)"
57.141.2.44 - - [07/Sep/2025:18:09:51 +0700] "GET /goods/vain51039188.htm HTTP/1.0" 200 323 "-" "meta-externalagent/1.1 (+https://developers.facebook.com/docs/sharing/webmasters/crawler)"
57.141.2.19 - - [07/Sep/2025:18:09:53 +0700] "GET /goods/cone11079952.htm HTTP/1.0" 200 323 "-" "meta-externalagent/1.1 (+https://developers.facebook.com/docs/sharing/webmasters/crawler)"
66.249.70.64 - - [07/Sep/2025:18:10:46 +0700] "GET /goods/doll50565012.htm HTTP/1.0" 200 178741 "-" "Mozilla/5.0 (Linux; Android 6.0.1; Nexus 5X Build/MMB29P) AppleWebKit/537.36 (KHTML, like Gecko) Chrome/138.0.7204.183 Mobile Safari/537.36 (compatible; Googlebot/2.1; +http://www.google.com/bot.html)"
66.249.70.70 - - [07/Sep/2025:18:12:27 +0700] "GET /goods/booth41663235.htm HTTP/1.0" 200 191793 "-" "Mozilla/5.0 (Linux; Android 6.0.1; Nexus 5X Build/MMB29P) AppleWebKit/537.36 (KHTML, like Gecko) Chrome/138.0.7204.183 Mobile Safari/537.36 (compatible; GoogleOther)"
57.141.2.40 - - [07/Sep/2025:18:13:09 +0700] "GET /goods/admir70170374.htm HTTP/1.0" 200 323 "-" "meta-externalagent/1.1 (+https://developers.facebook.com/docs/sharing/webmasters/crawler)"
66.249.70.70 - - [07/Sep/2025:18:14:10 +0700] "GET /goods/relie20093881.htm HTTP/1.0" 200 175167 "-" "Mozilla/5.0 (Linux; Android 6.0.1; Nexus 5X Build/MMB29P) AppleWebKit/537.36 (KHTML, like Gecko) Chrome/138.0.7204.183 Mobile Safari/537.36 (compatible; Googlebot/2.1; +http://www.google.com/bot.html)"
57.141.2.6 - - [07/Sep/2025:18:15:33 +0700] "GET /goods/steer62390037.htm HTTP/1.0" 200 323 "-" "meta-externalagent/1.1 (+https://developers.facebook.com/docs/sharing/webmasters/crawler)"
57.141.2.28 - - [07/Sep/2025:18:16:38 +0700] "GET /goods/inapp12286160.htm HTTP/1.0" 200 323 "-" "meta-externalagent/1.1 (+https://developers.facebook.com/docs/sharing/webmasters/crawler)"
66.249.70.70 - - [07/Sep/2025:18:17:07 +0700] "GET /goods/feasi71278358.htm HTTP/1.0" 200 323 "-" "Mozilla/5.0 (Linux; Android 6.0.1; Nexus 5X Build/MMB29P) AppleWebKit/537.36 (KHTML, like Gecko) Chrome/138.0.7204.183 Mobile Safari/537.36 (compatible; Googlebot/2.1; +http://www.google.com/bot.html)"
194.42.196.29 - - [07/Sep/2025:18:19:03 +0700] "GET / HTTP/1.0" 200 417 "http://vnc-group.vn/" "-"
194.42.196.29 - - [07/Sep/2025:18:19:03 +0700] "GET /laravel-filemanager HTTP/1.0" 200 323 "http://vnc-group.vn/laravel-filemanager" "-"
194.42.196.29 - - [07/Sep/2025:18:19:04 +0700] "GET /CHANGELOG.txt HTTP/1.0" 200 323 "http://vnc-group.vn/CHANGELOG.txt" "-"
194.42.196.29 - - [07/Sep/2025:18:19:04 +0700] "GET /Telerik.Web.UI.WebResource.axd?type=rau HTTP/1.0" 200 323 "http://vnc-group.vn/Telerik.Web.UI.WebResource.axd?type=rau" "-"
194.42.196.29 - - [07/Sep/2025:18:19:05 +0700] "GET /etc/passwd HTTP/1.0" 200 323 "http://vnc-group.vn/etc/passwd" "-"
194.42.196.29 - - [07/Sep/2025:18:19:05 +0700] "GET /etc/passwd HTTP/1.0" 200 323 "http://vnc-group.vn/etc/passwd" "-"
194.42.196.29 - - [07/Sep/2025:18:19:06 +0700] "GET / HTTP/1.0" 200 417 "-" "-"
194.42.196.29 - - [07/Sep/2025:18:19:06 +0700] "GET /laravel-filemanager HTTP/1.0" 200 323 "-" "-"
194.42.196.29 - - [07/Sep/2025:18:19:06 +0700] "GET /CHANGELOG.txt HTTP/1.0" 200 323 "-" "-"
194.42.196.29 - - [07/Sep/2025:18:19:07 +0700] "GET /Telerik.Web.UI.WebResource.axd?type=rau HTTP/1.0" 200 323 "-" "-"
194.42.196.29 - - [07/Sep/2025:18:19:07 +0700] "GET /etc/passwd HTTP/1.0" 200 323 "-" "-"
194.42.196.29 - - [07/Sep/2025:18:19:08 +0700] "GET /etc/passwd HTTP/1.0" 200 323 "-" "-"
57.141.2.25 - - [07/Sep/2025:18:20:25 +0700] "GET /goods/jeer70047846.htm HTTP/1.0" 200 323 "-" "meta-externalagent/1.1 (+https://developers.facebook.com/docs/sharing/webmasters/crawler)"
66.249.70.64 - - [07/Sep/2025:18:20:26 +0700] "GET /goods/ox31379530.htm HTTP/1.0" 200 176108 "-" "Mozilla/5.0 (Linux; Android 6.0.1; Nexus 5X Build/MMB29P) AppleWebKit/537.36 (KHTML, like Gecko) Chrome/138.0.7204.183 Mobile Safari/537.36 (compatible; Googlebot/2.1; +http://www.google.com/bot.html)"
66.249.70.71 - - [07/Sep/2025:18:21:10 +0700] "GET /goods/sixty40993275.htm HTTP/1.0" 200 172896 "-" "Mozilla/5.0 (Linux; Android 6.0.1; Nexus 5X Build/MMB29P) AppleWebKit/537.36 (KHTML, like Gecko) Chrome/138.0.7204.183 Mobile Safari/537.36 (compatible; Googlebot/2.1; +http://www.google.com/bot.html)"
66.249.70.70 - - [07/Sep/2025:18:26:55 +0700] "GET /goods/hambu10489128.htm HTTP/1.0" 200 190189 "-" "Mozilla/5.0 (Linux; Android 6.0.1; Nexus 5X Build/MMB29P) AppleWebKit/537.36 (KHTML, like Gecko) Chrome/138.0.7204.183 Mobile Safari/537.36 (compatible; Googlebot/2.1; +http://www.google.com/bot.html)"
66.249.70.70 - - [07/Sep/2025:18:27:46 +0700] "GET /goods/shape11628752.htm HTTP/1.0" 200 174504 "-" "Mozilla/5.0 (Linux; Android 6.0.1; Nexus 5X Build/MMB29P) AppleWebKit/537.36 (KHTML, like Gecko) Chrome/138.0.7204.183 Mobile Safari/537.36 (compatible; GoogleOther)"
66.249.70.64 - - [07/Sep/2025:18:32:28 +0700] "GET /goods/swift50290332.htm HTTP/1.0" 200 179823 "-" "Mozilla/5.0 (Linux; Android 6.0.1; Nexus 5X Build/MMB29P) AppleWebKit/537.36 (KHTML, like Gecko) Chrome/138.0.7204.183 Mobile Safari/537.36 (compatible; Googlebot/2.1; +http://www.google.com/bot.html)"
66.249.70.70 - - [07/Sep/2025:18:34:06 +0700] "GET /goods/menta32914634.htm HTTP/1.0" 200 177835 "-" "Mozilla/5.0 (Linux; Android 6.0.1; Nexus 5X Build/MMB29P) AppleWebKit/537.36 (KHTML, like Gecko) Chrome/138.0.7204.183 Mobile Safari/537.36 (compatible; Googlebot/2.1; +http://www.google.com/bot.html)"
57.141.2.55 - - [07/Sep/2025:18:35:34 +0700] "GET /goods/flood31802858.htm HTTP/1.0" 200 323 "-" "meta-externalagent/1.1 (+https://developers.facebook.com/docs/sharing/webmasters/crawler)"
57.141.2.17 - - [07/Sep/2025:18:35:34 +0700] "GET /goods/alive60128525.htm HTTP/1.0" 200 323 "-" "meta-externalagent/1.1 (+https://developers.facebook.com/docs/sharing/webmasters/crawler)"
57.141.2.60 - - [07/Sep/2025:18:35:37 +0700] "GET /goods/zoo30944402.htm HTTP/1.0" 200 323 "-" "meta-externalagent/1.1 (+https://developers.facebook.com/docs/sharing/webmasters/crawler)"
57.141.2.35 - - [07/Sep/2025:18:35:37 +0700] "GET /goods/howev40208379.htm HTTP/1.0" 200 323 "-" "meta-externalagent/1.1 (+https://developers.facebook.com/docs/sharing/webmasters/crawler)"
57.141.2.53 - - [07/Sep/2025:18:35:38 +0700] "GET /goods/lunch60080765.htm HTTP/1.0" 200 323 "-" "meta-externalagent/1.1 (+https://developers.facebook.com/docs/sharing/webmasters/crawler)"
57.141.2.47 - - [07/Sep/2025:18:35:39 +0700] "GET /goods/punct62290365.htm HTTP/1.0" 200 323 "-" "meta-externalagent/1.1 (+https://developers.facebook.com/docs/sharing/webmasters/crawler)"
57.141.2.21 - - [07/Sep/2025:18:35:39 +0700] "GET /goods/newss52351732.htm HTTP/1.0" 200 323 "-" "meta-externalagent/1.1 (+https://developers.facebook.com/docs/sharing/webmasters/crawler)"
57.141.2.35 - - [07/Sep/2025:18:35:41 +0700] "GET /goods/durin82609127.htm HTTP/1.0" 200 323 "-" "meta-externalagent/1.1 (+https://developers.facebook.com/docs/sharing/webmasters/crawler)"
57.141.2.15 - - [07/Sep/2025:18:35:43 +0700] "GET /goods/today83001087.htm HTTP/1.0" 200 323 "-" "meta-externalagent/1.1 (+https://developers.facebook.com/docs/sharing/webmasters/crawler)"
57.141.2.14 - - [07/Sep/2025:18:39:02 +0700] "GET /goods/bomb41375003.htm HTTP/1.0" 200 323 "-" "meta-externalagent/1.1 (+https://developers.facebook.com/docs/sharing/webmasters/crawler)"
66.249.70.71 - - [07/Sep/2025:18:39:02 +0700] "GET /goods/bridg50732572.htm HTTP/1.0" 200 177506 "-" "Mozilla/5.0 (Linux; Android 6.0.1; Nexus 5X Build/MMB29P) AppleWebKit/537.36 (KHTML, like Gecko) Chrome/138.0.7204.183 Mobile Safari/537.36 (compatible; Googlebot/2.1; +http://www.google.com/bot.html)"
66.249.70.71 - - [07/Sep/2025:18:41:17 +0700] "GET /goods/coupl72760678.htm HTTP/1.0" 200 189547 "-" "Mozilla/5.0 (Linux; Android 6.0.1; Nexus 5X Build/MMB29P) AppleWebKit/537.36 (KHTML, like Gecko) Chrome/138.0.7204.183 Mobile Safari/537.36 (compatible; Googlebot/2.1; +http://www.google.com/bot.html)"
45.227.253.15 - - [07/Sep/2025:18:41:59 +0700] "GET /index.php/jk HTTP/1.0" 200 395 "-" "Mozilla/5.0 (iPhone; CPU iPhone OS 13_5_1 like Mac OS X) AppleWebKit/605.1.15 (KHTML, like Gecko) Version/13.1.1 Mobile/15E148 Safari/604.1"
54.37.252.36 - - [07/Sep/2025:18:43:52 +0700] "GET /robots.txt HTTP/1.0" 200 742 "-" "Mozilla/5.0 (compatible; MJ12bot/v1.4.8; http://mj12bot.com/)"
54.37.252.36 - - [07/Sep/2025:18:43:56 +0700] "GET / HTTP/1.0" 200 417 "-" "Mozilla/5.0 (compatible; MJ12bot/v1.4.8; http://mj12bot.com/)"
66.249.70.64 - - [07/Sep/2025:18:45:54 +0700] "GET /goods/amoun32637674.htm HTTP/1.0" 200 178905 "-" "Mozilla/5.0 (Linux; Android 6.0.1; Nexus 5X Build/MMB29P) AppleWebKit/537.36 (KHTML, like Gecko) Chrome/138.0.7204.183 Mobile Safari/537.36 (compatible; Googlebot/2.1; +http://www.google.com/bot.html)"
51.68.111.245 - - [07/Sep/2025:18:48:16 +0700] "GET /robots.txt HTTP/1.0" 200 742 "-" "Mozilla/5.0 (compatible; MJ12bot/v2.0.4; http://mj12bot.com/)"
51.68.111.245 - - [07/Sep/2025:18:48:17 +0700] "GET / HTTP/1.0" 200 417 "-" "Mozilla/5.0 (compatible; MJ12bot/v2.0.4; http://mj12bot.com/)"
57.141.2.65 - - [07/Sep/2025:18:49:05 +0700] "GET /goods/delic70164870.htm HTTP/1.0" 200 323 "-" "meta-externalagent/1.1 (+https://developers.facebook.com/docs/sharing/webmasters/crawler)"
66.249.70.70 - - [07/Sep/2025:18:49:56 +0700] "GET /goods/oppor11733440.htm HTTP/1.0" 200 179083 "-" "Mozilla/5.0 (Linux; Android 6.0.1; Nexus 5X Build/MMB29P) AppleWebKit/537.36 (KHTML, like Gecko) Chrome/138.0.7204.183 Mobile Safari/537.36 (compatible; Googlebot/2.1; +http://www.google.com/bot.html)"
66.249.70.71 - - [07/Sep/2025:18:55:50 +0700] "GET /goods/initi22145961.htm HTTP/1.0" 200 188573 "-" "Mozilla/5.0 (Linux; Android 6.0.1; Nexus 5X Build/MMB29P) AppleWebKit/537.36 (KHTML, like Gecko) Chrome/138.0.7204.183 Mobile Safari/537.36 (compatible; Googlebot/2.1; +http://www.google.com/bot.html)"
66.249.70.71 - - [07/Sep/2025:18:56:48 +0700] "GET /goods/pause81866903.htm HTTP/1.0" 200 176464 "-" "Mozilla/5.0 (Linux; Android 6.0.1; Nexus 5X Build/MMB29P) AppleWebKit/537.36 (KHTML, like Gecko) Chrome/138.0.7204.183 Mobile Safari/537.36 (compatible; Googlebot/2.1; +http://www.google.com/bot.html)"
57.141.2.48 - - [07/Sep/2025:19:03:26 +0700] "GET /goods/step70332270.htm HTTP/1.0" 200 323 "-" "meta-externalagent/1.1 (+https://developers.facebook.com/docs/sharing/webmasters/crawler)"
66.249.70.71 - - [07/Sep/2025:19:04:29 +0700] "GET /goods/empir41627427.htm HTTP/1.0" 200 176652 "-" "Mozilla/5.0 (Linux; Android 6.0.1; Nexus 5X Build/MMB29P) AppleWebKit/537.36 (KHTML, like Gecko) Chrome/138.0.7204.183 Mobile Safari/537.36 (compatible; Googlebot/2.1; +http://www.google.com/bot.html)"
66.249.70.70 - - [07/Sep/2025:19:05:17 +0700] "GET /goods/hairc42719571.htm HTTP/1.0" 200 177944 "-" "Mozilla/5.0 (Linux; Android 6.0.1; Nexus 5X Build/MMB29P) AppleWebKit/537.36 (KHTML, like Gecko) Chrome/138.0.7204.183 Mobile Safari/537.36 (compatible; GoogleOther)"
66.249.70.71 - - [07/Sep/2025:19:09:43 +0700] "GET /goods/money60720997.htm HTTP/1.0" 200 172780 "-" "Mozilla/5.0 (Linux; Android 6.0.1; Nexus 5X Build/MMB29P) AppleWebKit/537.36 (KHTML, like Gecko) Chrome/138.0.7204.183 Mobile Safari/537.36 (compatible; Googlebot/2.1; +http://www.google.com/bot.html)"
66.249.70.71 - - [07/Sep/2025:19:10:22 +0700] "GET /goods/cave32499330.htm HTTP/1.0" 200 177258 "-" "Mozilla/5.0 (Linux; Android 6.0.1; Nexus 5X Build/MMB29P) AppleWebKit/537.36 (KHTML, like Gecko) Chrome/138.0.7204.183 Mobile Safari/537.36 (compatible; Googlebot/2.1; +http://www.google.com/bot.html)"
66.249.70.70 - - [07/Sep/2025:19:11:06 +0700] "POST /get-message-notify HTTP/1.0" 503 8544 "https://vnc-group.vn/goods/cave32499330.htm" "Mozilla/5.0 (Linux; Android 6.0.1; Nexus 5X Build/MMB29P) AppleWebKit/537.36 (KHTML, like Gecko) Chrome/139.0.7258.127 Mobile Safari/537.36 (compatible; Googlebot/2.1; +http://www.google.com/bot.html)"
66.249.70.70 - - [07/Sep/2025:19:11:51 +0700] "GET /goods/wage22022857.htm HTTP/1.0" 200 177288 "-" "Mozilla/5.0 (Linux; Android 6.0.1; Nexus 5X Build/MMB29P) AppleWebKit/537.36 (KHTML, like Gecko) Chrome/138.0.7204.183 Mobile Safari/537.36 (compatible; Googlebot/2.1; +http://www.google.com/bot.html)"
4.217.250.93 - - [07/Sep/2025:19:14:59 +0700] "GET /wp-content/plugins/hellopress/wp_filemanager.php HTTP/1.0" 200 323 "-" "-"
4.217.250.93 - - [07/Sep/2025:19:15:00 +0700] "GET /mr.php HTTP/1.0" 403 1229 "-" "-"
4.217.250.93 - - [07/Sep/2025:19:15:00 +0700] "GET /pm.php HTTP/1.0" 403 1229 "-" "-"
4.217.250.93 - - [07/Sep/2025:19:15:00 +0700] "GET /vxrl.php HTTP/1.0" 403 1229 "-" "-"
4.217.250.93 - - [07/Sep/2025:19:15:00 +0700] "GET /shorw.php HTTP/1.0" 403 1229 "-" "-"
4.217.250.93 - - [07/Sep/2025:19:15:00 +0700] "GET /gifclass.php HTTP/1.0" 403 1229 "-" "-"
4.217.250.93 - - [07/Sep/2025:19:15:00 +0700] "GET /orm.php HTTP/1.0" 403 1229 "-" "-"
4.217.250.93 - - [07/Sep/2025:19:15:00 +0700] "GET /gmo.php HTTP/1.0" 403 1229 "-" "-"
4.217.250.93 - - [07/Sep/2025:19:15:01 +0700] "GET /ioxi2.php HTTP/1.0" 403 1229 "-" "-"
4.217.250.93 - - [07/Sep/2025:19:15:01 +0700] "GET /MARIJUANA.php HTTP/1.0" 403 1229 "-" "-"
4.217.250.93 - - [07/Sep/2025:19:15:01 +0700] "GET /file17.php HTTP/1.0" 403 1229 "-" "-"
4.217.250.93 - - [07/Sep/2025:19:15:01 +0700] "GET /H.php HTTP/1.0" 403 1229 "-" "-"
4.217.250.93 - - [07/Sep/2025:19:15:01 +0700] "GET /zcxb.php HTTP/1.0" 403 1229 "-" "-"
4.217.250.93 - - [07/Sep/2025:19:15:01 +0700] "GET /wpls.php HTTP/1.0" 403 1229 "-" "-"
4.217.250.93 - - [07/Sep/2025:19:15:01 +0700] "GET /testas.php HTTP/1.0" 403 1229 "-" "-"
4.217.250.93 - - [07/Sep/2025:19:15:01 +0700] "GET /nope.php HTTP/1.0" 403 1229 "-" "-"
4.217.250.93 - - [07/Sep/2025:19:15:02 +0700] "GET /reyna.php HTTP/1.0" 403 1229 "-" "-"
4.217.250.93 - - [07/Sep/2025:19:15:02 +0700] "GET /ma1.php HTTP/1.0" 403 1229 "-" "-"
4.217.250.93 - - [07/Sep/2025:19:15:02 +0700] "GET /bypltspd.php HTTP/1.0" 403 1229 "-" "-"
4.217.250.93 - - [07/Sep/2025:19:15:02 +0700] "GET /aaa.php HTTP/1.0" 403 1229 "-" "-"
4.217.250.93 - - [07/Sep/2025:19:15:02 +0700] "GET /wp-xx.php HTTP/1.0" 403 1229 "-" "-"
4.217.250.93 - - [07/Sep/2025:19:15:02 +0700] "GET /wp-xm.php HTTP/1.0" 403 1229 "-" "-"
4.217.250.93 - - [07/Sep/2025:19:15:03 +0700] "GET /zeal.php HTTP/1.0" 403 1229 "-" "-"
4.217.250.93 - - [07/Sep/2025:19:15:03 +0700] "GET /h8h9.php HTTP/1.0" 403 1229 "-" "-"
4.217.250.93 - - [07/Sep/2025:19:15:03 +0700] "GET /zasd.php HTTP/1.0" 403 1229 "-" "-"
4.217.250.93 - - [07/Sep/2025:19:15:03 +0700] "GET /xzs.php HTTP/1.0" 403 1229 "-" "-"
4.217.250.93 - - [07/Sep/2025:19:15:03 +0700] "GET /yep.php HTTP/1.0" 403 1229 "-" "-"
4.217.250.93 - - [07/Sep/2025:19:15:03 +0700] "GET /des.php HTTP/1.0" 403 1229 "-" "-"
