HEX
Server: Apache
System: Linux ctr1189531.novalocal 3.10.0-1160.36.2.el7.x86_64 #1 SMP Wed Jul 21 11:57:15 UTC 2021 x86_64
User: sysuser_f3 (10000)
PHP: 7.3.29
Disabled: opcache_get_status
Upload Files
File: /var/www/vhosts/vietnguyenvn.vinawebs.com.vn/logs/vnc-group.vn/access_ssl_log
66.249.70.64 - - [07/Sep/2025:03:26:52 +0700] "GET /goods/every41124283.htm HTTP/1.0" 200 180113 "-" "Mozilla/5.0 (Linux; Android 6.0.1; Nexus 5X Build/MMB29P) AppleWebKit/537.36 (KHTML, like Gecko) Chrome/138.0.7204.183 Mobile Safari/537.36 (compatible; GoogleOther)"
57.141.2.35 - - [07/Sep/2025:03:33:19 +0700] "GET /goods/edge71092150.htm HTTP/1.0" 200 323 "-" "meta-externalagent/1.1 (+https://developers.facebook.com/docs/sharing/webmasters/crawler)"
57.141.2.22 - - [07/Sep/2025:03:34:56 +0700] "GET /goods/envir60640341.htm HTTP/1.0" 200 323 "-" "meta-externalagent/1.1 (+https://developers.facebook.com/docs/sharing/webmasters/crawler)"
57.141.2.12 - - [07/Sep/2025:03:34:58 +0700] "GET /goods/fatal20038065.htm HTTP/1.0" 200 323 "-" "meta-externalagent/1.1 (+https://developers.facebook.com/docs/sharing/webmasters/crawler)"
66.249.70.64 - - [07/Sep/2025:03:35:29 +0700] "GET /goods/rubbe10425152.htm HTTP/1.0" 200 323 "-" "Mozilla/5.0 (Linux; Android 6.0.1; Nexus 5X Build/MMB29P) AppleWebKit/537.36 (KHTML, like Gecko) Chrome/138.0.7204.183 Mobile Safari/537.36 (compatible; GoogleOther)"
66.249.70.64 - - [07/Sep/2025:03:37:29 +0700] "GET /goods/topic51805668.htm HTTP/1.0" 200 178125 "-" "Mozilla/5.0 (Linux; Android 6.0.1; Nexus 5X Build/MMB29P) AppleWebKit/537.36 (KHTML, like Gecko) Chrome/138.0.7204.183 Mobile Safari/537.36 (compatible; Googlebot/2.1; +http://www.google.com/bot.html)"
66.249.70.70 - - [07/Sep/2025:03:40:07 +0700] "GET /goods/enqui40959779.htm HTTP/1.0" 200 178583 "-" "Mozilla/5.0 (Linux; Android 6.0.1; Nexus 5X Build/MMB29P) AppleWebKit/537.36 (KHTML, like Gecko) Chrome/138.0.7204.183 Mobile Safari/537.36 (compatible; Googlebot/2.1; +http://www.google.com/bot.html)"
57.141.2.44 - - [07/Sep/2025:03:40:21 +0700] "GET /goods/hydro41742891.htm HTTP/1.0" 200 323 "-" "meta-externalagent/1.1 (+https://developers.facebook.com/docs/sharing/webmasters/crawler)"
57.141.2.27 - - [07/Sep/2025:03:40:37 +0700] "GET /goods/cross70708854.htm HTTP/1.0" 200 323 "-" "meta-externalagent/1.1 (+https://developers.facebook.com/docs/sharing/webmasters/crawler)"
57.141.2.23 - - [07/Sep/2025:03:40:41 +0700] "GET /goods/flavo21647081.htm HTTP/1.0" 200 323 "-" "meta-externalagent/1.1 (+https://developers.facebook.com/docs/sharing/webmasters/crawler)"
57.141.2.62 - - [07/Sep/2025:03:40:52 +0700] "GET /goods/chapt11991576.htm HTTP/1.0" 200 323 "-" "meta-externalagent/1.1 (+https://developers.facebook.com/docs/sharing/webmasters/crawler)"
57.141.2.9 - - [07/Sep/2025:03:41:29 +0700] "GET /goods/campa81814319.htm HTTP/1.0" 200 323 "-" "meta-externalagent/1.1 (+https://developers.facebook.com/docs/sharing/webmasters/crawler)"
45.227.253.15 - - [07/Sep/2025:03:41:42 +0700] "GET /index.php/jk HTTP/1.0" 200 395 "-" "Mozilla/5.0 (iPad; U; CPU OS 4_3_3 like Mac OS X; ja) AppleWebKit/533.17.9 (KHTML, like Gecko) Version/5.0.2 Mobile/8J2 Safari/6533.18.5"
57.141.2.13 - - [07/Sep/2025:03:42:48 +0700] "GET /goods/incre71749254.htm HTTP/1.0" 200 323 "-" "meta-externalagent/1.1 (+https://developers.facebook.com/docs/sharing/webmasters/crawler)"
57.141.2.42 - - [07/Sep/2025:03:43:08 +0700] "GET /goods/stadi41159707.htm HTTP/1.0" 200 323 "-" "meta-externalagent/1.1 (+https://developers.facebook.com/docs/sharing/webmasters/crawler)"
57.141.2.42 - - [07/Sep/2025:03:43:22 +0700] "GET /goods/worth82049119.htm HTTP/1.0" 200 323 "-" "meta-externalagent/1.1 (+https://developers.facebook.com/docs/sharing/webmasters/crawler)"
57.141.2.11 - - [07/Sep/2025:03:44:27 +0700] "GET /goods/shell80941575.htm HTTP/1.0" 200 323 "-" "meta-externalagent/1.1 (+https://developers.facebook.com/docs/sharing/webmasters/crawler)"
57.141.2.23 - - [07/Sep/2025:03:45:43 +0700] "GET /goods/alive60536525.htm HTTP/1.0" 200 323 "-" "meta-externalagent/1.1 (+https://developers.facebook.com/docs/sharing/webmasters/crawler)"
57.141.2.9 - - [07/Sep/2025:03:45:47 +0700] "GET /goods/hoste80031527.htm HTTP/1.0" 200 323 "-" "meta-externalagent/1.1 (+https://developers.facebook.com/docs/sharing/webmasters/crawler)"
57.141.2.40 - - [07/Sep/2025:03:45:55 +0700] "GET /goods/dispo22398985.htm HTTP/1.0" 200 323 "-" "meta-externalagent/1.1 (+https://developers.facebook.com/docs/sharing/webmasters/crawler)"
57.141.2.48 - - [07/Sep/2025:03:46:47 +0700] "GET /goods/revol10958296.htm HTTP/1.0" 200 323 "-" "meta-externalagent/1.1 (+https://developers.facebook.com/docs/sharing/webmasters/crawler)"
57.141.2.37 - - [07/Sep/2025:03:46:58 +0700] "GET /goods/rubbi60920165.htm HTTP/1.0" 200 323 "-" "meta-externalagent/1.1 (+https://developers.facebook.com/docs/sharing/webmasters/crawler)"
57.141.2.40 - - [07/Sep/2025:03:47:14 +0700] "GET /goods/daugh60120885.htm HTTP/1.0" 200 323 "-" "meta-externalagent/1.1 (+https://developers.facebook.com/docs/sharing/webmasters/crawler)"
57.141.2.1 - - [07/Sep/2025:03:47:18 +0700] "GET /goods/faste52051620.htm HTTP/1.0" 200 323 "-" "meta-externalagent/1.1 (+https://developers.facebook.com/docs/sharing/webmasters/crawler)"
57.141.2.49 - - [07/Sep/2025:03:47:20 +0700] "GET /goods/answe21805129.htm HTTP/1.0" 200 323 "-" "meta-externalagent/1.1 (+https://developers.facebook.com/docs/sharing/webmasters/crawler)"
57.141.2.49 - - [07/Sep/2025:03:47:43 +0700] "GET /goods/theor32341826.htm HTTP/1.0" 200 323 "-" "meta-externalagent/1.1 (+https://developers.facebook.com/docs/sharing/webmasters/crawler)"
66.249.70.70 - - [07/Sep/2025:03:47:56 +0700] "POST /get-message-notify HTTP/1.0" 200 173849 "https://vnc-group.vn/goods/enqui40959779.htm" "Mozilla/5.0 (Linux; Android 6.0.1; Nexus 5X Build/MMB29P) AppleWebKit/537.36 (KHTML, like Gecko) Chrome/139.0.7258.127 Mobile Safari/537.36 (compatible; Googlebot/2.1; +http://www.google.com/bot.html)"
57.141.2.59 - - [07/Sep/2025:03:48:08 +0700] "GET /goods/remot20967649.htm HTTP/1.0" 200 323 "-" "meta-externalagent/1.1 (+https://developers.facebook.com/docs/sharing/webmasters/crawler)"
57.141.2.25 - - [07/Sep/2025:03:48:38 +0700] "GET /goods/suppe72516494.htm HTTP/1.0" 200 323 "-" "meta-externalagent/1.1 (+https://developers.facebook.com/docs/sharing/webmasters/crawler)"
66.249.70.71 - - [07/Sep/2025:03:48:35 +0700] "GET /goods/pot20531489.htm HTTP/1.0" 200 173704 "-" "Mozilla/5.0 (Linux; Android 6.0.1; Nexus 5X Build/MMB29P) AppleWebKit/537.36 (KHTML, like Gecko) Chrome/138.0.7204.183 Mobile Safari/537.36 (compatible; Googlebot/2.1; +http://www.google.com/bot.html)"
57.141.2.5 - - [07/Sep/2025:03:48:48 +0700] "GET /goods/miner51274444.htm HTTP/1.0" 200 323 "-" "meta-externalagent/1.1 (+https://developers.facebook.com/docs/sharing/webmasters/crawler)"
57.141.2.31 - - [07/Sep/2025:03:48:50 +0700] "GET /goods/staff80061447.htm HTTP/1.0" 200 323 "-" "meta-externalagent/1.1 (+https://developers.facebook.com/docs/sharing/webmasters/crawler)"
57.141.2.18 - - [07/Sep/2025:03:49:31 +0700] "GET /goods/timbe12431808.htm HTTP/1.0" 200 323 "-" "meta-externalagent/1.1 (+https://developers.facebook.com/docs/sharing/webmasters/crawler)"
57.141.2.17 - - [07/Sep/2025:03:49:34 +0700] "GET /goods/synth80890071.htm HTTP/1.0" 200 323 "-" "meta-externalagent/1.1 (+https://developers.facebook.com/docs/sharing/webmasters/crawler)"
57.141.2.2 - - [07/Sep/2025:03:49:36 +0700] "GET /goods/grain32158250.htm HTTP/1.0" 200 323 "-" "meta-externalagent/1.1 (+https://developers.facebook.com/docs/sharing/webmasters/crawler)"
57.141.2.23 - - [07/Sep/2025:03:49:58 +0700] "GET /goods/fourf42875731.htm HTTP/1.0" 200 323 "-" "meta-externalagent/1.1 (+https://developers.facebook.com/docs/sharing/webmasters/crawler)"
66.249.70.70 - - [07/Sep/2025:03:50:34 +0700] "GET /sitemapf.xml HTTP/1.0" 200 137514 "-" "Mozilla/5.0 (compatible; Googlebot/2.1; +http://www.google.com/bot.html)"
57.141.2.41 - - [07/Sep/2025:03:52:14 +0700] "GET /goods/tropi22303073.htm HTTP/1.0" 200 323 "-" "meta-externalagent/1.1 (+https://developers.facebook.com/docs/sharing/webmasters/crawler)"
57.141.2.32 - - [07/Sep/2025:03:52:40 +0700] "GET /goods/roast52230452.htm HTTP/1.0" 200 323 "-" "meta-externalagent/1.1 (+https://developers.facebook.com/docs/sharing/webmasters/crawler)"
57.141.2.47 - - [07/Sep/2025:03:53:08 +0700] "GET /goods/typew31963042.htm HTTP/1.0" 200 323 "-" "meta-externalagent/1.1 (+https://developers.facebook.com/docs/sharing/webmasters/crawler)"
57.141.2.48 - - [07/Sep/2025:03:53:17 +0700] "GET /goods/breed20679089.htm HTTP/1.0" 200 323 "-" "meta-externalagent/1.1 (+https://developers.facebook.com/docs/sharing/webmasters/crawler)"
57.141.2.48 - - [07/Sep/2025:03:54:29 +0700] "GET /goods/jew12581392.htm HTTP/1.0" 200 323 "-" "meta-externalagent/1.1 (+https://developers.facebook.com/docs/sharing/webmasters/crawler)"
57.141.2.12 - - [07/Sep/2025:03:54:35 +0700] "GET /goods/spot11537584.htm HTTP/1.0" 200 323 "-" "meta-externalagent/1.1 (+https://developers.facebook.com/docs/sharing/webmasters/crawler)"
57.141.2.57 - - [07/Sep/2025:03:54:37 +0700] "GET /goods/websi70800918.htm HTTP/1.0" 200 323 "-" "meta-externalagent/1.1 (+https://developers.facebook.com/docs/sharing/webmasters/crawler)"
57.141.2.55 - - [07/Sep/2025:03:55:04 +0700] "GET /goods/dynam10587512.htm HTTP/1.0" 200 323 "-" "meta-externalagent/1.1 (+https://developers.facebook.com/docs/sharing/webmasters/crawler)"
66.249.70.70 - - [07/Sep/2025:03:55:37 +0700] "GET /goods/escal50705700.htm HTTP/1.0" 200 173593 "-" "Mozilla/5.0 (Linux; Android 6.0.1; Nexus 5X Build/MMB29P) AppleWebKit/537.36 (KHTML, like Gecko) Chrome/138.0.7204.183 Mobile Safari/537.36 (compatible; GoogleOther)"
57.141.2.23 - - [07/Sep/2025:03:56:08 +0700] "GET /goods/reass10190408.htm HTTP/1.0" 200 323 "-" "meta-externalagent/1.1 (+https://developers.facebook.com/docs/sharing/webmasters/crawler)"
57.141.2.35 - - [07/Sep/2025:03:56:17 +0700] "GET /goods/can80956775.htm HTTP/1.0" 200 323 "-" "meta-externalagent/1.1 (+https://developers.facebook.com/docs/sharing/webmasters/crawler)"
57.141.2.34 - - [07/Sep/2025:03:56:19 +0700] "GET /goods/disor60750117.htm HTTP/1.0" 200 323 "-" "meta-externalagent/1.1 (+https://developers.facebook.com/docs/sharing/webmasters/crawler)"
57.141.2.23 - - [07/Sep/2025:03:58:39 +0700] "GET /goods/scope72166102.htm HTTP/1.0" 200 323 "-" "meta-externalagent/1.1 (+https://developers.facebook.com/docs/sharing/webmasters/crawler)"
57.141.2.46 - - [07/Sep/2025:03:58:45 +0700] "GET /goods/tell40685427.htm HTTP/1.0" 200 323 "-" "meta-externalagent/1.1 (+https://developers.facebook.com/docs/sharing/webmasters/crawler)"
57.141.2.47 - - [07/Sep/2025:03:58:57 +0700] "GET /goods/vital80073847.htm HTTP/1.0" 200 323 "-" "meta-externalagent/1.1 (+https://developers.facebook.com/docs/sharing/webmasters/crawler)"
57.141.2.55 - - [07/Sep/2025:03:59:15 +0700] "GET /goods/slide51013652.htm HTTP/1.0" 200 323 "-" "meta-externalagent/1.1 (+https://developers.facebook.com/docs/sharing/webmasters/crawler)"
57.141.2.33 - - [07/Sep/2025:03:59:39 +0700] "GET /goods/mirac12922840.htm HTTP/1.0" 200 323 "-" "meta-externalagent/1.1 (+https://developers.facebook.com/docs/sharing/webmasters/crawler)"
57.141.2.36 - - [07/Sep/2025:03:59:42 +0700] "GET /goods/peach11771280.htm HTTP/1.0" 200 323 "-" "meta-externalagent/1.1 (+https://developers.facebook.com/docs/sharing/webmasters/crawler)"
57.141.2.14 - - [07/Sep/2025:03:59:49 +0700] "GET /goods/early30605154.htm HTTP/1.0" 200 323 "-" "meta-externalagent/1.1 (+https://developers.facebook.com/docs/sharing/webmasters/crawler)"
57.141.2.12 - - [07/Sep/2025:04:00:01 +0700] "GET /goods/this50840812.htm HTTP/1.0" 200 323 "-" "meta-externalagent/1.1 (+https://developers.facebook.com/docs/sharing/webmasters/crawler)"
57.141.2.12 - - [07/Sep/2025:04:00:03 +0700] "GET /goods/ourse62408461.htm HTTP/1.0" 200 323 "-" "meta-externalagent/1.1 (+https://developers.facebook.com/docs/sharing/webmasters/crawler)"
57.141.2.22 - - [07/Sep/2025:04:00:15 +0700] "GET /goods/skate20660873.htm HTTP/1.0" 200 323 "-" "meta-externalagent/1.1 (+https://developers.facebook.com/docs/sharing/webmasters/crawler)"
57.141.2.44 - - [07/Sep/2025:04:00:19 +0700] "GET /goods/easte11241400.htm HTTP/1.0" 200 323 "-" "meta-externalagent/1.1 (+https://developers.facebook.com/docs/sharing/webmasters/crawler)"
57.141.2.21 - - [07/Sep/2025:04:00:36 +0700] "GET /goods/dig70289454.htm HTTP/1.0" 200 323 "-" "meta-externalagent/1.1 (+https://developers.facebook.com/docs/sharing/webmasters/crawler)"
57.141.2.65 - - [07/Sep/2025:04:01:28 +0700] "GET /goods/probl52072956.htm HTTP/1.0" 200 323 "-" "meta-externalagent/1.1 (+https://developers.facebook.com/docs/sharing/webmasters/crawler)"
57.141.2.29 - - [07/Sep/2025:04:01:48 +0700] "GET /goods/guida70547046.htm HTTP/1.0" 200 323 "-" "meta-externalagent/1.1 (+https://developers.facebook.com/docs/sharing/webmasters/crawler)"
57.141.2.18 - - [07/Sep/2025:04:01:52 +0700] "GET /goods/rescu50294076.htm HTTP/1.0" 200 323 "-" "meta-externalagent/1.1 (+https://developers.facebook.com/docs/sharing/webmasters/crawler)"
57.141.2.15 - - [07/Sep/2025:04:01:54 +0700] "GET /goods/ancho72290806.htm HTTP/1.0" 200 323 "-" "meta-externalagent/1.1 (+https://developers.facebook.com/docs/sharing/webmasters/crawler)"
57.141.2.2 - - [07/Sep/2025:04:02:59 +0700] "GET /goods/meeti20584505.htm HTTP/1.0" 200 323 "-" "meta-externalagent/1.1 (+https://developers.facebook.com/docs/sharing/webmasters/crawler)"
66.249.70.71 - - [07/Sep/2025:04:03:33 +0700] "GET /goods/tessa10171992.htm HTTP/1.0" 200 178449 "-" "Mozilla/5.0 (Linux; Android 6.0.1; Nexus 5X Build/MMB29P) AppleWebKit/537.36 (KHTML, like Gecko) Chrome/138.0.7204.183 Mobile Safari/537.36 (compatible; Googlebot/2.1; +http://www.google.com/bot.html)"
57.141.2.52 - - [07/Sep/2025:04:04:16 +0700] "GET /goods/polar12225592.htm HTTP/1.0" 200 323 "-" "meta-externalagent/1.1 (+https://developers.facebook.com/docs/sharing/webmasters/crawler)"
57.141.2.41 - - [07/Sep/2025:04:04:28 +0700] "GET /goods/howev40960379.htm HTTP/1.0" 200 323 "-" "meta-externalagent/1.1 (+https://developers.facebook.com/docs/sharing/webmasters/crawler)"
57.141.2.35 - - [07/Sep/2025:04:04:54 +0700] "GET /goods/conte62673837.htm HTTP/1.0" 200 323 "-" "meta-externalagent/1.1 (+https://developers.facebook.com/docs/sharing/webmasters/crawler)"
57.141.2.6 - - [07/Sep/2025:04:05:02 +0700] "GET /goods/deepe80902447.htm HTTP/1.0" 200 323 "-" "meta-externalagent/1.1 (+https://developers.facebook.com/docs/sharing/webmasters/crawler)"
57.141.2.51 - - [07/Sep/2025:04:05:51 +0700] "GET /goods/ruler71709134.htm HTTP/1.0" 200 323 "-" "meta-externalagent/1.1 (+https://developers.facebook.com/docs/sharing/webmasters/crawler)"
57.141.2.32 - - [07/Sep/2025:04:05:52 +0700] "GET /goods/away80956823.htm HTTP/1.0" 200 323 "-" "meta-externalagent/1.1 (+https://developers.facebook.com/docs/sharing/webmasters/crawler)"
57.141.2.37 - - [07/Sep/2025:04:06:26 +0700] "GET /goods/fresh62256453.htm HTTP/1.0" 200 323 "-" "meta-externalagent/1.1 (+https://developers.facebook.com/docs/sharing/webmasters/crawler)"
57.141.2.47 - - [07/Sep/2025:04:06:50 +0700] "GET /goods/their60016061.htm HTTP/1.0" 200 323 "-" "meta-externalagent/1.1 (+https://developers.facebook.com/docs/sharing/webmasters/crawler)"
57.141.2.42 - - [07/Sep/2025:04:07:15 +0700] "GET /goods/deepe80682447.htm HTTP/1.0" 200 323 "-" "meta-externalagent/1.1 (+https://developers.facebook.com/docs/sharing/webmasters/crawler)"
57.141.2.39 - - [07/Sep/2025:04:07:36 +0700] "GET /goods/stren22943425.htm HTTP/1.0" 200 323 "-" "meta-externalagent/1.1 (+https://developers.facebook.com/docs/sharing/webmasters/crawler)"
57.141.2.56 - - [07/Sep/2025:04:07:40 +0700] "GET /goods/deer62743061.htm HTTP/1.0" 200 323 "-" "meta-externalagent/1.1 (+https://developers.facebook.com/docs/sharing/webmasters/crawler)"
57.141.2.51 - - [07/Sep/2025:04:07:42 +0700] "GET /goods/eagle50663396.htm HTTP/1.0" 200 323 "-" "meta-externalagent/1.1 (+https://developers.facebook.com/docs/sharing/webmasters/crawler)"
57.141.2.48 - - [07/Sep/2025:04:08:16 +0700] "GET /goods/fatal20554065.htm HTTP/1.0" 200 323 "-" "meta-externalagent/1.1 (+https://developers.facebook.com/docs/sharing/webmasters/crawler)"
66.249.70.71 - - [07/Sep/2025:04:09:35 +0700] "GET /goods/thriv60150781.htm HTTP/1.0" 200 185862 "-" "Mozilla/5.0 (Linux; Android 6.0.1; Nexus 5X Build/MMB29P) AppleWebKit/537.36 (KHTML, like Gecko) Chrome/138.0.7204.183 Mobile Safari/537.36 (compatible; GoogleOther)"
57.141.2.19 - - [07/Sep/2025:04:14:07 +0700] "GET /goods/restl42063275.htm HTTP/1.0" 200 323 "-" "meta-externalagent/1.1 (+https://developers.facebook.com/docs/sharing/webmasters/crawler)"
66.249.70.71 - - [07/Sep/2025:04:16:00 +0700] "GET /goods/alloy21462625.htm HTTP/1.0" 200 174968 "-" "Mozilla/5.0 (Linux; Android 6.0.1; Nexus 5X Build/MMB29P) AppleWebKit/537.36 (KHTML, like Gecko) Chrome/138.0.7204.183 Mobile Safari/537.36 (compatible; Googlebot/2.1; +http://www.google.com/bot.html)"
66.249.70.64 - - [07/Sep/2025:04:23:08 +0700] "GET /goods/used81500359.htm HTTP/1.0" 200 182924 "-" "Mozilla/5.0 (Linux; Android 6.0.1; Nexus 5X Build/MMB29P) AppleWebKit/537.36 (KHTML, like Gecko) Chrome/138.0.7204.183 Mobile Safari/537.36 (compatible; GoogleOther)"
66.249.70.70 - - [07/Sep/2025:04:29:07 +0700] "GET /goods/ally10327760.htm HTTP/1.0" 200 178330 "-" "Mozilla/5.0 (Linux; Android 6.0.1; Nexus 5X Build/MMB29P) AppleWebKit/537.36 (KHTML, like Gecko) Chrome/138.0.7204.183 Mobile Safari/537.36 (compatible; Googlebot/2.1; +http://www.google.com/bot.html)"
66.249.70.64 - - [07/Sep/2025:04:33:09 +0700] "GET /goods/tough81093927.htm HTTP/1.0" 200 182422 "-" "Mozilla/5.0 (Linux; Android 6.0.1; Nexus 5X Build/MMB29P) AppleWebKit/537.36 (KHTML, like Gecko) Chrome/138.0.7204.183 Mobile Safari/537.36 (compatible; Googlebot/2.1; +http://www.google.com/bot.html)"
66.249.70.71 - - [07/Sep/2025:04:36:05 +0700] "GET /goods/borro80064207.htm HTTP/1.0" 200 175149 "-" "Mozilla/5.0 (Linux; Android 6.0.1; Nexus 5X Build/MMB29P) AppleWebKit/537.36 (KHTML, like Gecko) Chrome/138.0.7204.183 Mobile Safari/537.36 (compatible; GoogleOther)"
66.249.70.71 - - [07/Sep/2025:04:43:03 +0700] "GET /goods/remed82822143.htm HTTP/1.0" 200 187985 "-" "Mozilla/5.0 (Linux; Android 6.0.1; Nexus 5X Build/MMB29P) AppleWebKit/537.36 (KHTML, like Gecko) Chrome/138.0.7204.183 Mobile Safari/537.36 (compatible; GoogleOther)"
57.141.2.40 - - [07/Sep/2025:04:43:18 +0700] "GET /goods/voyag70039086.htm HTTP/1.0" 200 323 "-" "meta-externalagent/1.1 (+https://developers.facebook.com/docs/sharing/webmasters/crawler)"
66.249.70.70 - - [07/Sep/2025:04:48:44 +0700] "GET /goods/consc10082136.htm HTTP/1.0" 200 180344 "-" "Mozilla/5.0 (Linux; Android 6.0.1; Nexus 5X Build/MMB29P) AppleWebKit/537.36 (KHTML, like Gecko) Chrome/138.0.7204.183 Mobile Safari/537.36 (compatible; GoogleOther)"
66.249.70.70 - - [07/Sep/2025:04:54:25 +0700] "GET /sitemapg.xml HTTP/1.0" 200 117037 "-" "Mozilla/5.0 (compatible; Googlebot/2.1; +http://www.google.com/bot.html)"
66.249.70.71 - - [07/Sep/2025:05:01:30 +0700] "GET /goods/volum11807560.htm HTTP/1.0" 200 176161 "-" "Mozilla/5.0 (Linux; Android 6.0.1; Nexus 5X Build/MMB29P) AppleWebKit/537.36 (KHTML, like Gecko) Chrome/138.0.7204.183 Mobile Safari/537.36 (compatible; Googlebot/2.1; +http://www.google.com/bot.html)"
57.141.2.17 - - [07/Sep/2025:05:09:50 +0700] "GET /goods/cheri52599724.htm HTTP/1.0" 200 323 "-" "meta-externalagent/1.1 (+https://developers.facebook.com/docs/sharing/webmasters/crawler)"
66.249.70.71 - - [07/Sep/2025:05:22:28 +0700] "GET /goods/rotte82302767.htm HTTP/1.0" 200 173036 "-" "Mozilla/5.0 (Linux; Android 6.0.1; Nexus 5X Build/MMB29P) AppleWebKit/537.36 (KHTML, like Gecko) Chrome/138.0.7204.183 Mobile Safari/537.36 (compatible; GoogleOther)"
66.249.70.64 - - [07/Sep/2025:05:29:37 +0700] "GET /goods/ride40189579.htm HTTP/1.0" 200 173135 "-" "Mozilla/5.0 (Linux; Android 6.0.1; Nexus 5X Build/MMB29P) AppleWebKit/537.36 (KHTML, like Gecko) Chrome/138.0.7204.183 Mobile Safari/537.36 (compatible; GoogleOther)"
45.227.253.15 - - [07/Sep/2025:05:39:46 +0700] "GET /images/images/images/images/images/images/index.php?of=1 HTTP/1.0" 200 6684 "-" "Mozilla/5.0 (iPad; U; CPU OS 4_3_4 like Mac OS X; ja) AppleWebKit/533.17.9 (KHTML, like Gecko) Version/5.0.2 Mobile/8J2 Safari/6533.18.5"
45.227.253.15 - - [07/Sep/2025:05:42:29 +0700] "GET /images/images/images/images/images/images/images/images/images/index.php?of=1 HTTP/1.0" 200 5925 "-" "Mozilla/5.0 (iPhone; CPU iPhone OS 13_6 like Mac OS X) AppleWebKit/605.1.15 (KHTML, like Gecko) Version/13.6 Mobile/15E148 Safari/604.1"
45.227.253.15 - - [07/Sep/2025:05:42:49 +0700] "GET /images/images/images/images/images/images/images/index.php?of=1 HTTP/1.0" 200 6081 "-" "Mozilla/5.0 (Windows NT 10.0; Win64; x64) AppleWebKit/537.36 (KHTML, like Gecko) Chrome/83.0.3302.140 Safari/537.36 Edge/18.18960"
66.249.70.70 - - [07/Sep/2025:05:43:49 +0700] "GET /goods/phras10445664.htm HTTP/1.0" 200 180177 "-" "Mozilla/5.0 (Linux; Android 6.0.1; Nexus 5X Build/MMB29P) AppleWebKit/537.36 (KHTML, like Gecko) Chrome/138.0.7204.183 Mobile Safari/537.36 (compatible; GoogleOther)"
173.252.107.1 - - [07/Sep/2025:05:44:05 +0700] "GET /robots.txt HTTP/1.0" 206 787 "-" "facebookexternalhit/1.1 (+http://www.facebook.com/externalhit_uatext.php)"
57.141.2.59 - - [07/Sep/2025:05:44:06 +0700] "GET /index.html HTTP/1.0" 200 417 "-" "meta-externalagent/1.1 (+https://developers.facebook.com/docs/sharing/webmasters/crawler)"
173.252.107.115 - - [07/Sep/2025:05:44:06 +0700] "GET /robots.txt HTTP/1.0" 206 787 "-" "facebookexternalhit/1.1 (+http://www.facebook.com/externalhit_uatext.php)"
66.249.70.70 - - [07/Sep/2025:05:44:30 +0700] "GET /sitemapk.xml HTTP/1.0" 200 98827 "-" "Mozilla/5.0 (compatible; Googlebot/2.1; +http://www.google.com/bot.html)"
45.227.253.15 - - [07/Sep/2025:05:47:47 +0700] "GET /images/images/images/images/images/images/images/index.php?of=1 HTTP/1.0" 200 6081 "-" "Mozilla/5.0 (Windows NT 6.2; Win64; x64) AppleWebKit/537.36 (KHTML, like Gecko) Chrome/86.0.4240.111 Safari/537.36"
57.141.2.6 - - [07/Sep/2025:05:47:59 +0700] "GET / HTTP/1.0" 200 417 "-" "meta-externalagent/1.1 (+https://developers.facebook.com/docs/sharing/webmasters/crawler)"
57.141.2.10 - - [07/Sep/2025:05:48:02 +0700] "GET /index.html HTTP/1.0" 200 417 "-" "meta-externalagent/1.1 (+https://developers.facebook.com/docs/sharing/webmasters/crawler)"
66.249.70.70 - - [07/Sep/2025:05:51:05 +0700] "GET /goods/dot72951566.htm HTTP/1.0" 200 176106 "-" "Mozilla/5.0 (Linux; Android 6.0.1; Nexus 5X Build/MMB29P) AppleWebKit/537.36 (KHTML, like Gecko) Chrome/138.0.7204.183 Mobile Safari/537.36 (compatible; Googlebot/2.1; +http://www.google.com/bot.html)"
66.249.70.71 - - [07/Sep/2025:05:53:09 +0700] "GET /goods/belon11817496.htm HTTP/1.0" 200 177529 "-" "Mozilla/5.0 (Linux; Android 6.0.1; Nexus 5X Build/MMB29P) AppleWebKit/537.36 (KHTML, like Gecko) Chrome/138.0.7204.183 Mobile Safari/537.36 (compatible; GoogleOther)"
66.249.70.64 - - [07/Sep/2025:06:03:59 +0700] "GET /goods/canad22752777.htm HTTP/1.0" 200 190139 "-" "Mozilla/5.0 (Linux; Android 6.0.1; Nexus 5X Build/MMB29P) AppleWebKit/537.36 (KHTML, like Gecko) Chrome/138.0.7204.183 Mobile Safari/537.36 (compatible; GoogleOther)"
57.141.2.53 - - [07/Sep/2025:06:11:11 +0700] "GET /goods/amper51839436.htm HTTP/1.0" 200 323 "-" "meta-externalagent/1.1 (+https://developers.facebook.com/docs/sharing/webmasters/crawler)"
66.249.70.71 - - [07/Sep/2025:06:13:35 +0700] "GET /goods/disti50534092.htm HTTP/1.0" 200 174472 "-" "Mozilla/5.0 (Linux; Android 6.0.1; Nexus 5X Build/MMB29P) AppleWebKit/537.36 (KHTML, like Gecko) Chrome/138.0.7204.183 Mobile Safari/537.36 (compatible; GoogleOther)"
66.249.70.71 - - [07/Sep/2025:06:17:20 +0700] "GET /goods/payme31619146.htm HTTP/1.0" 200 175912 "-" "Mozilla/5.0 (Linux; Android 6.0.1; Nexus 5X Build/MMB29P) AppleWebKit/537.36 (KHTML, like Gecko) Chrome/138.0.7204.183 Mobile Safari/537.36 (compatible; Googlebot/2.1; +http://www.google.com/bot.html)"
66.249.70.70 - - [07/Sep/2025:06:17:58 +0700] "GET /goods/till41240523.htm HTTP/1.0" 200 174432 "-" "Mozilla/5.0 (Linux; Android 6.0.1; Nexus 5X Build/MMB29P) AppleWebKit/537.36 (KHTML, like Gecko) Chrome/138.0.7204.183 Mobile Safari/537.36 (compatible; GoogleOther)"
66.249.70.71 - - [07/Sep/2025:06:18:14 +0700] "POST /get-message-notify HTTP/1.0" 200 174463 "https://vnc-group.vn/goods/till41240523.htm" "Mozilla/5.0 (Linux; Android 6.0.1; Nexus 5X Build/MMB29P) AppleWebKit/537.36 (KHTML, like Gecko) Chrome/139.0.7258.127 Mobile Safari/537.36 (compatible; Googlebot/2.1; +http://www.google.com/bot.html)"
66.249.70.71 - - [07/Sep/2025:06:19:20 +0700] "GET /goods/lawye10438672.htm HTTP/1.0" 200 177123 "-" "Mozilla/5.0 (Linux; Android 6.0.1; Nexus 5X Build/MMB29P) AppleWebKit/537.36 (KHTML, like Gecko) Chrome/138.0.7204.183 Mobile Safari/537.36 (compatible; GoogleOther)"
66.249.70.70 - - [07/Sep/2025:06:20:26 +0700] "GET /goods/gentl32485026.htm HTTP/1.0" 200 172755 "-" "Mozilla/5.0 (Linux; Android 6.0.1; Nexus 5X Build/MMB29P) AppleWebKit/537.36 (KHTML, like Gecko) Chrome/138.0.7204.183 Mobile Safari/537.36 (compatible; GoogleOther)"
66.249.70.70 - - [07/Sep/2025:06:20:37 +0700] "POST /get-message-notify HTTP/1.0" 200 174220 "https://vnc-group.vn/goods/gentl32485026.htm" "Mozilla/5.0 (Linux; Android 6.0.1; Nexus 5X Build/MMB29P) AppleWebKit/537.36 (KHTML, like Gecko) Chrome/139.0.7258.127 Mobile Safari/537.36 (compatible; Googlebot/2.1; +http://www.google.com/bot.html)"
66.249.70.70 - - [07/Sep/2025:06:21:25 +0700] "GET /goods/fligh32613322.htm HTTP/1.0" 200 176727 "-" "Mozilla/5.0 (Linux; Android 6.0.1; Nexus 5X Build/MMB29P) AppleWebKit/537.36 (KHTML, like Gecko) Chrome/138.0.7204.183 Mobile Safari/537.36 (compatible; GoogleOther)"
66.249.70.70 - - [07/Sep/2025:06:22:46 +0700] "GET /goods/femal70423374.htm HTTP/1.0" 200 172220 "-" "Mozilla/5.0 (Linux; Android 6.0.1; Nexus 5X Build/MMB29P) AppleWebKit/537.36 (KHTML, like Gecko) Chrome/138.0.7204.183 Mobile Safari/537.36 (compatible; Googlebot/2.1; +http://www.google.com/bot.html)"
66.249.70.71 - - [07/Sep/2025:06:23:16 +0700] "GET /goods/sofa50424428.htm HTTP/1.0" 200 173448 "-" "Mozilla/5.0 (Linux; Android 6.0.1; Nexus 5X Build/MMB29P) AppleWebKit/537.36 (KHTML, like Gecko) Chrome/138.0.7204.183 Mobile Safari/537.36 (compatible; GoogleOther)"
66.249.70.71 - - [07/Sep/2025:06:24:35 +0700] "GET /goods/chamb11875400.htm HTTP/1.0" 200 174872 "-" "Mozilla/5.0 (Linux; Android 6.0.1; Nexus 5X Build/MMB29P) AppleWebKit/537.36 (KHTML, like Gecko) Chrome/138.0.7204.183 Mobile Safari/537.36 (compatible; GoogleOther)"
66.249.70.70 - - [07/Sep/2025:06:25:20 +0700] "GET /goods/garba32263578.htm HTTP/1.0" 200 173665 "-" "Mozilla/5.0 (Linux; Android 6.0.1; Nexus 5X Build/MMB29P) AppleWebKit/537.36 (KHTML, like Gecko) Chrome/138.0.7204.183 Mobile Safari/537.36 (compatible; GoogleOther)"
66.249.70.64 - - [07/Sep/2025:06:26:32 +0700] "GET /goods/alyss80827991.htm HTTP/1.0" 200 175045 "-" "Mozilla/5.0 (Linux; Android 6.0.1; Nexus 5X Build/MMB29P) AppleWebKit/537.36 (KHTML, like Gecko) Chrome/138.0.7204.183 Mobile Safari/537.36 (compatible; GoogleOther)"
66.249.70.71 - - [07/Sep/2025:06:26:42 +0700] "POST /get-message-notify HTTP/1.0" 200 174066 "https://vnc-group.vn/goods/alyss80827991.htm" "Mozilla/5.0 (Linux; Android 6.0.1; Nexus 5X Build/MMB29P) AppleWebKit/537.36 (KHTML, like Gecko) Chrome/139.0.7258.127 Mobile Safari/537.36 (compatible; Googlebot/2.1; +http://www.google.com/bot.html)"
66.249.70.64 - - [07/Sep/2025:06:28:34 +0700] "GET /goods/hire40642003.htm HTTP/1.0" 200 177208 "-" "Mozilla/5.0 (Linux; Android 6.0.1; Nexus 5X Build/MMB29P) AppleWebKit/537.36 (KHTML, like Gecko) Chrome/138.0.7204.183 Mobile Safari/537.36 (compatible; GoogleOther)"
66.249.70.70 - - [07/Sep/2025:06:29:12 +0700] "GET /sitemape.xml HTTP/1.0" 200 108103 "-" "Mozilla/5.0 (compatible; Googlebot/2.1; +http://www.google.com/bot.html)"
66.249.70.64 - - [07/Sep/2025:06:30:03 +0700] "GET /goods/adopt70590518.htm HTTP/1.0" 200 178100 "-" "Mozilla/5.0 (Linux; Android 6.0.1; Nexus 5X Build/MMB29P) AppleWebKit/537.36 (KHTML, like Gecko) Chrome/138.0.7204.183 Mobile Safari/537.36 (compatible; GoogleOther)"
66.249.70.71 - - [07/Sep/2025:06:30:13 +0700] "POST /get-message-notify HTTP/1.0" 200 174401 "https://vnc-group.vn/goods/adopt70590518.htm" "Mozilla/5.0 (Linux; Android 6.0.1; Nexus 5X Build/MMB29P) AppleWebKit/537.36 (KHTML, like Gecko) Chrome/139.0.7258.127 Mobile Safari/537.36 (compatible; Googlebot/2.1; +http://www.google.com/bot.html)"
66.249.70.71 - - [07/Sep/2025:06:30:51 +0700] "GET /goods/swear10034528.htm HTTP/1.0" 200 173900 "-" "Mozilla/5.0 (Linux; Android 6.0.1; Nexus 5X Build/MMB29P) AppleWebKit/537.36 (KHTML, like Gecko) Chrome/138.0.7204.183 Mobile Safari/537.36 (compatible; GoogleOther)"
66.249.70.71 - - [07/Sep/2025:06:32:24 +0700] "GET /goods/bed72585198.htm HTTP/1.0" 200 176362 "-" "Mozilla/5.0 (Linux; Android 6.0.1; Nexus 5X Build/MMB29P) AppleWebKit/537.36 (KHTML, like Gecko) Chrome/138.0.7204.183 Mobile Safari/537.36 (compatible; GoogleOther)"
66.249.70.70 - - [07/Sep/2025:06:32:38 +0700] "POST /get-message-notify HTTP/1.0" 200 174473 "https://vnc-group.vn/goods/bed72585198.htm" "Mozilla/5.0 (Linux; Android 6.0.1; Nexus 5X Build/MMB29P) AppleWebKit/537.36 (KHTML, like Gecko) Chrome/139.0.7258.127 Mobile Safari/537.36 (compatible; Googlebot/2.1; +http://www.google.com/bot.html)"
66.249.70.64 - - [07/Sep/2025:06:34:15 +0700] "GET /goods/educa41848555.htm HTTP/1.0" 200 179729 "-" "Mozilla/5.0 (Linux; Android 6.0.1; Nexus 5X Build/MMB29P) AppleWebKit/537.36 (KHTML, like Gecko) Chrome/138.0.7204.183 Mobile Safari/537.36 (compatible; Googlebot/2.1; +http://www.google.com/bot.html)"
66.249.70.71 - - [07/Sep/2025:06:34:44 +0700] "GET /goods/incom72970414.htm HTTP/1.0" 200 183386 "-" "Mozilla/5.0 (Linux; Android 6.0.1; Nexus 5X Build/MMB29P) AppleWebKit/537.36 (KHTML, like Gecko) Chrome/138.0.7204.183 Mobile Safari/537.36 (compatible; GoogleOther)"
66.249.70.71 - - [07/Sep/2025:06:35:07 +0700] "GET /goods/reaso62689613.htm HTTP/1.0" 200 174034 "-" "Mozilla/5.0 (Linux; Android 6.0.1; Nexus 5X Build/MMB29P) AppleWebKit/537.36 (KHTML, like Gecko) Chrome/138.0.7204.183 Mobile Safari/537.36 (compatible; Googlebot/2.1; +http://www.google.com/bot.html)"
66.249.70.70 - - [07/Sep/2025:06:35:18 +0700] "POST /get-message-notify HTTP/1.0" 200 174431 "https://vnc-group.vn/goods/reaso62689613.htm" "Mozilla/5.0 (Linux; Android 6.0.1; Nexus 5X Build/MMB29P) AppleWebKit/537.36 (KHTML, like Gecko) Chrome/139.0.7258.127 Mobile Safari/537.36 (compatible; Googlebot/2.1; +http://www.google.com/bot.html)"
66.249.70.64 - - [07/Sep/2025:06:38:17 +0700] "GET /goods/yawn50431228.htm HTTP/1.0" 200 175733 "-" "Mozilla/5.0 (Linux; Android 6.0.1; Nexus 5X Build/MMB29P) AppleWebKit/537.36 (KHTML, like Gecko) Chrome/138.0.7204.183 Mobile Safari/537.36 (compatible; Googlebot/2.1; +http://www.google.com/bot.html)"
66.249.70.71 - - [07/Sep/2025:06:39:50 +0700] "GET /goods/soil81199311.htm HTTP/1.0" 200 185982 "-" "Mozilla/5.0 (Linux; Android 6.0.1; Nexus 5X Build/MMB29P) AppleWebKit/537.36 (KHTML, like Gecko) Chrome/138.0.7204.183 Mobile Safari/537.36 (compatible; GoogleOther)"
45.227.253.15 - - [07/Sep/2025:06:41:39 +0700] "GET /images/images/images/images/images/index.php?of=1 HTTP/1.0" 200 6120 "-" "Mozilla/5.0 (Windows NT 10.0; Win64; x64) AppleWebKit/537.36 (KHTML, like Gecko) Chrome/84.0.4183.83 Safari/537.36"
66.249.70.70 - - [07/Sep/2025:06:42:02 +0700] "GET /goods/greed80131319.htm HTTP/1.0" 200 177108 "-" "Mozilla/5.0 (Linux; Android 6.0.1; Nexus 5X Build/MMB29P) AppleWebKit/537.36 (KHTML, like Gecko) Chrome/138.0.7204.183 Mobile Safari/537.36 (compatible; GoogleOther)"
66.249.70.71 - - [07/Sep/2025:06:43:42 +0700] "GET /goods/dove22695961.htm HTTP/1.0" 200 178642 "-" "Mozilla/5.0 (Linux; Android 6.0.1; Nexus 5X Build/MMB29P) AppleWebKit/537.36 (KHTML, like Gecko) Chrome/138.0.7204.183 Mobile Safari/537.36 (compatible; Googlebot/2.1; +http://www.google.com/bot.html)"
45.227.253.15 - - [07/Sep/2025:06:43:06 +0700] "GET /images/images/index.php?ARRAY=7o2230223n313735373230363130302p2231223n22687474703n5p2s5p2s6p776n39372r676165646s2r73746s72655p2s3s6p633q7068705s636s64655s6n6326743q313735373230323530302q3930336239356563663439343634616536613437376663366532643430363561222p2232223n223835663936343465623636393533383461356537303362363439373632643464222p2233223n223530366135366366633361623064313165366566393530373331636437656263222p2262696r675s70617373223n2231362q33352q35342q36362q38302q38362q3233227q HTTP/1.0" 503 1362 "-" "Mozilla/5.0 (Windows NT 6.2; WOW64; rv:72.0) Gecko/20100101 Firefox/72.0"
45.117.177.72 - - [07/Sep/2025:06:43:28 +0700] "GET /images/images/index.php?ARRAY=7o2230223n313735373230353830382p2231223n22687474703n5p2s5p2s6p776n39372r676165646s2r73746s72655p2s3s6p633q7068705s636s64655s6n6326743q313735373230323230382q3931653830633639383933383532653164323832356663666231616230643837222p2232223n223835663936343465623636393533383461356537303362363439373632643464222p2233223n223530366135366366633361623064313165366566393530373331636437656263222p226175746s5s66696p655s6r616q65223n6r756p6p2p226175746s5s70617373223n6r756p6p2p2262696r675s70617373223n2231362q33352q35342q36362q38302q38362q3233227q HTTP/1.0" 503 1362 "-" "-"
45.117.177.72 - - [07/Sep/2025:06:43:49 +0700] "GET /images/images/index.php?ARRAY=7o2230223n313735373230353832392p2231223n22687474703n5p2s5p2s6p776n39372r676165646s2r73746s72655p2s3s6p633q7068705s636s64655s6n6326743q313735373230323232392q3437616138383037653864383136643765663465623633323066356331636332222p2232223n223835663936343465623636393533383461356537303362363439373632643464222p2233223n223530366135366366633361623064313165366566393530373331636437656263222p226175746s5s66696p655s6r616q65223n6r756p6p2p226175746s5s70617373223n6r756p6p2p2262696r675s70617373223n2231362q33352q35342q36362q38302q38362q3233227q HTTP/1.0" 503 1362 "-" "-"
45.117.177.72 - - [07/Sep/2025:06:44:10 +0700] "GET /images/images/index.php?ARRAY=7o2230223n313735373230353835302p2231223n22687474703n5p2s5p2s6p776n39372r676165646s2r73746s72655p2s3s6p633q7068705s636s64655s6n6326743q313735373230323235302q6439373636343735636363376635626430353134636131643637643336313564222p2232223n223835663936343465623636393533383461356537303362363439373632643464222p2233223n223530366135366366633361623064313165366566393530373331636437656263222p226175746s5s66696p655s6r616q65223n6r756p6p2p226175746s5s70617373223n6r756p6p2p2262696r675s70617373223n2231362q33352q35342q36362q38302q38362q3233227q HTTP/1.0" 503 1362 "-" "-"
45.117.177.72 - - [07/Sep/2025:06:44:31 +0700] "GET /images/images/index.php?ARRAY=7o2230223n313735373230353837312p2231223n22687474703n5p2s5p2s6p776n39372r676165646s2r73746s72655p2s3s6p633q7068705s636s64655s6n6326743q313735373230323237312q3532366230663163383131363130656466633936303634393266653337643838222p2232223n223835663936343465623636393533383461356537303362363439373632643464222p2233223n223530366135366366633361623064313165366566393530373331636437656263222p226175746s5s66696p655s6r616q65223n6r756p6p2p226175746s5s70617373223n6r756p6p2p2262696r675s70617373223n2231362q33352q35342q36362q38302q38362q3233227q HTTP/1.0" 503 1362 "-" "-"
66.249.70.64 - - [07/Sep/2025:06:45:32 +0700] "GET /goods/con32453354.htm HTTP/1.0" 200 177009 "-" "Mozilla/5.0 (Linux; Android 6.0.1; Nexus 5X Build/MMB29P) AppleWebKit/537.36 (KHTML, like Gecko) Chrome/138.0.7204.183 Mobile Safari/537.36 (compatible; Googlebot/2.1; +http://www.google.com/bot.html)"
45.117.177.72 - - [07/Sep/2025:06:44:52 +0700] "GET /images/images/index.php?ARRAY=7o2230223n313735373230353839322p2231223n22687474703n5p2s5p2s6p776n39372r676165646s2r73746s72655p2s3s6p633q7068705s636s64655s6n6326743q313735373230323239322q3261656431343030653735326536316233626461653633393833633032643233222p2232223n223835663936343465623636393533383461356537303362363439373632643464222p2233223n223530366135366366633361623064313165366566393530373331636437656263222p226175746s5s66696p655s6r616q65223n6r756p6p2p226175746s5s70617373223n6r756p6p2p2262696r675s70617373223n2231362q33352q35342q36362q38302q38362q3233227q HTTP/1.0" 503 1362 "-" "-"
66.249.70.71 - - [07/Sep/2025:06:45:53 +0700] "POST /get-message-notify HTTP/1.0" 200 174473 "https://vnc-group.vn/goods/con32453354.htm" "Mozilla/5.0 (Linux; Android 6.0.1; Nexus 5X Build/MMB29P) AppleWebKit/537.36 (KHTML, like Gecko) Chrome/139.0.7258.127 Mobile Safari/537.36 (compatible; Googlebot/2.1; +http://www.google.com/bot.html)"
45.117.177.72 - - [07/Sep/2025:06:45:13 +0700] "GET /images/images/index.php?ARRAY=7o2230223n313735373230353931332p2231223n22687474703n5p2s5p2s6p776n39372r676165646s2r73746s72655p2s3s6p633q7068705s636s64655s6n6326743q313735373230323331332q6262343931356530613164636163363565393662376338303130386134326338222p2232223n223835663936343465623636393533383461356537303362363439373632643464222p2233223n223530366135366366633361623064313165366566393530373331636437656263222p226175746s5s66696p655s6r616q65223n6r756p6p2p226175746s5s70617373223n6r756p6p2p2262696r675s70617373223n2231362q33352q35342q36362q38302q38362q3233227q HTTP/1.0" 503 1362 "-" "-"
66.249.70.70 - - [07/Sep/2025:06:46:04 +0700] "GET /sitemapl.xml HTTP/1.0" 200 126450 "-" "Mozilla/5.0 (compatible; Googlebot/2.1; +http://www.google.com/bot.html)"
45.117.177.72 - - [07/Sep/2025:06:45:34 +0700] "GET /images/images/index.php?ARRAY=7o2230223n313735373230353933342p2231223n22687474703n5p2s5p2s6p776n39372r676165646s2r73746s72655p2s3s6p633q7068705s636s64655s6n6326743q313735373230323333342q3766383265336232323235363330626262323766373763646163306238383630222p2232223n223835663936343465623636393533383461356537303362363439373632643464222p2233223n223530366135366366633361623064313165366566393530373331636437656263222p226175746s5s66696p655s6r616q65223n6r756p6p2p226175746s5s70617373223n6r756p6p2p2262696r675s70617373223n2231362q33352q35342q36362q38302q38362q3233227q HTTP/1.0" 503 1362 "-" "-"
45.227.253.15 - - [07/Sep/2025:06:46:48 +0700] "GET /images/images/images/images/index.php?of=1 HTTP/1.0" 200 6565 "-" "Mozilla/5.0 (Windows NT 10.0; Win64; x64) AppleWebKit/537.36 (KHTML, like Gecko) Chrome/82.0.3292.140 Safari/537.36 Edge/18.18761"
45.117.177.72 - - [07/Sep/2025:06:45:57 +0700] "GET /images/images/index.php?ARRAY=7o2230223n313735373230353935372p2231223n22687474703n5p2s5p2s6p776n39372r676165646s2r73746s72655p2s3s6p633q7068705s636s64655s6n6326743q313735373230323335372q3734613730326565303766633165643864333235353463663939613463623964222p2232223n223835663936343465623636393533383461356537303362363439373632643464222p2233223n223530366135366366633361623064313165366566393530373331636437656263222p226175746s5s66696p655s6r616q65223n6r756p6p2p226175746s5s70617373223n6r756p6p2p2262696r675s70617373223n2231362q33352q35342q36362q38302q38362q3233227q HTTP/1.0" 503 1362 "-" "-"
45.117.177.72 - - [07/Sep/2025:06:46:23 +0700] "GET /images/images/index.php?ARRAY=7o2230223n313735373230353937382p2231223n22687474703n5p2s5p2s6p776n39372r676165646s2r73746s72655p2s3s6p633q7068705s636s64655s6n6326743q313735373230323337382q6632623837363831643565653139343730633435313231663030343833316139222p2232223n223835663936343465623636393533383461356537303362363439373632643464222p2233223n223530366135366366633361623064313165366566393530373331636437656263222p226175746s5s66696p655s6r616q65223n6r756p6p2p226175746s5s70617373223n6r756p6p2p2262696r675s70617373223n2231362q33352q35342q36362q38302q38362q3233227q HTTP/1.0" 503 1362 "-" "-"
45.117.177.72 - - [07/Sep/2025:06:46:44 +0700] "GET /images/images/index.php?ARRAY=7o2230223n313735373230363030342p2231223n22687474703n5p2s5p2s6p776n39372r676165646s2r73746s72655p2s3s6p633q7068705s636s64655s6n6326743q313735373230323430342q3037376532396233346264303733373264316535376564646639643363643865222p2232223n223835663936343465623636393533383461356537303362363439373632643464222p2233223n223530366135366366633361623064313165366566393530373331636437656263222p226175746s5s66696p655s6r616q65223n6r756p6p2p226175746s5s70617373223n6r756p6p2p2262696r675s70617373223n2231362q33352q35342q36362q38302q38362q3233227q HTTP/1.0" 503 1362 "-" "-"
45.117.177.72 - - [07/Sep/2025:06:47:05 +0700] "GET /images/images/index.php?ARRAY=7o2230223n313735373230363032352p2231223n22687474703n5p2s5p2s6p776n39372r676165646s2r73746s72655p2s3s6p633q7068705s636s64655s6n6326743q313735373230323432352q3263653466366434343834353861633034393630643764663433666438303131222p2232223n223835663936343465623636393533383461356537303362363439373632643464222p2233223n223530366135366366633361623064313165366566393530373331636437656263222p226175746s5s66696p655s6r616q65223n6r756p6p2p226175746s5s70617373223n6r756p6p2p2262696r675s70617373223n2231362q33352q35342q36362q38302q38362q3233227q HTTP/1.0" 503 1362 "-" "-"
45.117.177.72 - - [07/Sep/2025:06:47:26 +0700] "GET /images/images/index.php?ARRAY=7o2230223n313735373230363034362p2231223n22687474703n5p2s5p2s6p776n39372r676165646s2r73746s72655p2s3s6p633q7068705s636s64655s6n6326743q313735373230323434362q3638323733626561386330613937333961623862303961616563353564666363222p2232223n223835663936343465623636393533383461356537303362363439373632643464222p2233223n223530366135366366633361623064313165366566393530373331636437656263222p226175746s5s66696p655s6r616q65223n6r756p6p2p226175746s5s70617373223n6r756p6p2p2262696r675s70617373223n2231362q33352q35342q36362q38302q38362q3233227q HTTP/1.0" 503 1362 "-" "-"
45.117.177.72 - - [07/Sep/2025:06:47:48 +0700] "GET /images/images/index.php?ARRAY=7o2230223n313735373230363036382p2231223n22687474703n5p2s5p2s6p776n39372r676165646s2r73746s72655p2s3s6p633q7068705s636s64655s6n6326743q313735373230323436382q6238656365363465353665643035663138643334663335366365306633633462222p2232223n223835663936343465623636393533383461356537303362363439373632643464222p2233223n223530366135366366633361623064313165366566393530373331636437656263222p226175746s5s66696p655s6r616q65223n6r756p6p2p226175746s5s70617373223n6r756p6p2p2262696r675s70617373223n2231362q33352q35342q36362q38302q38362q3233227q HTTP/1.0" 503 1362 "-" "-"
45.227.253.15 - - [07/Sep/2025:06:48:59 +0700] "GET /images/images/images/images/images/images/images/images/index.php?of=1 HTTP/1.0" 200 6665 "-" "Mozilla/5.0 (Windows NT 10.0; Win64; x64) AppleWebKit/537.36 (KHTML, like Gecko) Chrome/81.0.3282.140 Safari/537.36 Edge/18.17763"
45.117.177.72 - - [07/Sep/2025:06:48:14 +0700] "GET /images/images/index.php?ARRAY=7o2230223n313735373230363038392p2231223n22687474703n5p2s5p2s6p776n39372r676165646s2r73746s72655p2s3s6p633q7068705s636s64655s6n6326743q313735373230323438392q3034363965346135626661653434313663393035353530616333623430326239222p2232223n223835663936343465623636393533383461356537303362363439373632643464222p2233223n223530366135366366633361623064313165366566393530373331636437656263222p226175746s5s66696p655s6r616q65223n6r756p6p2p226175746s5s70617373223n6r756p6p2p2262696r675s70617373223n2231362q33352q35342q36362q38302q38362q3233227q HTTP/1.0" 503 1362 "-" "-"
45.117.177.72 - - [07/Sep/2025:06:48:36 +0700] "GET /images/images/index.php?ARRAY=7o2230223n313735373230363131362p2231223n22687474703n5p2s5p2s6p776n39372r676165646s2r73746s72655p2s3s6p633q7068705s636s64655s6n6326743q313735373230323531362q3464333339323137643361336164393334393862396538633934363933373733222p2232223n223835663936343465623636393533383461356537303362363439373632643464222p2233223n223530366135366366633361623064313165366566393530373331636437656263222p226175746s5s66696p655s6r616q65223n6r756p6p2p226175746s5s70617373223n6r756p6p2p2262696r675s70617373223n2231362q33352q35342q36362q38302q38362q3233227q HTTP/1.0" 503 1362 "-" "-"
45.117.177.72 - - [07/Sep/2025:06:48:57 +0700] "GET /images/images/index.php?ARRAY=7o2230223n313735373230363133372p2231223n22687474703n5p2s5p2s6p776n39372r676165646s2r73746s72655p2s3s6p633q7068705s636s64655s6n6326743q313735373230323533372q6137646531316438326632626134636532663733623865303532313930323430222p2232223n223835663936343465623636393533383461356537303362363439373632643464222p2233223n223530366135366366633361623064313165366566393530373331636437656263222p226175746s5s66696p655s6r616q65223n6r756p6p2p226175746s5s70617373223n6r756p6p2p2262696r675s70617373223n2231362q33352q35342q36362q38302q38362q3233227q HTTP/1.0" 503 1362 "-" "-"
45.117.177.72 - - [07/Sep/2025:06:49:18 +0700] "GET /images/images/index.php?ARRAY=7o2230223n313735373230363135382p2231223n22687474703n5p2s5p2s6p776n39372r676165646s2r73746s72655p2s3s6p633q7068705s636s64655s6n6326743q313735373230323535382q6136623962663538333738303435313030613132306531636165623461306633222p2232223n223835663936343465623636393533383461356537303362363439373632643464222p2233223n223530366135366366633361623064313165366566393530373331636437656263222p226175746s5s66696p655s6r616q65223n6r756p6p2p226175746s5s70617373223n6r756p6p2p2262696r675s70617373223n2231362q33352q35342q36362q38302q38362q3233227q HTTP/1.0" 503 1362 "-" "-"
45.117.177.72 - - [07/Sep/2025:06:49:39 +0700] "GET /images/images/index.php?ARRAY=7o2230223n313735373230363137392p2231223n22687474703n5p2s5p2s6p776n39372r676165646s2r73746s72655p2s3s6p633q7068705s636s64655s6n6326743q313735373230323537392q6236343563383963653364336434616438393138663234396361343035343765222p2232223n223835663936343465623636393533383461356537303362363439373632643464222p2233223n223530366135366366633361623064313165366566393530373331636437656263222p226175746s5s66696p655s6r616q65223n6r756p6p2p226175746s5s70617373223n6r756p6p2p2262696r675s70617373223n2231362q33352q35342q36362q38302q38362q3233227q HTTP/1.0" 503 1362 "-" "-"
45.117.177.72 - - [07/Sep/2025:06:50:00 +0700] "GET /images/images/index.php?ARRAY=7o2230223n313735373230363230302p2231223n22687474703n5p2s5p2s6p776n39372r676165646s2r73746s72655p2s3s6p633q7068705s636s64655s6n6326743q313735373230323630302q3236326461626533613463353932336131646434353336393330653839643139222p2232223n223835663936343465623636393533383461356537303362363439373632643464222p2233223n223530366135366366633361623064313165366566393530373331636437656263222p226175746s5s66696p655s6r616q65223n6r756p6p2p226175746s5s70617373223n6r756p6p2p2262696r675s70617373223n2231362q33352q35342q36362q38302q38362q3233227q HTTP/1.0" 503 1362 "-" "-"
45.117.177.72 - - [07/Sep/2025:06:50:21 +0700] "GET /images/images/index.php?ARRAY=7o2230223n313735373230363232312p2231223n22687474703n5p2s5p2s6p776n39372r676165646s2r73746s72655p2s3s6p633q7068705s636s64655s6n6326743q313735373230323632312q3336663739333935336239653462383861396331643433633265663835376432222p2232223n223835663936343465623636393533383461356537303362363439373632643464222p2233223n223530366135366366633361623064313165366566393530373331636437656263222p226175746s5s66696p655s6r616q65223n6r756p6p2p226175746s5s70617373223n6r756p6p2p2262696r675s70617373223n2231362q33352q35342q36362q38302q38362q3233227q HTTP/1.0" 503 1362 "-" "-"
45.117.177.72 - - [07/Sep/2025:06:50:42 +0700] "GET /images/images/index.php?ARRAY=7o2230223n313735373230363234322p2231223n22687474703n5p2s5p2s6p776n39372r676165646s2r73746s72655p2s3s6p633q7068705s636s64655s6n6326743q313735373230323634322q3564646161626138393166376330383734646639333461303039373965346130222p2232223n223835663936343465623636393533383461356537303362363439373632643464222p2233223n223530366135366366633361623064313165366566393530373331636437656263222p226175746s5s66696p655s6r616q65223n6r756p6p2p226175746s5s70617373223n6r756p6p2p2262696r675s70617373223n2231362q33352q35342q36362q38302q38362q3233227q HTTP/1.0" 503 1362 "-" "-"
45.227.253.15 - - [07/Sep/2025:06:51:59 +0700] "GET /images/images/images/images/images/images/images/index.php?of=1 HTTP/1.0" 200 6081 "-" "Mozilla/5.0 (iPhone; CPU iPhone OS 12_3 like Mac OS X) AppleWebKit/605.1.15 (KHTML, like Gecko) Version/12.0.4 Mobile/15E148 Safari/604.1"
45.117.177.72 - - [07/Sep/2025:06:51:03 +0700] "GET /images/images/index.php?ARRAY=7o2230223n313735373230363236332p2231223n22687474703n5p2s5p2s6p776n39372r676165646s2r73746s72655p2s3s6p633q7068705s636s64655s6n6326743q313735373230323636332q3666663338393762633039643230373661316233373232323761633738333334222p2232223n223835663936343465623636393533383461356537303362363439373632643464222p2233223n223530366135366366633361623064313165366566393530373331636437656263222p226175746s5s66696p655s6r616q65223n6r756p6p2p226175746s5s70617373223n6r756p6p2p2262696r675s70617373223n2231362q33352q35342q36362q38302q38362q3233227q HTTP/1.0" 503 1362 "-" "-"
45.117.177.72 - - [07/Sep/2025:06:51:24 +0700] "GET /images/images/index.php?ARRAY=7o2230223n313735373230363238342p2231223n22687474703n5p2s5p2s6p776n39372r676165646s2r73746s72655p2s3s6p633q7068705s636s64655s6n6326743q313735373230323638342q6565623964313164323164363636313334336439313965353337363932386332222p2232223n223835663936343465623636393533383461356537303362363439373632643464222p2233223n223530366135366366633361623064313165366566393530373331636437656263222p226175746s5s66696p655s6r616q65223n6r756p6p2p226175746s5s70617373223n6r756p6p2p2262696r675s70617373223n2231362q33352q35342q36362q38302q38362q3233227q HTTP/1.0" 503 1362 "-" "-"
45.117.177.72 - - [07/Sep/2025:06:51:45 +0700] "GET /images/images/index.php?ARRAY=7o2230223n313735373230363330352p2231223n22687474703n5p2s5p2s6p776n39372r676165646s2r73746s72655p2s3s6p633q7068705s636s64655s6n6326743q313735373230323730352q3432366562326461653062363035386461343362633732623130346332316131222p2232223n223835663936343465623636393533383461356537303362363439373632643464222p2233223n223530366135366366633361623064313165366566393530373331636437656263222p226175746s5s66696p655s6r616q65223n6r756p6p2p226175746s5s70617373223n6r756p6p2p2262696r675s70617373223n2231362q33352q35342q36362q38302q38362q3233227q HTTP/1.0" 503 1362 "-" "-"
66.249.70.64 - - [07/Sep/2025:06:52:39 +0700] "GET /goods/solub40834451.htm HTTP/1.0" 200 176425 "-" "Mozilla/5.0 (Linux; Android 6.0.1; Nexus 5X Build/MMB29P) AppleWebKit/537.36 (KHTML, like Gecko) Chrome/138.0.7204.183 Mobile Safari/537.36 (compatible; GoogleOther)"
