217.113.194.81 - - [06/Sep/2025:07:01:55 +0700] "GET /the-random-factor-unveiling-the-pleasures-of-omegles-random-encounters/feed/ HTTP/1.0" 200 1807 "-" "Mozilla/5.0 (compatible; Barkrowler/0.9; +https://babbar.tech/crawler)"
45.117.177.72 - - [06/Sep/2025:07:02:20 +0700] "POST /wp-cron.php?doing_wp_cron=1757116940.1672379970550537109375 HTTP/1.0" 200 416 "-" "WordPress/6.8.1; https://vattusacky.vn"
217.113.194.76 - - [06/Sep/2025:07:02:16 +0700] "GET /the-allure-of-virtual-serendipity-unlocking-the-magic-of-omegle/feed/ HTTP/1.0" 200 1786 "-" "Mozilla/5.0 (compatible; Barkrowler/0.9; +https://babbar.tech/crawler)"
40.77.167.14 - - [06/Sep/2025:07:02:31 +0700] "GET /omegle-and-online-gaming-fostering-connections-in-virtual-worlds/ HTTP/1.0" 200 94736 "-" "Mozilla/5.0 AppleWebKit/537.36 (KHTML, like Gecko; compatible; bingbot/2.0; +http://www.bing.com/bingbot.htm) Chrome/116.0.1938.76 Safari/537.36"
217.113.194.81 - - [06/Sep/2025:07:02:38 +0700] "GET /the-allure-of-virtual-serendipity-unlocking-the-magic-of-omegle/ HTTP/1.0" 200 92263 "-" "Mozilla/5.0 (compatible; Barkrowler/0.9; +https://babbar.tech/crawler)"
217.113.194.78 - - [06/Sep/2025:07:03:03 +0700] "GET /the-untold-stories-of-omegle-adventures-from-anonymous-explorers/feed/ HTTP/1.0" 200 1789 "-" "Mozilla/5.0 (compatible; Barkrowler/0.9; +https://babbar.tech/crawler)"
52.167.144.141 - - [06/Sep/2025:07:03:12 +0700] "GET /wp-content/uploads/2018/08/dau-khoan-mau-dat-350-20.jpg HTTP/1.0" 200 432 "-" "Mozilla/5.0 AppleWebKit/537.36 (KHTML, like Gecko; compatible; bingbot/2.0; +http://www.bing.com/bingbot.htm) Chrome/116.0.1938.76 Safari/537.36"
45.117.177.72 - - [06/Sep/2025:07:03:28 +0700] "POST /wp-cron.php?doing_wp_cron=1757117008.4459109306335449218750 HTTP/1.0" 200 416 "-" "WordPress/6.8.1; https://vattusacky.vn"
154.54.249.200 - - [06/Sep/2025:07:03:25 +0700] "GET /the-future-of-omegle-and-its-potential-impact-on-global-communication/feed/ HTTP/1.0" 200 1804 "-" "Mozilla/5.0 (compatible; Barkrowler/0.9; +https://babbar.tech/crawler)"
217.113.194.72 - - [06/Sep/2025:07:03:47 +0700] "GET /the-future-of-omegle-predictions-and-trends-in-online-social-interaction/feed/ HTTP/1.0" 200 1813 "-" "Mozilla/5.0 (compatible; Barkrowler/0.9; +https://babbar.tech/crawler)"
217.113.194.80 - - [06/Sep/2025:07:04:11 +0700] "GET /the-future-of-communication-video-vs-text-on-omegle-and-ometv/ HTTP/1.0" 200 92887 "-" "Mozilla/5.0 (compatible; Barkrowler/0.9; +https://babbar.tech/crawler)"
45.117.177.72 - - [06/Sep/2025:07:04:28 +0700] "POST /wp-cron.php?doing_wp_cron=1757117068.1456820964813232421875 HTTP/1.0" 200 416 "-" "WordPress/6.8.1; https://vattusacky.vn"
216.73.216.162 - - [06/Sep/2025:07:04:25 +0700] "GET /sitemap_index.xml HTTP/1.0" 200 2426 "-" "Mozilla/5.0 AppleWebKit/537.36 (KHTML, like Gecko; compatible; ClaudeBot/1.0; +claudebot@anthropic.com)"
217.113.194.81 - - [06/Sep/2025:07:04:36 +0700] "GET /the-psychology-behind-random-video-chats-on-chatroulette-and-omegle/feed/ HTTP/1.0" 200 1798 "-" "Mozilla/5.0 (compatible; Barkrowler/0.9; +https://babbar.tech/crawler)"
217.113.194.80 - - [06/Sep/2025:07:04:57 +0700] "GET /the-psychological-cat-and-mouse-game-on-omegle-mind-games-exposed/ HTTP/1.0" 200 89806 "-" "Mozilla/5.0 (compatible; Barkrowler/0.9; +https://babbar.tech/crawler)"
45.117.177.72 - - [06/Sep/2025:07:05:29 +0700] "POST /wp-cron.php?doing_wp_cron=1757117129.4169049263000488281250 HTTP/1.0" 200 416 "-" "WordPress/6.8.1; https://vattusacky.vn"
154.54.249.200 - - [06/Sep/2025:07:05:25 +0700] "GET /the-psychological-cat-and-mouse-game-on-omegle-mind-games-exposed/feed/ HTTP/1.0" 200 1792 "-" "Mozilla/5.0 (compatible; Barkrowler/0.9; +https://babbar.tech/crawler)"
217.113.194.78 - - [06/Sep/2025:07:05:48 +0700] "GET /the-psychological-strategies-for-navigating-omegles-anonymous-landscape/ HTTP/1.0" 200 90599 "-" "Mozilla/5.0 (compatible; Barkrowler/0.9; +https://babbar.tech/crawler)"
185.191.171.16 - - [06/Sep/2025:07:05:58 +0700] "GET /die-besten-plattformen-fur-den-anonymen-bitcoinkauf/ HTTP/1.0" 200 101931 "-" "Mozilla/5.0 (compatible; SemrushBot/7~bl; +http://www.semrush.com/bot.html)"
185.191.171.17 - - [06/Sep/2025:07:06:05 +0700] "GET /systems-is-satans-manner-of-destroying-the-world/ HTTP/1.0" 200 210257 "-" "Mozilla/5.0 (compatible; SemrushBot/7~bl; +http://www.semrush.com/bot.html)"
45.117.177.72 - - [06/Sep/2025:07:06:22 +0700] "POST /wp-cron.php?doing_wp_cron=1757117181.9946579933166503906250 HTTP/1.0" 200 416 "-" "WordPress/6.8.1; https://vattusacky.vn"
217.113.194.79 - - [06/Sep/2025:07:06:18 +0700] "GET /the-science-behind-omegles-mystique-understanding-its-random-pairings/ HTTP/1.0" 200 91572 "-" "Mozilla/5.0 (compatible; Barkrowler/0.9; +https://babbar.tech/crawler)"
157.55.39.8 - - [06/Sep/2025:07:06:30 +0700] "GET /the-fascinating-world-of-omegles-niche-communities/ HTTP/1.0" 200 92086 "-" "Mozilla/5.0 AppleWebKit/537.36 (KHTML, like Gecko; compatible; bingbot/2.0; +http://www.bing.com/bingbot.htm) Chrome/116.0.1938.76 Safari/537.36"
217.113.194.76 - - [06/Sep/2025:07:06:45 +0700] "GET /the-social-impact-of-omegle-and-ometv-connecting-people-worldwide/ HTTP/1.0" 200 94284 "-" "Mozilla/5.0 (compatible; Barkrowler/0.9; +https://babbar.tech/crawler)"
45.117.177.72 - - [06/Sep/2025:07:07:19 +0700] "POST /wp-cron.php?doing_wp_cron=1757117238.7407970428466796875000 HTTP/1.0" 200 416 "-" "WordPress/6.8.1; https://vattusacky.vn"
217.113.194.74 - - [06/Sep/2025:07:07:14 +0700] "GET /the-social-impact-of-omegle-connecting-people-from-different-backgrounds/feed/ HTTP/1.0" 200 1813 "-" "Mozilla/5.0 (compatible; Barkrowler/0.9; +https://babbar.tech/crawler)"
217.113.194.76 - - [06/Sep/2025:07:07:38 +0700] "GET /the-evolution-of-omegle-collaborative-art-trends-and-future-directions/feed/ HTTP/1.0" 200 1807 "-" "Mozilla/5.0 (compatible; Barkrowler/0.9; +https://babbar.tech/crawler)"
217.113.194.76 - - [06/Sep/2025:07:07:59 +0700] "GET /the-evolution-of-online-chatting-omegles-influence-on-the-industry/feed/ HTTP/1.0" 200 1795 "-" "Mozilla/5.0 (compatible; Barkrowler/0.9; +https://babbar.tech/crawler)"
45.117.177.72 - - [06/Sep/2025:07:08:26 +0700] "POST /wp-cron.php?doing_wp_cron=1757117305.9436140060424804687500 HTTP/1.0" 200 416 "-" "WordPress/6.8.1; https://vattusacky.vn"
154.54.249.200 - - [06/Sep/2025:07:08:22 +0700] "GET /gko-gosudarstvennye-kratkosrochnye-obligacii-chto/feed/ HTTP/1.0" 200 1803 "-" "Mozilla/5.0 (compatible; Barkrowler/0.9; +https://babbar.tech/crawler)"
45.117.177.72 - - [06/Sep/2025:07:08:48 +0700] "POST /wp-cron.php?doing_wp_cron=1757117328.0338709354400634765625 HTTP/1.0" 200 416 "-" "WordPress/6.8.1; https://vattusacky.vn"
154.54.249.200 - - [06/Sep/2025:07:08:45 +0700] "GET /gko-gosudarstvennye-kratkosrochnye-obligacii-chto/ HTTP/1.0" 200 252428 "-" "Mozilla/5.0 (compatible; Barkrowler/0.9; +https://babbar.tech/crawler)"
45.117.177.72 - - [06/Sep/2025:07:09:20 +0700] "POST /wp-cron.php?doing_wp_cron=1757117359.6689250469207763671875 HTTP/1.0" 200 416 "-" "WordPress/6.8.1; https://vattusacky.vn"
217.113.194.75 - - [06/Sep/2025:07:09:16 +0700] "GET /the-rise-of-video-chat-how-omegle-revolutionized-online-communication/feed/ HTTP/1.0" 200 1804 "-" "Mozilla/5.0 (compatible; Barkrowler/0.9; +https://babbar.tech/crawler)"
45.117.177.72 - - [06/Sep/2025:07:09:41 +0700] "POST /wp-cron.php?doing_wp_cron=1757117381.5365340709686279296875 HTTP/1.0" 200 416 "-" "WordPress/6.8.1; https://vattusacky.vn"
217.113.194.74 - - [06/Sep/2025:07:09:37 +0700] "GET /the-rise-of-omegle-exploring-its-role-in-modern-communication/feed/ HTTP/1.0" 200 1780 "-" "Mozilla/5.0 (compatible; Barkrowler/0.9; +https://babbar.tech/crawler)"
217.113.194.78 - - [06/Sep/2025:07:10:00 +0700] "GET /the-rise-of-video-communication-platforms-omegle-vs-ometv/feed/ HTTP/1.0" 200 1768 "-" "Mozilla/5.0 (compatible; Barkrowler/0.9; +https://babbar.tech/crawler)"
45.117.177.72 - - [06/Sep/2025:07:10:24 +0700] "POST /wp-cron.php?doing_wp_cron=1757117423.9250240325927734375000 HTTP/1.0" 200 416 "-" "WordPress/6.8.1; https://vattusacky.vn"
185.191.171.14 - - [06/Sep/2025:07:10:20 +0700] "GET /beginning-your-practice-in-online-dating-european-women/ HTTP/1.0" 200 208715 "-" "Mozilla/5.0 (compatible; SemrushBot/7~bl; +http://www.semrush.com/bot.html)"
154.54.249.200 - - [06/Sep/2025:07:10:22 +0700] "GET /the-joys-and-challenges-of-omegle-collaborations-insights-from-artists/feed/ HTTP/1.0" 200 1807 "-" "Mozilla/5.0 (compatible; Barkrowler/0.9; +https://babbar.tech/crawler)"
217.113.194.77 - - [06/Sep/2025:07:10:44 +0700] "GET /the-funniest-omegle-chats-that-went-viral-on-social-media/ HTTP/1.0" 200 88850 "-" "Mozilla/5.0 (compatible; Barkrowler/0.9; +https://babbar.tech/crawler)"
217.113.194.217 - - [06/Sep/2025:07:11:10 +0700] "GET /the-unpredictable-journey-navigating-omegles-random-connections/feed/ HTTP/1.0" 200 1786 "-" "Mozilla/5.0 (compatible; Barkrowler/0.9; +https://babbar.tech/crawler)"
45.117.177.72 - - [06/Sep/2025:07:11:22 +0700] "POST /wp-cron.php?doing_wp_cron=1757117481.8226099014282226562500 HTTP/1.0" 200 416 "-" "WordPress/6.8.1; https://vattusacky.vn"
216.73.216.162 - - [06/Sep/2025:07:11:16 +0700] "GET /?p=6856 HTTP/1.0" 301 663 "-" "Mozilla/5.0 AppleWebKit/537.36 (KHTML, like Gecko; compatible; ClaudeBot/1.0; +claudebot@anthropic.com)"
216.73.216.162 - - [06/Sep/2025:07:11:22 +0700] "GET /enhancing-your-omegle-video-chat-experience-with-fun-filters-and-effects/ HTTP/1.0" 503 8456 "https://vattusacky.vn/?p=6856" "Mozilla/5.0 AppleWebKit/537.36 (KHTML, like Gecko; compatible; ClaudeBot/1.0; +claudebot@anthropic.com)"
217.113.194.72 - - [06/Sep/2025:07:11:32 +0700] "GET /the-enigma-of-omegle-delving-into-its-intriguing-nature/ HTTP/1.0" 200 91503 "-" "Mozilla/5.0 (compatible; Barkrowler/0.9; +https://babbar.tech/crawler)"
217.113.194.72 - - [06/Sep/2025:07:11:58 +0700] "GET /the-enigmatic-world-of-omegle-stories-from-anonymous-explorers/feed/ HTTP/1.0" 200 1783 "-" "Mozilla/5.0 (compatible; Barkrowler/0.9; +https://babbar.tech/crawler)"
45.117.177.72 - - [06/Sep/2025:07:12:24 +0700] "POST /wp-cron.php?doing_wp_cron=1757117543.8764259815216064453125 HTTP/1.0" 200 416 "-" "WordPress/6.8.1; https://vattusacky.vn"
217.113.194.217 - - [06/Sep/2025:07:12:19 +0700] "GET /los-riesgos-y-beneficios-de-jugar-juegos-de-casino-en-linea/ HTTP/1.0" 200 95975 "-" "Mozilla/5.0 (compatible; Barkrowler/0.9; +https://babbar.tech/crawler)"
217.113.194.81 - - [06/Sep/2025:07:12:46 +0700] "GET /starda-casino-onlajn-kazino-bonusy-kazino-sloty-2/feed/ HTTP/1.0" 200 1793 "-" "Mozilla/5.0 (compatible; Barkrowler/0.9; +https://babbar.tech/crawler)"
217.113.194.81 - - [06/Sep/2025:07:13:07 +0700] "GET /strategies-for-building-a-professional-network-on-omegle-and-ometv/feed/ HTTP/1.0" 200 1795 "-" "Mozilla/5.0 (compatible; Barkrowler/0.9; +https://babbar.tech/crawler)"
45.117.177.72 - - [06/Sep/2025:07:13:32 +0700] "POST /wp-cron.php?doing_wp_cron=1757117612.4191310405731201171875 HTTP/1.0" 200 416 "-" "WordPress/6.8.1; https://vattusacky.vn"
154.54.249.200 - - [06/Sep/2025:07:13:30 +0700] "GET /buy-ethereum-new-zealand-buy-eth-swyftx-crypto/ HTTP/1.0" 200 382519 "-" "Mozilla/5.0 (compatible; Barkrowler/0.9; +https://babbar.tech/crawler)"
45.117.177.72 - - [06/Sep/2025:07:14:17 +0700] "POST /wp-cron.php?doing_wp_cron=1757117657.1926720142364501953125 HTTP/1.0" 200 416 "-" "WordPress/6.8.1; https://vattusacky.vn"
217.113.194.72 - - [06/Sep/2025:07:14:12 +0700] "GET /daddy-casino-realnye-promokody-igrat-v-igrovye/feed/ HTTP/1.0" 200 1807 "-" "Mozilla/5.0 (compatible; Barkrowler/0.9; +https://babbar.tech/crawler)"
217.113.194.81 - - [06/Sep/2025:07:14:35 +0700] "GET /daddy-top-kazino-demo-sloty-besplatno-demo-sloty/ HTTP/1.0" 200 102390 "-" "Mozilla/5.0 (compatible; Barkrowler/0.9; +https://babbar.tech/crawler)"
217.113.194.217 - - [06/Sep/2025:07:15:04 +0700] "GET /journey-into-the-unknown-anonymous-explorers-experiences-on-omegle/feed/ HTTP/1.0" 200 1795 "-" "Mozilla/5.0 (compatible; Barkrowler/0.9; +https://babbar.tech/crawler)"
212.147.5.172 - - [06/Sep/2025:07:15:03 +0700] "GET /wp-login.php HTTP/1.0" 200 11388 "-" "Mozilla/5.0 (X11; Ubuntu; Linux x86_64; rv:85.0) Gecko/20100101 Firefox/91.0"
212.147.5.172 - - [06/Sep/2025:07:15:09 +0700] "POST /wp-login.php HTTP/1.0" 200 11734 "-" "Mozilla/5.0 (X11; Ubuntu; Linux x86_64; rv:85.0) Gecko/20100101 Firefox/91.0"
45.117.177.72 - - [06/Sep/2025:07:15:29 +0700] "POST /wp-cron.php?doing_wp_cron=1757117729.0613269805908203125000 HTTP/1.0" 200 416 "-" "WordPress/6.8.1; https://vattusacky.vn"
217.113.194.80 - - [06/Sep/2025:07:15:25 +0700] "GET /preventing-cyberbullying-and-harassment-on-omegle-and-ometv/feed/ HTTP/1.0" 200 1774 "-" "Mozilla/5.0 (compatible; Barkrowler/0.9; +https://babbar.tech/crawler)"
157.55.39.8 - - [06/Sep/2025:07:15:40 +0700] "GET /wp-content/uploads/2016/12/en_TYPE6236_6238.pdf HTTP/1.0" 200 429 "-" "Mozilla/5.0 AppleWebKit/537.36 (KHTML, like Gecko; compatible; bingbot/2.0; +http://www.bing.com/bingbot.htm) Chrome/116.0.1938.76 Safari/537.36"
216.73.216.162 - - [06/Sep/2025:07:15:40 +0700] "GET /?p=2720 HTTP/1.0" 301 668 "-" "Mozilla/5.0 AppleWebKit/537.36 (KHTML, like Gecko; compatible; ClaudeBot/1.0; +claudebot@anthropic.com)"
216.73.216.162 - - [06/Sep/2025:07:15:44 +0700] "GET /since-1985-red-butte-backyard-has-provided-a-serene-escape-for-daters-in-utah/ HTTP/1.0" 200 215752 "https://vattusacky.vn/?p=2720" "Mozilla/5.0 AppleWebKit/537.36 (KHTML, like Gecko; compatible; ClaudeBot/1.0; +claudebot@anthropic.com)"
217.113.194.218 - - [06/Sep/2025:07:15:48 +0700] "GET /anonymity-and-honesty-facilitating-genuine-conversations-on-omegle/feed/ HTTP/1.0" 200 1795 "-" "Mozilla/5.0 (compatible; Barkrowler/0.9; +https://babbar.tech/crawler)"
45.117.177.72 - - [06/Sep/2025:07:16:17 +0700] "POST /wp-cron.php?doing_wp_cron=1757117777.1098389625549316406250 HTTP/1.0" 200 416 "-" "WordPress/6.8.1; https://vattusacky.vn"
217.113.194.73 - - [06/Sep/2025:07:16:13 +0700] "GET /anonymity-and-authenticity-exploring-the-role-of-gender-on-omegle/ HTTP/1.0" 200 91063 "-" "Mozilla/5.0 (compatible; Barkrowler/0.9; +https://babbar.tech/crawler)"
216.73.216.162 - - [06/Sep/2025:07:16:36 +0700] "GET /folders-sharing-support-review/feed HTTP/1.0" 301 724 "-" "Mozilla/5.0 AppleWebKit/537.36 (KHTML, like Gecko; compatible; ClaudeBot/1.0; +claudebot@anthropic.com)"
217.113.194.217 - - [06/Sep/2025:07:16:40 +0700] "GET /anonymity-and-authenticity-exploring-the-role-of-gender-on-omegle/feed/ HTTP/1.0" 200 1792 "-" "Mozilla/5.0 (compatible; Barkrowler/0.9; +https://babbar.tech/crawler)"
216.73.216.162 - - [06/Sep/2025:07:16:40 +0700] "GET /folders-sharing-support-review/feed/ HTTP/1.0" 200 1541 "https://vattusacky.vn/folders-sharing-support-review/feed" "Mozilla/5.0 AppleWebKit/537.36 (KHTML, like Gecko; compatible; ClaudeBot/1.0; +claudebot@anthropic.com)"
217.113.194.81 - - [06/Sep/2025:07:17:03 +0700] "GET /anonymity-authenticity-and-the-future-of-social-interaction-on-omegle/feed/ HTTP/1.0" 200 1804 "-" "Mozilla/5.0 (compatible; Barkrowler/0.9; +https://babbar.tech/crawler)"
45.117.177.72 - - [06/Sep/2025:07:17:31 +0700] "POST /wp-cron.php?doing_wp_cron=1757117851.1437370777130126953125 HTTP/1.0" 200 416 "-" "WordPress/6.8.1; https://vattusacky.vn"
217.113.194.81 - - [06/Sep/2025:07:17:24 +0700] "GET /recensione-codere-bingo-consigli-e-opinioni-guida-2023/feed/ HTTP/1.0" 200 1760 "-" "Mozilla/5.0 (compatible; Barkrowler/0.9; +https://babbar.tech/crawler)"
216.73.216.162 - - [06/Sep/2025:07:17:51 +0700] "GET /?p=4167 HTTP/1.0" 301 641 "-" "Mozilla/5.0 AppleWebKit/537.36 (KHTML, like Gecko; compatible; ClaudeBot/1.0; +claudebot@anthropic.com)"
217.113.194.72 - - [06/Sep/2025:07:17:52 +0700] "GET /crazy-time-live-in-tempo-reale-vivi-lo-spettacolo/feed/ HTTP/1.0" 200 1790 "-" "Mozilla/5.0 (compatible; Barkrowler/0.9; +https://babbar.tech/crawler)"
216.73.216.162 - - [06/Sep/2025:07:17:51 +0700] "GET /parimatch-onboards-elli-avrram-as-its-new-model-34/feed HTTP/1.0" 301 744 "-" "Mozilla/5.0 AppleWebKit/537.36 (KHTML, like Gecko; compatible; ClaudeBot/1.0; +claudebot@anthropic.com)"
216.73.216.162 - - [06/Sep/2025:07:17:53 +0700] "GET /parimatch-onboards-elli-avrram-as-its-new-model-34/ HTTP/1.0" 200 249442 "https://vattusacky.vn/?p=4167" "Mozilla/5.0 AppleWebKit/537.36 (KHTML, like Gecko; compatible; ClaudeBot/1.0; +claudebot@anthropic.com)"
216.73.216.162 - - [06/Sep/2025:07:17:55 +0700] "GET /parimatch-onboards-elli-avrram-as-its-new-model-34/feed/ HTTP/1.0" 200 1609 "https://vattusacky.vn/parimatch-onboards-elli-avrram-as-its-new-model-34/feed" "Mozilla/5.0 AppleWebKit/537.36 (KHTML, like Gecko; compatible; ClaudeBot/1.0; +claudebot@anthropic.com)"
45.117.177.72 - - [06/Sep/2025:07:18:17 +0700] "POST /wp-cron.php?doing_wp_cron=1757117897.5624589920043945312500 HTTP/1.0" 200 416 "-" "WordPress/6.8.1; https://vattusacky.vn"
217.113.194.73 - - [06/Sep/2025:07:18:14 +0700] "GET /sweet-bonanza-hilesi-taktik-para-kazanma-2023/feed/ HTTP/1.0" 200 1733 "-" "Mozilla/5.0 (compatible; Barkrowler/0.9; +https://babbar.tech/crawler)"
217.113.194.80 - - [06/Sep/2025:07:18:36 +0700] "GET /sweet-bonanza-primenenie-bonusnyh-vozmozhnostej-3/feed/ HTTP/1.0" 200 1792 "-" "Mozilla/5.0 (compatible; Barkrowler/0.9; +https://babbar.tech/crawler)"
217.113.194.72 - - [06/Sep/2025:07:18:59 +0700] "GET /virtual-discoveries-exciting-adventures-on-omegle-and-ometv/feed/ HTTP/1.0" 200 1774 "-" "Mozilla/5.0 (compatible; Barkrowler/0.9; +https://babbar.tech/crawler)"
198.235.24.123 - - [06/Sep/2025:07:19:07 +0700] "GET /webshell HTTP/1.0" 404 70812 "-" "Hello from Palo Alto Networks, find out more about our scans in https://docs-cortex.paloaltonetworks.com/r/1/Cortex-Xpanse/Scanning-activity"
45.117.177.72 - - [06/Sep/2025:07:19:25 +0700] "POST /wp-cron.php?doing_wp_cron=1757117964.9374179840087890625000 HTTP/1.0" 200 416 "-" "WordPress/6.8.1; https://vattusacky.vn"
217.113.194.72 - - [06/Sep/2025:07:19:21 +0700] "GET /navigating-the-unknown-on-omegle-embracing-the-adventure-of-random-chats/feed/ HTTP/1.0" 200 1813 "-" "Mozilla/5.0 (compatible; Barkrowler/0.9; +https://babbar.tech/crawler)"
217.113.194.78 - - [06/Sep/2025:07:19:42 +0700] "GET /kreditnye-karty-so-snjatiem-nalichnyh-bez/feed/ HTTP/1.0" 200 1791 "-" "Mozilla/5.0 (compatible; Barkrowler/0.9; +https://babbar.tech/crawler)"
216.73.216.162 - - [06/Sep/2025:07:20:04 +0700] "GET /?p=4111 HTTP/1.0" 301 621 "-" "Mozilla/5.0 AppleWebKit/537.36 (KHTML, like Gecko; compatible; ClaudeBot/1.0; +claudebot@anthropic.com)"
217.113.194.76 - - [06/Sep/2025:07:20:06 +0700] "GET /the-paradox-of-control-balancing-serendipity-and-intentionality-online/feed/ HTTP/1.0" 200 1807 "-" "Mozilla/5.0 (compatible; Barkrowler/0.9; +https://babbar.tech/crawler)"
216.73.216.162 - - [06/Sep/2025:07:20:08 +0700] "GET /folders-sharing-support-review/ HTTP/1.0" 200 205052 "https://vattusacky.vn/?p=4111" "Mozilla/5.0 AppleWebKit/537.36 (KHTML, like Gecko; compatible; ClaudeBot/1.0; +claudebot@anthropic.com)"
45.117.177.72 - - [06/Sep/2025:07:20:28 +0700] "POST /wp-cron.php?doing_wp_cron=1757118028.0596210956573486328125 HTTP/1.0" 200 416 "-" "WordPress/6.8.1; https://vattusacky.vn"
85.208.96.196 - - [06/Sep/2025:07:20:24 +0700] "GET /robots.txt HTTP/1.0" 200 984 "-" "Mozilla/5.0 (compatible; SemrushBot/7~bl; +http://www.semrush.com/bot.html)"
217.113.194.72 - - [06/Sep/2025:07:20:28 +0700] "GET /demystifying-the-random-inside-omegles-unpredictable-chat/feed/ HTTP/1.0" 200 1768 "-" "Mozilla/5.0 (compatible; Barkrowler/0.9; +https://babbar.tech/crawler)"
185.191.171.14 - - [06/Sep/2025:07:20:30 +0700] "GET /agribank-cho-https-vaysite-com-app-vay-tien-senmo-app-vay-mua-nha/ HTTP/1.0" 200 210351 "-" "Mozilla/5.0 (compatible; SemrushBot/7~bl; +http://www.semrush.com/bot.html)"
217.113.194.72 - - [06/Sep/2025:07:20:50 +0700] "GET /pioneering-the-future-of-random-chats-omegles-forward-momentum/feed/ HTTP/1.0" 200 1783 "-" "Mozilla/5.0 (compatible; Barkrowler/0.9; +https://babbar.tech/crawler)"
217.113.194.72 - - [06/Sep/2025:07:21:12 +0700] "GET /the-beauty-of-collaboration-omegle-as-a-platform-for-artistic-synergy/ HTTP/1.0" 200 80181 "-" "Mozilla/5.0 (compatible; Barkrowler/0.9; +https://babbar.tech/crawler)"
45.117.177.72 - - [06/Sep/2025:07:21:46 +0700] "POST /wp-cron.php?doing_wp_cron=1757118106.0536758899688720703125 HTTP/1.0" 200 416 "-" "WordPress/6.8.1; https://vattusacky.vn"
217.113.194.81 - - [06/Sep/2025:07:21:41 +0700] "GET /the-beauty-of-collaboration-omegle-as-a-platform-for-artistic-synergy/feed/ HTTP/1.0" 200 1804 "-" "Mozilla/5.0 (compatible; Barkrowler/0.9; +https://babbar.tech/crawler)"
217.113.194.72 - - [06/Sep/2025:07:22:05 +0700] "GET /the-beauty-of-the-unexpected-serendipitous-connections-on-omegle/feed/ HTTP/1.0" 200 1789 "-" "Mozilla/5.0 (compatible; Barkrowler/0.9; +https://babbar.tech/crawler)"
45.117.177.72 - - [06/Sep/2025:07:22:33 +0700] "POST /wp-cron.php?doing_wp_cron=1757118152.6823499202728271484375 HTTP/1.0" 200 416 "-" "WordPress/6.8.1; https://vattusacky.vn"
217.113.194.77 - - [06/Sep/2025:07:22:27 +0700] "GET /the-benefits-of-creating-genuine-connections-on-omegle-and-ometv/ HTTP/1.0" 200 91666 "-" "Mozilla/5.0 (compatible; Barkrowler/0.9; +https://babbar.tech/crawler)"
217.113.194.72 - - [06/Sep/2025:07:22:52 +0700] "GET /sei-club-has-selective-matchmaking-for-elite-singles-around-the-world/ HTTP/1.0" 200 213132 "-" "Mozilla/5.0 (compatible; Barkrowler/0.9; +https://babbar.tech/crawler)"
45.117.177.72 - - [06/Sep/2025:07:23:28 +0700] "POST /wp-cron.php?doing_wp_cron=1757118208.0221319198608398437500 HTTP/1.0" 200 416 "-" "WordPress/6.8.1; https://vattusacky.vn"
217.113.194.218 - - [06/Sep/2025:07:23:25 +0700] "GET /sei-club-has-selective-matchmaking-for-elite-singles-around-the-world/feed/ HTTP/1.0" 200 1804 "-" "Mozilla/5.0 (compatible; Barkrowler/0.9; +https://babbar.tech/crawler)"
217.113.194.72 - - [06/Sep/2025:07:23:47 +0700] "GET /vulkan-insel-la-palma-wettet-auf-erneuerbare-energien/ HTTP/1.0" 200 224289 "-" "Mozilla/5.0 (compatible; Barkrowler/0.9; +https://babbar.tech/crawler)"
66.249.70.192 - - [06/Sep/2025:07:23:50 +0700] "GET /robots.txt HTTP/1.0" 200 984 "-" "Mozilla/5.0 (compatible; Googlebot/2.1; +http://www.google.com/bot.html)"
45.117.177.72 - - [06/Sep/2025:07:24:23 +0700] "POST /wp-cron.php?doing_wp_cron=1757118262.8346610069274902343750 HTTP/1.0" 200 416 "-" "WordPress/6.8.1; https://vattusacky.vn"
216.73.216.162 - - [06/Sep/2025:07:24:18 +0700] "GET /since-1985-red-butte-backyard-has-provided-a-serene-escape-for-daters-in-utah/feed HTTP/1.0" 301 771 "-" "Mozilla/5.0 AppleWebKit/537.36 (KHTML, like Gecko; compatible; ClaudeBot/1.0; +claudebot@anthropic.com)"
217.113.194.217 - - [06/Sep/2025:07:24:21 +0700] "GET /bahsegel-canl-casino-bahsegel-canl-casino-canl/feed/ HTTP/1.0" 200 1786 "-" "Mozilla/5.0 (compatible; Barkrowler/0.9; +https://babbar.tech/crawler)"
216.73.216.162 - - [06/Sep/2025:07:24:23 +0700] "GET /since-1985-red-butte-backyard-has-provided-a-serene-escape-for-daters-in-utah/feed/ HTTP/1.0" 200 1683 "https://vattusacky.vn/since-1985-red-butte-backyard-has-provided-a-serene-escape-for-daters-in-utah/feed" "Mozilla/5.0 AppleWebKit/537.36 (KHTML, like Gecko; compatible; ClaudeBot/1.0; +claudebot@anthropic.com)"
217.113.194.81 - - [06/Sep/2025:07:24:44 +0700] "GET /bahis-siteleri-ve-canl-casno-yeni-mobil-sitesi/feed/ HTTP/1.0" 200 1748 "-" "Mozilla/5.0 (compatible; Barkrowler/0.9; +https://babbar.tech/crawler)"
74.125.151.194 - - [06/Sep/2025:07:24:46 +0700] "GET /.well-known/apple-app-site-association HTTP/1.0" 404 70813 "-" "Mozilla/5.0 (Linux; Android 6.0.1; Nexus 5X Build/MMB29P) AppleWebKit/537.36 (KHTML, like Gecko) Chrome/138.0.7204.183 Mobile Safari/537.36 (compatible; AdsBot-Google-Mobile; +http://www.google.com/mobile/adsbot.html)"
85.208.96.207 - - [06/Sep/2025:07:24:53 +0700] "GET /puerto-rican-brides-online-start-a-chat-with-hot-boricua-ladies/ HTTP/1.0" 200 211208 "-" "Mozilla/5.0 (compatible; SemrushBot/7~bl; +http://www.semrush.com/bot.html)"
217.113.194.78 - - [06/Sep/2025:07:25:07 +0700] "GET /marital-life-certificate-technique-and-over-the-internet-marriage-organization/ HTTP/1.0" 200 208591 "-" "Mozilla/5.0 (compatible; Barkrowler/0.9; +https://babbar.tech/crawler)"
45.117.177.72 - - [06/Sep/2025:07:25:48 +0700] "POST /wp-cron.php?doing_wp_cron=1757118347.7344119548797607421875 HTTP/1.0" 200 416 "-" "WordPress/6.8.1; https://vattusacky.vn"
217.113.194.77 - - [06/Sep/2025:07:25:44 +0700] "GET /grandpashabet-canl-casno-hakknda-giri-casino/feed/ HTTP/1.0" 200 1744 "-" "Mozilla/5.0 (compatible; Barkrowler/0.9; +https://babbar.tech/crawler)"
154.54.249.200 - - [06/Sep/2025:07:26:09 +0700] "GET /luchshie-onlajn-kazino-top-igrovye-avtomaty/feed/ HTTP/1.0" 200 1836 "-" "Mozilla/5.0 (compatible; Barkrowler/0.9; +https://babbar.tech/crawler)"
45.117.177.72 - - [06/Sep/2025:07:26:34 +0700] "POST /wp-cron.php?doing_wp_cron=1757118394.6164679527282714843750 HTTP/1.0" 200 416 "-" "WordPress/6.8.1; https://vattusacky.vn"
154.54.249.200 - - [06/Sep/2025:07:26:30 +0700] "GET /luchshie-onlajn-kazino-top-igrovye-avtomaty-3/ HTTP/1.0" 200 234700 "-" "Mozilla/5.0 (compatible; Barkrowler/0.9; +https://babbar.tech/crawler)"
217.113.194.81 - - [06/Sep/2025:07:27:00 +0700] "GET /luchshie-onlajn-kazino-vy-mozhete-vybrat-zdes/feed/ HTTP/1.0" 200 1843 "-" "Mozilla/5.0 (compatible; Barkrowler/0.9; +https://babbar.tech/crawler)"
45.117.177.72 - - [06/Sep/2025:07:27:28 +0700] "POST /wp-cron.php?doing_wp_cron=1757118447.9193100929260253906250 HTTP/1.0" 200 416 "-" "WordPress/6.8.1; https://vattusacky.vn"
154.54.249.200 - - [06/Sep/2025:07:27:23 +0700] "GET /luchshie-onlajn-kazino-vy-mozhete-vybrat-zdes/ HTTP/1.0" 200 105551 "-" "Mozilla/5.0 (compatible; Barkrowler/0.9; +https://babbar.tech/crawler)"
217.113.194.74 - - [06/Sep/2025:07:27:55 +0700] "GET /the-art-of-conversation-on-omegle-navigating-the-world-of-random-chats/feed/ HTTP/1.0" 200 1807 "-" "Mozilla/5.0 (compatible; Barkrowler/0.9; +https://babbar.tech/crawler)"
45.117.177.72 - - [06/Sep/2025:07:28:21 +0700] "POST /wp-cron.php?doing_wp_cron=1757118501.2684659957885742187500 HTTP/1.0" 200 416 "-" "WordPress/6.8.1; https://vattusacky.vn"
217.113.194.80 - - [06/Sep/2025:07:28:18 +0700] "GET /the-art-of-connection-omegle-as-a-catalyst-for-creative-partnerships/feed/ HTTP/1.0" 200 1801 "-" "Mozilla/5.0 (compatible; Barkrowler/0.9; +https://babbar.tech/crawler)"
217.113.194.217 - - [06/Sep/2025:07:28:40 +0700] "GET /the-art-of-embracing-ambiguity-serendipity-in-online-interactions/ HTTP/1.0" 200 93461 "-" "Mozilla/5.0 (compatible; Barkrowler/0.9; +https://babbar.tech/crawler)"
154.54.249.200 - - [06/Sep/2025:07:29:07 +0700] "GET /the-art-of-recognizing-patterns-in-cosmic-connections-on-omegle/feed/ HTTP/1.0" 200 1786 "-" "Mozilla/5.0 (compatible; Barkrowler/0.9; +https://babbar.tech/crawler)"
45.117.177.72 - - [06/Sep/2025:07:29:34 +0700] "POST /wp-cron.php?doing_wp_cron=1757118573.7602140903472900390625 HTTP/1.0" 200 416 "-" "WordPress/6.8.1; https://vattusacky.vn"
217.113.194.78 - - [06/Sep/2025:07:29:29 +0700] "GET /068c3b173bdfe0f097ca05038b9f42f0/ HTTP/1.0" 200 203248 "-" "Mozilla/5.0 (compatible; Barkrowler/0.9; +https://babbar.tech/crawler)"
217.113.194.79 - - [06/Sep/2025:07:30:08 +0700] "GET /obzor-i-testirovanie-videokarty-nvidia-geforce-gtx/feed/ HTTP/1.0" 200 1783 "-" "Mozilla/5.0 (compatible; Barkrowler/0.9; +https://babbar.tech/crawler)"
45.117.177.72 - - [06/Sep/2025:07:30:35 +0700] "POST /wp-cron.php?doing_wp_cron=1757118635.3340499401092529296875 HTTP/1.0" 200 416 "-" "WordPress/6.8.1; https://vattusacky.vn"
217.113.194.75 - - [06/Sep/2025:07:30:31 +0700] "GET /1win-en-guvenilir-casino-sitesi-guncel-sitesi/feed/ HTTP/1.0" 200 1743 "-" "Mozilla/5.0 (compatible; Barkrowler/0.9; +https://babbar.tech/crawler)"
217.113.194.78 - - [06/Sep/2025:07:30:55 +0700] "GET /1win-canl-casno-ve-bahs-2023-sanal-casino/feed/ HTTP/1.0" 200 1733 "-" "Mozilla/5.0 (compatible; Barkrowler/0.9; +https://babbar.tech/crawler)"
45.117.177.72 - - [06/Sep/2025:07:31:22 +0700] "POST /wp-cron.php?doing_wp_cron=1757118681.9022669792175292968750 HTTP/1.0" 200 416 "-" "WordPress/6.8.1; https://vattusacky.vn"
217.113.194.81 - - [06/Sep/2025:07:31:17 +0700] "GET /1xbet-app-download-xbet-login-and-promocode-2023-720/ HTTP/1.0" 200 99622 "-" "Mozilla/5.0 (compatible; Barkrowler/0.9; +https://babbar.tech/crawler)"
217.113.194.77 - - [06/Sep/2025:07:31:44 +0700] "GET /1xbet-app-obtain-apk-for-android-ios-home-windows-35/feed/ HTTP/1.0" 200 1768 "-" "Mozilla/5.0 (compatible; Barkrowler/0.9; +https://babbar.tech/crawler)"
217.113.194.73 - - [06/Sep/2025:07:32:08 +0700] "GET /1xbet-casino-bystraja-versija-1xbet-kazino/ HTTP/1.0" 200 218789 "-" "Mozilla/5.0 (compatible; Barkrowler/0.9; +https://babbar.tech/crawler)"
45.117.177.72 - - [06/Sep/2025:07:32:17 +0700] "POST /wp-cron.php?doing_wp_cron=1757118737.3077259063720703125000 HTTP/1.0" 200 416 "-" "WordPress/6.8.1; https://vattusacky.vn"
185.191.171.6 - - [06/Sep/2025:07:32:14 +0700] "GET /deconstructing-the-addictive-nature-of-omegles-randomness/ HTTP/1.0" 200 90270 "-" "Mozilla/5.0 (compatible; SemrushBot/7~bl; +http://www.semrush.com/bot.html)"
217.113.194.75 - - [06/Sep/2025:07:32:41 +0700] "GET /1xbet-casino-android-apk-ios-zerkalo-oficialnyj-3/ HTTP/1.0" 200 223890 "-" "Mozilla/5.0 (compatible; Barkrowler/0.9; +https://babbar.tech/crawler)"
45.117.177.72 - - [06/Sep/2025:07:33:25 +0700] "POST /wp-cron.php?doing_wp_cron=1757118805.2760040760040283203125 HTTP/1.0" 200 416 "-" "WordPress/6.8.1; https://vattusacky.vn"
217.113.194.79 - - [06/Sep/2025:07:33:21 +0700] "GET /unforgettable-omegle-fails-and-lol-worthy-conversations/feed/ HTTP/1.0" 200 1762 "-" "Mozilla/5.0 (compatible; Barkrowler/0.9; +https://babbar.tech/crawler)"
217.113.194.73 - - [06/Sep/2025:07:33:44 +0700] "GET /unlocking-the-essence-of-omegle-tales-from-anonymous-explorers/feed/ HTTP/1.0" 200 1783 "-" "Mozilla/5.0 (compatible; Barkrowler/0.9; +https://babbar.tech/crawler)"
217.113.194.72 - - [06/Sep/2025:07:34:07 +0700] "GET /unveiling-the-mystery-understanding-the-psychology-of-omegle-chats/feed/ HTTP/1.0" 200 1795 "-" "Mozilla/5.0 (compatible; Barkrowler/0.9; +https://babbar.tech/crawler)"
45.117.177.72 - - [06/Sep/2025:07:34:35 +0700] "POST /wp-cron.php?doing_wp_cron=1757118874.7857570648193359375000 HTTP/1.0" 200 416 "-" "WordPress/6.8.1; https://vattusacky.vn"
217.113.194.218 - - [06/Sep/2025:07:34:30 +0700] "GET /unveiling-the-mysterious-world-of-omegles-cosmic-connections/feed/ HTTP/1.0" 200 1777 "-" "Mozilla/5.0 (compatible; Barkrowler/0.9; +https://babbar.tech/crawler)"
217.113.194.78 - - [06/Sep/2025:07:34:55 +0700] "GET /unveiling-the-thrills-of-omegle-stories-from-anonymous-explorers/feed/ HTTP/1.0" 200 1789 "-" "Mozilla/5.0 (compatible; Barkrowler/0.9; +https://babbar.tech/crawler)"
205.210.31.110 - - [06/Sep/2025:07:35:03 +0700] "GET /shell HTTP/1.0" 404 70812 "-" "Hello from Palo Alto Networks, find out more about our scans in https://docs-cortex.paloaltonetworks.com/r/1/Cortex-Xpanse/Scanning-activity"
45.117.177.72 - - [06/Sep/2025:07:35:22 +0700] "POST /wp-cron.php?doing_wp_cron=1757118922.5921330451965332031250 HTTP/1.0" 200 416 "-" "WordPress/6.8.1; https://vattusacky.vn"
217.113.194.73 - - [06/Sep/2025:07:35:18 +0700] "GET /unveiling-omegle-artistry-a-look-into-the-collaborative-process/feed/ HTTP/1.0" 200 1786 "-" "Mozilla/5.0 (compatible; Barkrowler/0.9; +https://babbar.tech/crawler)"
217.113.194.218 - - [06/Sep/2025:07:35:41 +0700] "GET /unveiling-omegles-magic-how-it-captivates-users-worldwide/feed/ HTTP/1.0" 200 1768 "-" "Mozilla/5.0 (compatible; Barkrowler/0.9; +https://babbar.tech/crawler)"
217.113.194.72 - - [06/Sep/2025:07:36:06 +0700] "GET /unleashing-the-power-of-anonymity-omegle-tales-exposed/feed/ HTTP/1.0" 200 1759 "-" "Mozilla/5.0 (compatible; Barkrowler/0.9; +https://babbar.tech/crawler)"
217.113.194.80 - - [06/Sep/2025:07:36:28 +0700] "GET /unleashing-your-true-self-identity-exploration-on-omegle/feed/ HTTP/1.0" 200 1765 "-" "Mozilla/5.0 (compatible; Barkrowler/0.9; +https://babbar.tech/crawler)"
45.117.177.72 - - [06/Sep/2025:07:36:33 +0700] "POST /wp-cron.php?doing_wp_cron=1757118993.1238150596618652343750 HTTP/1.0" 200 416 "-" "WordPress/6.8.1; https://vattusacky.vn"
216.73.216.162 - - [06/Sep/2025:07:36:28 +0700] "GET /40-times-of-matchmaking-could-you-effectively-date-your-own-buddy HTTP/1.0" 301 656 "-" "Mozilla/5.0 AppleWebKit/537.36 (KHTML, like Gecko; compatible; ClaudeBot/1.0; +claudebot@anthropic.com)"
216.73.216.162 - - [06/Sep/2025:07:36:28 +0700] "GET /xmeets-com-assessment-confessano-di-making-use-of-profili-fittizi-per-swindle-loro-users HTTP/1.0" 301 679 "-" "Mozilla/5.0 AppleWebKit/537.36 (KHTML, like Gecko; compatible; ClaudeBot/1.0; +claudebot@anthropic.com)"
216.73.216.162 - - [06/Sep/2025:07:36:33 +0700] "GET /40-times-of-matchmaking-could-you-effectively-date-your-own-buddy/ HTTP/1.0" 503 8456 "https://vattusacky.vn/40-times-of-matchmaking-could-you-effectively-date-your-own-buddy" "Mozilla/5.0 AppleWebKit/537.36 (KHTML, like Gecko; compatible; ClaudeBot/1.0; +claudebot@anthropic.com)"
216.73.216.162 - - [06/Sep/2025:07:36:34 +0700] "GET /xmeets-com-assessment-confessano-di-making-use-of-profili-fittizi-per-swindle-loro-users/ HTTP/1.0" 503 8456 "https://vattusacky.vn/xmeets-com-assessment-confessano-di-making-use-of-profili-fittizi-per-swindle-loro-users" "Mozilla/5.0 AppleWebKit/537.36 (KHTML, like Gecko; compatible; ClaudeBot/1.0; +claudebot@anthropic.com)"
216.73.216.162 - - [06/Sep/2025:07:36:37 +0700] "GET /avoiding-scams-on-omegle-video-chat HTTP/1.0" 301 480 "-" "Mozilla/5.0 AppleWebKit/537.36 (KHTML, like Gecko; compatible; ClaudeBot/1.0; +claudebot@anthropic.com)"
147.185.132.177 - - [06/Sep/2025:07:36:43 +0700] "GET /webshell.php HTTP/1.0" 403 573 "-" "Hello from Palo Alto Networks, find out more about our scans in https://docs-cortex.paloaltonetworks.com/r/1/Cortex-Xpanse/Scanning-activity"
216.73.216.162 - - [06/Sep/2025:07:36:38 +0700] "GET /sitemap_index.xml HTTP/1.0" 200 2280 "-" "Mozilla/5.0 AppleWebKit/537.36 (KHTML, like Gecko; compatible; ClaudeBot/1.0; +claudebot@anthropic.com)"
216.73.216.162 - - [06/Sep/2025:07:36:42 +0700] "GET /avoiding-scams-on-omegle-video-chat/ HTTP/1.0" 200 71245 "https://vattusacky.vn/avoiding-scams-on-omegle-video-chat" "Mozilla/5.0 AppleWebKit/537.36 (KHTML, like Gecko; compatible; ClaudeBot/1.0; +claudebot@anthropic.com)"
216.73.216.162 - - [06/Sep/2025:07:36:44 +0700] "GET /crypto-com-shuts-down-us-institutional-exchange-51 HTTP/1.0" 301 495 "-" "Mozilla/5.0 AppleWebKit/537.36 (KHTML, like Gecko; compatible; ClaudeBot/1.0; +claudebot@anthropic.com)"
216.73.216.162 - - [06/Sep/2025:07:36:47 +0700] "GET /hello-world-3/feed HTTP/1.0" 301 561 "-" "Mozilla/5.0 AppleWebKit/537.36 (KHTML, like Gecko; compatible; ClaudeBot/1.0; +claudebot@anthropic.com)"
216.73.216.162 - - [06/Sep/2025:07:36:48 +0700] "GET /crypto-com-shuts-down-us-institutional-exchange-51/ HTTP/1.0" 200 247644 "https://vattusacky.vn/crypto-com-shuts-down-us-institutional-exchange-51" "Mozilla/5.0 AppleWebKit/537.36 (KHTML, like Gecko; compatible; ClaudeBot/1.0; +claudebot@anthropic.com)"
154.54.249.200 - - [06/Sep/2025:07:36:52 +0700] "GET /the-universal-language-of-connection-love-friendship-and-support-on-omegle/feed/ HTTP/1.0" 200 1819 "-" "Mozilla/5.0 (compatible; Barkrowler/0.9; +https://babbar.tech/crawler)"
216.73.216.162 - - [06/Sep/2025:07:36:52 +0700] "GET /hello-world-3/feed/ HTTP/1.0" 200 1488 "https://vattusacky.vn/hello-world-3/feed" "Mozilla/5.0 AppleWebKit/537.36 (KHTML, like Gecko; compatible; ClaudeBot/1.0; +claudebot@anthropic.com)"
216.73.216.162 - - [06/Sep/2025:07:36:53 +0700] "GET /using-marijuana-147/feed HTTP/1.0" 301 567 "-" "Mozilla/5.0 AppleWebKit/537.36 (KHTML, like Gecko; compatible; ClaudeBot/1.0; +claudebot@anthropic.com)"
216.73.216.162 - - [06/Sep/2025:07:36:57 +0700] "GET /using-marijuana-147/feed/ HTTP/1.0" 200 1504 "https://vattusacky.vn/using-marijuana-147/feed" "Mozilla/5.0 AppleWebKit/537.36 (KHTML, like Gecko; compatible; ClaudeBot/1.0; +claudebot@anthropic.com)"
216.73.216.162 - - [06/Sep/2025:07:37:01 +0700] "GET /a-deep-dive-into-omegle-features/feed HTTP/1.0" 301 580 "-" "Mozilla/5.0 AppleWebKit/537.36 (KHTML, like Gecko; compatible; ClaudeBot/1.0; +claudebot@anthropic.com)"
216.73.216.162 - - [06/Sep/2025:07:37:05 +0700] "GET /a-deep-dive-into-omegle-features/feed/ HTTP/1.0" 200 1547 "https://vattusacky.vn/a-deep-dive-into-omegle-features/feed" "Mozilla/5.0 AppleWebKit/537.36 (KHTML, like Gecko; compatible; ClaudeBot/1.0; +claudebot@anthropic.com)"
216.73.216.162 - - [06/Sep/2025:07:37:08 +0700] "GET /?p=4101 HTTP/1.0" 301 640 "-" "Mozilla/5.0 AppleWebKit/537.36 (KHTML, like Gecko; compatible; ClaudeBot/1.0; +claudebot@anthropic.com)"
185.191.171.15 - - [06/Sep/2025:07:37:09 +0700] "GET /sweet-bonanza-sweet-bonanza-oyna-bedava-sweet/ HTTP/1.0" 200 233345 "-" "Mozilla/5.0 (compatible; SemrushBot/7~bl; +http://www.semrush.com/bot.html)"
216.73.216.162 - - [06/Sep/2025:07:37:11 +0700] "GET /22bet-s-short-withdrawal-time-makes-it-india-s-31/ HTTP/1.0" 200 242086 "https://vattusacky.vn/?p=4101" "Mozilla/5.0 AppleWebKit/537.36 (KHTML, like Gecko; compatible; ClaudeBot/1.0; +claudebot@anthropic.com)"
45.117.177.72 - - [06/Sep/2025:07:37:18 +0700] "POST /wp-cron.php?doing_wp_cron=1757119037.9347550868988037109375 HTTP/1.0" 200 416 "-" "WordPress/6.8.1; https://vattusacky.vn"
154.54.249.200 - - [06/Sep/2025:07:37:14 +0700] "GET /san-pham/hc700-do-nhanh-chi-tieu-nuoc/feed/ HTTP/1.0" 200 1708 "-" "Mozilla/5.0 (compatible; Barkrowler/0.9; +https://babbar.tech/crawler)"
216.73.216.162 - - [06/Sep/2025:07:37:17 +0700] "GET /how-long-until-viagra-starts-working/feed HTTP/1.0" 301 584 "-" "Mozilla/5.0 AppleWebKit/537.36 (KHTML, like Gecko; compatible; ClaudeBot/1.0; +claudebot@anthropic.com)"
216.73.216.162 - - [06/Sep/2025:07:37:20 +0700] "GET /how-long-until-viagra-starts-working/feed/ HTTP/1.0" 200 1561 "https://vattusacky.vn/how-long-until-viagra-starts-working/feed" "Mozilla/5.0 AppleWebKit/537.36 (KHTML, like Gecko; compatible; ClaudeBot/1.0; +claudebot@anthropic.com)"
216.73.216.162 - - [06/Sep/2025:07:37:25 +0700] "GET /?p=6089 HTTP/1.0" 301 477 "-" "Mozilla/5.0 AppleWebKit/537.36 (KHTML, like Gecko; compatible; ClaudeBot/1.0; +claudebot@anthropic.com)"
216.73.216.162 - - [06/Sep/2025:07:37:28 +0700] "GET /a-deep-dive-into-omegle-features/ HTTP/1.0" 200 90959 "https://vattusacky.vn/?p=6089" "Mozilla/5.0 AppleWebKit/537.36 (KHTML, like Gecko; compatible; ClaudeBot/1.0; +claudebot@anthropic.com)"
216.73.216.162 - - [06/Sep/2025:07:37:33 +0700] "GET /?p=3239 HTTP/1.0" 301 458 "-" "Mozilla/5.0 AppleWebKit/537.36 (KHTML, like Gecko; compatible; ClaudeBot/1.0; +claudebot@anthropic.com)"
216.73.216.162 - - [06/Sep/2025:07:37:36 +0700] "GET /hello-world-3/ HTTP/1.0" 200 203146 "https://vattusacky.vn/?p=3239" "Mozilla/5.0 AppleWebKit/537.36 (KHTML, like Gecko; compatible; ClaudeBot/1.0; +claudebot@anthropic.com)"
217.113.194.74 - - [06/Sep/2025:07:37:38 +0700] "GET /san-pham/hm4000-kim-loai-nang-trong-dat/feed/ HTTP/1.0" 200 1711 "-" "Mozilla/5.0 (compatible; Barkrowler/0.9; +https://babbar.tech/crawler)"
217.113.194.77 - - [06/Sep/2025:07:38:00 +0700] "GET /san-pham/hm5100-phan-tich-kim-loai-nang/feed/ HTTP/1.0" 200 1729 "-" "Mozilla/5.0 (compatible; Barkrowler/0.9; +https://babbar.tech/crawler)"
45.117.177.72 - - [06/Sep/2025:07:38:25 +0700] "POST /wp-cron.php?doing_wp_cron=1757119105.5812230110168457031250 HTTP/1.0" 200 416 "-" "WordPress/6.8.1; https://vattusacky.vn"
51.210.183.228 - - [06/Sep/2025:07:38:20 +0700] "POST /xmlrpc.php HTTP/1.0" 200 956 "-" "Mozilla/5.0 (Windows NT 10.0; Win64; x64; rv:90.0) Gecko/20100101 Firefox/90.0"
217.113.194.77 - - [06/Sep/2025:07:38:23 +0700] "GET /san-pham/icp-oes-phat-xa-plasma-prodigy7/feed/ HTTP/1.0" 200 1691 "-" "Mozilla/5.0 (compatible; Barkrowler/0.9; +https://babbar.tech/crawler)"
217.113.194.76 - - [06/Sep/2025:07:38:48 +0700] "GET /san-pham/noi-hap-tiet-trung-45-lit-kt-30l/feed/ HTTP/1.0" 200 1676 "-" "Mozilla/5.0 (compatible; Barkrowler/0.9; +https://babbar.tech/crawler)"
216.73.216.162 - - [06/Sep/2025:07:39:09 +0700] "GET /?p=6331 HTTP/1.0" 301 646 "-" "Mozilla/5.0 AppleWebKit/537.36 (KHTML, like Gecko; compatible; ClaudeBot/1.0; +claudebot@anthropic.com)"
217.113.194.73 - - [06/Sep/2025:07:39:12 +0700] "GET /san-pham/thiet-bi-do-hoat-do-nuoc-ez-200/feed/ HTTP/1.0" 200 1713 "-" "Mozilla/5.0 (compatible; Barkrowler/0.9; +https://babbar.tech/crawler)"
216.73.216.162 - - [06/Sep/2025:07:39:13 +0700] "GET /celebrating-the-power-of-connections-in-omelove-stories/ HTTP/1.0" 200 92087 "https://vattusacky.vn/?p=6331" "Mozilla/5.0 AppleWebKit/537.36 (KHTML, like Gecko; compatible; ClaudeBot/1.0; +claudebot@anthropic.com)"
45.117.177.72 - - [06/Sep/2025:07:39:22 +0700] "POST /wp-cron.php?doing_wp_cron=1757119162.0622279644012451171875 HTTP/1.0" 200 416 "-" "WordPress/6.8.1; https://vattusacky.vn"
216.73.216.162 - - [06/Sep/2025:07:39:17 +0700] "GET /?p=6336 HTTP/1.0" 301 514 "-" "Mozilla/5.0 AppleWebKit/537.36 (KHTML, like Gecko; compatible; ClaudeBot/1.0; +claudebot@anthropic.com)"
216.73.216.162 - - [06/Sep/2025:07:39:22 +0700] "GET /celebrating-versatility-in-art-showcasing-different-mediums-on-omegle/ HTTP/1.0" 200 92014 "https://vattusacky.vn/?p=6336" "Mozilla/5.0 AppleWebKit/537.36 (KHTML, like Gecko; compatible; ClaudeBot/1.0; +claudebot@anthropic.com)"
216.73.216.162 - - [06/Sep/2025:07:39:27 +0700] "GET /?p=5128 HTTP/1.0" 301 513 "-" "Mozilla/5.0 AppleWebKit/537.36 (KHTML, like Gecko; compatible; ClaudeBot/1.0; +claudebot@anthropic.com)"
216.73.216.162 - - [06/Sep/2025:07:39:32 +0700] "GET /amourfeel-critiques-read-customer-service-critiques-of-amourfeel-com/ HTTP/1.0" 200 76497 "https://vattusacky.vn/?p=5128" "Mozilla/5.0 AppleWebKit/537.36 (KHTML, like Gecko; compatible; ClaudeBot/1.0; +claudebot@anthropic.com)"
217.113.194.81 - - [06/Sep/2025:07:39:34 +0700] "GET /san-pham/thiet-bi-do-nuoc-bien-hien-truong/feed/ HTTP/1.0" 200 1710 "-" "Mozilla/5.0 (compatible; Barkrowler/0.9; +https://babbar.tech/crawler)"
217.113.194.77 - - [06/Sep/2025:07:40:01 +0700] "GET /san-pham/do-on-phan-tich-dai-tan-so-type-6236/feed/ HTTP/1.0" 200 1717 "-" "Mozilla/5.0 (compatible; Barkrowler/0.9; +https://babbar.tech/crawler)"
216.73.216.162 - - [06/Sep/2025:07:40:04 +0700] "GET /pin-up-aviator-game-review-9 HTTP/1.0" 301 619 "-" "Mozilla/5.0 AppleWebKit/537.36 (KHTML, like Gecko; compatible; ClaudeBot/1.0; +claudebot@anthropic.com)"
216.73.216.162 - - [06/Sep/2025:07:40:08 +0700] "GET /pin-up-aviator-game-review-9/ HTTP/1.0" 200 248959 "https://vattusacky.vn/pin-up-aviator-game-review-9" "Mozilla/5.0 AppleWebKit/537.36 (KHTML, like Gecko; compatible; ClaudeBot/1.0; +claudebot@anthropic.com)"
216.73.216.162 - - [06/Sep/2025:07:40:13 +0700] "GET /take-part-in-the-very-best-online-pokies-within-10 HTTP/1.0" 301 495 "-" "Mozilla/5.0 AppleWebKit/537.36 (KHTML, like Gecko; compatible; ClaudeBot/1.0; +claudebot@anthropic.com)"
45.117.177.72 - - [06/Sep/2025:07:40:20 +0700] "POST /wp-cron.php?doing_wp_cron=1757119220.0073330402374267578125 HTTP/1.0" 200 416 "-" "WordPress/6.8.1; https://vattusacky.vn"
216.73.216.162 - - [06/Sep/2025:07:40:16 +0700] "GET /take-part-in-the-very-best-online-pokies-within-10/ HTTP/1.0" 200 209906 "https://vattusacky.vn/take-part-in-the-very-best-online-pokies-within-10" "Mozilla/5.0 AppleWebKit/537.36 (KHTML, like Gecko; compatible; ClaudeBot/1.0; +claudebot@anthropic.com)"
216.73.216.162 - - [06/Sep/2025:07:40:21 +0700] "GET /?p=9386 HTTP/1.0" 301 495 "-" "Mozilla/5.0 AppleWebKit/537.36 (KHTML, like Gecko; compatible; ClaudeBot/1.0; +claudebot@anthropic.com)"
217.113.194.81 - - [06/Sep/2025:07:40:23 +0700] "GET /san-pham/wildco-mau-bun-tram-tich-232-cm2/feed/ HTTP/1.0" 200 1731 "-" "Mozilla/5.0 (compatible; Barkrowler/0.9; +https://babbar.tech/crawler)"
216.73.216.162 - - [06/Sep/2025:07:40:25 +0700] "GET /obzor-igry-play2x-igrat-onlajn-na-oficialnom-sajte/ HTTP/1.0" 200 92801 "https://vattusacky.vn/?p=9386" "Mozilla/5.0 AppleWebKit/537.36 (KHTML, like Gecko; compatible; ClaudeBot/1.0; +claudebot@anthropic.com)"
216.73.216.162 - - [06/Sep/2025:07:40:28 +0700] "GET /a-touch-of-comedy-hilarious-encounters-on-omegle-and-ometv/feed HTTP/1.0" 301 606 "-" "Mozilla/5.0 AppleWebKit/537.36 (KHTML, like Gecko; compatible; ClaudeBot/1.0; +claudebot@anthropic.com)"
216.73.216.162 - - [06/Sep/2025:07:40:32 +0700] "GET /a-touch-of-comedy-hilarious-encounters-on-omegle-and-ometv/feed/ HTTP/1.0" 200 1625 "https://vattusacky.vn/a-touch-of-comedy-hilarious-encounters-on-omegle-and-ometv/feed" "Mozilla/5.0 AppleWebKit/537.36 (KHTML, like Gecko; compatible; ClaudeBot/1.0; +claudebot@anthropic.com)"
216.73.216.162 - - [06/Sep/2025:07:40:41 +0700] "GET /?p=5463 HTTP/1.0" 301 624 "-" "Mozilla/5.0 AppleWebKit/537.36 (KHTML, like Gecko; compatible; ClaudeBot/1.0; +claudebot@anthropic.com)"
217.113.194.217 - - [06/Sep/2025:07:40:44 +0700] "GET /ideal-dating-sites-pertaining-to-older-men-top-ten-sites-in-2022/feed/ HTTP/1.0" 200 1790 "-" "Mozilla/5.0 (compatible; Barkrowler/0.9; +https://babbar.tech/crawler)"
216.73.216.162 - - [06/Sep/2025:07:40:44 +0700] "GET /how-to-discover-a-ukrainian-bride/ HTTP/1.0" 200 75661 "https://vattusacky.vn/?p=5463" "Mozilla/5.0 AppleWebKit/537.36 (KHTML, like Gecko; compatible; ClaudeBot/1.0; +claudebot@anthropic.com)"
216.73.216.162 - - [06/Sep/2025:07:40:50 +0700] "GET /?p=3587 HTTP/1.0" 301 464 "-" "Mozilla/5.0 AppleWebKit/537.36 (KHTML, like Gecko; compatible; ClaudeBot/1.0; +claudebot@anthropic.com)"
216.73.216.162 - - [06/Sep/2025:07:40:54 +0700] "GET /using-marijuana-147/ HTTP/1.0" 200 207008 "https://vattusacky.vn/?p=3587" "Mozilla/5.0 AppleWebKit/537.36 (KHTML, like Gecko; compatible; ClaudeBot/1.0; +claudebot@anthropic.com)"
216.73.216.162 - - [06/Sep/2025:07:40:58 +0700] "GET /?p=6093 HTTP/1.0" 301 509 "-" "Mozilla/5.0 AppleWebKit/537.36 (KHTML, like Gecko; compatible; ClaudeBot/1.0; +claudebot@anthropic.com)"
216.73.216.162 - - [06/Sep/2025:07:41:00 +0700] "GET /a-detailed-examination-of-the-technology-behind-omegle-and-ometv/ HTTP/1.0" 200 90788 "https://vattusacky.vn/?p=6093" "Mozilla/5.0 AppleWebKit/537.36 (KHTML, like Gecko; compatible; ClaudeBot/1.0; +claudebot@anthropic.com)"
216.73.216.162 - - [06/Sep/2025:07:41:04 +0700] "GET /?p=9320 HTTP/1.0" 301 488 "-" "Mozilla/5.0 AppleWebKit/537.36 (KHTML, like Gecko; compatible; ClaudeBot/1.0; +claudebot@anthropic.com)"
217.113.194.218 - - [06/Sep/2025:07:41:07 +0700] "GET /mostbet-casino-shirokij-vybor-igrovyh-slotov-2/feed/ HTTP/1.0" 200 1805 "-" "Mozilla/5.0 (compatible; Barkrowler/0.9; +https://babbar.tech/crawler)"
216.73.216.162 - - [06/Sep/2025:07:41:06 +0700] "GET /bahis-siteleri-canl-casino-oyna-yeni-adresi/ HTTP/1.0" 200 83356 "https://vattusacky.vn/?p=9320" "Mozilla/5.0 AppleWebKit/537.36 (KHTML, like Gecko; compatible; ClaudeBot/1.0; +claudebot@anthropic.com)"
45.117.177.72 - - [06/Sep/2025:07:41:33 +0700] "POST /wp-cron.php?doing_wp_cron=1757119293.1423940658569335937500 HTTP/1.0" 200 416 "-" "WordPress/6.8.1; https://vattusacky.vn"
217.113.194.73 - - [06/Sep/2025:07:41:29 +0700] "GET /mostbet-top-kazino-kazino-bonusy-igrovye-demo-2/feed/ HTTP/1.0" 200 1797 "-" "Mozilla/5.0 (compatible; Barkrowler/0.9; +https://babbar.tech/crawler)"
217.113.194.73 - - [06/Sep/2025:07:41:54 +0700] "GET /drip-casino-bystraja-versija-drip-kazino/feed/ HTTP/1.0" 200 1742 "-" "Mozilla/5.0 (compatible; Barkrowler/0.9; +https://babbar.tech/crawler)"
216.73.216.162 - - [06/Sep/2025:07:42:10 +0700] "GET /pin-up-aviator-game-review-15 HTTP/1.0" 301 620 "-" "Mozilla/5.0 AppleWebKit/537.36 (KHTML, like Gecko; compatible; ClaudeBot/1.0; +claudebot@anthropic.com)"
45.117.177.72 - - [06/Sep/2025:07:42:19 +0700] "POST /wp-cron.php?doing_wp_cron=1757119338.7497339248657226562500 HTTP/1.0" 200 416 "-" "WordPress/6.8.1; https://vattusacky.vn"
216.73.216.162 - - [06/Sep/2025:07:42:15 +0700] "GET /pin-up-aviator-game-review-15/ HTTP/1.0" 200 228330 "https://vattusacky.vn/pin-up-aviator-game-review-15" "Mozilla/5.0 AppleWebKit/537.36 (KHTML, like Gecko; compatible; ClaudeBot/1.0; +claudebot@anthropic.com)"
217.113.194.74 - - [06/Sep/2025:07:42:17 +0700] "GET /drip-casino-rabochee-zerkalo-vhod-registracija/feed/ HTTP/1.0" 200 1798 "-" "Mozilla/5.0 (compatible; Barkrowler/0.9; +https://babbar.tech/crawler)"
216.73.216.162 - - [06/Sep/2025:07:42:20 +0700] "GET /?p=6317 HTTP/1.0" 301 482 "-" "Mozilla/5.0 AppleWebKit/537.36 (KHTML, like Gecko; compatible; ClaudeBot/1.0; +claudebot@anthropic.com)"
216.73.216.162 - - [06/Sep/2025:07:42:24 +0700] "GET /catfishing-and-fake-profiles-on-ometv/ HTTP/1.0" 200 90051 "https://vattusacky.vn/?p=6317" "Mozilla/5.0 AppleWebKit/537.36 (KHTML, like Gecko; compatible; ClaudeBot/1.0; +claudebot@anthropic.com)"
216.73.216.162 - - [06/Sep/2025:07:42:29 +0700] "GET /category/itlviv-org-ua HTTP/1.0" 301 421 "-" "Mozilla/5.0 AppleWebKit/537.36 (KHTML, like Gecko; compatible; ClaudeBot/1.0; +claudebot@anthropic.com)"
216.73.216.162 - - [06/Sep/2025:07:42:33 +0700] "GET /category/itlviv-org-ua/ HTTP/1.0" 200 59150 "https://vattusacky.vn/category/itlviv-org-ua" "Mozilla/5.0 AppleWebKit/537.36 (KHTML, like Gecko; compatible; ClaudeBot/1.0; +claudebot@anthropic.com)"
217.113.194.218 - - [06/Sep/2025:07:42:40 +0700] "GET /exposing-the-dark-side-of-omegle-maintaining-a-secure-online-presence/ HTTP/1.0" 200 91683 "-" "Mozilla/5.0 (compatible; Barkrowler/0.9; +https://babbar.tech/crawler)"
216.73.216.162 - - [06/Sep/2025:07:43:08 +0700] "GET /?p=4919 HTTP/1.0" 301 647 "-" "Mozilla/5.0 AppleWebKit/537.36 (KHTML, like Gecko; compatible; ClaudeBot/1.0; +claudebot@anthropic.com)"
217.113.194.78 - - [06/Sep/2025:07:43:09 +0700] "GET /craving-the-unexpected-the-thrill-of-omegles-random-pairings/ HTTP/1.0" 200 80796 "-" "Mozilla/5.0 (compatible; Barkrowler/0.9; +https://babbar.tech/crawler)"
