45.117.177.72 - - [06/Sep/2025:13:34:41 +0700] "POST /wp-cron.php?doing_wp_cron=1757140480.7093811035156250000000 HTTP/1.0" 200 416 "-" "WordPress/6.8.1; https://vattusacky.vn"
51.161.65.183 - - [06/Sep/2025:13:34:37 +0700] "GET /danh-muc/moi-truong-khi/may-do-khi-do-khi/ HTTP/1.0" 200 68353 "-" "Mozilla/5.0 (compatible; AhrefsBot/7.0; +http://ahrefs.com/robot/)"
20.171.207.79 - - [06/Sep/2025:13:34:51 +0700] "GET /?p=8724 HTTP/1.0" 301 651 "-" "Mozilla/5.0 AppleWebKit/537.36 (KHTML, like Gecko; compatible; GPTBot/1.2; +https://openai.com/gptbot)"
20.171.207.79 - - [06/Sep/2025:13:34:54 +0700] "GET /the-pros-and-cons-of-omegle-and-ometv-a-comparative-analysis/ HTTP/1.0" 200 90455 "-" "Mozilla/5.0 AppleWebKit/537.36 (KHTML, like Gecko; compatible; GPTBot/1.2; +https://openai.com/gptbot)"
45.117.177.72 - - [06/Sep/2025:13:35:48 +0700] "POST /wp-cron.php?doing_wp_cron=1757140547.6216518878936767578125 HTTP/1.0" 200 416 "-" "WordPress/6.8.1; https://vattusacky.vn"
51.161.65.17 - - [06/Sep/2025:13:35:43 +0700] "GET /category/blog/page/5/ HTTP/1.0" 200 73139 "-" "Mozilla/5.0 (compatible; AhrefsBot/7.0; +http://ahrefs.com/robot/)"
207.46.13.14 - - [06/Sep/2025:13:35:59 +0700] "GET /omegles-influence-on-the-development-of-online-communities/ HTTP/1.0" 200 92235 "-" "Mozilla/5.0 AppleWebKit/537.36 (KHTML, like Gecko; compatible; bingbot/2.0; +http://www.bing.com/bingbot.htm) Chrome/116.0.1938.76 Safari/537.36"
45.117.177.72 - - [06/Sep/2025:13:36:55 +0700] "POST /wp-cron.php?doing_wp_cron=1757140614.6232919692993164062500 HTTP/1.0" 200 416 "-" "WordPress/6.8.1; https://vattusacky.vn"
148.113.130.211 - - [06/Sep/2025:13:36:51 +0700] "GET /san-pham/thiet-bi-lay-mau-nuoc-alpha-van-dorn-loai-ngang-8-2-lit-nhan-hang-wildco-4/ HTTP/1.0" 200 369954 "-" "Mozilla/5.0 (compatible; AhrefsBot/7.0; +http://ahrefs.com/robot/)"
45.117.177.72 - - [06/Sep/2025:13:37:20 +0700] "POST /wp-cron.php?doing_wp_cron=1757140639.6788349151611328125000 HTTP/1.0" 200 416 "-" "WordPress/6.8.1; https://vattusacky.vn"
20.171.207.79 - - [06/Sep/2025:13:37:16 +0700] "GET /staying-safe-on-omegle-tips-for-protecting-your-privacy/ HTTP/1.0" 200 74960 "-" "Mozilla/5.0 AppleWebKit/537.36 (KHTML, like Gecko; compatible; GPTBot/1.2; +https://openai.com/gptbot)"
51.161.37.200 - - [06/Sep/2025:13:37:58 +0700] "GET /whats-right-about-top-crypto-casinos/ HTTP/1.0" 200 231189 "-" "Mozilla/5.0 (compatible; AhrefsBot/7.0; +http://ahrefs.com/robot/)"
45.117.177.72 - - [06/Sep/2025:13:38:58 +0700] "POST /wp-cron.php?doing_wp_cron=1757140737.7973210811614990234375 HTTP/1.0" 200 416 "-" "WordPress/6.8.1; https://vattusacky.vn"
20.171.207.79 - - [06/Sep/2025:13:38:55 +0700] "GET /?p=8784 HTTP/1.0" 301 503 "-" "Mozilla/5.0 AppleWebKit/537.36 (KHTML, like Gecko; compatible; GPTBot/1.2; +https://openai.com/gptbot)"
20.171.207.79 - - [06/Sep/2025:13:38:58 +0700] "GET /the-rise-of-paranormal-activity-on-omegle-privacy-concerns/ HTTP/1.0" 200 91724 "-" "Mozilla/5.0 AppleWebKit/537.36 (KHTML, like Gecko; compatible; GPTBot/1.2; +https://openai.com/gptbot)"
54.39.6.188 - - [06/Sep/2025:13:39:11 +0700] "GET /play-free-casino-games-without-downloading/ HTTP/1.0" 200 209060 "-" "Mozilla/5.0 (compatible; AhrefsBot/7.0; +http://ahrefs.com/robot/)"
45.117.177.72 - - [06/Sep/2025:13:40:28 +0700] "POST /wp-cron.php?doing_wp_cron=1757140827.9890260696411132812500 HTTP/1.0" 200 416 "-" "WordPress/6.8.1; https://vattusacky.vn"
54.39.203.199 - - [06/Sep/2025:13:40:25 +0700] "GET /shop/page/18/ HTTP/1.0" 200 182014 "-" "Mozilla/5.0 (compatible; AhrefsBot/7.0; +http://ahrefs.com/robot/)"
138.3.242.176 - - [06/Sep/2025:13:40:33 +0700] "GET /wp-json/wp/v2/posts?per_page=1&_fields=id,slug,comment_status HTTP/1.0" 200 1018 "-" "-"
138.3.242.176 - - [06/Sep/2025:13:40:33 +0700] "GET /wp-json/wp/v2/posts?per_page=1&_fields=id,slug,comment_status HTTP/1.0" 200 1018 "-" "-"
138.3.242.176 - - [06/Sep/2025:13:40:39 +0700] "POST /wp-comments-post.php HTTP/1.0" 429 3223 "-" "-"
138.3.242.176 - - [06/Sep/2025:13:40:39 +0700] "POST /wp-comments-post.php HTTP/1.0" 302 1157 "-" "-"
138.3.242.176 - - [06/Sep/2025:13:40:43 +0700] "GET /slot-gacor-hari-ini-game-slot-dengan-volatilitas-tinggi/?unapproved=1411&moderation-hash=1ef1a93a6db7c98705425942c8c87469 HTTP/1.0" 200 65035 "https://vattusacky.vn/wp-comments-post.php" "-"
85.208.96.210 - - [06/Sep/2025:13:41:08 +0700] "GET /approaches-for-successful-sweets-daddies-and-babies-interactions/ HTTP/1.0" 200 209063 "-" "Mozilla/5.0 (compatible; SemrushBot/7~bl; +http://www.semrush.com/bot.html)"
45.117.177.72 - - [06/Sep/2025:13:41:35 +0700] "POST /wp-cron.php?doing_wp_cron=1757140895.5744640827178955078125 HTTP/1.0" 200 416 "-" "WordPress/6.8.1; https://vattusacky.vn"
20.171.207.79 - - [06/Sep/2025:13:41:32 +0700] "GET /the-role-of-random-chatting-in-the-digital-age-an-analysis-of-omegle-and-ometv/ HTTP/1.0" 200 91592 "-" "Mozilla/5.0 AppleWebKit/537.36 (KHTML, like Gecko; compatible; GPTBot/1.2; +https://openai.com/gptbot)"
51.222.168.70 - - [06/Sep/2025:13:41:33 +0700] "GET /1xbet-india-123/ HTTP/1.0" 200 108557 "-" "Mozilla/5.0 (compatible; AhrefsBot/7.0; +http://ahrefs.com/robot/)"
138.3.242.176 - - [06/Sep/2025:13:41:57 +0700] "GET /wp-json/wp/v2/posts?per_page=1&_fields=id,slug,comment_status HTTP/1.0" 200 1018 "-" "-"
138.3.242.176 - - [06/Sep/2025:13:42:04 +0700] "POST /wp-comments-post.php HTTP/1.0" 302 1157 "-" "-"
138.3.242.176 - - [06/Sep/2025:13:42:09 +0700] "GET /slot-gacor-hari-ini-game-slot-dengan-volatilitas-tinggi/?unapproved=1412&moderation-hash=742b50f9c11a6b464ca0ee3423e4dfb8 HTTP/1.0" 200 8456 "https://vattusacky.vn/wp-comments-post.php" "-"
45.117.177.72 - - [06/Sep/2025:13:42:45 +0700] "POST /wp-cron.php?doing_wp_cron=1757140965.3251531124114990234375 HTTP/1.0" 200 416 "-" "WordPress/6.8.1; https://vattusacky.vn"
54.39.6.190 - - [06/Sep/2025:13:42:41 +0700] "GET /shop/page/3/ HTTP/1.0" 200 158932 "-" "Mozilla/5.0 (compatible; AhrefsBot/7.0; +http://ahrefs.com/robot/)"
216.73.216.162 - - [06/Sep/2025:13:42:54 +0700] "GET /robots.txt HTTP/1.0" 200 984 "-" "Mozilla/5.0 AppleWebKit/537.36 (KHTML, like Gecko; compatible; ClaudeBot/1.0; +claudebot@anthropic.com)"
216.73.216.162 - - [06/Sep/2025:13:42:58 +0700] "GET /laki-dzhet-luchshaja-igra-na-dengi-analiz-novoj HTTP/1.0" 301 492 "-" "Mozilla/5.0 AppleWebKit/537.36 (KHTML, like Gecko; compatible; ClaudeBot/1.0; +claudebot@anthropic.com)"
216.73.216.162 - - [06/Sep/2025:13:43:01 +0700] "GET /laki-dzhet-luchshaja-igra-na-dengi-analiz-novoj/ HTTP/1.0" 200 222733 "https://vattusacky.vn/laki-dzhet-luchshaja-igra-na-dengi-analiz-novoj" "Mozilla/5.0 AppleWebKit/537.36 (KHTML, like Gecko; compatible; ClaudeBot/1.0; +claudebot@anthropic.com)"
54.39.210.144 - - [06/Sep/2025:13:43:46 +0700] "GET /wp-content/uploads/2019/03/may-sac-ky-ion-ic-ionus-membrapure.jpg HTTP/1.0" 200 442 "-" "Mozilla/5.0 (compatible; AhrefsBot/7.0; +http://ahrefs.com/robot/)"
45.117.177.72 - - [06/Sep/2025:13:43:54 +0700] "POST /wp-cron.php?doing_wp_cron=1757141034.2739710807800292968750 HTTP/1.0" 200 416 "-" "WordPress/6.8.1; https://vattusacky.vn"
15.235.98.6 - - [06/Sep/2025:13:43:49 +0700] "GET /shop/page/3/ HTTP/1.0" 200 158932 "-" "Mozilla/5.0 (compatible; AhrefsBot/7.0; +http://ahrefs.com/robot/)"
142.44.225.121 - - [06/Sep/2025:13:44:02 +0700] "GET /just-how-safe-can-be-online-dating/ HTTP/1.0" 200 206228 "-" "Mozilla/5.0 (compatible; AhrefsBot/7.0; +http://ahrefs.com/robot/)"
216.73.216.162 - - [06/Sep/2025:13:44:56 +0700] "GET /?p=2753 HTTP/1.0" 301 603 "-" "Mozilla/5.0 AppleWebKit/537.36 (KHTML, like Gecko; compatible; ClaudeBot/1.0; +claudebot@anthropic.com)"
45.117.177.72 - - [06/Sep/2025:13:44:59 +0700] "POST /wp-cron.php?doing_wp_cron=1757141099.0000879764556884765625 HTTP/1.0" 200 416 "-" "WordPress/6.8.1; https://vattusacky.vn"
216.73.216.162 - - [06/Sep/2025:13:44:56 +0700] "GET /a-touch-of-comedy-hilarious-encounters-on-omegle-and-ometv/feed HTTP/1.0" 301 752 "-" "Mozilla/5.0 AppleWebKit/537.36 (KHTML, like Gecko; compatible; ClaudeBot/1.0; +claudebot@anthropic.com)"
92.62.135.11 - - [06/Sep/2025:13:44:56 +0700] "POST /xmlrpc.php HTTP/1.0" 200 956 "-" "Mozilla/5.0 (Windows NT 10.0; Win64; x64; rv:86.0) Gecko/20100101 Firefox/86.0"
216.73.216.162 - - [06/Sep/2025:13:44:59 +0700] "GET /essay-writing-made-easy-learn-how-to-write-an-essay-online/ HTTP/1.0" 200 206596 "https://vattusacky.vn/?p=2753" "Mozilla/5.0 AppleWebKit/537.36 (KHTML, like Gecko; compatible; ClaudeBot/1.0; +claudebot@anthropic.com)"
216.73.216.162 - - [06/Sep/2025:13:44:59 +0700] "GET /a-touch-of-comedy-hilarious-encounters-on-omegle-and-ometv/feed/ HTTP/1.0" 200 1625 "https://vattusacky.vn/a-touch-of-comedy-hilarious-encounters-on-omegle-and-ometv/feed" "Mozilla/5.0 AppleWebKit/537.36 (KHTML, like Gecko; compatible; ClaudeBot/1.0; +claudebot@anthropic.com)"
20.171.207.79 - - [06/Sep/2025:13:45:11 +0700] "GET /?p=8950 HTTP/1.0" 301 537 "-" "Mozilla/5.0 AppleWebKit/537.36 (KHTML, like Gecko; compatible; GPTBot/1.2; +https://openai.com/gptbot)"
20.171.207.79 - - [06/Sep/2025:13:45:14 +0700] "GET /the-role-of-user-interface-design-in-facilitating-meaningful-connections-on-omegle-and-ometv/ HTTP/1.0" 200 95966 "-" "Mozilla/5.0 AppleWebKit/537.36 (KHTML, like Gecko; compatible; GPTBot/1.2; +https://openai.com/gptbot)"
45.117.177.72 - - [06/Sep/2025:13:45:24 +0700] "POST /wp-cron.php?doing_wp_cron=1757141124.5008280277252197265625 HTTP/1.0" 200 416 "-" "WordPress/6.8.1; https://vattusacky.vn"
54.39.89.246 - - [06/Sep/2025:13:45:21 +0700] "GET /1xbets-1xsafari-promotion-prizes-awarded-to-484/ HTTP/1.0" 200 245220 "-" "Mozilla/5.0 (compatible; AhrefsBot/7.0; +http://ahrefs.com/robot/)"
45.117.177.72 - - [06/Sep/2025:13:46:23 +0700] "POST /wp-cron.php?doing_wp_cron=1757141183.2039289474487304687500 HTTP/1.0" 200 416 "-" "WordPress/6.8.1; https://vattusacky.vn"
216.73.216.162 - - [06/Sep/2025:13:46:20 +0700] "GET /?p=4191 HTTP/1.0" 301 633 "-" "Mozilla/5.0 AppleWebKit/537.36 (KHTML, like Gecko; compatible; ClaudeBot/1.0; +claudebot@anthropic.com)"
216.73.216.162 - - [06/Sep/2025:13:46:23 +0700] "GET /middlesex-vs-gloucestershire-22nd-match-63/ HTTP/1.0" 200 246594 "https://vattusacky.vn/?p=4191" "Mozilla/5.0 AppleWebKit/537.36 (KHTML, like Gecko; compatible; ClaudeBot/1.0; +claudebot@anthropic.com)"
51.161.37.48 - - [06/Sep/2025:13:46:27 +0700] "GET /plank-management-software-meant-for-nonprofits/ HTTP/1.0" 200 205950 "-" "Mozilla/5.0 (compatible; AhrefsBot/7.0; +http://ahrefs.com/robot/)"
45.117.177.72 - - [06/Sep/2025:13:46:54 +0700] "POST /wp-cron.php?doing_wp_cron=1757141214.2485110759735107421875 HTTP/1.0" 200 416 "-" "WordPress/6.8.1; https://vattusacky.vn"
3.209.174.110 - - [06/Sep/2025:13:46:52 +0700] "GET /mostbet-kazino-i-bukmekerskaja-kontora-mostbet-kz-igrat-onlajn/ HTTP/1.0" 200 94385 "-" "Mozilla/5.0 AppleWebKit/537.36 (KHTML, like Gecko; compatible; Amazonbot/0.1; +https://developer.amazon.com/support/amazonbot) Chrome/119.0.6045.214 Safari/537.36"
138.3.242.176 - - [06/Sep/2025:13:46:52 +0700] "GET /wp-json/wp/v2/posts?per_page=1&_fields=id,slug,comment_status HTTP/1.0" 200 1018 "-" "-"
18.215.49.176 - - [06/Sep/2025:13:46:57 +0700] "GET /category/uncategorized/page/136/ HTTP/1.0" 200 76944 "-" "Mozilla/5.0 AppleWebKit/537.36 (KHTML, like Gecko; compatible; Amazonbot/0.1; +https://developer.amazon.com/support/amazonbot) Chrome/119.0.6045.214 Safari/537.36"
138.3.242.176 - - [06/Sep/2025:13:47:00 +0700] "POST /wp-comments-post.php HTTP/1.0" 302 1157 "-" "-"
85.208.96.200 - - [06/Sep/2025:13:47:01 +0700] "GET /methods-to-increase-added-value-in-the-business/ HTTP/1.0" 200 205490 "-" "Mozilla/5.0 (compatible; SemrushBot/7~bl; +http://www.semrush.com/bot.html)"
44.193.115.232 - - [06/Sep/2025:13:47:01 +0700] "GET /author/yanz/page/403/ HTTP/1.0" 200 77513 "-" "Mozilla/5.0 AppleWebKit/537.36 (KHTML, like Gecko; compatible; Amazonbot/0.1; +https://developer.amazon.com/support/amazonbot) Chrome/119.0.6045.214 Safari/537.36"
138.3.242.176 - - [06/Sep/2025:13:47:02 +0700] "GET /slot-gacor-hari-ini-game-slot-dengan-volatilitas-tinggi/?unapproved=1413&moderation-hash=f7120877da96a63ac09a7f01a9807be5 HTTP/1.0" 200 8456 "https://vattusacky.vn/wp-comments-post.php" "-"
45.117.177.72 - - [06/Sep/2025:13:47:28 +0700] "POST /wp-cron.php?doing_wp_cron=1757141247.9275529384613037109375 HTTP/1.0" 200 416 "-" "WordPress/6.8.1; https://vattusacky.vn"
167.114.139.85 - - [06/Sep/2025:13:47:25 +0700] "GET /category/uncategorized/page/8/ HTTP/1.0" 200 75990 "-" "Mozilla/5.0 (compatible; AhrefsBot/7.0; +http://ahrefs.com/robot/)"
51.222.95.47 - - [06/Sep/2025:13:47:33 +0700] "GET /plank-management-software-meant-for-nonprofits/ HTTP/1.0" 200 205979 "-" "Mozilla/5.0 (compatible; AhrefsBot/7.0; +http://ahrefs.com/robot/)"
54.39.210.73 - - [06/Sep/2025:13:48:03 +0700] "GET /breaking-down-omegles-next-phase-what-to-expect/ HTTP/1.0" 200 91598 "-" "Mozilla/5.0 (compatible; AhrefsBot/7.0; +http://ahrefs.com/robot/)"
138.3.242.176 - - [06/Sep/2025:13:48:13 +0700] "GET /wp-json/wp/v2/posts?per_page=1&_fields=id,slug,comment_status HTTP/1.0" 200 1018 "-" "-"
45.117.177.72 - - [06/Sep/2025:13:48:25 +0700] "POST /wp-cron.php?doing_wp_cron=1757141305.0990190505981445312500 HTTP/1.0" 200 416 "-" "WordPress/6.8.1; https://vattusacky.vn"
20.171.207.79 - - [06/Sep/2025:13:48:22 +0700] "GET /privacy-concerns-and-solutions-on-omegle-and-ometv/ HTTP/1.0" 200 90716 "-" "Mozilla/5.0 AppleWebKit/537.36 (KHTML, like Gecko; compatible; GPTBot/1.2; +https://openai.com/gptbot)"
142.44.220.196 - - [06/Sep/2025:13:48:40 +0700] "GET /the-role-of-perception-in-recognizing-coincidences-on-omegle/ HTTP/1.0" 200 90341 "-" "Mozilla/5.0 (compatible; AhrefsBot/7.0; +http://ahrefs.com/robot/)"
54.39.6.215 - - [06/Sep/2025:13:48:43 +0700] "GET /breaking-down-omegles-next-phase-what-to-expect/ HTTP/1.0" 200 91598 "-" "Mozilla/5.0 (compatible; AhrefsBot/7.0; +http://ahrefs.com/robot/)"
216.73.216.162 - - [06/Sep/2025:13:48:57 +0700] "GET /?p=5024 HTTP/1.0" 301 614 "-" "Mozilla/5.0 AppleWebKit/537.36 (KHTML, like Gecko; compatible; ClaudeBot/1.0; +claudebot@anthropic.com)"
216.73.216.162 - - [06/Sep/2025:13:49:00 +0700] "GET /poker-games-list-ethics/ HTTP/1.0" 200 229224 "https://vattusacky.vn/?p=5024" "Mozilla/5.0 AppleWebKit/537.36 (KHTML, like Gecko; compatible; ClaudeBot/1.0; +claudebot@anthropic.com)"
15.235.27.179 - - [06/Sep/2025:13:49:14 +0700] "GET /the-role-of-perception-in-recognizing-coincidences-on-omegle/ HTTP/1.0" 200 90341 "-" "Mozilla/5.0 (compatible; AhrefsBot/7.0; +http://ahrefs.com/robot/)"
45.117.177.72 - - [06/Sep/2025:13:49:21 +0700] "POST /wp-cron.php?doing_wp_cron=1757141361.4552590847015380859375 HTTP/1.0" 200 416 "-" "WordPress/6.8.1; https://vattusacky.vn"
15.235.96.221 - - [06/Sep/2025:13:49:20 +0700] "GET /unibet-apk-download-89/ HTTP/1.0" 200 241532 "-" "Mozilla/5.0 (compatible; AhrefsBot/7.0; +http://ahrefs.com/robot/)"
54.39.210.178 - - [06/Sep/2025:13:49:50 +0700] "GET /san-pham/thiet-bi-lay-mau-nuoc-alpha-van-dorn-loai-ngang-2-2-lit-nhan-hang-wildco/ HTTP/1.0" 200 372278 "-" "Mozilla/5.0 (compatible; AhrefsBot/7.0; +http://ahrefs.com/robot/)"
45.117.177.72 - - [06/Sep/2025:13:50:18 +0700] "POST /wp-cron.php?doing_wp_cron=1757141418.2110090255737304687500 HTTP/1.0" 200 416 "-" "WordPress/6.8.1; https://vattusacky.vn"
15.235.27.30 - - [06/Sep/2025:13:50:16 +0700] "GET /1xbet-app-download-xbet-login-and-promocode-2023-720/ HTTP/1.0" 200 99622 "-" "Mozilla/5.0 (compatible; AhrefsBot/7.0; +http://ahrefs.com/robot/)"
138.3.242.176 - - [06/Sep/2025:13:50:31 +0700] "GET /wp-json/wp/v2/posts?per_page=1&_fields=id,slug,comment_status HTTP/1.0" 200 1018 "-" "-"
20.171.207.79 - - [06/Sep/2025:13:50:36 +0700] "GET /staying-safe-on-omegle-privacy-practices-for-parents-and-guardians/ HTTP/1.0" 200 91131 "-" "Mozilla/5.0 AppleWebKit/537.36 (KHTML, like Gecko; compatible; GPTBot/1.2; +https://openai.com/gptbot)"
138.3.242.176 - - [06/Sep/2025:13:50:41 +0700] "POST /wp-comments-post.php HTTP/1.0" 302 1157 "-" "-"
142.44.228.248 - - [06/Sep/2025:13:50:44 +0700] "GET /addressing-cyberbullying-in-omegles-social-experiment/ HTTP/1.0" 200 92523 "-" "Mozilla/5.0 (compatible; AhrefsBot/7.0; +http://ahrefs.com/robot/)"
138.3.242.176 - - [06/Sep/2025:13:51:05 +0700] "GET /wp-json/wp/v2/posts?per_page=1&_fields=id,slug,comment_status HTTP/1.0" 200 1018 "-" "-"
138.3.242.176 - - [06/Sep/2025:13:51:14 +0700] "POST /wp-comments-post.php HTTP/1.0" 200 3180 "-" "-"
45.117.177.72 - - [06/Sep/2025:13:51:22 +0700] "POST /wp-cron.php?doing_wp_cron=1757141481.6543009281158447265625 HTTP/1.0" 200 416 "-" "WordPress/6.8.1; https://vattusacky.vn"
51.222.95.138 - - [06/Sep/2025:13:51:18 +0700] "GET /notepad-how-to-recover-a-deleted-file-45/ HTTP/1.0" 200 208094 "-" "Mozilla/5.0 (compatible; AhrefsBot/7.0; +http://ahrefs.com/robot/)"
15.235.98.134 - - [06/Sep/2025:13:51:40 +0700] "GET /notepad-how-to-recover-a-deleted-file-45/ HTTP/1.0" 200 208094 "-" "Mozilla/5.0 (compatible; AhrefsBot/7.0; +http://ahrefs.com/robot/)"
54.39.210.199 - - [06/Sep/2025:13:52:04 +0700] "GET /san-pham/thiet-bi-lay-mau-nuoc-alpha-van-dorn-loai-ngang-2-2-lit-2/ HTTP/1.0" 200 369853 "-" "Mozilla/5.0 (compatible; AhrefsBot/7.0; +http://ahrefs.com/robot/)"
95.108.213.179 - - [06/Sep/2025:13:52:08 +0700] "GET /captivating-stories-from-the-world-of-omegle-experiences-of-anonymous-explorers/ HTTP/1.0" 200 91818 "-" "Mozilla/5.0 (compatible; YandexBot/3.0; +http://yandex.com/bots)"
45.117.177.72 - - [06/Sep/2025:13:53:07 +0700] "POST /wp-cron.php?doing_wp_cron=1757141587.2245459556579589843750 HTTP/1.0" 200 416 "-" "WordPress/6.8.1; https://vattusacky.vn"
15.235.98.219 - - [06/Sep/2025:13:53:05 +0700] "GET /sitemap_index.xml HTTP/1.0" 200 2426 "-" "Mozilla/5.0 (compatible; AhrefsBot/7.0; +http://ahrefs.com/robot/)"
20.171.207.79 - - [06/Sep/2025:13:53:13 +0700] "GET /the-future-of-online-privacy-on-omegle-and-ometv-balancing-security-and-freedom/ HTTP/1.0" 200 93104 "-" "Mozilla/5.0 AppleWebKit/537.36 (KHTML, like Gecko; compatible; GPTBot/1.2; +https://openai.com/gptbot)"
54.39.89.236 - - [06/Sep/2025:13:53:10 +0700] "GET /post-sitemap.xml HTTP/1.0" 500 3278 "-" "Mozilla/5.0 (compatible; AhrefsBot/7.0; +http://ahrefs.com/robot/)"
45.117.177.72 - - [06/Sep/2025:13:53:25 +0700] "POST /wp-cron.php?doing_wp_cron=1757141604.7070879936218261718750 HTTP/1.0" 200 416 "-" "WordPress/6.8.1; https://vattusacky.vn"
51.161.37.133 - - [06/Sep/2025:13:53:23 +0700] "GET /post-sitemap2.xml HTTP/1.0" 200 158032 "-" "Mozilla/5.0 (compatible; AhrefsBot/7.0; +http://ahrefs.com/robot/)"
15.235.27.227 - - [06/Sep/2025:13:53:35 +0700] "GET /post-sitemap3.xml HTTP/1.0" 200 155802 "-" "Mozilla/5.0 (compatible; AhrefsBot/7.0; +http://ahrefs.com/robot/)"
142.44.233.42 - - [06/Sep/2025:13:53:41 +0700] "GET /post-sitemap4.xml HTTP/1.0" 200 157863 "-" "Mozilla/5.0 (compatible; AhrefsBot/7.0; +http://ahrefs.com/robot/)"
15.235.98.43 - - [06/Sep/2025:13:53:47 +0700] "GET /post-sitemap5.xml HTTP/1.0" 200 159938 "-" "Mozilla/5.0 (compatible; AhrefsBot/7.0; +http://ahrefs.com/robot/)"
216.73.216.162 - - [06/Sep/2025:13:53:51 +0700] "GET /category/legit-mail-order-brides/feed HTTP/1.0" 301 680 "-" "Mozilla/5.0 AppleWebKit/537.36 (KHTML, like Gecko; compatible; ClaudeBot/1.0; +claudebot@anthropic.com)"
216.73.216.162 - - [06/Sep/2025:13:53:51 +0700] "GET /jogar-cassino-online-bonus-para-cassino-online HTTP/1.0" 301 637 "-" "Mozilla/5.0 AppleWebKit/537.36 (KHTML, like Gecko; compatible; ClaudeBot/1.0; +claudebot@anthropic.com)"
216.73.216.162 - - [06/Sep/2025:13:53:53 +0700] "GET /category/legit-mail-order-brides/feed/ HTTP/1.0" 200 16751 "https://vattusacky.vn/category/legit-mail-order-brides/feed" "Mozilla/5.0 AppleWebKit/537.36 (KHTML, like Gecko; compatible; ClaudeBot/1.0; +claudebot@anthropic.com)"
142.44.225.234 - - [06/Sep/2025:13:53:53 +0700] "GET /post-sitemap6.xml HTTP/1.0" 200 42210 "-" "Mozilla/5.0 (compatible; AhrefsBot/7.0; +http://ahrefs.com/robot/)"
216.73.216.162 - - [06/Sep/2025:13:53:54 +0700] "GET /jogar-cassino-online-bonus-para-cassino-online/ HTTP/1.0" 200 212813 "https://vattusacky.vn/jogar-cassino-online-bonus-para-cassino-online" "Mozilla/5.0 AppleWebKit/537.36 (KHTML, like Gecko; compatible; ClaudeBot/1.0; +claudebot@anthropic.com)"
15.235.96.14 - - [06/Sep/2025:13:53:58 +0700] "GET /page-sitemap.xml HTTP/1.0" 200 1873 "-" "Mozilla/5.0 (compatible; AhrefsBot/7.0; +http://ahrefs.com/robot/)"
54.39.136.189 - - [06/Sep/2025:13:54:01 +0700] "GET /attachment-sitemap.xml HTTP/1.0" 500 3278 "-" "Mozilla/5.0 (compatible; AhrefsBot/7.0; +http://ahrefs.com/robot/)"
51.222.95.70 - - [06/Sep/2025:13:54:10 +0700] "GET /product-sitemap.xml HTTP/1.0" 200 51048 "-" "Mozilla/5.0 (compatible; AhrefsBot/7.0; +http://ahrefs.com/robot/)"
138.3.242.176 - - [06/Sep/2025:13:54:14 +0700] "GET /wp-json/wp/v2/posts?per_page=1&_fields=id,slug,comment_status HTTP/1.0" 200 1018 "-" "-"
45.117.177.72 - - [06/Sep/2025:13:54:18 +0700] "POST /wp-cron.php?doing_wp_cron=1757141658.1413309574127197265625 HTTP/1.0" 200 416 "-" "WordPress/6.8.1; https://vattusacky.vn"
51.222.95.16 - - [06/Sep/2025:13:54:16 +0700] "GET /category-sitemap.xml HTTP/1.0" 200 24564 "-" "Mozilla/5.0 (compatible; AhrefsBot/7.0; +http://ahrefs.com/robot/)"
148.113.130.194 - - [06/Sep/2025:13:54:20 +0700] "GET /post_tag-sitemap.xml HTTP/1.0" 200 12903 "-" "Mozilla/5.0 (compatible; AhrefsBot/7.0; +http://ahrefs.com/robot/)"
138.3.242.176 - - [06/Sep/2025:13:54:19 +0700] "POST /wp-comments-post.php HTTP/1.0" 302 1157 "-" "-"
138.3.242.176 - - [06/Sep/2025:13:54:21 +0700] "GET /slot-gacor-hari-ini-game-slot-dengan-volatilitas-tinggi/?unapproved=1415&moderation-hash=2bf6ce066568106c7377cde9a75dfaab HTTP/1.0" 200 65035 "https://vattusacky.vn/wp-comments-post.php" "-"
142.44.225.153 - - [06/Sep/2025:13:54:23 +0700] "GET /product_cat-sitemap.xml HTTP/1.0" 200 8595 "-" "Mozilla/5.0 (compatible; AhrefsBot/7.0; +http://ahrefs.com/robot/)"
148.113.128.188 - - [06/Sep/2025:13:54:26 +0700] "GET /product_tag-sitemap.xml HTTP/1.0" 200 28520 "-" "Mozilla/5.0 (compatible; AhrefsBot/7.0; +http://ahrefs.com/robot/)"
138.3.242.176 - - [06/Sep/2025:13:55:02 +0700] "GET /wp-json/wp/v2/posts?per_page=1&_fields=id,slug,comment_status HTTP/1.0" 200 1018 "-" "-"
216.73.216.162 - - [06/Sep/2025:13:55:09 +0700] "GET /starda-casino-onlajn-igraj-v-sloty-i-avtomaty HTTP/1.0" 301 636 "-" "Mozilla/5.0 AppleWebKit/537.36 (KHTML, like Gecko; compatible; ClaudeBot/1.0; +claudebot@anthropic.com)"
216.73.216.162 - - [06/Sep/2025:13:55:09 +0700] "GET /category/sugar-daddy-websites/feed HTTP/1.0" 301 677 "-" "Mozilla/5.0 AppleWebKit/537.36 (KHTML, like Gecko; compatible; ClaudeBot/1.0; +claudebot@anthropic.com)"
138.3.242.176 - - [06/Sep/2025:13:55:09 +0700] "POST /wp-comments-post.php HTTP/1.0" 302 1157 "-" "-"
216.73.216.162 - - [06/Sep/2025:13:55:11 +0700] "GET /starda-casino-onlajn-igraj-v-sloty-i-avtomaty/ HTTP/1.0" 200 219838 "https://vattusacky.vn/starda-casino-onlajn-igraj-v-sloty-i-avtomaty" "Mozilla/5.0 AppleWebKit/537.36 (KHTML, like Gecko; compatible; ClaudeBot/1.0; +claudebot@anthropic.com)"
216.73.216.162 - - [06/Sep/2025:13:55:11 +0700] "GET /category/sugar-daddy-websites/feed/ HTTP/1.0" 200 18301 "https://vattusacky.vn/category/sugar-daddy-websites/feed" "Mozilla/5.0 AppleWebKit/537.36 (KHTML, like Gecko; compatible; ClaudeBot/1.0; +claudebot@anthropic.com)"
45.117.177.72 - - [06/Sep/2025:13:56:06 +0700] "POST /wp-cron.php?doing_wp_cron=1757141765.9719500541687011718750 HTTP/1.0" 200 416 "-" "WordPress/6.8.1; https://vattusacky.vn"
216.244.66.237 - - [06/Sep/2025:13:56:04 +0700] "GET /embracing-serendipity-in-a-world-of-algorithmic-recommendations/ HTTP/1.0" 200 93371 "-" "Mozilla/5.0 (compatible; DotBot/1.2; +https://opensiteexplorer.org/dotbot; help@moz.com)"
216.73.216.162 - - [06/Sep/2025:13:56:08 +0700] "GET /building-an-international-network-on-omegle-and-ometv HTTP/1.0" 301 644 "-" "Mozilla/5.0 AppleWebKit/537.36 (KHTML, like Gecko; compatible; ClaudeBot/1.0; +claudebot@anthropic.com)"
216.73.216.162 - - [06/Sep/2025:13:56:08 +0700] "GET /impair-computing-difficulties-for-it-departments/feed HTTP/1.0" 301 742 "-" "Mozilla/5.0 AppleWebKit/537.36 (KHTML, like Gecko; compatible; ClaudeBot/1.0; +claudebot@anthropic.com)"
216.73.216.162 - - [06/Sep/2025:13:56:09 +0700] "GET /impair-computing-difficulties-for-it-departments/feed/ HTTP/1.0" 200 1595 "https://vattusacky.vn/impair-computing-difficulties-for-it-departments/feed" "Mozilla/5.0 AppleWebKit/537.36 (KHTML, like Gecko; compatible; ClaudeBot/1.0; +claudebot@anthropic.com)"
216.73.216.162 - - [06/Sep/2025:13:56:09 +0700] "GET /building-an-international-network-on-omegle-and-ometv/ HTTP/1.0" 200 90141 "https://vattusacky.vn/building-an-international-network-on-omegle-and-ometv" "Mozilla/5.0 AppleWebKit/537.36 (KHTML, like Gecko; compatible; ClaudeBot/1.0; +claudebot@anthropic.com)"
216.73.216.162 - - [06/Sep/2025:13:56:11 +0700] "GET /?p=5274 HTTP/1.0" 301 491 "-" "Mozilla/5.0 AppleWebKit/537.36 (KHTML, like Gecko; compatible; ClaudeBot/1.0; +claudebot@anthropic.com)"
216.73.216.162 - - [06/Sep/2025:13:56:12 +0700] "GET /?p=4328 HTTP/1.0" 301 495 "-" "Mozilla/5.0 AppleWebKit/537.36 (KHTML, like Gecko; compatible; ClaudeBot/1.0; +claudebot@anthropic.com)"
216.73.216.162 - - [06/Sep/2025:13:56:13 +0700] "GET /arrange-a-1xbet-fashionable-software-with-no-8/ HTTP/1.0" 200 102406 "https://vattusacky.vn/?p=5274" "Mozilla/5.0 AppleWebKit/537.36 (KHTML, like Gecko; compatible; ClaudeBot/1.0; +claudebot@anthropic.com)"
216.73.216.162 - - [06/Sep/2025:13:56:14 +0700] "GET /skachat-dragon-mani-igra-novaja-taktika-s-chestnym/ HTTP/1.0" 200 217329 "https://vattusacky.vn/?p=4328" "Mozilla/5.0 AppleWebKit/537.36 (KHTML, like Gecko; compatible; ClaudeBot/1.0; +claudebot@anthropic.com)"
45.117.177.72 - - [06/Sep/2025:13:56:17 +0700] "POST /wp-cron.php?doing_wp_cron=1757141777.4419839382171630859375 HTTP/1.0" 200 416 "-" "WordPress/6.8.1; https://vattusacky.vn"
216.73.216.162 - - [06/Sep/2025:13:56:15 +0700] "GET /management-keep-it-simple-and-stupid HTTP/1.0" 301 481 "-" "Mozilla/5.0 AppleWebKit/537.36 (KHTML, like Gecko; compatible; ClaudeBot/1.0; +claudebot@anthropic.com)"
216.73.216.162 - - [06/Sep/2025:13:56:17 +0700] "GET /management-keep-it-simple-and-stupid/ HTTP/1.0" 200 230639 "https://vattusacky.vn/management-keep-it-simple-and-stupid" "Mozilla/5.0 AppleWebKit/537.36 (KHTML, like Gecko; compatible; ClaudeBot/1.0; +claudebot@anthropic.com)"
45.117.177.72 - - [06/Sep/2025:13:56:20 +0700] "POST /wp-cron.php?doing_wp_cron=1757141779.9079189300537109375000 HTTP/1.0" 200 416 "-" "WordPress/6.8.1; https://vattusacky.vn"
216.73.216.162 - - [06/Sep/2025:13:56:17 +0700] "GET /building-a-supportive-community-on-omegle-and-ometv HTTP/1.0" 301 496 "-" "Mozilla/5.0 AppleWebKit/537.36 (KHTML, like Gecko; compatible; ClaudeBot/1.0; +claudebot@anthropic.com)"
216.73.216.162 - - [06/Sep/2025:13:56:20 +0700] "GET /building-a-supportive-community-on-omegle-and-ometv/ HTTP/1.0" 200 91618 "https://vattusacky.vn/building-a-supportive-community-on-omegle-and-ometv" "Mozilla/5.0 AppleWebKit/537.36 (KHTML, like Gecko; compatible; ClaudeBot/1.0; +claudebot@anthropic.com)"
216.73.216.162 - - [06/Sep/2025:13:56:20 +0700] "GET /monetary-management/feed HTTP/1.0" 301 567 "-" "Mozilla/5.0 AppleWebKit/537.36 (KHTML, like Gecko; compatible; ClaudeBot/1.0; +claudebot@anthropic.com)"
216.73.216.162 - - [06/Sep/2025:13:56:23 +0700] "GET /monetary-management/feed/ HTTP/1.0" 200 1508 "https://vattusacky.vn/monetary-management/feed" "Mozilla/5.0 AppleWebKit/537.36 (KHTML, like Gecko; compatible; ClaudeBot/1.0; +claudebot@anthropic.com)"
216.73.216.162 - - [06/Sep/2025:13:56:25 +0700] "GET /building-a-supportive-network-on-omegle-and-ometv HTTP/1.0" 301 494 "-" "Mozilla/5.0 AppleWebKit/537.36 (KHTML, like Gecko; compatible; ClaudeBot/1.0; +claudebot@anthropic.com)"
216.73.216.162 - - [06/Sep/2025:13:56:27 +0700] "GET /building-a-supportive-network-on-omegle-and-ometv/ HTTP/1.0" 200 91427 "https://vattusacky.vn/building-a-supportive-network-on-omegle-and-ometv" "Mozilla/5.0 AppleWebKit/537.36 (KHTML, like Gecko; compatible; ClaudeBot/1.0; +claudebot@anthropic.com)"
216.73.216.162 - - [06/Sep/2025:13:56:29 +0700] "GET /category/chatbot-programming HTTP/1.0" 301 427 "-" "Mozilla/5.0 AppleWebKit/537.36 (KHTML, like Gecko; compatible; ClaudeBot/1.0; +claudebot@anthropic.com)"
20.171.207.79 - - [06/Sep/2025:13:56:31 +0700] "GET /?p=8246 HTTP/1.0" 301 646 "-" "Mozilla/5.0 AppleWebKit/537.36 (KHTML, like Gecko; compatible; GPTBot/1.2; +https://openai.com/gptbot)"
216.73.216.162 - - [06/Sep/2025:13:56:31 +0700] "GET /category/chatbot-programming/ HTTP/1.0" 200 99387 "https://vattusacky.vn/category/chatbot-programming" "Mozilla/5.0 AppleWebKit/537.36 (KHTML, like Gecko; compatible; ClaudeBot/1.0; +claudebot@anthropic.com)"
20.171.207.79 - - [06/Sep/2025:13:56:33 +0700] "GET /staying-safe-on-omegle-tips-for-protecting-your-privacy/ HTTP/1.0" 200 74960 "-" "Mozilla/5.0 AppleWebKit/537.36 (KHTML, like Gecko; compatible; GPTBot/1.2; +https://openai.com/gptbot)"
138.3.242.176 - - [06/Sep/2025:13:56:37 +0700] "GET /wp-json/wp/v2/posts?per_page=1&_fields=id,slug,comment_status HTTP/1.0" 200 1018 "-" "-"
138.3.242.176 - - [06/Sep/2025:13:56:44 +0700] "POST /wp-comments-post.php HTTP/1.0" 302 1157 "-" "-"
138.3.242.176 - - [06/Sep/2025:13:56:47 +0700] "GET /slot-gacor-hari-ini-game-slot-dengan-volatilitas-tinggi/?unapproved=1417&moderation-hash=ea354af116a53550b0775f408a799d09 HTTP/1.0" 200 65035 "https://vattusacky.vn/wp-comments-post.php" "-"
216.244.66.237 - - [06/Sep/2025:13:56:47 +0700] "GET /how-omegle-and-ometv-work-behind-the-scenes-of-anonymous-chatting-platforms/feed/ HTTP/1.0" 200 1822 "-" "Mozilla/5.0 (compatible; DotBot/1.2; +https://opensiteexplorer.org/dotbot; help@moz.com)"
45.117.177.72 - - [06/Sep/2025:13:57:21 +0700] "POST /wp-cron.php?doing_wp_cron=1757141841.3890728950500488281250 HTTP/1.0" 200 416 "-" "WordPress/6.8.1; https://vattusacky.vn"
216.244.66.237 - - [06/Sep/2025:13:57:19 +0700] "GET /journey-into-omegle-artistry-exploring-collaborative-stories/feed/ HTTP/1.0" 200 1777 "-" "Mozilla/5.0 (compatible; DotBot/1.2; +https://opensiteexplorer.org/dotbot; help@moz.com)"
216.73.216.162 - - [06/Sep/2025:13:57:40 +0700] "GET /?p=3034 HTTP/1.0" 301 627 "-" "Mozilla/5.0 AppleWebKit/537.36 (KHTML, like Gecko; compatible; ClaudeBot/1.0; +claudebot@anthropic.com)"
216.73.216.162 - - [06/Sep/2025:13:57:42 +0700] "GET /one-on-one-coaching-market-talk-live/ HTTP/1.0" 200 215467 "https://vattusacky.vn/?p=3034" "Mozilla/5.0 AppleWebKit/537.36 (KHTML, like Gecko; compatible; ClaudeBot/1.0; +claudebot@anthropic.com)"
216.73.216.162 - - [06/Sep/2025:13:57:45 +0700] "GET /how-to-buy-viagra-over-the-counter-now-available/feed HTTP/1.0" 301 596 "-" "Mozilla/5.0 AppleWebKit/537.36 (KHTML, like Gecko; compatible; ClaudeBot/1.0; +claudebot@anthropic.com)"
216.73.216.162 - - [06/Sep/2025:13:57:47 +0700] "GET /how-to-buy-viagra-over-the-counter-now-available/feed/ HTTP/1.0" 200 1610 "https://vattusacky.vn/how-to-buy-viagra-over-the-counter-now-available/feed" "Mozilla/5.0 AppleWebKit/537.36 (KHTML, like Gecko; compatible; ClaudeBot/1.0; +claudebot@anthropic.com)"
216.73.216.162 - - [06/Sep/2025:13:57:50 +0700] "GET /?p=4211 HTTP/1.0" 301 497 "-" "Mozilla/5.0 AppleWebKit/537.36 (KHTML, like Gecko; compatible; ClaudeBot/1.0; +claudebot@anthropic.com)"
216.73.216.162 - - [06/Sep/2025:13:57:52 +0700] "GET /the-ultimate-strategy-to-obzor-onlaynkazino-bc-games/ HTTP/1.0" 200 227370 "https://vattusacky.vn/?p=4211" "Mozilla/5.0 AppleWebKit/537.36 (KHTML, like Gecko; compatible; ClaudeBot/1.0; +claudebot@anthropic.com)"
216.73.216.162 - - [06/Sep/2025:13:57:55 +0700] "GET /?p=2823 HTTP/1.0" 301 477 "-" "Mozilla/5.0 AppleWebKit/537.36 (KHTML, like Gecko; compatible; ClaudeBot/1.0; +claudebot@anthropic.com)"
216.73.216.162 - - [06/Sep/2025:13:57:57 +0700] "GET /just-how-to-just-take-a-dick-pic/ HTTP/1.0" 200 213829 "https://vattusacky.vn/?p=2823" "Mozilla/5.0 AppleWebKit/537.36 (KHTML, like Gecko; compatible; ClaudeBot/1.0; +claudebot@anthropic.com)"
216.73.216.162 - - [06/Sep/2025:13:58:00 +0700] "GET /?p=4244 HTTP/1.0" 301 465 "-" "Mozilla/5.0 AppleWebKit/537.36 (KHTML, like Gecko; compatible; ClaudeBot/1.0; +claudebot@anthropic.com)"
216.73.216.162 - - [06/Sep/2025:13:58:02 +0700] "GET /22bet-withdrawal-148/ HTTP/1.0" 200 241530 "https://vattusacky.vn/?p=4244" "Mozilla/5.0 AppleWebKit/537.36 (KHTML, like Gecko; compatible; ClaudeBot/1.0; +claudebot@anthropic.com)"
216.73.216.162 - - [06/Sep/2025:13:58:04 +0700] "GET /avast-free-forum/feed HTTP/1.0" 301 564 "-" "Mozilla/5.0 AppleWebKit/537.36 (KHTML, like Gecko; compatible; ClaudeBot/1.0; +claudebot@anthropic.com)"
216.73.216.162 - - [06/Sep/2025:13:58:06 +0700] "GET /avast-free-forum/feed/ HTTP/1.0" 200 1499 "https://vattusacky.vn/avast-free-forum/feed" "Mozilla/5.0 AppleWebKit/537.36 (KHTML, like Gecko; compatible; ClaudeBot/1.0; +claudebot@anthropic.com)"
108.167.157.155 - - [06/Sep/2025:13:58:09 +0700] "GET /wp-login.php HTTP/1.0" 200 11388 "-" "Mozilla/5.0 (X11; Ubuntu; Linux x86_64; rv:85.0) Gecko/20100101 Firefox/91.0"
108.167.157.155 - - [06/Sep/2025:13:58:13 +0700] "POST /wp-login.php HTTP/1.0" 200 11725 "-" "Mozilla/5.0 (X11; Ubuntu; Linux x86_64; rv:85.0) Gecko/20100101 Firefox/91.0"
216.73.216.162 - - [06/Sep/2025:13:58:13 +0700] "GET /?p=4185 HTTP/1.0" 301 483 "-" "Mozilla/5.0 AppleWebKit/537.36 (KHTML, like Gecko; compatible; ClaudeBot/1.0; +claudebot@anthropic.com)"
45.117.177.72 - - [06/Sep/2025:13:58:17 +0700] "POST /wp-cron.php?doing_wp_cron=1757141897.0938150882720947265625 HTTP/1.0" 200 416 "-" "WordPress/6.8.1; https://vattusacky.vn"
216.73.216.162 - - [06/Sep/2025:13:58:15 +0700] "GET /the-best-on-line-casinos-for-zambia-62/ HTTP/1.0" 200 234528 "https://vattusacky.vn/?p=4185" "Mozilla/5.0 AppleWebKit/537.36 (KHTML, like Gecko; compatible; ClaudeBot/1.0; +claudebot@anthropic.com)"
216.73.216.162 - - [06/Sep/2025:13:58:19 +0700] "GET /?p=2801 HTTP/1.0" 301 454 "-" "Mozilla/5.0 AppleWebKit/537.36 (KHTML, like Gecko; compatible; ClaudeBot/1.0; +claudebot@anthropic.com)"
216.73.216.162 - - [06/Sep/2025:13:58:20 +0700] "GET /page-1727/ HTTP/1.0" 200 206931 "https://vattusacky.vn/?p=2801" "Mozilla/5.0 AppleWebKit/537.36 (KHTML, like Gecko; compatible; ClaudeBot/1.0; +claudebot@anthropic.com)"
216.73.216.162 - - [06/Sep/2025:13:58:25 +0700] "GET /?p=4533 HTTP/1.0" 301 539 "-" "Mozilla/5.0 AppleWebKit/537.36 (KHTML, like Gecko; compatible; ClaudeBot/1.0; +claudebot@anthropic.com)"
216.73.216.162 - - [06/Sep/2025:13:58:27 +0700] "GET /13-top-sugar-daddy-dating-sites-that-actually-work-successful-dating-2023-paid-content-detroit/ HTTP/1.0" 200 209594 "https://vattusacky.vn/?p=4533" "Mozilla/5.0 AppleWebKit/537.36 (KHTML, like Gecko; compatible; ClaudeBot/1.0; +claudebot@anthropic.com)"
20.171.207.79 - - [06/Sep/2025:13:58:49 +0700] "GET /identifying-and-avoiding-scams-on-omegle-a-privacy-perspective/ HTTP/1.0" 200 91777 "-" "Mozilla/5.0 AppleWebKit/537.36 (KHTML, like Gecko; compatible; GPTBot/1.2; +https://openai.com/gptbot)"
216.73.216.162 - - [06/Sep/2025:13:59:08 +0700] "GET /?p=4358 HTTP/1.0" 301 637 "-" "Mozilla/5.0 AppleWebKit/537.36 (KHTML, like Gecko; compatible; ClaudeBot/1.0; +claudebot@anthropic.com)"
216.73.216.162 - - [06/Sep/2025:13:59:09 +0700] "GET /obzor-aviator-igra-2023-igrat-na-realnye-dengi/ HTTP/1.0" 200 247861 "https://vattusacky.vn/?p=4358" "Mozilla/5.0 AppleWebKit/537.36 (KHTML, like Gecko; compatible; ClaudeBot/1.0; +claudebot@anthropic.com)"
216.73.216.162 - - [06/Sep/2025:13:59:12 +0700] "GET /?p=6194 HTTP/1.0" 301 497 "-" "Mozilla/5.0 AppleWebKit/537.36 (KHTML, like Gecko; compatible; ClaudeBot/1.0; +claudebot@anthropic.com)"
216.73.216.162 - - [06/Sep/2025:13:59:14 +0700] "GET /behind-the-masks-identity-and-authenticity-on-omegle/ HTTP/1.0" 200 89670 "https://vattusacky.vn/?p=6194" "Mozilla/5.0 AppleWebKit/537.36 (KHTML, like Gecko; compatible; ClaudeBot/1.0; +claudebot@anthropic.com)"
45.117.177.72 - - [06/Sep/2025:13:59:19 +0700] "POST /wp-cron.php?doing_wp_cron=1757141958.7939670085906982421875 HTTP/1.0" 200 416 "-" "WordPress/6.8.1; https://vattusacky.vn"
216.73.216.162 - - [06/Sep/2025:13:59:17 +0700] "GET /?p=4586 HTTP/1.0" 301 490 "-" "Mozilla/5.0 AppleWebKit/537.36 (KHTML, like Gecko; compatible; ClaudeBot/1.0; +claudebot@anthropic.com)"
216.73.216.162 - - [06/Sep/2025:13:59:19 +0700] "GET /bet365-cybersport-bet-review-welcome-bonus-18/ HTTP/1.0" 200 241075 "https://vattusacky.vn/?p=4586" "Mozilla/5.0 AppleWebKit/537.36 (KHTML, like Gecko; compatible; ClaudeBot/1.0; +claudebot@anthropic.com)"
216.73.216.162 - - [06/Sep/2025:13:59:26 +0700] "GET /earning-money-on-the-web-is-never-easier HTTP/1.0" 301 485 "-" "Mozilla/5.0 AppleWebKit/537.36 (KHTML, like Gecko; compatible; ClaudeBot/1.0; +claudebot@anthropic.com)"
216.73.216.162 - - [06/Sep/2025:13:59:29 +0700] "GET /earning-money-on-the-web-is-never-easier/ HTTP/1.0" 200 72430 "https://vattusacky.vn/earning-money-on-the-web-is-never-easier" "Mozilla/5.0 AppleWebKit/537.36 (KHTML, like Gecko; compatible; ClaudeBot/1.0; +claudebot@anthropic.com)"
216.73.216.162 - - [06/Sep/2025:13:59:36 +0700] "GET /?p=2903 HTTP/1.0" 301 422 "-" "Mozilla/5.0 AppleWebKit/537.36 (KHTML, like Gecko; compatible; ClaudeBot/1.0; +claudebot@anthropic.com)"
216.73.216.162 - - [06/Sep/2025:13:59:38 +0700] "GET /free-slots-no-downloads/ HTTP/1.0" 200 208250 "https://vattusacky.vn/?p=2903" "Mozilla/5.0 AppleWebKit/537.36 (KHTML, like Gecko; compatible; ClaudeBot/1.0; +claudebot@anthropic.com)"
216.73.216.162 - - [06/Sep/2025:13:59:41 +0700] "GET /category/mail-order-brides HTTP/1.0" 301 425 "-" "Mozilla/5.0 AppleWebKit/537.36 (KHTML, like Gecko; compatible; ClaudeBot/1.0; +claudebot@anthropic.com)"
216.73.216.162 - - [06/Sep/2025:13:59:43 +0700] "GET /category/mail-order-brides/ HTTP/1.0" 200 58697 "https://vattusacky.vn/category/mail-order-brides" "Mozilla/5.0 AppleWebKit/537.36 (KHTML, like Gecko; compatible; ClaudeBot/1.0; +claudebot@anthropic.com)"
216.73.216.162 - - [06/Sep/2025:13:59:47 +0700] "GET /?p=9320 HTTP/1.0" 301 488 "-" "Mozilla/5.0 AppleWebKit/537.36 (KHTML, like Gecko; compatible; ClaudeBot/1.0; +claudebot@anthropic.com)"
216.73.216.162 - - [06/Sep/2025:13:59:49 +0700] "GET /bahis-siteleri-canl-casino-oyna-yeni-adresi/ HTTP/1.0" 200 83356 "https://vattusacky.vn/?p=9320" "Mozilla/5.0 AppleWebKit/537.36 (KHTML, like Gecko; compatible; ClaudeBot/1.0; +claudebot@anthropic.com)"
216.73.216.162 - - [06/Sep/2025:13:59:54 +0700] "GET /?p=5501 HTTP/1.0" 301 491 "-" "Mozilla/5.0 AppleWebKit/537.36 (KHTML, like Gecko; compatible; ClaudeBot/1.0; +claudebot@anthropic.com)"
216.73.216.162 - - [06/Sep/2025:13:59:56 +0700] "GET /sushhestvujut-li-besproigryshnye-bezubytochnye/ HTTP/1.0" 200 159390 "https://vattusacky.vn/?p=5501" "Mozilla/5.0 AppleWebKit/537.36 (KHTML, like Gecko; compatible; ClaudeBot/1.0; +claudebot@anthropic.com)"
216.73.216.162 - - [06/Sep/2025:14:00:02 +0700] "GET /?p=4941 HTTP/1.0" 301 436 "-" "Mozilla/5.0 AppleWebKit/537.36 (KHTML, like Gecko; compatible; ClaudeBot/1.0; +claudebot@anthropic.com)"
216.73.216.162 - - [06/Sep/2025:14:00:04 +0700] "GET /online-mobile-casino-gambling-systems/ HTTP/1.0" 200 208401 "https://vattusacky.vn/?p=4941" "Mozilla/5.0 AppleWebKit/537.36 (KHTML, like Gecko; compatible; ClaudeBot/1.0; +claudebot@anthropic.com)"
45.117.177.72 - - [06/Sep/2025:14:00:39 +0700] "POST /wp-cron.php?doing_wp_cron=1757142038.7127881050109863281250 HTTP/1.0" 200 416 "-" "WordPress/6.8.1; https://vattusacky.vn"
216.73.216.162 - - [06/Sep/2025:14:00:35 +0700] "GET /aviator-predictor-v1-ninety-four-apk-mod-2023-free-112 HTTP/1.0" 301 645 "-" "Mozilla/5.0 AppleWebKit/537.36 (KHTML, like Gecko; compatible; ClaudeBot/1.0; +claudebot@anthropic.com)"
216.73.216.162 - - [06/Sep/2025:14:00:39 +0700] "GET /aviator-predictor-v1-ninety-four-apk-mod-2023-free-112/ HTTP/1.0" 200 117243 "https://vattusacky.vn/aviator-predictor-v1-ninety-four-apk-mod-2023-free-112" "Mozilla/5.0 AppleWebKit/537.36 (KHTML, like Gecko; compatible; ClaudeBot/1.0; +claudebot@anthropic.com)"
216.73.216.162 - - [06/Sep/2025:14:00:43 +0700] "GET /6-ideas-for-making-essentially-the-most-out-of-12 HTTP/1.0" 301 494 "-" "Mozilla/5.0 AppleWebKit/537.36 (KHTML, like Gecko; compatible; ClaudeBot/1.0; +claudebot@anthropic.com)"
216.73.216.162 - - [06/Sep/2025:14:00:45 +0700] "GET /6-ideas-for-making-essentially-the-most-out-of-12/ HTTP/1.0" 200 253977 "https://vattusacky.vn/6-ideas-for-making-essentially-the-most-out-of-12" "Mozilla/5.0 AppleWebKit/537.36 (KHTML, like Gecko; compatible; ClaudeBot/1.0; +claudebot@anthropic.com)"
216.73.216.162 - - [06/Sep/2025:14:00:52 +0700] "GET /category/itlviv-org-ua HTTP/1.0" 301 421 "-" "Mozilla/5.0 AppleWebKit/537.36 (KHTML, like Gecko; compatible; ClaudeBot/1.0; +claudebot@anthropic.com)"
45.117.177.72 - - [06/Sep/2025:14:00:56 +0700] "POST /wp-cron.php?doing_wp_cron=1757142056.1542470455169677734375 HTTP/1.0" 200 416 "-" "WordPress/6.8.1; https://vattusacky.vn"
216.73.216.162 - - [06/Sep/2025:14:00:54 +0700] "GET /category/itlviv-org-ua/ HTTP/1.0" 200 59150 "https://vattusacky.vn/category/itlviv-org-ua" "Mozilla/5.0 AppleWebKit/537.36 (KHTML, like Gecko; compatible; ClaudeBot/1.0; +claudebot@anthropic.com)"
216.73.216.162 - - [06/Sep/2025:14:01:01 +0700] "GET /?p=4930 HTTP/1.0" 301 495 "-" "Mozilla/5.0 AppleWebKit/537.36 (KHTML, like Gecko; compatible; ClaudeBot/1.0; +claudebot@anthropic.com)"
216.73.216.162 - - [06/Sep/2025:14:01:03 +0700] "GET /where-can-i-buy-viagra-over-the-counter-in-the-usa/ HTTP/1.0" 200 225002 "https://vattusacky.vn/?p=4930" "Mozilla/5.0 AppleWebKit/537.36 (KHTML, like Gecko; compatible; ClaudeBot/1.0; +claudebot@anthropic.com)"
95.91.104.195 - - [06/Sep/2025:14:01:04 +0700] "GET /robots.txt HTTP/1.0" 200 984 "-" "Mozilla/5.0 (compatible; MJ12bot/v1.4.8; http://mj12bot.com/)"
95.91.104.195 - - [06/Sep/2025:14:01:08 +0700] "GET /1xbet-az-r%C9%99smi-sayt-1xbet-az%C9%99rbaycan-bukmeker-kontoru-bonuslar-apk-105/ HTTP/1.0" 200 82212 "-" "Mozilla/5.0 (compatible; MJ12bot/v1.4.8; http://mj12bot.com/)"
216.73.216.162 - - [06/Sep/2025:14:01:10 +0700] "GET /?p=4338 HTTP/1.0" 301 494 "-" "Mozilla/5.0 AppleWebKit/537.36 (KHTML, like Gecko; compatible; ClaudeBot/1.0; +claudebot@anthropic.com)"
216.73.216.162 - - [06/Sep/2025:14:01:12 +0700] "GET /bet-with-glory-casino-casino-welcome-bonus-huge-2/ HTTP/1.0" 200 217378 "https://vattusacky.vn/?p=4338" "Mozilla/5.0 AppleWebKit/537.36 (KHTML, like Gecko; compatible; ClaudeBot/1.0; +claudebot@anthropic.com)"
20.171.207.79 - - [06/Sep/2025:14:01:14 +0700] "GET /the-ethics-of-virtual-connections-privacy-on-omegle/ HTTP/1.0" 200 90182 "-" "Mozilla/5.0 AppleWebKit/537.36 (KHTML, like Gecko; compatible; GPTBot/1.2; +https://openai.com/gptbot)"
45.117.177.72 - - [06/Sep/2025:14:01:17 +0700] "POST /wp-cron.php?doing_wp_cron=1757142077.1089870929718017578125 HTTP/1.0" 200 416 "-" "WordPress/6.8.1; https://vattusacky.vn"
95.91.104.195 - - [06/Sep/2025:14:01:15 +0700] "GET /1xbet-az-r%C9%99smi-sayt-1xbet-az%C9%99rbaycan-bukmeker-kontoru-bonuslar-apk-152/ HTTP/1.0" 200 83573 "-" "Mozilla/5.0 (compatible; MJ12bot/v1.4.8; http://mj12bot.com/)"
216.73.216.162 - - [06/Sep/2025:14:01:19 +0700] "GET /?p=2772 HTTP/1.0" 301 495 "-" "Mozilla/5.0 AppleWebKit/537.36 (KHTML, like Gecko; compatible; ClaudeBot/1.0; +claudebot@anthropic.com)"
216.73.216.162 - - [06/Sep/2025:14:01:21 +0700] "GET /take-part-in-the-very-best-online-pokies-within-10/ HTTP/1.0" 200 209906 "https://vattusacky.vn/?p=2772" "Mozilla/5.0 AppleWebKit/537.36 (KHTML, like Gecko; compatible; ClaudeBot/1.0; +claudebot@anthropic.com)"
95.91.104.195 - - [06/Sep/2025:14:01:23 +0700] "GET /1xbet-azerbaycan-m%C9%99rc-sayti-giris-1xbet-azerbaycan-mobil-uygulama-yukle-248/ HTTP/1.0" 200 84086 "-" "Mozilla/5.0 (compatible; MJ12bot/v1.4.8; http://mj12bot.com/)"
95.91.104.195 - - [06/Sep/2025:14:01:29 +0700] "GET /1xbet-az%C9%99rbaycan-idman-v%C9%99-kazino-uzr%C9%99-m%C9%99rcl%C9%99r-839/ HTTP/1.0" 200 84242 "-" "Mozilla/5.0 (compatible; MJ12bot/v1.4.8; http://mj12bot.com/)"
95.91.104.195 - - [06/Sep/2025:14:01:34 +0700] "GET /888-casino-evaluate-2023-%EF%B8%8F-play-actual-cash-5/ HTTP/1.0" 200 246522 "-" "Mozilla/5.0 (compatible; MJ12bot/v1.4.8; http://mj12bot.com/)"
216.73.216.162 - - [06/Sep/2025:14:01:37 +0700] "GET /?p=3723 HTTP/1.0" 301 492 "-" "Mozilla/5.0 AppleWebKit/537.36 (KHTML, like Gecko; compatible; ClaudeBot/1.0; +claudebot@anthropic.com)"
216.73.216.162 - - [06/Sep/2025:14:01:40 +0700] "GET /pin-up-zerkalo-internet-kazino-obzor-internet-2/ HTTP/1.0" 200 229930 "https://vattusacky.vn/?p=3723" "Mozilla/5.0 AppleWebKit/537.36 (KHTML, like Gecko; compatible; ClaudeBot/1.0; +claudebot@anthropic.com)"
95.91.104.195 - - [06/Sep/2025:14:01:40 +0700] "GET /aviatordan-pul-qazanmaq-2022-yeni-x%C9%99st%C9%99lik-aviator-casino-mostbet-910/ HTTP/1.0" 200 87020 "-" "Mozilla/5.0 (compatible; MJ12bot/v1.4.8; http://mj12bot.com/)"
95.91.104.195 - - [06/Sep/2025:14:01:47 +0700] "GET /az%C9%99rbaycanda-mostbet-bukmeker-kontorunun-icmali-313/ HTTP/1.0" 200 82755 "-" "Mozilla/5.0 (compatible; MJ12bot/v1.4.8; http://mj12bot.com/)"
95.91.104.195 - - [06/Sep/2025:14:01:52 +0700] "GET /az%C9%99rbaycanda-mostbet-bukmeker-kontorunun-icmali-790/ HTTP/1.0" 200 85545 "-" "Mozilla/5.0 (compatible; MJ12bot/v1.4.8; http://mj12bot.com/)"
95.91.104.195 - - [06/Sep/2025:14:01:58 +0700] "GET /casinoland-examine-2022-%EF%B8%8F-popped-place-with-regard-to-united-kingdom-competitors-%EF%B8%8F/ HTTP/1.0" 200 210304 "-" "Mozilla/5.0 (compatible; MJ12bot/v1.4.8; http://mj12bot.com/)"
95.91.104.195 - - [06/Sep/2025:14:02:02 +0700] "GET /category/1win-az-bonuslar-mobil-t%C9%99tbiq-v%C9%99-m%C9%99rc-marketl%C9%99ri-119/ HTTP/1.0" 200 64293 "-" "Mozilla/5.0 (compatible; MJ12bot/v1.4.8; http://mj12bot.com/)"
95.91.104.195 - - [06/Sep/2025:14:02:07 +0700] "GET /danh-muc/co-ba%CC%89n-thi-nghie%CC%A3m/ HTTP/1.0" 200 67804 "-" "Mozilla/5.0 (compatible; MJ12bot/v1.4.8; http://mj12bot.com/)"
216.73.216.162 - - [06/Sep/2025:14:02:13 +0700] "GET /?p=5175 HTTP/1.0" 301 470 "-" "Mozilla/5.0 AppleWebKit/537.36 (KHTML, like Gecko; compatible; ClaudeBot/1.0; +claudebot@anthropic.com)"
95.91.104.195 - - [06/Sep/2025:14:02:12 +0700] "GET /danh-muc/co-ba%CC%89n-thi-nghie%CC%A3m/be-o%CC%89n-nhie%CC%A3t-tuan-hoan/ HTTP/1.0" 200 60379 "-" "Mozilla/5.0 (compatible; MJ12bot/v1.4.8; http://mj12bot.com/)"
216.73.216.162 - - [06/Sep/2025:14:02:14 +0700] "GET /asian-games-2026-aichi-23/ HTTP/1.0" 200 113196 "https://vattusacky.vn/?p=5175" "Mozilla/5.0 AppleWebKit/537.36 (KHTML, like Gecko; compatible; ClaudeBot/1.0; +claudebot@anthropic.com)"
45.117.177.72 - - [06/Sep/2025:14:02:19 +0700] "POST /wp-cron.php?doing_wp_cron=1757142139.3410129547119140625000 HTTP/1.0" 200 416 "-" "WordPress/6.8.1; https://vattusacky.vn"
95.91.104.195 - - [06/Sep/2025:14:02:17 +0700] "GET /danh-muc/co-ba%CC%89n-thi-nghie%CC%A3m/be-rua-sieu-am/ HTTP/1.0" 200 60088 "-" "Mozilla/5.0 (compatible; MJ12bot/v1.4.8; http://mj12bot.com/)"
95.91.104.195 - - [06/Sep/2025:14:02:22 +0700] "GET /danh-muc/co-ba%CC%89n-thi-nghie%CC%A3m/bep-cach-thuy%CC%89/ HTTP/1.0" 200 74690 "-" "Mozilla/5.0 (compatible; MJ12bot/v1.4.8; http://mj12bot.com/)"
95.91.104.195 - - [06/Sep/2025:14:02:26 +0700] "GET /danh-muc/co-ba%CC%89n-thi-nghie%CC%A3m/bom-chan-khong-bo%CC%A3-lo%CC%A3c-chan-khong/ HTTP/1.0" 200 69859 "-" "Mozilla/5.0 (compatible; MJ12bot/v1.4.8; http://mj12bot.com/)"
95.91.104.195 - - [06/Sep/2025:14:02:30 +0700] "GET /danh-muc/co-ba%CC%89n-thi-nghie%CC%A3m/can-phan-tich-can-ky%CC%83-thua%CC%A3t/ HTTP/1.0" 200 99802 "-" "Mozilla/5.0 (compatible; MJ12bot/v1.4.8; http://mj12bot.com/)"
216.73.216.162 - - [06/Sep/2025:14:02:33 +0700] "GET /hello-world HTTP/1.0" 301 602 "-" "Mozilla/5.0 AppleWebKit/537.36 (KHTML, like Gecko; compatible; ClaudeBot/1.0; +claudebot@anthropic.com)"
95.91.104.195 - - [06/Sep/2025:14:02:34 +0700] "GET /danh-muc/co-ba%CC%89n-thi-nghie%CC%A3m/can-say-a%CC%89m/ HTTP/1.0" 200 60076 "-" "Mozilla/5.0 (compatible; MJ12bot/v1.4.8; http://mj12bot.com/)"
216.73.216.162 - - [06/Sep/2025:14:02:35 +0700] "GET /hello-world/ HTTP/1.0" 200 203020 "https://vattusacky.vn/hello-world" "Mozilla/5.0 AppleWebKit/537.36 (KHTML, like Gecko; compatible; ClaudeBot/1.0; +claudebot@anthropic.com)"
95.91.104.195 - - [06/Sep/2025:14:02:39 +0700] "GET /danh-muc/co-ba%CC%89n-thi-nghie%CC%A3m/khuc-xa-ke/ HTTP/1.0" 200 60004 "-" "Mozilla/5.0 (compatible; MJ12bot/v1.4.8; http://mj12bot.com/)"
95.91.104.195 - - [06/Sep/2025:14:02:45 +0700] "GET /danh-muc/co-ba%CC%89n-thi-nghie%CC%A3m/kinh-hien-vi/ HTTP/1.0" 200 60021 "-" "Mozilla/5.0 (compatible; MJ12bot/v1.4.8; http://mj12bot.com/)"
95.91.104.195 - - [06/Sep/2025:14:02:49 +0700] "GET /danh-muc/co-ba%CC%89n-thi-nghie%CC%A3m/lo-nung/ HTTP/1.0" 200 74157 "-" "Mozilla/5.0 (compatible; MJ12bot/v1.4.8; http://mj12bot.com/)"
95.91.104.195 - - [06/Sep/2025:14:02:59 +0700] "GET /danh-muc/co-ba%CC%89n-thi-nghie%CC%A3m/may-cat-nuoc/ HTTP/1.0" 200 60052 "-" "Mozilla/5.0 (compatible; MJ12bot/v1.4.8; http://mj12bot.com/)"
95.91.104.195 - - [06/Sep/2025:14:03:03 +0700] "GET /danh-muc/co-ba%CC%89n-thi-nghie%CC%A3m/may-cay-dia-petri/ HTTP/1.0" 200 60135 "-" "Mozilla/5.0 (compatible; MJ12bot/v1.4.8; http://mj12bot.com/)"
95.91.104.195 - - [06/Sep/2025:14:03:07 +0700] "GET /danh-muc/co-ba%CC%89n-thi-nghie%CC%A3m/may-co-quay-chan-khong/ HTTP/1.0" 200 60218 "-" "Mozilla/5.0 (compatible; MJ12bot/v1.4.8; http://mj12bot.com/)"
45.117.177.72 - - [06/Sep/2025:14:03:17 +0700] "POST /wp-cron.php?doing_wp_cron=1757142197.6123449802398681640625 HTTP/1.0" 200 416 "-" "WordPress/6.8.1; https://vattusacky.vn"
95.91.104.195 - - [06/Sep/2025:14:03:14 +0700] "GET /danh-muc/co-ba%CC%89n-thi-nghie%CC%A3m/may-dap-mau-vi-sinh/ HTTP/1.0" 200 60166 "-" "Mozilla/5.0 (compatible; MJ12bot/v1.4.8; http://mj12bot.com/)"
95.91.104.195 - - [06/Sep/2025:14:03:20 +0700] "GET /danh-muc/co-ba%CC%89n-thi-nghie%CC%A3m/may-dem-khuan-lac/ HTTP/1.0" 200 60161 "-" "Mozilla/5.0 (compatible; MJ12bot/v1.4.8; http://mj12bot.com/)"
