217.113.194.217 - - [07/Sep/2025:02:05:51 +0700] "GET /san-pham/palintest-_thiet-bi-do-do-duc-ntu-hien-truong/feed/ HTTP/1.0" 200 1722 "-" "Mozilla/5.0 (compatible; Barkrowler/0.9; +https://babbar.tech/crawler)"
217.113.194.81 - - [07/Sep/2025:02:06:12 +0700] "GET /mostbet-turkiye-icin-en-guvenilir-bahis-ve-casino-sitesi-398/feed/ HTTP/1.0" 200 1776 "-" "Mozilla/5.0 (compatible; Barkrowler/0.9; +https://babbar.tech/crawler)"
45.117.177.72 - - [07/Sep/2025:02:06:44 +0700] "POST /wp-cron.php?doing_wp_cron=1757185604.1115798950195312500000 HTTP/1.0" 200 416 "-" "WordPress/6.8.1; https://vattusacky.vn"
217.113.194.77 - - [07/Sep/2025:02:06:42 +0700] "GET /mostbet-kazahstan-nadezhnyj-partner-dlja-onlajn-stavok/feed/ HTTP/1.0" 200 1804 "-" "Mozilla/5.0 (compatible; Barkrowler/0.9; +https://babbar.tech/crawler)"
217.113.194.74 - - [07/Sep/2025:02:07:02 +0700] "GET /connecting-across-borders-exploring-cultural-diversity-on-omegle-vs-ometv/feed/ HTTP/1.0" 200 1816 "-" "Mozilla/5.0 (compatible; Barkrowler/0.9; +https://babbar.tech/crawler)"
45.117.177.72 - - [07/Sep/2025:02:07:26 +0700] "POST /wp-cron.php?doing_wp_cron=1757185646.3642439842224121093750 HTTP/1.0" 200 416 "-" "WordPress/6.8.1; https://vattusacky.vn"
217.113.194.74 - - [07/Sep/2025:02:07:25 +0700] "GET /embracing-spontaneity-on-omegle-conversations-going-with-the-flow-and-staying-present/ HTTP/1.0" 200 90735 "-" "Mozilla/5.0 (compatible; Barkrowler/0.9; +https://babbar.tech/crawler)"
154.54.249.200 - - [07/Sep/2025:02:07:48 +0700] "GET /mastering-the-art-of-listening-on-omegle-understanding-and-responding-to-your-conversation-partner/feed/ HTTP/1.0" 200 1891 "-" "Mozilla/5.0 (compatible; Barkrowler/0.9; +https://babbar.tech/crawler)"
45.117.177.72 - - [07/Sep/2025:02:08:24 +0700] "POST /wp-cron.php?doing_wp_cron=1757185703.9639050960540771484375 HTTP/1.0" 200 416 "-" "WordPress/6.8.1; https://vattusacky.vn"
217.113.194.76 - - [07/Sep/2025:02:08:22 +0700] "GET /mastering-the-art-of-persuasion-on-omegle-influencing-others-through-effective-communication/feed/ HTTP/1.0" 200 1873 "-" "Mozilla/5.0 (compatible; Barkrowler/0.9; +https://babbar.tech/crawler)"
45.117.177.72 - - [07/Sep/2025:02:08:55 +0700] "POST /wp-cron.php?doing_wp_cron=1757185735.2505259513854980468750 HTTP/1.0" 200 416 "-" "WordPress/6.8.1; https://vattusacky.vn"
185.191.171.2 - - [07/Sep/2025:02:08:54 +0700] "GET /the/bom-lay-mau-bui-tsp-the-tich-lon/page/2/ HTTP/1.0" 200 126156 "-" "Mozilla/5.0 (compatible; SemrushBot/7~bl; +http://www.semrush.com/bot.html)"
217.113.194.76 - - [07/Sep/2025:02:09:01 +0700] "GET /going-viral-hilarious-videos-that-took-omegle-and-ometv-by-storm/ HTTP/1.0" 200 92211 "-" "Mozilla/5.0 (compatible; Barkrowler/0.9; +https://babbar.tech/crawler)"
45.117.177.72 - - [07/Sep/2025:02:09:27 +0700] "POST /wp-cron.php?doing_wp_cron=1757185766.9372510910034179687500 HTTP/1.0" 200 416 "-" "WordPress/6.8.1; https://vattusacky.vn"
217.113.194.78 - - [07/Sep/2025:02:09:25 +0700] "GET /serendipitous-encounters-and-the-power-of-human-connection-on-omegle-and-ometv/feed/ HTTP/1.0" 200 1831 "-" "Mozilla/5.0 (compatible; Barkrowler/0.9; +https://babbar.tech/crawler)"
217.113.194.74 - - [07/Sep/2025:02:09:45 +0700] "GET /serendipitous-moments-in-cyberspace-from-chance-encounters-to-life-changing-experiences/feed/ HTTP/1.0" 200 1858 "-" "Mozilla/5.0 (compatible; Barkrowler/0.9; +https://babbar.tech/crawler)"
217.113.194.75 - - [07/Sep/2025:02:10:05 +0700] "GET /serendipity-and-personal-growth-exploring-new-perspectives-on-omegle-and-ometv/feed/ HTTP/1.0" 200 1831 "-" "Mozilla/5.0 (compatible; Barkrowler/0.9; +https://babbar.tech/crawler)"
45.117.177.72 - - [07/Sep/2025:02:10:26 +0700] "POST /wp-cron.php?doing_wp_cron=1757185826.5964980125427246093750 HTTP/1.0" 200 416 "-" "WordPress/6.8.1; https://vattusacky.vn"
217.113.194.72 - - [07/Sep/2025:02:10:25 +0700] "GET /serendipity-unleashed-embracing-the-surprises-of-omegles-serendipitous-encounters/feed/ HTTP/1.0" 200 1840 "-" "Mozilla/5.0 (compatible; Barkrowler/0.9; +https://babbar.tech/crawler)"
217.113.194.78 - - [07/Sep/2025:02:10:47 +0700] "GET /serendipity-unleashed-embracing-the-surprises-of-omegles-serendipitous-encounters/ HTTP/1.0" 200 91184 "-" "Mozilla/5.0 (compatible; Barkrowler/0.9; +https://babbar.tech/crawler)"
44.207.207.36 - - [07/Sep/2025:02:10:56 +0700] "GET /single-women-designed-for-marriage/ HTTP/1.0" 200 205172 "-" "Mozilla/5.0 AppleWebKit/537.36 (KHTML, like Gecko; compatible; Amazonbot/0.1; +https://developer.amazon.com/support/amazonbot) Chrome/119.0.6045.214 Safari/537.36"
52.3.104.214 - - [07/Sep/2025:02:10:59 +0700] "GET /defi-vs-the-regulators-by-the-numbers/ HTTP/1.0" 200 289378 "-" "Mozilla/5.0 AppleWebKit/537.36 (KHTML, like Gecko; compatible; Amazonbot/0.1; +https://developer.amazon.com/support/amazonbot) Chrome/119.0.6045.214 Safari/537.36"
18.213.27.222 - - [07/Sep/2025:02:11:04 +0700] "GET /how-could-i-chat-with-another-girl/ HTTP/1.0" 200 206337 "-" "Mozilla/5.0 AppleWebKit/537.36 (KHTML, like Gecko; compatible; Amazonbot/0.1; +https://developer.amazon.com/support/amazonbot) Chrome/119.0.6045.214 Safari/537.36"
23.20.178.124 - - [07/Sep/2025:02:11:09 +0700] "GET /introduction-to-omegle-the-serendipitous-chatting-platform/ HTTP/1.0" 200 90119 "-" "Mozilla/5.0 AppleWebKit/537.36 (KHTML, like Gecko; compatible; Amazonbot/0.1; +https://developer.amazon.com/support/amazonbot) Chrome/119.0.6045.214 Safari/537.36"
217.113.194.78 - - [07/Sep/2025:02:11:10 +0700] "GET /the-importance-of-active-listening-in-network-building-on-omegle-and-ometv/feed/ HTTP/1.0" 200 1819 "-" "Mozilla/5.0 (compatible; Barkrowler/0.9; +https://babbar.tech/crawler)"
3.215.59.93 - - [07/Sep/2025:02:11:11 +0700] "GET /ways-to-plan-a-great-engagement-party/ HTTP/1.0" 200 207706 "-" "Mozilla/5.0 AppleWebKit/537.36 (KHTML, like Gecko; compatible; Amazonbot/0.1; +https://developer.amazon.com/support/amazonbot) Chrome/119.0.6045.214 Safari/537.36"
45.117.177.72 - - [07/Sep/2025:02:11:17 +0700] "POST /wp-cron.php?doing_wp_cron=1757185877.0095980167388916015625 HTTP/1.0" 200 416 "-" "WordPress/6.8.1; https://vattusacky.vn"
54.84.93.8 - - [07/Sep/2025:02:11:15 +0700] "GET /1967-relevant-articles/ HTTP/1.0" 200 209190 "-" "Mozilla/5.0 AppleWebKit/537.36 (KHTML, like Gecko; compatible; Amazonbot/0.1; +https://developer.amazon.com/support/amazonbot) Chrome/119.0.6045.214 Safari/537.36"
52.205.141.124 - - [07/Sep/2025:02:11:20 +0700] "GET /dealing-with-your-lovers-jealousy/ HTTP/1.0" 200 209226 "-" "Mozilla/5.0 AppleWebKit/537.36 (KHTML, like Gecko; compatible; Amazonbot/0.1; +https://developer.amazon.com/support/amazonbot) Chrome/119.0.6045.214 Safari/537.36"
34.239.85.139 - - [07/Sep/2025:02:11:24 +0700] "GET /pri-raketnom-obstrele-dnepra-pogibli-tri-cheloveka/ HTTP/1.0" 200 402025 "-" "Mozilla/5.0 AppleWebKit/537.36 (KHTML, like Gecko; compatible; Amazonbot/0.1; +https://developer.amazon.com/support/amazonbot) Chrome/119.0.6045.214 Safari/537.36"
18.213.70.100 - - [07/Sep/2025:02:11:28 +0700] "GET /category/uncategorized/page/115/ HTTP/1.0" 200 76514 "-" "Mozilla/5.0 AppleWebKit/537.36 (KHTML, like Gecko; compatible; Amazonbot/0.1; +https://developer.amazon.com/support/amazonbot) Chrome/119.0.6045.214 Safari/537.36"
217.113.194.75 - - [07/Sep/2025:02:11:30 +0700] "GET /the-impact-of-mental-health-on-omegle-conversations-nurturing-supportive-interactions/feed/ HTTP/1.0" 200 1852 "-" "Mozilla/5.0 (compatible; Barkrowler/0.9; +https://babbar.tech/crawler)"
217.113.194.73 - - [07/Sep/2025:02:11:51 +0700] "GET /kriterien-die-jene-uber-ukrainische-frauen-fur-ehe-wissensstand-sollten/ HTTP/1.0" 200 209784 "-" "Mozilla/5.0 (compatible; Barkrowler/0.9; +https://babbar.tech/crawler)"
217.113.194.78 - - [07/Sep/2025:02:12:21 +0700] "GET /install-1xbet-app-%E2%AD%90-1xbet-app-acquire-fscore-orguk-6/ HTTP/1.0" 200 240935 "-" "Mozilla/5.0 (compatible; Barkrowler/0.9; +https://babbar.tech/crawler)"
217.113.194.81 - - [07/Sep/2025:02:13:04 +0700] "GET /sijoittamiskohteena-rahapeleihin-liittyvaet-osakkeet/ HTTP/1.0" 200 86441 "-" "Mozilla/5.0 (compatible; Barkrowler/0.9; +https://babbar.tech/crawler)"
45.117.177.72 - - [07/Sep/2025:02:13:29 +0700] "POST /wp-cron.php?doing_wp_cron=1757186009.6769649982452392578125 HTTP/1.0" 200 416 "-" "WordPress/6.8.1; https://vattusacky.vn"
217.113.194.78 - - [07/Sep/2025:02:13:28 +0700] "GET /the-transformative-power-of-serendipitous-connections-on-omegle-and-ometv/feed/ HTTP/1.0" 200 1816 "-" "Mozilla/5.0 (compatible; Barkrowler/0.9; +https://babbar.tech/crawler)"
217.113.194.72 - - [07/Sep/2025:02:13:47 +0700] "GET /selecting-an-malware-replacement-that-gives-edr-endpoint-detection-and-response-capacities/ HTTP/1.0" 200 206667 "-" "Mozilla/5.0 (compatible; Barkrowler/0.9; +https://babbar.tech/crawler)"
217.113.194.77 - - [07/Sep/2025:02:14:09 +0700] "GET /exploring-video-playback-and-streaming-features-in-omegle-and-ometvs-user-interface/ HTTP/1.0" 200 93461 "-" "Mozilla/5.0 (compatible; Barkrowler/0.9; +https://babbar.tech/crawler)"
45.117.177.72 - - [07/Sep/2025:02:14:30 +0700] "POST /wp-cron.php?doing_wp_cron=1757186070.4086558818817138671875 HTTP/1.0" 200 416 "-" "WordPress/6.8.1; https://vattusacky.vn"
51.222.95.207 - - [07/Sep/2025:02:14:29 +0700] "GET /sitemap_index.xml HTTP/1.0" 200 2426 "-" "Mozilla/5.0 (compatible; AhrefsBot/7.0; +http://ahrefs.com/robot/)"
217.113.194.81 - - [07/Sep/2025:02:14:35 +0700] "GET /exploring-the-serendipitous-nature-of-online-communities-on-omegle-and-ometv/feed/ HTTP/1.0" 200 1825 "-" "Mozilla/5.0 (compatible; Barkrowler/0.9; +https://babbar.tech/crawler)"
51.161.65.74 - - [07/Sep/2025:02:14:32 +0700] "GET /post-sitemap.xml HTTP/1.0" 500 3278 "-" "Mozilla/5.0 (compatible; AhrefsBot/7.0; +http://ahrefs.com/robot/)"
51.222.168.217 - - [07/Sep/2025:02:14:40 +0700] "GET /post-sitemap2.xml HTTP/1.0" 200 158032 "-" "Mozilla/5.0 (compatible; AhrefsBot/7.0; +http://ahrefs.com/robot/)"
54.39.203.92 - - [07/Sep/2025:02:14:51 +0700] "GET /post-sitemap3.xml HTTP/1.0" 200 155802 "-" "Mozilla/5.0 (compatible; AhrefsBot/7.0; +http://ahrefs.com/robot/)"
217.113.194.74 - - [07/Sep/2025:02:14:54 +0700] "GET /exploring-different-communication-styles-on-omegle-adapting-to-your-conversation-partners-needs/ HTTP/1.0" 200 94862 "-" "Mozilla/5.0 (compatible; Barkrowler/0.9; +https://babbar.tech/crawler)"
51.161.37.209 - - [07/Sep/2025:02:14:55 +0700] "GET /post-sitemap4.xml HTTP/1.0" 200 157863 "-" "Mozilla/5.0 (compatible; AhrefsBot/7.0; +http://ahrefs.com/robot/)"
15.235.96.210 - - [07/Sep/2025:02:15:00 +0700] "GET /post-sitemap5.xml HTTP/1.0" 200 159938 "-" "Mozilla/5.0 (compatible; AhrefsBot/7.0; +http://ahrefs.com/robot/)"
142.44.225.131 - - [07/Sep/2025:02:15:05 +0700] "GET /post-sitemap6.xml HTTP/1.0" 200 42210 "-" "Mozilla/5.0 (compatible; AhrefsBot/7.0; +http://ahrefs.com/robot/)"
148.113.128.31 - - [07/Sep/2025:02:15:08 +0700] "GET /page-sitemap.xml HTTP/1.0" 200 1873 "-" "Mozilla/5.0 (compatible; AhrefsBot/7.0; +http://ahrefs.com/robot/)"
45.117.177.72 - - [07/Sep/2025:02:15:17 +0700] "POST /wp-cron.php?doing_wp_cron=1757186117.5578498840332031250000 HTTP/1.0" 200 416 "-" "WordPress/6.8.1; https://vattusacky.vn"
217.113.194.217 - - [07/Sep/2025:02:15:16 +0700] "GET /the-prison-of-anonymity-exploring-the-psychological-effects-of-isolation-on-omegle/feed/ HTTP/1.0" 200 1843 "-" "Mozilla/5.0 (compatible; Barkrowler/0.9; +https://babbar.tech/crawler)"
15.235.27.41 - - [07/Sep/2025:02:15:11 +0700] "GET /attachment-sitemap.xml HTTP/1.0" 200 72345 "-" "Mozilla/5.0 (compatible; AhrefsBot/7.0; +http://ahrefs.com/robot/)"
142.44.233.130 - - [07/Sep/2025:02:15:19 +0700] "GET /product-sitemap.xml HTTP/1.0" 200 51048 "-" "Mozilla/5.0 (compatible; AhrefsBot/7.0; +http://ahrefs.com/robot/)"
142.44.220.149 - - [07/Sep/2025:02:15:25 +0700] "GET /category-sitemap.xml HTTP/1.0" 200 24564 "-" "Mozilla/5.0 (compatible; AhrefsBot/7.0; +http://ahrefs.com/robot/)"
15.235.27.129 - - [07/Sep/2025:02:15:28 +0700] "GET /post_tag-sitemap.xml HTTP/1.0" 200 12903 "-" "Mozilla/5.0 (compatible; AhrefsBot/7.0; +http://ahrefs.com/robot/)"
54.39.0.62 - - [07/Sep/2025:02:15:33 +0700] "GET /product_cat-sitemap.xml HTTP/1.0" 200 8595 "-" "Mozilla/5.0 (compatible; AhrefsBot/7.0; +http://ahrefs.com/robot/)"
217.113.194.79 - - [07/Sep/2025:02:15:37 +0700] "GET /authenticity-in-anonymous-encounters-how-omegle-users-navigate-the-gray-area/feed/ HTTP/1.0" 200 1825 "-" "Mozilla/5.0 (compatible; Barkrowler/0.9; +https://babbar.tech/crawler)"
142.44.233.151 - - [07/Sep/2025:02:15:38 +0700] "GET /product_tag-sitemap.xml HTTP/1.0" 200 28520 "-" "Mozilla/5.0 (compatible; AhrefsBot/7.0; +http://ahrefs.com/robot/)"
51.68.236.73 - - [07/Sep/2025:02:15:41 +0700] "GET /robots.txt HTTP/1.0" 200 984 "-" "Mozilla/5.0 (compatible; MJ12bot/v2.0.4; http://mj12bot.com/)"
51.68.236.73 - - [07/Sep/2025:02:15:43 +0700] "GET / HTTP/1.0" 200 60070 "-" "Mozilla/5.0 (compatible; MJ12bot/v2.0.4; http://mj12bot.com/)"
103.131.71.161 - - [07/Sep/2025:02:15:56 +0700] "GET /robots.txt HTTP/1.0" 200 984 "-" "Mozilla/5.0 (compatible; coccocbot-web/1.0; +http://help.coccoc.com/searchengine)"
52.225.75.211 - - [07/Sep/2025:02:16:14 +0700] "GET / HTTP/1.0" 503 8085 "-" "Mozilla/5.0 AppleWebKit/537.36 (KHTML, like Gecko); compatible; ChatGPT-User/1.0; +https://openai.com/bot"
45.117.177.72 - - [07/Sep/2025:02:17:07 +0700] "POST /wp-cron.php?doing_wp_cron=1757186226.8176100254058837890625 HTTP/1.0" 200 416 "-" "WordPress/6.8.1; https://vattusacky.vn"
216.73.216.162 - - [07/Sep/2025:02:17:05 +0700] "GET /robots.txt HTTP/1.0" 200 984 "-" "Mozilla/5.0 AppleWebKit/537.36 (KHTML, like Gecko; compatible; ClaudeBot/1.0; +claudebot@anthropic.com)"
216.73.216.162 - - [07/Sep/2025:02:17:07 +0700] "GET /sitemap_index.xml HTTP/1.0" 200 2280 "-" "Mozilla/5.0 AppleWebKit/537.36 (KHTML, like Gecko; compatible; ClaudeBot/1.0; +claudebot@anthropic.com)"
45.117.177.72 - - [07/Sep/2025:02:17:57 +0700] "POST /wp-cron.php?doing_wp_cron=1757186276.9573640823364257812500 HTTP/1.0" 200 416 "-" "WordPress/6.8.1; https://vattusacky.vn"
103.131.71.164 - - [07/Sep/2025:02:17:55 +0700] "GET /sitemap_index.xml HTTP/1.0" 200 2426 "-" "Mozilla/5.0 (compatible; coccocbot-web/1.0; +http://help.coccoc.com/searchengine)"
103.131.71.72 - - [07/Sep/2025:02:18:02 +0700] "GET / HTTP/1.0" 200 60070 "-" "Mozilla/5.0 (compatible; coccocbot-web/1.0; +http://help.coccoc.com/searchengine)"
103.131.71.72 - - [07/Sep/2025:02:18:09 +0700] "GET /wp-json/ HTTP/1.0" 200 1895958 "-" "Mozilla/5.0 (compatible; coccocbot-web/1.0; +http://help.coccoc.com/searchengine)"
45.117.177.72 - - [07/Sep/2025:02:18:18 +0700] "POST /wp-cron.php?doing_wp_cron=1757186298.0836420059204101562500 HTTP/1.0" 200 416 "-" "WordPress/6.8.1; https://vattusacky.vn"
216.73.216.162 - - [07/Sep/2025:02:18:22 +0700] "GET /?p=4840 HTTP/1.0" 301 627 "-" "Mozilla/5.0 AppleWebKit/537.36 (KHTML, like Gecko; compatible; ClaudeBot/1.0; +claudebot@anthropic.com)"
103.131.71.178 - - [07/Sep/2025:02:18:16 +0700] "GET /post-sitemap.xml HTTP/1.0" 500 3278 "-" "Mozilla/5.0 (compatible; coccocbot-web/1.0; +http://help.coccoc.com/searchengine)"
216.73.216.162 - - [07/Sep/2025:02:18:22 +0700] "GET /4rabet-official-website-28 HTTP/1.0" 301 617 "-" "Mozilla/5.0 AppleWebKit/537.36 (KHTML, like Gecko; compatible; ClaudeBot/1.0; +claudebot@anthropic.com)"
216.73.216.162 - - [07/Sep/2025:02:18:23 +0700] "GET /how-to-register-new-leovegas-account/ HTTP/1.0" 200 221436 "https://vattusacky.vn/?p=4840" "Mozilla/5.0 AppleWebKit/537.36 (KHTML, like Gecko; compatible; ClaudeBot/1.0; +claudebot@anthropic.com)"
216.73.216.162 - - [07/Sep/2025:02:18:25 +0700] "GET /4rabet-official-website-28/ HTTP/1.0" 200 104327 "https://vattusacky.vn/4rabet-official-website-28" "Mozilla/5.0 AppleWebKit/537.36 (KHTML, like Gecko; compatible; ClaudeBot/1.0; +claudebot@anthropic.com)"
103.131.71.178 - - [07/Sep/2025:02:18:24 +0700] "GET /post-sitemap2.xml HTTP/1.0" 200 158032 "-" "Mozilla/5.0 (compatible; coccocbot-web/1.0; +http://help.coccoc.com/searchengine)"
103.131.71.178 - - [07/Sep/2025:02:18:31 +0700] "GET /post-sitemap3.xml HTTP/1.0" 200 155802 "-" "Mozilla/5.0 (compatible; coccocbot-web/1.0; +http://help.coccoc.com/searchengine)"
103.131.71.178 - - [07/Sep/2025:02:18:38 +0700] "GET /post-sitemap4.xml HTTP/1.0" 200 157863 "-" "Mozilla/5.0 (compatible; coccocbot-web/1.0; +http://help.coccoc.com/searchengine)"
103.131.71.178 - - [07/Sep/2025:02:18:45 +0700] "GET /post-sitemap5.xml HTTP/1.0" 200 159938 "-" "Mozilla/5.0 (compatible; coccocbot-web/1.0; +http://help.coccoc.com/searchengine)"
103.131.71.178 - - [07/Sep/2025:02:18:52 +0700] "GET /post-sitemap6.xml HTTP/1.0" 200 42210 "-" "Mozilla/5.0 (compatible; coccocbot-web/1.0; +http://help.coccoc.com/searchengine)"
103.131.71.178 - - [07/Sep/2025:02:18:59 +0700] "GET /page-sitemap.xml HTTP/1.0" 200 1873 "-" "Mozilla/5.0 (compatible; coccocbot-web/1.0; +http://help.coccoc.com/searchengine)"
103.131.71.178 - - [07/Sep/2025:02:19:06 +0700] "GET /attachment-sitemap.xml HTTP/1.0" 200 72345 "-" "Mozilla/5.0 (compatible; coccocbot-web/1.0; +http://help.coccoc.com/searchengine)"
103.131.71.178 - - [07/Sep/2025:02:19:14 +0700] "GET /product-sitemap.xml HTTP/1.0" 200 51048 "-" "Mozilla/5.0 (compatible; coccocbot-web/1.0; +http://help.coccoc.com/searchengine)"
45.117.177.72 - - [07/Sep/2025:02:19:22 +0700] "POST /wp-cron.php?doing_wp_cron=1757186362.6109728813171386718750 HTTP/1.0" 200 416 "-" "WordPress/6.8.1; https://vattusacky.vn"
103.131.71.178 - - [07/Sep/2025:02:19:21 +0700] "GET /category-sitemap.xml HTTP/1.0" 200 24564 "-" "Mozilla/5.0 (compatible; coccocbot-web/1.0; +http://help.coccoc.com/searchengine)"
103.131.71.178 - - [07/Sep/2025:02:19:28 +0700] "GET /post_tag-sitemap.xml HTTP/1.0" 200 12903 "-" "Mozilla/5.0 (compatible; coccocbot-web/1.0; +http://help.coccoc.com/searchengine)"
103.131.71.178 - - [07/Sep/2025:02:19:35 +0700] "GET /product_cat-sitemap.xml HTTP/1.0" 200 8595 "-" "Mozilla/5.0 (compatible; coccocbot-web/1.0; +http://help.coccoc.com/searchengine)"
103.131.71.178 - - [07/Sep/2025:02:19:42 +0700] "GET /product_tag-sitemap.xml HTTP/1.0" 200 28520 "-" "Mozilla/5.0 (compatible; coccocbot-web/1.0; +http://help.coccoc.com/searchengine)"
216.73.216.162 - - [07/Sep/2025:02:20:14 +0700] "GET /category/prestamos HTTP/1.0" 301 563 "-" "Mozilla/5.0 AppleWebKit/537.36 (KHTML, like Gecko; compatible; ClaudeBot/1.0; +claudebot@anthropic.com)"
188.166.188.97 - - [07/Sep/2025:02:20:13 +0700] "GET /wp-login.php HTTP/1.0" 200 11388 "-" "Mozilla/5.0 (X11; Ubuntu; Linux x86_64; rv:85.0) Gecko/20100101 Firefox/91.0"
216.73.216.162 - - [07/Sep/2025:02:20:15 +0700] "GET /category/prestamos/ HTTP/1.0" 200 138883 "https://vattusacky.vn/category/prestamos" "Mozilla/5.0 AppleWebKit/537.36 (KHTML, like Gecko; compatible; ClaudeBot/1.0; +claudebot@anthropic.com)"
45.117.177.72 - - [07/Sep/2025:02:20:17 +0700] "POST /wp-cron.php?doing_wp_cron=1757186417.0372951030731201171875 HTTP/1.0" 200 416 "-" "WordPress/6.8.1; https://vattusacky.vn"
188.166.188.97 - - [07/Sep/2025:02:20:15 +0700] "POST /wp-login.php HTTP/1.0" 200 11592 "-" "Mozilla/5.0 (X11; Ubuntu; Linux x86_64; rv:85.0) Gecko/20100101 Firefox/91.0"
45.117.177.72 - - [07/Sep/2025:02:22:36 +0700] "POST /wp-cron.php?doing_wp_cron=1757186556.1426980495452880859375 HTTP/1.0" 200 416 "-" "WordPress/6.8.1; https://vattusacky.vn"
216.73.216.162 - - [07/Sep/2025:02:22:34 +0700] "GET /category/hookup-sites/feed HTTP/1.0" 301 669 "-" "Mozilla/5.0 AppleWebKit/537.36 (KHTML, like Gecko; compatible; ClaudeBot/1.0; +claudebot@anthropic.com)"
216.73.216.162 - - [07/Sep/2025:02:22:36 +0700] "GET /category/hookup-sites/feed/ HTTP/1.0" 200 152674 "https://vattusacky.vn/category/hookup-sites/feed" "Mozilla/5.0 AppleWebKit/537.36 (KHTML, like Gecko; compatible; ClaudeBot/1.0; +claudebot@anthropic.com)"
45.117.177.72 - - [07/Sep/2025:02:23:51 +0700] "POST /wp-cron.php?doing_wp_cron=1757186630.7748908996582031250000 HTTP/1.0" 200 416 "-" "WordPress/6.8.1; https://vattusacky.vn"
54.39.89.101 - - [07/Sep/2025:02:23:49 +0700] "GET /sustanon-250-steroid-tutto-cio-che-devi-sapere-4/ HTTP/1.0" 200 204184 "-" "Mozilla/5.0 (compatible; AhrefsBot/7.0; +http://ahrefs.com/robot/)"
216.73.216.162 - - [07/Sep/2025:02:25:07 +0700] "GET /1xbet-bangladesh-app-evaluate-20/feed HTTP/1.0" 301 726 "-" "Mozilla/5.0 AppleWebKit/537.36 (KHTML, like Gecko; compatible; ClaudeBot/1.0; +claudebot@anthropic.com)"
45.117.177.72 - - [07/Sep/2025:02:25:08 +0700] "POST /wp-cron.php?doing_wp_cron=1757186708.5482590198516845703125 HTTP/1.0" 200 416 "-" "WordPress/6.8.1; https://vattusacky.vn"
216.73.216.162 - - [07/Sep/2025:02:25:07 +0700] "GET /sitemap_index.xml HTTP/1.0" 200 2426 "-" "Mozilla/5.0 AppleWebKit/537.36 (KHTML, like Gecko; compatible; ClaudeBot/1.0; +claudebot@anthropic.com)"
216.73.216.162 - - [07/Sep/2025:02:25:08 +0700] "GET /1xbet-bangladesh-app-evaluate-20/feed/ HTTP/1.0" 200 1544 "https://vattusacky.vn/1xbet-bangladesh-app-evaluate-20/feed" "Mozilla/5.0 AppleWebKit/537.36 (KHTML, like Gecko; compatible; ClaudeBot/1.0; +claudebot@anthropic.com)"
45.117.177.72 - - [07/Sep/2025:02:25:31 +0700] "POST /wp-cron.php?doing_wp_cron=1757186730.9207320213317871093750 HTTP/1.0" 200 416 "-" "WordPress/6.8.1; https://vattusacky.vn"
85.208.96.212 - - [07/Sep/2025:02:25:29 +0700] "GET /author/yanz/page/328/ HTTP/1.0" 200 80314 "-" "Mozilla/5.0 (compatible; SemrushBot/7~bl; +http://www.semrush.com/bot.html)"
45.117.177.72 - - [07/Sep/2025:02:26:29 +0700] "POST /wp-cron.php?doing_wp_cron=1757186789.1692988872528076171875 HTTP/1.0" 200 416 "-" "WordPress/6.8.1; https://vattusacky.vn"
15.235.27.156 - - [07/Sep/2025:02:26:28 +0700] "GET /unraveling-the-enigma-the-technology-of-omegle-vs-ometv-exposed/ HTTP/1.0" 200 92402 "-" "Mozilla/5.0 (compatible; AhrefsBot/7.0; +http://ahrefs.com/robot/)"
20.26.80.130 - - [07/Sep/2025:02:26:54 +0700] "GET /the-role-of-family-dynamics-in-omegle-therapy/ HTTP/1.0" 403 607 "-" "Mozilla/5.0 (Windows NT 10.0; Win64; x64) AppleWebKit/537.36 (KHTML, like Gecko) Chrome/131.0.0.0 Safari/537.36 Edg/131.0.0.0"
45.117.177.72 - - [07/Sep/2025:02:27:31 +0700] "POST /wp-cron.php?doing_wp_cron=1757186851.3507781028747558593750 HTTP/1.0" 200 416 "-" "WordPress/6.8.1; https://vattusacky.vn"
216.73.216.162 - - [07/Sep/2025:02:27:30 +0700] "GET /?p=5684 HTTP/1.0" 301 623 "-" "Mozilla/5.0 AppleWebKit/537.36 (KHTML, like Gecko; compatible; ClaudeBot/1.0; +claudebot@anthropic.com)"
216.73.216.162 - - [07/Sep/2025:02:27:31 +0700] "GET /1xbet-bangladesh-app-evaluate-20/ HTTP/1.0" 200 92740 "https://vattusacky.vn/?p=5684" "Mozilla/5.0 AppleWebKit/537.36 (KHTML, like Gecko; compatible; ClaudeBot/1.0; +claudebot@anthropic.com)"
40.77.167.17 - - [07/Sep/2025:02:27:45 +0700] "GET /?attachment_id=398 HTTP/1.0" 200 197550 "-" "Mozilla/5.0 AppleWebKit/537.36 (KHTML, like Gecko; compatible; bingbot/2.0; +http://www.bing.com/bingbot.htm) Chrome/116.0.1938.76 Safari/537.36"
216.73.216.162 - - [07/Sep/2025:02:28:09 +0700] "GET /how-to-register-new-leovegas-account/feed HTTP/1.0" 301 730 "-" "Mozilla/5.0 AppleWebKit/537.36 (KHTML, like Gecko; compatible; ClaudeBot/1.0; +claudebot@anthropic.com)"
216.73.216.162 - - [07/Sep/2025:02:28:10 +0700] "GET /how-to-register-new-leovegas-account/feed/ HTTP/1.0" 200 1560 "https://vattusacky.vn/how-to-register-new-leovegas-account/feed" "Mozilla/5.0 AppleWebKit/537.36 (KHTML, like Gecko; compatible; ClaudeBot/1.0; +claudebot@anthropic.com)"
45.117.177.72 - - [07/Sep/2025:02:29:38 +0700] "POST /wp-cron.php?doing_wp_cron=1757186978.6232299804687500000000 HTTP/1.0" 200 416 "-" "WordPress/6.8.1; https://vattusacky.vn"
142.44.228.168 - - [07/Sep/2025:02:29:37 +0700] "GET /the/may-quang-pho-tu-ngoai-kha-kien-vis/ HTTP/1.0" 200 91109 "-" "Mozilla/5.0 (compatible; AhrefsBot/7.0; +http://ahrefs.com/robot/)"
45.117.177.72 - - [07/Sep/2025:02:30:37 +0700] "POST /wp-cron.php?doing_wp_cron=1757187037.0404930114746093750000 HTTP/1.0" 200 416 "-" "WordPress/6.8.1; https://vattusacky.vn"
207.46.13.9 - - [07/Sep/2025:02:30:35 +0700] "GET /the-psychology-of-chatting-on-omegle-human-connection-in-a-digital-world/ HTTP/1.0" 200 90887 "-" "Mozilla/5.0 AppleWebKit/537.36 (KHTML, like Gecko; compatible; bingbot/2.0; +http://www.bing.com/bingbot.htm) Chrome/116.0.1938.76 Safari/537.36"
45.117.177.72 - - [07/Sep/2025:02:31:43 +0700] "POST /wp-cron.php?doing_wp_cron=1757187103.0001020431518554687500 HTTP/1.0" 200 416 "-" "WordPress/6.8.1; https://vattusacky.vn"
142.44.228.103 - - [07/Sep/2025:02:31:41 +0700] "GET /category/uncategorized/page/13/ HTTP/1.0" 200 76009 "-" "Mozilla/5.0 (compatible; AhrefsBot/7.0; +http://ahrefs.com/robot/)"
45.117.177.72 - - [07/Sep/2025:02:34:37 +0700] "POST /wp-cron.php?doing_wp_cron=1757187277.5079929828643798828125 HTTP/1.0" 200 416 "-" "WordPress/6.8.1; https://vattusacky.vn"
34.231.45.47 - - [07/Sep/2025:02:34:36 +0700] "GET /so-sehr-wahlen-sie-eine-polnische-partneragentur-aus/ HTTP/1.0" 200 209018 "-" "Mozilla/5.0 AppleWebKit/537.36 (KHTML, like Gecko; compatible; Amazonbot/0.1; +https://developer.amazon.com/support/amazonbot) Chrome/119.0.6045.214 Safari/537.36"
44.212.106.171 - - [07/Sep/2025:02:34:39 +0700] "GET /category/kotelteplo-com-ua/ HTTP/1.0" 200 59195 "-" "Mozilla/5.0 AppleWebKit/537.36 (KHTML, like Gecko; compatible; Amazonbot/0.1; +https://developer.amazon.com/support/amazonbot) Chrome/119.0.6045.214 Safari/537.36"
54.88.84.219 - - [07/Sep/2025:02:34:45 +0700] "GET /chinh-xac-thi-ung-truoc-senmo-truc-tuyen-qua-internet-la-gi/ HTTP/1.0" 200 210427 "-" "Mozilla/5.0 AppleWebKit/537.36 (KHTML, like Gecko; compatible; Amazonbot/0.1; +https://developer.amazon.com/support/amazonbot) Chrome/119.0.6045.214 Safari/537.36"
34.225.24.180 - - [07/Sep/2025:02:34:48 +0700] "GET /cai-thien-nhanh-chong-cach-tim-da-mo-https-vaysite-com-nguoi-cho-vay-findo-nhu-mot-tien-bo-nhanh-chong-trong-nam-phut/ HTTP/1.0" 200 209883 "-" "Mozilla/5.0 AppleWebKit/537.36 (KHTML, like Gecko; compatible; Amazonbot/0.1; +https://developer.amazon.com/support/amazonbot) Chrome/119.0.6045.214 Safari/537.36"
52.73.142.41 - - [07/Sep/2025:02:34:51 +0700] "GET /daters-extremely-turning-to-programs-amid-coronavirus-outbreak/ HTTP/1.0" 200 207172 "-" "Mozilla/5.0 AppleWebKit/537.36 (KHTML, like Gecko; compatible; Amazonbot/0.1; +https://developer.amazon.com/support/amazonbot) Chrome/119.0.6045.214 Safari/537.36"
44.221.227.90 - - [07/Sep/2025:02:34:55 +0700] "GET /category/uncategorized/page/156/ HTTP/1.0" 200 76677 "-" "Mozilla/5.0 AppleWebKit/537.36 (KHTML, like Gecko; compatible; Amazonbot/0.1; +https://developer.amazon.com/support/amazonbot) Chrome/119.0.6045.214 Safari/537.36"
45.117.177.72 - - [07/Sep/2025:02:36:09 +0700] "POST /wp-cron.php?doing_wp_cron=1757187369.6846721172332763671875 HTTP/1.0" 200 416 "-" "WordPress/6.8.1; https://vattusacky.vn"
216.244.66.237 - - [07/Sep/2025:02:36:08 +0700] "GET /robots.txt HTTP/1.0" 200 984 "-" "Mozilla/5.0 (compatible; DotBot/1.2; +https://opensiteexplorer.org/dotbot; help@moz.com)"
45.117.177.72 - - [07/Sep/2025:02:36:35 +0700] "POST /wp-cron.php?doing_wp_cron=1757187395.0516550540924072265625 HTTP/1.0" 200 416 "-" "WordPress/6.8.1; https://vattusacky.vn"
54.39.89.46 - - [07/Sep/2025:02:36:33 +0700] "GET /the/lay-mau-wilco/ HTTP/1.0" 200 181657 "-" "Mozilla/5.0 (compatible; AhrefsBot/7.0; +http://ahrefs.com/robot/)"
216.73.216.162 - - [07/Sep/2025:02:39:54 +0700] "GET /?p=3455 HTTP/1.0" 301 654 "-" "Mozilla/5.0 AppleWebKit/537.36 (KHTML, like Gecko; compatible; ClaudeBot/1.0; +claudebot@anthropic.com)"
45.117.177.72 - - [07/Sep/2025:02:39:55 +0700] "POST /wp-cron.php?doing_wp_cron=1757187595.2683789730072021484375 HTTP/1.0" 200 416 "-" "WordPress/6.8.1; https://vattusacky.vn"
216.73.216.162 - - [07/Sep/2025:02:39:54 +0700] "GET /?p=2714 HTTP/1.0" 301 709 "-" "Mozilla/5.0 AppleWebKit/537.36 (KHTML, like Gecko; compatible; ClaudeBot/1.0; +claudebot@anthropic.com)"
216.73.216.162 - - [07/Sep/2025:02:39:55 +0700] "GET /top-rated-first-day-topics-to-get-to-know-your-night-out-better/ HTTP/1.0" 200 208510 "https://vattusacky.vn/?p=3455" "Mozilla/5.0 AppleWebKit/537.36 (KHTML, like Gecko; compatible; ClaudeBot/1.0; +claudebot@anthropic.com)"
216.73.216.162 - - [07/Sep/2025:02:39:55 +0700] "GET /toi-co-duoc-phep-phai-co-nguoi-ky-ket-cong-ty-cung-vay-online-nhanh-nhu-nguoi-bao-lanh-cho-tien-trinh-truc-tuyen-khong/ HTTP/1.0" 200 212207 "https://vattusacky.vn/?p=2714" "Mozilla/5.0 AppleWebKit/537.36 (KHTML, like Gecko; compatible; ClaudeBot/1.0; +claudebot@anthropic.com)"
216.73.216.162 - - [07/Sep/2025:02:39:57 +0700] "GET /how-to-cope-with-the-quick-break-up-of-your-long-term-romantic-relationship HTTP/1.0" 301 520 "-" "Mozilla/5.0 AppleWebKit/537.36 (KHTML, like Gecko; compatible; ClaudeBot/1.0; +claudebot@anthropic.com)"
216.73.216.162 - - [07/Sep/2025:02:39:58 +0700] "GET /?p=3104 HTTP/1.0" 301 474 "-" "Mozilla/5.0 AppleWebKit/537.36 (KHTML, like Gecko; compatible; ClaudeBot/1.0; +claudebot@anthropic.com)"
216.73.216.162 - - [07/Sep/2025:02:39:59 +0700] "GET /how-to-cope-with-the-quick-break-up-of-your-long-term-romantic-relationship/ HTTP/1.0" 200 207339 "https://vattusacky.vn/how-to-cope-with-the-quick-break-up-of-your-long-term-romantic-relationship" "Mozilla/5.0 AppleWebKit/537.36 (KHTML, like Gecko; compatible; ClaudeBot/1.0; +claudebot@anthropic.com)"
216.73.216.162 - - [07/Sep/2025:02:39:59 +0700] "GET /longer-distance-relationships/ HTTP/1.0" 200 208787 "https://vattusacky.vn/?p=3104" "Mozilla/5.0 AppleWebKit/537.36 (KHTML, like Gecko; compatible; ClaudeBot/1.0; +claudebot@anthropic.com)"
45.117.177.72 - - [07/Sep/2025:02:40:31 +0700] "POST /wp-cron.php?doing_wp_cron=1757187631.7667810916900634765625 HTTP/1.0" 200 416 "-" "WordPress/6.8.1; https://vattusacky.vn"
54.39.210.172 - - [07/Sep/2025:02:40:30 +0700] "GET /the/thiet-bi-lay-mau-nuoc/ HTTP/1.0" 200 181947 "-" "Mozilla/5.0 (compatible; AhrefsBot/7.0; +http://ahrefs.com/robot/)"
216.73.216.162 - - [07/Sep/2025:02:40:55 +0700] "GET /longer-distance-relationships/feed HTTP/1.0" 301 723 "-" "Mozilla/5.0 AppleWebKit/537.36 (KHTML, like Gecko; compatible; ClaudeBot/1.0; +claudebot@anthropic.com)"
216.73.216.162 - - [07/Sep/2025:02:40:55 +0700] "GET /comprehending-the-relationship-between-culture-and-relationships/feed HTTP/1.0" 301 758 "-" "Mozilla/5.0 AppleWebKit/537.36 (KHTML, like Gecko; compatible; ClaudeBot/1.0; +claudebot@anthropic.com)"
216.73.216.162 - - [07/Sep/2025:02:40:57 +0700] "GET /longer-distance-relationships/feed/ HTTP/1.0" 200 1538 "https://vattusacky.vn/longer-distance-relationships/feed" "Mozilla/5.0 AppleWebKit/537.36 (KHTML, like Gecko; compatible; ClaudeBot/1.0; +claudebot@anthropic.com)"
216.73.216.162 - - [07/Sep/2025:02:40:57 +0700] "GET /comprehending-the-relationship-between-culture-and-relationships/feed/ HTTP/1.0" 200 1643 "https://vattusacky.vn/comprehending-the-relationship-between-culture-and-relationships/feed" "Mozilla/5.0 AppleWebKit/537.36 (KHTML, like Gecko; compatible; ClaudeBot/1.0; +claudebot@anthropic.com)"
216.73.216.162 - - [07/Sep/2025:02:40:58 +0700] "GET /linking-a-soundbar-top-a-tcl-tv-set HTTP/1.0" 301 480 "-" "Mozilla/5.0 AppleWebKit/537.36 (KHTML, like Gecko; compatible; ClaudeBot/1.0; +claudebot@anthropic.com)"
216.73.216.162 - - [07/Sep/2025:02:40:59 +0700] "GET /what-is-a-mutually-useful-arrangement/feed HTTP/1.0" 301 585 "-" "Mozilla/5.0 AppleWebKit/537.36 (KHTML, like Gecko; compatible; ClaudeBot/1.0; +claudebot@anthropic.com)"
216.73.216.162 - - [07/Sep/2025:02:41:00 +0700] "GET /linking-a-soundbar-top-a-tcl-tv-set/ HTTP/1.0" 200 206255 "https://vattusacky.vn/linking-a-soundbar-top-a-tcl-tv-set" "Mozilla/5.0 AppleWebKit/537.36 (KHTML, like Gecko; compatible; ClaudeBot/1.0; +claudebot@anthropic.com)"
216.73.216.162 - - [07/Sep/2025:02:41:00 +0700] "GET /what-is-a-mutually-useful-arrangement/feed/ HTTP/1.0" 200 1563 "https://vattusacky.vn/what-is-a-mutually-useful-arrangement/feed" "Mozilla/5.0 AppleWebKit/537.36 (KHTML, like Gecko; compatible; ClaudeBot/1.0; +claudebot@anthropic.com)"
216.73.216.162 - - [07/Sep/2025:02:42:11 +0700] "GET /?p=3481 HTTP/1.0" 301 655 "-" "Mozilla/5.0 AppleWebKit/537.36 (KHTML, like Gecko; compatible; ClaudeBot/1.0; +claudebot@anthropic.com)"
45.117.177.72 - - [07/Sep/2025:02:42:13 +0700] "POST /wp-cron.php?doing_wp_cron=1757187733.0413720607757568359375 HTTP/1.0" 200 416 "-" "WordPress/6.8.1; https://vattusacky.vn"
216.73.216.162 - - [07/Sep/2025:02:42:11 +0700] "GET /?p=2069 HTTP/1.0" 301 641 "-" "Mozilla/5.0 AppleWebKit/537.36 (KHTML, like Gecko; compatible; ClaudeBot/1.0; +claudebot@anthropic.com)"
216.73.216.162 - - [07/Sep/2025:02:42:14 +0700] "GET /comprehending-the-relationship-between-culture-and-relationships/ HTTP/1.0" 200 208914 "https://vattusacky.vn/?p=3481" "Mozilla/5.0 AppleWebKit/537.36 (KHTML, like Gecko; compatible; ClaudeBot/1.0; +claudebot@anthropic.com)"
216.73.216.162 - - [07/Sep/2025:02:42:14 +0700] "GET /pri-raketnom-obstrele-dnepra-pogibli-tri-cheloveka/ HTTP/1.0" 200 401879 "https://vattusacky.vn/?p=2069" "Mozilla/5.0 AppleWebKit/537.36 (KHTML, like Gecko; compatible; ClaudeBot/1.0; +claudebot@anthropic.com)"
45.117.177.72 - - [07/Sep/2025:02:42:18 +0700] "POST /wp-cron.php?doing_wp_cron=1757187737.9986948966979980468750 HTTP/1.0" 200 416 "-" "WordPress/6.8.1; https://vattusacky.vn"
216.73.216.162 - - [07/Sep/2025:02:42:16 +0700] "GET /cach-https-vaytienuytin24h-com-findo-vay-tien HTTP/1.0" 301 490 "-" "Mozilla/5.0 AppleWebKit/537.36 (KHTML, like Gecko; compatible; ClaudeBot/1.0; +claudebot@anthropic.com)"
216.73.216.162 - - [07/Sep/2025:02:42:17 +0700] "GET /?p=2886 HTTP/1.0" 301 481 "-" "Mozilla/5.0 AppleWebKit/537.36 (KHTML, like Gecko; compatible; ClaudeBot/1.0; +claudebot@anthropic.com)"
216.73.216.162 - - [07/Sep/2025:02:42:18 +0700] "GET /cach-https-vaytienuytin24h-com-findo-vay-tien/ HTTP/1.0" 200 210155 "https://vattusacky.vn/cach-https-vaytienuytin24h-com-findo-vay-tien" "Mozilla/5.0 AppleWebKit/537.36 (KHTML, like Gecko; compatible; ClaudeBot/1.0; +claudebot@anthropic.com)"
216.73.216.162 - - [07/Sep/2025:02:42:18 +0700] "GET /loving-ideas-for-couples-of-all-ages/ HTTP/1.0" 200 206052 "https://vattusacky.vn/?p=2886" "Mozilla/5.0 AppleWebKit/537.36 (KHTML, like Gecko; compatible; ClaudeBot/1.0; +claudebot@anthropic.com)"
85.208.96.197 - - [07/Sep/2025:02:42:47 +0700] "GET /the/tram-lay-mau-bui/page/1/ HTTP/1.0" 301 565 "-" "Mozilla/5.0 (compatible; SemrushBot/7~bl; +http://www.semrush.com/bot.html)"
185.191.171.15 - - [07/Sep/2025:02:42:52 +0700] "GET /the/tram-lay-mau-bui/ HTTP/1.0" 200 183596 "-" "Mozilla/5.0 (compatible; SemrushBot/7~bl; +http://www.semrush.com/bot.html)"
216.73.216.162 - - [07/Sep/2025:02:42:52 +0700] "GET /loving-ideas-for-couples-of-all-ages/feed HTTP/1.0" 301 730 "-" "Mozilla/5.0 AppleWebKit/537.36 (KHTML, like Gecko; compatible; ClaudeBot/1.0; +claudebot@anthropic.com)"
216.73.216.162 - - [07/Sep/2025:02:42:52 +0700] "GET /?p=3474 HTTP/1.0" 301 653 "-" "Mozilla/5.0 AppleWebKit/537.36 (KHTML, like Gecko; compatible; ClaudeBot/1.0; +claudebot@anthropic.com)"
216.73.216.162 - - [07/Sep/2025:02:42:54 +0700] "GET /loving-ideas-for-couples-of-all-ages/feed/ HTTP/1.0" 200 1559 "https://vattusacky.vn/loving-ideas-for-couples-of-all-ages/feed" "Mozilla/5.0 AppleWebKit/537.36 (KHTML, like Gecko; compatible; ClaudeBot/1.0; +claudebot@anthropic.com)"
216.73.216.162 - - [07/Sep/2025:02:42:54 +0700] "GET /understanding-the-relationship-among-culture-and-relationships/ HTTP/1.0" 200 209074 "https://vattusacky.vn/?p=3474" "Mozilla/5.0 AppleWebKit/537.36 (KHTML, like Gecko; compatible; ClaudeBot/1.0; +claudebot@anthropic.com)"
216.73.216.162 - - [07/Sep/2025:02:42:55 +0700] "GET /?p=3699 HTTP/1.0" 301 482 "-" "Mozilla/5.0 AppleWebKit/537.36 (KHTML, like Gecko; compatible; ClaudeBot/1.0; +claudebot@anthropic.com)"
216.73.216.162 - - [07/Sep/2025:02:42:56 +0700] "GET /top-rated-first-day-topics-to-get-to-know-your-night-out-better/feed HTTP/1.0" 301 611 "-" "Mozilla/5.0 AppleWebKit/537.36 (KHTML, like Gecko; compatible; ClaudeBot/1.0; +claudebot@anthropic.com)"
216.73.216.162 - - [07/Sep/2025:02:42:57 +0700] "GET /what-is-a-mutually-useful-arrangement/ HTTP/1.0" 200 208515 "https://vattusacky.vn/?p=3699" "Mozilla/5.0 AppleWebKit/537.36 (KHTML, like Gecko; compatible; ClaudeBot/1.0; +claudebot@anthropic.com)"
216.73.216.162 - - [07/Sep/2025:02:42:57 +0700] "GET /top-rated-first-day-topics-to-get-to-know-your-night-out-better/feed/ HTTP/1.0" 200 1640 "https://vattusacky.vn/top-rated-first-day-topics-to-get-to-know-your-night-out-better/feed" "Mozilla/5.0 AppleWebKit/537.36 (KHTML, like Gecko; compatible; ClaudeBot/1.0; +claudebot@anthropic.com)"
45.117.177.72 - - [07/Sep/2025:02:43:36 +0700] "POST /wp-cron.php?doing_wp_cron=1757187816.1775710582733154296875 HTTP/1.0" 200 416 "-" "WordPress/6.8.1; https://vattusacky.vn"
20.218.88.214 - - [07/Sep/2025:02:43:34 +0700] "HEAD / HTTP/1.0" 200 137 "-" "python-requests/2.32.4"
20.218.88.214 - - [07/Sep/2025:02:43:37 +0700] "GET /wp-admin/ HTTP/1.0" 302 719 "-" "Mozilla/5.0 (iPhone; CPU iPhone OS 17_1 like Mac OS X) AppleWebKit/605.1.15 (KHTML, like Gecko) Version/17.1 Mobile/15E148 Safari/604.1"
20.218.88.214 - - [07/Sep/2025:02:43:39 +0700] "GET /wp-login.php?redirect_to=https%3A%2F%2Fvattusacky.vn%2Fwp-admin%2F&reauth=1 HTTP/1.0" 200 13395 "-" "Mozilla/5.0 (iPhone; CPU iPhone OS 17_1 like Mac OS X) AppleWebKit/605.1.15 (KHTML, like Gecko) Version/17.1 Mobile/15E148 Safari/604.1"
20.218.88.214 - - [07/Sep/2025:02:43:41 +0700] "GET /xmlrpc.php HTTP/1.0" 405 600 "-" "Mozilla/5.0 (Linux; Android 14; SM-S918B) AppleWebKit/537.36 (KHTML, like Gecko) Chrome/120.0.0.0 Mobile Safari/537.36"
20.218.88.214 - - [07/Sep/2025:02:43:43 +0700] "GET /?rest_route=/wp/v2/users HTTP/1.0" 200 20917 "-" "Mozilla/5.0 (Linux; Android 13; Pixel 7) AppleWebKit/537.36 (KHTML, like Gecko) Chrome/119.0.0.0 Mobile Safari/537.36"
20.218.88.214 - - [07/Sep/2025:02:43:46 +0700] "GET /?author=1 HTTP/1.0" 301 560 "-" "Mozilla/5.0 (Macintosh; Intel Mac OS X 14_2_1) AppleWebKit/605.1.15 (KHTML, like Gecko) Version/17.1 Safari/605.1.15"
20.218.88.214 - - [07/Sep/2025:02:43:48 +0700] "GET /author/tronggia/ HTTP/1.0" 200 78913 "-" "Mozilla/5.0 (Macintosh; Intel Mac OS X 14_2_1) AppleWebKit/605.1.15 (KHTML, like Gecko) Version/17.1 Safari/605.1.15"
20.218.88.214 - - [07/Sep/2025:02:43:50 +0700] "POST /xmlrpc.php HTTP/1.0" 200 956 "-" "Mozilla/5.0 (X11; Ubuntu; Linux x86_64; rv:121.0) Gecko/20100101 Firefox/121.0"
51.161.37.196 - - [07/Sep/2025:02:43:50 +0700] "GET /review-of-1xbet-in-india-2022-15/ HTTP/1.0" 200 229282 "-" "Mozilla/5.0 (compatible; AhrefsBot/7.0; +http://ahrefs.com/robot/)"
20.218.88.214 - - [07/Sep/2025:02:43:53 +0700] "POST /xmlrpc.php HTTP/1.0" 200 956 "-" "Mozilla/5.0 (X11; Ubuntu; Linux x86_64; rv:121.0) Gecko/20100101 Firefox/121.0"
20.218.88.214 - - [07/Sep/2025:02:43:56 +0700] "POST /xmlrpc.php HTTP/1.0" 200 956 "-" "Mozilla/5.0 (Macintosh; Intel Mac OS X 14_3) AppleWebKit/537.36 (KHTML, like Gecko) Chrome/121.0.0.0 Safari/537.36"
20.218.88.214 - - [07/Sep/2025:02:43:59 +0700] "POST /xmlrpc.php HTTP/1.0" 200 956 "-" "Mozilla/5.0 (Windows NT 10.0; Win64; x64) AppleWebKit/537.36 (KHTML, like Gecko) Edge/120.0.2210.91"
20.218.88.214 - - [07/Sep/2025:02:44:01 +0700] "POST /xmlrpc.php HTTP/1.0" 200 956 "-" "Mozilla/5.0 (Windows NT 10.0; Win64; x64; rv:121.0) Gecko/20100101 Firefox/121.0"
216.73.216.162 - - [07/Sep/2025:02:44:01 +0700] "GET /the-advantages-and-cons-of-online-dating HTTP/1.0" 301 631 "-" "Mozilla/5.0 AppleWebKit/537.36 (KHTML, like Gecko; compatible; ClaudeBot/1.0; +claudebot@anthropic.com)"
216.73.216.162 - - [07/Sep/2025:02:44:01 +0700] "GET /sweet-things-to-do-with-all-your-boyfriend HTTP/1.0" 301 633 "-" "Mozilla/5.0 AppleWebKit/537.36 (KHTML, like Gecko; compatible; ClaudeBot/1.0; +claudebot@anthropic.com)"
216.73.216.162 - - [07/Sep/2025:02:44:03 +0700] "GET /the-advantages-and-cons-of-online-dating/ HTTP/1.0" 200 207749 "https://vattusacky.vn/the-advantages-and-cons-of-online-dating" "Mozilla/5.0 AppleWebKit/537.36 (KHTML, like Gecko; compatible; ClaudeBot/1.0; +claudebot@anthropic.com)"
216.73.216.162 - - [07/Sep/2025:02:44:03 +0700] "GET /sweet-things-to-do-with-all-your-boyfriend/ HTTP/1.0" 200 208373 "https://vattusacky.vn/sweet-things-to-do-with-all-your-boyfriend" "Mozilla/5.0 AppleWebKit/537.36 (KHTML, like Gecko; compatible; ClaudeBot/1.0; +claudebot@anthropic.com)"
20.218.88.214 - - [07/Sep/2025:02:44:03 +0700] "POST /xmlrpc.php HTTP/1.0" 200 956 "-" "Mozilla/5.0 (Macintosh; Intel Mac OS X 14_2_1) AppleWebKit/537.36 (KHTML, like Gecko) Chrome/120.0.0.0 Safari/537.36"
216.73.216.162 - - [07/Sep/2025:02:44:05 +0700] "GET /your-five-tips-to-a-prosperous-marriage HTTP/1.0" 301 484 "-" "Mozilla/5.0 AppleWebKit/537.36 (KHTML, like Gecko; compatible; ClaudeBot/1.0; +claudebot@anthropic.com)"
216.73.216.162 - - [07/Sep/2025:02:44:05 +0700] "GET /press-relationship-tips-how-to-construct-strong-mutually-beneficial-connections-with-media-and-advertising-agencies HTTP/1.0" 301 560 "-" "Mozilla/5.0 AppleWebKit/537.36 (KHTML, like Gecko; compatible; ClaudeBot/1.0; +claudebot@anthropic.com)"
20.218.88.214 - - [07/Sep/2025:02:44:06 +0700] "POST /xmlrpc.php HTTP/1.0" 200 956 "-" "Mozilla/5.0 (Macintosh; Intel Mac OS X 14_2_1) AppleWebKit/605.1.15 (KHTML, like Gecko) Version/17.1 Safari/605.1.15"
216.73.216.162 - - [07/Sep/2025:02:44:06 +0700] "GET /your-five-tips-to-a-prosperous-marriage/ HTTP/1.0" 200 207920 "https://vattusacky.vn/your-five-tips-to-a-prosperous-marriage" "Mozilla/5.0 AppleWebKit/537.36 (KHTML, like Gecko; compatible; ClaudeBot/1.0; +claudebot@anthropic.com)"
216.73.216.162 - - [07/Sep/2025:02:44:07 +0700] "GET /press-relationship-tips-how-to-construct-strong-mutually-beneficial-connections-with-media-and-advertising-agencies/ HTTP/1.0" 200 208925 "https://vattusacky.vn/press-relationship-tips-how-to-construct-strong-mutually-beneficial-connections-with-media-and-advertising-agencies" "Mozilla/5.0 AppleWebKit/537.36 (KHTML, like Gecko; compatible; ClaudeBot/1.0; +claudebot@anthropic.com)"
20.218.88.214 - - [07/Sep/2025:02:44:08 +0700] "POST /xmlrpc.php HTTP/1.0" 200 956 "-" "Mozilla/5.0 (Windows NT 10.0; Win64; x64; rv:120.0) Gecko/20100101 Firefox/120.0"
20.218.88.214 - - [07/Sep/2025:02:44:11 +0700] "POST /xmlrpc.php HTTP/1.0" 200 956 "-" "Mozilla/5.0 (Windows NT 10.0; Win64; x64) AppleWebKit/537.36 (KHTML, like Gecko) Chrome/120.0.0.0 Safari/537.36"
20.218.88.214 - - [07/Sep/2025:02:44:13 +0700] "POST /xmlrpc.php HTTP/1.0" 200 956 "-" "Mozilla/5.0 (iPhone; CPU iPhone OS 17_2 like Mac OS X) AppleWebKit/605.1.15 (KHTML, like Gecko) Version/17.2 Mobile/15E148 Safari/604.1"
45.117.177.72 - - [07/Sep/2025:02:44:17 +0700] "POST /wp-cron.php?doing_wp_cron=1757187857.4694929122924804687500 HTTP/1.0" 200 416 "-" "WordPress/6.8.1; https://vattusacky.vn"
20.218.88.214 - - [07/Sep/2025:02:44:16 +0700] "POST /xmlrpc.php HTTP/1.0" 200 956 "-" "Mozilla/5.0 (Windows NT 10.0; Win64; x64) AppleWebKit/537.36 (KHTML, like Gecko) Chrome/119.0.0.0 Safari/537.36"
20.218.88.214 - - [07/Sep/2025:02:44:19 +0700] "POST /xmlrpc.php HTTP/1.0" 200 956 "-" "Mozilla/5.0 (Macintosh; Intel Mac OS X 14_2_1) AppleWebKit/605.1.15 (KHTML, like Gecko) Version/17.1 Safari/605.1.15"
20.218.88.214 - - [07/Sep/2025:02:44:21 +0700] "POST /xmlrpc.php HTTP/1.0" 200 956 "-" "Mozilla/5.0 (X11; Linux x86_64) AppleWebKit/537.36 (KHTML, like Gecko) Chrome/120.0.0.0 Safari/537.36"
20.218.88.214 - - [07/Sep/2025:02:44:24 +0700] "POST /xmlrpc.php HTTP/1.0" 200 956 "-" "Mozilla/5.0 (Macintosh; Intel Mac OS X 14_3) AppleWebKit/537.36 (KHTML, like Gecko) Chrome/121.0.0.0 Safari/537.36"
20.218.88.214 - - [07/Sep/2025:02:44:27 +0700] "POST /xmlrpc.php HTTP/1.0" 200 956 "-" "Mozilla/5.0 (Macintosh; Intel Mac OS X 14_3) AppleWebKit/537.36 (KHTML, like Gecko) Chrome/121.0.0.0 Safari/537.36"
20.218.88.214 - - [07/Sep/2025:02:44:29 +0700] "POST /xmlrpc.php HTTP/1.0" 200 956 "-" "Mozilla/5.0 (X11; Ubuntu; Linux x86_64; rv:121.0) Gecko/20100101 Firefox/121.0"
20.218.88.214 - - [07/Sep/2025:02:44:31 +0700] "POST /xmlrpc.php HTTP/1.0" 200 956 "-" "Mozilla/5.0 (Macintosh; Intel Mac OS X 14_2) AppleWebKit/537.36 (KHTML, like Gecko) Chrome/120.0.0.0 Safari/537.36"
20.218.88.214 - - [07/Sep/2025:02:44:33 +0700] "POST /xmlrpc.php HTTP/1.0" 200 956 "-" "Mozilla/5.0 (Windows NT 10.0; Win64; x64) AppleWebKit/537.36 (KHTML, like Gecko) Chrome/119.0.0.0 Safari/537.36"
20.218.88.214 - - [07/Sep/2025:02:44:35 +0700] "POST /xmlrpc.php HTTP/1.0" 200 956 "-" "Mozilla/5.0 (Macintosh; Intel Mac OS X 14_2_1) AppleWebKit/605.1.15 (KHTML, like Gecko) Version/17.1 Safari/605.1.15"
20.218.88.214 - - [07/Sep/2025:02:44:37 +0700] "POST /xmlrpc.php HTTP/1.0" 200 956 "-" "Mozilla/5.0 (Linux; Android 14; SM-G998B) AppleWebKit/537.36 (KHTML, like Gecko) Chrome/121.0.0.0 Mobile Safari/537.36"
20.218.88.214 - - [07/Sep/2025:02:44:39 +0700] "POST /xmlrpc.php HTTP/1.0" 200 956 "-" "Mozilla/5.0 (Linux; Android 13; Pixel 7) AppleWebKit/537.36 (KHTML, like Gecko) Chrome/119.0.0.0 Mobile Safari/537.36"
20.218.88.214 - - [07/Sep/2025:02:44:42 +0700] "POST /xmlrpc.php HTTP/1.0" 200 956 "-" "Mozilla/5.0 (iPhone; CPU iPhone OS 17_1 like Mac OS X) AppleWebKit/605.1.15 (KHTML, like Gecko) Version/17.1 Mobile/15E148 Safari/604.1"
20.218.88.214 - - [07/Sep/2025:02:44:44 +0700] "POST /xmlrpc.php HTTP/1.0" 200 956 "-" "Mozilla/5.0 (iPhone; CPU iPhone OS 17_2 like Mac OS X) AppleWebKit/605.1.15 (KHTML, like Gecko) Version/17.2 Mobile/15E148 Safari/604.1"
20.218.88.214 - - [07/Sep/2025:02:44:46 +0700] "POST /xmlrpc.php HTTP/1.0" 200 956 "-" "Mozilla/5.0 (Linux; Android 14; SM-G998B) AppleWebKit/537.36 (KHTML, like Gecko) Chrome/121.0.0.0 Mobile Safari/537.36"
20.218.88.214 - - [07/Sep/2025:02:44:49 +0700] "POST /xmlrpc.php HTTP/1.0" 200 956 "-" "Mozilla/5.0 (Linux; Android 14; SM-S918B) AppleWebKit/537.36 (KHTML, like Gecko) Chrome/120.0.0.0 Mobile Safari/537.36"
20.218.88.214 - - [07/Sep/2025:02:44:51 +0700] "POST /xmlrpc.php HTTP/1.0" 200 956 "-" "Mozilla/5.0 (Windows NT 10.0; Win64; x64) AppleWebKit/537.36 (KHTML, like Gecko) Chrome/120.0.0.0 Safari/537.36"
20.218.88.214 - - [07/Sep/2025:02:44:53 +0700] "POST /xmlrpc.php HTTP/1.0" 200 956 "-" "Mozilla/5.0 (Macintosh; Intel Mac OS X 14_2_1) AppleWebKit/605.1.15 (KHTML, like Gecko) Version/17.1 Safari/605.1.15"
20.218.88.214 - - [07/Sep/2025:02:44:55 +0700] "POST /xmlrpc.php HTTP/1.0" 200 956 "-" "Mozilla/5.0 (Windows NT 10.0; Win64; x64) AppleWebKit/537.36 (KHTML, like Gecko) Chrome/119.0.0.0 Safari/537.36"
20.218.88.214 - - [07/Sep/2025:02:44:58 +0700] "POST /xmlrpc.php HTTP/1.0" 200 956 "-" "Mozilla/5.0 (Windows NT 10.0; Win64; x64) AppleWebKit/537.36 (KHTML, like Gecko) Chrome/119.0.0.0 Safari/537.36"
20.218.88.214 - - [07/Sep/2025:02:45:01 +0700] "POST /xmlrpc.php HTTP/1.0" 200 956 "-" "Mozilla/5.0 (iPhone; CPU iPhone OS 17_2 like Mac OS X) AppleWebKit/605.1.15 (KHTML, like Gecko) Version/17.2 Mobile/15E148 Safari/604.1"
216.73.216.162 - - [07/Sep/2025:02:45:02 +0700] "GET /best-foreign-country-to-find-a-better-half HTTP/1.0" 301 633 "-" "Mozilla/5.0 AppleWebKit/537.36 (KHTML, like Gecko; compatible; ClaudeBot/1.0; +claudebot@anthropic.com)"
216.73.216.162 - - [07/Sep/2025:02:45:02 +0700] "GET /understanding-the-relationship-among-culture-and-relationships/feed HTTP/1.0" 301 756 "-" "Mozilla/5.0 AppleWebKit/537.36 (KHTML, like Gecko; compatible; ClaudeBot/1.0; +claudebot@anthropic.com)"
216.73.216.162 - - [07/Sep/2025:02:45:03 +0700] "GET /best-foreign-country-to-find-a-better-half/ HTTP/1.0" 200 206451 "https://vattusacky.vn/best-foreign-country-to-find-a-better-half" "Mozilla/5.0 AppleWebKit/537.36 (KHTML, like Gecko; compatible; ClaudeBot/1.0; +claudebot@anthropic.com)"
216.73.216.162 - - [07/Sep/2025:02:45:03 +0700] "GET /understanding-the-relationship-among-culture-and-relationships/feed/ HTTP/1.0" 200 1637 "https://vattusacky.vn/understanding-the-relationship-among-culture-and-relationships/feed" "Mozilla/5.0 AppleWebKit/537.36 (KHTML, like Gecko; compatible; ClaudeBot/1.0; +claudebot@anthropic.com)"
20.218.88.214 - - [07/Sep/2025:02:45:03 +0700] "POST /xmlrpc.php HTTP/1.0" 200 956 "-" "Mozilla/5.0 (Macintosh; Intel Mac OS X 14_2) AppleWebKit/537.36 (KHTML, like Gecko) Chrome/120.0.0.0 Safari/537.36"
216.73.216.162 - - [07/Sep/2025:02:45:05 +0700] "GET /khoan-tra-truoc-tra-gop-vaysite-com-tot-la-cai-quai-gi-vay/feed HTTP/1.0" 301 606 "-" "Mozilla/5.0 AppleWebKit/537.36 (KHTML, like Gecko; compatible; ClaudeBot/1.0; +claudebot@anthropic.com)"
216.73.216.162 - - [07/Sep/2025:02:45:06 +0700] "GET /?p=2712 HTTP/1.0" 301 503 "-" "Mozilla/5.0 AppleWebKit/537.36 (KHTML, like Gecko; compatible; ClaudeBot/1.0; +claudebot@anthropic.com)"
20.218.88.214 - - [07/Sep/2025:02:45:05 +0700] "POST /xmlrpc.php HTTP/1.0" 200 956 "-" "Mozilla/5.0 (Macintosh; Intel Mac OS X 14_2) AppleWebKit/537.36 (KHTML, like Gecko) Chrome/120.0.0.0 Safari/537.36"
216.73.216.162 - - [07/Sep/2025:02:45:07 +0700] "GET /khoan-tra-truoc-tra-gop-vaysite-com-tot-la-cai-quai-gi-vay/feed/ HTTP/1.0" 200 1644 "https://vattusacky.vn/khoan-tra-truoc-tra-gop-vaysite-com-tot-la-cai-quai-gi-vay/feed" "Mozilla/5.0 AppleWebKit/537.36 (KHTML, like Gecko; compatible; ClaudeBot/1.0; +claudebot@anthropic.com)"
216.73.216.162 - - [07/Sep/2025:02:45:07 +0700] "GET /khoan-tra-truoc-tra-gop-vaysite-com-tot-la-cai-quai-gi-vay/ HTTP/1.0" 200 217845 "https://vattusacky.vn/?p=2712" "Mozilla/5.0 AppleWebKit/537.36 (KHTML, like Gecko; compatible; ClaudeBot/1.0; +claudebot@anthropic.com)"
20.218.88.214 - - [07/Sep/2025:02:45:08 +0700] "POST /xmlrpc.php HTTP/1.0" 200 956 "-" "Mozilla/5.0 (Macintosh; Intel Mac OS X 14_2_1) AppleWebKit/605.1.15 (KHTML, like Gecko) Version/17.1 Safari/605.1.15"
20.218.88.214 - - [07/Sep/2025:02:45:11 +0700] "POST /xmlrpc.php HTTP/1.0" 200 956 "-" "Mozilla/5.0 (iPhone; CPU iPhone OS 17_1 like Mac OS X) AppleWebKit/605.1.15 (KHTML, like Gecko) Version/17.1 Mobile/15E148 Safari/604.1"
20.218.88.214 - - [07/Sep/2025:02:45:14 +0700] "POST /xmlrpc.php HTTP/1.0" 200 956 "-" "Mozilla/5.0 (Windows NT 10.0; Win64; x64) AppleWebKit/537.36 (KHTML, like Gecko) Edge/119.0.2151.97"
