85.208.96.194 - - [06/Sep/2025:06:18:58 +0700] "GET /mostbet-mobile-apps-installation-and-use-816/ HTTP/1.0" 200 86832 "-" "Mozilla/5.0 (compatible; SemrushBot/7~bl; +http://www.semrush.com/bot.html)"
217.113.194.74 - - [06/Sep/2025:06:19:12 +0700] "GET /the-influence-of-anonymity-on-online-social-dynamics-omegles-impact/feed/ HTTP/1.0" 200 1798 "-" "Mozilla/5.0 (compatible; Barkrowler/0.9; +https://babbar.tech/crawler)"
45.117.177.72 - - [06/Sep/2025:06:19:33 +0700] "POST /wp-cron.php?doing_wp_cron=1757114373.4410240650177001953125 HTTP/1.0" 200 416 "-" "WordPress/6.8.1; https://vattusacky.vn"
217.113.194.75 - - [06/Sep/2025:06:19:32 +0700] "GET /the-influence-of-psychology-in-online-interactions-omegle-mind-games/feed/ HTTP/1.0" 200 1801 "-" "Mozilla/5.0 (compatible; Barkrowler/0.9; +https://babbar.tech/crawler)"
217.113.194.80 - - [06/Sep/2025:06:19:52 +0700] "GET /jatin-sapru-is-new-1xbet-professional-sportsblog-18/feed/ HTTP/1.0" 200 1758 "-" "Mozilla/5.0 (compatible; Barkrowler/0.9; +https://babbar.tech/crawler)"
154.54.249.200 - - [06/Sep/2025:06:20:11 +0700] "GET /lezzetli-eker-spinleri-sugar-rush-slotunun-5/feed/ HTTP/1.0" 200 1740 "-" "Mozilla/5.0 (compatible; Barkrowler/0.9; +https://babbar.tech/crawler)"
45.117.177.72 - - [06/Sep/2025:06:20:31 +0700] "POST /wp-cron.php?doing_wp_cron=1757114431.4626610279083251953125 HTTP/1.0" 200 416 "-" "WordPress/6.8.1; https://vattusacky.vn"
217.113.194.217 - - [06/Sep/2025:06:20:30 +0700] "GET /leovegas-india-review-10-000-first-deposit-bonus-2022/feed/ HTTP/1.0" 200 1760 "-" "Mozilla/5.0 (compatible; Barkrowler/0.9; +https://babbar.tech/crawler)"
217.113.194.79 - - [06/Sep/2025:06:20:49 +0700] "GET /breaking-barriers-omegles-role-in-bridging-cultures-anonymously/ HTTP/1.0" 200 92246 "-" "Mozilla/5.0 (compatible; Barkrowler/0.9; +https://babbar.tech/crawler)"
217.113.194.77 - - [06/Sep/2025:06:21:14 +0700] "GET /breaking-the-barrier-of-online-communication-omegle-mind-games-examined/feed/ HTTP/1.0" 200 1810 "-" "Mozilla/5.0 (compatible; Barkrowler/0.9; +https://babbar.tech/crawler)"
45.117.177.72 - - [06/Sep/2025:06:21:37 +0700] "POST /wp-cron.php?doing_wp_cron=1757114497.2090620994567871093750 HTTP/1.0" 200 416 "-" "WordPress/6.8.1; https://vattusacky.vn"
217.113.194.77 - - [06/Sep/2025:06:21:35 +0700] "GET /breaking-the-ice-opening-lines-for-memorable-first-impressions-on-omegle/ HTTP/1.0" 200 89469 "-" "Mozilla/5.0 (compatible; Barkrowler/0.9; +https://babbar.tech/crawler)"
217.113.194.75 - - [06/Sep/2025:06:22:00 +0700] "GET /breaking-down-stereotypes-through-virtual-empathy-on-omegle/feed/ HTTP/1.0" 200 1774 "-" "Mozilla/5.0 (compatible; Barkrowler/0.9; +https://babbar.tech/crawler)"
45.117.177.72 - - [06/Sep/2025:06:22:21 +0700] "POST /wp-cron.php?doing_wp_cron=1757114541.4611699581146240234375 HTTP/1.0" 200 416 "-" "WordPress/6.8.1; https://vattusacky.vn"
217.113.194.81 - - [06/Sep/2025:06:22:20 +0700] "GET /the-consequences-of-misrepresentation-in-anonymous-omegle-conversations/feed/ HTTP/1.0" 200 1810 "-" "Mozilla/5.0 (compatible; Barkrowler/0.9; +https://babbar.tech/crawler)"
198.235.24.180 - - [06/Sep/2025:06:22:36 +0700] "GET / HTTP/1.0" 301 598 "http://45.117.177.72:80/" "-"
198.235.24.180 - - [06/Sep/2025:06:22:39 +0700] "GET / HTTP/1.0" 200 60070 "-" "-"
217.113.194.217 - - [06/Sep/2025:06:22:40 +0700] "GET /the-role-of-networking-in-social-change-on-omegle-and-ometv/feed/ HTTP/1.0" 200 1774 "-" "Mozilla/5.0 (compatible; Barkrowler/0.9; +https://babbar.tech/crawler)"
154.54.249.200 - - [06/Sep/2025:06:23:00 +0700] "GET /the-role-of-omegle-in-overcoming-social-phobias-and-anxiety-disorders/feed/ HTTP/1.0" 200 1804 "-" "Mozilla/5.0 (compatible; Barkrowler/0.9; +https://babbar.tech/crawler)"
45.117.177.72 - - [06/Sep/2025:06:23:21 +0700] "POST /wp-cron.php?doing_wp_cron=1757114601.0449440479278564453125 HTTP/1.0" 200 416 "-" "WordPress/6.8.1; https://vattusacky.vn"
217.113.194.218 - - [06/Sep/2025:06:23:19 +0700] "GET /the-role-of-omegle-and-ometv-in-the-age-of-social-distancing/feed/ HTTP/1.0" 200 1777 "-" "Mozilla/5.0 (compatible; Barkrowler/0.9; +https://babbar.tech/crawler)"
217.113.194.73 - - [06/Sep/2025:06:23:41 +0700] "GET /the-role-of-psychology-in-omegle-mind-games-a-deeper-insight/ HTTP/1.0" 200 89291 "-" "Mozilla/5.0 (compatible; Barkrowler/0.9; +https://babbar.tech/crawler)"
45.116.79.41 - - [06/Sep/2025:06:23:53 +0700] "POST /wp-login.php HTTP/1.0" 302 1519 "https://vattusacky.vn/wp-admin/" "Mozilla/5.0 (Windows NT 10.0; Win64; x64) AppleWebKit/537.36 (KHTML, like Gecko) Chrome/90.0.4430.85 Safari/537.36"
45.116.79.41 - - [06/Sep/2025:06:23:54 +0700] "GET /wp-admin/profile.php HTTP/1.0" 302 509 "https://vattusacky.vn/wp-admin/" "Mozilla/5.0 (Windows NT 10.0; Win64; x64) AppleWebKit/537.36 (KHTML, like Gecko) Chrome/90.0.4430.85 Safari/537.36"
45.116.79.41 - - [06/Sep/2025:06:23:56 +0700] "GET /my-account/ HTTP/1.0" 200 60422 "https://vattusacky.vn/wp-admin/" "Mozilla/5.0 (Windows NT 10.0; Win64; x64) AppleWebKit/537.36 (KHTML, like Gecko) Chrome/90.0.4430.85 Safari/537.36"
45.116.79.41 - - [06/Sep/2025:06:23:57 +0700] "GET /wp-admin/ HTTP/1.0" 302 509 "-" "Mozilla/5.0 (Windows NT 10.0; Win64; x64) AppleWebKit/537.36 (KHTML, like Gecko) Chrome/112.0.0.0 Safari/537.36"
45.116.79.41 - - [06/Sep/2025:06:23:59 +0700] "GET /my-account/ HTTP/1.0" 200 60422 "-" "Mozilla/5.0 (Windows NT 10.0; Win64; x64) AppleWebKit/537.36 (KHTML, like Gecko) Chrome/112.0.0.0 Safari/537.36"
217.113.194.80 - - [06/Sep/2025:06:24:05 +0700] "GET /the-role-of-personal-boundaries-in-maintaining-authenticity-on-omegle/feed/ HTTP/1.0" 200 1804 "-" "Mozilla/5.0 (compatible; Barkrowler/0.9; +https://babbar.tech/crawler)"
45.117.177.72 - - [06/Sep/2025:06:24:26 +0700] "POST /wp-cron.php?doing_wp_cron=1757114666.2176249027252197265625 HTTP/1.0" 200 416 "-" "WordPress/6.8.1; https://vattusacky.vn"
217.113.194.79 - - [06/Sep/2025:06:24:25 +0700] "GET /the-role-of-feedback-in-enhancing-virtual-empathy-on-omegle/feed/ HTTP/1.0" 200 1774 "-" "Mozilla/5.0 (compatible; Barkrowler/0.9; +https://babbar.tech/crawler)"
217.113.194.72 - - [06/Sep/2025:06:24:46 +0700] "GET /the-role-of-user-feedback-in-improving-chatroulette-and-omegle/feed/ HTTP/1.0" 200 1783 "-" "Mozilla/5.0 (compatible; Barkrowler/0.9; +https://babbar.tech/crawler)"
217.113.194.218 - - [06/Sep/2025:06:25:05 +0700] "GET /the-role-of-parental-guidance-in-navigating-omegle-for-younger-users/feed/ HTTP/1.0" 200 1801 "-" "Mozilla/5.0 (compatible; Barkrowler/0.9; +https://babbar.tech/crawler)"
159.65.152.66 - - [06/Sep/2025:06:25:13 +0700] "GET /wp-login.php HTTP/1.0" 200 11388 "-" "Mozilla/5.0 (X11; Ubuntu; Linux x86_64; rv:85.0) Gecko/20100101 Firefox/91.0"
45.117.177.72 - - [06/Sep/2025:06:25:18 +0700] "POST /wp-cron.php?doing_wp_cron=1757114718.4268798828125000000000 HTTP/1.0" 200 416 "-" "WordPress/6.8.1; https://vattusacky.vn"
159.65.152.66 - - [06/Sep/2025:06:25:17 +0700] "POST /wp-login.php HTTP/1.0" 200 11731 "-" "Mozilla/5.0 (X11; Ubuntu; Linux x86_64; rv:85.0) Gecko/20100101 Firefox/91.0"
217.113.194.217 - - [06/Sep/2025:06:25:26 +0700] "GET /the-role-of-algorithms-in-connecting-users-on-omegle-and-ometv/ HTTP/1.0" 200 91672 "-" "Mozilla/5.0 (compatible; Barkrowler/0.9; +https://babbar.tech/crawler)"
52.169.141.253 - - [06/Sep/2025:06:25:33 +0700] "GET /.alf.php HTTP/1.0" 403 569 "-" "-"
52.169.141.253 - - [06/Sep/2025:06:25:33 +0700] "GET /.bod/.ll/ss.php HTTP/1.0" 404 70812 "-" "-"
52.169.141.253 - - [06/Sep/2025:06:25:35 +0700] "GET /aa.php HTTP/1.0" 403 567 "-" "-"
52.169.141.253 - - [06/Sep/2025:06:25:36 +0700] "GET /about.php HTTP/1.0" 403 570 "-" "-"
52.169.141.253 - - [06/Sep/2025:06:25:36 +0700] "GET /admin.php HTTP/1.0" 404 70812 "-" "-"
52.169.141.253 - - [06/Sep/2025:06:25:38 +0700] "GET /akc.php HTTP/1.0" 403 568 "-" "-"
52.169.141.253 - - [06/Sep/2025:06:25:39 +0700] "GET /alfa.php HTTP/1.0" 403 569 "-" "-"
52.169.141.253 - - [06/Sep/2025:06:25:39 +0700] "GET /asasx.php HTTP/1.0" 403 570 "-" "-"
52.169.141.253 - - [06/Sep/2025:06:25:40 +0700] "GET /atomlib.php HTTP/1.0" 403 572 "-" "-"
52.169.141.253 - - [06/Sep/2025:06:25:40 +0700] "GET /autoload_classmap.php HTTP/1.0" 403 582 "-" "-"
52.169.141.253 - - [06/Sep/2025:06:25:41 +0700] "GET /autoload_classmap/function.php HTTP/1.0" 404 70666 "-" "-"
52.169.141.253 - - [06/Sep/2025:06:25:43 +0700] "GET /buy.php HTTP/1.0" 403 568 "-" "-"
52.169.141.253 - - [06/Sep/2025:06:25:43 +0700] "GET /chosen.php HTTP/1.0" 403 571 "-" "-"
52.169.141.253 - - [06/Sep/2025:06:25:43 +0700] "GET /classwithtostring.php HTTP/1.0" 403 582 "-" "-"
52.169.141.253 - - [06/Sep/2025:06:25:44 +0700] "GET /cong.php HTTP/1.0" 403 569 "-" "-"
52.169.141.253 - - [06/Sep/2025:06:25:44 +0700] "GET /edit.php HTTP/1.0" 404 70666 "-" "-"
52.169.141.253 - - [06/Sep/2025:06:25:46 +0700] "GET /file.php HTTP/1.0" 403 569 "-" "-"
52.169.141.253 - - [06/Sep/2025:06:25:47 +0700] "GET /file2.php HTTP/1.0" 403 570 "-" "-"
52.169.141.253 - - [06/Sep/2025:06:25:47 +0700] "GET /flower.php HTTP/1.0" 403 571 "-" "-"
52.169.141.253 - - [06/Sep/2025:06:25:48 +0700] "GET /gecko.php HTTP/1.0" 403 570 "-" "-"
52.169.141.253 - - [06/Sep/2025:06:25:48 +0700] "GET /goat.php HTTP/1.0" 403 569 "-" "-"
52.169.141.253 - - [06/Sep/2025:06:25:48 +0700] "GET /goods.php HTTP/1.0" 403 570 "-" "-"
52.169.141.253 - - [06/Sep/2025:06:25:49 +0700] "GET /ioxi-o.php HTTP/1.0" 403 571 "-" "-"
52.169.141.253 - - [06/Sep/2025:06:25:49 +0700] "GET /lock360.php HTTP/1.0" 403 572 "-" "-"
52.169.141.253 - - [06/Sep/2025:06:25:50 +0700] "GET /makeasmtp.php HTTP/1.0" 403 574 "-" "-"
52.169.141.253 - - [06/Sep/2025:06:25:50 +0700] "GET /mm.php HTTP/1.0" 403 567 "-" "-"
52.169.141.253 - - [06/Sep/2025:06:25:50 +0700] "GET /nc4.php HTTP/1.0" 403 568 "-" "-"
52.169.141.253 - - [06/Sep/2025:06:25:51 +0700] "GET /tinyfilemanager.php HTTP/1.0" 403 580 "-" "-"
217.113.194.80 - - [06/Sep/2025:06:25:50 +0700] "GET /the-role-of-serendipity-in-discovering-shared-interests-on-omegle/feed/ HTTP/1.0" 200 1792 "-" "Mozilla/5.0 (compatible; Barkrowler/0.9; +https://babbar.tech/crawler)"
52.169.141.253 - - [06/Sep/2025:06:25:51 +0700] "GET /users.php HTTP/1.0" 404 70666 "-" "-"
52.169.141.253 - - [06/Sep/2025:06:25:53 +0700] "GET /w.php HTTP/1.0" 403 566 "-" "-"
52.169.141.253 - - [06/Sep/2025:06:25:54 +0700] "GET /wp-admin/ HTTP/1.0" 302 573 "-" "-"
52.169.141.253 - - [06/Sep/2025:06:25:55 +0700] "GET /wp-login.php?redirect_to=https%3A%2F%2Fvattusacky.vn%2Fwp-admin%2F&reauth=1 HTTP/1.0" 200 13395 "-" "-"
52.169.141.253 - - [06/Sep/2025:06:25:57 +0700] "GET /wp-admin/css/colors/blue/index.php HTTP/1.0" 301 535 "-" "-"
52.169.141.253 - - [06/Sep/2025:06:25:58 +0700] "GET /wp-admin/css/colors/blue/ HTTP/1.0" 403 586 "-" "-"
52.169.141.253 - - [06/Sep/2025:06:25:58 +0700] "GET /wp-admin/images/moon.php HTTP/1.0" 403 585 "-" "-"
52.169.141.253 - - [06/Sep/2025:06:25:59 +0700] "GET /wp-admin/js/index.php HTTP/1.0" 301 522 "-" "-"
52.169.141.253 - - [06/Sep/2025:06:26:00 +0700] "GET /wp-admin/js/ HTTP/1.0" 403 573 "-" "-"
52.169.141.253 - - [06/Sep/2025:06:26:01 +0700] "GET /wp-admin/setup-config.php HTTP/1.0" 409 3135 "-" "-"
52.169.141.253 - - [06/Sep/2025:06:26:01 +0700] "GET /wp-api.php HTTP/1.0" 403 571 "-" "-"
52.169.141.253 - - [06/Sep/2025:06:26:02 +0700] "GET /wp-content/index.php HTTP/1.0" 200 323 "-" "-"
52.169.141.253 - - [06/Sep/2025:06:26:02 +0700] "GET /wp-content/wp-conflg.php HTTP/1.0" 403 585 "-" "-"
52.169.141.253 - - [06/Sep/2025:06:26:03 +0700] "GET /wp-includes/IXR/autoload_classmap.php HTTP/1.0" 403 598 "-" "-"
52.169.141.253 - - [06/Sep/2025:06:26:03 +0700] "GET /wp-includes/fonts/admin.php HTTP/1.0" 404 70666 "-" "-"
52.169.141.253 - - [06/Sep/2025:06:26:05 +0700] "GET /wp-includes/fonts/index.php HTTP/1.0" 301 528 "-" "-"
52.169.141.253 - - [06/Sep/2025:06:26:06 +0700] "GET /wp-includes/fonts/ HTTP/1.0" 403 579 "-" "-"
52.169.141.253 - - [06/Sep/2025:06:26:07 +0700] "GET /wp-setup.php HTTP/1.0" 403 573 "-" "-"
52.169.141.253 - - [06/Sep/2025:06:26:07 +0700] "GET /wp.php HTTP/1.0" 403 567 "-" "-"
52.169.141.253 - - [06/Sep/2025:06:26:08 +0700] "GET /wsa.php HTTP/1.0" 403 568 "-" "-"
217.113.194.78 - - [06/Sep/2025:06:26:09 +0700] "GET /the-role-of-artificial-intelligence-in-shaping-omegles-user-experience/ HTTP/1.0" 200 90082 "-" "Mozilla/5.0 (compatible; Barkrowler/0.9; +https://babbar.tech/crawler)"
45.117.177.72 - - [06/Sep/2025:06:26:38 +0700] "POST /wp-cron.php?doing_wp_cron=1757114797.8198521137237548828125 HTTP/1.0" 200 416 "-" "WordPress/6.8.1; https://vattusacky.vn"
217.113.194.73 - - [06/Sep/2025:06:26:36 +0700] "GET /the-role-of-intuition-in-recognizing-cosmic-connections-on-omegle/feed/ HTTP/1.0" 200 1792 "-" "Mozilla/5.0 (compatible; Barkrowler/0.9; +https://babbar.tech/crawler)"
40.77.167.70 - - [06/Sep/2025:06:26:46 +0700] "GET /omegle-vs-ometv-which-platform-offers-better-gender-and-age-filtering/feed/ HTTP/1.0" 200 1804 "-" "Mozilla/5.0 AppleWebKit/537.36 (KHTML, like Gecko; compatible; bingbot/2.0; +http://www.bing.com/bingbot.htm) Chrome/116.0.1938.76 Safari/537.36"
217.113.194.81 - - [06/Sep/2025:06:26:56 +0700] "GET /the-role-of-empathy-in-creating-a-lasting-impression-on-omegle/feed/ HTTP/1.0" 200 1783 "-" "Mozilla/5.0 (compatible; Barkrowler/0.9; +https://babbar.tech/crawler)"
217.113.194.81 - - [06/Sep/2025:06:27:15 +0700] "GET /the-role-of-anonymity-in-fostering-honest-communication-on-omegle/ HTTP/1.0" 200 90667 "-" "Mozilla/5.0 (compatible; Barkrowler/0.9; +https://babbar.tech/crawler)"
45.117.177.72 - - [06/Sep/2025:06:27:39 +0700] "POST /wp-cron.php?doing_wp_cron=1757114859.0128879547119140625000 HTTP/1.0" 200 416 "-" "WordPress/6.8.1; https://vattusacky.vn"
154.54.249.200 - - [06/Sep/2025:06:27:37 +0700] "GET /the-role-of-anonymity-in-fostering-honest-communication-on-omegle/feed/ HTTP/1.0" 200 1792 "-" "Mozilla/5.0 (compatible; Barkrowler/0.9; +https://babbar.tech/crawler)"
217.113.194.72 - - [06/Sep/2025:06:27:57 +0700] "GET /the-role-of-chance-and-randomness-in-forming-connections-on-omegle/ HTTP/1.0" 200 92053 "-" "Mozilla/5.0 (compatible; Barkrowler/0.9; +https://babbar.tech/crawler)"
45.117.177.72 - - [06/Sep/2025:06:28:22 +0700] "POST /wp-cron.php?doing_wp_cron=1757114902.0187489986419677734375 HTTP/1.0" 200 416 "-" "WordPress/6.8.1; https://vattusacky.vn"
217.113.194.79 - - [06/Sep/2025:06:28:20 +0700] "GET /the-role-of-chance-and-randomness-in-forming-connections-on-omegle/feed/ HTTP/1.0" 200 1795 "-" "Mozilla/5.0 (compatible; Barkrowler/0.9; +https://babbar.tech/crawler)"
217.113.194.80 - - [06/Sep/2025:06:28:44 +0700] "GET /the-role-of-technology-in-shaping-social-interactions-on-omegle/feed/ HTTP/1.0" 200 1786 "-" "Mozilla/5.0 (compatible; Barkrowler/0.9; +https://babbar.tech/crawler)"
217.113.194.80 - - [06/Sep/2025:06:29:02 +0700] "GET /the-role-of-trust-in-building-meaningful-connections-on-omegle/feed/ HTTP/1.0" 200 1783 "-" "Mozilla/5.0 (compatible; Barkrowler/0.9; +https://babbar.tech/crawler)"
15.235.98.84 - - [06/Sep/2025:06:29:07 +0700] "GET /is-match-com-free/ HTTP/1.0" 200 206636 "-" "Mozilla/5.0 (compatible; AhrefsBot/7.0; +http://ahrefs.com/robot/)"
45.117.177.72 - - [06/Sep/2025:06:29:23 +0700] "POST /wp-cron.php?doing_wp_cron=1757114963.1003839969635009765625 HTTP/1.0" 200 416 "-" "WordPress/6.8.1; https://vattusacky.vn"
217.113.194.73 - - [06/Sep/2025:06:29:21 +0700] "GET /the-role-of-confidence-in-making-a-strong-first-impression-on-omegle/feed/ HTTP/1.0" 200 1801 "-" "Mozilla/5.0 (compatible; Barkrowler/0.9; +https://babbar.tech/crawler)"
217.113.194.75 - - [06/Sep/2025:06:29:40 +0700] "GET /omegle-where-borders-fade-connecting-people-from-across-the-globe/feed/ HTTP/1.0" 200 1793 "-" "Mozilla/5.0 (compatible; Barkrowler/0.9; +https://babbar.tech/crawler)"
217.113.194.77 - - [06/Sep/2025:06:30:00 +0700] "GET /omegle-where-authenticity-meets-anonymity-for-genuine-connections/feed/ HTTP/1.0" 200 1792 "-" "Mozilla/5.0 (compatible; Barkrowler/0.9; +https://babbar.tech/crawler)"
45.117.177.72 - - [06/Sep/2025:06:30:21 +0700] "POST /wp-cron.php?doing_wp_cron=1757115021.4909739494323730468750 HTTP/1.0" 200 416 "-" "WordPress/6.8.1; https://vattusacky.vn"
154.54.249.200 - - [06/Sep/2025:06:30:20 +0700] "GET /omegle-vs-ometv-the-consequences-of-anonymous-chatting/feed/ HTTP/1.0" 200 1759 "-" "Mozilla/5.0 (compatible; Barkrowler/0.9; +https://babbar.tech/crawler)"
217.113.194.72 - - [06/Sep/2025:06:30:40 +0700] "GET /omegle-vs-ometv-the-battle-for-random-chat-supremacy/feed/ HTTP/1.0" 200 1753 "-" "Mozilla/5.0 (compatible; Barkrowler/0.9; +https://babbar.tech/crawler)"
217.113.194.72 - - [06/Sep/2025:06:30:59 +0700] "GET /omegle-vs-ometv-the-battle-for-user-privacy-and-data-protection/feed/ HTTP/1.0" 200 1786 "-" "Mozilla/5.0 (compatible; Barkrowler/0.9; +https://babbar.tech/crawler)"
45.117.177.72 - - [06/Sep/2025:06:31:21 +0700] "POST /wp-cron.php?doing_wp_cron=1757115081.5006830692291259765625 HTTP/1.0" 200 416 "-" "WordPress/6.8.1; https://vattusacky.vn"
217.113.194.72 - - [06/Sep/2025:06:31:20 +0700] "GET /omegle-vs-ometv-the-battle-for-simplicity-and-ease-of-use/feed/ HTTP/1.0" 200 1768 "-" "Mozilla/5.0 (compatible; Barkrowler/0.9; +https://babbar.tech/crawler)"
217.113.194.75 - - [06/Sep/2025:06:31:41 +0700] "GET /omegle-vs-ometv-the-impact-of-user-experience-on-retention/feed/ HTTP/1.0" 200 1771 "-" "Mozilla/5.0 (compatible; Barkrowler/0.9; +https://babbar.tech/crawler)"
40.84.221.233 - - [06/Sep/2025:06:31:49 +0700] "GET / HTTP/1.0" 503 8085 "-" "Mozilla/5.0 AppleWebKit/537.36 (KHTML, like Gecko); compatible; ChatGPT-User/1.0; +https://openai.com/bot"
217.113.194.81 - - [06/Sep/2025:06:32:02 +0700] "GET /omegle-vs-ometv-unveiling-the-secrets-of-their-technology/feed/ HTTP/1.0" 200 1768 "-" "Mozilla/5.0 (compatible; Barkrowler/0.9; +https://babbar.tech/crawler)"
45.117.177.72 - - [06/Sep/2025:06:32:21 +0700] "POST /wp-cron.php?doing_wp_cron=1757115141.7070469856262207031250 HTTP/1.0" 200 416 "-" "WordPress/6.8.1; https://vattusacky.vn"
217.113.194.79 - - [06/Sep/2025:06:32:20 +0700] "GET /omegle-vs-ometv-exploring-the-world-of-anonymous-chatting/feed/ HTTP/1.0" 200 1768 "-" "Mozilla/5.0 (compatible; Barkrowler/0.9; +https://babbar.tech/crawler)"
54.163.169.168 - - [06/Sep/2025:06:32:25 +0700] "GET /what-exactly-virtual-info-room/ HTTP/1.0" 200 204860 "-" "Mozilla/5.0 AppleWebKit/537.36 (KHTML, like Gecko; compatible; Amazonbot/0.1; +https://developer.amazon.com/support/amazonbot) Chrome/119.0.6045.214 Safari/537.36"
34.205.163.103 - - [06/Sep/2025:06:32:29 +0700] "GET /chon-quy-nhanh-nhat-crezu-app-cai-thien-cung-ban/ HTTP/1.0" 200 209721 "-" "Mozilla/5.0 AppleWebKit/537.36 (KHTML, like Gecko; compatible; Amazonbot/0.1; +https://developer.amazon.com/support/amazonbot) Chrome/119.0.6045.214 Safari/537.36"
54.147.238.89 - - [06/Sep/2025:06:32:33 +0700] "GET /approaches-for-successful-sweets-daddies-and-babies-interactions/ HTTP/1.0" 200 209063 "-" "Mozilla/5.0 AppleWebKit/537.36 (KHTML, like Gecko; compatible; Amazonbot/0.1; +https://developer.amazon.com/support/amazonbot) Chrome/119.0.6045.214 Safari/537.36"
54.209.100.30 - - [06/Sep/2025:06:32:37 +0700] "GET /category/uncategorized/page/85/ HTTP/1.0" 200 76811 "-" "Mozilla/5.0 AppleWebKit/537.36 (KHTML, like Gecko; compatible; Amazonbot/0.1; +https://developer.amazon.com/support/amazonbot) Chrome/119.0.6045.214 Safari/537.36"
217.113.194.80 - - [06/Sep/2025:06:32:38 +0700] "GET /omegle-vs-ometv-which-platform-offers-better-interactive-features/feed/ HTTP/1.0" 200 1792 "-" "Mozilla/5.0 (compatible; Barkrowler/0.9; +https://babbar.tech/crawler)"
52.205.222.214 - - [06/Sep/2025:06:32:41 +0700] "GET /pin-ap-casino-onlajn-frispiny-za-vhod-v-kazino-4/ HTTP/1.0" 200 221882 "-" "Mozilla/5.0 AppleWebKit/537.36 (KHTML, like Gecko; compatible; Amazonbot/0.1; +https://developer.amazon.com/support/amazonbot) Chrome/119.0.6045.214 Safari/537.36"
54.80.73.122 - - [06/Sep/2025:06:32:45 +0700] "GET /category/uncategorized/page/141/ HTTP/1.0" 200 76778 "-" "Mozilla/5.0 AppleWebKit/537.36 (KHTML, like Gecko; compatible; Amazonbot/0.1; +https://developer.amazon.com/support/amazonbot) Chrome/119.0.6045.214 Safari/537.36"
34.236.41.241 - - [06/Sep/2025:06:32:49 +0700] "GET /author/yanz/page/394/ HTTP/1.0" 200 107841 "-" "Mozilla/5.0 AppleWebKit/537.36 (KHTML, like Gecko; compatible; Amazonbot/0.1; +https://developer.amazon.com/support/amazonbot) Chrome/119.0.6045.214 Safari/537.36"
217.113.194.79 - - [06/Sep/2025:06:32:57 +0700] "GET /omegle-vs-ometv-which-platform-has-a-larger-user-base/feed/ HTTP/1.0" 200 1756 "-" "Mozilla/5.0 (compatible; Barkrowler/0.9; +https://babbar.tech/crawler)"
178.250.190.216 - - [06/Sep/2025:06:33:13 +0700] "GET /beautiful-diamonds-jewellery-rings-bracelet-2/ HTTP/1.0" 200 646746 "https://vattusacky.vn/" "Mozilla/5.0 (X11; Fedora; Linux x86_64; rv:114.0) Gecko/20100101 Firefox/114.0"
45.117.177.72 - - [06/Sep/2025:06:33:18 +0700] "POST /wp-cron.php?doing_wp_cron=1757115198.7615280151367187500000 HTTP/1.0" 200 416 "-" "WordPress/6.8.1; https://vattusacky.vn"
217.113.194.75 - - [06/Sep/2025:06:33:17 +0700] "GET /omegle-vs-ometv-which-chat-platform-offers-better-security-measures/ HTTP/1.0" 200 90941 "-" "Mozilla/5.0 (compatible; Barkrowler/0.9; +https://babbar.tech/crawler)"
178.250.190.216 - - [06/Sep/2025:06:33:21 +0700] "GET /wp-login.php?action=register HTTP/1.0" 302 692 "https://vattusacky.vn/beautiful-diamonds-jewellery-rings-bracelet-2/" "Mozilla/5.0 (Windows NT 6.3; Win64; x64) AppleWebKit/537.36 (KHTML, like Gecko) Chrome/103.0.0.0 Safari/537.36"
178.250.190.216 - - [06/Sep/2025:06:33:23 +0700] "GET /wp-login.php?registration=disabled HTTP/1.0" 200 11447 "https://vattusacky.vn/wp-login.php?action=register" "Mozilla/5.0 (Windows NT 6.3; Win64; x64) AppleWebKit/537.36 (KHTML, like Gecko) Chrome/103.0.0.0 Safari/537.36"
217.113.194.78 - - [06/Sep/2025:06:33:43 +0700] "GET /omegle-vs-ometv-which-chat-platform-offers-better-security-measures/feed/ HTTP/1.0" 200 1798 "-" "Mozilla/5.0 (compatible; Barkrowler/0.9; +https://babbar.tech/crawler)"
217.113.194.218 - - [06/Sep/2025:06:34:02 +0700] "GET /omegle-vs-ometv-a-comparative-study-of-language-translation-features/feed/ HTTP/1.0" 200 1801 "-" "Mozilla/5.0 (compatible; Barkrowler/0.9; +https://babbar.tech/crawler)"
45.117.177.72 - - [06/Sep/2025:06:34:23 +0700] "POST /wp-cron.php?doing_wp_cron=1757115263.7095999717712402343750 HTTP/1.0" 200 416 "-" "WordPress/6.8.1; https://vattusacky.vn"
217.113.194.80 - - [06/Sep/2025:06:34:22 +0700] "GET /omegles-role-in-destigmatizing-online-dating-and-chat-platforms/feed/ HTTP/1.0" 200 1786 "-" "Mozilla/5.0 (compatible; Barkrowler/0.9; +https://babbar.tech/crawler)"
85.208.96.195 - - [06/Sep/2025:06:34:29 +0700] "GET /15-best-international-dating-sites-apps-to-join-in-2023/ HTTP/1.0" 200 213823 "-" "Mozilla/5.0 (compatible; SemrushBot/7~bl; +http://www.semrush.com/bot.html)"
217.113.194.75 - - [06/Sep/2025:06:34:42 +0700] "GET /omegles-role-in-breaking-social-barriers-and-embracing-diversity/feed/ HTTP/1.0" 200 1789 "-" "Mozilla/5.0 (compatible; Barkrowler/0.9; +https://babbar.tech/crawler)"
217.113.194.218 - - [06/Sep/2025:06:35:04 +0700] "GET /omegles-role-in-challenging-societal-norms-and-expectations/feed/ HTTP/1.0" 200 1774 "-" "Mozilla/5.0 (compatible; Barkrowler/0.9; +https://babbar.tech/crawler)"
45.117.177.72 - - [06/Sep/2025:06:35:24 +0700] "POST /wp-cron.php?doing_wp_cron=1757115324.3662989139556884765625 HTTP/1.0" 200 416 "-" "WordPress/6.8.1; https://vattusacky.vn"
217.113.194.76 - - [06/Sep/2025:06:35:23 +0700] "GET /omegles-role-in-challenging-traditional-notions-of-socialization/feed/ HTTP/1.0" 200 1789 "-" "Mozilla/5.0 (compatible; Barkrowler/0.9; +https://babbar.tech/crawler)"
217.113.194.80 - - [06/Sep/2025:06:35:42 +0700] "GET /omegles-role-in-building-empathy-and-understanding-among-strangers/feed/ HTTP/1.0" 200 1795 "-" "Mozilla/5.0 (compatible; Barkrowler/0.9; +https://babbar.tech/crawler)"
217.113.194.217 - - [06/Sep/2025:06:36:01 +0700] "GET /omegles-role-in-combating-social-isolation-and-loneliness/feed/ HTTP/1.0" 200 1768 "-" "Mozilla/5.0 (compatible; Barkrowler/0.9; +https://babbar.tech/crawler)"
45.117.177.72 - - [06/Sep/2025:06:36:24 +0700] "POST /wp-cron.php?doing_wp_cron=1757115384.1338090896606445312500 HTTP/1.0" 200 416 "-" "WordPress/6.8.1; https://vattusacky.vn"
217.113.194.78 - - [06/Sep/2025:06:36:22 +0700] "GET /omegles-role-in-combating-social-anxiety-and-shyness/feed/ HTTP/1.0" 200 1753 "-" "Mozilla/5.0 (compatible; Barkrowler/0.9; +https://babbar.tech/crawler)"
217.113.194.77 - - [06/Sep/2025:06:36:42 +0700] "GET /omegles-role-in-bridging-cultural-gaps-and-promoting-understanding/feed/ HTTP/1.0" 200 1795 "-" "Mozilla/5.0 (compatible; Barkrowler/0.9; +https://babbar.tech/crawler)"
217.113.194.76 - - [06/Sep/2025:06:37:02 +0700] "GET /omegles-role-in-fostering-empathy-and-understanding-across-borders/ HTTP/1.0" 200 92225 "-" "Mozilla/5.0 (compatible; Barkrowler/0.9; +https://babbar.tech/crawler)"
45.117.177.72 - - [06/Sep/2025:06:37:26 +0700] "POST /wp-cron.php?doing_wp_cron=1757115446.1394910812377929687500 HTTP/1.0" 200 416 "-" "WordPress/6.8.1; https://vattusacky.vn"
217.113.194.73 - - [06/Sep/2025:06:37:24 +0700] "GET /omegles-role-in-fostering-empathy-and-understanding-across-borders/feed/ HTTP/1.0" 200 1795 "-" "Mozilla/5.0 (compatible; Barkrowler/0.9; +https://babbar.tech/crawler)"
5.255.231.61 - - [06/Sep/2025:06:37:38 +0700] "GET /anonymity-and-authenticity-in-global-omegle-chats-bridging-cultural-differences/ HTTP/1.0" 200 92294 "-" "Mozilla/5.0 (compatible; YandexBot/3.0; +http://yandex.com/bots)"
217.113.194.73 - - [06/Sep/2025:06:37:44 +0700] "GET /omegle-and-gaming-communities-connecting-with-fellow-gamers-and-enthusiasts/ HTTP/1.0" 200 91905 "-" "Mozilla/5.0 (compatible; Barkrowler/0.9; +https://babbar.tech/crawler)"
85.208.96.195 - - [06/Sep/2025:06:37:48 +0700] "GET /4123-2/ HTTP/1.0" 200 216378 "-" "Mozilla/5.0 (compatible; SemrushBot/7~bl; +http://www.semrush.com/bot.html)"
85.208.96.198 - - [06/Sep/2025:06:37:53 +0700] "GET /how-long-until-viagra-starts-working/ HTTP/1.0" 200 81907 "-" "Mozilla/5.0 (compatible; SemrushBot/7~bl; +http://www.semrush.com/bot.html)"
217.113.194.78 - - [06/Sep/2025:06:38:07 +0700] "GET /omegle-and-creativity-the-platform-as-a-source-of-inspiration-for-artists/ HTTP/1.0" 200 79359 "-" "Mozilla/5.0 (compatible; Barkrowler/0.9; +https://babbar.tech/crawler)"
45.117.177.72 - - [06/Sep/2025:06:38:24 +0700] "POST /wp-cron.php?doing_wp_cron=1757115504.1452739238739013671875 HTTP/1.0" 200 416 "-" "WordPress/6.8.1; https://vattusacky.vn"
213.180.203.222 - - [06/Sep/2025:06:38:22 +0700] "GET /the-role-of-omegle-in-combating-loneliness/ HTTP/1.0" 200 90011 "-" "Mozilla/5.0 (compatible; YandexBot/3.0; +http://yandex.com/bots)"
217.113.194.217 - - [06/Sep/2025:06:38:29 +0700] "GET /omegle-and-technology-how-the-platform-has-evolved-over-time/feed/ HTTP/1.0" 200 1777 "-" "Mozilla/5.0 (compatible; Barkrowler/0.9; +https://babbar.tech/crawler)"
217.113.194.218 - - [06/Sep/2025:06:38:50 +0700] "GET /omegle-and-the-rise-of-virtual-events-connecting-people-across-the-globe/ HTTP/1.0" 200 92252 "-" "Mozilla/5.0 (compatible; Barkrowler/0.9; +https://babbar.tech/crawler)"
45.117.177.72 - - [06/Sep/2025:06:39:17 +0700] "POST /wp-cron.php?doing_wp_cron=1757115557.3231389522552490234375 HTTP/1.0" 200 416 "-" "WordPress/6.8.1; https://vattusacky.vn"
217.113.194.81 - - [06/Sep/2025:06:39:16 +0700] "GET /omegle-and-mental-health-support-connecting-with-others-in-times-of-crisis/feed/ HTTP/1.0" 200 1819 "-" "Mozilla/5.0 (compatible; Barkrowler/0.9; +https://babbar.tech/crawler)"
217.113.194.76 - - [06/Sep/2025:06:39:36 +0700] "GET /omegle-and-mental-health-examining-the-emotional-well-being-of-users/feed/ HTTP/1.0" 200 1801 "-" "Mozilla/5.0 (compatible; Barkrowler/0.9; +https://babbar.tech/crawler)"
217.113.194.76 - - [06/Sep/2025:06:39:54 +0700] "GET /omegle-and-the-impact-of-instant-gratification-on-friendships/feed/ HTTP/1.0" 200 1780 "-" "Mozilla/5.0 (compatible; Barkrowler/0.9; +https://babbar.tech/crawler)"
85.208.96.206 - - [06/Sep/2025:06:40:12 +0700] "GET /unleashing-the-power-of-anonymity-omegle-tales-exposed/ HTTP/1.0" 200 90703 "-" "Mozilla/5.0 (compatible; SemrushBot/7~bl; +http://www.semrush.com/bot.html)"
217.113.194.73 - - [06/Sep/2025:06:40:15 +0700] "GET /omegle-and-the-impact-of-gender-dynamics-in-online-conversations/feed/ HTTP/1.0" 200 1789 "-" "Mozilla/5.0 (compatible; Barkrowler/0.9; +https://babbar.tech/crawler)"
45.117.177.72 - - [06/Sep/2025:06:40:36 +0700] "POST /wp-cron.php?doing_wp_cron=1757115636.5085620880126953125000 HTTP/1.0" 200 416 "-" "WordPress/6.8.1; https://vattusacky.vn"
217.113.194.217 - - [06/Sep/2025:06:40:35 +0700] "GET /omegle-and-social-media-integration-the-crossroads-of-online-interaction/feed/ HTTP/1.0" 200 1813 "-" "Mozilla/5.0 (compatible; Barkrowler/0.9; +https://babbar.tech/crawler)"
154.54.249.200 - - [06/Sep/2025:06:40:54 +0700] "GET /omegle-and-ometv-transforming-the-way-we-interact-online/feed/ HTTP/1.0" 200 1765 "-" "Mozilla/5.0 (compatible; Barkrowler/0.9; +https://babbar.tech/crawler)"
217.113.194.72 - - [06/Sep/2025:06:41:14 +0700] "GET /omegle-and-ometv-revolutionizing-online-dating-and-matchmaking/feed/ HTTP/1.0" 200 1783 "-" "Mozilla/5.0 (compatible; Barkrowler/0.9; +https://babbar.tech/crawler)"
45.117.177.72 - - [06/Sep/2025:06:41:34 +0700] "POST /wp-cron.php?doing_wp_cron=1757115694.7562930583953857421875 HTTP/1.0" 200 416 "-" "WordPress/6.8.1; https://vattusacky.vn"
217.113.194.81 - - [06/Sep/2025:06:41:33 +0700] "GET /omegle-and-ometv-navigating-the-ups-and-downs-of-online-relationships/ HTTP/1.0" 200 90941 "-" "Mozilla/5.0 (compatible; Barkrowler/0.9; +https://babbar.tech/crawler)"
213.180.203.230 - - [06/Sep/2025:06:41:49 +0700] "GET /1xbet-az-r%C9%99smi-sayt-1xbet-az%C9%99rbaycan-bukmeker-kontoru-bonuslar-apk-152/ HTTP/1.0" 200 83573 "-" "Mozilla/5.0 (compatible; YandexBot/3.0; +http://yandex.com/bots)"
217.113.194.217 - - [06/Sep/2025:06:41:56 +0700] "GET /omegle-and-ometv-patterns-and-trends-in-user-demographics/feed/ HTTP/1.0" 200 1768 "-" "Mozilla/5.0 (compatible; Barkrowler/0.9; +https://babbar.tech/crawler)"
45.117.177.72 - - [06/Sep/2025:06:42:17 +0700] "POST /wp-cron.php?doing_wp_cron=1757115737.6637849807739257812500 HTTP/1.0" 200 416 "-" "WordPress/6.8.1; https://vattusacky.vn"
217.113.194.79 - - [06/Sep/2025:06:42:16 +0700] "GET /omegle-and-ometv-for-finding-like-minded-individuals/feed/ HTTP/1.0" 200 1753 "-" "Mozilla/5.0 (compatible; Barkrowler/0.9; +https://babbar.tech/crawler)"
87.250.224.219 - - [06/Sep/2025:06:42:26 +0700] "GET /empowerment-through-anonymity-harnessing-the-benefits-of-omegle/ HTTP/1.0" 200 91551 "-" "Mozilla/5.0 (compatible; YandexBot/3.0; +http://yandex.com/bots)"
217.113.194.72 - - [06/Sep/2025:06:42:45 +0700] "GET /omegle-and-political-discussions-navigating-controversial-topics-online/ HTTP/1.0" 200 91555 "-" "Mozilla/5.0 (compatible; Barkrowler/0.9; +https://babbar.tech/crawler)"
217.113.194.81 - - [06/Sep/2025:06:43:12 +0700] "GET /omegle-and-the-power-of-anonymity-freedom-and-responsibility-in-interaction/ HTTP/1.0" 200 91521 "-" "Mozilla/5.0 (compatible; Barkrowler/0.9; +https://babbar.tech/crawler)"
45.117.177.72 - - [06/Sep/2025:06:43:35 +0700] "POST /wp-cron.php?doing_wp_cron=1757115815.3664538860321044921875 HTTP/1.0" 200 416 "-" "WordPress/6.8.1; https://vattusacky.vn"
217.113.194.79 - - [06/Sep/2025:06:43:34 +0700] "GET /omegle-and-virtual-tourism-discovering-new-places-through-online-conversations/feed/ HTTP/1.0" 200 1831 "-" "Mozilla/5.0 (compatible; Barkrowler/0.9; +https://babbar.tech/crawler)"
217.113.194.75 - - [06/Sep/2025:06:43:53 +0700] "GET /omegle-etiquette-navigating-the-unwritten-rules-of-chatting/feed/ HTTP/1.0" 200 1774 "-" "Mozilla/5.0 (compatible; Barkrowler/0.9; +https://babbar.tech/crawler)"
217.113.194.79 - - [06/Sep/2025:06:44:13 +0700] "GET /omegle-more-than-just-small-talk-building-meaningful-connections/feed/ HTTP/1.0" 200 1790 "-" "Mozilla/5.0 (compatible; Barkrowler/0.9; +https://babbar.tech/crawler)"
45.117.177.72 - - [06/Sep/2025:06:44:33 +0700] "POST /wp-cron.php?doing_wp_cron=1757115873.5730950832366943359375 HTTP/1.0" 200 416 "-" "WordPress/6.8.1; https://vattusacky.vn"
217.113.194.74 - - [06/Sep/2025:06:44:32 +0700] "GET /omegle-for-educational-purposes-virtual-classrooms-and-group-discussions/feed/ HTTP/1.0" 200 1813 "-" "Mozilla/5.0 (compatible; Barkrowler/0.9; +https://babbar.tech/crawler)"
15.235.27.196 - - [06/Sep/2025:06:44:44 +0700] "GET /maksim-krippa-centralnyj-napadajushhij-faw-dolzhen-280/ HTTP/1.0" 200 239324 "-" "Mozilla/5.0 (compatible; AhrefsBot/7.0; +http://ahrefs.com/robot/)"
217.113.194.78 - - [06/Sep/2025:06:44:52 +0700] "GET /omegle-for-language-exchange-practicing-conversational-skills-with-native-speakers/feed/ HTTP/1.0" 200 1843 "-" "Mozilla/5.0 (compatible; Barkrowler/0.9; +https://babbar.tech/crawler)"
217.113.194.72 - - [06/Sep/2025:06:45:12 +0700] "GET /omegle-for-cultural-preservation-sharing-and-documenting-traditional-knowledge/feed/ HTTP/1.0" 200 1831 "-" "Mozilla/5.0 (compatible; Barkrowler/0.9; +https://babbar.tech/crawler)"
45.117.177.72 - - [06/Sep/2025:06:45:31 +0700] "POST /wp-cron.php?doing_wp_cron=1757115931.6992790699005126953125 HTTP/1.0" 200 416 "-" "WordPress/6.8.1; https://vattusacky.vn"
217.113.194.77 - - [06/Sep/2025:06:45:30 +0700] "GET /omegle-for-gamers-connecting-with-like-minded-players-for-online-gaming-sessions/feed/ HTTP/1.0" 200 1837 "-" "Mozilla/5.0 (compatible; Barkrowler/0.9; +https://babbar.tech/crawler)"
154.54.249.200 - - [06/Sep/2025:06:45:49 +0700] "GET /omegle-for-self-discovery-exploring-new-perspectives-through-conversations/feed/ HTTP/1.0" 200 1819 "-" "Mozilla/5.0 (compatible; Barkrowler/0.9; +https://babbar.tech/crawler)"
217.113.194.76 - - [06/Sep/2025:06:46:09 +0700] "GET /omegles-influence-on-the-representation-of-online-relationships-in-media/feed/ HTTP/1.0" 200 1813 "-" "Mozilla/5.0 (compatible; Barkrowler/0.9; +https://babbar.tech/crawler)"
45.117.177.72 - - [06/Sep/2025:06:46:30 +0700] "POST /wp-cron.php?doing_wp_cron=1757115990.0039529800415039062500 HTTP/1.0" 200 416 "-" "WordPress/6.8.1; https://vattusacky.vn"
217.113.194.74 - - [06/Sep/2025:06:46:28 +0700] "GET /omegles-influence-on-the-representation-of-online-relationships-in-literature/feed/ HTTP/1.0" 200 1828 "-" "Mozilla/5.0 (compatible; Barkrowler/0.9; +https://babbar.tech/crawler)"
217.113.194.78 - - [06/Sep/2025:06:46:47 +0700] "GET /omegle-tales-anonymous-explorers-journeys-through-the-digital-maze/ HTTP/1.0" 200 93178 "-" "Mozilla/5.0 (compatible; Barkrowler/0.9; +https://babbar.tech/crawler)"
217.113.194.76 - - [06/Sep/2025:06:47:08 +0700] "GET /omegle-tales-anonymous-explorers-journeys-through-the-digital-maze/feed/ HTTP/1.0" 200 1795 "-" "Mozilla/5.0 (compatible; Barkrowler/0.9; +https://babbar.tech/crawler)"
45.117.177.72 - - [06/Sep/2025:06:47:31 +0700] "POST /wp-cron.php?doing_wp_cron=1757116051.0036509037017822265625 HTTP/1.0" 200 416 "-" "WordPress/6.8.1; https://vattusacky.vn"
217.113.194.81 - - [06/Sep/2025:06:47:29 +0700] "GET /omegle-encounters-unforgettable-moments-from-anonymous-explorers/feed/ HTTP/1.0" 200 1789 "-" "Mozilla/5.0 (compatible; Barkrowler/0.9; +https://babbar.tech/crawler)"
217.113.194.78 - - [06/Sep/2025:06:47:48 +0700] "GET /omegle-artistry-reinventing-traditional-collaborations-for-the-digital-age/feed/ HTTP/1.0" 200 1819 "-" "Mozilla/5.0 (compatible; Barkrowler/0.9; +https://babbar.tech/crawler)"
217.113.194.79 - - [06/Sep/2025:06:48:08 +0700] "GET /omegle-artistry-and-the-digital-renaissance-shaping-the-future-of-art/feed/ HTTP/1.0" 200 1804 "-" "Mozilla/5.0 (compatible; Barkrowler/0.9; +https://babbar.tech/crawler)"
213.180.203.235 - - [06/Sep/2025:06:48:08 +0700] "GET /robots.txt HTTP/1.0" 200 984 "-" "Mozilla/5.0 (compatible; YandexBot/3.0; +http://yandex.com/bots)"
45.117.177.72 - - [06/Sep/2025:06:48:30 +0700] "POST /wp-cron.php?doing_wp_cron=1757116110.3282539844512939453125 HTTP/1.0" 200 416 "-" "WordPress/6.8.1; https://vattusacky.vn"
217.113.194.80 - - [06/Sep/2025:06:48:29 +0700] "GET /omegle-artistry-and-community-nurturing-relationships-in-a-virtual-world/ HTTP/1.0" 200 94508 "-" "Mozilla/5.0 (compatible; Barkrowler/0.9; +https://babbar.tech/crawler)"
217.113.194.74 - - [06/Sep/2025:06:48:51 +0700] "GET /omegle-artistry-and-community-fostering-connections-in-the-digital-space/feed/ HTTP/1.0" 200 1813 "-" "Mozilla/5.0 (compatible; Barkrowler/0.9; +https://babbar.tech/crawler)"
217.113.194.76 - - [06/Sep/2025:06:49:09 +0700] "GET /omegle-a-platform-for-creativity-and-entertainment-through-video-chats/feed/ HTTP/1.0" 200 1807 "-" "Mozilla/5.0 (compatible; Barkrowler/0.9; +https://babbar.tech/crawler)"
45.117.177.72 - - [06/Sep/2025:06:49:30 +0700] "POST /wp-cron.php?doing_wp_cron=1757116170.1642189025878906250000 HTTP/1.0" 200 416 "-" "WordPress/6.8.1; https://vattusacky.vn"
217.113.194.81 - - [06/Sep/2025:06:49:28 +0700] "GET /omegle-as-a-source-of-entertainment-funny-and-unusual-encounters/ HTTP/1.0" 200 91155 "-" "Mozilla/5.0 (compatible; Barkrowler/0.9; +https://babbar.tech/crawler)"
217.113.194.72 - - [06/Sep/2025:06:49:52 +0700] "GET /omegle-as-a-virtual-playground-for-creativity-and-self-expression/feed/ HTTP/1.0" 200 1792 "-" "Mozilla/5.0 (compatible; Barkrowler/0.9; +https://babbar.tech/crawler)"
217.113.194.80 - - [06/Sep/2025:06:50:12 +0700] "GET /omegles-contribution-to-artificial-intelligence-and-chatbot-technology/feed/ HTTP/1.0" 200 1807 "-" "Mozilla/5.0 (compatible; Barkrowler/0.9; +https://babbar.tech/crawler)"
45.117.177.72 - - [06/Sep/2025:06:50:32 +0700] "POST /wp-cron.php?doing_wp_cron=1757116231.9831271171569824218750 HTTP/1.0" 200 416 "-" "WordPress/6.8.1; https://vattusacky.vn"
217.113.194.217 - - [06/Sep/2025:06:50:30 +0700] "GET /omegles-contribution-to-the-research-of-human-behavior-and-social-dynamics/feed/ HTTP/1.0" 200 1819 "-" "Mozilla/5.0 (compatible; Barkrowler/0.9; +https://babbar.tech/crawler)"
154.54.249.200 - - [06/Sep/2025:06:50:51 +0700] "GET /omegles-impact-on-the-concept-of-consent-in-online-interactions/feed/ HTTP/1.0" 200 1786 "-" "Mozilla/5.0 (compatible; Barkrowler/0.9; +https://babbar.tech/crawler)"
217.113.194.76 - - [06/Sep/2025:06:51:09 +0700] "GET /omegles-impact-on-mental-well-being-positive-and-negative-effects/feed/ HTTP/1.0" 200 1792 "-" "Mozilla/5.0 (compatible; Barkrowler/0.9; +https://babbar.tech/crawler)"
45.117.177.72 - - [06/Sep/2025:06:51:29 +0700] "POST /wp-cron.php?doing_wp_cron=1757116289.0758929252624511718750 HTTP/1.0" 200 416 "-" "WordPress/6.8.1; https://vattusacky.vn"
217.113.194.81 - - [06/Sep/2025:06:51:27 +0700] "GET /sustanon-250-steroid-tutto-cio-che-devi-sapere-3/feed/ HTTP/1.0" 200 1740 "-" "Mozilla/5.0 (compatible; Barkrowler/0.9; +https://babbar.tech/crawler)"
217.113.194.75 - - [06/Sep/2025:06:51:47 +0700] "GET /sustanon-250-steroid-tutto-cio-che-devi-sapere-8/feed/ HTTP/1.0" 200 1740 "-" "Mozilla/5.0 (compatible; Barkrowler/0.9; +https://babbar.tech/crawler)"
217.113.194.76 - - [06/Sep/2025:06:52:06 +0700] "GET /online-etiquette-on-omegle-dos-and-donts-for-a-positive-experience/feed/ HTTP/1.0" 200 1795 "-" "Mozilla/5.0 (compatible; Barkrowler/0.9; +https://babbar.tech/crawler)"
45.117.177.72 - - [06/Sep/2025:06:52:28 +0700] "POST /wp-cron.php?doing_wp_cron=1757116347.8097081184387207031250 HTTP/1.0" 200 416 "-" "WordPress/6.8.1; https://vattusacky.vn"
217.113.194.81 - - [06/Sep/2025:06:52:26 +0700] "GET /fostering-empathy-video-vs-text-on-omegle-and-ometv/ HTTP/1.0" 200 92520 "-" "Mozilla/5.0 (compatible; Barkrowler/0.9; +https://babbar.tech/crawler)"
217.113.194.77 - - [06/Sep/2025:06:52:48 +0700] "GET /how-omegle-breaks-down-boundaries-and-connects-people-across-the-globe/feed/ HTTP/1.0" 200 1807 "-" "Mozilla/5.0 (compatible; Barkrowler/0.9; +https://babbar.tech/crawler)"
217.113.194.78 - - [06/Sep/2025:06:53:08 +0700] "GET /how-omegles-social-experiment-fosters-a-sense-of-belonging/feed/ HTTP/1.0" 200 1771 "-" "Mozilla/5.0 (compatible; Barkrowler/0.9; +https://babbar.tech/crawler)"
45.117.177.72 - - [06/Sep/2025:06:53:29 +0700] "POST /wp-cron.php?doing_wp_cron=1757116409.7185649871826171875000 HTTP/1.0" 200 416 "-" "WordPress/6.8.1; https://vattusacky.vn"
217.113.194.80 - - [06/Sep/2025:06:53:28 +0700] "GET /how-and-where-to-fulfill-japanese-ladies-online-helpful-recommendation-2023/feed/ HTTP/1.0" 200 1822 "-" "Mozilla/5.0 (compatible; Barkrowler/0.9; +https://babbar.tech/crawler)"
217.113.194.73 - - [06/Sep/2025:06:53:48 +0700] "GET /does-virtual-empathy-on-omegle-lead-to-real-world-change/feed/ HTTP/1.0" 200 1765 "-" "Mozilla/5.0 (compatible; Barkrowler/0.9; +https://babbar.tech/crawler)"
217.113.194.72 - - [06/Sep/2025:06:54:08 +0700] "GET /seeking-surprises-uncovering-the-delights-of-omegles-random-chat/ HTTP/1.0" 200 75563 "-" "Mozilla/5.0 (compatible; Barkrowler/0.9; +https://babbar.tech/crawler)"
45.117.177.72 - - [06/Sep/2025:06:54:34 +0700] "POST /wp-cron.php?doing_wp_cron=1757116474.6182351112365722656250 HTTP/1.0" 200 416 "-" "WordPress/6.8.1; https://vattusacky.vn"
217.113.194.72 - - [06/Sep/2025:06:54:33 +0700] "GET /scegli-tra-una-vasta-gamma-di-giochi-coinvolgenti-2/feed/ HTTP/1.0" 200 1750 "-" "Mozilla/5.0 (compatible; Barkrowler/0.9; +https://babbar.tech/crawler)"
217.113.194.74 - - [06/Sep/2025:06:54:55 +0700] "GET /overcoming-loneliness-anonymity-on-omegle-as-a-solace/feed/ HTTP/1.0" 200 1756 "-" "Mozilla/5.0 (compatible; Barkrowler/0.9; +https://babbar.tech/crawler)"
185.191.171.10 - - [06/Sep/2025:06:55:00 +0700] "GET /quan-trac-moi-truong-lao-dong/ HTTP/1.0" 200 219174 "-" "Mozilla/5.0 (compatible; SemrushBot/7~bl; +http://www.semrush.com/bot.html)"
217.113.194.81 - - [06/Sep/2025:06:55:15 +0700] "GET /overcoming-challenges-in-building-networks-on-omegle-and-ometv/feed/ HTTP/1.0" 200 1783 "-" "Mozilla/5.0 (compatible; Barkrowler/0.9; +https://babbar.tech/crawler)"
45.117.177.72 - - [06/Sep/2025:06:55:36 +0700] "POST /wp-cron.php?doing_wp_cron=1757116536.3440399169921875000000 HTTP/1.0" 200 416 "-" "WordPress/6.8.1; https://vattusacky.vn"
217.113.194.80 - - [06/Sep/2025:06:55:35 +0700] "GET /analyzing-the-role-of-algorithms-in-matching-users-on-omegle/feed/ HTTP/1.0" 200 1777 "-" "Mozilla/5.0 (compatible; Barkrowler/0.9; +https://babbar.tech/crawler)"
217.113.194.76 - - [06/Sep/2025:06:55:54 +0700] "GET /vzjat-onlajn-zajm-bez-propiski-v-pasporte/feed/ HTTP/1.0" 200 1755 "-" "Mozilla/5.0 (compatible; Barkrowler/0.9; +https://babbar.tech/crawler)"
45.117.177.72 - - [06/Sep/2025:06:56:23 +0700] "POST /wp-cron.php?doing_wp_cron=1757116583.1957540512084960937500 HTTP/1.0" 200 416 "-" "WordPress/6.8.1; https://vattusacky.vn"
217.113.194.72 - - [06/Sep/2025:06:56:19 +0700] "GET /behind-the-scenes-the-technology-driving-omegle-and-ometv/feed/ HTTP/1.0" 200 1768 "-" "Mozilla/5.0 (compatible; Barkrowler/0.9; +https://babbar.tech/crawler)"
185.191.171.16 - - [06/Sep/2025:06:56:19 +0700] "GET /can-be-my-romance-over/ HTTP/1.0" 200 205929 "-" "Mozilla/5.0 (compatible; SemrushBot/7~bl; +http://www.semrush.com/bot.html)"
217.113.194.76 - - [06/Sep/2025:06:56:41 +0700] "GET /a-comparison-of-privacy-features-on-omegle-vs-ometv/feed/ HTTP/1.0" 200 1750 "-" "Mozilla/5.0 (compatible; Barkrowler/0.9; +https://babbar.tech/crawler)"
217.113.194.72 - - [06/Sep/2025:06:57:05 +0700] "GET /danh-muc/moi-truong-khi/may-do-khi-do-khi/feed/ HTTP/1.0" 200 8931 "-" "Mozilla/5.0 (compatible; Barkrowler/0.9; +https://babbar.tech/crawler)"
45.117.177.72 - - [06/Sep/2025:06:57:31 +0700] "POST /wp-cron.php?doing_wp_cron=1757116651.3725020885467529296875 HTTP/1.0" 200 416 "-" "WordPress/6.8.1; https://vattusacky.vn"
217.113.194.78 - - [06/Sep/2025:06:57:27 +0700] "GET /creating-an-appealing-omegle-profile-to-enhance-first-impressions/feed/ HTTP/1.0" 200 1792 "-" "Mozilla/5.0 (compatible; Barkrowler/0.9; +https://babbar.tech/crawler)"
217.113.194.218 - - [06/Sep/2025:06:57:49 +0700] "GET /creating-lasting-memories-highlighting-significant-omegle-experiences/feed/ HTTP/1.0" 200 1804 "-" "Mozilla/5.0 (compatible; Barkrowler/0.9; +https://babbar.tech/crawler)"
17.241.75.203 - - [06/Sep/2025:06:58:07 +0700] "GET /robots.txt HTTP/1.0" 200 984 "-" "Mozilla/5.0 (Macintosh; Intel Mac OS X 10_15_7) AppleWebKit/605.1.15 (KHTML, like Gecko) Version/17.4 Safari/605.1.15 (Applebot/0.1; +http://www.apple.com/go/applebot)"
217.113.194.78 - - [06/Sep/2025:06:58:11 +0700] "GET /codere-bonus-2023-10-benvenuto-codice-come-funziona/feed/ HTTP/1.0" 200 1753 "-" "Mozilla/5.0 (compatible; Barkrowler/0.9; +https://babbar.tech/crawler)"
17.241.75.203 - - [06/Sep/2025:06:58:11 +0700] "GET /omegle-and-ometv-redefining-friendship-in-the-virtual-world/ HTTP/1.0" 200 92239 "-" "Mozilla/5.0 (Macintosh; Intel Mac OS X 10_15_7) AppleWebKit/605.1.15 (KHTML, like Gecko) Version/17.4 Safari/605.1.15 (Applebot/0.1; +http://www.apple.com/go/applebot)"
45.117.177.72 - - [06/Sep/2025:06:58:37 +0700] "POST /wp-cron.php?doing_wp_cron=1757116717.4700949192047119140625 HTTP/1.0" 200 416 "-" "WordPress/6.8.1; https://vattusacky.vn"
217.113.194.77 - - [06/Sep/2025:06:58:33 +0700] "GET /the-educational-potential-of-omegle-learning-outside-the-classroom/feed/ HTTP/1.0" 200 1795 "-" "Mozilla/5.0 (compatible; Barkrowler/0.9; +https://babbar.tech/crawler)"
217.113.194.78 - - [06/Sep/2025:06:58:57 +0700] "GET /the-ease-of-written-communication-ometvs-text-chat-benefits/ HTTP/1.0" 200 93097 "-" "Mozilla/5.0 (compatible; Barkrowler/0.9; +https://babbar.tech/crawler)"
45.117.177.72 - - [06/Sep/2025:06:59:29 +0700] "POST /wp-cron.php?doing_wp_cron=1757116769.6560809612274169921875 HTTP/1.0" 200 416 "-" "WordPress/6.8.1; https://vattusacky.vn"
217.113.194.217 - - [06/Sep/2025:06:59:26 +0700] "GET /the-curiosity-of-omegle-embracing-the-unknown-in-online-conversations/feed/ HTTP/1.0" 200 1804 "-" "Mozilla/5.0 (compatible; Barkrowler/0.9; +https://babbar.tech/crawler)"
217.113.194.74 - - [06/Sep/2025:06:59:48 +0700] "GET /the-joy-of-discovery-unveiling-new-artists-through-omegle-collaborations/ HTTP/1.0" 200 91968 "-" "Mozilla/5.0 (compatible; Barkrowler/0.9; +https://babbar.tech/crawler)"
45.117.177.72 - - [06/Sep/2025:07:00:17 +0700] "POST /wp-cron.php?doing_wp_cron=1757116817.5932540893554687500000 HTTP/1.0" 200 416 "-" "WordPress/6.8.1; https://vattusacky.vn"
217.113.194.218 - - [06/Sep/2025:07:00:13 +0700] "GET /the-joy-of-randomness-exploring-the-power-of-omegles-connections/ HTTP/1.0" 200 89403 "-" "Mozilla/5.0 (compatible; Barkrowler/0.9; +https://babbar.tech/crawler)"
217.113.194.81 - - [06/Sep/2025:07:00:38 +0700] "GET /the-fascination-with-omegle-a-closer-look-at-its-alluring-charm/feed/ HTTP/1.0" 200 1786 "-" "Mozilla/5.0 (compatible; Barkrowler/0.9; +https://babbar.tech/crawler)"
45.117.177.72 - - [06/Sep/2025:07:01:06 +0700] "POST /wp-cron.php?doing_wp_cron=1757116865.7247579097747802734375 HTTP/1.0" 200 416 "-" "WordPress/6.8.1; https://vattusacky.vn"
217.113.194.79 - - [06/Sep/2025:07:01:02 +0700] "GET /the-fascinating-world-of-omegle-anonymous-explorers-speak-out/feed/ HTTP/1.0" 200 1780 "-" "Mozilla/5.0 (compatible; Barkrowler/0.9; +https://babbar.tech/crawler)"
45.117.177.72 - - [06/Sep/2025:07:01:23 +0700] "POST /wp-cron.php?doing_wp_cron=1757116883.1384670734405517578125 HTTP/1.0" 200 416 "-" "WordPress/6.8.1; https://vattusacky.vn"
15.235.98.68 - - [06/Sep/2025:07:01:19 +0700] "GET /danh-muc/co-ba%CC%89n-thi-nghie%CC%A3m/ HTTP/1.0" 200 67804 "-" "Mozilla/5.0 (compatible; AhrefsBot/7.0; +http://ahrefs.com/robot/)"
217.113.194.218 - - [06/Sep/2025:07:01:25 +0700] "GET /the-random-factor-unveiling-the-pleasures-of-omegles-random-encounters/ HTTP/1.0" 200 91550 "-" "Mozilla/5.0 (compatible; Barkrowler/0.9; +https://babbar.tech/crawler)"
216.73.216.162 - - [06/Sep/2025:07:01:30 +0700] "GET /robots.txt HTTP/1.0" 200 984 "-" "Mozilla/5.0 AppleWebKit/537.36 (KHTML, like Gecko; compatible; ClaudeBot/1.0; +claudebot@anthropic.com)"
216.73.216.162 - - [06/Sep/2025:07:01:34 +0700] "GET /enhancing-your-omegle-video-chat-experience-with-fun-filters-and-effects/feed HTTP/1.0" 301 620 "-" "Mozilla/5.0 AppleWebKit/537.36 (KHTML, like Gecko; compatible; ClaudeBot/1.0; +claudebot@anthropic.com)"
15.235.96.68 - - [06/Sep/2025:07:01:38 +0700] "GET /wp-content/uploads/2019/06/tu-am.jpg HTTP/1.0" 200 413 "-" "Mozilla/5.0 (compatible; AhrefsBot/7.0; +http://ahrefs.com/robot/)"
216.73.216.162 - - [06/Sep/2025:07:01:37 +0700] "GET /enhancing-your-omegle-video-chat-experience-with-fun-filters-and-effects/feed/ HTTP/1.0" 200 1667 "https://vattusacky.vn/enhancing-your-omegle-video-chat-experience-with-fun-filters-and-effects/feed" "Mozilla/5.0 AppleWebKit/537.36 (KHTML, like Gecko; compatible; ClaudeBot/1.0; +claudebot@anthropic.com)"
54.39.210.213 - - [06/Sep/2025:07:01:41 +0700] "GET /wp-content/uploads/2019/12/thiet-bi-kiem-tra-vi-sinh.jpg HTTP/1.0" 200 433 "-" "Mozilla/5.0 (compatible; AhrefsBot/7.0; +http://ahrefs.com/robot/)"
148.113.128.217 - - [06/Sep/2025:07:01:44 +0700] "GET /wp-content/uploads/2018/11/may-dong-hoa-mau.jpg HTTP/1.0" 200 424 "-" "Mozilla/5.0 (compatible; AhrefsBot/7.0; +http://ahrefs.com/robot/)"
54.39.203.232 - - [06/Sep/2025:07:01:47 +0700] "GET /wp-content/uploads/2019/06/bep-cach-thuy.jpg HTTP/1.0" 200 421 "-" "Mozilla/5.0 (compatible; AhrefsBot/7.0; +http://ahrefs.com/robot/)"
51.161.37.114 - - [06/Sep/2025:07:01:50 +0700] "GET /wp-content/uploads/2019/06/lo-nung.jpg HTTP/1.0" 200 415 "-" "Mozilla/5.0 (compatible; AhrefsBot/7.0; +http://ahrefs.com/robot/)"
148.113.130.198 - - [06/Sep/2025:07:01:52 +0700] "GET /wp-content/uploads/2019/03/can-phan-tich-ky-thuat.jpg HTTP/1.0" 200 430 "-" "Mozilla/5.0 (compatible; AhrefsBot/7.0; +http://ahrefs.com/robot/)"
142.44.220.165 - - [06/Sep/2025:07:01:55 +0700] "GET /wp-content/uploads/2019/06/noi-hap-tiet-trung.jpg HTTP/1.0" 200 426 "-" "Mozilla/5.0 (compatible; AhrefsBot/7.0; +http://ahrefs.com/robot/)"
