216.73.216.162 - - [06/Sep/2025:05:05:33 +0700] "GET /asian-dating-day-chat-and-match-totally-free/feed/ HTTP/1.0" 200 1584 "https://vattusacky.vn/asian-dating-day-chat-and-match-totally-free/feed" "Mozilla/5.0 AppleWebKit/537.36 (KHTML, like Gecko; compatible; ClaudeBot/1.0; +claudebot@anthropic.com)"
68.221.67.173 - - [06/Sep/2025:05:05:49 +0700] "GET / HTTP/1.0" 503 8085 "-" "Mozilla/5.0 AppleWebKit/537.36 (KHTML, like Gecko); compatible; ChatGPT-User/1.0; +https://openai.com/bot"
87.250.224.86 - - [06/Sep/2025:05:05:59 +0700] "GET /building-trust-on-omegle-establishing-a-foundation-for-meaningful-conversations/ HTTP/1.0" 200 91851 "-" "Mozilla/5.0 (compatible; YandexBot/3.0; +http://yandex.com/bots)"
45.117.177.72 - - [06/Sep/2025:05:06:34 +0700] "POST /wp-cron.php?doing_wp_cron=1757109993.9214339256286621093750 HTTP/1.0" 200 416 "-" "WordPress/6.8.1; https://vattusacky.vn"
216.73.216.162 - - [06/Sep/2025:05:06:32 +0700] "GET /category/wedding-and-engagement HTTP/1.0" 301 576 "-" "Mozilla/5.0 AppleWebKit/537.36 (KHTML, like Gecko; compatible; ClaudeBot/1.0; +claudebot@anthropic.com)"
216.73.216.162 - - [06/Sep/2025:05:06:34 +0700] "GET /category/wedding-and-engagement/ HTTP/1.0" 200 58712 "https://vattusacky.vn/category/wedding-and-engagement" "Mozilla/5.0 AppleWebKit/537.36 (KHTML, like Gecko; compatible; ClaudeBot/1.0; +claudebot@anthropic.com)"
216.73.216.162 - - [06/Sep/2025:05:06:37 +0700] "GET /online-slot-reviews-to-help-you-select-slots-for-online-casinos-gambling HTTP/1.0" 301 471 "-" "Mozilla/5.0 AppleWebKit/537.36 (KHTML, like Gecko; compatible; ClaudeBot/1.0; +claudebot@anthropic.com)"
216.73.216.162 - - [06/Sep/2025:05:06:39 +0700] "GET /online-slot-reviews-to-help-you-select-slots-for-online-casinos-gambling/ HTTP/1.0" 200 207561 "https://vattusacky.vn/online-slot-reviews-to-help-you-select-slots-for-online-casinos-gambling" "Mozilla/5.0 AppleWebKit/537.36 (KHTML, like Gecko; compatible; ClaudeBot/1.0; +claudebot@anthropic.com)"
216.73.216.162 - - [06/Sep/2025:05:06:43 +0700] "GET /daddy-casino-vyigryvajte-zdes-demo-sloty-bez-2 HTTP/1.0" 301 491 "-" "Mozilla/5.0 AppleWebKit/537.36 (KHTML, like Gecko; compatible; ClaudeBot/1.0; +claudebot@anthropic.com)"
216.73.216.162 - - [06/Sep/2025:05:06:45 +0700] "GET /daddy-casino-vyigryvajte-zdes-demo-sloty-bez-2/ HTTP/1.0" 200 95176 "https://vattusacky.vn/daddy-casino-vyigryvajte-zdes-demo-sloty-bez-2" "Mozilla/5.0 AppleWebKit/537.36 (KHTML, like Gecko; compatible; ClaudeBot/1.0; +claudebot@anthropic.com)"
216.73.216.162 - - [06/Sep/2025:05:06:49 +0700] "GET /osvoenie-metoda-pokerdom-igrat-eto-ne-sluchaynost-eto-iskusstvo HTTP/1.0" 301 508 "-" "Mozilla/5.0 AppleWebKit/537.36 (KHTML, like Gecko; compatible; ClaudeBot/1.0; +claudebot@anthropic.com)"
216.73.216.162 - - [06/Sep/2025:05:06:51 +0700] "GET /osvoenie-metoda-pokerdom-igrat-eto-ne-sluchaynost-eto-iskusstvo/ HTTP/1.0" 200 238003 "https://vattusacky.vn/osvoenie-metoda-pokerdom-igrat-eto-ne-sluchaynost-eto-iskusstvo" "Mozilla/5.0 AppleWebKit/537.36 (KHTML, like Gecko; compatible; ClaudeBot/1.0; +claudebot@anthropic.com)"
216.73.216.162 - - [06/Sep/2025:05:06:55 +0700] "GET /krippa-maks-biografija-max-krippa-poplurnye-fakty-513 HTTP/1.0" 301 498 "-" "Mozilla/5.0 AppleWebKit/537.36 (KHTML, like Gecko; compatible; ClaudeBot/1.0; +claudebot@anthropic.com)"
216.73.216.162 - - [06/Sep/2025:05:06:56 +0700] "GET /krippa-maks-biografija-max-krippa-poplurnye-fakty-513/ HTTP/1.0" 200 230715 "https://vattusacky.vn/krippa-maks-biografija-max-krippa-poplurnye-fakty-513" "Mozilla/5.0 AppleWebKit/537.36 (KHTML, like Gecko; compatible; ClaudeBot/1.0; +claudebot@anthropic.com)"
152.53.132.50 - - [06/Sep/2025:05:07:13 +0700] "GET /thietbilaymaubuixungquanh/?preview_id=1037&preview_nonce=5245cf3825&post_format=standard&_thumbnail_id=1043&preview=true HTTP/1.0" 403 3062 "-" "Mozilla/5.0 (Windows NT 10.0; Win64; x64) AppleWebKit/537.36 (KHTML, like Gecko) Chrome/100.0.1878.975 Safari/537.36"
45.117.177.72 - - [06/Sep/2025:05:08:06 +0700] "POST /wp-cron.php?doing_wp_cron=1757110086.1875450611114501953125 HTTP/1.0" 200 416 "-" "WordPress/6.8.1; https://vattusacky.vn"
185.191.171.5 - - [06/Sep/2025:05:08:05 +0700] "GET /robots.txt HTTP/1.0" 200 984 "-" "Mozilla/5.0 (compatible; SemrushBot/7~bl; +http://www.semrush.com/bot.html)"
85.208.96.206 - - [06/Sep/2025:05:08:07 +0700] "GET /1xbet-mobile-vebsayt-v%C9%99-1x-bet-mobil-uygulama-indir-2023-29/ HTTP/1.0" 200 82406 "-" "Mozilla/5.0 (compatible; SemrushBot/7~bl; +http://www.semrush.com/bot.html)"
216.73.216.162 - - [06/Sep/2025:05:08:12 +0700] "GET /mostbet-casino-bolshoj-katalog-igr-v-kazino-2 HTTP/1.0" 301 636 "-" "Mozilla/5.0 AppleWebKit/537.36 (KHTML, like Gecko; compatible; ClaudeBot/1.0; +claudebot@anthropic.com)"
216.73.216.162 - - [06/Sep/2025:05:08:12 +0700] "GET /sweet-bonanza-sweet-bonanza-oyna-bedava-sweet HTTP/1.0" 301 636 "-" "Mozilla/5.0 AppleWebKit/537.36 (KHTML, like Gecko; compatible; ClaudeBot/1.0; +claudebot@anthropic.com)"
216.73.216.162 - - [06/Sep/2025:05:08:13 +0700] "GET /mostbet-casino-bolshoj-katalog-igr-v-kazino-2/ HTTP/1.0" 200 224053 "https://vattusacky.vn/mostbet-casino-bolshoj-katalog-igr-v-kazino-2" "Mozilla/5.0 AppleWebKit/537.36 (KHTML, like Gecko; compatible; ClaudeBot/1.0; +claudebot@anthropic.com)"
216.73.216.162 - - [06/Sep/2025:05:08:13 +0700] "GET /sweet-bonanza-sweet-bonanza-oyna-bedava-sweet/ HTTP/1.0" 200 233199 "https://vattusacky.vn/sweet-bonanza-sweet-bonanza-oyna-bedava-sweet" "Mozilla/5.0 AppleWebKit/537.36 (KHTML, like Gecko; compatible; ClaudeBot/1.0; +claudebot@anthropic.com)"
45.117.177.72 - - [06/Sep/2025:05:08:17 +0700] "POST /wp-cron.php?doing_wp_cron=1757110097.2183210849761962890625 HTTP/1.0" 200 416 "-" "WordPress/6.8.1; https://vattusacky.vn"
216.73.216.162 - - [06/Sep/2025:05:08:16 +0700] "GET /bet365-cybersport-bet-review-welcome-bonus-18 HTTP/1.0" 301 490 "-" "Mozilla/5.0 AppleWebKit/537.36 (KHTML, like Gecko; compatible; ClaudeBot/1.0; +claudebot@anthropic.com)"
216.73.216.162 - - [06/Sep/2025:05:08:16 +0700] "GET /1xbet-india-96 HTTP/1.0" 301 459 "-" "Mozilla/5.0 AppleWebKit/537.36 (KHTML, like Gecko; compatible; ClaudeBot/1.0; +claudebot@anthropic.com)"
216.73.216.162 - - [06/Sep/2025:05:08:17 +0700] "GET /bet365-cybersport-bet-review-welcome-bonus-18/ HTTP/1.0" 200 240988 "https://vattusacky.vn/bet365-cybersport-bet-review-welcome-bonus-18" "Mozilla/5.0 AppleWebKit/537.36 (KHTML, like Gecko; compatible; ClaudeBot/1.0; +claudebot@anthropic.com)"
216.73.216.162 - - [06/Sep/2025:05:08:17 +0700] "GET /1xbet-india-96/ HTTP/1.0" 200 113589 "https://vattusacky.vn/1xbet-india-96" "Mozilla/5.0 AppleWebKit/537.36 (KHTML, like Gecko; compatible; ClaudeBot/1.0; +claudebot@anthropic.com)"
216.73.216.162 - - [06/Sep/2025:05:08:20 +0700] "GET /pin-ap-casino-sloty-i-igrovye-avtomaty-s-bonusami-2 HTTP/1.0" 301 496 "-" "Mozilla/5.0 AppleWebKit/537.36 (KHTML, like Gecko; compatible; ClaudeBot/1.0; +claudebot@anthropic.com)"
216.73.216.162 - - [06/Sep/2025:05:08:20 +0700] "GET /best-online-jewelry-stores-2023-buy-amazing/feed HTTP/1.0" 301 591 "-" "Mozilla/5.0 AppleWebKit/537.36 (KHTML, like Gecko; compatible; ClaudeBot/1.0; +claudebot@anthropic.com)"
216.73.216.162 - - [06/Sep/2025:05:08:21 +0700] "GET /pin-ap-casino-sloty-i-igrovye-avtomaty-s-bonusami-2/ HTTP/1.0" 200 222860 "https://vattusacky.vn/pin-ap-casino-sloty-i-igrovye-avtomaty-s-bonusami-2" "Mozilla/5.0 AppleWebKit/537.36 (KHTML, like Gecko; compatible; ClaudeBot/1.0; +claudebot@anthropic.com)"
216.73.216.162 - - [06/Sep/2025:05:08:21 +0700] "GET /best-online-jewelry-stores-2023-buy-amazing/feed/ HTTP/1.0" 200 1598 "https://vattusacky.vn/best-online-jewelry-stores-2023-buy-amazing/feed" "Mozilla/5.0 AppleWebKit/537.36 (KHTML, like Gecko; compatible; ClaudeBot/1.0; +claudebot@anthropic.com)"
216.73.216.162 - - [06/Sep/2025:05:08:23 +0700] "GET /asian-games-2026-aichi-84 HTTP/1.0" 301 470 "-" "Mozilla/5.0 AppleWebKit/537.36 (KHTML, like Gecko; compatible; ClaudeBot/1.0; +claudebot@anthropic.com)"
216.73.216.162 - - [06/Sep/2025:05:08:25 +0700] "GET /asian-games-2026-aichi-84/ HTTP/1.0" 200 90777 "https://vattusacky.vn/asian-games-2026-aichi-84" "Mozilla/5.0 AppleWebKit/537.36 (KHTML, like Gecko; compatible; ClaudeBot/1.0; +claudebot@anthropic.com)"
216.73.216.162 - - [06/Sep/2025:05:08:27 +0700] "GET /bahis-siteleri-canl-casino-oyna-yeni-adresi/feed HTTP/1.0" 301 591 "-" "Mozilla/5.0 AppleWebKit/537.36 (KHTML, like Gecko; compatible; ClaudeBot/1.0; +claudebot@anthropic.com)"
216.73.216.162 - - [06/Sep/2025:05:08:28 +0700] "GET /bahis-siteleri-canl-casino-oyna-yeni-adresi/feed/ HTTP/1.0" 200 1586 "https://vattusacky.vn/bahis-siteleri-canl-casino-oyna-yeni-adresi/feed" "Mozilla/5.0 AppleWebKit/537.36 (KHTML, like Gecko; compatible; ClaudeBot/1.0; +claudebot@anthropic.com)"
216.73.216.162 - - [06/Sep/2025:05:08:30 +0700] "GET /trt-sante-et-bodybuilding HTTP/1.0" 301 470 "-" "Mozilla/5.0 AppleWebKit/537.36 (KHTML, like Gecko; compatible; ClaudeBot/1.0; +claudebot@anthropic.com)"
216.73.216.162 - - [06/Sep/2025:05:08:32 +0700] "GET /trt-sante-et-bodybuilding/ HTTP/1.0" 200 208983 "https://vattusacky.vn/trt-sante-et-bodybuilding" "Mozilla/5.0 AppleWebKit/537.36 (KHTML, like Gecko; compatible; ClaudeBot/1.0; +claudebot@anthropic.com)"
216.73.216.162 - - [06/Sep/2025:05:08:34 +0700] "GET /drip-casino-kazino-bonusy-live-kazino-v-internete/feed HTTP/1.0" 301 597 "-" "Mozilla/5.0 AppleWebKit/537.36 (KHTML, like Gecko; compatible; ClaudeBot/1.0; +claudebot@anthropic.com)"
216.73.216.162 - - [06/Sep/2025:05:08:35 +0700] "GET /drip-casino-kazino-bonusy-live-kazino-v-internete/feed/ HTTP/1.0" 200 1635 "https://vattusacky.vn/drip-casino-kazino-bonusy-live-kazino-v-internete/feed" "Mozilla/5.0 AppleWebKit/537.36 (KHTML, like Gecko; compatible; ClaudeBot/1.0; +claudebot@anthropic.com)"
216.73.216.162 - - [06/Sep/2025:05:08:38 +0700] "GET /22bet-withdrawal-148 HTTP/1.0" 301 465 "-" "Mozilla/5.0 AppleWebKit/537.36 (KHTML, like Gecko; compatible; ClaudeBot/1.0; +claudebot@anthropic.com)"
216.73.216.162 - - [06/Sep/2025:05:08:39 +0700] "GET /22bet-withdrawal-148/ HTTP/1.0" 200 241530 "https://vattusacky.vn/22bet-withdrawal-148" "Mozilla/5.0 AppleWebKit/537.36 (KHTML, like Gecko; compatible; ClaudeBot/1.0; +claudebot@anthropic.com)"
45.117.177.72 - - [06/Sep/2025:05:08:50 +0700] "POST /wp-cron.php?doing_wp_cron=1757110130.6663661003112792968750 HTTP/1.0" 200 416 "-" "WordPress/6.8.1; https://vattusacky.vn"
216.73.216.162 - - [06/Sep/2025:05:08:49 +0700] "GET /?p=5061 HTTP/1.0" 301 637 "-" "Mozilla/5.0 AppleWebKit/537.36 (KHTML, like Gecko; compatible; ClaudeBot/1.0; +claudebot@anthropic.com)"
216.73.216.162 - - [06/Sep/2025:05:08:51 +0700] "GET /1xbet-bonuses-and-promotions-for-india-2023-24/ HTTP/1.0" 200 219960 "https://vattusacky.vn/?p=5061" "Mozilla/5.0 AppleWebKit/537.36 (KHTML, like Gecko; compatible; ClaudeBot/1.0; +claudebot@anthropic.com)"
45.117.177.72 - - [06/Sep/2025:05:08:54 +0700] "POST /wp-cron.php?doing_wp_cron=1757110134.8984169960021972656250 HTTP/1.0" 200 416 "-" "WordPress/6.8.1; https://vattusacky.vn"
216.73.216.162 - - [06/Sep/2025:05:08:53 +0700] "GET /category/how-much-is-a-mail-order-bride/feed HTTP/1.0" 301 541 "-" "Mozilla/5.0 AppleWebKit/537.36 (KHTML, like Gecko; compatible; ClaudeBot/1.0; +claudebot@anthropic.com)"
216.73.216.162 - - [06/Sep/2025:05:08:55 +0700] "GET /category/how-much-is-a-mail-order-bride/feed/ HTTP/1.0" 200 146060 "https://vattusacky.vn/category/how-much-is-a-mail-order-bride/feed" "Mozilla/5.0 AppleWebKit/537.36 (KHTML, like Gecko; compatible; ClaudeBot/1.0; +claudebot@anthropic.com)"
216.73.216.162 - - [06/Sep/2025:05:08:59 +0700] "GET /hello-world-9/feed HTTP/1.0" 301 561 "-" "Mozilla/5.0 AppleWebKit/537.36 (KHTML, like Gecko; compatible; ClaudeBot/1.0; +claudebot@anthropic.com)"
216.73.216.162 - - [06/Sep/2025:05:09:00 +0700] "GET /hello-world-9/feed/ HTTP/1.0" 200 1488 "https://vattusacky.vn/hello-world-9/feed" "Mozilla/5.0 AppleWebKit/537.36 (KHTML, like Gecko; compatible; ClaudeBot/1.0; +claudebot@anthropic.com)"
216.73.216.162 - - [06/Sep/2025:05:09:02 +0700] "GET /hello-world-7/feed HTTP/1.0" 301 561 "-" "Mozilla/5.0 AppleWebKit/537.36 (KHTML, like Gecko; compatible; ClaudeBot/1.0; +claudebot@anthropic.com)"
216.73.216.162 - - [06/Sep/2025:05:09:04 +0700] "GET /hello-world-7/feed/ HTTP/1.0" 200 1488 "https://vattusacky.vn/hello-world-7/feed" "Mozilla/5.0 AppleWebKit/537.36 (KHTML, like Gecko; compatible; ClaudeBot/1.0; +claudebot@anthropic.com)"
216.73.216.162 - - [06/Sep/2025:05:09:06 +0700] "GET /hello-world-8/feed HTTP/1.0" 301 561 "-" "Mozilla/5.0 AppleWebKit/537.36 (KHTML, like Gecko; compatible; ClaudeBot/1.0; +claudebot@anthropic.com)"
216.73.216.162 - - [06/Sep/2025:05:09:07 +0700] "GET /hello-world-8/feed/ HTTP/1.0" 200 1488 "https://vattusacky.vn/hello-world-8/feed" "Mozilla/5.0 AppleWebKit/537.36 (KHTML, like Gecko; compatible; ClaudeBot/1.0; +claudebot@anthropic.com)"
216.73.216.162 - - [06/Sep/2025:05:09:10 +0700] "GET /category/mail-order-bride-websites HTTP/1.0" 301 433 "-" "Mozilla/5.0 AppleWebKit/537.36 (KHTML, like Gecko; compatible; ClaudeBot/1.0; +claudebot@anthropic.com)"
216.73.216.162 - - [06/Sep/2025:05:09:11 +0700] "GET /category/mail-order-bride-websites/ HTTP/1.0" 200 58783 "https://vattusacky.vn/category/mail-order-bride-websites" "Mozilla/5.0 AppleWebKit/537.36 (KHTML, like Gecko; compatible; ClaudeBot/1.0; +claudebot@anthropic.com)"
216.73.216.162 - - [06/Sep/2025:05:09:13 +0700] "GET /a-comprehensive-analysis-of-omegle-vs-ometv-privacy-policies/feed HTTP/1.0" 301 608 "-" "Mozilla/5.0 AppleWebKit/537.36 (KHTML, like Gecko; compatible; ClaudeBot/1.0; +claudebot@anthropic.com)"
216.73.216.162 - - [06/Sep/2025:05:09:15 +0700] "GET /a-comprehensive-analysis-of-omegle-vs-ometv-privacy-policies/feed/ HTTP/1.0" 200 1631 "https://vattusacky.vn/a-comprehensive-analysis-of-omegle-vs-ometv-privacy-policies/feed" "Mozilla/5.0 AppleWebKit/537.36 (KHTML, like Gecko; compatible; ClaudeBot/1.0; +claudebot@anthropic.com)"
45.117.177.72 - - [06/Sep/2025:05:09:18 +0700] "POST /wp-cron.php?doing_wp_cron=1757110158.3661439418792724609375 HTTP/1.0" 200 416 "-" "WordPress/6.8.1; https://vattusacky.vn"
216.73.216.162 - - [06/Sep/2025:05:09:17 +0700] "GET /the-very-best-virtual-info-room-computer-software/feed HTTP/1.0" 301 597 "-" "Mozilla/5.0 AppleWebKit/537.36 (KHTML, like Gecko; compatible; ClaudeBot/1.0; +claudebot@anthropic.com)"
216.73.216.162 - - [06/Sep/2025:05:09:19 +0700] "GET /the-very-best-virtual-info-room-computer-software/feed/ HTTP/1.0" 200 1598 "https://vattusacky.vn/the-very-best-virtual-info-room-computer-software/feed" "Mozilla/5.0 AppleWebKit/537.36 (KHTML, like Gecko; compatible; ClaudeBot/1.0; +claudebot@anthropic.com)"
45.117.177.72 - - [06/Sep/2025:05:09:24 +0700] "POST /wp-cron.php?doing_wp_cron=1757110164.0432341098785400390625 HTTP/1.0" 200 416 "-" "WordPress/6.8.1; https://vattusacky.vn"
216.73.216.162 - - [06/Sep/2025:05:09:22 +0700] "GET /?p=6381 HTTP/1.0" 301 637 "-" "Mozilla/5.0 AppleWebKit/537.36 (KHTML, like Gecko; compatible; ClaudeBot/1.0; +claudebot@anthropic.com)"
216.73.216.162 - - [06/Sep/2025:05:09:24 +0700] "GET /comparing-user-experiences-on-omegle-and-ometv/ HTTP/1.0" 200 80855 "https://vattusacky.vn/?p=6381" "Mozilla/5.0 AppleWebKit/537.36 (KHTML, like Gecko; compatible; ClaudeBot/1.0; +claudebot@anthropic.com)"
216.73.216.162 - - [06/Sep/2025:05:09:26 +0700] "GET /cs-go-wagering-ideas-match-forecasts-right-now-live-score-and-probabilities-social-community HTTP/1.0" 301 537 "-" "Mozilla/5.0 AppleWebKit/537.36 (KHTML, like Gecko; compatible; ClaudeBot/1.0; +claudebot@anthropic.com)"
216.73.216.162 - - [06/Sep/2025:05:09:27 +0700] "GET /cs-go-wagering-ideas-match-forecasts-right-now-live-score-and-probabilities-social-community/ HTTP/1.0" 200 211174 "https://vattusacky.vn/cs-go-wagering-ideas-match-forecasts-right-now-live-score-and-probabilities-social-community" "Mozilla/5.0 AppleWebKit/537.36 (KHTML, like Gecko; compatible; ClaudeBot/1.0; +claudebot@anthropic.com)"
216.73.216.162 - - [06/Sep/2025:05:09:30 +0700] "GET /?p=5728 HTTP/1.0" 301 489 "-" "Mozilla/5.0 AppleWebKit/537.36 (KHTML, like Gecko; compatible; ClaudeBot/1.0; +claudebot@anthropic.com)"
216.73.216.162 - - [06/Sep/2025:05:09:31 +0700] "GET /discover-the-hookup-sites-that-actually-work/ HTTP/1.0" 200 72183 "https://vattusacky.vn/?p=5728" "Mozilla/5.0 AppleWebKit/537.36 (KHTML, like Gecko; compatible; ClaudeBot/1.0; +claudebot@anthropic.com)"
216.73.216.162 - - [06/Sep/2025:05:09:33 +0700] "GET /category/lgr-org-ua HTTP/1.0" 301 418 "-" "Mozilla/5.0 AppleWebKit/537.36 (KHTML, like Gecko; compatible; ClaudeBot/1.0; +claudebot@anthropic.com)"
216.73.216.162 - - [06/Sep/2025:05:09:35 +0700] "GET /category/lgr-org-ua/ HTTP/1.0" 200 58695 "https://vattusacky.vn/category/lgr-org-ua" "Mozilla/5.0 AppleWebKit/537.36 (KHTML, like Gecko; compatible; ClaudeBot/1.0; +claudebot@anthropic.com)"
216.73.216.162 - - [06/Sep/2025:05:09:37 +0700] "GET /unpacking-over-the-counter-medications-a-detailed/feed HTTP/1.0" 301 597 "-" "Mozilla/5.0 AppleWebKit/537.36 (KHTML, like Gecko; compatible; ClaudeBot/1.0; +claudebot@anthropic.com)"
216.73.216.162 - - [06/Sep/2025:05:09:38 +0700] "GET /unpacking-over-the-counter-medications-a-detailed/feed/ HTTP/1.0" 200 1596 "https://vattusacky.vn/unpacking-over-the-counter-medications-a-detailed/feed" "Mozilla/5.0 AppleWebKit/537.36 (KHTML, like Gecko; compatible; ClaudeBot/1.0; +claudebot@anthropic.com)"
216.73.216.162 - - [06/Sep/2025:05:09:40 +0700] "GET /?p=9577 HTTP/1.0" 301 480 "-" "Mozilla/5.0 AppleWebKit/537.36 (KHTML, like Gecko; compatible; ClaudeBot/1.0; +claudebot@anthropic.com)"
216.73.216.162 - - [06/Sep/2025:05:09:42 +0700] "GET /american-men-marrying-foreign-women/ HTTP/1.0" 200 71786 "https://vattusacky.vn/?p=9577" "Mozilla/5.0 AppleWebKit/537.36 (KHTML, like Gecko; compatible; ClaudeBot/1.0; +claudebot@anthropic.com)"
216.73.216.162 - - [06/Sep/2025:05:09:44 +0700] "GET /just-how-to-just-take-a-dick-pic HTTP/1.0" 301 477 "-" "Mozilla/5.0 AppleWebKit/537.36 (KHTML, like Gecko; compatible; ClaudeBot/1.0; +claudebot@anthropic.com)"
216.73.216.162 - - [06/Sep/2025:05:09:45 +0700] "GET /just-how-to-just-take-a-dick-pic/ HTTP/1.0" 200 213829 "https://vattusacky.vn/just-how-to-just-take-a-dick-pic" "Mozilla/5.0 AppleWebKit/537.36 (KHTML, like Gecko; compatible; ClaudeBot/1.0; +claudebot@anthropic.com)"
216.73.216.162 - - [06/Sep/2025:05:09:48 +0700] "GET /free-hookup-no-subscription HTTP/1.0" 301 472 "-" "Mozilla/5.0 AppleWebKit/537.36 (KHTML, like Gecko; compatible; ClaudeBot/1.0; +claudebot@anthropic.com)"
216.73.216.162 - - [06/Sep/2025:05:09:49 +0700] "GET /free-hookup-no-subscription/ HTTP/1.0" 200 205099 "https://vattusacky.vn/free-hookup-no-subscription" "Mozilla/5.0 AppleWebKit/537.36 (KHTML, like Gecko; compatible; ClaudeBot/1.0; +claudebot@anthropic.com)"
216.73.216.162 - - [06/Sep/2025:05:11:01 +0700] "GET /poker-games-list-ethics/feed HTTP/1.0" 301 717 "-" "Mozilla/5.0 AppleWebKit/537.36 (KHTML, like Gecko; compatible; ClaudeBot/1.0; +claudebot@anthropic.com)"
45.117.177.72 - - [06/Sep/2025:05:11:02 +0700] "POST /wp-cron.php?doing_wp_cron=1757110262.4101979732513427734375 HTTP/1.0" 200 416 "-" "WordPress/6.8.1; https://vattusacky.vn"
142.44.220.207 - - [06/Sep/2025:05:11:01 +0700] "GET /best-rated-free-vpn-services/ HTTP/1.0" 200 236465 "-" "Mozilla/5.0 (compatible; AhrefsBot/7.0; +http://ahrefs.com/robot/)"
216.73.216.162 - - [06/Sep/2025:05:11:02 +0700] "GET /poker-games-list-ethics/feed/ HTTP/1.0" 200 1520 "https://vattusacky.vn/poker-games-list-ethics/feed" "Mozilla/5.0 AppleWebKit/537.36 (KHTML, like Gecko; compatible; ClaudeBot/1.0; +claudebot@anthropic.com)"
216.73.216.162 - - [06/Sep/2025:05:11:04 +0700] "GET /?p=5675 HTTP/1.0" 301 494 "-" "Mozilla/5.0 AppleWebKit/537.36 (KHTML, like Gecko; compatible; ClaudeBot/1.0; +claudebot@anthropic.com)"
216.73.216.162 - - [06/Sep/2025:05:11:05 +0700] "GET /unpacking-over-the-counter-medications-a-detailed/ HTTP/1.0" 200 77012 "https://vattusacky.vn/?p=5675" "Mozilla/5.0 AppleWebKit/537.36 (KHTML, like Gecko; compatible; ClaudeBot/1.0; +claudebot@anthropic.com)"
216.73.216.162 - - [06/Sep/2025:05:11:08 +0700] "GET /amourfeel-critiques-read-customer-service-critiques-of-amourfeel-com/feed HTTP/1.0" 301 616 "-" "Mozilla/5.0 AppleWebKit/537.36 (KHTML, like Gecko; compatible; ClaudeBot/1.0; +claudebot@anthropic.com)"
216.73.216.162 - - [06/Sep/2025:05:11:09 +0700] "GET /amourfeel-critiques-read-customer-service-critiques-of-amourfeel-com/feed/ HTTP/1.0" 200 1655 "https://vattusacky.vn/amourfeel-critiques-read-customer-service-critiques-of-amourfeel-com/feed" "Mozilla/5.0 AppleWebKit/537.36 (KHTML, like Gecko; compatible; ClaudeBot/1.0; +claudebot@anthropic.com)"
216.73.216.162 - - [06/Sep/2025:05:11:11 +0700] "GET /category/onlinethailand-org HTTP/1.0" 301 426 "-" "Mozilla/5.0 AppleWebKit/537.36 (KHTML, like Gecko; compatible; ClaudeBot/1.0; +claudebot@anthropic.com)"
216.73.216.162 - - [06/Sep/2025:05:11:13 +0700] "GET /category/onlinethailand-org/ HTTP/1.0" 200 59713 "https://vattusacky.vn/category/onlinethailand-org" "Mozilla/5.0 AppleWebKit/537.36 (KHTML, like Gecko; compatible; ClaudeBot/1.0; +claudebot@anthropic.com)"
216.73.216.162 - - [06/Sep/2025:05:11:15 +0700] "GET /?p=6017 HTTP/1.0" 301 488 "-" "Mozilla/5.0 AppleWebKit/537.36 (KHTML, like Gecko; compatible; ClaudeBot/1.0; +claudebot@anthropic.com)"
45.117.177.72 - - [06/Sep/2025:05:11:18 +0700] "POST /wp-cron.php?doing_wp_cron=1757110277.8079390525817871093750 HTTP/1.0" 200 416 "-" "WordPress/6.8.1; https://vattusacky.vn"
216.73.216.162 - - [06/Sep/2025:05:11:16 +0700] "GET /best-online-jewelry-stores-2023-buy-amazing/ HTTP/1.0" 200 646153 "https://vattusacky.vn/?p=6017" "Mozilla/5.0 AppleWebKit/537.36 (KHTML, like Gecko; compatible; ClaudeBot/1.0; +claudebot@anthropic.com)"
216.73.216.162 - - [06/Sep/2025:05:11:19 +0700] "GET /author/yanz/page/315 HTTP/1.0" 301 419 "-" "Mozilla/5.0 AppleWebKit/537.36 (KHTML, like Gecko; compatible; ClaudeBot/1.0; +claudebot@anthropic.com)"
216.73.216.162 - - [06/Sep/2025:05:11:21 +0700] "GET /author/yanz/page/315/ HTTP/1.0" 200 75662 "https://vattusacky.vn/author/yanz/page/315" "Mozilla/5.0 AppleWebKit/537.36 (KHTML, like Gecko; compatible; ClaudeBot/1.0; +claudebot@anthropic.com)"
216.73.216.162 - - [06/Sep/2025:05:11:23 +0700] "GET /can-omegle-truly-alleviate-loneliness/feed HTTP/1.0" 301 585 "-" "Mozilla/5.0 AppleWebKit/537.36 (KHTML, like Gecko; compatible; ClaudeBot/1.0; +claudebot@anthropic.com)"
216.73.216.162 - - [06/Sep/2025:05:11:24 +0700] "GET /can-omegle-truly-alleviate-loneliness/feed/ HTTP/1.0" 200 1562 "https://vattusacky.vn/can-omegle-truly-alleviate-loneliness/feed" "Mozilla/5.0 AppleWebKit/537.36 (KHTML, like Gecko; compatible; ClaudeBot/1.0; +claudebot@anthropic.com)"
216.73.216.162 - - [06/Sep/2025:05:11:27 +0700] "GET /?p=6320 HTTP/1.0" 301 511 "-" "Mozilla/5.0 AppleWebKit/537.36 (KHTML, like Gecko; compatible; ClaudeBot/1.0; +claudebot@anthropic.com)"
216.73.216.162 - - [06/Sep/2025:05:11:28 +0700] "GET /celebrating-creative-connections-omegles-impact-on-artistic-growth/ HTTP/1.0" 200 91969 "https://vattusacky.vn/?p=6320" "Mozilla/5.0 AppleWebKit/537.36 (KHTML, like Gecko; compatible; ClaudeBot/1.0; +claudebot@anthropic.com)"
216.73.216.162 - - [06/Sep/2025:05:12:04 +0700] "GET /asian-games-2026-aichi-23 HTTP/1.0" 301 616 "-" "Mozilla/5.0 AppleWebKit/537.36 (KHTML, like Gecko; compatible; ClaudeBot/1.0; +claudebot@anthropic.com)"
216.73.216.162 - - [06/Sep/2025:05:12:06 +0700] "GET /asian-games-2026-aichi-23/ HTTP/1.0" 200 113196 "https://vattusacky.vn/asian-games-2026-aichi-23" "Mozilla/5.0 AppleWebKit/537.36 (KHTML, like Gecko; compatible; ClaudeBot/1.0; +claudebot@anthropic.com)"
216.73.216.162 - - [06/Sep/2025:05:12:08 +0700] "GET /vavada-casino-onlajn-top-kazino-v-internete-kazino-3 HTTP/1.0" 301 497 "-" "Mozilla/5.0 AppleWebKit/537.36 (KHTML, like Gecko; compatible; ClaudeBot/1.0; +claudebot@anthropic.com)"
216.73.216.162 - - [06/Sep/2025:05:12:09 +0700] "GET /vavada-casino-onlajn-top-kazino-v-internete-kazino-3/ HTTP/1.0" 200 221383 "https://vattusacky.vn/vavada-casino-onlajn-top-kazino-v-internete-kazino-3" "Mozilla/5.0 AppleWebKit/537.36 (KHTML, like Gecko; compatible; ClaudeBot/1.0; +claudebot@anthropic.com)"
216.73.216.162 - - [06/Sep/2025:05:12:11 +0700] "GET /1xbet-bonuses-and-promotions-for-india-2023-196 HTTP/1.0" 301 492 "-" "Mozilla/5.0 AppleWebKit/537.36 (KHTML, like Gecko; compatible; ClaudeBot/1.0; +claudebot@anthropic.com)"
216.73.216.162 - - [06/Sep/2025:05:12:13 +0700] "GET /1xbet-bonuses-and-promotions-for-india-2023-196/ HTTP/1.0" 200 86983 "https://vattusacky.vn/1xbet-bonuses-and-promotions-for-india-2023-196" "Mozilla/5.0 AppleWebKit/537.36 (KHTML, like Gecko; compatible; ClaudeBot/1.0; +claudebot@anthropic.com)"
216.73.216.162 - - [06/Sep/2025:05:12:15 +0700] "GET /online-pokies-melbourne-for-actual-money-2023-57 HTTP/1.0" 301 493 "-" "Mozilla/5.0 AppleWebKit/537.36 (KHTML, like Gecko; compatible; ClaudeBot/1.0; +claudebot@anthropic.com)"
45.117.177.72 - - [06/Sep/2025:05:12:18 +0700] "POST /wp-cron.php?doing_wp_cron=1757110337.9285869598388671875000 HTTP/1.0" 200 416 "-" "WordPress/6.8.1; https://vattusacky.vn"
216.73.216.162 - - [06/Sep/2025:05:12:16 +0700] "GET /online-pokies-melbourne-for-actual-money-2023-57/ HTTP/1.0" 200 209358 "https://vattusacky.vn/online-pokies-melbourne-for-actual-money-2023-57" "Mozilla/5.0 AppleWebKit/537.36 (KHTML, like Gecko; compatible; ClaudeBot/1.0; +claudebot@anthropic.com)"
216.73.216.162 - - [06/Sep/2025:05:12:19 +0700] "GET /review-of-1xbet-in-india-2022-63 HTTP/1.0" 301 477 "-" "Mozilla/5.0 AppleWebKit/537.36 (KHTML, like Gecko; compatible; ClaudeBot/1.0; +claudebot@anthropic.com)"
216.73.216.162 - - [06/Sep/2025:05:12:20 +0700] "GET /review-of-1xbet-in-india-2022-63/ HTTP/1.0" 200 94388 "https://vattusacky.vn/review-of-1xbet-in-india-2022-63" "Mozilla/5.0 AppleWebKit/537.36 (KHTML, like Gecko; compatible; ClaudeBot/1.0; +claudebot@anthropic.com)"
216.73.216.162 - - [06/Sep/2025:05:12:22 +0700] "GET /favorable-bets-along-with-22bet-95 HTTP/1.0" 301 479 "-" "Mozilla/5.0 AppleWebKit/537.36 (KHTML, like Gecko; compatible; ClaudeBot/1.0; +claudebot@anthropic.com)"
216.73.216.162 - - [06/Sep/2025:05:12:24 +0700] "GET /favorable-bets-along-with-22bet-95/ HTTP/1.0" 200 236946 "https://vattusacky.vn/favorable-bets-along-with-22bet-95" "Mozilla/5.0 AppleWebKit/537.36 (KHTML, like Gecko; compatible; ClaudeBot/1.0; +claudebot@anthropic.com)"
216.73.216.162 - - [06/Sep/2025:05:12:27 +0700] "GET /lynn-escort-forum-lynn-largest-hooker-director HTTP/1.0" 301 491 "-" "Mozilla/5.0 AppleWebKit/537.36 (KHTML, like Gecko; compatible; ClaudeBot/1.0; +claudebot@anthropic.com)"
216.73.216.162 - - [06/Sep/2025:05:12:28 +0700] "GET /lynn-escort-forum-lynn-largest-hooker-director/ HTTP/1.0" 200 213043 "https://vattusacky.vn/lynn-escort-forum-lynn-largest-hooker-director" "Mozilla/5.0 AppleWebKit/537.36 (KHTML, like Gecko; compatible; ClaudeBot/1.0; +claudebot@anthropic.com)"
216.73.216.162 - - [06/Sep/2025:05:12:31 +0700] "GET /alman-bahis-girnecasino-50-tl-deneme-bonusu-bahis HTTP/1.0" 301 494 "-" "Mozilla/5.0 AppleWebKit/537.36 (KHTML, like Gecko; compatible; ClaudeBot/1.0; +claudebot@anthropic.com)"
216.73.216.162 - - [06/Sep/2025:05:12:33 +0700] "GET /alman-bahis-girnecasino-50-tl-deneme-bonusu-bahis/ HTTP/1.0" 200 269617 "https://vattusacky.vn/alman-bahis-girnecasino-50-tl-deneme-bonusu-bahis" "Mozilla/5.0 AppleWebKit/537.36 (KHTML, like Gecko; compatible; ClaudeBot/1.0; +claudebot@anthropic.com)"
216.73.216.162 - - [06/Sep/2025:05:12:42 +0700] "GET /?p=5187 HTTP/1.0" 301 638 "-" "Mozilla/5.0 AppleWebKit/537.36 (KHTML, like Gecko; compatible; ClaudeBot/1.0; +claudebot@anthropic.com)"
216.73.216.162 - - [06/Sep/2025:05:12:44 +0700] "GET /ggbet-casino-erfahrungsbericht-das-spielangebot/ HTTP/1.0" 200 97799 "https://vattusacky.vn/?p=5187" "Mozilla/5.0 AppleWebKit/537.36 (KHTML, like Gecko; compatible; ClaudeBot/1.0; +claudebot@anthropic.com)"
216.73.216.162 - - [06/Sep/2025:05:12:46 +0700] "GET /?p=10465 HTTP/1.0" 301 481 "-" "Mozilla/5.0 AppleWebKit/537.36 (KHTML, like Gecko; compatible; ClaudeBot/1.0; +claudebot@anthropic.com)"
216.73.216.162 - - [06/Sep/2025:05:12:47 +0700] "GET /how-long-until-viagra-starts-working/ HTTP/1.0" 200 81761 "https://vattusacky.vn/?p=10465" "Mozilla/5.0 AppleWebKit/537.36 (KHTML, like Gecko; compatible; ClaudeBot/1.0; +claudebot@anthropic.com)"
216.73.216.162 - - [06/Sep/2025:05:12:49 +0700] "GET /how-to-buy-viagra-over-the-counter-now-available HTTP/1.0" 301 493 "-" "Mozilla/5.0 AppleWebKit/537.36 (KHTML, like Gecko; compatible; ClaudeBot/1.0; +claudebot@anthropic.com)"
216.73.216.162 - - [06/Sep/2025:05:12:51 +0700] "GET /how-to-buy-viagra-over-the-counter-now-available/ HTTP/1.0" 200 231641 "https://vattusacky.vn/how-to-buy-viagra-over-the-counter-now-available" "Mozilla/5.0 AppleWebKit/537.36 (KHTML, like Gecko; compatible; ClaudeBot/1.0; +claudebot@anthropic.com)"
216.73.216.162 - - [06/Sep/2025:05:12:53 +0700] "GET /?p=6205 HTTP/1.0" 301 492 "-" "Mozilla/5.0 AppleWebKit/537.36 (KHTML, like Gecko; compatible; ClaudeBot/1.0; +claudebot@anthropic.com)"
216.73.216.162 - - [06/Sep/2025:05:12:54 +0700] "GET /benefits-of-using-omegle-for-global-connections/ HTTP/1.0" 200 86823 "https://vattusacky.vn/?p=6205" "Mozilla/5.0 AppleWebKit/537.36 (KHTML, like Gecko; compatible; ClaudeBot/1.0; +claudebot@anthropic.com)"
216.73.216.162 - - [06/Sep/2025:05:12:57 +0700] "GET /a-laughter-riot-the-funniest-encounters-on-omegle-and-ometv/feed HTTP/1.0" 301 607 "-" "Mozilla/5.0 AppleWebKit/537.36 (KHTML, like Gecko; compatible; ClaudeBot/1.0; +claudebot@anthropic.com)"
216.73.216.162 - - [06/Sep/2025:05:12:58 +0700] "GET /a-laughter-riot-the-funniest-encounters-on-omegle-and-ometv/feed/ HTTP/1.0" 200 1628 "https://vattusacky.vn/a-laughter-riot-the-funniest-encounters-on-omegle-and-ometv/feed" "Mozilla/5.0 AppleWebKit/537.36 (KHTML, like Gecko; compatible; ClaudeBot/1.0; +claudebot@anthropic.com)"
216.73.216.162 - - [06/Sep/2025:05:13:00 +0700] "GET /?p=6315 HTTP/1.0" 301 517 "-" "Mozilla/5.0 AppleWebKit/537.36 (KHTML, like Gecko; compatible; ClaudeBot/1.0; +claudebot@anthropic.com)"
216.73.216.162 - - [06/Sep/2025:05:13:02 +0700] "GET /case-studies-real-life-experiences-with-cybertherapy-on-omegle-and-ometv/ HTTP/1.0" 200 89640 "https://vattusacky.vn/?p=6315" "Mozilla/5.0 AppleWebKit/537.36 (KHTML, like Gecko; compatible; ClaudeBot/1.0; +claudebot@anthropic.com)"
216.73.216.162 - - [06/Sep/2025:05:13:04 +0700] "GET /a-detailed-examination-of-the-technology-behind-omegle-and-ometv/feed HTTP/1.0" 301 612 "-" "Mozilla/5.0 AppleWebKit/537.36 (KHTML, like Gecko; compatible; ClaudeBot/1.0; +claudebot@anthropic.com)"
216.73.216.162 - - [06/Sep/2025:05:13:05 +0700] "GET /a-detailed-examination-of-the-technology-behind-omegle-and-ometv/feed/ HTTP/1.0" 200 1643 "https://vattusacky.vn/a-detailed-examination-of-the-technology-behind-omegle-and-ometv/feed" "Mozilla/5.0 AppleWebKit/537.36 (KHTML, like Gecko; compatible; ClaudeBot/1.0; +claudebot@anthropic.com)"
216.73.216.162 - - [06/Sep/2025:05:13:07 +0700] "GET /?p=4153 HTTP/1.0" 301 494 "-" "Mozilla/5.0 AppleWebKit/537.36 (KHTML, like Gecko; compatible; ClaudeBot/1.0; +claudebot@anthropic.com)"
216.73.216.162 - - [06/Sep/2025:05:13:09 +0700] "GET /drip-casino-kazino-bonusy-live-kazino-v-internete/ HTTP/1.0" 200 237821 "https://vattusacky.vn/?p=4153" "Mozilla/5.0 AppleWebKit/537.36 (KHTML, like Gecko; compatible; ClaudeBot/1.0; +claudebot@anthropic.com)"
45.117.177.72 - - [06/Sep/2025:05:13:57 +0700] "POST /wp-cron.php?doing_wp_cron=1757110437.2926249504089355468750 HTTP/1.0" 200 416 "-" "WordPress/6.8.1; https://vattusacky.vn"
216.73.216.162 - - [06/Sep/2025:05:13:56 +0700] "GET /can-you-trust-the-people-you-meet-on-omegle/feed HTTP/1.0" 301 737 "-" "Mozilla/5.0 AppleWebKit/537.36 (KHTML, like Gecko; compatible; ClaudeBot/1.0; +claudebot@anthropic.com)"
216.73.216.162 - - [06/Sep/2025:05:13:57 +0700] "GET /can-you-trust-the-people-you-meet-on-omegle/feed/ HTTP/1.0" 200 1580 "https://vattusacky.vn/can-you-trust-the-people-you-meet-on-omegle/feed" "Mozilla/5.0 AppleWebKit/537.36 (KHTML, like Gecko; compatible; ClaudeBot/1.0; +claudebot@anthropic.com)"
216.73.216.162 - - [06/Sep/2025:05:13:59 +0700] "GET /?p=5677 HTTP/1.0" 301 493 "-" "Mozilla/5.0 AppleWebKit/537.36 (KHTML, like Gecko; compatible; ClaudeBot/1.0; +claudebot@anthropic.com)"
216.73.216.162 - - [06/Sep/2025:05:14:00 +0700] "GET /gate-of-olympus-slot-demo-renkli-dunyada-buyuk-2/ HTTP/1.0" 200 86945 "https://vattusacky.vn/?p=5677" "Mozilla/5.0 AppleWebKit/537.36 (KHTML, like Gecko; compatible; ClaudeBot/1.0; +claudebot@anthropic.com)"
216.73.216.162 - - [06/Sep/2025:05:14:03 +0700] "GET /celebrating-cultural-differences-on-omegle-connecting-people-globally/feed HTTP/1.0" 301 617 "-" "Mozilla/5.0 AppleWebKit/537.36 (KHTML, like Gecko; compatible; ClaudeBot/1.0; +claudebot@anthropic.com)"
216.73.216.162 - - [06/Sep/2025:05:14:04 +0700] "GET /celebrating-cultural-differences-on-omegle-connecting-people-globally/feed/ HTTP/1.0" 200 1658 "https://vattusacky.vn/celebrating-cultural-differences-on-omegle-connecting-people-globally/feed" "Mozilla/5.0 AppleWebKit/537.36 (KHTML, like Gecko; compatible; ClaudeBot/1.0; +claudebot@anthropic.com)"
216.73.216.162 - - [06/Sep/2025:05:14:06 +0700] "GET /author/yanz/page/354 HTTP/1.0" 301 419 "-" "Mozilla/5.0 AppleWebKit/537.36 (KHTML, like Gecko; compatible; ClaudeBot/1.0; +claudebot@anthropic.com)"
216.73.216.162 - - [06/Sep/2025:05:14:08 +0700] "GET /author/yanz/page/354/ HTTP/1.0" 200 76371 "https://vattusacky.vn/author/yanz/page/354" "Mozilla/5.0 AppleWebKit/537.36 (KHTML, like Gecko; compatible; ClaudeBot/1.0; +claudebot@anthropic.com)"
216.73.216.162 - - [06/Sep/2025:05:14:10 +0700] "GET /a-look-into-the-crystal-ball-omegles-future-unveiled HTTP/1.0" 301 497 "-" "Mozilla/5.0 AppleWebKit/537.36 (KHTML, like Gecko; compatible; ClaudeBot/1.0; +claudebot@anthropic.com)"
216.73.216.162 - - [06/Sep/2025:05:14:11 +0700] "GET /a-look-into-the-crystal-ball-omegles-future-unveiled/ HTTP/1.0" 200 89572 "https://vattusacky.vn/a-look-into-the-crystal-ball-omegles-future-unveiled" "Mozilla/5.0 AppleWebKit/537.36 (KHTML, like Gecko; compatible; ClaudeBot/1.0; +claudebot@anthropic.com)"
216.73.216.162 - - [06/Sep/2025:05:14:13 +0700] "GET /author/yanz/page/303 HTTP/1.0" 301 419 "-" "Mozilla/5.0 AppleWebKit/537.36 (KHTML, like Gecko; compatible; ClaudeBot/1.0; +claudebot@anthropic.com)"
216.73.216.162 - - [06/Sep/2025:05:14:15 +0700] "GET /author/yanz/page/303/ HTTP/1.0" 200 77879 "https://vattusacky.vn/author/yanz/page/303" "Mozilla/5.0 AppleWebKit/537.36 (KHTML, like Gecko; compatible; ClaudeBot/1.0; +claudebot@anthropic.com)"
45.117.177.72 - - [06/Sep/2025:05:14:18 +0700] "POST /wp-cron.php?doing_wp_cron=1757110458.5501630306243896484375 HTTP/1.0" 200 416 "-" "WordPress/6.8.1; https://vattusacky.vn"
216.73.216.162 - - [06/Sep/2025:05:14:17 +0700] "GET /3823-2 HTTP/1.0" 301 405 "-" "Mozilla/5.0 AppleWebKit/537.36 (KHTML, like Gecko; compatible; ClaudeBot/1.0; +claudebot@anthropic.com)"
216.73.216.162 - - [06/Sep/2025:05:14:19 +0700] "GET /3823-2/ HTTP/1.0" 200 205676 "https://vattusacky.vn/3823-2" "Mozilla/5.0 AppleWebKit/537.36 (KHTML, like Gecko; compatible; ClaudeBot/1.0; +claudebot@anthropic.com)"
216.73.216.162 - - [06/Sep/2025:05:14:21 +0700] "GET /1xbet-app-obtain-apk-for-android-ios-home-windows-29 HTTP/1.0" 301 497 "-" "Mozilla/5.0 AppleWebKit/537.36 (KHTML, like Gecko; compatible; ClaudeBot/1.0; +claudebot@anthropic.com)"
216.73.216.162 - - [06/Sep/2025:05:14:23 +0700] "GET /1xbet-app-obtain-apk-for-android-ios-home-windows-29/ HTTP/1.0" 200 113739 "https://vattusacky.vn/1xbet-app-obtain-apk-for-android-ios-home-windows-29" "Mozilla/5.0 AppleWebKit/537.36 (KHTML, like Gecko; compatible; ClaudeBot/1.0; +claudebot@anthropic.com)"
216.73.216.162 - - [06/Sep/2025:05:14:25 +0700] "GET /author/yanz/page/420 HTTP/1.0" 301 419 "-" "Mozilla/5.0 AppleWebKit/537.36 (KHTML, like Gecko; compatible; ClaudeBot/1.0; +claudebot@anthropic.com)"
216.73.216.162 - - [06/Sep/2025:05:14:27 +0700] "GET /author/yanz/page/420/ HTTP/1.0" 200 298469 "https://vattusacky.vn/author/yanz/page/420" "Mozilla/5.0 AppleWebKit/537.36 (KHTML, like Gecko; compatible; ClaudeBot/1.0; +claudebot@anthropic.com)"
216.73.216.162 - - [06/Sep/2025:05:14:31 +0700] "GET /author/yanz/page/373 HTTP/1.0" 301 419 "-" "Mozilla/5.0 AppleWebKit/537.36 (KHTML, like Gecko; compatible; ClaudeBot/1.0; +claudebot@anthropic.com)"
216.73.216.162 - - [06/Sep/2025:05:14:32 +0700] "GET /author/yanz/page/373/ HTTP/1.0" 200 79576 "https://vattusacky.vn/author/yanz/page/373" "Mozilla/5.0 AppleWebKit/537.36 (KHTML, like Gecko; compatible; ClaudeBot/1.0; +claudebot@anthropic.com)"
45.117.177.72 - - [06/Sep/2025:05:15:22 +0700] "POST /wp-cron.php?doing_wp_cron=1757110522.3709449768066406250000 HTTP/1.0" 200 416 "-" "WordPress/6.8.1; https://vattusacky.vn"
216.73.216.162 - - [06/Sep/2025:05:15:21 +0700] "GET /a-glimpse-into-diverse-perspectives-on-omegle/feed HTTP/1.0" 301 739 "-" "Mozilla/5.0 AppleWebKit/537.36 (KHTML, like Gecko; compatible; ClaudeBot/1.0; +claudebot@anthropic.com)"
216.73.216.162 - - [06/Sep/2025:05:15:22 +0700] "GET /a-glimpse-into-diverse-perspectives-on-omegle/feed/ HTTP/1.0" 200 1586 "https://vattusacky.vn/a-glimpse-into-diverse-perspectives-on-omegle/feed" "Mozilla/5.0 AppleWebKit/537.36 (KHTML, like Gecko; compatible; ClaudeBot/1.0; +claudebot@anthropic.com)"
135.181.79.90 - - [06/Sep/2025:05:15:25 +0700] "GET /using-marijuana-147/ HTTP/1.0" 200 207154 "https://vattusacky.vn/using-marijuana-147/" "Mozilla/5.0 (Windows NT 10.0; Win64; x64) AppleWebKit/537.36 (KHTML, like Gecko) Chrome/131.0.0.0 Safari/537.36 Avast/131.0.0.0"
18.215.24.66 - - [06/Sep/2025:05:15:45 +0700] "GET /how-to-write-a-good-research-paper/ HTTP/1.0" 200 206089 "-" "Mozilla/5.0 AppleWebKit/537.36 (KHTML, like Gecko; compatible; Amazonbot/0.1; +https://developer.amazon.com/support/amazonbot) Chrome/119.0.6045.214 Safari/537.36"
52.73.6.26 - - [06/Sep/2025:05:15:49 +0700] "GET /the-right-way-to-communicate-in-marriage/ HTTP/1.0" 200 207778 "-" "Mozilla/5.0 AppleWebKit/537.36 (KHTML, like Gecko; compatible; Amazonbot/0.1; +https://developer.amazon.com/support/amazonbot) Chrome/119.0.6045.214 Safari/537.36"
44.210.213.220 - - [06/Sep/2025:05:15:53 +0700] "GET /tips-on-how-to-plan-an-engagement-party/ HTTP/1.0" 200 207864 "-" "Mozilla/5.0 AppleWebKit/537.36 (KHTML, like Gecko; compatible; Amazonbot/0.1; +https://developer.amazon.com/support/amazonbot) Chrome/119.0.6045.214 Safari/537.36"
216.73.216.162 - - [06/Sep/2025:05:15:54 +0700] "GET /?p=4792 HTTP/1.0" 301 618 "-" "Mozilla/5.0 AppleWebKit/537.36 (KHTML, like Gecko; compatible; ClaudeBot/1.0; +claudebot@anthropic.com)"
216.73.216.162 - - [06/Sep/2025:05:15:56 +0700] "GET /database-management-systems/ HTTP/1.0" 200 205101 "https://vattusacky.vn/?p=4792" "Mozilla/5.0 AppleWebKit/537.36 (KHTML, like Gecko; compatible; ClaudeBot/1.0; +claudebot@anthropic.com)"
34.195.248.30 - - [06/Sep/2025:05:15:57 +0700] "GET /glenjiko-3/ HTTP/1.0" 200 203248 "-" "Mozilla/5.0 AppleWebKit/537.36 (KHTML, like Gecko; compatible; Amazonbot/0.1; +https://developer.amazon.com/support/amazonbot) Chrome/119.0.6045.214 Safari/537.36"
100.29.155.89 - - [06/Sep/2025:05:16:02 +0700] "GET /internet-dating-international/ HTTP/1.0" 200 74650 "-" "Mozilla/5.0 AppleWebKit/537.36 (KHTML, like Gecko; compatible; Amazonbot/0.1; +https://developer.amazon.com/support/amazonbot) Chrome/119.0.6045.214 Safari/537.36"
44.205.180.155 - - [06/Sep/2025:05:16:05 +0700] "GET /how-to-compare-mother-board-of-company-directors-software/ HTTP/1.0" 200 205963 "-" "Mozilla/5.0 AppleWebKit/537.36 (KHTML, like Gecko; compatible; Amazonbot/0.1; +https://developer.amazon.com/support/amazonbot) Chrome/119.0.6045.214 Safari/537.36"
52.70.123.241 - - [06/Sep/2025:05:16:09 +0700] "GET /true-mail-buy-brides-discover-stunning-mail-order-sweetheart-online/ HTTP/1.0" 200 211457 "-" "Mozilla/5.0 AppleWebKit/537.36 (KHTML, like Gecko; compatible; Amazonbot/0.1; +https://developer.amazon.com/support/amazonbot) Chrome/119.0.6045.214 Safari/537.36"
45.117.177.72 - - [06/Sep/2025:05:16:44 +0700] "POST /wp-cron.php?doing_wp_cron=1757110603.9205629825592041015625 HTTP/1.0" 200 416 "-" "WordPress/6.8.1; https://vattusacky.vn"
185.191.171.4 - - [06/Sep/2025:05:16:42 +0700] "GET /types-of-corporate-governance/ HTTP/1.0" 200 205481 "-" "Mozilla/5.0 (compatible; SemrushBot/7~bl; +http://www.semrush.com/bot.html)"
45.117.177.72 - - [06/Sep/2025:05:17:41 +0700] "POST /wp-cron.php?doing_wp_cron=1757110661.4694309234619140625000 HTTP/1.0" 200 416 "-" "WordPress/6.8.1; https://vattusacky.vn"
216.73.216.162 - - [06/Sep/2025:05:17:40 +0700] "GET /?p=4109 HTTP/1.0" 301 624 "-" "Mozilla/5.0 AppleWebKit/537.36 (KHTML, like Gecko; compatible; ClaudeBot/1.0; +claudebot@anthropic.com)"
216.73.216.162 - - [06/Sep/2025:05:17:41 +0700] "GET /aws-cloud-ownership-framework-aws/ HTTP/1.0" 200 205244 "https://vattusacky.vn/?p=4109" "Mozilla/5.0 AppleWebKit/537.36 (KHTML, like Gecko; compatible; ClaudeBot/1.0; +claudebot@anthropic.com)"
216.73.216.162 - - [06/Sep/2025:05:17:44 +0700] "GET /aws-cloud-ownership-framework-aws/feed HTTP/1.0" 301 581 "-" "Mozilla/5.0 AppleWebKit/537.36 (KHTML, like Gecko; compatible; ClaudeBot/1.0; +claudebot@anthropic.com)"
216.73.216.162 - - [06/Sep/2025:05:17:45 +0700] "GET /aws-cloud-ownership-framework-aws/feed/ HTTP/1.0" 200 1550 "https://vattusacky.vn/aws-cloud-ownership-framework-aws/feed" "Mozilla/5.0 AppleWebKit/537.36 (KHTML, like Gecko; compatible; ClaudeBot/1.0; +claudebot@anthropic.com)"
45.117.177.72 - - [06/Sep/2025:05:19:32 +0700] "POST /wp-cron.php?doing_wp_cron=1757110772.5046689510345458984375 HTTP/1.0" 200 416 "-" "WordPress/6.8.1; https://vattusacky.vn"
216.73.216.162 - - [06/Sep/2025:05:19:31 +0700] "GET /?p=6094 HTTP/1.0" 301 636 "-" "Mozilla/5.0 AppleWebKit/537.36 (KHTML, like Gecko; compatible; ClaudeBot/1.0; +claudebot@anthropic.com)"
216.73.216.162 - - [06/Sep/2025:05:19:33 +0700] "GET /a-glimpse-into-diverse-perspectives-on-omegle/ HTTP/1.0" 200 90173 "https://vattusacky.vn/?p=6094" "Mozilla/5.0 AppleWebKit/537.36 (KHTML, like Gecko; compatible; ClaudeBot/1.0; +claudebot@anthropic.com)"
216.73.216.162 - - [06/Sep/2025:05:19:35 +0700] "GET /category/dll-missing-errors/feed HTTP/1.0" 301 529 "-" "Mozilla/5.0 AppleWebKit/537.36 (KHTML, like Gecko; compatible; ClaudeBot/1.0; +claudebot@anthropic.com)"
216.73.216.162 - - [06/Sep/2025:05:19:37 +0700] "GET /category/dll-missing-errors/feed/ HTTP/1.0" 200 147839 "https://vattusacky.vn/category/dll-missing-errors/feed" "Mozilla/5.0 AppleWebKit/537.36 (KHTML, like Gecko; compatible; ClaudeBot/1.0; +claudebot@anthropic.com)"
51.222.168.101 - - [06/Sep/2025:05:19:59 +0700] "GET /author/yanz/page/290/ HTTP/1.0" 200 76541 "-" "Mozilla/5.0 (compatible; AhrefsBot/7.0; +http://ahrefs.com/robot/)"
45.117.177.72 - - [06/Sep/2025:05:21:30 +0700] "POST /wp-cron.php?doing_wp_cron=1757110890.1400060653686523437500 HTTP/1.0" 200 416 "-" "WordPress/6.8.1; https://vattusacky.vn"
216.73.216.162 - - [06/Sep/2025:05:21:28 +0700] "GET /?p=2747 HTTP/1.0" 301 572 "-" "Mozilla/5.0 AppleWebKit/537.36 (KHTML, like Gecko; compatible; ClaudeBot/1.0; +claudebot@anthropic.com)"
216.73.216.162 - - [06/Sep/2025:05:21:30 +0700] "GET /how-to-write-a-custom-essay/ HTTP/1.0" 200 205496 "https://vattusacky.vn/?p=2747" "Mozilla/5.0 AppleWebKit/537.36 (KHTML, like Gecko; compatible; ClaudeBot/1.0; +claudebot@anthropic.com)"
216.73.216.162 - - [06/Sep/2025:05:21:33 +0700] "GET /category/csgo/feed HTTP/1.0" 301 515 "-" "Mozilla/5.0 AppleWebKit/537.36 (KHTML, like Gecko; compatible; ClaudeBot/1.0; +claudebot@anthropic.com)"
216.73.216.162 - - [06/Sep/2025:05:21:35 +0700] "GET /category/csgo/feed/ HTTP/1.0" 200 150891 "https://vattusacky.vn/category/csgo/feed" "Mozilla/5.0 AppleWebKit/537.36 (KHTML, like Gecko; compatible; ClaudeBot/1.0; +claudebot@anthropic.com)"
45.117.177.72 - - [06/Sep/2025:05:23:24 +0700] "POST /wp-cron.php?doing_wp_cron=1757111004.7340869903564453125000 HTTP/1.0" 200 416 "-" "WordPress/6.8.1; https://vattusacky.vn"
87.250.224.233 - - [06/Sep/2025:05:23:23 +0700] "GET /category/bukmacherzy-online/ HTTP/1.0" 200 58866 "-" "Mozilla/5.0 (compatible; YandexBot/3.0; +http://yandex.com/bots)"
216.73.216.162 - - [06/Sep/2025:05:23:41 +0700] "GET /database-management-systems/feed HTTP/1.0" 301 721 "-" "Mozilla/5.0 AppleWebKit/537.36 (KHTML, like Gecko; compatible; ClaudeBot/1.0; +claudebot@anthropic.com)"
45.117.177.72 - - [06/Sep/2025:05:26:44 +0700] "POST /wp-cron.php?doing_wp_cron=1757111204.4492440223693847656250 HTTP/1.0" 200 416 "-" "WordPress/6.8.1; https://vattusacky.vn"
217.113.194.75 - - [06/Sep/2025:05:26:43 +0700] "GET /san-pham/noi-hap-tiet-trung-32-lit-kt-30s/feed/ HTTP/1.0" 200 1676 "-" "Mozilla/5.0 (compatible; Barkrowler/0.9; +https://babbar.tech/crawler)"
52.167.144.17 - - [06/Sep/2025:05:26:52 +0700] "GET /lam-the-nao-de-co-duoc-mot-https-vaytienuytin24h-com-app-robocash-progress-don-gian-voi-viet-nam/ HTTP/1.0" 200 211223 "-" "Mozilla/5.0 AppleWebKit/537.36 (KHTML, like Gecko; compatible; bingbot/2.0; +http://www.bing.com/bingbot.htm) Chrome/116.0.1938.76 Safari/537.36"
217.113.194.81 - - [06/Sep/2025:05:27:04 +0700] "GET /san-pham/thiet-bi-tao-ion-chong-tinh-dien/feed/ HTTP/1.0" 200 1679 "-" "Mozilla/5.0 (compatible; Barkrowler/0.9; +https://babbar.tech/crawler)"
45.117.177.72 - - [06/Sep/2025:05:27:25 +0700] "POST /wp-cron.php?doing_wp_cron=1757111245.0006530284881591796875 HTTP/1.0" 200 416 "-" "WordPress/6.8.1; https://vattusacky.vn"
217.113.194.72 - - [06/Sep/2025:05:27:23 +0700] "GET /san-pham/may-sac-ki-ion-ic-ionus-membrapure/feed/ HTTP/1.0" 200 1727 "-" "Mozilla/5.0 (compatible; Barkrowler/0.9; +https://babbar.tech/crawler)"
217.113.194.77 - - [06/Sep/2025:05:27:44 +0700] "GET /san-pham/do-on-phan-tich-dai-tan-so-type-6236/ HTTP/1.0" 200 264494 "-" "Mozilla/5.0 (compatible; Barkrowler/0.9; +https://babbar.tech/crawler)"
217.113.194.80 - - [06/Sep/2025:05:28:15 +0700] "GET /language-and-cultural-differences-on-omegle-challenges-and-opportunities/feed/ HTTP/1.0" 200 1813 "-" "Mozilla/5.0 (compatible; Barkrowler/0.9; +https://babbar.tech/crawler)"
15.235.96.51 - - [06/Sep/2025:05:28:15 +0700] "GET /category/uncategorized/page/310/ HTTP/1.0" 200 76741 "-" "Mozilla/5.0 (compatible; AhrefsBot/7.0; +http://ahrefs.com/robot/)"
45.117.177.72 - - [06/Sep/2025:05:28:36 +0700] "POST /wp-cron.php?doing_wp_cron=1757111316.6550810337066650390625 HTTP/1.0" 200 416 "-" "WordPress/6.8.1; https://vattusacky.vn"
217.113.194.72 - - [06/Sep/2025:05:28:35 +0700] "GET /language-learning-opportunities-on-omegle-and-ometv/feed/ HTTP/1.0" 200 1750 "-" "Mozilla/5.0 (compatible; Barkrowler/0.9; +https://babbar.tech/crawler)"
217.113.194.73 - - [06/Sep/2025:05:28:55 +0700] "GET /mostbet-casino-shirokij-vybor-igrovyh-slotov-2/ HTTP/1.0" 200 95295 "-" "Mozilla/5.0 (compatible; Barkrowler/0.9; +https://babbar.tech/crawler)"
45.117.177.72 - - [06/Sep/2025:05:29:20 +0700] "POST /wp-cron.php?doing_wp_cron=1757111360.1643240451812744140625 HTTP/1.0" 200 416 "-" "WordPress/6.8.1; https://vattusacky.vn"
217.113.194.217 - - [06/Sep/2025:05:29:19 +0700] "GET /drip-casino-igraj-na-aktualnom-zerkale-kazino/feed/ HTTP/1.0" 200 1792 "-" "Mozilla/5.0 (compatible; Barkrowler/0.9; +https://babbar.tech/crawler)"
217.113.194.78 - - [06/Sep/2025:05:29:37 +0700] "GET /drip-casino-bonus-na-pervyj-depozit-rabochee/feed/ HTTP/1.0" 200 1785 "-" "Mozilla/5.0 (compatible; Barkrowler/0.9; +https://babbar.tech/crawler)"
217.113.194.75 - - [06/Sep/2025:05:29:56 +0700] "GET /impact-of-omegle-addiction-on-mental-health-consequences-and-risks/feed/ HTTP/1.0" 200 1795 "-" "Mozilla/5.0 (compatible; Barkrowler/0.9; +https://babbar.tech/crawler)"
217.113.194.77 - - [06/Sep/2025:05:30:14 +0700] "GET /understanding-the-risks-of-sharing-personal-information-on-ometv/feed/ HTTP/1.0" 200 1789 "-" "Mozilla/5.0 (compatible; Barkrowler/0.9; +https://babbar.tech/crawler)"
45.117.177.72 - - [06/Sep/2025:05:30:33 +0700] "POST /wp-cron.php?doing_wp_cron=1757111433.6992208957672119140625 HTTP/1.0" 200 416 "-" "WordPress/6.8.1; https://vattusacky.vn"
217.113.194.77 - - [06/Sep/2025:05:30:32 +0700] "GET /understanding-the-language-options-of-omegle-and-ometv/feed/ HTTP/1.0" 200 1759 "-" "Mozilla/5.0 (compatible; Barkrowler/0.9; +https://babbar.tech/crawler)"
217.113.194.80 - - [06/Sep/2025:05:30:51 +0700] "GET /understanding-the-dark-side-of-omegle-protecting-your-digital-footprint/feed/ HTTP/1.0" 200 1810 "-" "Mozilla/5.0 (compatible; Barkrowler/0.9; +https://babbar.tech/crawler)"
78.142.63.33 - - [06/Sep/2025:05:31:08 +0700] "GET /wp-login.php HTTP/1.0" 200 11388 "-" "Mozilla/5.0 (X11; Ubuntu; Linux x86_64; rv:85.0) Gecko/20100101 Firefox/91.0"
78.142.63.33 - - [06/Sep/2025:05:31:10 +0700] "POST /wp-login.php HTTP/1.0" 200 11730 "-" "Mozilla/5.0 (X11; Ubuntu; Linux x86_64; rv:85.0) Gecko/20100101 Firefox/91.0"
217.113.194.78 - - [06/Sep/2025:05:31:12 +0700] "GET /understanding-the-pairing-process-on-omegle-and-ometv/feed/ HTTP/1.0" 200 1756 "-" "Mozilla/5.0 (compatible; Barkrowler/0.9; +https://babbar.tech/crawler)"
45.117.177.72 - - [06/Sep/2025:05:31:35 +0700] "POST /wp-cron.php?doing_wp_cron=1757111495.2771248817443847656250 HTTP/1.0" 200 416 "-" "WordPress/6.8.1; https://vattusacky.vn"
217.113.194.79 - - [06/Sep/2025:05:31:34 +0700] "GET /understanding-the-features-and-functions-of-omegle-and-ometv/feed/ HTTP/1.0" 200 1777 "-" "Mozilla/5.0 (compatible; Barkrowler/0.9; +https://babbar.tech/crawler)"
217.113.194.73 - - [06/Sep/2025:05:31:52 +0700] "GET /understanding-the-hidden-motives-psychological-experiments-on-omegle/feed/ HTTP/1.0" 200 1801 "-" "Mozilla/5.0 (compatible; Barkrowler/0.9; +https://babbar.tech/crawler)"
