45.117.177.72 - - [06/Sep/2025:14:33:23 +0700] "POST /wp-cron.php?doing_wp_cron=1757144003.5432019233703613281250 HTTP/1.0" 200 416 "-" "WordPress/6.8.1; https://vattusacky.vn"
217.113.194.217 - - [06/Sep/2025:14:33:22 +0700] "GET /breaking-down-communication-barriers-on-omegle-strategies-for-effective-conversations/feed/ HTTP/1.0" 200 1852 "-" "Mozilla/5.0 (compatible; Barkrowler/0.9; +https://babbar.tech/crawler)"
20.171.207.79 - - [06/Sep/2025:14:33:23 +0700] "GET /?p=8084 HTTP/1.0" 301 661 "-" "Mozilla/5.0 AppleWebKit/537.36 (KHTML, like Gecko; compatible; GPTBot/1.2; +https://openai.com/gptbot)"
20.171.207.79 - - [06/Sep/2025:14:33:24 +0700] "GET /privacy-and-safety-precautions-ensuring-a-secure-environment-on-omegle/ HTTP/1.0" 200 83263 "-" "Mozilla/5.0 AppleWebKit/537.36 (KHTML, like Gecko; compatible; GPTBot/1.2; +https://openai.com/gptbot)"
217.113.194.78 - - [06/Sep/2025:14:33:43 +0700] "GET /findo-progress-cai-vaygap-tien-te-bao-co-su-khac-biet/ HTTP/1.0" 200 207412 "-" "Mozilla/5.0 (compatible; Barkrowler/0.9; +https://babbar.tech/crawler)"
45.117.177.72 - - [06/Sep/2025:14:34:33 +0700] "POST /wp-cron.php?doing_wp_cron=1757144072.9894680976867675781250 HTTP/1.0" 200 416 "-" "WordPress/6.8.1; https://vattusacky.vn"
217.113.194.78 - - [06/Sep/2025:14:34:30 +0700] "GET /the-most-hidden-secrets-about-online-slot-machines-that-most-people-dont-understand/ HTTP/1.0" 200 75324 "-" "Mozilla/5.0 (compatible; Barkrowler/0.9; +https://babbar.tech/crawler)"
217.113.194.78 - - [06/Sep/2025:14:34:54 +0700] "GET /the-concept-of-virtual-serendipity-understanding-omegles-random-connections/ HTTP/1.0" 200 92053 "-" "Mozilla/5.0 (compatible; Barkrowler/0.9; +https://babbar.tech/crawler)"
45.117.177.72 - - [06/Sep/2025:14:35:23 +0700] "POST /wp-cron.php?doing_wp_cron=1757144123.3010179996490478515625 HTTP/1.0" 200 416 "-" "WordPress/6.8.1; https://vattusacky.vn"
217.113.194.78 - - [06/Sep/2025:14:35:21 +0700] "GET /the-intricacies-of-omegle-decoding-its-irresistible-charm/feed/ HTTP/1.0" 200 1768 "-" "Mozilla/5.0 (compatible; Barkrowler/0.9; +https://babbar.tech/crawler)"
20.171.207.79 - - [06/Sep/2025:14:35:27 +0700] "GET /?p=8816 HTTP/1.0" 301 508 "-" "Mozilla/5.0 AppleWebKit/537.36 (KHTML, like Gecko; compatible; GPTBot/1.2; +https://openai.com/gptbot)"
20.171.207.79 - - [06/Sep/2025:14:35:30 +0700] "GET /the-role-of-artificial-intelligence-in-omegles-privacy-measures/ HTTP/1.0" 200 74657 "-" "Mozilla/5.0 AppleWebKit/537.36 (KHTML, like Gecko; compatible; GPTBot/1.2; +https://openai.com/gptbot)"
154.54.249.200 - - [06/Sep/2025:14:35:41 +0700] "GET /the-intriguing-world-of-mind-games-on-omegle-psychological-exploration/feed/ HTTP/1.0" 200 1807 "-" "Mozilla/5.0 (compatible; Barkrowler/0.9; +https://babbar.tech/crawler)"
217.113.194.78 - - [06/Sep/2025:14:36:01 +0700] "GET /the-interplay-between-chance-and-choice-in-omegles-cosmic-connections/feed/ HTTP/1.0" 200 1804 "-" "Mozilla/5.0 (compatible; Barkrowler/0.9; +https://babbar.tech/crawler)"
45.117.177.72 - - [06/Sep/2025:14:36:23 +0700] "POST /wp-cron.php?doing_wp_cron=1757144183.2734971046447753906250 HTTP/1.0" 200 416 "-" "WordPress/6.8.1; https://vattusacky.vn"
217.113.194.73 - - [06/Sep/2025:14:36:20 +0700] "GET /the-role-of-networking-in-expanding-cultural-awareness-on-omegle-and-ometv/ HTTP/1.0" 200 93452 "-" "Mozilla/5.0 (compatible; Barkrowler/0.9; +https://babbar.tech/crawler)"
217.113.194.77 - - [06/Sep/2025:14:36:49 +0700] "GET /the-role-of-networking-in-building-self-awareness-on-omegle-and-ometv/feed/ HTTP/1.0" 200 1804 "-" "Mozilla/5.0 (compatible; Barkrowler/0.9; +https://babbar.tech/crawler)"
217.113.194.81 - - [06/Sep/2025:14:37:10 +0700] "GET /the-role-of-omegle-in-combating-social-alienation-and-exclusion/feed/ HTTP/1.0" 200 1786 "-" "Mozilla/5.0 (compatible; Barkrowler/0.9; +https://babbar.tech/crawler)"
45.117.177.72 - - [06/Sep/2025:14:37:33 +0700] "POST /wp-cron.php?doing_wp_cron=1757144253.4196898937225341796875 HTTP/1.0" 200 416 "-" "WordPress/6.8.1; https://vattusacky.vn"
217.113.194.74 - - [06/Sep/2025:14:37:31 +0700] "GET /the-role-of-omegle-in-the-digital-age-connecting-people-from-all-over-the-world/feed/ HTTP/1.0" 200 1834 "-" "Mozilla/5.0 (compatible; Barkrowler/0.9; +https://babbar.tech/crawler)"
217.113.194.73 - - [06/Sep/2025:14:37:54 +0700] "GET /the-role-of-omegle-in-breaking-stereotypes-and-challenging-prejudices/ HTTP/1.0" 200 93418 "-" "Mozilla/5.0 (compatible; Barkrowler/0.9; +https://babbar.tech/crawler)"
45.117.177.72 - - [06/Sep/2025:14:38:27 +0700] "POST /wp-cron.php?doing_wp_cron=1757144307.5454618930816650390625 HTTP/1.0" 200 416 "-" "WordPress/6.8.1; https://vattusacky.vn"
217.113.194.73 - - [06/Sep/2025:14:38:25 +0700] "GET /the-role-of-active-listening-on-omegle-enhancing-communication-on-the-platform/feed/ HTTP/1.0" 200 1831 "-" "Mozilla/5.0 (compatible; Barkrowler/0.9; +https://babbar.tech/crawler)"
217.113.194.78 - - [06/Sep/2025:14:38:48 +0700] "GET /the-role-of-algorithms-in-connecting-users-on-omegle-and-ometv/feed/ HTTP/1.0" 200 1783 "-" "Mozilla/5.0 (compatible; Barkrowler/0.9; +https://babbar.tech/crawler)"
20.171.207.79 - - [06/Sep/2025:14:39:03 +0700] "GET /how-to-avoid-inappropriate-content-on-chatroulette-and-omegle/ HTTP/1.0" 200 94400 "-" "Mozilla/5.0 AppleWebKit/537.36 (KHTML, like Gecko; compatible; GPTBot/1.2; +https://openai.com/gptbot)"
217.113.194.81 - - [06/Sep/2025:14:39:10 +0700] "GET /the-role-of-patience-in-omegle-conversations-nurturing-long-lasting-connections/ HTTP/1.0" 200 91998 "-" "Mozilla/5.0 (compatible; Barkrowler/0.9; +https://babbar.tech/crawler)"
45.117.177.72 - - [06/Sep/2025:14:40:57 +0700] "POST /wp-cron.php?doing_wp_cron=1757144457.3510849475860595703125 HTTP/1.0" 200 416 "-" "WordPress/6.8.1; https://vattusacky.vn"
112.196.0.228 - - [06/Sep/2025:14:40:54 +0700] "GET /wp-login.php HTTP/1.0" 200 11388 "-" "Mozilla/5.0 (X11; Ubuntu; Linux x86_64; rv:85.0) Gecko/20100101 Firefox/91.0"
112.196.0.228 - - [06/Sep/2025:14:40:58 +0700] "POST /wp-login.php HTTP/1.0" 200 11730 "-" "Mozilla/5.0 (X11; Ubuntu; Linux x86_64; rv:85.0) Gecko/20100101 Firefox/91.0"
45.117.177.72 - - [06/Sep/2025:14:41:22 +0700] "POST /wp-cron.php?doing_wp_cron=1757144482.3326740264892578125000 HTTP/1.0" 200 416 "-" "WordPress/6.8.1; https://vattusacky.vn"
20.171.207.79 - - [06/Sep/2025:14:41:20 +0700] "GET /navigating-the-risks-on-omegle-preserving-your-digital-privacy/ HTTP/1.0" 200 89870 "-" "Mozilla/5.0 AppleWebKit/537.36 (KHTML, like Gecko; compatible; GPTBot/1.2; +https://openai.com/gptbot)"
85.208.96.206 - - [06/Sep/2025:14:42:05 +0700] "GET /very-best-online-casinos-in-australia-43/ HTTP/1.0" 200 80070 "-" "Mozilla/5.0 (compatible; SemrushBot/7~bl; +http://www.semrush.com/bot.html)"
45.117.177.72 - - [06/Sep/2025:14:43:10 +0700] "POST /wp-cron.php?doing_wp_cron=1757144590.2603189945220947265625 HTTP/1.0" 200 416 "-" "WordPress/6.8.1; https://vattusacky.vn"
20.171.207.79 - - [06/Sep/2025:14:43:07 +0700] "GET /the-emotional-labor-of-online-intimacy-balancing-authenticity-and-privacy-on-omegle/ HTTP/1.0" 200 92046 "-" "Mozilla/5.0 AppleWebKit/537.36 (KHTML, like Gecko; compatible; GPTBot/1.2; +https://openai.com/gptbot)"
45.117.177.72 - - [06/Sep/2025:14:44:00 +0700] "POST /wp-cron.php?doing_wp_cron=1757144640.0525000095367431640625 HTTP/1.0" 200 416 "-" "WordPress/6.8.1; https://vattusacky.vn"
216.73.216.162 - - [06/Sep/2025:14:43:58 +0700] "GET /robots.txt HTTP/1.0" 200 984 "-" "Mozilla/5.0 AppleWebKit/537.36 (KHTML, like Gecko; compatible; ClaudeBot/1.0; +claudebot@anthropic.com)"
216.73.216.162 - - [06/Sep/2025:14:44:00 +0700] "GET /sitemap_index.xml HTTP/1.0" 200 2280 "-" "Mozilla/5.0 AppleWebKit/537.36 (KHTML, like Gecko; compatible; ClaudeBot/1.0; +claudebot@anthropic.com)"
216.73.216.162 - - [06/Sep/2025:14:44:01 +0700] "GET /?p=3669 HTTP/1.0" 301 458 "-" "Mozilla/5.0 AppleWebKit/537.36 (KHTML, like Gecko; compatible; ClaudeBot/1.0; +claudebot@anthropic.com)"
216.73.216.162 - - [06/Sep/2025:14:44:04 +0700] "GET /hello-world-7/ HTTP/1.0" 200 203109 "https://vattusacky.vn/?p=3669" "Mozilla/5.0 AppleWebKit/537.36 (KHTML, like Gecko; compatible; ClaudeBot/1.0; +claudebot@anthropic.com)"
216.73.216.162 - - [06/Sep/2025:14:44:04 +0700] "GET /tips-on-how-to-use-1xbets-app-to-guess-on-esports-14/feed HTTP/1.0" 301 600 "-" "Mozilla/5.0 AppleWebKit/537.36 (KHTML, like Gecko; compatible; ClaudeBot/1.0; +claudebot@anthropic.com)"
216.73.216.162 - - [06/Sep/2025:14:44:08 +0700] "GET /tips-on-how-to-use-1xbets-app-to-guess-on-esports-14/feed/ HTTP/1.0" 200 1605 "https://vattusacky.vn/tips-on-how-to-use-1xbets-app-to-guess-on-esports-14/feed" "Mozilla/5.0 AppleWebKit/537.36 (KHTML, like Gecko; compatible; ClaudeBot/1.0; +claudebot@anthropic.com)"
216.73.216.162 - - [06/Sep/2025:14:44:08 +0700] "GET /study-tips-for-computer-science-students HTTP/1.0" 301 485 "-" "Mozilla/5.0 AppleWebKit/537.36 (KHTML, like Gecko; compatible; ClaudeBot/1.0; +claudebot@anthropic.com)"
216.73.216.162 - - [06/Sep/2025:14:44:10 +0700] "GET /study-tips-for-computer-science-students/ HTTP/1.0" 200 208848 "https://vattusacky.vn/study-tips-for-computer-science-students" "Mozilla/5.0 AppleWebKit/537.36 (KHTML, like Gecko; compatible; ClaudeBot/1.0; +claudebot@anthropic.com)"
216.73.216.162 - - [06/Sep/2025:14:44:45 +0700] "GET /building-a-responsible-online-community-on-omegle HTTP/1.0" 301 640 "-" "Mozilla/5.0 AppleWebKit/537.36 (KHTML, like Gecko; compatible; ClaudeBot/1.0; +claudebot@anthropic.com)"
45.117.177.72 - - [06/Sep/2025:14:44:50 +0700] "POST /wp-cron.php?doing_wp_cron=1757144689.6786139011383056640625 HTTP/1.0" 200 416 "-" "WordPress/6.8.1; https://vattusacky.vn"
216.73.216.162 - - [06/Sep/2025:14:44:45 +0700] "GET /?p=4274 HTTP/1.0" 301 607 "-" "Mozilla/5.0 AppleWebKit/537.36 (KHTML, like Gecko; compatible; ClaudeBot/1.0; +claudebot@anthropic.com)"
216.73.216.162 - - [06/Sep/2025:14:44:51 +0700] "GET /building-a-responsible-online-community-on-omegle/ HTTP/1.0" 503 42304 "https://vattusacky.vn/building-a-responsible-online-community-on-omegle" "Mozilla/5.0 AppleWebKit/537.36 (KHTML, like Gecko; compatible; ClaudeBot/1.0; +claudebot@anthropic.com)"
216.73.216.162 - - [06/Sep/2025:14:44:54 +0700] "GET /?p=4326 HTTP/1.0" 301 492 "-" "Mozilla/5.0 AppleWebKit/537.36 (KHTML, like Gecko; compatible; ClaudeBot/1.0; +claudebot@anthropic.com)"
216.73.216.162 - - [06/Sep/2025:14:44:53 +0700] "GET /avast-free-forum/ HTTP/1.0" 503 8456 "https://vattusacky.vn/?p=4274" "Mozilla/5.0 AppleWebKit/537.36 (KHTML, like Gecko; compatible; ClaudeBot/1.0; +claudebot@anthropic.com)"
216.73.216.162 - - [06/Sep/2025:14:44:54 +0700] "GET /?p=4459 HTTP/1.0" 301 496 "-" "Mozilla/5.0 AppleWebKit/537.36 (KHTML, like Gecko; compatible; ClaudeBot/1.0; +claudebot@anthropic.com)"
216.73.216.162 - - [06/Sep/2025:14:44:57 +0700] "GET /vavada-casino-demo-sloty-besplatno-avtomaty-i-2/ HTTP/1.0" 200 221128 "https://vattusacky.vn/?p=4326" "Mozilla/5.0 AppleWebKit/537.36 (KHTML, like Gecko; compatible; ClaudeBot/1.0; +claudebot@anthropic.com)"
216.73.216.162 - - [06/Sep/2025:14:44:58 +0700] "GET /1xbet-top-kazino-android-apk-ios-igrat-na-dengi-v-2/ HTTP/1.0" 200 223176 "https://vattusacky.vn/?p=4459" "Mozilla/5.0 AppleWebKit/537.36 (KHTML, like Gecko; compatible; ClaudeBot/1.0; +claudebot@anthropic.com)"
85.208.96.197 - - [06/Sep/2025:14:45:05 +0700] "GET /true-mail-buy-brides-discover-stunning-mail-order-sweetheart-online/ HTTP/1.0" 200 211457 "-" "Mozilla/5.0 (compatible; SemrushBot/7~bl; +http://www.semrush.com/bot.html)"
45.117.177.72 - - [06/Sep/2025:14:45:23 +0700] "POST /wp-cron.php?doing_wp_cron=1757144722.8092761039733886718750 HTTP/1.0" 200 416 "-" "WordPress/6.8.1; https://vattusacky.vn"
52.5.232.250 - - [06/Sep/2025:14:45:21 +0700] "GET /fundraising-due-diligence/ HTTP/1.0" 200 205780 "-" "Mozilla/5.0 AppleWebKit/537.36 (KHTML, like Gecko; compatible; Amazonbot/0.1; +https://developer.amazon.com/support/amazonbot) Chrome/119.0.6045.214 Safari/537.36"
52.21.62.139 - - [06/Sep/2025:14:45:26 +0700] "GET /home-oriented-american-woman/ HTTP/1.0" 200 206518 "-" "Mozilla/5.0 AppleWebKit/537.36 (KHTML, like Gecko; compatible; Amazonbot/0.1; +https://developer.amazon.com/support/amazonbot) Chrome/119.0.6045.214 Safari/537.36"
54.235.158.162 - - [06/Sep/2025:14:45:29 +0700] "GET /cach-ban-co-the-danh-gia-mot-chiec-https-vaysite-com-app-vay-tien-cash24-app-o-to-thiet-lap-tien-ve-phia-truoc/ HTTP/1.0" 200 211813 "-" "Mozilla/5.0 AppleWebKit/537.36 (KHTML, like Gecko; compatible; Amazonbot/0.1; +https://developer.amazon.com/support/amazonbot) Chrome/119.0.6045.214 Safari/537.36"
3.232.82.72 - - [06/Sep/2025:14:45:33 +0700] "GET /bitcoin-price-btc-price-index-live-chart-and-usd/how%20much%20is%20bitcoin%20in%20dollars HTTP/1.0" 404 70812 "-" "Mozilla/5.0 AppleWebKit/537.36 (KHTML, like Gecko; compatible; Amazonbot/0.1; +https://developer.amazon.com/support/amazonbot) Chrome/119.0.6045.214 Safari/537.36"
52.22.64.232 - - [06/Sep/2025:14:45:36 +0700] "GET /category/uncategorized/page/147/ HTTP/1.0" 200 77132 "-" "Mozilla/5.0 AppleWebKit/537.36 (KHTML, like Gecko; compatible; Amazonbot/0.1; +https://developer.amazon.com/support/amazonbot) Chrome/119.0.6045.214 Safari/537.36"
52.6.232.201 - - [06/Sep/2025:14:45:40 +0700] "GET /author/yanz/page/404/ HTTP/1.0" 200 76985 "-" "Mozilla/5.0 AppleWebKit/537.36 (KHTML, like Gecko; compatible; Amazonbot/0.1; +https://developer.amazon.com/support/amazonbot) Chrome/119.0.6045.214 Safari/537.36"
216.73.216.162 - - [06/Sep/2025:14:45:46 +0700] "GET /?p=2734 HTTP/1.0" 301 639 "-" "Mozilla/5.0 AppleWebKit/537.36 (KHTML, like Gecko; compatible; ClaudeBot/1.0; +claudebot@anthropic.com)"
216.73.216.162 - - [06/Sep/2025:14:45:46 +0700] "GET /?p=9388 HTTP/1.0" 301 638 "-" "Mozilla/5.0 AppleWebKit/537.36 (KHTML, like Gecko; compatible; ClaudeBot/1.0; +claudebot@anthropic.com)"
216.73.216.162 - - [06/Sep/2025:14:45:50 +0700] "GET /play-crazy-time-live-and-win-big-in-real-time-2/ HTTP/1.0" 200 84677 "https://vattusacky.vn/?p=9388" "Mozilla/5.0 AppleWebKit/537.36 (KHTML, like Gecko; compatible; ClaudeBot/1.0; +claudebot@anthropic.com)"
216.73.216.162 - - [06/Sep/2025:14:45:50 +0700] "GET /online-pokies-melbourne-for-actual-money-2023-57/ HTTP/1.0" 200 209358 "https://vattusacky.vn/?p=2734" "Mozilla/5.0 AppleWebKit/537.36 (KHTML, like Gecko; compatible; ClaudeBot/1.0; +claudebot@anthropic.com)"
216.244.66.237 - - [06/Sep/2025:14:45:52 +0700] "GET /the-future-of-online-connections-omegles-innovations/feed/ HTTP/1.0" 200 1753 "-" "Mozilla/5.0 (compatible; DotBot/1.2; +https://opensiteexplorer.org/dotbot; help@moz.com)"
216.73.216.162 - - [06/Sep/2025:14:45:53 +0700] "GET /?p=4584 HTTP/1.0" 301 498 "-" "Mozilla/5.0 AppleWebKit/537.36 (KHTML, like Gecko; compatible; ClaudeBot/1.0; +claudebot@anthropic.com)"
216.73.216.162 - - [06/Sep/2025:14:45:53 +0700] "GET /12-best-free-chatbot-live-chat-plugins-for HTTP/1.0" 301 487 "-" "Mozilla/5.0 AppleWebKit/537.36 (KHTML, like Gecko; compatible; ClaudeBot/1.0; +claudebot@anthropic.com)"
216.73.216.162 - - [06/Sep/2025:14:45:55 +0700] "GET /1xbet-sportsbook-review-claim-100-up-to-100-bonus-204/ HTTP/1.0" 200 240900 "https://vattusacky.vn/?p=4584" "Mozilla/5.0 AppleWebKit/537.36 (KHTML, like Gecko; compatible; ClaudeBot/1.0; +claudebot@anthropic.com)"
216.73.216.162 - - [06/Sep/2025:14:45:56 +0700] "GET /12-best-free-chatbot-live-chat-plugins-for/ HTTP/1.0" 200 255482 "https://vattusacky.vn/12-best-free-chatbot-live-chat-plugins-for" "Mozilla/5.0 AppleWebKit/537.36 (KHTML, like Gecko; compatible; ClaudeBot/1.0; +claudebot@anthropic.com)"
20.171.207.79 - - [06/Sep/2025:14:45:57 +0700] "GET /omegle-and-privacy-navigating-the-fine-line-between-anonymity-and-security/ HTTP/1.0" 200 91849 "-" "Mozilla/5.0 AppleWebKit/537.36 (KHTML, like Gecko; compatible; GPTBot/1.2; +https://openai.com/gptbot)"
45.117.177.72 - - [06/Sep/2025:14:46:25 +0700] "POST /wp-cron.php?doing_wp_cron=1757144785.0193738937377929687500 HTTP/1.0" 200 416 "-" "WordPress/6.8.1; https://vattusacky.vn"
85.208.96.199 - - [06/Sep/2025:14:46:22 +0700] "GET /brazils-lula-uses-womens-day-time-to-tout-new-spending-plans/ HTTP/1.0" 200 224379 "-" "Mozilla/5.0 (compatible; SemrushBot/7~bl; +http://www.semrush.com/bot.html)"
45.117.177.72 - - [06/Sep/2025:14:46:47 +0700] "POST /wp-cron.php?doing_wp_cron=1757144807.4256539344787597656250 HTTP/1.0" 200 416 "-" "WordPress/6.8.1; https://vattusacky.vn"
20.171.207.79 - - [06/Sep/2025:14:46:46 +0700] "GET /privacy-and-identity-an-examination-of-anonymity-and-authenticity-on-omegle/ HTTP/1.0" 200 90338 "-" "Mozilla/5.0 AppleWebKit/537.36 (KHTML, like Gecko; compatible; GPTBot/1.2; +https://openai.com/gptbot)"
185.191.171.14 - - [06/Sep/2025:14:47:04 +0700] "GET /a-relationship-using-a-korean-girl/ HTTP/1.0" 200 207873 "-" "Mozilla/5.0 (compatible; SemrushBot/7~bl; +http://www.semrush.com/bot.html)"
216.73.216.162 - - [06/Sep/2025:14:47:32 +0700] "GET /4606-2 HTTP/1.0" 301 551 "-" "Mozilla/5.0 AppleWebKit/537.36 (KHTML, like Gecko; compatible; ClaudeBot/1.0; +claudebot@anthropic.com)"
45.117.177.72 - - [06/Sep/2025:14:47:34 +0700] "POST /wp-cron.php?doing_wp_cron=1757144854.5421760082244873046875 HTTP/1.0" 200 416 "-" "WordPress/6.8.1; https://vattusacky.vn"
216.73.216.162 - - [06/Sep/2025:14:47:32 +0700] "GET /?p=4177 HTTP/1.0" 301 638 "-" "Mozilla/5.0 AppleWebKit/537.36 (KHTML, like Gecko; compatible; ClaudeBot/1.0; +claudebot@anthropic.com)"
216.73.216.162 - - [06/Sep/2025:14:47:35 +0700] "GET /4606-2/ HTTP/1.0" 200 206527 "https://vattusacky.vn/4606-2" "Mozilla/5.0 AppleWebKit/537.36 (KHTML, like Gecko; compatible; ClaudeBot/1.0; +claudebot@anthropic.com)"
216.73.216.162 - - [06/Sep/2025:14:47:37 +0700] "GET /aviator-video-games-and-best-aviator-betting-25/ HTTP/1.0" 200 239027 "https://vattusacky.vn/?p=4177" "Mozilla/5.0 AppleWebKit/537.36 (KHTML, like Gecko; compatible; ClaudeBot/1.0; +claudebot@anthropic.com)"
216.73.216.162 - - [06/Sep/2025:14:47:39 +0700] "GET /?p=2792 HTTP/1.0" 301 548 "-" "Mozilla/5.0 AppleWebKit/537.36 (KHTML, like Gecko; compatible; ClaudeBot/1.0; +claudebot@anthropic.com)"
216.73.216.162 - - [06/Sep/2025:14:47:42 +0700] "GET /category/slots777th-org/feed HTTP/1.0" 301 525 "-" "Mozilla/5.0 AppleWebKit/537.36 (KHTML, like Gecko; compatible; ClaudeBot/1.0; +claudebot@anthropic.com)"
216.73.216.162 - - [06/Sep/2025:14:47:43 +0700] "GET /publishers-choice-honor-chernobylwel-come-provides-adventurous-lovers-a-visit-they-will-always-remember/ HTTP/1.0" 200 213579 "https://vattusacky.vn/?p=2792" "Mozilla/5.0 AppleWebKit/537.36 (KHTML, like Gecko; compatible; ClaudeBot/1.0; +claudebot@anthropic.com)"
216.73.216.162 - - [06/Sep/2025:14:47:45 +0700] "GET /category/slots777th-org/feed/ HTTP/1.0" 200 201432 "https://vattusacky.vn/category/slots777th-org/feed" "Mozilla/5.0 AppleWebKit/537.36 (KHTML, like Gecko; compatible; ClaudeBot/1.0; +claudebot@anthropic.com)"
20.171.207.79 - - [06/Sep/2025:14:47:49 +0700] "GET /omegle-and-ometv-an-ethical-analysis-of-online-interaction/ HTTP/1.0" 200 91754 "-" "Mozilla/5.0 AppleWebKit/537.36 (KHTML, like Gecko; compatible; GPTBot/1.2; +https://openai.com/gptbot)"
87.250.224.8 - - [06/Sep/2025:14:48:07 +0700] "GET /robots.txt HTTP/1.0" 200 984 "-" "Mozilla/5.0 (compatible; YandexBot/3.0; +http://yandex.com/bots)"
216.73.216.162 - - [06/Sep/2025:14:48:11 +0700] "GET /?p=5716 HTTP/1.0" 301 643 "-" "Mozilla/5.0 AppleWebKit/537.36 (KHTML, like Gecko; compatible; ClaudeBot/1.0; +claudebot@anthropic.com)"
216.73.216.162 - - [06/Sep/2025:14:48:11 +0700] "GET /aviator-predictor-v1-94-apk-mod-2023-free-download-9-2 HTTP/1.0" 301 645 "-" "Mozilla/5.0 AppleWebKit/537.36 (KHTML, like Gecko; compatible; ClaudeBot/1.0; +claudebot@anthropic.com)"
216.73.216.162 - - [06/Sep/2025:14:48:14 +0700] "GET /tips-on-how-to-use-1xbets-app-to-guess-on-esports-14/ HTTP/1.0" 200 105388 "https://vattusacky.vn/?p=5716" "Mozilla/5.0 AppleWebKit/537.36 (KHTML, like Gecko; compatible; ClaudeBot/1.0; +claudebot@anthropic.com)"
45.117.177.72 - - [06/Sep/2025:14:48:18 +0700] "POST /wp-cron.php?doing_wp_cron=1757144898.3778789043426513671875 HTTP/1.0" 200 416 "-" "WordPress/6.8.1; https://vattusacky.vn"
216.73.216.162 - - [06/Sep/2025:14:48:15 +0700] "GET /aviator-predictor-v1-94-apk-mod-2023-free-download-9-2/ HTTP/1.0" 200 232123 "https://vattusacky.vn/aviator-predictor-v1-94-apk-mod-2023-free-download-9-2" "Mozilla/5.0 AppleWebKit/537.36 (KHTML, like Gecko; compatible; ClaudeBot/1.0; +claudebot@anthropic.com)"
216.73.216.162 - - [06/Sep/2025:14:48:17 +0700] "GET /?p=9490 HTTP/1.0" 301 491 "-" "Mozilla/5.0 AppleWebKit/537.36 (KHTML, like Gecko; compatible; ClaudeBot/1.0; +claudebot@anthropic.com)"
216.73.216.162 - - [06/Sep/2025:14:48:20 +0700] "GET /author/yanz/page/388 HTTP/1.0" 301 419 "-" "Mozilla/5.0 AppleWebKit/537.36 (KHTML, like Gecko; compatible; ClaudeBot/1.0; +claudebot@anthropic.com)"
216.73.216.162 - - [06/Sep/2025:14:48:21 +0700] "GET /drip-casino-rabochee-zerkalo-vhod-registracija/ HTTP/1.0" 200 107277 "https://vattusacky.vn/?p=9490" "Mozilla/5.0 AppleWebKit/537.36 (KHTML, like Gecko; compatible; ClaudeBot/1.0; +claudebot@anthropic.com)"
216.73.216.162 - - [06/Sep/2025:14:48:23 +0700] "GET /author/yanz/page/388/ HTTP/1.0" 200 77074 "https://vattusacky.vn/author/yanz/page/388" "Mozilla/5.0 AppleWebKit/537.36 (KHTML, like Gecko; compatible; ClaudeBot/1.0; +claudebot@anthropic.com)"
216.73.216.162 - - [06/Sep/2025:14:48:44 +0700] "GET /pin-ap-casino-vhod-v-onlajn-kazino-demo-bystryj-2/feed HTTP/1.0" 301 743 "-" "Mozilla/5.0 AppleWebKit/537.36 (KHTML, like Gecko; compatible; ClaudeBot/1.0; +claudebot@anthropic.com)"
216.73.216.162 - - [06/Sep/2025:14:48:44 +0700] "GET /1xbet-top-kazino-android-apk-ios-igrat-na-dengi-v-2/feed HTTP/1.0" 301 745 "-" "Mozilla/5.0 AppleWebKit/537.36 (KHTML, like Gecko; compatible; ClaudeBot/1.0; +claudebot@anthropic.com)"
216.73.216.162 - - [06/Sep/2025:14:48:46 +0700] "GET /pin-ap-casino-vhod-v-onlajn-kazino-demo-bystryj-2/feed/ HTTP/1.0" 200 1649 "https://vattusacky.vn/pin-ap-casino-vhod-v-onlajn-kazino-demo-bystryj-2/feed" "Mozilla/5.0 AppleWebKit/537.36 (KHTML, like Gecko; compatible; ClaudeBot/1.0; +claudebot@anthropic.com)"
216.73.216.162 - - [06/Sep/2025:14:48:47 +0700] "GET /1xbet-top-kazino-android-apk-ios-igrat-na-dengi-v-2/feed/ HTTP/1.0" 200 1645 "https://vattusacky.vn/1xbet-top-kazino-android-apk-ios-igrat-na-dengi-v-2/feed" "Mozilla/5.0 AppleWebKit/537.36 (KHTML, like Gecko; compatible; ClaudeBot/1.0; +claudebot@anthropic.com)"
216.73.216.162 - - [06/Sep/2025:14:48:49 +0700] "GET /whats-right-about-top-crypto-casinos/feed HTTP/1.0" 301 584 "-" "Mozilla/5.0 AppleWebKit/537.36 (KHTML, like Gecko; compatible; ClaudeBot/1.0; +claudebot@anthropic.com)"
216.73.216.162 - - [06/Sep/2025:14:48:50 +0700] "GET /author/yanz/page/243 HTTP/1.0" 301 419 "-" "Mozilla/5.0 AppleWebKit/537.36 (KHTML, like Gecko; compatible; ClaudeBot/1.0; +claudebot@anthropic.com)"
216.73.216.162 - - [06/Sep/2025:14:48:52 +0700] "GET /whats-right-about-top-crypto-casinos/feed/ HTTP/1.0" 200 1566 "https://vattusacky.vn/whats-right-about-top-crypto-casinos/feed" "Mozilla/5.0 AppleWebKit/537.36 (KHTML, like Gecko; compatible; ClaudeBot/1.0; +claudebot@anthropic.com)"
216.244.66.237 - - [06/Sep/2025:14:48:53 +0700] "GET /omegle-for-networking-professional-connections-and-collaborations/feed/ HTTP/1.0" 200 1792 "-" "Mozilla/5.0 (compatible; DotBot/1.2; +https://opensiteexplorer.org/dotbot; help@moz.com)"
216.73.216.162 - - [06/Sep/2025:14:48:53 +0700] "GET /author/yanz/page/243/ HTTP/1.0" 200 75631 "https://vattusacky.vn/author/yanz/page/243" "Mozilla/5.0 AppleWebKit/537.36 (KHTML, like Gecko; compatible; ClaudeBot/1.0; +claudebot@anthropic.com)"
45.117.177.72 - - [06/Sep/2025:14:49:23 +0700] "POST /wp-cron.php?doing_wp_cron=1757144963.2815110683441162109375 HTTP/1.0" 200 416 "-" "WordPress/6.8.1; https://vattusacky.vn"
20.171.207.79 - - [06/Sep/2025:14:49:20 +0700] "GET /omegle-and-cybersecurity-ensuring-data-privacy-and-protection-on-the-platform/ HTTP/1.0" 200 90182 "-" "Mozilla/5.0 AppleWebKit/537.36 (KHTML, like Gecko; compatible; GPTBot/1.2; +https://openai.com/gptbot)"
216.73.216.162 - - [06/Sep/2025:14:50:55 +0700] "GET /13-top-sugar-daddy-dating-sites-that-actually-work-successful-dating-2023-paid-content-detroit/feed HTTP/1.0" 301 788 "-" "Mozilla/5.0 AppleWebKit/537.36 (KHTML, like Gecko; compatible; ClaudeBot/1.0; +claudebot@anthropic.com)"
45.117.177.72 - - [06/Sep/2025:14:50:58 +0700] "POST /wp-cron.php?doing_wp_cron=1757145058.1189780235290527343750 HTTP/1.0" 200 416 "-" "WordPress/6.8.1; https://vattusacky.vn"
216.73.216.162 - - [06/Sep/2025:14:50:55 +0700] "GET /vavada-casino-demo-sloty-besplatno-avtomaty-i-2/feed HTTP/1.0" 301 741 "-" "Mozilla/5.0 AppleWebKit/537.36 (KHTML, like Gecko; compatible; ClaudeBot/1.0; +claudebot@anthropic.com)"
216.73.216.162 - - [06/Sep/2025:14:50:58 +0700] "GET /13-top-sugar-daddy-dating-sites-that-actually-work-successful-dating-2023-paid-content-detroit/feed/ HTTP/1.0" 200 1734 "https://vattusacky.vn/13-top-sugar-daddy-dating-sites-that-actually-work-successful-dating-2023-paid-content-detroit/feed" "Mozilla/5.0 AppleWebKit/537.36 (KHTML, like Gecko; compatible; ClaudeBot/1.0; +claudebot@anthropic.com)"
216.73.216.162 - - [06/Sep/2025:14:50:58 +0700] "GET /vavada-casino-demo-sloty-besplatno-avtomaty-i-2/feed/ HTTP/1.0" 200 1639 "https://vattusacky.vn/vavada-casino-demo-sloty-besplatno-avtomaty-i-2/feed" "Mozilla/5.0 AppleWebKit/537.36 (KHTML, like Gecko; compatible; ClaudeBot/1.0; +claudebot@anthropic.com)"
216.73.216.162 - - [06/Sep/2025:14:51:00 +0700] "GET /the-best-on-line-casinos-for-zambia-62/feed HTTP/1.0" 301 586 "-" "Mozilla/5.0 AppleWebKit/537.36 (KHTML, like Gecko; compatible; ClaudeBot/1.0; +claudebot@anthropic.com)"
216.73.216.162 - - [06/Sep/2025:14:51:01 +0700] "GET /author/yanz/page/366 HTTP/1.0" 301 419 "-" "Mozilla/5.0 AppleWebKit/537.36 (KHTML, like Gecko; compatible; ClaudeBot/1.0; +claudebot@anthropic.com)"
216.73.216.162 - - [06/Sep/2025:14:51:03 +0700] "GET /the-best-on-line-casinos-for-zambia-62/feed/ HTTP/1.0" 200 1562 "https://vattusacky.vn/the-best-on-line-casinos-for-zambia-62/feed" "Mozilla/5.0 AppleWebKit/537.36 (KHTML, like Gecko; compatible; ClaudeBot/1.0; +claudebot@anthropic.com)"
216.73.216.162 - - [06/Sep/2025:14:51:04 +0700] "GET /author/yanz/page/366/ HTTP/1.0" 200 108973 "https://vattusacky.vn/author/yanz/page/366" "Mozilla/5.0 AppleWebKit/537.36 (KHTML, like Gecko; compatible; ClaudeBot/1.0; +claudebot@anthropic.com)"
45.117.177.72 - - [06/Sep/2025:14:51:23 +0700] "POST /wp-cron.php?doing_wp_cron=1757145083.6276509761810302734375 HTTP/1.0" 200 416 "-" "WordPress/6.8.1; https://vattusacky.vn"
20.171.207.79 - - [06/Sep/2025:14:51:21 +0700] "GET /?p=7051 HTTP/1.0" 301 652 "-" "Mozilla/5.0 AppleWebKit/537.36 (KHTML, like Gecko; compatible; GPTBot/1.2; +https://openai.com/gptbot)"
20.171.207.79 - - [06/Sep/2025:14:51:24 +0700] "GET /how-to-avoid-inappropriate-content-on-chatroulette-and-omegle/ HTTP/1.0" 200 94254 "-" "Mozilla/5.0 AppleWebKit/537.36 (KHTML, like Gecko; compatible; GPTBot/1.2; +https://openai.com/gptbot)"
216.73.216.162 - - [06/Sep/2025:14:51:25 +0700] "GET /the-facts-about-1xbet-com-betting-firm-online-6 HTTP/1.0" 301 638 "-" "Mozilla/5.0 AppleWebKit/537.36 (KHTML, like Gecko; compatible; ClaudeBot/1.0; +claudebot@anthropic.com)"
216.73.216.162 - - [06/Sep/2025:14:51:25 +0700] "GET /dragon-money-igra-onlajn-kak-igrat-na-dengi-i HTTP/1.0" 301 636 "-" "Mozilla/5.0 AppleWebKit/537.36 (KHTML, like Gecko; compatible; ClaudeBot/1.0; +claudebot@anthropic.com)"
216.73.216.162 - - [06/Sep/2025:14:51:28 +0700] "GET /dragon-money-igra-onlajn-kak-igrat-na-dengi-i/ HTTP/1.0" 200 247270 "https://vattusacky.vn/dragon-money-igra-onlajn-kak-igrat-na-dengi-i" "Mozilla/5.0 AppleWebKit/537.36 (KHTML, like Gecko; compatible; ClaudeBot/1.0; +claudebot@anthropic.com)"
216.73.216.162 - - [06/Sep/2025:14:51:28 +0700] "GET /the-facts-about-1xbet-com-betting-firm-online-6/ HTTP/1.0" 200 96036 "https://vattusacky.vn/the-facts-about-1xbet-com-betting-firm-online-6" "Mozilla/5.0 AppleWebKit/537.36 (KHTML, like Gecko; compatible; ClaudeBot/1.0; +claudebot@anthropic.com)"
216.73.216.162 - - [06/Sep/2025:14:51:31 +0700] "GET /vzjat-onlajn-zajm-bez-propiski-v-pasporte HTTP/1.0" 301 486 "-" "Mozilla/5.0 AppleWebKit/537.36 (KHTML, like Gecko; compatible; ClaudeBot/1.0; +claudebot@anthropic.com)"
216.73.216.162 - - [06/Sep/2025:14:51:31 +0700] "GET /sustanon-250-steroid-tutto-cio-che-devi-sapere-11 HTTP/1.0" 301 494 "-" "Mozilla/5.0 AppleWebKit/537.36 (KHTML, like Gecko; compatible; ClaudeBot/1.0; +claudebot@anthropic.com)"
216.73.216.162 - - [06/Sep/2025:14:51:33 +0700] "GET /vzjat-onlajn-zajm-bez-propiski-v-pasporte/ HTTP/1.0" 200 231707 "https://vattusacky.vn/vzjat-onlajn-zajm-bez-propiski-v-pasporte" "Mozilla/5.0 AppleWebKit/537.36 (KHTML, like Gecko; compatible; ClaudeBot/1.0; +claudebot@anthropic.com)"
216.73.216.162 - - [06/Sep/2025:14:51:34 +0700] "GET /sustanon-250-steroid-tutto-cio-che-devi-sapere-11/ HTTP/1.0" 200 70151 "https://vattusacky.vn/sustanon-250-steroid-tutto-cio-che-devi-sapere-11" "Mozilla/5.0 AppleWebKit/537.36 (KHTML, like Gecko; compatible; ClaudeBot/1.0; +claudebot@anthropic.com)"
216.73.216.162 - - [06/Sep/2025:14:52:25 +0700] "GET /1win-casino-onlajn-shirokij-vybor-igrovyh-slotov-2/feed HTTP/1.0" 301 744 "-" "Mozilla/5.0 AppleWebKit/537.36 (KHTML, like Gecko; compatible; ClaudeBot/1.0; +claudebot@anthropic.com)"
45.117.177.72 - - [06/Sep/2025:14:52:28 +0700] "POST /wp-cron.php?doing_wp_cron=1757145148.4842851161956787109375 HTTP/1.0" 200 416 "-" "WordPress/6.8.1; https://vattusacky.vn"
216.73.216.162 - - [06/Sep/2025:14:52:25 +0700] "GET /no-in-cricket-199 HTTP/1.0" 301 608 "-" "Mozilla/5.0 AppleWebKit/537.36 (KHTML, like Gecko; compatible; ClaudeBot/1.0; +claudebot@anthropic.com)"
216.73.216.162 - - [06/Sep/2025:14:52:28 +0700] "GET /1win-casino-onlajn-shirokij-vybor-igrovyh-slotov-2/feed/ HTTP/1.0" 200 1637 "https://vattusacky.vn/1win-casino-onlajn-shirokij-vybor-igrovyh-slotov-2/feed" "Mozilla/5.0 AppleWebKit/537.36 (KHTML, like Gecko; compatible; ClaudeBot/1.0; +claudebot@anthropic.com)"
216.73.216.162 - - [06/Sep/2025:14:52:29 +0700] "GET /no-in-cricket-199/ HTTP/1.0" 200 251328 "https://vattusacky.vn/no-in-cricket-199" "Mozilla/5.0 AppleWebKit/537.36 (KHTML, like Gecko; compatible; ClaudeBot/1.0; +claudebot@anthropic.com)"
216.73.216.162 - - [06/Sep/2025:14:52:31 +0700] "GET /mostbet-tr-yuklab-olish-kompyuterde-sizi-aptal-gosteren-3-hata HTTP/1.0" 301 507 "-" "Mozilla/5.0 AppleWebKit/537.36 (KHTML, like Gecko; compatible; ClaudeBot/1.0; +claudebot@anthropic.com)"
216.73.216.162 - - [06/Sep/2025:14:52:34 +0700] "GET /22bet-nigeria-review-2023-is-this-site-a-scam-11 HTTP/1.0" 301 493 "-" "Mozilla/5.0 AppleWebKit/537.36 (KHTML, like Gecko; compatible; ClaudeBot/1.0; +claudebot@anthropic.com)"
216.73.216.162 - - [06/Sep/2025:14:52:35 +0700] "GET /mostbet-tr-yuklab-olish-kompyuterde-sizi-aptal-gosteren-3-hata/ HTTP/1.0" 200 228768 "https://vattusacky.vn/mostbet-tr-yuklab-olish-kompyuterde-sizi-aptal-gosteren-3-hata" "Mozilla/5.0 AppleWebKit/537.36 (KHTML, like Gecko; compatible; ClaudeBot/1.0; +claudebot@anthropic.com)"
216.73.216.162 - - [06/Sep/2025:14:52:37 +0700] "GET /22bet-nigeria-review-2023-is-this-site-a-scam-11/ HTTP/1.0" 200 248805 "https://vattusacky.vn/22bet-nigeria-review-2023-is-this-site-a-scam-11" "Mozilla/5.0 AppleWebKit/537.36 (KHTML, like Gecko; compatible; ClaudeBot/1.0; +claudebot@anthropic.com)"
185.191.171.15 - - [06/Sep/2025:14:53:00 +0700] "GET /comparing-prices-where-to-get-the-best-value-for/ HTTP/1.0" 200 232355 "-" "Mozilla/5.0 (compatible; SemrushBot/7~bl; +http://www.semrush.com/bot.html)"
57.141.2.52 - - [06/Sep/2025:14:53:01 +0700] "GET /understanding-the-randomness-in-omegles-algorithm/ HTTP/1.0" 200 89254 "-" "meta-externalagent/1.1 (+https://developers.facebook.com/docs/sharing/webmasters/crawler)"
45.117.177.72 - - [06/Sep/2025:14:53:18 +0700] "POST /wp-cron.php?doing_wp_cron=1757145198.2533369064331054687500 HTTP/1.0" 200 416 "-" "WordPress/6.8.1; https://vattusacky.vn"
20.171.207.79 - - [06/Sep/2025:14:53:15 +0700] "GET /?p=7983 HTTP/1.0" 301 491 "-" "Mozilla/5.0 AppleWebKit/537.36 (KHTML, like Gecko; compatible; GPTBot/1.2; +https://openai.com/gptbot)"
20.171.207.79 - - [06/Sep/2025:14:53:18 +0700] "GET /omegles-terms-of-service-what-you-need-to-know/ HTTP/1.0" 200 90031 "-" "Mozilla/5.0 AppleWebKit/537.36 (KHTML, like Gecko; compatible; GPTBot/1.2; +https://openai.com/gptbot)"
216.73.216.162 - - [06/Sep/2025:14:53:34 +0700] "GET /category/online-pharmacy/feed HTTP/1.0" 301 672 "-" "Mozilla/5.0 AppleWebKit/537.36 (KHTML, like Gecko; compatible; ClaudeBot/1.0; +claudebot@anthropic.com)"
216.73.216.162 - - [06/Sep/2025:14:53:34 +0700] "GET /american-men-marrying-foreign-women/feed HTTP/1.0" 301 729 "-" "Mozilla/5.0 AppleWebKit/537.36 (KHTML, like Gecko; compatible; ClaudeBot/1.0; +claudebot@anthropic.com)"
216.73.216.162 - - [06/Sep/2025:14:53:37 +0700] "GET /category/online-pharmacy/feed/ HTTP/1.0" 200 670523 "https://vattusacky.vn/category/online-pharmacy/feed" "Mozilla/5.0 AppleWebKit/537.36 (KHTML, like Gecko; compatible; ClaudeBot/1.0; +claudebot@anthropic.com)"
216.73.216.162 - - [06/Sep/2025:14:53:39 +0700] "GET /american-men-marrying-foreign-women/feed/ HTTP/1.0" 200 1556 "https://vattusacky.vn/american-men-marrying-foreign-women/feed" "Mozilla/5.0 AppleWebKit/537.36 (KHTML, like Gecko; compatible; ClaudeBot/1.0; +claudebot@anthropic.com)"
216.73.216.162 - - [06/Sep/2025:14:53:41 +0700] "GET /skachat-dragon-mani-igra-novaja-taktika-s-chestnym/feed HTTP/1.0" 301 598 "-" "Mozilla/5.0 AppleWebKit/537.36 (KHTML, like Gecko; compatible; ClaudeBot/1.0; +claudebot@anthropic.com)"
216.73.216.162 - - [06/Sep/2025:14:53:45 +0700] "GET /skachat-dragon-mani-igra-novaja-taktika-s-chestnym/feed/ HTTP/1.0" 200 1664 "https://vattusacky.vn/skachat-dragon-mani-igra-novaja-taktika-s-chestnym/feed" "Mozilla/5.0 AppleWebKit/537.36 (KHTML, like Gecko; compatible; ClaudeBot/1.0; +claudebot@anthropic.com)"
216.73.216.162 - - [06/Sep/2025:14:54:24 +0700] "GET /1xbet-sportsbook-review-claim-100-up-to-100-bonus-204/feed HTTP/1.0" 301 747 "-" "Mozilla/5.0 AppleWebKit/537.36 (KHTML, like Gecko; compatible; ClaudeBot/1.0; +claudebot@anthropic.com)"
45.117.177.72 - - [06/Sep/2025:14:54:27 +0700] "POST /wp-cron.php?doing_wp_cron=1757145267.6552860736846923828125 HTTP/1.0" 200 416 "-" "WordPress/6.8.1; https://vattusacky.vn"
216.73.216.162 - - [06/Sep/2025:14:54:24 +0700] "GET /alman-bahis-girnecasino-50-tl-deneme-bonusu-bahis HTTP/1.0" 301 640 "-" "Mozilla/5.0 AppleWebKit/537.36 (KHTML, like Gecko; compatible; ClaudeBot/1.0; +claudebot@anthropic.com)"
20.171.207.79 - - [06/Sep/2025:14:54:27 +0700] "GET /?p=7113 HTTP/1.0" 301 497 "-" "Mozilla/5.0 AppleWebKit/537.36 (KHTML, like Gecko; compatible; GPTBot/1.2; +https://openai.com/gptbot)"
216.73.216.162 - - [06/Sep/2025:14:54:28 +0700] "GET /1xbet-sportsbook-review-claim-100-up-to-100-bonus-204/feed/ HTTP/1.0" 200 1608 "https://vattusacky.vn/1xbet-sportsbook-review-claim-100-up-to-100-bonus-204/feed" "Mozilla/5.0 AppleWebKit/537.36 (KHTML, like Gecko; compatible; ClaudeBot/1.0; +claudebot@anthropic.com)"
20.171.207.79 - - [06/Sep/2025:14:54:29 +0700] "GET /innovating-online-conversations-omegles-next-chapter/ HTTP/1.0" 200 90240 "-" "Mozilla/5.0 AppleWebKit/537.36 (KHTML, like Gecko; compatible; GPTBot/1.2; +https://openai.com/gptbot)"
216.73.216.162 - - [06/Sep/2025:14:54:28 +0700] "GET /alman-bahis-girnecasino-50-tl-deneme-bonusu-bahis/ HTTP/1.0" 200 269704 "https://vattusacky.vn/alman-bahis-girnecasino-50-tl-deneme-bonusu-bahis" "Mozilla/5.0 AppleWebKit/537.36 (KHTML, like Gecko; compatible; ClaudeBot/1.0; +claudebot@anthropic.com)"
216.73.216.162 - - [06/Sep/2025:14:54:31 +0700] "GET /cassino-jogos-online-jogar-roleta-de-cassino HTTP/1.0" 301 489 "-" "Mozilla/5.0 AppleWebKit/537.36 (KHTML, like Gecko; compatible; ClaudeBot/1.0; +claudebot@anthropic.com)"
216.73.216.162 - - [06/Sep/2025:14:54:33 +0700] "GET /cassino-jogos-online-jogar-roleta-de-cassino/ HTTP/1.0" 200 212574 "https://vattusacky.vn/cassino-jogos-online-jogar-roleta-de-cassino" "Mozilla/5.0 AppleWebKit/537.36 (KHTML, like Gecko; compatible; ClaudeBot/1.0; +claudebot@anthropic.com)"
216.73.216.162 - - [06/Sep/2025:14:55:09 +0700] "GET /?p=5572 HTTP/1.0" 301 629 "-" "Mozilla/5.0 AppleWebKit/537.36 (KHTML, like Gecko; compatible; ClaudeBot/1.0; +claudebot@anthropic.com)"
216.73.216.162 - - [06/Sep/2025:14:55:09 +0700] "GET /?p=4232 HTTP/1.0" 301 607 "-" "Mozilla/5.0 AppleWebKit/537.36 (KHTML, like Gecko; compatible; ClaudeBot/1.0; +claudebot@anthropic.com)"
216.73.216.162 - - [06/Sep/2025:14:55:12 +0700] "GET /how-to-hire-the-best-term-paper-writer-for-your-research-paper/ HTTP/1.0" 200 206947 "https://vattusacky.vn/?p=4232" "Mozilla/5.0 AppleWebKit/537.36 (KHTML, like Gecko; compatible; ClaudeBot/1.0; +claudebot@anthropic.com)"
216.73.216.162 - - [06/Sep/2025:14:55:12 +0700] "GET /play2x-igra-izuchaem-strategii-taktiku/ HTTP/1.0" 200 112152 "https://vattusacky.vn/?p=5572" "Mozilla/5.0 AppleWebKit/537.36 (KHTML, like Gecko; compatible; ClaudeBot/1.0; +claudebot@anthropic.com)"
216.73.216.162 - - [06/Sep/2025:14:55:16 +0700] "GET /the-very-best-virtual-info-room-computer-software/feed HTTP/1.0" 301 597 "-" "Mozilla/5.0 AppleWebKit/537.36 (KHTML, like Gecko; compatible; ClaudeBot/1.0; +claudebot@anthropic.com)"
45.117.177.72 - - [06/Sep/2025:14:55:18 +0700] "POST /wp-cron.php?doing_wp_cron=1757145317.6733720302581787109375 HTTP/1.0" 200 416 "-" "WordPress/6.8.1; https://vattusacky.vn"
216.73.216.162 - - [06/Sep/2025:14:55:15 +0700] "GET /?p=4037 HTTP/1.0" 301 494 "-" "Mozilla/5.0 AppleWebKit/537.36 (KHTML, like Gecko; compatible; ClaudeBot/1.0; +claudebot@anthropic.com)"
216.73.216.162 - - [06/Sep/2025:14:55:18 +0700] "GET /pin-ap-casino-vhod-v-onlajn-kazino-demo-bystryj-2/ HTTP/1.0" 200 218778 "https://vattusacky.vn/?p=4037" "Mozilla/5.0 AppleWebKit/537.36 (KHTML, like Gecko; compatible; ClaudeBot/1.0; +claudebot@anthropic.com)"
216.73.216.162 - - [06/Sep/2025:14:55:18 +0700] "GET /the-very-best-virtual-info-room-computer-software/feed/ HTTP/1.0" 200 1598 "https://vattusacky.vn/the-very-best-virtual-info-room-computer-software/feed" "Mozilla/5.0 AppleWebKit/537.36 (KHTML, like Gecko; compatible; ClaudeBot/1.0; +claudebot@anthropic.com)"
20.171.207.79 - - [06/Sep/2025:14:55:49 +0700] "GET /omegle-and-the-ethics-of-anonymity-balancing-privacy-and-accountability/ HTTP/1.0" 200 93242 "-" "Mozilla/5.0 AppleWebKit/537.36 (KHTML, like Gecko; compatible; GPTBot/1.2; +https://openai.com/gptbot)"
216.73.216.162 - - [06/Sep/2025:14:56:44 +0700] "GET /the-strategy-behind-mahjong-solitaire HTTP/1.0" 301 582 "-" "Mozilla/5.0 AppleWebKit/537.36 (KHTML, like Gecko; compatible; ClaudeBot/1.0; +claudebot@anthropic.com)"
45.117.177.72 - - [06/Sep/2025:14:56:47 +0700] "POST /wp-cron.php?doing_wp_cron=1757145407.4377069473266601562500 HTTP/1.0" 200 416 "-" "WordPress/6.8.1; https://vattusacky.vn"
216.73.216.162 - - [06/Sep/2025:14:56:45 +0700] "GET /?p=2976 HTTP/1.0" 301 669 "-" "Mozilla/5.0 AppleWebKit/537.36 (KHTML, like Gecko; compatible; ClaudeBot/1.0; +claudebot@anthropic.com)"
216.73.216.162 - - [06/Sep/2025:14:56:47 +0700] "GET /the-strategy-behind-mahjong-solitaire/ HTTP/1.0" 200 71382 "https://vattusacky.vn/the-strategy-behind-mahjong-solitaire" "Mozilla/5.0 AppleWebKit/537.36 (KHTML, like Gecko; compatible; ClaudeBot/1.0; +claudebot@anthropic.com)"
216.73.216.162 - - [06/Sep/2025:14:56:48 +0700] "GET /relationship-a-milf-why-guys-love-them-the-cause-why-theyre-the-most-effective/ HTTP/1.0" 200 207416 "https://vattusacky.vn/?p=2976" "Mozilla/5.0 AppleWebKit/537.36 (KHTML, like Gecko; compatible; ClaudeBot/1.0; +claudebot@anthropic.com)"
216.73.216.162 - - [06/Sep/2025:14:56:51 +0700] "GET /install-1xbet-app-%E2%AD%90-1xbet-app-acquire-fscore-orguk-6 HTTP/1.0" 301 505 "-" "Mozilla/5.0 AppleWebKit/537.36 (KHTML, like Gecko; compatible; ClaudeBot/1.0; +claudebot@anthropic.com)"
216.73.216.162 - - [06/Sep/2025:14:56:52 +0700] "GET /here-are-some-easy-ways-to-make-real-money-online HTTP/1.0" 301 448 "-" "Mozilla/5.0 AppleWebKit/537.36 (KHTML, like Gecko; compatible; ClaudeBot/1.0; +claudebot@anthropic.com)"
216.73.216.162 - - [06/Sep/2025:14:56:53 +0700] "GET /install-1xbet-app-%E2%AD%90-1xbet-app-acquire-fscore-orguk-6/ HTTP/1.0" 200 240789 "https://vattusacky.vn/install-1xbet-app-%E2%AD%90-1xbet-app-acquire-fscore-orguk-6" "Mozilla/5.0 AppleWebKit/537.36 (KHTML, like Gecko; compatible; ClaudeBot/1.0; +claudebot@anthropic.com)"
216.73.216.162 - - [06/Sep/2025:14:56:54 +0700] "GET /here-are-some-easy-ways-to-make-real-money-online/ HTTP/1.0" 200 73219 "https://vattusacky.vn/here-are-some-easy-ways-to-make-real-money-online" "Mozilla/5.0 AppleWebKit/537.36 (KHTML, like Gecko; compatible; ClaudeBot/1.0; +claudebot@anthropic.com)"
20.171.207.79 - - [06/Sep/2025:14:56:56 +0700] "GET /privacy-and-safety-considerations-in-omegle-therapy/ HTTP/1.0" 403 613 "-" "Mozilla/5.0 AppleWebKit/537.36 (KHTML, like Gecko; compatible; GPTBot/1.2; +https://openai.com/gptbot)"
45.117.177.72 - - [06/Sep/2025:14:57:54 +0700] "POST /wp-cron.php?doing_wp_cron=1757145474.2463750839233398437500 HTTP/1.0" 200 416 "-" "WordPress/6.8.1; https://vattusacky.vn"
20.171.207.79 - - [06/Sep/2025:14:57:52 +0700] "GET /?p=8411 HTTP/1.0" 301 674 "-" "Mozilla/5.0 AppleWebKit/537.36 (KHTML, like Gecko; compatible; GPTBot/1.2; +https://openai.com/gptbot)"
20.171.207.79 - - [06/Sep/2025:14:57:54 +0700] "GET /the-emotional-labor-of-online-intimacy-balancing-authenticity-and-privacy-on-omegle/ HTTP/1.0" 200 92046 "-" "Mozilla/5.0 AppleWebKit/537.36 (KHTML, like Gecko; compatible; GPTBot/1.2; +https://openai.com/gptbot)"
216.73.216.162 - - [06/Sep/2025:14:58:00 +0700] "GET /what-age-can-dogs-start-seresto-collar/feed HTTP/1.0" 301 732 "-" "Mozilla/5.0 AppleWebKit/537.36 (KHTML, like Gecko; compatible; ClaudeBot/1.0; +claudebot@anthropic.com)"
216.73.216.162 - - [06/Sep/2025:14:58:00 +0700] "GET /obzor-aviator-igra-2023-igrat-na-realnye-dengi/feed HTTP/1.0" 301 740 "-" "Mozilla/5.0 AppleWebKit/537.36 (KHTML, like Gecko; compatible; ClaudeBot/1.0; +claudebot@anthropic.com)"
216.73.216.162 - - [06/Sep/2025:14:58:02 +0700] "GET /what-age-can-dogs-start-seresto-collar/feed/ HTTP/1.0" 200 1567 "https://vattusacky.vn/what-age-can-dogs-start-seresto-collar/feed" "Mozilla/5.0 AppleWebKit/537.36 (KHTML, like Gecko; compatible; ClaudeBot/1.0; +claudebot@anthropic.com)"
216.73.216.162 - - [06/Sep/2025:14:58:02 +0700] "GET /obzor-aviator-igra-2023-igrat-na-realnye-dengi/feed/ HTTP/1.0" 200 1627 "https://vattusacky.vn/obzor-aviator-igra-2023-igrat-na-realnye-dengi/feed" "Mozilla/5.0 AppleWebKit/537.36 (KHTML, like Gecko; compatible; ClaudeBot/1.0; +claudebot@anthropic.com)"
216.73.216.162 - - [06/Sep/2025:14:58:04 +0700] "GET /22bet-evaluation-cell-app-and-attractive-welcome-5/feed HTTP/1.0" 301 598 "-" "Mozilla/5.0 AppleWebKit/537.36 (KHTML, like Gecko; compatible; ClaudeBot/1.0; +claudebot@anthropic.com)"
216.73.216.162 - - [06/Sep/2025:14:58:04 +0700] "GET /melbet-app-obtain-for-android-apk-ios-in-55 HTTP/1.0" 301 488 "-" "Mozilla/5.0 AppleWebKit/537.36 (KHTML, like Gecko; compatible; ClaudeBot/1.0; +claudebot@anthropic.com)"
216.73.216.162 - - [06/Sep/2025:14:58:06 +0700] "GET /22bet-evaluation-cell-app-and-attractive-welcome-5/feed/ HTTP/1.0" 200 1615 "https://vattusacky.vn/22bet-evaluation-cell-app-and-attractive-welcome-5/feed" "Mozilla/5.0 AppleWebKit/537.36 (KHTML, like Gecko; compatible; ClaudeBot/1.0; +claudebot@anthropic.com)"
216.73.216.162 - - [06/Sep/2025:14:58:06 +0700] "GET /melbet-app-obtain-for-android-apk-ios-in-55/ HTTP/1.0" 200 95206 "https://vattusacky.vn/melbet-app-obtain-for-android-apk-ios-in-55" "Mozilla/5.0 AppleWebKit/537.36 (KHTML, like Gecko; compatible; ClaudeBot/1.0; +claudebot@anthropic.com)"
45.117.177.72 - - [06/Sep/2025:14:58:50 +0700] "POST /wp-cron.php?doing_wp_cron=1757145530.4012470245361328125000 HTTP/1.0" 200 416 "-" "WordPress/6.8.1; https://vattusacky.vn"
212.8.248.108 - - [06/Sep/2025:14:58:47 +0700] "GET /pin-ap-opustimsya-v-mir-azarta-i-razvlecheniy-sredi-peredovykh-saytov-dlya-igry-na-realnye-dengi-i-pari-s-ispolzovaniem-depozita-i-bonusov HTTP/1.0" 301 729 "-" "Mozilla/5.0 (Windows NT 10.0; Win64; x64) AppleWebKit/537.36 (KHTML, like Gecko) Chrome/118.0.0.0 Safari/537.36"
212.8.248.108 - - [06/Sep/2025:14:58:51 +0700] "GET /pin-ap-opustimsya-v-mir-azarta-i-razvlecheniy-sredi-peredovykh-saytov-dlya-igry-na-realnye-dengi-i-pari-s-ispolzovaniem-depozita-i-bonusov/ HTTP/1.0" 200 117498 "-" "Mozilla/5.0 (Windows NT 10.0; Win64; x64) AppleWebKit/537.36 (KHTML, like Gecko) Chrome/118.0.0.0 Safari/537.36"
45.117.177.72 - - [06/Sep/2025:15:00:17 +0700] "POST /wp-cron.php?doing_wp_cron=1757145616.9294729232788085937500 HTTP/1.0" 200 416 "-" "WordPress/6.8.1; https://vattusacky.vn"
198.199.80.246 - - [06/Sep/2025:15:00:14 +0700] "GET /wp-login.php HTTP/1.0" 200 11388 "-" "Mozilla/5.0 (X11; Ubuntu; Linux x86_64; rv:85.0) Gecko/20100101 Firefox/91.0"
198.199.80.246 - - [06/Sep/2025:15:00:19 +0700] "POST /wp-login.php HTTP/1.0" 200 11731 "-" "Mozilla/5.0 (X11; Ubuntu; Linux x86_64; rv:85.0) Gecko/20100101 Firefox/91.0"
45.117.177.72 - - [06/Sep/2025:15:01:05 +0700] "POST /wp-cron.php?doing_wp_cron=1757145664.9681200981140136718750 HTTP/1.0" 200 416 "-" "WordPress/6.8.1; https://vattusacky.vn"
20.171.207.79 - - [06/Sep/2025:15:01:03 +0700] "GET /?p=8080 HTTP/1.0" 301 520 "-" "Mozilla/5.0 AppleWebKit/537.36 (KHTML, like Gecko; compatible; GPTBot/1.2; +https://openai.com/gptbot)"
20.171.207.79 - - [06/Sep/2025:15:01:05 +0700] "GET /privacy-and-identity-an-examination-of-anonymity-and-authenticity-on-omegle/ HTTP/1.0" 200 90338 "-" "Mozilla/5.0 AppleWebKit/537.36 (KHTML, like Gecko; compatible; GPTBot/1.2; +https://openai.com/gptbot)"
45.117.177.72 - - [06/Sep/2025:15:04:07 +0700] "POST /wp-cron.php?doing_wp_cron=1757145847.2645840644836425781250 HTTP/1.0" 200 416 "-" "WordPress/6.8.1; https://vattusacky.vn"
207.46.13.14 - - [06/Sep/2025:15:04:04 +0700] "GET /danh-muc/co-b%C3%A1%C2%BA%C2%A3n-thi-nghi%C3%A1%C2%BA%C2%B9m/khuc-xa-ke/ HTTP/1.0" 200 60026 "-" "Mozilla/5.0 AppleWebKit/537.36 (KHTML, like Gecko; compatible; bingbot/2.0; +http://www.bing.com/bingbot.htm) Chrome/116.0.1938.76 Safari/537.36"
45.117.177.72 - - [06/Sep/2025:15:04:46 +0700] "POST /wp-cron.php?doing_wp_cron=1757145886.5988259315490722656250 HTTP/1.0" 200 416 "-" "WordPress/6.8.1; https://vattusacky.vn"
20.171.207.79 - - [06/Sep/2025:15:04:44 +0700] "GET /privacy-and-security-concerns-in-omegles-algorithm/ HTTP/1.0" 200 91234 "-" "Mozilla/5.0 AppleWebKit/537.36 (KHTML, like Gecko; compatible; GPTBot/1.2; +https://openai.com/gptbot)"
45.117.177.72 - - [06/Sep/2025:15:06:13 +0700] "POST /wp-cron.php?doing_wp_cron=1757145973.6678140163421630859375 HTTP/1.0" 200 416 "-" "WordPress/6.8.1; https://vattusacky.vn"
216.73.216.162 - - [06/Sep/2025:15:06:11 +0700] "GET /category/asiasloty-org/feed HTTP/1.0" 301 670 "-" "Mozilla/5.0 AppleWebKit/537.36 (KHTML, like Gecko; compatible; ClaudeBot/1.0; +claudebot@anthropic.com)"
216.73.216.162 - - [06/Sep/2025:15:06:11 +0700] "GET /category/anabolic-steroids/feed HTTP/1.0" 301 674 "-" "Mozilla/5.0 AppleWebKit/537.36 (KHTML, like Gecko; compatible; ClaudeBot/1.0; +claudebot@anthropic.com)"
216.73.216.162 - - [06/Sep/2025:15:06:14 +0700] "GET /category/asiasloty-org/feed/ HTTP/1.0" 200 154527 "https://vattusacky.vn/category/asiasloty-org/feed" "Mozilla/5.0 AppleWebKit/537.36 (KHTML, like Gecko; compatible; ClaudeBot/1.0; +claudebot@anthropic.com)"
216.73.216.162 - - [06/Sep/2025:15:06:14 +0700] "GET /category/anabolic-steroids/feed/ HTTP/1.0" 200 36212 "https://vattusacky.vn/category/anabolic-steroids/feed" "Mozilla/5.0 AppleWebKit/537.36 (KHTML, like Gecko; compatible; ClaudeBot/1.0; +claudebot@anthropic.com)"
216.73.216.162 - - [06/Sep/2025:15:07:02 +0700] "GET /1st-date-topics-to-get-to-know-your-date-better HTTP/1.0" 301 638 "-" "Mozilla/5.0 AppleWebKit/537.36 (KHTML, like Gecko; compatible; ClaudeBot/1.0; +claudebot@anthropic.com)"
45.117.177.72 - - [06/Sep/2025:15:07:05 +0700] "POST /wp-cron.php?doing_wp_cron=1757146025.5670459270477294921875 HTTP/1.0" 200 416 "-" "WordPress/6.8.1; https://vattusacky.vn"
216.73.216.162 - - [06/Sep/2025:15:07:02 +0700] "GET /snail-mail-in-order-partner HTTP/1.0" 301 618 "-" "Mozilla/5.0 AppleWebKit/537.36 (KHTML, like Gecko; compatible; ClaudeBot/1.0; +claudebot@anthropic.com)"
216.73.216.162 - - [06/Sep/2025:15:07:06 +0700] "GET /1st-date-topics-to-get-to-know-your-date-better/ HTTP/1.0" 200 206663 "https://vattusacky.vn/1st-date-topics-to-get-to-know-your-date-better" "Mozilla/5.0 AppleWebKit/537.36 (KHTML, like Gecko; compatible; ClaudeBot/1.0; +claudebot@anthropic.com)"
216.73.216.162 - - [06/Sep/2025:15:07:06 +0700] "GET /snail-mail-in-order-partner/ HTTP/1.0" 200 205112 "https://vattusacky.vn/snail-mail-in-order-partner" "Mozilla/5.0 AppleWebKit/537.36 (KHTML, like Gecko; compatible; ClaudeBot/1.0; +claudebot@anthropic.com)"
216.73.216.162 - - [06/Sep/2025:15:08:27 +0700] "GET /?p=3816 HTTP/1.0" 301 594 "-" "Mozilla/5.0 AppleWebKit/537.36 (KHTML, like Gecko; compatible; ClaudeBot/1.0; +claudebot@anthropic.com)"
45.117.177.72 - - [06/Sep/2025:15:08:29 +0700] "POST /wp-cron.php?doing_wp_cron=1757146109.3560230731964111328125 HTTP/1.0" 200 416 "-" "WordPress/6.8.1; https://vattusacky.vn"
216.73.216.162 - - [06/Sep/2025:15:08:27 +0700] "GET /category/can-you-really-mail-order-a-bride HTTP/1.0" 301 587 "-" "Mozilla/5.0 AppleWebKit/537.36 (KHTML, like Gecko; compatible; ClaudeBot/1.0; +claudebot@anthropic.com)"
216.73.216.162 - - [06/Sep/2025:15:08:29 +0700] "GET /category/can-you-really-mail-order-a-bride/ HTTP/1.0" 200 58756 "https://vattusacky.vn/category/can-you-really-mail-order-a-bride" "Mozilla/5.0 AppleWebKit/537.36 (KHTML, like Gecko; compatible; ClaudeBot/1.0; +claudebot@anthropic.com)"
