68.221.75.22 - - [06/Sep/2025:10:25:51 +0700] "GET / HTTP/1.0" 503 8085 "-" "Mozilla/5.0 AppleWebKit/537.36 (KHTML, like Gecko); compatible; ChatGPT-User/1.0; +https://openai.com/bot"
217.113.194.81 - - [06/Sep/2025:10:25:58 +0700] "GET /igra-luckyjet-obzor-strategija-taktika-promokody/feed/ HTTP/1.0" 200 1783 "-" "Mozilla/5.0 (compatible; Barkrowler/0.9; +https://babbar.tech/crawler)"
45.117.177.72 - - [06/Sep/2025:10:26:26 +0700] "POST /wp-cron.php?doing_wp_cron=1757129186.5202460289001464843750 HTTP/1.0" 200 416 "-" "WordPress/6.8.1; https://vattusacky.vn"
217.113.194.73 - - [06/Sep/2025:10:26:22 +0700] "GET /robots.txt HTTP/1.0" 200 984 "-" "Mozilla/5.0 (compatible; Barkrowler/0.9; +https://babbar.tech/crawler)"
45.117.177.72 - - [06/Sep/2025:10:26:48 +0700] "POST /wp-cron.php?doing_wp_cron=1757129208.1577639579772949218750 HTTP/1.0" 200 416 "-" "WordPress/6.8.1; https://vattusacky.vn"
154.54.249.200 - - [06/Sep/2025:10:26:44 +0700] "GET /comedy-skits-entertaining-performances-on-omegle-and-ometv/feed/ HTTP/1.0" 200 1771 "-" "Mozilla/5.0 (compatible; Barkrowler/0.9; +https://babbar.tech/crawler)"
217.113.194.217 - - [06/Sep/2025:10:27:09 +0700] "GET /side-splitting-omegle-chat-fails-and-funny-prank-encounters/feed/ HTTP/1.0" 200 1774 "-" "Mozilla/5.0 (compatible; Barkrowler/0.9; +https://babbar.tech/crawler)"
45.117.177.72 - - [06/Sep/2025:10:27:37 +0700] "POST /wp-cron.php?doing_wp_cron=1757129257.2368080615997314453125 HTTP/1.0" 200 416 "-" "WordPress/6.8.1; https://vattusacky.vn"
217.113.194.75 - - [06/Sep/2025:10:27:32 +0700] "GET /lichnyj-kabinet-gama-casino-frispiny-za-vhod-v-2/ HTTP/1.0" 200 229350 "-" "Mozilla/5.0 (compatible; Barkrowler/0.9; +https://babbar.tech/crawler)"
52.4.76.156 - - [06/Sep/2025:10:28:04 +0700] "GET /us-dollar-btc-usd-free-currency-exchange-rate/mcap%20discord HTTP/1.0" 404 70812 "-" "Mozilla/5.0 AppleWebKit/537.36 (KHTML, like Gecko; compatible; Amazonbot/0.1; +https://developer.amazon.com/support/amazonbot) Chrome/119.0.6045.214 Safari/537.36"
45.117.177.72 - - [06/Sep/2025:10:28:19 +0700] "POST /wp-cron.php?doing_wp_cron=1757129299.2343559265136718750000 HTTP/1.0" 200 416 "-" "WordPress/6.8.1; https://vattusacky.vn"
217.113.194.78 - - [06/Sep/2025:10:28:13 +0700] "GET /40-times-of-matchmaking-could-you-effectively-date-your-own-buddy/ HTTP/1.0" 200 207240 "-" "Mozilla/5.0 (compatible; Barkrowler/0.9; +https://babbar.tech/crawler)"
20.171.207.79 - - [06/Sep/2025:10:28:27 +0700] "GET /sitemap_index.xml HTTP/1.0" 200 2280 "-" "Mozilla/5.0 AppleWebKit/537.36 (KHTML, like Gecko; compatible; GPTBot/1.2; +https://openai.com/gptbot)"
217.113.194.72 - - [06/Sep/2025:10:28:52 +0700] "GET /the-changing-landscape-of-social-interaction-how-omegle-continues-to-evolve/feed/ HTTP/1.0" 200 1822 "-" "Mozilla/5.0 (compatible; Barkrowler/0.9; +https://babbar.tech/crawler)"
45.117.177.72 - - [06/Sep/2025:10:29:22 +0700] "POST /wp-cron.php?doing_wp_cron=1757129362.0181910991668701171875 HTTP/1.0" 200 416 "-" "WordPress/6.8.1; https://vattusacky.vn"
217.113.194.218 - - [06/Sep/2025:10:29:17 +0700] "GET /shaping-the-future-of-random-chats-omegles-strategy-revealed/feed/ HTTP/1.0" 200 1777 "-" "Mozilla/5.0 (compatible; Barkrowler/0.9; +https://babbar.tech/crawler)"
207.46.13.54 - - [06/Sep/2025:10:29:18 +0700] "GET /the-rise-of-video-chat-how-omegle-revolutionized-online-communication/ HTTP/1.0" 200 91447 "-" "Mozilla/5.0 AppleWebKit/537.36 (KHTML, like Gecko; compatible; bingbot/2.0; +http://www.bing.com/bingbot.htm) Chrome/116.0.1938.76 Safari/537.36"
217.113.194.76 - - [06/Sep/2025:10:29:42 +0700] "GET /anonymous-text-conversations-ometvs-text-chat-anonymity/feed/ HTTP/1.0" 200 1762 "-" "Mozilla/5.0 (compatible; Barkrowler/0.9; +https://babbar.tech/crawler)"
217.113.194.73 - - [06/Sep/2025:10:30:05 +0700] "GET /the-dark-side-of-omegle-protecting-vulnerable-users-from-exploitation/feed/ HTTP/1.0" 200 1804 "-" "Mozilla/5.0 (compatible; Barkrowler/0.9; +https://babbar.tech/crawler)"
45.117.177.72 - - [06/Sep/2025:10:30:34 +0700] "POST /wp-cron.php?doing_wp_cron=1757129433.5863358974456787109375 HTTP/1.0" 200 416 "-" "WordPress/6.8.1; https://vattusacky.vn"
217.113.194.72 - - [06/Sep/2025:10:30:30 +0700] "GET /the-dark-side-of-omegle-navigating-the-dangers-of-online-intimacy/feed/ HTTP/1.0" 200 1792 "-" "Mozilla/5.0 (compatible; Barkrowler/0.9; +https://babbar.tech/crawler)"
217.113.194.81 - - [06/Sep/2025:10:30:51 +0700] "GET /codigo-promocional-codere-para-mexico-por-todo-el-2023/feed/ HTTP/1.0" 200 1761 "-" "Mozilla/5.0 (compatible; Barkrowler/0.9; +https://babbar.tech/crawler)"
45.117.177.72 - - [06/Sep/2025:10:31:17 +0700] "POST /wp-cron.php?doing_wp_cron=1757129477.3014349937438964843750 HTTP/1.0" 200 416 "-" "WordPress/6.8.1; https://vattusacky.vn"
154.54.249.200 - - [06/Sep/2025:10:31:12 +0700] "GET /which-random-chat-platform-reigns-supreme-omegle-or-ometv/feed/ HTTP/1.0" 200 1768 "-" "Mozilla/5.0 (compatible; Barkrowler/0.9; +https://babbar.tech/crawler)"
217.113.194.74 - - [06/Sep/2025:10:31:38 +0700] "GET /which-is-the-best-video-chat-platform-for-you-omegle-or-ometv/feed/ HTTP/1.0" 200 1780 "-" "Mozilla/5.0 (compatible; Barkrowler/0.9; +https://babbar.tech/crawler)"
54.39.136.86 - - [06/Sep/2025:10:31:46 +0700] "GET /the-role-of-moderation-in-maintaining-a-safe-environment-on-omegle/ HTTP/1.0" 200 91846 "-" "Mozilla/5.0 (compatible; AhrefsBot/7.0; +http://ahrefs.com/robot/)"
217.113.194.81 - - [06/Sep/2025:10:32:01 +0700] "GET /privacy-matters-video-vs-text-communication-on-omegle-and-ometv/feed/ HTTP/1.0" 200 1786 "-" "Mozilla/5.0 (compatible; Barkrowler/0.9; +https://babbar.tech/crawler)"
45.117.177.72 - - [06/Sep/2025:10:32:27 +0700] "POST /wp-cron.php?doing_wp_cron=1757129547.0505149364471435546875 HTTP/1.0" 200 416 "-" "WordPress/6.8.1; https://vattusacky.vn"
217.113.194.80 - - [06/Sep/2025:10:32:23 +0700] "GET /privacy-concerns-video-vs-text-communication-on-omegle-and-ometv/feed/ HTTP/1.0" 200 1789 "-" "Mozilla/5.0 (compatible; Barkrowler/0.9; +https://babbar.tech/crawler)"
217.113.194.80 - - [06/Sep/2025:10:32:46 +0700] "GET /privacy-concerns-on-omegle-understanding-the-risks-and-how-to-stay-protected/feed/ HTTP/1.0" 200 1825 "-" "Mozilla/5.0 (compatible; Barkrowler/0.9; +https://babbar.tech/crawler)"
217.113.194.73 - - [06/Sep/2025:10:33:10 +0700] "GET /up-x-zerkalo-akcii-i-bonusy-ot-kazino-registracija-2/ HTTP/1.0" 200 227086 "-" "Mozilla/5.0 (compatible; Barkrowler/0.9; +https://babbar.tech/crawler)"
45.117.177.72 - - [06/Sep/2025:10:34:02 +0700] "POST /wp-cron.php?doing_wp_cron=1757129642.0489718914031982421875 HTTP/1.0" 200 416 "-" "WordPress/6.8.1; https://vattusacky.vn"
217.113.194.75 - - [06/Sep/2025:10:33:58 +0700] "GET /pin-ap-kazino-top-kazino-v-internete-demo-bystryj-2/feed/ HTTP/1.0" 200 1806 "-" "Mozilla/5.0 (compatible; Barkrowler/0.9; +https://babbar.tech/crawler)"
45.117.177.72 - - [06/Sep/2025:10:34:26 +0700] "POST /wp-cron.php?doing_wp_cron=1757129666.3895640373229980468750 HTTP/1.0" 200 416 "-" "WordPress/6.8.1; https://vattusacky.vn"
217.113.194.217 - - [06/Sep/2025:10:34:22 +0700] "GET /pin-ap-kazino-top-kazino-v-internete-demo-bystryj-2/ HTTP/1.0" 200 224160 "-" "Mozilla/5.0 (compatible; Barkrowler/0.9; +https://babbar.tech/crawler)"
217.113.194.76 - - [06/Sep/2025:10:35:00 +0700] "GET /pin-ap-kazino-oficialnyj-sajt-igrat-v-onlajn-5/feed/ HTTP/1.0" 200 1795 "-" "Mozilla/5.0 (compatible; Barkrowler/0.9; +https://babbar.tech/crawler)"
45.117.177.72 - - [06/Sep/2025:10:35:26 +0700] "POST /wp-cron.php?doing_wp_cron=1757129726.2026739120483398437500 HTTP/1.0" 200 416 "-" "WordPress/6.8.1; https://vattusacky.vn"
217.113.194.75 - - [06/Sep/2025:10:35:22 +0700] "GET /pin-ap-kazino-oficialnyj-sajt-igrat-v-onlajn-4/feed/ HTTP/1.0" 200 1795 "-" "Mozilla/5.0 (compatible; Barkrowler/0.9; +https://babbar.tech/crawler)"
85.208.96.204 - - [06/Sep/2025:10:35:34 +0700] "GET /22bet-india-27/ HTTP/1.0" 200 107008 "-" "Mozilla/5.0 (compatible; SemrushBot/7~bl; +http://www.semrush.com/bot.html)"
185.156.72.7 - - [06/Sep/2025:10:35:42 +0700] "GET /where-can-i-buy-viagra-over-the-counter-in-the-usa/ HTTP/1.0" 200 225148 "https://vattusacky.vn/where-can-i-buy-viagra-over-the-counter-in-the-usa/" "Mozilla/5.0 (Windows NT 10.0; Win64; x64) AppleWebKit/537.36 (KHTML, like Gecko) Chrome/130.0.0.0 Safari/537.36 CCleaner/130.0.0.0"
217.113.194.75 - - [06/Sep/2025:10:35:45 +0700] "GET /pin-ap-kazino-oficialnyj-sajt-igrat-v-onlajn-8/feed/ HTTP/1.0" 200 1795 "-" "Mozilla/5.0 (compatible; Barkrowler/0.9; +https://babbar.tech/crawler)"
217.113.194.72 - - [06/Sep/2025:10:36:10 +0700] "GET /pin-ap-kazino-oficialnyj-sajt-igrat-v-onlajn-2/feed/ HTTP/1.0" 200 1795 "-" "Mozilla/5.0 (compatible; Barkrowler/0.9; +https://babbar.tech/crawler)"
66.249.70.194 - - [06/Sep/2025:10:36:31 +0700] "GET /wp-content/uploads/2019/03/al200cod.pdf HTTP/1.0" 200 421 "-" "Googlebot/2.1 (+http://www.google.com/bot.html)"
45.117.177.72 - - [06/Sep/2025:10:36:40 +0700] "POST /wp-cron.php?doing_wp_cron=1757129799.8500289916992187500000 HTTP/1.0" 200 416 "-" "WordPress/6.8.1; https://vattusacky.vn"
217.113.194.218 - - [06/Sep/2025:10:36:36 +0700] "GET /pin-ap-kazino-oficialnyj-sajt-igrat-v-onlajn-7/feed/ HTTP/1.0" 200 1795 "-" "Mozilla/5.0 (compatible; Barkrowler/0.9; +https://babbar.tech/crawler)"
217.113.194.217 - - [06/Sep/2025:10:36:58 +0700] "GET /pin-ap-kazino-oficialnyj-sajt-igrat-v-onlajn-3/feed/ HTTP/1.0" 200 1795 "-" "Mozilla/5.0 (compatible; Barkrowler/0.9; +https://babbar.tech/crawler)"
45.117.177.72 - - [06/Sep/2025:10:37:22 +0700] "POST /wp-cron.php?doing_wp_cron=1757129841.9801850318908691406250 HTTP/1.0" 200 416 "-" "WordPress/6.8.1; https://vattusacky.vn"
154.54.249.200 - - [06/Sep/2025:10:37:19 +0700] "GET /pin-ap-kazino-oficialnyj-sajt-igrat-v-onlajn/feed/ HTTP/1.0" 200 1791 "-" "Mozilla/5.0 (compatible; Barkrowler/0.9; +https://babbar.tech/crawler)"
152.53.132.50 - - [06/Sep/2025:10:37:18 +0700] "GET /tag/quan-trac-khong-khi-ngoai-troi/ HTTP/1.0" 200 57740 "-" "Mozilla/5.0 (Windows NT 10.0; Win64; x64) AppleWebKit/537.36 (KHTML, like Gecko) Chrome/100.0.2604.324 Safari/537.36"
217.113.194.217 - - [06/Sep/2025:10:37:40 +0700] "GET /pin-ap-casino-sloty-i-igrovye-avtomaty-s-bonusami-2/feed/ HTTP/1.0" 200 1791 "-" "Mozilla/5.0 (compatible; Barkrowler/0.9; +https://babbar.tech/crawler)"
217.113.194.74 - - [06/Sep/2025:10:38:03 +0700] "GET /pin-up-resmi-bahis-sitesi-hakknda-genel-bilgiler/ HTTP/1.0" 200 112686 "-" "Mozilla/5.0 (compatible; Barkrowler/0.9; +https://babbar.tech/crawler)"
45.117.177.72 - - [06/Sep/2025:10:38:36 +0700] "POST /wp-cron.php?doing_wp_cron=1757129915.9692909717559814453125 HTTP/1.0" 200 416 "-" "WordPress/6.8.1; https://vattusacky.vn"
217.113.194.79 - - [06/Sep/2025:10:38:32 +0700] "GET /pin-up-kazino-bonusy-igrat-v-igrovye-apparaty-i-2/feed/ HTTP/1.0" 200 1794 "-" "Mozilla/5.0 (compatible; Barkrowler/0.9; +https://babbar.tech/crawler)"
217.113.194.76 - - [06/Sep/2025:10:38:54 +0700] "GET /pin-up-casino-rabochee-zerkalo-vhod-demo-sloty-bez/ HTTP/1.0" 200 95133 "-" "Mozilla/5.0 (compatible; Barkrowler/0.9; +https://babbar.tech/crawler)"
20.171.207.79 - - [06/Sep/2025:10:38:58 +0700] "GET /post_tag-sitemap.xml HTTP/1.0" 200 12903 "-" "Mozilla/5.0 AppleWebKit/537.36 (KHTML, like Gecko; compatible; GPTBot/1.2; +https://openai.com/gptbot)"
15.235.96.54 - - [06/Sep/2025:10:39:12 +0700] "GET /category/uncategorized/page/330/ HTTP/1.0" 200 76678 "-" "Mozilla/5.0 (compatible; AhrefsBot/7.0; +http://ahrefs.com/robot/)"
45.117.177.72 - - [06/Sep/2025:10:39:26 +0700] "POST /wp-cron.php?doing_wp_cron=1757129966.3992938995361328125000 HTTP/1.0" 200 416 "-" "WordPress/6.8.1; https://vattusacky.vn"
217.113.194.79 - - [06/Sep/2025:10:39:23 +0700] "GET /pin-up-casino-realnye-promokody-igrat-na-dengi-v-2/feed/ HTTP/1.0" 200 1800 "-" "Mozilla/5.0 (compatible; Barkrowler/0.9; +https://babbar.tech/crawler)"
217.113.194.79 - - [06/Sep/2025:10:39:45 +0700] "GET /noi-de-tim-mot-tien-do-zaimoo-dai-han-tren-internet/feed/ HTTP/1.0" 200 1766 "-" "Mozilla/5.0 (compatible; Barkrowler/0.9; +https://babbar.tech/crawler)"
216.73.216.162 - - [06/Sep/2025:10:39:48 +0700] "GET /robots.txt HTTP/1.0" 200 984 "-" "Mozilla/5.0 AppleWebKit/537.36 (KHTML, like Gecko; compatible; ClaudeBot/1.0; +claudebot@anthropic.com)"
216.73.216.162 - - [06/Sep/2025:10:39:53 +0700] "GET /we-try-to-help-niche-corporations-in-india-develop/feed HTTP/1.0" 301 598 "-" "Mozilla/5.0 AppleWebKit/537.36 (KHTML, like Gecko; compatible; ClaudeBot/1.0; +claudebot@anthropic.com)"
216.73.216.162 - - [06/Sep/2025:10:39:57 +0700] "GET /we-try-to-help-niche-corporations-in-india-develop/feed/ HTTP/1.0" 200 1627 "https://vattusacky.vn/we-try-to-help-niche-corporations-in-india-develop/feed" "Mozilla/5.0 AppleWebKit/537.36 (KHTML, like Gecko; compatible; ClaudeBot/1.0; +claudebot@anthropic.com)"
217.113.194.78 - - [06/Sep/2025:10:40:07 +0700] "GET /from-chance-encounters-to-lasting-friendships-the-magic-of-serendipity-online/feed/ HTTP/1.0" 200 1828 "-" "Mozilla/5.0 (compatible; Barkrowler/0.9; +https://babbar.tech/crawler)"
45.117.177.72 - - [06/Sep/2025:10:40:34 +0700] "POST /wp-cron.php?doing_wp_cron=1757130033.8412790298461914062500 HTTP/1.0" 200 416 "-" "WordPress/6.8.1; https://vattusacky.vn"
217.113.194.81 - - [06/Sep/2025:10:40:29 +0700] "GET /amusing-omegle-chats-with-unexpectedly-funny-and-ridiculous-results/ HTTP/1.0" 200 89690 "-" "Mozilla/5.0 (compatible; Barkrowler/0.9; +https://babbar.tech/crawler)"
85.208.96.208 - - [06/Sep/2025:10:40:38 +0700] "GET /jogar-cassino-online-bonus-para-cassino-online/ HTTP/1.0" 200 212959 "-" "Mozilla/5.0 (compatible; SemrushBot/7~bl; +http://www.semrush.com/bot.html)"
45.117.177.72 - - [06/Sep/2025:10:41:21 +0700] "POST /wp-cron.php?doing_wp_cron=1757130080.9853219985961914062500 HTTP/1.0" 200 416 "-" "WordPress/6.8.1; https://vattusacky.vn"
217.113.194.75 - - [06/Sep/2025:10:41:17 +0700] "GET /how-to-maintain-and-nurture-relationships-on-omegle-and-ometv/feed/ HTTP/1.0" 200 1780 "-" "Mozilla/5.0 (compatible; Barkrowler/0.9; +https://babbar.tech/crawler)"
217.113.194.74 - - [06/Sep/2025:10:41:39 +0700] "GET /the-magic-of-serendipity-discovering-unexpected-collaborations-on-omegle/feed/ HTTP/1.0" 200 1813 "-" "Mozilla/5.0 (compatible; Barkrowler/0.9; +https://babbar.tech/crawler)"
217.113.194.73 - - [06/Sep/2025:10:42:00 +0700] "GET /dat-cau-hoi-thuong-gap-tamo-ve-tin-dung-jailbroke/ HTTP/1.0" 200 209905 "-" "Mozilla/5.0 (compatible; Barkrowler/0.9; +https://babbar.tech/crawler)"
45.117.177.72 - - [06/Sep/2025:10:42:49 +0700] "POST /wp-cron.php?doing_wp_cron=1757130168.6319549083709716796875 HTTP/1.0" 200 416 "-" "WordPress/6.8.1; https://vattusacky.vn"
217.113.194.75 - - [06/Sep/2025:10:42:43 +0700] "GET /4rabet-app-download-apk-for-android-and-ios-free-11/feed/ HTTP/1.0" 200 1766 "-" "Mozilla/5.0 (compatible; Barkrowler/0.9; +https://babbar.tech/crawler)"
45.117.177.72 - - [06/Sep/2025:10:43:04 +0700] "POST /wp-cron.php?doing_wp_cron=1757130184.0509169101715087890625 HTTP/1.0" 200 416 "-" "WordPress/6.8.1; https://vattusacky.vn"
108.167.189.68 - - [06/Sep/2025:10:43:00 +0700] "GET /wp-login.php HTTP/1.0" 200 11388 "-" "Mozilla/5.0 (X11; Ubuntu; Linux x86_64; rv:85.0) Gecko/20100101 Firefox/91.0"
108.167.189.68 - - [06/Sep/2025:10:43:06 +0700] "POST /wp-login.php HTTP/1.0" 200 11729 "-" "Mozilla/5.0 (X11; Ubuntu; Linux x86_64; rv:85.0) Gecko/20100101 Firefox/91.0"
216.73.216.162 - - [06/Sep/2025:10:43:07 +0700] "GET /?p=3617 HTTP/1.0" 301 632 "-" "Mozilla/5.0 AppleWebKit/537.36 (KHTML, like Gecko; compatible; ClaudeBot/1.0; +claudebot@anthropic.com)"
216.73.216.162 - - [06/Sep/2025:10:43:07 +0700] "GET /?p=4553 HTTP/1.0" 301 604 "-" "Mozilla/5.0 AppleWebKit/537.36 (KHTML, like Gecko; compatible; ClaudeBot/1.0; +claudebot@anthropic.com)"
217.113.194.78 - - [06/Sep/2025:10:43:07 +0700] "GET /using-omegle-for-language-practice-improving-fluency-through-conversations/feed/ HTTP/1.0" 200 1819 "-" "Mozilla/5.0 (compatible; Barkrowler/0.9; +https://babbar.tech/crawler)"
216.73.216.162 - - [06/Sep/2025:10:43:10 +0700] "GET /kreditnye-karty-so-snjatiem-nalichnyh-bez/ HTTP/1.0" 200 226198 "https://vattusacky.vn/?p=3617" "Mozilla/5.0 AppleWebKit/537.36 (KHTML, like Gecko; compatible; ClaudeBot/1.0; +claudebot@anthropic.com)"
216.73.216.162 - - [06/Sep/2025:10:43:10 +0700] "GET /hello-world-9/ HTTP/1.0" 200 202917 "https://vattusacky.vn/?p=4553" "Mozilla/5.0 AppleWebKit/537.36 (KHTML, like Gecko; compatible; ClaudeBot/1.0; +claudebot@anthropic.com)"
45.117.177.72 - - [06/Sep/2025:10:43:33 +0700] "POST /wp-cron.php?doing_wp_cron=1757130213.5711588859558105468750 HTTP/1.0" 200 416 "-" "WordPress/6.8.1; https://vattusacky.vn"
217.113.194.217 - - [06/Sep/2025:10:43:30 +0700] "GET /entertainment-at-its-best-amazing-experiences-on-omegle-and-ometv/feed/ HTTP/1.0" 200 1792 "-" "Mozilla/5.0 (compatible; Barkrowler/0.9; +https://babbar.tech/crawler)"
213.180.203.235 - - [06/Sep/2025:10:43:31 +0700] "GET /a-laughter-riot-the-funniest-encounters-on-omegle-and-ometv/ HTTP/1.0" 200 88012 "-" "Mozilla/5.0 (compatible; YandexBot/3.0; +http://yandex.com/bots)"
216.73.216.162 - - [06/Sep/2025:10:43:40 +0700] "GET /how-to-buy-viagra-over-the-counter-now-available-2/feed HTTP/1.0" 301 744 "-" "Mozilla/5.0 AppleWebKit/537.36 (KHTML, like Gecko; compatible; ClaudeBot/1.0; +claudebot@anthropic.com)"
216.73.216.162 - - [06/Sep/2025:10:43:44 +0700] "GET /how-to-buy-viagra-over-the-counter-now-available-2/feed/ HTTP/1.0" 200 1614 "https://vattusacky.vn/how-to-buy-viagra-over-the-counter-now-available-2/feed" "Mozilla/5.0 AppleWebKit/537.36 (KHTML, like Gecko; compatible; ClaudeBot/1.0; +claudebot@anthropic.com)"
20.171.207.79 - - [06/Sep/2025:10:43:42 +0700] "GET /post-sitemap4.xml HTTP/1.0" 200 157717 "-" "Mozilla/5.0 AppleWebKit/537.36 (KHTML, like Gecko; compatible; GPTBot/1.2; +https://openai.com/gptbot)"
217.113.194.217 - - [06/Sep/2025:10:43:52 +0700] "GET /yahoo-and-google-is-at-this-moment-a-fabulous-aspect-of-verizon-media/feed/ HTTP/1.0" 200 1804 "-" "Mozilla/5.0 (compatible; Barkrowler/0.9; +https://babbar.tech/crawler)"
45.117.177.72 - - [06/Sep/2025:10:44:20 +0700] "POST /wp-cron.php?doing_wp_cron=1757130259.6382460594177246093750 HTTP/1.0" 200 416 "-" "WordPress/6.8.1; https://vattusacky.vn"
217.113.194.78 - - [06/Sep/2025:10:44:16 +0700] "GET /szyfr-promocyjny-od-vulkan-vegas-odbierz-promo-code/feed/ HTTP/1.0" 200 1751 "-" "Mozilla/5.0 (compatible; Barkrowler/0.9; +https://babbar.tech/crawler)"
217.113.194.76 - - [06/Sep/2025:10:44:38 +0700] "GET /at-the-crossroads-of-art-and-technology-omegles-role-in-creative-innovation/feed/ HTTP/1.0" 200 1822 "-" "Mozilla/5.0 (compatible; Barkrowler/0.9; +https://babbar.tech/crawler)"
217.113.194.74 - - [06/Sep/2025:10:45:02 +0700] "GET /the-inner-workings-deciphering-the-secrets-of-omegles-random-chat/feed/ HTTP/1.0" 200 1792 "-" "Mozilla/5.0 (compatible; Barkrowler/0.9; +https://babbar.tech/crawler)"
45.117.177.72 - - [06/Sep/2025:10:45:29 +0700] "POST /wp-cron.php?doing_wp_cron=1757130329.1664578914642333984375 HTTP/1.0" 200 416 "-" "WordPress/6.8.1; https://vattusacky.vn"
217.113.194.73 - - [06/Sep/2025:10:45:25 +0700] "GET /the-inner-workings-of-omegle-and-ometv-a-closer-look-at-the-technology/ HTTP/1.0" 200 92865 "-" "Mozilla/5.0 (compatible; Barkrowler/0.9; +https://babbar.tech/crawler)"
216.73.216.162 - - [06/Sep/2025:10:45:57 +0700] "GET /?p=6102 HTTP/1.0" 301 649 "-" "Mozilla/5.0 AppleWebKit/537.36 (KHTML, like Gecko; compatible; ClaudeBot/1.0; +claudebot@anthropic.com)"
217.113.194.76 - - [06/Sep/2025:10:45:58 +0700] "GET /the-influence-of-social-norms-on-anonymity-and-authenticity-on-omegle/feed/ HTTP/1.0" 200 1804 "-" "Mozilla/5.0 (compatible; Barkrowler/0.9; +https://babbar.tech/crawler)"
216.73.216.162 - - [06/Sep/2025:10:46:01 +0700] "GET /a-touch-of-comedy-hilarious-encounters-on-omegle-and-ometv/ HTTP/1.0" 200 73624 "https://vattusacky.vn/?p=6102" "Mozilla/5.0 AppleWebKit/537.36 (KHTML, like Gecko; compatible; ClaudeBot/1.0; +claudebot@anthropic.com)"
20.171.207.79 - - [06/Sep/2025:10:46:04 +0700] "GET /attachment-sitemap.xml HTTP/1.0" 500 3278 "-" "Mozilla/5.0 AppleWebKit/537.36 (KHTML, like Gecko; compatible; GPTBot/1.2; +https://openai.com/gptbot)"
154.54.249.200 - - [06/Sep/2025:10:46:23 +0700] "GET /amplifying-marginalized-voices-through-virtual-empathy-on-omegle/feed/ HTTP/1.0" 200 1789 "-" "Mozilla/5.0 (compatible; Barkrowler/0.9; +https://babbar.tech/crawler)"
103.131.71.42 - - [06/Sep/2025:10:46:25 +0700] "GET /robots.txt HTTP/1.0" 200 984 "-" "Mozilla/5.0 (compatible; coccocbot-image/1.0; +http://help.coccoc.com/searchengine)"
103.131.71.43 - - [06/Sep/2025:10:46:32 +0700] "GET /wp-content/uploads/2018/06/mettler-logo.png HTTP/1.0" 200 419 "-" "Mozilla/5.0 (compatible; coccocbot-image/1.0; +http://help.coccoc.com/searchengine)"
103.131.71.32 - - [06/Sep/2025:10:46:39 +0700] "GET /sitemap_index.xml HTTP/1.0" 200 2426 "-" "Mozilla/5.0 (compatible; coccocbot-image/1.0; +http://help.coccoc.com/searchengine)"
167.114.139.177 - - [06/Sep/2025:10:46:45 +0700] "GET /the-role-of-moderation-in-omegles-global-village/ HTTP/1.0" 200 91331 "-" "Mozilla/5.0 (compatible; AhrefsBot/7.0; +http://ahrefs.com/robot/)"
217.113.194.217 - - [06/Sep/2025:10:46:49 +0700] "GET /leovegas-official-web-site-registration-with-80-000-bonus-review-2023/ HTTP/1.0" 200 223133 "-" "Mozilla/5.0 (compatible; Barkrowler/0.9; +https://babbar.tech/crawler)"
45.117.177.72 - - [06/Sep/2025:10:47:39 +0700] "POST /wp-cron.php?doing_wp_cron=1757130458.8921649456024169921875 HTTP/1.0" 200 416 "-" "WordPress/6.8.1; https://vattusacky.vn"
217.113.194.78 - - [06/Sep/2025:10:47:34 +0700] "GET /breaking-stereotypes-human-connection-in-an-anonymous-world-on-omegle/feed/ HTTP/1.0" 200 1804 "-" "Mozilla/5.0 (compatible; Barkrowler/0.9; +https://babbar.tech/crawler)"
54.39.6.153 - - [06/Sep/2025:10:47:39 +0700] "GET /the-role-of-moderation-in-omegles-global-village/ HTTP/1.0" 200 91331 "-" "Mozilla/5.0 (compatible; AhrefsBot/7.0; +http://ahrefs.com/robot/)"
45.117.177.72 - - [06/Sep/2025:10:47:45 +0700] "POST /wp-admin/admin-ajax.php?action=wp_1_wc_privacy_cleanup&nonce=256e613237 HTTP/1.0" 200 716 "-" "WordPress/6.8.1; https://vattusacky.vn"
45.117.177.72 - - [06/Sep/2025:10:48:02 +0700] "POST /wp-cron.php?doing_wp_cron=1757130481.9208979606628417968750 HTTP/1.0" 200 416 "-" "WordPress/6.8.1; https://vattusacky.vn"
185.191.171.5 - - [06/Sep/2025:10:47:57 +0700] "GET /sbobet-7/ HTTP/1.0" 200 261686 "-" "Mozilla/5.0 (compatible; SemrushBot/7~bl; +http://www.semrush.com/bot.html)"
217.113.194.76 - - [06/Sep/2025:10:47:57 +0700] "GET /breaking-barriers-omegles-role-in-bridging-cultures-anonymously/feed/ HTTP/1.0" 200 1786 "-" "Mozilla/5.0 (compatible; Barkrowler/0.9; +https://babbar.tech/crawler)"
87.250.224.233 - - [06/Sep/2025:10:48:08 +0700] "GET /robots.txt HTTP/1.0" 200 984 "-" "Mozilla/5.0 (compatible; YandexBot/3.0; +http://yandex.com/bots)"
45.117.177.72 - - [06/Sep/2025:10:48:26 +0700] "POST /wp-cron.php?doing_wp_cron=1757130506.1817569732666015625000 HTTP/1.0" 200 416 "-" "WordPress/6.8.1; https://vattusacky.vn"
217.113.194.218 - - [06/Sep/2025:10:48:22 +0700] "GET /the-role-of-personal-growth-on-omegle-learning-and-evolving-through-conversations/ HTTP/1.0" 200 78421 "-" "Mozilla/5.0 (compatible; Barkrowler/0.9; +https://babbar.tech/crawler)"
34.234.197.175 - - [06/Sep/2025:10:48:45 +0700] "GET /1win-aviator-46/ HTTP/1.0" 200 260917 "-" "Mozilla/5.0 AppleWebKit/537.36 (KHTML, like Gecko; compatible; Amazonbot/0.1; +https://developer.amazon.com/support/amazonbot) Chrome/119.0.6045.214 Safari/537.36"
217.113.194.76 - - [06/Sep/2025:10:48:48 +0700] "GET /the-role-of-emotions-video-vs-text-on-omegle-and-ometv/feed/ HTTP/1.0" 200 1759 "-" "Mozilla/5.0 (compatible; Barkrowler/0.9; +https://babbar.tech/crawler)"
20.171.207.79 - - [06/Sep/2025:10:48:39 +0700] "GET /product-sitemap.xml HTTP/1.0" 200 50902 "-" "Mozilla/5.0 AppleWebKit/537.36 (KHTML, like Gecko; compatible; GPTBot/1.2; +https://openai.com/gptbot)"
3.224.215.150 - - [06/Sep/2025:10:48:50 +0700] "GET /guy-dating-points-ways-to-be-comfortable-in-your-like-life/ HTTP/1.0" 200 206932 "-" "Mozilla/5.0 AppleWebKit/537.36 (KHTML, like Gecko; compatible; Amazonbot/0.1; +https://developer.amazon.com/support/amazonbot) Chrome/119.0.6045.214 Safari/537.36"
44.220.2.97 - - [06/Sep/2025:10:48:52 +0700] "GET /dating-in-korean-culture-love-in-the-land-of-k-pop-korean-dating-apps/ HTTP/1.0" 200 212830 "-" "Mozilla/5.0 AppleWebKit/537.36 (KHTML, like Gecko; compatible; Amazonbot/0.1; +https://developer.amazon.com/support/amazonbot) Chrome/119.0.6045.214 Safari/537.36"
23.23.214.190 - - [06/Sep/2025:10:48:57 +0700] "GET /methods-for-dating-an-older-man/ HTTP/1.0" 200 207381 "-" "Mozilla/5.0 AppleWebKit/537.36 (KHTML, like Gecko; compatible; Amazonbot/0.1; +https://developer.amazon.com/support/amazonbot) Chrome/119.0.6045.214 Safari/537.36"
54.84.147.79 - - [06/Sep/2025:10:49:01 +0700] "GET /essay-for-sale-with-custom-writing-services/ HTTP/1.0" 200 207063 "-" "Mozilla/5.0 AppleWebKit/537.36 (KHTML, like Gecko; compatible; Amazonbot/0.1; +https://developer.amazon.com/support/amazonbot) Chrome/119.0.6045.214 Safari/537.36"
44.209.35.147 - - [06/Sep/2025:10:49:05 +0700] "GET /category/uncategorized/page/164/ HTTP/1.0" 200 77014 "-" "Mozilla/5.0 AppleWebKit/537.36 (KHTML, like Gecko; compatible; Amazonbot/0.1; +https://developer.amazon.com/support/amazonbot) Chrome/119.0.6045.214 Safari/537.36"
217.113.194.74 - - [06/Sep/2025:10:49:11 +0700] "GET /the-role-of-artificial-intelligence-in-shaping-omegles-user-experience/feed/ HTTP/1.0" 200 1807 "-" "Mozilla/5.0 (compatible; Barkrowler/0.9; +https://babbar.tech/crawler)"
45.117.177.72 - - [06/Sep/2025:10:49:38 +0700] "POST /wp-cron.php?doing_wp_cron=1757130578.1478819847106933593750 HTTP/1.0" 200 416 "-" "WordPress/6.8.1; https://vattusacky.vn"
217.113.194.75 - - [06/Sep/2025:10:49:34 +0700] "GET /the-role-of-reciprocity-in-networking-on-omegle-and-ometv/feed/ HTTP/1.0" 200 1768 "-" "Mozilla/5.0 (compatible; Barkrowler/0.9; +https://babbar.tech/crawler)"
85.208.96.197 - - [06/Sep/2025:10:49:41 +0700] "GET /category/uncategorized/page/15/ HTTP/1.0" 200 76238 "-" "Mozilla/5.0 (compatible; SemrushBot/7~bl; +http://www.semrush.com/bot.html)"
217.113.194.79 - - [06/Sep/2025:10:49:58 +0700] "GET /the-role-of-dialectical-behavior-therapy-dbt-in-omegle-therapy/feed/ HTTP/1.0" 403 629 "-" "Mozilla/5.0 (compatible; Barkrowler/0.9; +https://babbar.tech/crawler)"
45.117.177.72 - - [06/Sep/2025:10:52:36 +0700] "POST /wp-cron.php?doing_wp_cron=1757130756.4299890995025634765625 HTTP/1.0" 200 416 "-" "WordPress/6.8.1; https://vattusacky.vn"
217.113.194.76 - - [06/Sep/2025:10:52:31 +0700] "GET /omegle-vs-ometv-the-impact-of-user-interface-on-user-satisfaction/ HTTP/1.0" 200 91973 "-" "Mozilla/5.0 (compatible; Barkrowler/0.9; +https://babbar.tech/crawler)"
217.113.194.77 - - [06/Sep/2025:10:53:03 +0700] "GET /omegle-vs-ometv-the-impact-of-advertisement-on-user-experience/feed/ HTTP/1.0" 200 1783 "-" "Mozilla/5.0 (compatible; Barkrowler/0.9; +https://babbar.tech/crawler)"
20.171.207.79 - - [06/Sep/2025:10:53:08 +0700] "GET /product_tag-sitemap.xml HTTP/1.0" 200 28520 "-" "Mozilla/5.0 AppleWebKit/537.36 (KHTML, like Gecko; compatible; GPTBot/1.2; +https://openai.com/gptbot)"
45.117.177.72 - - [06/Sep/2025:10:53:31 +0700] "POST /wp-cron.php?doing_wp_cron=1757130811.2206709384918212890625 HTTP/1.0" 200 416 "-" "WordPress/6.8.1; https://vattusacky.vn"
217.113.194.217 - - [06/Sep/2025:10:53:27 +0700] "GET /omegle-vs-ometv-which-face-to-face-video-chat-platform-to-choose/ HTTP/1.0" 200 89840 "-" "Mozilla/5.0 (compatible; Barkrowler/0.9; +https://babbar.tech/crawler)"
51.161.37.224 - - [06/Sep/2025:10:53:56 +0700] "GET /robots.txt HTTP/1.0" 200 984 "-" "Mozilla/5.0 (compatible; AhrefsBot/7.0; +http://ahrefs.com/robot/)"
217.113.194.76 - - [06/Sep/2025:10:53:58 +0700] "GET /omegle-vs-ometv-which-platform-provides-better-security-measures/feed/ HTTP/1.0" 200 1789 "-" "Mozilla/5.0 (compatible; Barkrowler/0.9; +https://babbar.tech/crawler)"
51.222.168.105 - - [06/Sep/2025:10:54:01 +0700] "GET /the-reason-why-some-girls-triumph-at-lovea%C2%80%C2%A6and-others-you-should-not/ HTTP/1.0" 200 208507 "-" "Mozilla/5.0 (compatible; AhrefsBot/7.0; +http://ahrefs.com/robot/)"
45.117.177.72 - - [06/Sep/2025:10:54:26 +0700] "POST /wp-cron.php?doing_wp_cron=1757130865.7790310382843017578125 HTTP/1.0" 200 416 "-" "WordPress/6.8.1; https://vattusacky.vn"
217.113.194.81 - - [06/Sep/2025:10:54:20 +0700] "GET /omegle-vs-ometv-a-comparison-of-face-to-face-video-chat-platforms/feed/ HTTP/1.0" 200 1792 "-" "Mozilla/5.0 (compatible; Barkrowler/0.9; +https://babbar.tech/crawler)"
216.244.66.237 - - [06/Sep/2025:10:54:43 +0700] "GET /robots.txt HTTP/1.0" 200 984 "-" "Mozilla/5.0 (compatible; DotBot/1.2; +https://opensiteexplorer.org/dotbot; help@moz.com)"
154.54.249.200 - - [06/Sep/2025:10:54:44 +0700] "GET /omegle-vs-ometv-a-detailed-analysis-of-privacy-and-safety-measures/feed/ HTTP/1.0" 200 1795 "-" "Mozilla/5.0 (compatible; Barkrowler/0.9; +https://babbar.tech/crawler)"
217.113.194.73 - - [06/Sep/2025:10:55:06 +0700] "GET /omegle-vs-ometv-a-closer-look-at-face-to-face-video-chat-options/ HTTP/1.0" 200 86202 "-" "Mozilla/5.0 (compatible; Barkrowler/0.9; +https://babbar.tech/crawler)"
45.117.177.72 - - [06/Sep/2025:10:55:44 +0700] "POST /wp-cron.php?doing_wp_cron=1757130943.7959539890289306640625 HTTP/1.0" 200 416 "-" "WordPress/6.8.1; https://vattusacky.vn"
217.113.194.81 - - [06/Sep/2025:10:55:39 +0700] "GET /omegle-vs-ometv-moderation-how-effective-are-the-systems-in-place/feed/ HTTP/1.0" 200 1792 "-" "Mozilla/5.0 (compatible; Barkrowler/0.9; +https://babbar.tech/crawler)"
217.113.194.79 - - [06/Sep/2025:10:56:02 +0700] "GET /omegles-role-in-breaking-down-societal-stereotypes-and-prejudices/feed/ HTTP/1.0" 200 1792 "-" "Mozilla/5.0 (compatible; Barkrowler/0.9; +https://babbar.tech/crawler)"
45.117.177.72 - - [06/Sep/2025:10:56:31 +0700] "POST /wp-cron.php?doing_wp_cron=1757130990.5770928859710693359375 HTTP/1.0" 200 416 "-" "WordPress/6.8.1; https://vattusacky.vn"
217.113.194.81 - - [06/Sep/2025:10:56:26 +0700] "GET /omegles-role-in-facilitating-intercultural-and-intergenerational-dialogue/feed/ HTTP/1.0" 200 1816 "-" "Mozilla/5.0 (compatible; Barkrowler/0.9; +https://babbar.tech/crawler)"
154.54.249.200 - - [06/Sep/2025:10:56:49 +0700] "GET /omegles-role-in-combating-social-anxiety-and-building-confidence/feed/ HTTP/1.0" 200 1789 "-" "Mozilla/5.0 (compatible; Barkrowler/0.9; +https://babbar.tech/crawler)"
217.113.194.81 - - [06/Sep/2025:10:57:11 +0700] "GET /omegle-and-gaming-communities-connecting-with-fellow-gamers-and-enthusiasts/feed/ HTTP/1.0" 200 1822 "-" "Mozilla/5.0 (compatible; Barkrowler/0.9; +https://babbar.tech/crawler)"
45.117.177.72 - - [06/Sep/2025:10:57:22 +0700] "POST /wp-cron.php?doing_wp_cron=1757131041.8667750358581542968750 HTTP/1.0" 200 416 "-" "WordPress/6.8.1; https://vattusacky.vn"
20.171.207.79 - - [06/Sep/2025:10:57:19 +0700] "GET /post-sitemap6.xml HTTP/1.0" 200 42064 "-" "Mozilla/5.0 AppleWebKit/537.36 (KHTML, like Gecko; compatible; GPTBot/1.2; +https://openai.com/gptbot)"
217.113.194.76 - - [06/Sep/2025:10:57:34 +0700] "GET /omegle-and-cultural-exchange-learning-about-different-countries-through-international-chats/ HTTP/1.0" 200 82301 "-" "Mozilla/5.0 (compatible; Barkrowler/0.9; +https://babbar.tech/crawler)"
213.180.203.224 - - [06/Sep/2025:10:57:42 +0700] "GET /finding-commonality-in-serendipitous-moments-on-omegle-and-ometv/ HTTP/1.0" 200 88939 "-" "Mozilla/5.0 (compatible; YandexBot/3.0; +http://yandex.com/bots)"
217.113.194.76 - - [06/Sep/2025:10:58:00 +0700] "GET /omegle-and-the-concept-of-stranger-danger-separating-myth-from-reality/ HTTP/1.0" 200 90141 "-" "Mozilla/5.0 (compatible; Barkrowler/0.9; +https://babbar.tech/crawler)"
45.117.177.72 - - [06/Sep/2025:10:58:33 +0700] "POST /wp-cron.php?doing_wp_cron=1757131112.9420070648193359375000 HTTP/1.0" 200 416 "-" "WordPress/6.8.1; https://vattusacky.vn"
217.113.194.76 - - [06/Sep/2025:10:58:28 +0700] "GET /omegle-and-ometv-how-anonymous-chatting-apps-affect-mental-health/ HTTP/1.0" 200 91021 "-" "Mozilla/5.0 (compatible; Barkrowler/0.9; +https://babbar.tech/crawler)"
217.113.194.72 - - [06/Sep/2025:10:58:53 +0700] "GET /omegle-and-ometv-providing-solace-and-support-in-times-of-isolation/feed/ HTTP/1.0" 200 1798 "-" "Mozilla/5.0 (compatible; Barkrowler/0.9; +https://babbar.tech/crawler)"
20.171.207.79 - - [06/Sep/2025:10:59:10 +0700] "GET /product_cat-sitemap.xml HTTP/1.0" 200 8595 "-" "Mozilla/5.0 AppleWebKit/537.36 (KHTML, like Gecko; compatible; GPTBot/1.2; +https://openai.com/gptbot)"
45.117.177.72 - - [06/Sep/2025:10:59:22 +0700] "POST /wp-cron.php?doing_wp_cron=1757131161.7841958999633789062500 HTTP/1.0" 200 416 "-" "WordPress/6.8.1; https://vattusacky.vn"
217.113.194.217 - - [06/Sep/2025:10:59:17 +0700] "GET /omegle-and-ometv-navigating-the-ups-and-downs-of-online-relationships/feed/ HTTP/1.0" 200 1804 "-" "Mozilla/5.0 (compatible; Barkrowler/0.9; +https://babbar.tech/crawler)"
216.73.216.162 - - [06/Sep/2025:10:59:38 +0700] "GET /hello-world-2 HTTP/1.0" 301 604 "-" "Mozilla/5.0 AppleWebKit/537.36 (KHTML, like Gecko; compatible; ClaudeBot/1.0; +claudebot@anthropic.com)"
216.73.216.162 - - [06/Sep/2025:10:59:38 +0700] "GET /?p=10086 HTTP/1.0" 301 648 "-" "Mozilla/5.0 AppleWebKit/537.36 (KHTML, like Gecko; compatible; ClaudeBot/1.0; +claudebot@anthropic.com)"
216.73.216.162 - - [06/Sep/2025:10:59:44 +0700] "GET /latina-mail-order-brides-data-websites-prices-suggestions/ HTTP/1.0" 503 8456 "https://vattusacky.vn/?p=10086" "Mozilla/5.0 AppleWebKit/537.36 (KHTML, like Gecko; compatible; ClaudeBot/1.0; +claudebot@anthropic.com)"
216.73.216.162 - - [06/Sep/2025:10:59:43 +0700] "GET /hello-world-2/ HTTP/1.0" 503 8456 "https://vattusacky.vn/hello-world-2" "Mozilla/5.0 AppleWebKit/537.36 (KHTML, like Gecko; compatible; ClaudeBot/1.0; +claudebot@anthropic.com)"
217.113.194.80 - - [06/Sep/2025:10:59:45 +0700] "GET /omegle-and-ometv-fostering-empathy-and-understanding-across-borders/ HTTP/1.0" 200 75694 "-" "Mozilla/5.0 (compatible; Barkrowler/0.9; +https://babbar.tech/crawler)"
216.73.216.162 - - [06/Sep/2025:10:59:48 +0700] "GET /?p=4461 HTTP/1.0" 301 497 "-" "Mozilla/5.0 AppleWebKit/537.36 (KHTML, like Gecko; compatible; ClaudeBot/1.0; +claudebot@anthropic.com)"
216.73.216.162 - - [06/Sep/2025:10:59:48 +0700] "GET /?p=4503 HTTP/1.0" 301 494 "-" "Mozilla/5.0 AppleWebKit/537.36 (KHTML, like Gecko; compatible; ClaudeBot/1.0; +claudebot@anthropic.com)"
216.73.216.162 - - [06/Sep/2025:10:59:53 +0700] "GET /1win-casino-luchshie-onlajn-avtomaty-igrovye-demo/ HTTP/1.0" 200 223964 "https://vattusacky.vn/?p=4503" "Mozilla/5.0 AppleWebKit/537.36 (KHTML, like Gecko; compatible; ClaudeBot/1.0; +claudebot@anthropic.com)"
216.73.216.162 - - [06/Sep/2025:10:59:53 +0700] "GET /up-x-zerkalo-akcii-i-bonusy-ot-kazino-registracija-2/ HTTP/1.0" 200 226882 "https://vattusacky.vn/?p=4461" "Mozilla/5.0 AppleWebKit/537.36 (KHTML, like Gecko; compatible; ClaudeBot/1.0; +claudebot@anthropic.com)"
216.73.216.162 - - [06/Sep/2025:10:59:58 +0700] "GET /?p=3239 HTTP/1.0" 301 458 "-" "Mozilla/5.0 AppleWebKit/537.36 (KHTML, like Gecko; compatible; ClaudeBot/1.0; +claudebot@anthropic.com)"
216.73.216.162 - - [06/Sep/2025:10:59:58 +0700] "GET /a-glimpse-into-the-minds-of-omegle-users-psychological-experiments-unraveled/feed HTTP/1.0" 301 624 "-" "Mozilla/5.0 AppleWebKit/537.36 (KHTML, like Gecko; compatible; ClaudeBot/1.0; +claudebot@anthropic.com)"
216.73.216.162 - - [06/Sep/2025:11:00:02 +0700] "GET /hello-world-3/ HTTP/1.0" 200 203146 "https://vattusacky.vn/?p=3239" "Mozilla/5.0 AppleWebKit/537.36 (KHTML, like Gecko; compatible; ClaudeBot/1.0; +claudebot@anthropic.com)"
216.73.216.162 - - [06/Sep/2025:11:00:03 +0700] "GET /a-glimpse-into-the-minds-of-omegle-users-psychological-experiments-unraveled/feed/ HTTP/1.0" 200 1679 "https://vattusacky.vn/a-glimpse-into-the-minds-of-omegle-users-psychological-experiments-unraveled/feed" "Mozilla/5.0 AppleWebKit/537.36 (KHTML, like Gecko; compatible; ClaudeBot/1.0; +claudebot@anthropic.com)"
216.73.216.162 - - [06/Sep/2025:11:00:07 +0700] "GET /category/iclub-com-ua HTTP/1.0" 301 420 "-" "Mozilla/5.0 AppleWebKit/537.36 (KHTML, like Gecko; compatible; ClaudeBot/1.0; +claudebot@anthropic.com)"
216.73.216.162 - - [06/Sep/2025:11:00:12 +0700] "GET /category/iclub-com-ua/ HTTP/1.0" 200 35099 "https://vattusacky.vn/category/iclub-com-ua" "Mozilla/5.0 AppleWebKit/537.36 (KHTML, like Gecko; compatible; ClaudeBot/1.0; +claudebot@anthropic.com)"
45.117.177.72 - - [06/Sep/2025:11:00:20 +0700] "POST /wp-cron.php?doing_wp_cron=1757131220.1732380390167236328125 HTTP/1.0" 200 416 "-" "WordPress/6.8.1; https://vattusacky.vn"
217.113.194.81 - - [06/Sep/2025:11:00:15 +0700] "GET /omegle-and-ometv-breaking-down-social-barriers-one-chat-at-a-time/ HTTP/1.0" 200 92249 "-" "Mozilla/5.0 (compatible; Barkrowler/0.9; +https://babbar.tech/crawler)"
85.208.96.199 - - [06/Sep/2025:11:00:18 +0700] "GET /robots.txt HTTP/1.0" 200 984 "-" "Mozilla/5.0 (compatible; SemrushBot/7~bl; +http://www.semrush.com/bot.html)"
85.208.96.210 - - [06/Sep/2025:11:00:24 +0700] "GET /50-mg-clomid-twins/ HTTP/1.0" 200 216642 "-" "Mozilla/5.0 (compatible; SemrushBot/7~bl; +http://www.semrush.com/bot.html)"
217.113.194.74 - - [06/Sep/2025:11:00:42 +0700] "GET /omegle-and-social-anxiety-overcoming-shyness-through-online-communication/feed/ HTTP/1.0" 200 1816 "-" "Mozilla/5.0 (compatible; Barkrowler/0.9; +https://babbar.tech/crawler)"
45.117.177.72 - - [06/Sep/2025:11:01:12 +0700] "POST /wp-cron.php?doing_wp_cron=1757131271.7904489040374755859375 HTTP/1.0" 200 416 "-" "WordPress/6.8.1; https://vattusacky.vn"
217.113.194.217 - - [06/Sep/2025:11:01:08 +0700] "GET /omegle-and-the-power-of-anonymity-freedom-and-responsibility-in-interaction/feed/ HTTP/1.0" 200 1822 "-" "Mozilla/5.0 (compatible; Barkrowler/0.9; +https://babbar.tech/crawler)"
54.39.6.62 - - [06/Sep/2025:11:01:27 +0700] "GET /embracing-the-extraordinary-in-omelove-stories-of-friendship-and-romance/ HTTP/1.0" 200 90717 "-" "Mozilla/5.0 (compatible; AhrefsBot/7.0; +http://ahrefs.com/robot/)"
217.113.194.79 - - [06/Sep/2025:11:01:30 +0700] "GET /omegle-and-online-gaming-how-the-platform-has-become-a-hub-for-gamers/ HTTP/1.0" 200 75874 "-" "Mozilla/5.0 (compatible; Barkrowler/0.9; +https://babbar.tech/crawler)"
216.73.216.162 - - [06/Sep/2025:11:01:35 +0700] "GET /?p=4199 HTTP/1.0" 301 615 "-" "Mozilla/5.0 AppleWebKit/537.36 (KHTML, like Gecko; compatible; ClaudeBot/1.0; +claudebot@anthropic.com)"
20.171.207.79 - - [06/Sep/2025:11:01:32 +0700] "GET /post-sitemap.xml HTTP/1.0" 500 3132 "-" "Mozilla/5.0 AppleWebKit/537.36 (KHTML, like Gecko; compatible; GPTBot/1.2; +https://openai.com/gptbot)"
216.73.216.162 - - [06/Sep/2025:11:01:41 +0700] "GET /7cric-on-line-casino-106/ HTTP/1.0" 503 8456 "https://vattusacky.vn/?p=4199" "Mozilla/5.0 AppleWebKit/537.36 (KHTML, like Gecko; compatible; ClaudeBot/1.0; +claudebot@anthropic.com)"
216.73.216.162 - - [06/Sep/2025:11:01:45 +0700] "GET /?p=6836 HTTP/1.0" 301 487 "-" "Mozilla/5.0 AppleWebKit/537.36 (KHTML, like Gecko; compatible; ClaudeBot/1.0; +claudebot@anthropic.com)"
216.73.216.162 - - [06/Sep/2025:11:01:47 +0700] "GET /omegle-video-chat-for-educational-purposes/ HTTP/1.0" 200 93578 "https://vattusacky.vn/?p=6836" "Mozilla/5.0 AppleWebKit/537.36 (KHTML, like Gecko; compatible; ClaudeBot/1.0; +claudebot@anthropic.com)"
216.73.216.162 - - [06/Sep/2025:11:01:53 +0700] "GET /avg-vpn-vpn-review-does-it-work-with-netflix/feed HTTP/1.0" 301 592 "-" "Mozilla/5.0 AppleWebKit/537.36 (KHTML, like Gecko; compatible; ClaudeBot/1.0; +claudebot@anthropic.com)"
217.113.194.75 - - [06/Sep/2025:11:01:54 +0700] "GET /omegle-and-online-gaming-how-the-platform-has-become-a-hub-for-gamers/feed/ HTTP/1.0" 200 1804 "-" "Mozilla/5.0 (compatible; Barkrowler/0.9; +https://babbar.tech/crawler)"
216.73.216.162 - - [06/Sep/2025:11:01:56 +0700] "GET /avg-vpn-vpn-review-does-it-work-with-netflix/feed/ HTTP/1.0" 200 1592 "https://vattusacky.vn/avg-vpn-vpn-review-does-it-work-with-netflix/feed" "Mozilla/5.0 AppleWebKit/537.36 (KHTML, like Gecko; compatible; ClaudeBot/1.0; +claudebot@anthropic.com)"
216.73.216.162 - - [06/Sep/2025:11:02:02 +0700] "GET /category/sugar-daddy-websites/feed HTTP/1.0" 301 531 "-" "Mozilla/5.0 AppleWebKit/537.36 (KHTML, like Gecko; compatible; ClaudeBot/1.0; +claudebot@anthropic.com)"
216.73.216.162 - - [06/Sep/2025:11:02:06 +0700] "GET /category/sugar-daddy-websites/feed/ HTTP/1.0" 200 18301 "https://vattusacky.vn/category/sugar-daddy-websites/feed" "Mozilla/5.0 AppleWebKit/537.36 (KHTML, like Gecko; compatible; ClaudeBot/1.0; +claudebot@anthropic.com)"
45.117.177.72 - - [06/Sep/2025:11:02:21 +0700] "POST /wp-cron.php?doing_wp_cron=1757131341.2348670959472656250000 HTTP/1.0" 200 416 "-" "WordPress/6.8.1; https://vattusacky.vn"
217.113.194.73 - - [06/Sep/2025:11:02:16 +0700] "GET /omegle-language-options-exploring-multilingual-chatting-possibilities/feed/ HTTP/1.0" 200 1804 "-" "Mozilla/5.0 (compatible; Barkrowler/0.9; +https://babbar.tech/crawler)"
216.73.216.162 - - [06/Sep/2025:11:02:28 +0700] "GET /set-up-a-1xbet-modern-software-with-no-deposit-on HTTP/1.0" 301 640 "-" "Mozilla/5.0 AppleWebKit/537.36 (KHTML, like Gecko; compatible; ClaudeBot/1.0; +claudebot@anthropic.com)"
216.73.216.162 - - [06/Sep/2025:11:02:32 +0700] "GET /set-up-a-1xbet-modern-software-with-no-deposit-on/ HTTP/1.0" 503 8456 "https://vattusacky.vn/set-up-a-1xbet-modern-software-with-no-deposit-on" "Mozilla/5.0 AppleWebKit/537.36 (KHTML, like Gecko; compatible; ClaudeBot/1.0; +claudebot@anthropic.com)"
216.73.216.162 - - [06/Sep/2025:11:02:37 +0700] "GET /?p=6085 HTTP/1.0" 301 496 "-" "Mozilla/5.0 AppleWebKit/537.36 (KHTML, like Gecko; compatible; ClaudeBot/1.0; +claudebot@anthropic.com)"
217.113.194.81 - - [06/Sep/2025:11:02:39 +0700] "GET /omegle-stories-real-life-tales-of-memorable-chats-and-unlikely-connections/ HTTP/1.0" 200 93130 "-" "Mozilla/5.0 (compatible; Barkrowler/0.9; +https://babbar.tech/crawler)"
216.73.216.162 - - [06/Sep/2025:11:02:41 +0700] "GET /a-comparison-of-privacy-features-on-omegle-vs-ometv/ HTTP/1.0" 200 91055 "https://vattusacky.vn/?p=6085" "Mozilla/5.0 AppleWebKit/537.36 (KHTML, like Gecko; compatible; ClaudeBot/1.0; +claudebot@anthropic.com)"
216.73.216.162 - - [06/Sep/2025:11:02:47 +0700] "GET /?p=4189 HTTP/1.0" 301 495 "-" "Mozilla/5.0 AppleWebKit/537.36 (KHTML, like Gecko; compatible; ClaudeBot/1.0; +claudebot@anthropic.com)"
216.73.216.162 - - [06/Sep/2025:11:02:51 +0700] "GET /crypto-com-shuts-down-us-institutional-exchange-51/ HTTP/1.0" 200 247731 "https://vattusacky.vn/?p=4189" "Mozilla/5.0 AppleWebKit/537.36 (KHTML, like Gecko; compatible; ClaudeBot/1.0; +claudebot@anthropic.com)"
216.73.216.162 - - [06/Sep/2025:11:02:56 +0700] "GET /earning-money-on-the-web-is-never-easier HTTP/1.0" 301 485 "-" "Mozilla/5.0 AppleWebKit/537.36 (KHTML, like Gecko; compatible; ClaudeBot/1.0; +claudebot@anthropic.com)"
216.73.216.162 - - [06/Sep/2025:11:03:00 +0700] "GET /earning-money-on-the-web-is-never-easier/ HTTP/1.0" 200 72430 "https://vattusacky.vn/earning-money-on-the-web-is-never-easier" "Mozilla/5.0 AppleWebKit/537.36 (KHTML, like Gecko; compatible; ClaudeBot/1.0; +claudebot@anthropic.com)"
217.113.194.217 - - [06/Sep/2025:11:03:11 +0700] "GET /omegle-artistry-and-community-nurturing-relationships-in-a-virtual-world/feed/ HTTP/1.0" 200 1813 "-" "Mozilla/5.0 (compatible; Barkrowler/0.9; +https://babbar.tech/crawler)"
45.117.177.72 - - [06/Sep/2025:11:03:38 +0700] "POST /wp-cron.php?doing_wp_cron=1757131418.4289450645446777343750 HTTP/1.0" 200 416 "-" "WordPress/6.8.1; https://vattusacky.vn"
217.113.194.79 - - [06/Sep/2025:11:03:34 +0700] "GET /omegles-contribution-to-social-science-research-insights-into-online-interaction/ HTTP/1.0" 200 92223 "-" "Mozilla/5.0 (compatible; Barkrowler/0.9; +https://babbar.tech/crawler)"
217.113.194.80 - - [06/Sep/2025:11:03:59 +0700] "GET /omegles-contribution-to-social-science-research-insights-into-online-interaction/feed/ HTTP/1.0" 200 1837 "-" "Mozilla/5.0 (compatible; Barkrowler/0.9; +https://babbar.tech/crawler)"
20.171.207.79 - - [06/Sep/2025:11:03:55 +0700] "GET /post-sitemap5.xml HTTP/1.0" 200 159850 "-" "Mozilla/5.0 AppleWebKit/537.36 (KHTML, like Gecko; compatible; GPTBot/1.2; +https://openai.com/gptbot)"
216.73.216.162 - - [06/Sep/2025:11:04:06 +0700] "GET /category/machine-a-sous-gratuite HTTP/1.0" 301 577 "-" "Mozilla/5.0 AppleWebKit/537.36 (KHTML, like Gecko; compatible; ClaudeBot/1.0; +claudebot@anthropic.com)"
216.73.216.162 - - [06/Sep/2025:11:04:10 +0700] "GET /category/machine-a-sous-gratuite/ HTTP/1.0" 200 182820 "https://vattusacky.vn/category/machine-a-sous-gratuite" "Mozilla/5.0 AppleWebKit/537.36 (KHTML, like Gecko; compatible; ClaudeBot/1.0; +claudebot@anthropic.com)"
45.117.177.72 - - [06/Sep/2025:11:04:20 +0700] "POST /wp-cron.php?doing_wp_cron=1757131459.4570100307464599609375 HTTP/1.0" 200 416 "-" "WordPress/6.8.1; https://vattusacky.vn"
216.73.216.162 - - [06/Sep/2025:11:04:15 +0700] "GET /category/find-brides-online/feed HTTP/1.0" 301 529 "-" "Mozilla/5.0 AppleWebKit/537.36 (KHTML, like Gecko; compatible; ClaudeBot/1.0; +claudebot@anthropic.com)"
216.73.216.162 - - [06/Sep/2025:11:04:20 +0700] "GET /category/find-brides-online/feed/ HTTP/1.0" 200 152746 "https://vattusacky.vn/category/find-brides-online/feed" "Mozilla/5.0 AppleWebKit/537.36 (KHTML, like Gecko; compatible; ClaudeBot/1.0; +claudebot@anthropic.com)"
217.113.194.78 - - [06/Sep/2025:11:04:21 +0700] "GET /omegles-impact-on-social-skills-developing-communication-abilities-in-a-digital-world/ HTTP/1.0" 200 93504 "-" "Mozilla/5.0 (compatible; Barkrowler/0.9; +https://babbar.tech/crawler)"
216.73.216.162 - - [06/Sep/2025:11:04:25 +0700] "GET /?p=4509 HTTP/1.0" 301 490 "-" "Mozilla/5.0 AppleWebKit/537.36 (KHTML, like Gecko; compatible; ClaudeBot/1.0; +claudebot@anthropic.com)"
216.73.216.162 - - [06/Sep/2025:11:04:30 +0700] "GET /drip-casino-igraj-na-aktualnom-zerkale-kazino/ HTTP/1.0" 200 204594 "https://vattusacky.vn/?p=4509" "Mozilla/5.0 AppleWebKit/537.36 (KHTML, like Gecko; compatible; ClaudeBot/1.0; +claudebot@anthropic.com)"
85.208.96.206 - - [06/Sep/2025:11:04:33 +0700] "GET /1xbet-india-96/ HTTP/1.0" 200 113735 "-" "Mozilla/5.0 (compatible; SemrushBot/7~bl; +http://www.semrush.com/bot.html)"
216.73.216.162 - - [06/Sep/2025:11:04:35 +0700] "GET /10-faktorov-vliyayushchikh-na-httpsasx7pokerdomcom HTTP/1.0" 301 495 "-" "Mozilla/5.0 AppleWebKit/537.36 (KHTML, like Gecko; compatible; ClaudeBot/1.0; +claudebot@anthropic.com)"
216.73.216.162 - - [06/Sep/2025:11:04:40 +0700] "GET /10-faktorov-vliyayushchikh-na-httpsasx7pokerdomcom/ HTTP/1.0" 503 8456 "https://vattusacky.vn/10-faktorov-vliyayushchikh-na-httpsasx7pokerdomcom" "Mozilla/5.0 AppleWebKit/537.36 (KHTML, like Gecko; compatible; ClaudeBot/1.0; +claudebot@anthropic.com)"
154.54.249.200 - - [06/Sep/2025:11:04:50 +0700] "GET /sustanon-250-steroid-tutto-cio-che-devi-sapere-11/feed/ HTTP/1.0" 200 1744 "-" "Mozilla/5.0 (compatible; Barkrowler/0.9; +https://babbar.tech/crawler)"
216.73.216.162 - - [06/Sep/2025:11:04:54 +0700] "GET /gate-of-olympus-slot-demo-renkli-dunyada-buyuk-2/feed HTTP/1.0" 301 742 "-" "Mozilla/5.0 AppleWebKit/537.36 (KHTML, like Gecko; compatible; ClaudeBot/1.0; +claudebot@anthropic.com)"
216.73.216.162 - - [06/Sep/2025:11:04:58 +0700] "GET /gate-of-olympus-slot-demo-renkli-dunyada-buyuk-2/feed/ HTTP/1.0" 200 1655 "https://vattusacky.vn/gate-of-olympus-slot-demo-renkli-dunyada-buyuk-2/feed" "Mozilla/5.0 AppleWebKit/537.36 (KHTML, like Gecko; compatible; ClaudeBot/1.0; +claudebot@anthropic.com)"
216.73.216.162 - - [06/Sep/2025:11:05:03 +0700] "GET /the-information-about-1xbet-com-betting-company-16/feed HTTP/1.0" 301 598 "-" "Mozilla/5.0 AppleWebKit/537.36 (KHTML, like Gecko; compatible; ClaudeBot/1.0; +claudebot@anthropic.com)"
216.73.216.162 - - [06/Sep/2025:11:05:08 +0700] "GET /the-information-about-1xbet-com-betting-company-16/feed/ HTTP/1.0" 200 1629 "https://vattusacky.vn/the-information-about-1xbet-com-betting-company-16/feed" "Mozilla/5.0 AppleWebKit/537.36 (KHTML, like Gecko; compatible; ClaudeBot/1.0; +claudebot@anthropic.com)"
217.113.194.73 - - [06/Sep/2025:11:05:12 +0700] "GET /decoding-the-technology-of-omegle-and-ometv-what-makes-them-tick/feed/ HTTP/1.0" 200 1789 "-" "Mozilla/5.0 (compatible; Barkrowler/0.9; +https://babbar.tech/crawler)"
45.117.177.72 - - [06/Sep/2025:11:05:18 +0700] "POST /wp-cron.php?doing_wp_cron=1757131518.1334381103515625000000 HTTP/1.0" 200 416 "-" "WordPress/6.8.1; https://vattusacky.vn"
216.73.216.162 - - [06/Sep/2025:11:05:13 +0700] "GET /hello-world HTTP/1.0" 301 456 "-" "Mozilla/5.0 AppleWebKit/537.36 (KHTML, like Gecko; compatible; ClaudeBot/1.0; +claudebot@anthropic.com)"
213.180.203.230 - - [06/Sep/2025:11:05:16 +0700] "GET /the-role-of-communication-in-omegles-social-experiment/ HTTP/1.0" 200 82815 "-" "Mozilla/5.0 (compatible; YandexBot/3.0; +http://yandex.com/bots)"
216.73.216.162 - - [06/Sep/2025:11:05:18 +0700] "GET /hello-world/ HTTP/1.0" 200 203020 "https://vattusacky.vn/hello-world" "Mozilla/5.0 AppleWebKit/537.36 (KHTML, like Gecko; compatible; ClaudeBot/1.0; +claudebot@anthropic.com)"
216.73.216.162 - - [06/Sep/2025:11:05:24 +0700] "GET /author/yanz/page/346 HTTP/1.0" 301 565 "-" "Mozilla/5.0 AppleWebKit/537.36 (KHTML, like Gecko; compatible; ClaudeBot/1.0; +claudebot@anthropic.com)"
216.73.216.162 - - [06/Sep/2025:11:05:29 +0700] "GET /author/yanz/page/346/ HTTP/1.0" 200 33101 "https://vattusacky.vn/author/yanz/page/346" "Mozilla/5.0 AppleWebKit/537.36 (KHTML, like Gecko; compatible; ClaudeBot/1.0; +claudebot@anthropic.com)"
216.73.216.162 - - [06/Sep/2025:11:05:33 +0700] "GET /orchidromance-evaluate-2023-is-orchid-romance-genuine-and-secure-courting-internet-site HTTP/1.0" 301 532 "-" "Mozilla/5.0 AppleWebKit/537.36 (KHTML, like Gecko; compatible; ClaudeBot/1.0; +claudebot@anthropic.com)"
