216.73.216.162 - - [06/Sep/2025:08:01:42 +0700] "GET /bet-with-glory-casino-casino-welcome-bonus-huge-2 HTTP/1.0" 301 494 "-" "Mozilla/5.0 AppleWebKit/537.36 (KHTML, like Gecko; compatible; ClaudeBot/1.0; +claudebot@anthropic.com)"
216.73.216.162 - - [06/Sep/2025:08:01:41 +0700] "GET /1xbet-casino-bystraja-versija-1xbet-kazino/ HTTP/1.0" 503 8456 "https://vattusacky.vn/1xbet-casino-bystraja-versija-1xbet-kazino" "Mozilla/5.0 AppleWebKit/537.36 (KHTML, like Gecko; compatible; ClaudeBot/1.0; +claudebot@anthropic.com)"
216.73.216.162 - - [06/Sep/2025:08:01:43 +0700] "GET /1xbet-casino-android-apk-ios-zerkalo-oficialnyj-3 HTTP/1.0" 301 494 "-" "Mozilla/5.0 AppleWebKit/537.36 (KHTML, like Gecko; compatible; ClaudeBot/1.0; +claudebot@anthropic.com)"
216.73.216.162 - - [06/Sep/2025:08:01:46 +0700] "GET /bet-with-glory-casino-casino-welcome-bonus-huge-2/ HTTP/1.0" 200 217378 "https://vattusacky.vn/bet-with-glory-casino-casino-welcome-bonus-huge-2" "Mozilla/5.0 AppleWebKit/537.36 (KHTML, like Gecko; compatible; ClaudeBot/1.0; +claudebot@anthropic.com)"
216.73.216.162 - - [06/Sep/2025:08:01:48 +0700] "GET /1xbet-casino-android-apk-ios-zerkalo-oficialnyj-3/ HTTP/1.0" 200 223744 "https://vattusacky.vn/1xbet-casino-android-apk-ios-zerkalo-oficialnyj-3" "Mozilla/5.0 AppleWebKit/537.36 (KHTML, like Gecko; compatible; ClaudeBot/1.0; +claudebot@anthropic.com)"
216.73.216.162 - - [06/Sep/2025:08:01:51 +0700] "GET /mostbet-casino-bolshoj-katalog-igr-v-kazino-2/feed HTTP/1.0" 301 593 "-" "Mozilla/5.0 AppleWebKit/537.36 (KHTML, like Gecko; compatible; ClaudeBot/1.0; +claudebot@anthropic.com)"
216.73.216.162 - - [06/Sep/2025:08:01:52 +0700] "GET /category/ukrainian-wife-finder HTTP/1.0" 301 429 "-" "Mozilla/5.0 AppleWebKit/537.36 (KHTML, like Gecko; compatible; ClaudeBot/1.0; +claudebot@anthropic.com)"
216.73.216.162 - - [06/Sep/2025:08:01:56 +0700] "GET /mostbet-casino-bolshoj-katalog-igr-v-kazino-2/feed/ HTTP/1.0" 200 1623 "https://vattusacky.vn/mostbet-casino-bolshoj-katalog-igr-v-kazino-2/feed" "Mozilla/5.0 AppleWebKit/537.36 (KHTML, like Gecko; compatible; ClaudeBot/1.0; +claudebot@anthropic.com)"
216.73.216.162 - - [06/Sep/2025:08:01:56 +0700] "GET /category/ukrainian-wife-finder/ HTTP/1.0" 200 58772 "https://vattusacky.vn/category/ukrainian-wife-finder" "Mozilla/5.0 AppleWebKit/537.36 (KHTML, like Gecko; compatible; ClaudeBot/1.0; +claudebot@anthropic.com)"
217.113.194.78 - - [06/Sep/2025:08:02:04 +0700] "GET /exploring-the-role-of-random-encounters-in-omegles-social-experiment/feed/ HTTP/1.0" 200 1801 "-" "Mozilla/5.0 (compatible; Barkrowler/0.9; +https://babbar.tech/crawler)"
216.73.216.162 - - [06/Sep/2025:08:02:11 +0700] "GET /robots.txt HTTP/1.0" 200 984 "-" "Mozilla/5.0 AppleWebKit/537.36 (KHTML, like Gecko; compatible; ClaudeBot/1.0; +claudebot@anthropic.com)"
45.117.177.72 - - [06/Sep/2025:08:02:20 +0700] "POST /wp-cron.php?doing_wp_cron=1757120539.8271780014038085937500 HTTP/1.0" 200 416 "-" "WordPress/6.8.1; https://vattusacky.vn"
216.73.216.162 - - [06/Sep/2025:08:02:16 +0700] "GET /?p=3637 HTTP/1.0" 301 502 "-" "Mozilla/5.0 AppleWebKit/537.36 (KHTML, like Gecko; compatible; ClaudeBot/1.0; +claudebot@anthropic.com)"
216.73.216.162 - - [06/Sep/2025:08:02:17 +0700] "GET /where-can-i-buy-viagra-over-the-counter-in-the-usa/feed HTTP/1.0" 301 598 "-" "Mozilla/5.0 AppleWebKit/537.36 (KHTML, like Gecko; compatible; ClaudeBot/1.0; +claudebot@anthropic.com)"
216.73.216.162 - - [06/Sep/2025:08:02:20 +0700] "GET /important-features-of-deliver-order-birdes-to-be-websites/ HTTP/1.0" 200 205949 "https://vattusacky.vn/?p=3637" "Mozilla/5.0 AppleWebKit/537.36 (KHTML, like Gecko; compatible; ClaudeBot/1.0; +claudebot@anthropic.com)"
216.73.216.162 - - [06/Sep/2025:08:02:20 +0700] "GET /where-can-i-buy-viagra-over-the-counter-in-the-usa/feed/ HTTP/1.0" 200 1602 "https://vattusacky.vn/where-can-i-buy-viagra-over-the-counter-in-the-usa/feed" "Mozilla/5.0 AppleWebKit/537.36 (KHTML, like Gecko; compatible; ClaudeBot/1.0; +claudebot@anthropic.com)"
216.73.216.162 - - [06/Sep/2025:08:02:24 +0700] "GET /?p=4368 HTTP/1.0" 301 490 "-" "Mozilla/5.0 AppleWebKit/537.36 (KHTML, like Gecko; compatible; ClaudeBot/1.0; +claudebot@anthropic.com)"
216.73.216.162 - - [06/Sep/2025:08:02:25 +0700] "GET /?p=10482 HTTP/1.0" 301 483 "-" "Mozilla/5.0 AppleWebKit/537.36 (KHTML, like Gecko; compatible; ClaudeBot/1.0; +claudebot@anthropic.com)"
216.73.216.162 - - [06/Sep/2025:08:02:28 +0700] "GET /what-age-can-dogs-start-seresto-collar/ HTTP/1.0" 200 74688 "https://vattusacky.vn/?p=10482" "Mozilla/5.0 AppleWebKit/537.36 (KHTML, like Gecko; compatible; ClaudeBot/1.0; +claudebot@anthropic.com)"
217.113.194.73 - - [06/Sep/2025:08:02:29 +0700] "GET /exploring-the-unknown-the-essence-of-omegles-serendipitous-connections/ HTTP/1.0" 200 92794 "-" "Mozilla/5.0 (compatible; Barkrowler/0.9; +https://babbar.tech/crawler)"
216.73.216.162 - - [06/Sep/2025:08:02:28 +0700] "GET /mostbet-casino-bolshoj-katalog-igr-v-kazino-2/ HTTP/1.0" 200 224053 "https://vattusacky.vn/?p=4368" "Mozilla/5.0 AppleWebKit/537.36 (KHTML, like Gecko; compatible; ClaudeBot/1.0; +claudebot@anthropic.com)"
216.73.216.162 - - [06/Sep/2025:08:02:33 +0700] "GET /?p=6097 HTTP/1.0" 301 504 "-" "Mozilla/5.0 AppleWebKit/537.36 (KHTML, like Gecko; compatible; ClaudeBot/1.0; +claudebot@anthropic.com)"
216.73.216.162 - - [06/Sep/2025:08:02:33 +0700] "GET /?p=6086 HTTP/1.0" 301 505 "-" "Mozilla/5.0 AppleWebKit/537.36 (KHTML, like Gecko; compatible; ClaudeBot/1.0; +claudebot@anthropic.com)"
216.73.216.162 - - [06/Sep/2025:08:02:37 +0700] "GET /a-comprehensive-analysis-of-omegle-vs-ometv-privacy-policies/ HTTP/1.0" 200 91257 "https://vattusacky.vn/?p=6086" "Mozilla/5.0 AppleWebKit/537.36 (KHTML, like Gecko; compatible; ClaudeBot/1.0; +claudebot@anthropic.com)"
216.73.216.162 - - [06/Sep/2025:08:02:37 +0700] "GET /a-laughter-riot-the-funniest-encounters-on-omegle-and-ometv/ HTTP/1.0" 200 87866 "https://vattusacky.vn/?p=6097" "Mozilla/5.0 AppleWebKit/537.36 (KHTML, like Gecko; compatible; ClaudeBot/1.0; +claudebot@anthropic.com)"
154.54.249.200 - - [06/Sep/2025:08:02:57 +0700] "GET /exploring-the-world-of-face-to-face-video-chats-omegle-vs-ometv/ HTTP/1.0" 200 90335 "-" "Mozilla/5.0 (compatible; Barkrowler/0.9; +https://babbar.tech/crawler)"
85.208.96.209 - - [06/Sep/2025:08:03:00 +0700] "GET /one-in-especially-8-enhance-dating-sites-apps-you-should-try/ HTTP/1.0" 200 107726 "-" "Mozilla/5.0 (compatible; SemrushBot/7~bl; +http://www.semrush.com/bot.html)"
45.117.177.72 - - [06/Sep/2025:08:03:22 +0700] "POST /wp-cron.php?doing_wp_cron=1757120602.2057080268859863281250 HTTP/1.0" 200 416 "-" "WordPress/6.8.1; https://vattusacky.vn"
216.73.216.162 - - [06/Sep/2025:08:03:19 +0700] "GET /category/asian-women/feed HTTP/1.0" 301 668 "-" "Mozilla/5.0 AppleWebKit/537.36 (KHTML, like Gecko; compatible; ClaudeBot/1.0; +claudebot@anthropic.com)"
216.73.216.162 - - [06/Sep/2025:08:03:19 +0700] "GET /pin-up-zerkalo-internet-kazino-obzor-internet-2 HTTP/1.0" 301 638 "-" "Mozilla/5.0 AppleWebKit/537.36 (KHTML, like Gecko; compatible; ClaudeBot/1.0; +claudebot@anthropic.com)"
217.113.194.80 - - [06/Sep/2025:08:03:22 +0700] "GET /exploring-different-perspectives-dialogue-and-empathy-on-omegle/feed/ HTTP/1.0" 200 1786 "-" "Mozilla/5.0 (compatible; Barkrowler/0.9; +https://babbar.tech/crawler)"
216.73.216.162 - - [06/Sep/2025:08:03:23 +0700] "GET /category/asian-women/feed/ HTTP/1.0" 200 30820 "https://vattusacky.vn/category/asian-women/feed" "Mozilla/5.0 AppleWebKit/537.36 (KHTML, like Gecko; compatible; ClaudeBot/1.0; +claudebot@anthropic.com)"
216.73.216.162 - - [06/Sep/2025:08:03:23 +0700] "GET /pin-up-zerkalo-internet-kazino-obzor-internet-2/ HTTP/1.0" 200 230017 "https://vattusacky.vn/pin-up-zerkalo-internet-kazino-obzor-internet-2" "Mozilla/5.0 AppleWebKit/537.36 (KHTML, like Gecko; compatible; ClaudeBot/1.0; +claudebot@anthropic.com)"
216.73.216.162 - - [06/Sep/2025:08:03:28 +0700] "GET /buy-mostbest-products-online-at-best-prices-40 HTTP/1.0" 301 491 "-" "Mozilla/5.0 AppleWebKit/537.36 (KHTML, like Gecko; compatible; ClaudeBot/1.0; +claudebot@anthropic.com)"
216.73.216.162 - - [06/Sep/2025:08:03:28 +0700] "GET /earning-a-six-figure-income-from-bilet-na-avtobus HTTP/1.0" 301 494 "-" "Mozilla/5.0 AppleWebKit/537.36 (KHTML, like Gecko; compatible; ClaudeBot/1.0; +claudebot@anthropic.com)"
216.73.216.162 - - [06/Sep/2025:08:03:32 +0700] "GET /buy-mostbest-products-online-at-best-prices-40/ HTTP/1.0" 200 223612 "https://vattusacky.vn/buy-mostbest-products-online-at-best-prices-40" "Mozilla/5.0 AppleWebKit/537.36 (KHTML, like Gecko; compatible; ClaudeBot/1.0; +claudebot@anthropic.com)"
216.73.216.162 - - [06/Sep/2025:08:03:32 +0700] "GET /earning-a-six-figure-income-from-bilet-na-avtobus/ HTTP/1.0" 200 108594 "https://vattusacky.vn/earning-a-six-figure-income-from-bilet-na-avtobus" "Mozilla/5.0 AppleWebKit/537.36 (KHTML, like Gecko; compatible; ClaudeBot/1.0; +claudebot@anthropic.com)"
216.73.216.162 - - [06/Sep/2025:08:03:36 +0700] "GET /why-22bet-is-a-brilliant-unique-betting-company-18 HTTP/1.0" 301 495 "-" "Mozilla/5.0 AppleWebKit/537.36 (KHTML, like Gecko; compatible; ClaudeBot/1.0; +claudebot@anthropic.com)"
216.73.216.162 - - [06/Sep/2025:08:03:37 +0700] "GET /best-places-to-buy-cheap-viagra-online-in-usa/feed HTTP/1.0" 301 593 "-" "Mozilla/5.0 AppleWebKit/537.36 (KHTML, like Gecko; compatible; ClaudeBot/1.0; +claudebot@anthropic.com)"
216.73.216.162 - - [06/Sep/2025:08:03:39 +0700] "GET /why-22bet-is-a-brilliant-unique-betting-company-18/ HTTP/1.0" 200 253200 "https://vattusacky.vn/why-22bet-is-a-brilliant-unique-betting-company-18" "Mozilla/5.0 AppleWebKit/537.36 (KHTML, like Gecko; compatible; ClaudeBot/1.0; +claudebot@anthropic.com)"
216.73.216.162 - - [06/Sep/2025:08:03:41 +0700] "GET /best-places-to-buy-cheap-viagra-online-in-usa/feed/ HTTP/1.0" 200 1586 "https://vattusacky.vn/best-places-to-buy-cheap-viagra-online-in-usa/feed" "Mozilla/5.0 AppleWebKit/537.36 (KHTML, like Gecko; compatible; ClaudeBot/1.0; +claudebot@anthropic.com)"
217.113.194.80 - - [06/Sep/2025:08:03:45 +0700] "GET /the-potential-for-long-lasting-connections-and-friendships-on-omegle/ HTTP/1.0" 200 75860 "-" "Mozilla/5.0 (compatible; Barkrowler/0.9; +https://babbar.tech/crawler)"
85.208.96.203 - - [06/Sep/2025:08:03:55 +0700] "GET /cell-modern-casino-activities-play/ HTTP/1.0" 200 208579 "-" "Mozilla/5.0 (compatible; SemrushBot/7~bl; +http://www.semrush.com/bot.html)"
154.54.249.200 - - [06/Sep/2025:08:04:10 +0700] "GET /the-potential-for-long-lasting-connections-and-friendships-on-omegle/feed/ HTTP/1.0" 200 1801 "-" "Mozilla/5.0 (compatible; Barkrowler/0.9; +https://babbar.tech/crawler)"
45.117.177.72 - - [06/Sep/2025:08:04:36 +0700] "POST /wp-cron.php?doing_wp_cron=1757120676.1528229713439941406250 HTTP/1.0" 200 416 "-" "WordPress/6.8.1; https://vattusacky.vn"
217.113.194.79 - - [06/Sep/2025:08:04:34 +0700] "GET /the-potential-for-virtual-empathy-to-bridge-societal-divides/feed/ HTTP/1.0" 200 1777 "-" "Mozilla/5.0 (compatible; Barkrowler/0.9; +https://babbar.tech/crawler)"
217.113.194.78 - - [06/Sep/2025:08:04:56 +0700] "GET /the-power-of-listening-in-omegle-chronicles-building-rapport-with-strangers/feed/ HTTP/1.0" 200 1822 "-" "Mozilla/5.0 (compatible; Barkrowler/0.9; +https://babbar.tech/crawler)"
45.117.177.72 - - [06/Sep/2025:08:05:20 +0700] "POST /wp-cron.php?doing_wp_cron=1757120719.8253059387207031250000 HTTP/1.0" 200 416 "-" "WordPress/6.8.1; https://vattusacky.vn"
216.73.216.162 - - [06/Sep/2025:08:05:16 +0700] "GET /free-hookup-no-subscription HTTP/1.0" 301 618 "-" "Mozilla/5.0 AppleWebKit/537.36 (KHTML, like Gecko; compatible; ClaudeBot/1.0; +claudebot@anthropic.com)"
216.73.216.162 - - [06/Sep/2025:08:05:16 +0700] "GET /category/dating-critic/feed HTTP/1.0" 301 670 "-" "Mozilla/5.0 AppleWebKit/537.36 (KHTML, like Gecko; compatible; ClaudeBot/1.0; +claudebot@anthropic.com)"
216.73.216.162 - - [06/Sep/2025:08:05:20 +0700] "GET /free-hookup-no-subscription/ HTTP/1.0" 200 205099 "https://vattusacky.vn/free-hookup-no-subscription" "Mozilla/5.0 AppleWebKit/537.36 (KHTML, like Gecko; compatible; ClaudeBot/1.0; +claudebot@anthropic.com)"
216.73.216.162 - - [06/Sep/2025:08:05:21 +0700] "GET /category/dating-critic/feed/ HTTP/1.0" 200 16183 "https://vattusacky.vn/category/dating-critic/feed" "Mozilla/5.0 AppleWebKit/537.36 (KHTML, like Gecko; compatible; ClaudeBot/1.0; +claudebot@anthropic.com)"
217.113.194.79 - - [06/Sep/2025:08:05:21 +0700] "GET /the-power-of-laughter-funny-moments-on-omegle-and-ometv/feed/ HTTP/1.0" 200 1762 "-" "Mozilla/5.0 (compatible; Barkrowler/0.9; +https://babbar.tech/crawler)"
216.73.216.162 - - [06/Sep/2025:08:05:26 +0700] "GET /?p=4917 HTTP/1.0" 301 490 "-" "Mozilla/5.0 AppleWebKit/537.36 (KHTML, like Gecko; compatible; ClaudeBot/1.0; +claudebot@anthropic.com)"
216.73.216.162 - - [06/Sep/2025:08:05:26 +0700] "GET /how-one-can-meet-single-women/feed HTTP/1.0" 301 577 "-" "Mozilla/5.0 AppleWebKit/537.36 (KHTML, like Gecko; compatible; ClaudeBot/1.0; +claudebot@anthropic.com)"
216.73.216.162 - - [06/Sep/2025:08:05:30 +0700] "GET /best-places-to-buy-cheap-viagra-online-in-usa/ HTTP/1.0" 200 229532 "https://vattusacky.vn/?p=4917" "Mozilla/5.0 AppleWebKit/537.36 (KHTML, like Gecko; compatible; ClaudeBot/1.0; +claudebot@anthropic.com)"
216.73.216.162 - - [06/Sep/2025:08:05:31 +0700] "GET /how-one-can-meet-single-women/feed/ HTTP/1.0" 200 1538 "https://vattusacky.vn/how-one-can-meet-single-women/feed" "Mozilla/5.0 AppleWebKit/537.36 (KHTML, like Gecko; compatible; ClaudeBot/1.0; +claudebot@anthropic.com)"
216.73.216.162 - - [06/Sep/2025:08:05:36 +0700] "GET /?p=10435 HTTP/1.0" 301 494 "-" "Mozilla/5.0 AppleWebKit/537.36 (KHTML, like Gecko; compatible; ClaudeBot/1.0; +claudebot@anthropic.com)"
216.73.216.162 - - [06/Sep/2025:08:05:36 +0700] "GET /how-to-hire-the-best-term-paper-writer-for-your-research-paper HTTP/1.0" 301 461 "-" "Mozilla/5.0 AppleWebKit/537.36 (KHTML, like Gecko; compatible; ClaudeBot/1.0; +claudebot@anthropic.com)"
216.73.216.162 - - [06/Sep/2025:08:05:39 +0700] "GET /difference-in-plavix-and-asprin-for-blood-thinner/ HTTP/1.0" 200 83168 "https://vattusacky.vn/?p=10435" "Mozilla/5.0 AppleWebKit/537.36 (KHTML, like Gecko; compatible; ClaudeBot/1.0; +claudebot@anthropic.com)"
216.73.216.162 - - [06/Sep/2025:08:05:40 +0700] "GET /how-to-hire-the-best-term-paper-writer-for-your-research-paper/ HTTP/1.0" 200 206947 "https://vattusacky.vn/how-to-hire-the-best-term-paper-writer-for-your-research-paper" "Mozilla/5.0 AppleWebKit/537.36 (KHTML, like Gecko; compatible; ClaudeBot/1.0; +claudebot@anthropic.com)"
217.113.194.81 - - [06/Sep/2025:08:05:44 +0700] "GET /the-power-of-anonymity-in-experiencing-true-authenticity-on-omegle/feed/ HTTP/1.0" 200 1795 "-" "Mozilla/5.0 (compatible; Barkrowler/0.9; +https://babbar.tech/crawler)"
216.73.216.162 - - [06/Sep/2025:08:05:50 +0700] "GET /sports-activities-betting-in-zambia-2023-570 HTTP/1.0" 301 635 "-" "Mozilla/5.0 AppleWebKit/537.36 (KHTML, like Gecko; compatible; ClaudeBot/1.0; +claudebot@anthropic.com)"
216.73.216.162 - - [06/Sep/2025:08:05:50 +0700] "GET /top-male-onlyfans-earners-online-onlyfans-sites/feed HTTP/1.0" 301 741 "-" "Mozilla/5.0 AppleWebKit/537.36 (KHTML, like Gecko; compatible; ClaudeBot/1.0; +claudebot@anthropic.com)"
216.73.216.162 - - [06/Sep/2025:08:05:53 +0700] "GET /sports-activities-betting-in-zambia-2023-570/ HTTP/1.0" 200 260109 "https://vattusacky.vn/sports-activities-betting-in-zambia-2023-570" "Mozilla/5.0 AppleWebKit/537.36 (KHTML, like Gecko; compatible; ClaudeBot/1.0; +claudebot@anthropic.com)"
216.73.216.162 - - [06/Sep/2025:08:05:53 +0700] "GET /top-male-onlyfans-earners-online-onlyfans-sites/feed/ HTTP/1.0" 200 1594 "https://vattusacky.vn/top-male-onlyfans-earners-online-onlyfans-sites/feed" "Mozilla/5.0 AppleWebKit/537.36 (KHTML, like Gecko; compatible; ClaudeBot/1.0; +claudebot@anthropic.com)"
216.73.216.162 - - [06/Sep/2025:08:05:58 +0700] "GET /local-women-close-to-me-satisfy-single-girls-seeking-guys/feed HTTP/1.0" 301 605 "-" "Mozilla/5.0 AppleWebKit/537.36 (KHTML, like Gecko; compatible; ClaudeBot/1.0; +claudebot@anthropic.com)"
216.73.216.162 - - [06/Sep/2025:08:05:58 +0700] "GET /skachat-dragon-mani-igra-novaja-taktika-s-chestnym HTTP/1.0" 301 495 "-" "Mozilla/5.0 AppleWebKit/537.36 (KHTML, like Gecko; compatible; ClaudeBot/1.0; +claudebot@anthropic.com)"
216.73.216.162 - - [06/Sep/2025:08:06:01 +0700] "GET /local-women-close-to-me-satisfy-single-girls-seeking-guys/feed/ HTTP/1.0" 200 1625 "https://vattusacky.vn/local-women-close-to-me-satisfy-single-girls-seeking-guys/feed" "Mozilla/5.0 AppleWebKit/537.36 (KHTML, like Gecko; compatible; ClaudeBot/1.0; +claudebot@anthropic.com)"
103.131.71.27 - - [06/Sep/2025:08:06:03 +0700] "GET /robots.txt HTTP/1.0" 200 984 "-" "Mozilla/5.0 (compatible; coccocbot-image/1.0; +http://help.coccoc.com/searchengine)"
216.73.216.162 - - [06/Sep/2025:08:06:03 +0700] "GET /skachat-dragon-mani-igra-novaja-taktika-s-chestnym/ HTTP/1.0" 200 217387 "https://vattusacky.vn/skachat-dragon-mani-igra-novaja-taktika-s-chestnym" "Mozilla/5.0 AppleWebKit/537.36 (KHTML, like Gecko; compatible; ClaudeBot/1.0; +claudebot@anthropic.com)"
216.73.216.162 - - [06/Sep/2025:08:06:05 +0700] "GET /1win-casino-onlajn-shirokij-vybor-igrovyh-slotov-2 HTTP/1.0" 301 495 "-" "Mozilla/5.0 AppleWebKit/537.36 (KHTML, like Gecko; compatible; ClaudeBot/1.0; +claudebot@anthropic.com)"
216.73.216.162 - - [06/Sep/2025:08:06:07 +0700] "GET /up-x-casino-obzor-2023-i-bonusy-1000-rublej-dlja-2 HTTP/1.0" 301 495 "-" "Mozilla/5.0 AppleWebKit/537.36 (KHTML, like Gecko; compatible; ClaudeBot/1.0; +claudebot@anthropic.com)"
217.113.194.78 - - [06/Sep/2025:08:06:08 +0700] "GET /showcasing-artistic-diversity-celebrating-different-mediums-on-omegle/feed/ HTTP/1.0" 200 1804 "-" "Mozilla/5.0 (compatible; Barkrowler/0.9; +https://babbar.tech/crawler)"
216.73.216.162 - - [06/Sep/2025:08:06:09 +0700] "GET /1win-casino-onlajn-shirokij-vybor-igrovyh-slotov-2/ HTTP/1.0" 200 224448 "https://vattusacky.vn/1win-casino-onlajn-shirokij-vybor-igrovyh-slotov-2" "Mozilla/5.0 AppleWebKit/537.36 (KHTML, like Gecko; compatible; ClaudeBot/1.0; +claudebot@anthropic.com)"
103.131.71.44 - - [06/Sep/2025:08:06:10 +0700] "GET /images/image003.jpg HTTP/1.0" 404 34143 "-" "Mozilla/5.0 (compatible; coccocbot-image/1.0; +http://help.coccoc.com/searchengine)"
216.73.216.162 - - [06/Sep/2025:08:06:11 +0700] "GET /up-x-casino-obzor-2023-i-bonusy-1000-rublej-dlja-2/ HTTP/1.0" 200 220949 "https://vattusacky.vn/up-x-casino-obzor-2023-i-bonusy-1000-rublej-dlja-2" "Mozilla/5.0 AppleWebKit/537.36 (KHTML, like Gecko; compatible; ClaudeBot/1.0; +claudebot@anthropic.com)"
45.117.177.72 - - [06/Sep/2025:08:06:19 +0700] "POST /wp-cron.php?doing_wp_cron=1757120778.6476829051971435546875 HTTP/1.0" 200 416 "-" "WordPress/6.8.1; https://vattusacky.vn"
216.73.216.162 - - [06/Sep/2025:08:06:15 +0700] "GET /oriental-dating-internet-site-100-totally-free-asian-females/feed HTTP/1.0" 301 608 "-" "Mozilla/5.0 AppleWebKit/537.36 (KHTML, like Gecko; compatible; ClaudeBot/1.0; +claudebot@anthropic.com)"
103.131.71.30 - - [06/Sep/2025:08:06:17 +0700] "GET /sitemap_index.xml HTTP/1.0" 200 2426 "-" "Mozilla/5.0 (compatible; coccocbot-image/1.0; +http://help.coccoc.com/searchengine)"
216.73.216.162 - - [06/Sep/2025:08:06:19 +0700] "GET /oriental-dating-internet-site-100-totally-free-asian-females/feed/ HTTP/1.0" 200 1633 "https://vattusacky.vn/oriental-dating-internet-site-100-totally-free-asian-females/feed" "Mozilla/5.0 AppleWebKit/537.36 (KHTML, like Gecko; compatible; ClaudeBot/1.0; +claudebot@anthropic.com)"
217.113.194.76 - - [06/Sep/2025:08:06:30 +0700] "GET /the/hieu-chuan-luu-luong-bom-lay-mau-khi/feed/ HTTP/1.0" 200 149028 "-" "Mozilla/5.0 (compatible; Barkrowler/0.9; +https://babbar.tech/crawler)"
85.208.96.210 - - [06/Sep/2025:08:06:49 +0700] "GET /discovering-the-true-essence-of-friendship-in-omelove-stories/ HTTP/1.0" 200 81720 "-" "Mozilla/5.0 (compatible; SemrushBot/7~bl; +http://www.semrush.com/bot.html)"
216.73.216.162 - - [06/Sep/2025:08:06:57 +0700] "GET /?p=4394 HTTP/1.0" 301 624 "-" "Mozilla/5.0 AppleWebKit/537.36 (KHTML, like Gecko; compatible; ClaudeBot/1.0; +claudebot@anthropic.com)"
216.73.216.162 - - [06/Sep/2025:08:06:57 +0700] "GET /category/onlinethailand-org/feed HTTP/1.0" 301 675 "-" "Mozilla/5.0 AppleWebKit/537.36 (KHTML, like Gecko; compatible; ClaudeBot/1.0; +claudebot@anthropic.com)"
217.113.194.81 - - [06/Sep/2025:08:06:58 +0700] "GET /vavada-android-apk-ios-internet-kazino-na-dengi-2/feed/ HTTP/1.0" 200 1779 "-" "Mozilla/5.0 (compatible; Barkrowler/0.9; +https://babbar.tech/crawler)"
216.73.216.162 - - [06/Sep/2025:08:07:02 +0700] "GET /category/onlinethailand-org/feed/ HTTP/1.0" 503 8889 "https://vattusacky.vn/category/onlinethailand-org/feed" "Mozilla/5.0 AppleWebKit/537.36 (KHTML, like Gecko; compatible; ClaudeBot/1.0; +claudebot@anthropic.com)"
216.73.216.162 - - [06/Sep/2025:08:07:01 +0700] "GET /photo-product-specifications-91-2/ HTTP/1.0" 503 8456 "https://vattusacky.vn/?p=4394" "Mozilla/5.0 AppleWebKit/537.36 (KHTML, like Gecko; compatible; ClaudeBot/1.0; +claudebot@anthropic.com)"
216.73.216.162 - - [06/Sep/2025:08:07:05 +0700] "GET /?p=4183 HTTP/1.0" 301 470 "-" "Mozilla/5.0 AppleWebKit/537.36 (KHTML, like Gecko; compatible; ClaudeBot/1.0; +claudebot@anthropic.com)"
216.73.216.162 - - [06/Sep/2025:08:07:05 +0700] "GET /cs-go-wagering-ideas-match-forecasts-right-now-live-score-and-probabilities-social-community/feed HTTP/1.0" 301 640 "-" "Mozilla/5.0 AppleWebKit/537.36 (KHTML, like Gecko; compatible; ClaudeBot/1.0; +claudebot@anthropic.com)"
216.73.216.162 - - [06/Sep/2025:08:07:09 +0700] "GET /trt-sante-et-bodybuilding/ HTTP/1.0" 200 208983 "https://vattusacky.vn/?p=4183" "Mozilla/5.0 AppleWebKit/537.36 (KHTML, like Gecko; compatible; ClaudeBot/1.0; +claudebot@anthropic.com)"
216.73.216.162 - - [06/Sep/2025:08:07:10 +0700] "GET /cs-go-wagering-ideas-match-forecasts-right-now-live-score-and-probabilities-social-community/feed/ HTTP/1.0" 200 1737 "https://vattusacky.vn/cs-go-wagering-ideas-match-forecasts-right-now-live-score-and-probabilities-social-community/feed" "Mozilla/5.0 AppleWebKit/537.36 (KHTML, like Gecko; compatible; ClaudeBot/1.0; +claudebot@anthropic.com)"
45.117.177.72 - - [06/Sep/2025:08:07:27 +0700] "POST /wp-cron.php?doing_wp_cron=1757120847.0788929462432861328125 HTTP/1.0" 200 416 "-" "WordPress/6.8.1; https://vattusacky.vn"
217.113.194.217 - - [06/Sep/2025:08:07:23 +0700] "GET /sosgame-gambling-establishment-slot-machine-video-games-for-true-money/ HTTP/1.0" 200 209145 "-" "Mozilla/5.0 (compatible; Barkrowler/0.9; +https://babbar.tech/crawler)"
217.113.194.75 - - [06/Sep/2025:08:07:57 +0700] "GET /stories-of-serendipitous-connections-on-omegle-and-ometv/feed/ HTTP/1.0" 200 1765 "-" "Mozilla/5.0 (compatible; Barkrowler/0.9; +https://babbar.tech/crawler)"
216.73.216.162 - - [06/Sep/2025:08:08:06 +0700] "GET /?p=5400 HTTP/1.0" 301 638 "-" "Mozilla/5.0 AppleWebKit/537.36 (KHTML, like Gecko; compatible; ClaudeBot/1.0; +claudebot@anthropic.com)"
216.73.216.162 - - [06/Sep/2025:08:08:06 +0700] "GET /?p=6099 HTTP/1.0" 301 643 "-" "Mozilla/5.0 AppleWebKit/537.36 (KHTML, like Gecko; compatible; ClaudeBot/1.0; +claudebot@anthropic.com)"
216.73.216.162 - - [06/Sep/2025:08:08:10 +0700] "GET /1xbet-bonuses-and-promotions-for-india-2023-196/ HTTP/1.0" 200 86983 "https://vattusacky.vn/?p=5400" "Mozilla/5.0 AppleWebKit/537.36 (KHTML, like Gecko; compatible; ClaudeBot/1.0; +claudebot@anthropic.com)"
216.73.216.162 - - [06/Sep/2025:08:08:10 +0700] "GET /a-look-into-the-crystal-ball-omegles-future-unveiled/ HTTP/1.0" 200 89572 "https://vattusacky.vn/?p=6099" "Mozilla/5.0 AppleWebKit/537.36 (KHTML, like Gecko; compatible; ClaudeBot/1.0; +claudebot@anthropic.com)"
45.117.177.72 - - [06/Sep/2025:08:08:19 +0700] "POST /wp-cron.php?doing_wp_cron=1757120899.2085309028625488281250 HTTP/1.0" 200 416 "-" "WordPress/6.8.1; https://vattusacky.vn"
216.73.216.162 - - [06/Sep/2025:08:08:14 +0700] "GET /?p=4925 HTTP/1.0" 301 493 "-" "Mozilla/5.0 AppleWebKit/537.36 (KHTML, like Gecko; compatible; ClaudeBot/1.0; +claudebot@anthropic.com)"
216.73.216.162 - - [06/Sep/2025:08:08:16 +0700] "GET /?p=2788 HTTP/1.0" 301 490 "-" "Mozilla/5.0 AppleWebKit/537.36 (KHTML, like Gecko; compatible; ClaudeBot/1.0; +claudebot@anthropic.com)"
217.113.194.74 - - [06/Sep/2025:08:08:17 +0700] "GET /igra-getx-pravila-v-chem-preimushhestva-i-kak/feed/ HTTP/1.0" 200 1785 "-" "Mozilla/5.0 (compatible; Barkrowler/0.9; +https://babbar.tech/crawler)"
216.73.216.162 - - [06/Sep/2025:08:08:20 +0700] "GET /how-to-buy-viagra-over-the-counter-now-available/ HTTP/1.0" 503 8456 "https://vattusacky.vn/?p=4925" "Mozilla/5.0 AppleWebKit/537.36 (KHTML, like Gecko; compatible; ClaudeBot/1.0; +claudebot@anthropic.com)"
216.73.216.162 - - [06/Sep/2025:08:08:20 +0700] "GET /sweet-bonanza-sweet-bonanza-oyna-bedava-sweet/ HTTP/1.0" 200 233199 "https://vattusacky.vn/?p=2788" "Mozilla/5.0 AppleWebKit/537.36 (KHTML, like Gecko; compatible; ClaudeBot/1.0; +claudebot@anthropic.com)"
185.191.171.8 - - [06/Sep/2025:08:08:21 +0700] "GET /daddy-casino-onlajn-kazino-bonusy-demo-bystryj/ HTTP/1.0" 200 96625 "-" "Mozilla/5.0 (compatible; SemrushBot/7~bl; +http://www.semrush.com/bot.html)"
216.73.216.162 - - [06/Sep/2025:08:08:24 +0700] "GET /how-to-buy-viagra-over-the-counter-now-available/feed HTTP/1.0" 301 596 "-" "Mozilla/5.0 AppleWebKit/537.36 (KHTML, like Gecko; compatible; ClaudeBot/1.0; +claudebot@anthropic.com)"
216.73.216.162 - - [06/Sep/2025:08:08:30 +0700] "GET /how-to-buy-viagra-over-the-counter-now-available/feed/ HTTP/1.0" 200 1610 "https://vattusacky.vn/how-to-buy-viagra-over-the-counter-now-available/feed" "Mozilla/5.0 AppleWebKit/537.36 (KHTML, like Gecko; compatible; ClaudeBot/1.0; +claudebot@anthropic.com)"
45.117.177.72 - - [06/Sep/2025:08:08:46 +0700] "POST /wp-cron.php?doing_wp_cron=1757120925.8141319751739501953125 HTTP/1.0" 200 416 "-" "WordPress/6.8.1; https://vattusacky.vn"
217.113.194.78 - - [06/Sep/2025:08:08:42 +0700] "GET /igra-luckyjet-2023-kak-rabotaet-taktika-igry/feed/ HTTP/1.0" 200 1759 "-" "Mozilla/5.0 (compatible; Barkrowler/0.9; +https://babbar.tech/crawler)"
188.68.57.197 - - [06/Sep/2025:08:08:44 +0700] "GET /tag/quan-trac-chat-luong-tram-tich/ HTTP/1.0" 200 59594 "-" "Mozilla/5.0 (Windows NT 10.0; Win64; x64) AppleWebKit/537.36 (KHTML, like Gecko) Chrome/100.0.1313.401 Safari/537.36"
45.117.177.72 - - [06/Sep/2025:08:09:09 +0700] "POST /wp-cron.php?doing_wp_cron=1757120949.4674599170684814453125 HTTP/1.0" 200 416 "-" "WordPress/6.8.1; https://vattusacky.vn"
217.113.194.81 - - [06/Sep/2025:08:09:05 +0700] "GET /reinventing-collaborative-art-the-unique-experience-of-omegle-artistry/feed/ HTTP/1.0" 200 1807 "-" "Mozilla/5.0 (compatible; Barkrowler/0.9; +https://babbar.tech/crawler)"
45.117.177.72 - - [06/Sep/2025:08:09:20 +0700] "POST /wp-cron.php?doing_wp_cron=1757120960.4976170063018798828125 HTTP/1.0" 200 416 "-" "WordPress/6.8.1; https://vattusacky.vn"
216.73.216.162 - - [06/Sep/2025:08:09:17 +0700] "GET /?p=10444 HTTP/1.0" 301 644 "-" "Mozilla/5.0 AppleWebKit/537.36 (KHTML, like Gecko; compatible; ClaudeBot/1.0; +claudebot@anthropic.com)"
216.73.216.162 - - [06/Sep/2025:08:09:17 +0700] "GET /?p=4360 HTTP/1.0" 301 635 "-" "Mozilla/5.0 AppleWebKit/537.36 (KHTML, like Gecko; compatible; ClaudeBot/1.0; +claudebot@anthropic.com)"
216.73.216.162 - - [06/Sep/2025:08:09:21 +0700] "GET /1xbet-app-download-xbet-login-and-promocode-2023-37-2/ HTTP/1.0" 200 97571 "https://vattusacky.vn/?p=10444" "Mozilla/5.0 AppleWebKit/537.36 (KHTML, like Gecko; compatible; ClaudeBot/1.0; +claudebot@anthropic.com)"
216.73.216.162 - - [06/Sep/2025:08:09:21 +0700] "GET /vavada-casino-skachajte-dlja-android-i-ios-4/ HTTP/1.0" 200 223649 "https://vattusacky.vn/?p=4360" "Mozilla/5.0 AppleWebKit/537.36 (KHTML, like Gecko; compatible; ClaudeBot/1.0; +claudebot@anthropic.com)"
216.73.216.162 - - [06/Sep/2025:08:09:26 +0700] "GET /?p=3050 HTTP/1.0" 301 496 "-" "Mozilla/5.0 AppleWebKit/537.36 (KHTML, like Gecko; compatible; ClaudeBot/1.0; +claudebot@anthropic.com)"
216.73.216.162 - - [06/Sep/2025:08:09:26 +0700] "GET /?p=5394 HTTP/1.0" 301 470 "-" "Mozilla/5.0 AppleWebKit/537.36 (KHTML, like Gecko; compatible; ClaudeBot/1.0; +claudebot@anthropic.com)"
217.113.194.80 - - [06/Sep/2025:08:09:28 +0700] "GET /the-challenges-of-maintaining-connections-from-omegles-social-experiment/feed/ HTTP/1.0" 200 1813 "-" "Mozilla/5.0 (compatible; Barkrowler/0.9; +https://babbar.tech/crawler)"
216.73.216.162 - - [06/Sep/2025:08:09:29 +0700] "GET /the-8-best-dating-sites-and-apps-for-people-over-40/ HTTP/1.0" 200 213063 "https://vattusacky.vn/?p=3050" "Mozilla/5.0 AppleWebKit/537.36 (KHTML, like Gecko; compatible; ClaudeBot/1.0; +claudebot@anthropic.com)"
216.73.216.162 - - [06/Sep/2025:08:09:30 +0700] "GET /asian-games-2026-aichi-84/ HTTP/1.0" 200 90777 "https://vattusacky.vn/?p=5394" "Mozilla/5.0 AppleWebKit/537.36 (KHTML, like Gecko; compatible; ClaudeBot/1.0; +claudebot@anthropic.com)"
116.11.144.225 - - [06/Sep/2025:08:09:27 +0700] "POST /wp-comments-post.php HTTP/1.0" 302 1152 "-" "Mozilla/5.0 (Windows NT 10.0; Win64; x64) AppleWebKit/537.36 (KHTML, like Gecko) Chrome/108.0.0.0 Safari/537.36 Edg/108.0.1462.46"
216.73.216.162 - - [06/Sep/2025:08:09:34 +0700] "GET /?p=4364 HTTP/1.0" 301 497 "-" "Mozilla/5.0 AppleWebKit/537.36 (KHTML, like Gecko; compatible; ClaudeBot/1.0; +claudebot@anthropic.com)"
216.73.216.162 - - [06/Sep/2025:08:09:34 +0700] "GET /?p=3823 HTTP/1.0" 301 405 "-" "Mozilla/5.0 AppleWebKit/537.36 (KHTML, like Gecko; compatible; ClaudeBot/1.0; +claudebot@anthropic.com)"
116.11.144.225 - - [06/Sep/2025:08:09:34 +0700] "GET /tradeallcrypto-srok-zaprosa-istek-nachalo-raboty-s/?unapproved=1410&moderation-hash=4e070fba70b308518b189a090181e67a HTTP/1.0" 200 300058 "-" "Mozilla/5.0 (Windows NT 10.0; Win64; x64) AppleWebKit/537.36 (KHTML, like Gecko) Chrome/108.0.0.0 Safari/537.36 Edg/108.0.1462.46"
216.73.216.162 - - [06/Sep/2025:08:09:38 +0700] "GET /3823-2/ HTTP/1.0" 200 205676 "https://vattusacky.vn/?p=3823" "Mozilla/5.0 AppleWebKit/537.36 (KHTML, like Gecko; compatible; ClaudeBot/1.0; +claudebot@anthropic.com)"
216.73.216.162 - - [06/Sep/2025:08:09:38 +0700] "GET /vavada-casino-onlajn-top-kazino-v-internete-kazino-3/ HTTP/1.0" 200 221383 "https://vattusacky.vn/?p=4364" "Mozilla/5.0 AppleWebKit/537.36 (KHTML, like Gecko; compatible; ClaudeBot/1.0; +claudebot@anthropic.com)"
45.117.177.72 - - [06/Sep/2025:08:09:55 +0700] "POST /wp-cron.php?doing_wp_cron=1757120995.1743869781494140625000 HTTP/1.0" 200 416 "-" "WordPress/6.8.1; https://vattusacky.vn"
217.113.194.80 - - [06/Sep/2025:08:09:51 +0700] "GET /the-changing-landscape-of-anonymity-how-omegle-keeps-up/feed/ HTTP/1.0" 200 1762 "-" "Mozilla/5.0 (compatible; Barkrowler/0.9; +https://babbar.tech/crawler)"
45.117.177.72 - - [06/Sep/2025:08:10:18 +0700] "POST /wp-cron.php?doing_wp_cron=1757121018.4530029296875000000000 HTTP/1.0" 200 416 "-" "WordPress/6.8.1; https://vattusacky.vn"
217.113.194.217 - - [06/Sep/2025:08:10:14 +0700] "GET /the-charms-of-serendipity-exploring-omegles-random-interactions/feed/ HTTP/1.0" 200 1786 "-" "Mozilla/5.0 (compatible; Barkrowler/0.9; +https://babbar.tech/crawler)"
216.73.216.162 - - [06/Sep/2025:08:10:30 +0700] "GET /a-look-into-the-crystal-ball-omegles-future-unveiled/feed HTTP/1.0" 301 746 "-" "Mozilla/5.0 AppleWebKit/537.36 (KHTML, like Gecko; compatible; ClaudeBot/1.0; +claudebot@anthropic.com)"
216.73.216.162 - - [06/Sep/2025:08:10:30 +0700] "GET /1xbet-app-obtain-apk-for-android-ios-home-windows-29/feed HTTP/1.0" 301 746 "-" "Mozilla/5.0 AppleWebKit/537.36 (KHTML, like Gecko; compatible; ClaudeBot/1.0; +claudebot@anthropic.com)"
216.73.216.162 - - [06/Sep/2025:08:10:33 +0700] "GET /a-look-into-the-crystal-ball-omegles-future-unveiled/feed/ HTTP/1.0" 200 1607 "https://vattusacky.vn/a-look-into-the-crystal-ball-omegles-future-unveiled/feed" "Mozilla/5.0 AppleWebKit/537.36 (KHTML, like Gecko; compatible; ClaudeBot/1.0; +claudebot@anthropic.com)"
216.73.216.162 - - [06/Sep/2025:08:10:33 +0700] "GET /1xbet-app-obtain-apk-for-android-ios-home-windows-29/feed/ HTTP/1.0" 200 1624 "https://vattusacky.vn/1xbet-app-obtain-apk-for-android-ios-home-windows-29/feed" "Mozilla/5.0 AppleWebKit/537.36 (KHTML, like Gecko; compatible; ClaudeBot/1.0; +claudebot@anthropic.com)"
216.73.216.162 - - [06/Sep/2025:08:10:37 +0700] "GET /?p=4153 HTTP/1.0" 301 494 "-" "Mozilla/5.0 AppleWebKit/537.36 (KHTML, like Gecko; compatible; ClaudeBot/1.0; +claudebot@anthropic.com)"
154.54.249.200 - - [06/Sep/2025:08:10:37 +0700] "GET /22bet-india-evaluate-2022-one-hundred-pc-up-to-10-13/feed/ HTTP/1.0" 200 1763 "-" "Mozilla/5.0 (compatible; Barkrowler/0.9; +https://babbar.tech/crawler)"
216.73.216.162 - - [06/Sep/2025:08:10:38 +0700] "GET /how-to-discover-a-ukrainian-bride/feed HTTP/1.0" 301 581 "-" "Mozilla/5.0 AppleWebKit/537.36 (KHTML, like Gecko; compatible; ClaudeBot/1.0; +claudebot@anthropic.com)"
216.73.216.162 - - [06/Sep/2025:08:10:42 +0700] "GET /how-to-discover-a-ukrainian-bride/feed/ HTTP/1.0" 200 1550 "https://vattusacky.vn/how-to-discover-a-ukrainian-bride/feed" "Mozilla/5.0 AppleWebKit/537.36 (KHTML, like Gecko; compatible; ClaudeBot/1.0; +claudebot@anthropic.com)"
216.73.216.162 - - [06/Sep/2025:08:10:40 +0700] "GET /drip-casino-kazino-bonusy-live-kazino-v-internete/ HTTP/1.0" 200 237821 "https://vattusacky.vn/?p=4153" "Mozilla/5.0 AppleWebKit/537.36 (KHTML, like Gecko; compatible; ClaudeBot/1.0; +claudebot@anthropic.com)"
216.73.216.162 - - [06/Sep/2025:08:10:45 +0700] "GET /?p=5073 HTTP/1.0" 301 537 "-" "Mozilla/5.0 AppleWebKit/537.36 (KHTML, like Gecko; compatible; ClaudeBot/1.0; +claudebot@anthropic.com)"
216.73.216.162 - - [06/Sep/2025:08:10:46 +0700] "GET /here-are-some-easy-ways-to-make-real-money-online HTTP/1.0" 301 448 "-" "Mozilla/5.0 AppleWebKit/537.36 (KHTML, like Gecko; compatible; ClaudeBot/1.0; +claudebot@anthropic.com)"
216.73.216.162 - - [06/Sep/2025:08:10:48 +0700] "GET /cs-go-wagering-ideas-match-forecasts-right-now-live-score-and-probabilities-social-community/ HTTP/1.0" 200 211174 "https://vattusacky.vn/?p=5073" "Mozilla/5.0 AppleWebKit/537.36 (KHTML, like Gecko; compatible; ClaudeBot/1.0; +claudebot@anthropic.com)"
216.73.216.162 - - [06/Sep/2025:08:10:49 +0700] "GET /here-are-some-easy-ways-to-make-real-money-online/ HTTP/1.0" 200 73219 "https://vattusacky.vn/here-are-some-easy-ways-to-make-real-money-online" "Mozilla/5.0 AppleWebKit/537.36 (KHTML, like Gecko; compatible; ClaudeBot/1.0; +claudebot@anthropic.com)"
217.113.194.75 - - [06/Sep/2025:08:10:59 +0700] "GET /robots.txt HTTP/1.0" 200 984 "-" "Mozilla/5.0 (compatible; Barkrowler/0.9; +https://babbar.tech/crawler)"
45.117.177.72 - - [06/Sep/2025:08:11:27 +0700] "POST /wp-cron.php?doing_wp_cron=1757121087.1309759616851806640625 HTTP/1.0" 200 416 "-" "WordPress/6.8.1; https://vattusacky.vn"
217.113.194.74 - - [06/Sep/2025:08:11:22 +0700] "GET /mobicel-r1-flash-file-mt6580-android-7-0-stock-3/feed/ HTTP/1.0" 200 1751 "-" "Mozilla/5.0 (compatible; Barkrowler/0.9; +https://babbar.tech/crawler)"
216.73.216.162 - - [06/Sep/2025:08:11:26 +0700] "GET /?p=6320 HTTP/1.0" 301 657 "-" "Mozilla/5.0 AppleWebKit/537.36 (KHTML, like Gecko; compatible; ClaudeBot/1.0; +claudebot@anthropic.com)"
216.73.216.162 - - [06/Sep/2025:08:11:26 +0700] "GET /category/dating-over-40-blog HTTP/1.0" 301 573 "-" "Mozilla/5.0 AppleWebKit/537.36 (KHTML, like Gecko; compatible; ClaudeBot/1.0; +claudebot@anthropic.com)"
216.73.216.162 - - [06/Sep/2025:08:11:28 +0700] "GET /celebrating-creative-connections-omegles-impact-on-artistic-growth/ HTTP/1.0" 200 91969 "https://vattusacky.vn/?p=6320" "Mozilla/5.0 AppleWebKit/537.36 (KHTML, like Gecko; compatible; ClaudeBot/1.0; +claudebot@anthropic.com)"
216.73.216.162 - - [06/Sep/2025:08:11:30 +0700] "GET /category/dating-over-40-blog/ HTTP/1.0" 200 8462 "https://vattusacky.vn/category/dating-over-40-blog" "Mozilla/5.0 AppleWebKit/537.36 (KHTML, like Gecko; compatible; ClaudeBot/1.0; +claudebot@anthropic.com)"
216.73.216.162 - - [06/Sep/2025:08:11:34 +0700] "GET /latina-mail-order-brides-data-websites-prices-suggestions/feed HTTP/1.0" 301 605 "-" "Mozilla/5.0 AppleWebKit/537.36 (KHTML, like Gecko; compatible; ClaudeBot/1.0; +claudebot@anthropic.com)"
216.73.216.162 - - [06/Sep/2025:08:11:35 +0700] "GET /?p=6764 HTTP/1.0" 301 508 "-" "Mozilla/5.0 AppleWebKit/537.36 (KHTML, like Gecko; compatible; ClaudeBot/1.0; +claudebot@anthropic.com)"
216.73.216.162 - - [06/Sep/2025:08:11:37 +0700] "GET /latina-mail-order-brides-data-websites-prices-suggestions/feed/ HTTP/1.0" 200 1627 "https://vattusacky.vn/latina-mail-order-brides-data-websites-prices-suggestions/feed" "Mozilla/5.0 AppleWebKit/537.36 (KHTML, like Gecko; compatible; ClaudeBot/1.0; +claudebot@anthropic.com)"
216.73.216.162 - - [06/Sep/2025:08:11:39 +0700] "GET /improving-your-online-communication-skills-on-omegle-video-chat/ HTTP/1.0" 200 96248 "https://vattusacky.vn/?p=6764" "Mozilla/5.0 AppleWebKit/537.36 (KHTML, like Gecko; compatible; ClaudeBot/1.0; +claudebot@anthropic.com)"
216.73.216.162 - - [06/Sep/2025:08:11:42 +0700] "GET /?p=6325 HTTP/1.0" 301 500 "-" "Mozilla/5.0 AppleWebKit/537.36 (KHTML, like Gecko; compatible; ClaudeBot/1.0; +claudebot@anthropic.com)"
216.73.216.162 - - [06/Sep/2025:08:11:45 +0700] "GET /?p=3633 HTTP/1.0" 301 508 "-" "Mozilla/5.0 AppleWebKit/537.36 (KHTML, like Gecko; compatible; ClaudeBot/1.0; +claudebot@anthropic.com)"
216.73.216.162 - - [06/Sep/2025:08:11:46 +0700] "GET /celebrating-diversity-through-omegles-social-experiment/ HTTP/1.0" 200 90775 "https://vattusacky.vn/?p=6325" "Mozilla/5.0 AppleWebKit/537.36 (KHTML, like Gecko; compatible; ClaudeBot/1.0; +claudebot@anthropic.com)"
154.54.249.200 - - [06/Sep/2025:08:11:46 +0700] "GET /shaping-the-future-of-random-chats-omegles-strategy-revealed/ HTTP/1.0" 200 91707 "-" "Mozilla/5.0 (compatible; Barkrowler/0.9; +https://babbar.tech/crawler)"
216.73.216.162 - - [06/Sep/2025:08:11:49 +0700] "GET /osvoenie-metoda-pokerdom-igrat-eto-ne-sluchaynost-eto-iskusstvo/ HTTP/1.0" 200 238003 "https://vattusacky.vn/?p=3633" "Mozilla/5.0 AppleWebKit/537.36 (KHTML, like Gecko; compatible; ClaudeBot/1.0; +claudebot@anthropic.com)"
217.113.194.217 - - [06/Sep/2025:08:12:11 +0700] "GET /a-detailed-comparison-of-omegle-and-ometv-user-profiles/feed/ HTTP/1.0" 200 1762 "-" "Mozilla/5.0 (compatible; Barkrowler/0.9; +https://babbar.tech/crawler)"
216.73.216.162 - - [06/Sep/2025:08:12:27 +0700] "GET /daddy-casino-vyigryvajte-zdes-demo-sloty-bez-2/feed HTTP/1.0" 301 740 "-" "Mozilla/5.0 AppleWebKit/537.36 (KHTML, like Gecko; compatible; ClaudeBot/1.0; +claudebot@anthropic.com)"
45.117.177.72 - - [06/Sep/2025:08:12:31 +0700] "POST /wp-cron.php?doing_wp_cron=1757121151.4014940261840820312500 HTTP/1.0" 200 416 "-" "WordPress/6.8.1; https://vattusacky.vn"
216.73.216.162 - - [06/Sep/2025:08:12:27 +0700] "GET /krippa-maks-biografija-max-krippa-poplurnye-fakty-513/feed HTTP/1.0" 301 747 "-" "Mozilla/5.0 AppleWebKit/537.36 (KHTML, like Gecko; compatible; ClaudeBot/1.0; +claudebot@anthropic.com)"
216.73.216.162 - - [06/Sep/2025:08:12:32 +0700] "GET /daddy-casino-vyigryvajte-zdes-demo-sloty-bez-2/feed/ HTTP/1.0" 200 1647 "https://vattusacky.vn/daddy-casino-vyigryvajte-zdes-demo-sloty-bez-2/feed" "Mozilla/5.0 AppleWebKit/537.36 (KHTML, like Gecko; compatible; ClaudeBot/1.0; +claudebot@anthropic.com)"
217.113.194.74 - - [06/Sep/2025:08:12:34 +0700] "GET /the-dark-side-of-omegle-exposed-tips-for-a-safe-online-experience/feed/ HTTP/1.0" 200 1792 "-" "Mozilla/5.0 (compatible; Barkrowler/0.9; +https://babbar.tech/crawler)"
216.73.216.162 - - [06/Sep/2025:08:12:35 +0700] "GET /krippa-maks-biografija-max-krippa-poplurnye-fakty-513/feed/ HTTP/1.0" 200 1639 "https://vattusacky.vn/krippa-maks-biografija-max-krippa-poplurnye-fakty-513/feed" "Mozilla/5.0 AppleWebKit/537.36 (KHTML, like Gecko; compatible; ClaudeBot/1.0; +claudebot@anthropic.com)"
216.73.216.162 - - [06/Sep/2025:08:12:36 +0700] "GET /favorable-bets-along-with-22bet-95/feed HTTP/1.0" 301 582 "-" "Mozilla/5.0 AppleWebKit/537.36 (KHTML, like Gecko; compatible; ClaudeBot/1.0; +claudebot@anthropic.com)"
216.73.216.162 - - [06/Sep/2025:08:12:37 +0700] "GET /free-online-slots-how-to-play-free-slots-on-the-internet HTTP/1.0" 301 455 "-" "Mozilla/5.0 AppleWebKit/537.36 (KHTML, like Gecko; compatible; ClaudeBot/1.0; +claudebot@anthropic.com)"
216.73.216.162 - - [06/Sep/2025:08:12:40 +0700] "GET /favorable-bets-along-with-22bet-95/feed/ HTTP/1.0" 200 1550 "https://vattusacky.vn/favorable-bets-along-with-22bet-95/feed" "Mozilla/5.0 AppleWebKit/537.36 (KHTML, like Gecko; compatible; ClaudeBot/1.0; +claudebot@anthropic.com)"
216.73.216.162 - - [06/Sep/2025:08:12:40 +0700] "GET /free-online-slots-how-to-play-free-slots-on-the-internet/ HTTP/1.0" 200 209145 "https://vattusacky.vn/free-online-slots-how-to-play-free-slots-on-the-internet" "Mozilla/5.0 AppleWebKit/537.36 (KHTML, like Gecko; compatible; ClaudeBot/1.0; +claudebot@anthropic.com)"
216.73.216.162 - - [06/Sep/2025:08:12:44 +0700] "GET /play2x-igra-izuchaem-strategii-taktiku HTTP/1.0" 301 483 "-" "Mozilla/5.0 AppleWebKit/537.36 (KHTML, like Gecko; compatible; ClaudeBot/1.0; +claudebot@anthropic.com)"
216.73.216.162 - - [06/Sep/2025:08:12:45 +0700] "GET /5552-2 HTTP/1.0" 301 405 "-" "Mozilla/5.0 AppleWebKit/537.36 (KHTML, like Gecko; compatible; ClaudeBot/1.0; +claudebot@anthropic.com)"
216.73.216.162 - - [06/Sep/2025:08:12:48 +0700] "GET /play2x-igra-izuchaem-strategii-taktiku/ HTTP/1.0" 200 112152 "https://vattusacky.vn/play2x-igra-izuchaem-strategii-taktiku" "Mozilla/5.0 AppleWebKit/537.36 (KHTML, like Gecko; compatible; ClaudeBot/1.0; +claudebot@anthropic.com)"
216.73.216.162 - - [06/Sep/2025:08:12:49 +0700] "GET /5552-2/ HTTP/1.0" 200 72621 "https://vattusacky.vn/5552-2" "Mozilla/5.0 AppleWebKit/537.36 (KHTML, like Gecko; compatible; ClaudeBot/1.0; +claudebot@anthropic.com)"
216.73.216.162 - - [06/Sep/2025:08:12:52 +0700] "GET /the-ultimate-strategy-to-obzor-onlaynkazino-bc-games/feed HTTP/1.0" 301 600 "-" "Mozilla/5.0 AppleWebKit/537.36 (KHTML, like Gecko; compatible; ClaudeBot/1.0; +claudebot@anthropic.com)"
216.73.216.162 - - [06/Sep/2025:08:12:56 +0700] "GET /the-ultimate-strategy-to-obzor-onlaynkazino-bc-games/feed/ HTTP/1.0" 200 1625 "https://vattusacky.vn/the-ultimate-strategy-to-obzor-onlaynkazino-bc-games/feed" "Mozilla/5.0 AppleWebKit/537.36 (KHTML, like Gecko; compatible; ClaudeBot/1.0; +claudebot@anthropic.com)"
217.113.194.81 - - [06/Sep/2025:08:12:56 +0700] "GET /pros-and-cons-video-vs-text-communication-on-omegle-and-ometv/ HTTP/1.0" 200 91190 "-" "Mozilla/5.0 (compatible; Barkrowler/0.9; +https://babbar.tech/crawler)"
216.73.216.162 - - [06/Sep/2025:08:13:08 +0700] "GET /photo-product-specifications-91-2/feed HTTP/1.0" 301 727 "-" "Mozilla/5.0 AppleWebKit/537.36 (KHTML, like Gecko; compatible; ClaudeBot/1.0; +claudebot@anthropic.com)"
216.73.216.162 - - [06/Sep/2025:08:13:08 +0700] "GET /the-8-best-dating-sites-and-apps-for-people-over-40/feed HTTP/1.0" 301 745 "-" "Mozilla/5.0 AppleWebKit/537.36 (KHTML, like Gecko; compatible; ClaudeBot/1.0; +claudebot@anthropic.com)"
216.73.216.162 - - [06/Sep/2025:08:13:12 +0700] "GET /photo-product-specifications-91-2/feed/ HTTP/1.0" 200 1545 "https://vattusacky.vn/photo-product-specifications-91-2/feed" "Mozilla/5.0 AppleWebKit/537.36 (KHTML, like Gecko; compatible; ClaudeBot/1.0; +claudebot@anthropic.com)"
216.73.216.162 - - [06/Sep/2025:08:13:12 +0700] "GET /the-8-best-dating-sites-and-apps-for-people-over-40/feed/ HTTP/1.0" 200 1604 "https://vattusacky.vn/the-8-best-dating-sites-and-apps-for-people-over-40/feed" "Mozilla/5.0 AppleWebKit/537.36 (KHTML, like Gecko; compatible; ClaudeBot/1.0; +claudebot@anthropic.com)"
45.117.177.72 - - [06/Sep/2025:08:13:20 +0700] "POST /wp-cron.php?doing_wp_cron=1757121200.5904569625854492187500 HTTP/1.0" 200 416 "-" "WordPress/6.8.1; https://vattusacky.vn"
216.73.216.162 - - [06/Sep/2025:08:13:16 +0700] "GET /best-online-casino-with-the-most-popular-name-free-spins HTTP/1.0" 301 455 "-" "Mozilla/5.0 AppleWebKit/537.36 (KHTML, like Gecko; compatible; ClaudeBot/1.0; +claudebot@anthropic.com)"
216.73.216.162 - - [06/Sep/2025:08:13:16 +0700] "GET /author/yanz/page/418 HTTP/1.0" 301 419 "-" "Mozilla/5.0 AppleWebKit/537.36 (KHTML, like Gecko; compatible; ClaudeBot/1.0; +claudebot@anthropic.com)"
154.54.249.200 - - [06/Sep/2025:08:13:21 +0700] "GET /the-hidden-gem-of-online-conversations-unlocking-the-appeal-of-omegle/feed/ HTTP/1.0" 200 1804 "-" "Mozilla/5.0 (compatible; Barkrowler/0.9; +https://babbar.tech/crawler)"
216.73.216.162 - - [06/Sep/2025:08:13:21 +0700] "GET /best-online-casino-with-the-most-popular-name-free-spins/ HTTP/1.0" 200 73984 "https://vattusacky.vn/best-online-casino-with-the-most-popular-name-free-spins" "Mozilla/5.0 AppleWebKit/537.36 (KHTML, like Gecko; compatible; ClaudeBot/1.0; +claudebot@anthropic.com)"
216.73.216.162 - - [06/Sep/2025:08:13:21 +0700] "GET /author/yanz/page/418/ HTTP/1.0" 200 77268 "https://vattusacky.vn/author/yanz/page/418" "Mozilla/5.0 AppleWebKit/537.36 (KHTML, like Gecko; compatible; ClaudeBot/1.0; +claudebot@anthropic.com)"
216.73.216.162 - - [06/Sep/2025:08:13:26 +0700] "GET /author/yanz/page/421 HTTP/1.0" 301 419 "-" "Mozilla/5.0 AppleWebKit/537.36 (KHTML, like Gecko; compatible; ClaudeBot/1.0; +claudebot@anthropic.com)"
216.73.216.162 - - [06/Sep/2025:08:13:26 +0700] "GET /author/yanz/page/419 HTTP/1.0" 301 419 "-" "Mozilla/5.0 AppleWebKit/537.36 (KHTML, like Gecko; compatible; ClaudeBot/1.0; +claudebot@anthropic.com)"
216.73.216.162 - - [06/Sep/2025:08:13:31 +0700] "GET /author/yanz/page/421/ HTTP/1.0" 200 189498 "https://vattusacky.vn/author/yanz/page/421" "Mozilla/5.0 AppleWebKit/537.36 (KHTML, like Gecko; compatible; ClaudeBot/1.0; +claudebot@anthropic.com)"
216.73.216.162 - - [06/Sep/2025:08:13:31 +0700] "GET /author/yanz/page/419/ HTTP/1.0" 200 77493 "https://vattusacky.vn/author/yanz/page/419" "Mozilla/5.0 AppleWebKit/537.36 (KHTML, like Gecko; compatible; ClaudeBot/1.0; +claudebot@anthropic.com)"
217.113.194.74 - - [06/Sep/2025:08:13:44 +0700] "GET /cheap-essays-how-to-get-the-most-out-of-your-education-using-cheap-essay-writing-services/ HTTP/1.0" 200 208324 "-" "Mozilla/5.0 (compatible; Barkrowler/0.9; +https://babbar.tech/crawler)"
159.138.30.141 - - [06/Sep/2025:08:13:55 +0700] "GET /tips-for-having-a-positive-experience-on-chatroulette-and-omegle/ HTTP/1.0" 200 90736 "-" "Mozilla/5.0 (Macintosh; Intel Mac OS X 10_14_6) AppleWebKit/537.36 (KHTML, like Gecko) Chrome/129.0.0.0 Safari/537.36"
159.138.30.141 - - [06/Sep/2025:08:14:00 +0700] "GET /wp-content/plugins/gridlist-view-for-woocommerce/berocket/assets/css/font-awesome.min.css?ver=6.8.1 HTTP/1.0" 200 464 "https://vattusacky.vn/tips-for-having-a-positive-experience-on-chatroulette-and-omegle/" "Mozilla/5.0 (Macintosh; Intel Mac OS X 10_14_6) AppleWebKit/537.36 (KHTML, like Gecko) Chrome/129.0.0.0 Safari/537.36"
159.138.30.141 - - [06/Sep/2025:08:14:00 +0700] "GET /wp-content/plugins/gridlist-view-for-woocommerce/css/shop_lgv.css?ver=1.1.8 HTTP/1.0" 200 440 "https://vattusacky.vn/tips-for-having-a-positive-experience-on-chatroulette-and-omegle/" "Mozilla/5.0 (Macintosh; Intel Mac OS X 10_14_6) AppleWebKit/537.36 (KHTML, like Gecko) Chrome/129.0.0.0 Safari/537.36"
159.138.30.141 - - [06/Sep/2025:08:14:00 +0700] "GET /wp-content/plugins/content-views-query-and-display-post-page/public/assets/css/cv.css?ver=4.1 HTTP/1.0" 200 460 "https://vattusacky.vn/tips-for-having-a-positive-experience-on-chatroulette-and-omegle/" "Mozilla/5.0 (Macintosh; Intel Mac OS X 10_14_6) AppleWebKit/537.36 (KHTML, like Gecko) Chrome/129.0.0.0 Safari/537.36"
159.138.30.141 - - [06/Sep/2025:08:14:00 +0700] "GET /wp-content/plugins/contact-form-7/includes/css/styles.css?ver=6.0.6 HTTP/1.0" 200 432 "https://vattusacky.vn/tips-for-having-a-positive-experience-on-chatroulette-and-omegle/" "Mozilla/5.0 (Macintosh; Intel Mac OS X 10_14_6) AppleWebKit/537.36 (KHTML, like Gecko) Chrome/129.0.0.0 Safari/537.36"
159.138.30.141 - - [06/Sep/2025:08:14:00 +0700] "GET /wp-includes/css/dist/block-library/style.min.css?ver=6.8.1 HTTP/1.0" 200 423 "https://vattusacky.vn/tips-for-having-a-positive-experience-on-chatroulette-and-omegle/" "Mozilla/5.0 (Macintosh; Intel Mac OS X 10_14_6) AppleWebKit/537.36 (KHTML, like Gecko) Chrome/129.0.0.0 Safari/537.36"
159.138.30.141 - - [06/Sep/2025:08:14:00 +0700] "GET /wp-content/themes/tem_techno_v2/style.css?ver=6.8.1 HTTP/1.0" 200 416 "https://vattusacky.vn/tips-for-having-a-positive-experience-on-chatroulette-and-omegle/" "Mozilla/5.0 (Macintosh; Intel Mac OS X 10_14_6) AppleWebKit/537.36 (KHTML, like Gecko) Chrome/129.0.0.0 Safari/537.36"
159.138.30.141 - - [06/Sep/2025:08:14:00 +0700] "GET /wp-content/plugins/woocommerce/assets/css/brands.css?ver=9.8.3 HTTP/1.0" 200 427 "https://vattusacky.vn/tips-for-having-a-positive-experience-on-chatroulette-and-omegle/" "Mozilla/5.0 (Macintosh; Intel Mac OS X 10_14_6) AppleWebKit/537.36 (KHTML, like Gecko) Chrome/129.0.0.0 Safari/537.36"
159.138.30.141 - - [06/Sep/2025:08:14:00 +0700] "GET /wp-content/themes/tem_techno_v2/inc/css/bootstrap.min.css?ver=6.8.1 HTTP/1.0" 200 432 "https://vattusacky.vn/tips-for-having-a-positive-experience-on-chatroulette-and-omegle/" "Mozilla/5.0 (Macintosh; Intel Mac OS X 10_14_6) AppleWebKit/537.36 (KHTML, like Gecko) Chrome/129.0.0.0 Safari/537.36"
159.138.30.141 - - [06/Sep/2025:08:14:00 +0700] "GET /wp-content/plugins/devvn-stickytooltip/stickytooltip.css?ver=1.0.0 HTTP/1.0" 200 431 "https://vattusacky.vn/tips-for-having-a-positive-experience-on-chatroulette-and-omegle/" "Mozilla/5.0 (Macintosh; Intel Mac OS X 10_14_6) AppleWebKit/537.36 (KHTML, like Gecko) Chrome/129.0.0.0 Safari/537.36"
