45.117.177.72 - - [06/Sep/2025:22:21:18 +0700] "POST /wp-cron.php?doing_wp_cron=1757172078.7448580265045166015625 HTTP/1.0" 200 416 "-" "WordPress/6.8.1; https://vattusacky.vn"
217.113.194.217 - - [06/Sep/2025:22:21:17 +0700] "GET /healing-laughter-finding-happiness-through-random-chats-on-omegle-and-ometv/ HTTP/1.0" 200 88855 "-" "Mozilla/5.0 (compatible; Barkrowler/0.9; +https://babbar.tech/crawler)"
217.113.194.79 - - [06/Sep/2025:22:21:42 +0700] "GET /chatroulette-and-omegle-as-platforms-for-combating-loneliness-and-isolation/feed/ HTTP/1.0" 200 1822 "-" "Mozilla/5.0 (compatible; Barkrowler/0.9; +https://babbar.tech/crawler)"
154.54.249.200 - - [06/Sep/2025:22:21:59 +0700] "GET /kak-vyvesti-dengi-so-scheta-bk-1win-vse-pro-vyvod-sredstv/feed/ HTTP/1.0" 200 1811 "-" "Mozilla/5.0 (compatible; Barkrowler/0.9; +https://babbar.tech/crawler)"
45.117.177.72 - - [06/Sep/2025:22:22:18 +0700] "POST /wp-cron.php?doing_wp_cron=1757172138.3776888847351074218750 HTTP/1.0" 200 416 "-" "WordPress/6.8.1; https://vattusacky.vn"
217.113.194.217 - - [06/Sep/2025:22:22:17 +0700] "GET /a-glimpse-into-the-minds-of-omegle-users-psychological-experiments-unraveled/ HTTP/1.0" 200 92177 "-" "Mozilla/5.0 (compatible; Barkrowler/0.9; +https://babbar.tech/crawler)"
217.113.194.79 - - [06/Sep/2025:22:22:40 +0700] "GET /the-influence-of-social-dynamics-on-omegle-conversations-understanding-group-interactions/feed/ HTTP/1.0" 200 1864 "-" "Mozilla/5.0 (compatible; Barkrowler/0.9; +https://babbar.tech/crawler)"
217.113.194.79 - - [06/Sep/2025:22:22:59 +0700] "GET /leovegas-the-best-on-line-casino-and-sportsbook-with-incredible-bonuses-plus-promotions/feed/ HTTP/1.0" 200 1859 "-" "Mozilla/5.0 (compatible; Barkrowler/0.9; +https://babbar.tech/crawler)"
45.117.177.72 - - [06/Sep/2025:22:23:18 +0700] "POST /wp-cron.php?doing_wp_cron=1757172197.9145689010620117187500 HTTP/1.0" 200 416 "-" "WordPress/6.8.1; https://vattusacky.vn"
217.113.194.217 - - [06/Sep/2025:22:23:16 +0700] "GET /leovegas-kom-igaang-blixtsnabbt-med-mobilt-bankid/feed/ HTTP/1.0" 200 1744 "-" "Mozilla/5.0 (compatible; Barkrowler/0.9; +https://babbar.tech/crawler)"
217.113.194.76 - - [06/Sep/2025:22:23:35 +0700] "GET /misconceptions-and-realities-debunking-myths-about-omegle-and-ometv/feed/ HTTP/1.0" 200 1798 "-" "Mozilla/5.0 (compatible; Barkrowler/0.9; +https://babbar.tech/crawler)"
217.113.194.218 - - [06/Sep/2025:22:23:53 +0700] "GET /the-interplay-between-anonymity-and-authenticity-in-omegles-cosmic-connections/feed/ HTTP/1.0" 200 1831 "-" "Mozilla/5.0 (compatible; Barkrowler/0.9; +https://babbar.tech/crawler)"
217.113.194.74 - - [06/Sep/2025:22:24:13 +0700] "GET /the-role-of-networking-in-expanding-cultural-awareness-on-omegle-and-ometv/feed/ HTTP/1.0" 200 1819 "-" "Mozilla/5.0 (compatible; Barkrowler/0.9; +https://babbar.tech/crawler)"
45.117.177.72 - - [06/Sep/2025:22:24:34 +0700] "POST /wp-cron.php?doing_wp_cron=1757172273.9083690643310546875000 HTTP/1.0" 200 416 "-" "WordPress/6.8.1; https://vattusacky.vn"
217.113.194.78 - - [06/Sep/2025:22:24:32 +0700] "GET /the-role-of-omegle-in-combating-social-isolation-and-loneliness-among-seniors/feed/ HTTP/1.0" 200 1828 "-" "Mozilla/5.0 (compatible; Barkrowler/0.9; +https://babbar.tech/crawler)"
217.113.194.218 - - [06/Sep/2025:22:24:51 +0700] "GET /the-role-of-curiosity-in-serendipitous-moments-on-omegle-and-ometv/feed/ HTTP/1.0" 200 1795 "-" "Mozilla/5.0 (compatible; Barkrowler/0.9; +https://babbar.tech/crawler)"
45.117.177.72 - - [06/Sep/2025:22:25:13 +0700] "POST /wp-cron.php?doing_wp_cron=1757172313.5766849517822265625000 HTTP/1.0" 200 416 "-" "WordPress/6.8.1; https://vattusacky.vn"
217.113.194.78 - - [06/Sep/2025:22:25:12 +0700] "GET /the-role-of-push-notifications-in-user-retention-on-omegle-and-ometv/feed/ HTTP/1.0" 200 1801 "-" "Mozilla/5.0 (compatible; Barkrowler/0.9; +https://babbar.tech/crawler)"
45.117.177.72 - - [06/Sep/2025:22:25:34 +0700] "POST /wp-cron.php?doing_wp_cron=1757172333.9106969833374023437500 HTTP/1.0" 200 416 "-" "WordPress/6.8.1; https://vattusacky.vn"
217.113.194.218 - - [06/Sep/2025:22:25:32 +0700] "GET /the-role-of-intuition-in-cross-language-understanding-on-omegle-and-ometv/feed/ HTTP/1.0" 200 1816 "-" "Mozilla/5.0 (compatible; Barkrowler/0.9; +https://babbar.tech/crawler)"
217.113.194.76 - - [06/Sep/2025:22:25:52 +0700] "GET /the-role-of-anonymity-in-serendipitous-moments-on-omegle-and-ometv/feed/ HTTP/1.0" 200 1795 "-" "Mozilla/5.0 (compatible; Barkrowler/0.9; +https://babbar.tech/crawler)"
217.113.194.79 - - [06/Sep/2025:22:26:11 +0700] "GET /the-role-of-anonymity-in-fostering-creativity-on-omegle-breaking-down-the-mask/feed/ HTTP/1.0" 200 1831 "-" "Mozilla/5.0 (compatible; Barkrowler/0.9; +https://babbar.tech/crawler)"
45.117.177.72 - - [06/Sep/2025:22:26:32 +0700] "POST /wp-cron.php?doing_wp_cron=1757172391.8947610855102539062500 HTTP/1.0" 200 416 "-" "WordPress/6.8.1; https://vattusacky.vn"
217.113.194.217 - - [06/Sep/2025:22:26:30 +0700] "GET /the-role-of-trust-in-embracing-serendipity-on-omegle-and-ometv/feed/ HTTP/1.0" 200 1783 "-" "Mozilla/5.0 (compatible; Barkrowler/0.9; +https://babbar.tech/crawler)"
45.117.177.72 - - [06/Sep/2025:22:26:51 +0700] "POST /wp-cron.php?doing_wp_cron=1757172411.0762410163879394531250 HTTP/1.0" 200 416 "-" "WordPress/6.8.1; https://vattusacky.vn"
217.113.194.76 - - [06/Sep/2025:22:26:49 +0700] "GET /omegle-vs-ometv-the-role-of-artificial-intelligence-in-chat-moderation/feed/ HTTP/1.0" 200 1807 "-" "Mozilla/5.0 (compatible; Barkrowler/0.9; +https://babbar.tech/crawler)"
217.113.194.81 - - [06/Sep/2025:22:27:08 +0700] "GET /omegle-vs-ometv-exploring-the-security-measures-in-face-to-face-video-chats/feed/ HTTP/1.0" 200 1822 "-" "Mozilla/5.0 (compatible; Barkrowler/0.9; +https://babbar.tech/crawler)"
45.117.177.72 - - [06/Sep/2025:22:27:29 +0700] "POST /wp-cron.php?doing_wp_cron=1757172449.6743729114532470703125 HTTP/1.0" 200 416 "-" "WordPress/6.8.1; https://vattusacky.vn"
217.113.194.74 - - [06/Sep/2025:22:27:28 +0700] "GET /omegles-role-in-connecting-people-around-the-world-stories-of-serendipitous-encounters/feed/ HTTP/1.0" 200 1855 "-" "Mozilla/5.0 (compatible; Barkrowler/0.9; +https://babbar.tech/crawler)"
85.208.96.193 - - [06/Sep/2025:22:27:37 +0700] "GET /robots.txt HTTP/1.0" 200 984 "-" "Mozilla/5.0 (compatible; SemrushBot/7~bl; +http://www.semrush.com/bot.html)"
85.208.96.202 - - [06/Sep/2025:22:27:40 +0700] "GET /unmasking-the-ethical-dilemmas-of-anonymity-on-omegle-a-psychological-perspective/ HTTP/1.0" 200 92738 "-" "Mozilla/5.0 (compatible; SemrushBot/7~bl; +http://www.semrush.com/bot.html)"
217.113.194.217 - - [06/Sep/2025:22:27:47 +0700] "GET /omegles-effectiveness-as-a-therapeutic-tool-an-alternative-to-in-person-counseling/feed/ HTTP/1.0" 200 1843 "-" "Mozilla/5.0 (compatible; Barkrowler/0.9; +https://babbar.tech/crawler)"
216.244.66.237 - - [06/Sep/2025:22:27:59 +0700] "GET /robots.txt HTTP/1.0" 200 984 "-" "Mozilla/5.0 (compatible; DotBot/1.2; +https://opensiteexplorer.org/dotbot; help@moz.com)"
217.113.194.79 - - [06/Sep/2025:22:28:06 +0700] "GET /omegle-and-emotional-support-finding-solace-and-understanding-in-anonymous-interactions/feed/ HTTP/1.0" 200 1858 "-" "Mozilla/5.0 (compatible; Barkrowler/0.9; +https://babbar.tech/crawler)"
45.117.177.72 - - [06/Sep/2025:22:28:27 +0700] "POST /wp-cron.php?doing_wp_cron=1757172507.6600029468536376953125 HTTP/1.0" 200 416 "-" "WordPress/6.8.1; https://vattusacky.vn"
217.113.194.78 - - [06/Sep/2025:22:28:26 +0700] "GET /omegle-and-mental-health-support-finding-comfort-and-empathy-in-anonymous-chats/feed/ HTTP/1.0" 200 1834 "-" "Mozilla/5.0 (compatible; Barkrowler/0.9; +https://babbar.tech/crawler)"
217.113.194.81 - - [06/Sep/2025:22:28:46 +0700] "GET /omegle-and-the-search-for-authenticity-how-users-navigate-trust-and-deception/feed/ HTTP/1.0" 200 1828 "-" "Mozilla/5.0 (compatible; Barkrowler/0.9; +https://babbar.tech/crawler)"
217.113.194.74 - - [06/Sep/2025:22:29:05 +0700] "GET /omegles-contribution-to-linguistic-research-studying-language-variation-in-online-interactions/feed/ HTTP/1.0" 200 1879 "-" "Mozilla/5.0 (compatible; Barkrowler/0.9; +https://babbar.tech/crawler)"
45.117.177.72 - - [06/Sep/2025:22:29:26 +0700] "POST /wp-cron.php?doing_wp_cron=1757172566.2052359580993652343750 HTTP/1.0" 200 416 "-" "WordPress/6.8.1; https://vattusacky.vn"
217.113.194.79 - - [06/Sep/2025:22:29:25 +0700] "GET /omegle-random-chat-vs-chat-with-interests-pros-and-cons-of-each-feature/feed/ HTTP/1.0" 200 1810 "-" "Mozilla/5.0 (compatible; Barkrowler/0.9; +https://babbar.tech/crawler)"
217.113.194.218 - - [06/Sep/2025:22:29:45 +0700] "GET /omegles-impact-on-social-skills-nurturing-communication-abilities-through-anonymous-chats/ HTTP/1.0" 200 87516 "-" "Mozilla/5.0 (compatible; Barkrowler/0.9; +https://babbar.tech/crawler)"
52.167.144.230 - - [06/Sep/2025:22:29:54 +0700] "GET /the-influence-of-body-language-video-chat-on-omegle-vs-text-chat-on-ometv/feed/ HTTP/1.0" 200 1816 "-" "Mozilla/5.0 AppleWebKit/537.36 (KHTML, like Gecko; compatible; bingbot/2.0; +http://www.bing.com/bingbot.htm) Chrome/116.0.1938.76 Safari/537.36"
217.113.194.76 - - [06/Sep/2025:22:30:10 +0700] "GET /happymatches-a-fresh-dating-internet-site-is-actually-rebooting-internet-dating/feed/ HTTP/1.0" 200 1835 "-" "Mozilla/5.0 (compatible; Barkrowler/0.9; +https://babbar.tech/crawler)"
45.117.177.72 - - [06/Sep/2025:22:30:31 +0700] "POST /wp-cron.php?doing_wp_cron=1757172630.9232969284057617187500 HTTP/1.0" 200 416 "-" "WordPress/6.8.1; https://vattusacky.vn"
217.113.194.218 - - [06/Sep/2025:22:30:29 +0700] "GET /foster-authenticity-and-trust-in-omegle-chronicles-the-key-to-meaningful-connections/ HTTP/1.0" 200 90414 "-" "Mozilla/5.0 (compatible; Barkrowler/0.9; +https://babbar.tech/crawler)"
217.113.194.77 - - [06/Sep/2025:22:30:55 +0700] "GET /dragon-link-jackpot-hits-again-florida-player-wins-1-3m-at-seminole-hollywood/feed/ HTTP/1.0" 200 1830 "-" "Mozilla/5.0 (compatible; Barkrowler/0.9; +https://babbar.tech/crawler)"
154.54.249.200 - - [06/Sep/2025:22:31:15 +0700] "GET /ultra-hot-slot-online-za-bezowocnie-i-zagraj-w-ultra-hot-online/feed/ HTTP/1.0" 200 1786 "-" "Mozilla/5.0 (compatible; Barkrowler/0.9; +https://babbar.tech/crawler)"
45.117.177.72 - - [06/Sep/2025:22:31:36 +0700] "POST /wp-cron.php?doing_wp_cron=1757172695.9347519874572753906250 HTTP/1.0" 200 416 "-" "WordPress/6.8.1; https://vattusacky.vn"
217.113.194.75 - - [06/Sep/2025:22:31:34 +0700] "GET /making-a-genuine-connection-on-omegle-tips-for-authenticity-in-first-impressions/feed/ HTTP/1.0" 200 1837 "-" "Mozilla/5.0 (compatible; Barkrowler/0.9; +https://babbar.tech/crawler)"
217.113.194.80 - - [06/Sep/2025:22:31:54 +0700] "GET /overcoming-conversation-fatigue-on-omegle-strategies-for-maintaining-engagement-and-interest/feed/ HTTP/1.0" 200 1873 "-" "Mozilla/5.0 (compatible; Barkrowler/0.9; +https://babbar.tech/crawler)"
217.113.194.72 - - [06/Sep/2025:22:32:14 +0700] "GET /overcoming-communication-challenges-on-omegle-strategies-for-clear-and-effective-conversations/feed/ HTTP/1.0" 200 1879 "-" "Mozilla/5.0 (compatible; Barkrowler/0.9; +https://babbar.tech/crawler)"
45.117.177.72 - - [06/Sep/2025:22:32:34 +0700] "POST /wp-cron.php?doing_wp_cron=1757172754.2307279109954833984375 HTTP/1.0" 200 416 "-" "WordPress/6.8.1; https://vattusacky.vn"
217.113.194.79 - - [06/Sep/2025:22:32:33 +0700] "GET /parental-control-video-vs-text-communication-on-omegle-and-ometv/feed/ HTTP/1.0" 200 1789 "-" "Mozilla/5.0 (compatible; Barkrowler/0.9; +https://babbar.tech/crawler)"
217.113.194.77 - - [06/Sep/2025:22:32:51 +0700] "GET /danh-muc/co-ba%CC%89n-thi-nghie%CC%A3m/lo-nung/feed/ HTTP/1.0" 200 16781 "-" "Mozilla/5.0 (compatible; Barkrowler/0.9; +https://babbar.tech/crawler)"
154.54.249.200 - - [06/Sep/2025:22:33:13 +0700] "GET /danh-muc/quan-trac-moi-truong-lao-dong/yeu-to-vat-ly/feed/ HTTP/1.0" 200 453884 "-" "Mozilla/5.0 (compatible; Barkrowler/0.9; +https://babbar.tech/crawler)"
45.117.177.72 - - [06/Sep/2025:22:33:25 +0700] "POST /wp-cron.php?doing_wp_cron=1757172805.0594460964202880859375 HTTP/1.0" 200 416 "-" "WordPress/6.8.1; https://vattusacky.vn"
51.161.65.40 - - [06/Sep/2025:22:33:23 +0700] "GET /sitemap_index.xml HTTP/1.0" 200 2426 "-" "Mozilla/5.0 (compatible; AhrefsBot/7.0; +http://ahrefs.com/robot/)"
51.161.65.172 - - [06/Sep/2025:22:33:30 +0700] "GET /post-sitemap.xml HTTP/1.0" 500 3278 "-" "Mozilla/5.0 (compatible; AhrefsBot/7.0; +http://ahrefs.com/robot/)"
142.44.220.107 - - [06/Sep/2025:22:33:38 +0700] "GET /post-sitemap2.xml HTTP/1.0" 200 158032 "-" "Mozilla/5.0 (compatible; AhrefsBot/7.0; +http://ahrefs.com/robot/)"
54.39.6.176 - - [06/Sep/2025:22:33:46 +0700] "GET /post-sitemap3.xml HTTP/1.0" 200 155802 "-" "Mozilla/5.0 (compatible; AhrefsBot/7.0; +http://ahrefs.com/robot/)"
51.222.168.46 - - [06/Sep/2025:22:33:51 +0700] "GET /post-sitemap4.xml HTTP/1.0" 200 157863 "-" "Mozilla/5.0 (compatible; AhrefsBot/7.0; +http://ahrefs.com/robot/)"
142.44.220.174 - - [06/Sep/2025:22:33:55 +0700] "GET /post-sitemap5.xml HTTP/1.0" 200 159938 "-" "Mozilla/5.0 (compatible; AhrefsBot/7.0; +http://ahrefs.com/robot/)"
217.113.194.75 - - [06/Sep/2025:22:33:58 +0700] "GET /danh-muc/moi-truong-nuoc/phan-tich-asen-hien-truong/feed/ HTTP/1.0" 200 9815 "-" "Mozilla/5.0 (compatible; Barkrowler/0.9; +https://babbar.tech/crawler)"
51.222.95.49 - - [06/Sep/2025:22:34:00 +0700] "GET /post-sitemap6.xml HTTP/1.0" 200 42210 "-" "Mozilla/5.0 (compatible; AhrefsBot/7.0; +http://ahrefs.com/robot/)"
54.39.136.16 - - [06/Sep/2025:22:34:03 +0700] "GET /page-sitemap.xml HTTP/1.0" 200 1873 "-" "Mozilla/5.0 (compatible; AhrefsBot/7.0; +http://ahrefs.com/robot/)"
54.39.89.10 - - [06/Sep/2025:22:34:06 +0700] "GET /attachment-sitemap.xml HTTP/1.0" 200 72345 "-" "Mozilla/5.0 (compatible; AhrefsBot/7.0; +http://ahrefs.com/robot/)"
45.117.177.72 - - [06/Sep/2025:22:34:18 +0700] "POST /wp-cron.php?doing_wp_cron=1757172858.8675498962402343750000 HTTP/1.0" 200 416 "-" "WordPress/6.8.1; https://vattusacky.vn"
217.113.194.79 - - [06/Sep/2025:22:34:17 +0700] "GET /codere-sitio-lawful-de-apuestas-deportivas-en-linea-durante-espana/feed/ HTTP/1.0" 200 1797 "-" "Mozilla/5.0 (compatible; Barkrowler/0.9; +https://babbar.tech/crawler)"
54.39.136.147 - - [06/Sep/2025:22:34:15 +0700] "GET /product-sitemap.xml HTTP/1.0" 200 51048 "-" "Mozilla/5.0 (compatible; AhrefsBot/7.0; +http://ahrefs.com/robot/)"
167.114.139.66 - - [06/Sep/2025:22:34:20 +0700] "GET /category-sitemap.xml HTTP/1.0" 200 24564 "-" "Mozilla/5.0 (compatible; AhrefsBot/7.0; +http://ahrefs.com/robot/)"
51.161.37.205 - - [06/Sep/2025:22:34:23 +0700] "GET /post_tag-sitemap.xml HTTP/1.0" 200 12903 "-" "Mozilla/5.0 (compatible; AhrefsBot/7.0; +http://ahrefs.com/robot/)"
148.113.128.150 - - [06/Sep/2025:22:34:27 +0700] "GET /product_cat-sitemap.xml HTTP/1.0" 200 8595 "-" "Mozilla/5.0 (compatible; AhrefsBot/7.0; +http://ahrefs.com/robot/)"
51.161.65.197 - - [06/Sep/2025:22:34:30 +0700] "GET /product_tag-sitemap.xml HTTP/1.0" 200 28520 "-" "Mozilla/5.0 (compatible; AhrefsBot/7.0; +http://ahrefs.com/robot/)"
217.113.194.81 - - [06/Sep/2025:22:34:36 +0700] "GET /the-ethics-of-serendipity-balancing-privacy-and-connection-on-omegle-and-ometv/ HTTP/1.0" 200 91664 "-" "Mozilla/5.0 (compatible; Barkrowler/0.9; +https://babbar.tech/crawler)"
217.113.194.75 - - [06/Sep/2025:22:34:59 +0700] "GET /the-ethics-of-online-anonymity-debating-the-pros-and-cons-of-omegle-and-ometv/ HTTP/1.0" 200 90548 "-" "Mozilla/5.0 (compatible; Barkrowler/0.9; +https://babbar.tech/crawler)"
45.117.177.72 - - [06/Sep/2025:22:37:20 +0700] "POST /wp-cron.php?doing_wp_cron=1757173040.4586050510406494140625 HTTP/1.0" 200 416 "-" "WordPress/6.8.1; https://vattusacky.vn"
107.189.3.224 - - [06/Sep/2025:22:37:17 +0700] "GET /wp-login.php HTTP/1.0" 200 11447 "-" "Mozilla/5.0 (iPhone; CPU iPhone OS 7_0_4 like Mac OS X) AppleWebKit/537.51.1 (KHTML, like Gecko) Version/7.0 Mobile/11B554a Safari/9537.53"
45.117.177.72 - - [06/Sep/2025:22:38:25 +0700] "POST /wp-cron.php?doing_wp_cron=1757173105.3958840370178222656250 HTTP/1.0" 200 416 "-" "WordPress/6.8.1; https://vattusacky.vn"
85.208.96.194 - - [06/Sep/2025:22:38:24 +0700] "GET /suggestions-for-the-younger-women-seeking-older-men/ HTTP/1.0" 200 74830 "-" "Mozilla/5.0 (compatible; SemrushBot/7~bl; +http://www.semrush.com/bot.html)"
45.117.177.72 - - [06/Sep/2025:22:40:20 +0700] "POST /wp-cron.php?doing_wp_cron=1757173220.0677950382232666015625 HTTP/1.0" 200 416 "-" "WordPress/6.8.1; https://vattusacky.vn"
52.167.144.216 - - [06/Sep/2025:22:40:16 +0700] "GET /tag/suc-khoe-nghe-nghiep/ HTTP/1.0" 200 59559 "-" "Mozilla/5.0 (Windows NT 10.0; Win64; x64) AppleWebKit/537.36 (KHTML, like Gecko) Chrome/112.0.0.0 Safari/537.36 Edg/112.0.1722.68"
216.244.66.237 - - [06/Sep/2025:22:40:21 +0700] "GET /omegle-and-the-benefits-of-stepping-out-of-your-comfort-zone/ HTTP/1.0" 200 85218 "-" "Mozilla/5.0 (compatible; DotBot/1.2; +https://opensiteexplorer.org/dotbot; help@moz.com)"
45.117.177.72 - - [06/Sep/2025:22:42:41 +0700] "POST /wp-cron.php?doing_wp_cron=1757173361.1970770359039306640625 HTTP/1.0" 200 416 "-" "WordPress/6.8.1; https://vattusacky.vn"
34.225.243.131 - - [06/Sep/2025:22:42:40 +0700] "GET /wedge-pattern-forex/ HTTP/1.0" 200 280946 "-" "Mozilla/5.0 AppleWebKit/537.36 (KHTML, like Gecko; compatible; Amazonbot/0.1; +https://developer.amazon.com/support/amazonbot) Chrome/119.0.6045.214 Safari/537.36"
44.215.210.112 - - [06/Sep/2025:22:42:45 +0700] "GET /i-want-on-another-date-together-is-actually-kissing-the-typical-training/ HTTP/1.0" 200 205313 "-" "Mozilla/5.0 AppleWebKit/537.36 (KHTML, like Gecko; compatible; Amazonbot/0.1; +https://developer.amazon.com/support/amazonbot) Chrome/119.0.6045.214 Safari/537.36"
54.84.147.79 - - [06/Sep/2025:22:42:49 +0700] "GET /cach-xac-dinh-vi-tri-pha-vo-nhanh-chong-https-vaytienuytin24h-com-vay-tien-online-neu-nen-kinh-te-cua-ban-khong-qua-phat-trien/ HTTP/1.0" 200 212991 "-" "Mozilla/5.0 AppleWebKit/537.36 (KHTML, like Gecko; compatible; Amazonbot/0.1; +https://developer.amazon.com/support/amazonbot) Chrome/119.0.6045.214 Safari/537.36"
54.85.126.86 - - [06/Sep/2025:22:42:53 +0700] "GET /where-to-find-a-good-western-european-woman/ HTTP/1.0" 200 208039 "-" "Mozilla/5.0 AppleWebKit/537.36 (KHTML, like Gecko; compatible; Amazonbot/0.1; +https://developer.amazon.com/support/amazonbot) Chrome/119.0.6045.214 Safari/537.36"
3.215.59.93 - - [06/Sep/2025:22:42:56 +0700] "GET /category/uncategorized/page/172/ HTTP/1.0" 200 76866 "-" "Mozilla/5.0 AppleWebKit/537.36 (KHTML, like Gecko; compatible; Amazonbot/0.1; +https://developer.amazon.com/support/amazonbot) Chrome/119.0.6045.214 Safari/537.36"
45.117.177.72 - - [06/Sep/2025:22:43:02 +0700] "POST /wp-cron.php?doing_wp_cron=1757173382.3841969966888427734375 HTTP/1.0" 200 416 "-" "WordPress/6.8.1; https://vattusacky.vn"
3.220.148.166 - - [06/Sep/2025:22:43:01 +0700] "GET /category/uncategorized/page/135/ HTTP/1.0" 200 76645 "-" "Mozilla/5.0 AppleWebKit/537.36 (KHTML, like Gecko; compatible; Amazonbot/0.1; +https://developer.amazon.com/support/amazonbot) Chrome/119.0.6045.214 Safari/537.36"
45.117.177.72 - - [06/Sep/2025:22:45:09 +0700] "POST /wp-cron.php?doing_wp_cron=1757173508.8603219985961914062500 HTTP/1.0" 200 416 "-" "WordPress/6.8.1; https://vattusacky.vn"
157.55.39.201 - - [06/Sep/2025:22:45:07 +0700] "GET /danh-muc/quan-trac-moi-truong-lao-dong/vi-khi-hau/buc-xa-nhiet/ HTTP/1.0" 200 60779 "-" "Mozilla/5.0 AppleWebKit/537.36 (KHTML, like Gecko; compatible; bingbot/2.0; +http://www.bing.com/bingbot.htm) Chrome/116.0.1938.76 Safari/537.36"
135.225.82.247 - - [06/Sep/2025:22:46:10 +0700] "GET /wp.php HTTP/1.0" 403 567 "-" "-"
135.225.82.247 - - [06/Sep/2025:22:46:11 +0700] "GET /file.php HTTP/1.0" 403 569 "-" "-"
135.225.82.247 - - [06/Sep/2025:22:46:11 +0700] "GET /file2.php HTTP/1.0" 403 570 "-" "-"
135.225.82.247 - - [06/Sep/2025:22:46:12 +0700] "GET /flower.php HTTP/1.0" 403 571 "-" "-"
135.225.82.247 - - [06/Sep/2025:22:46:12 +0700] "GET /aa.php HTTP/1.0" 403 567 "-" "-"
135.225.82.247 - - [06/Sep/2025:22:46:13 +0700] "GET /about.php HTTP/1.0" 403 570 "-" "-"
45.117.177.72 - - [06/Sep/2025:22:46:15 +0700] "POST /wp-cron.php?doing_wp_cron=1757173575.6615250110626220703125 HTTP/1.0" 200 416 "-" "WordPress/6.8.1; https://vattusacky.vn"
45.61.187.80 - - [06/Sep/2025:22:46:13 +0700] "GET /wp-login.php HTTP/1.0" 200 11388 "-" "Mozilla/5.0 (Windows NT 6.1; WOW64; rv:30.0) Gecko/20100101 Firefox/30.0"
135.225.82.247 - - [06/Sep/2025:22:46:13 +0700] "GET /admin.php HTTP/1.0" 404 70812 "-" "-"
135.225.82.247 - - [06/Sep/2025:22:46:16 +0700] "GET /akc.php HTTP/1.0" 403 568 "-" "-"
135.225.82.247 - - [06/Sep/2025:22:46:17 +0700] "GET /alfa.php HTTP/1.0" 403 569 "-" "-"
135.225.82.247 - - [06/Sep/2025:22:46:17 +0700] "GET /asasx.php HTTP/1.0" 403 570 "-" "-"
135.225.82.247 - - [06/Sep/2025:22:46:18 +0700] "GET /atomlib.php HTTP/1.0" 403 572 "-" "-"
135.225.82.247 - - [06/Sep/2025:22:46:18 +0700] "GET /buy.php HTTP/1.0" 403 568 "-" "-"
135.225.82.247 - - [06/Sep/2025:22:46:18 +0700] "GET /chosen.php HTTP/1.0" 403 571 "-" "-"
135.225.82.247 - - [06/Sep/2025:22:46:19 +0700] "GET /ioxi-o.php HTTP/1.0" 403 571 "-" "-"
135.225.82.247 - - [06/Sep/2025:22:46:19 +0700] "GET /wsa.php HTTP/1.0" 403 568 "-" "-"
135.225.82.247 - - [06/Sep/2025:22:46:20 +0700] "GET /users.php HTTP/1.0" 404 70666 "-" "-"
135.225.82.247 - - [06/Sep/2025:22:46:22 +0700] "GET /w.php HTTP/1.0" 403 566 "-" "-"
135.225.82.247 - - [06/Sep/2025:22:46:22 +0700] "GET /cong.php HTTP/1.0" 403 569 "-" "-"
135.225.82.247 - - [06/Sep/2025:22:46:23 +0700] "GET /edit.php HTTP/1.0" 404 70666 "-" "-"
135.225.82.247 - - [06/Sep/2025:22:46:25 +0700] "GET /goat.php HTTP/1.0" 403 569 "-" "-"
135.225.82.247 - - [06/Sep/2025:22:46:25 +0700] "GET /goods.php HTTP/1.0" 403 570 "-" "-"
135.225.82.247 - - [06/Sep/2025:22:46:26 +0700] "GET /wp-admin/ HTTP/1.0" 302 573 "-" "-"
135.225.82.247 - - [06/Sep/2025:22:46:27 +0700] "GET /wp-login.php?redirect_to=https%3A%2F%2Fvattusacky.vn%2Fwp-admin%2F&reauth=1 HTTP/1.0" 200 13395 "-" "-"
45.117.177.72 - - [06/Sep/2025:22:46:30 +0700] "POST /wp-cron.php?doing_wp_cron=1757173590.4217751026153564453125 HTTP/1.0" 200 416 "-" "WordPress/6.8.1; https://vattusacky.vn"
135.225.82.247 - - [06/Sep/2025:22:46:29 +0700] "GET /wp-admin/css/colors/blue/index.php HTTP/1.0" 301 535 "-" "-"
135.225.82.247 - - [06/Sep/2025:22:46:30 +0700] "GET /wp-admin/css/colors/blue/ HTTP/1.0" 403 586 "-" "-"
135.225.82.247 - - [06/Sep/2025:22:46:31 +0700] "GET /wp-admin/images/moon.php HTTP/1.0" 403 585 "-" "-"
135.225.82.247 - - [06/Sep/2025:22:46:31 +0700] "GET /wp-admin/js/index.php HTTP/1.0" 301 522 "-" "-"
135.225.82.247 - - [06/Sep/2025:22:46:33 +0700] "GET /wp-admin/js/ HTTP/1.0" 403 573 "-" "-"
135.225.82.247 - - [06/Sep/2025:22:46:33 +0700] "GET /classwithtostring.php HTTP/1.0" 403 582 "-" "-"
135.225.82.247 - - [06/Sep/2025:22:46:34 +0700] "GET /lock360.php HTTP/1.0" 403 572 "-" "-"
135.225.82.247 - - [06/Sep/2025:22:46:34 +0700] "GET /makeasmtp.php HTTP/1.0" 403 574 "-" "-"
135.225.82.247 - - [06/Sep/2025:22:46:34 +0700] "GET /mm.php HTTP/1.0" 403 567 "-" "-"
135.225.82.247 - - [06/Sep/2025:22:46:35 +0700] "GET /nc4.php HTTP/1.0" 403 568 "-" "-"
135.225.82.247 - - [06/Sep/2025:22:46:35 +0700] "GET /tinyfilemanager.php HTTP/1.0" 403 580 "-" "-"
135.225.82.247 - - [06/Sep/2025:22:46:36 +0700] "GET /wp-admin/setup-config.php HTTP/1.0" 409 3135 "-" "-"
135.225.82.247 - - [06/Sep/2025:22:46:36 +0700] "GET /wp-api.php HTTP/1.0" 403 571 "-" "-"
135.225.82.247 - - [06/Sep/2025:22:46:37 +0700] "GET /wp-content/index.php HTTP/1.0" 200 323 "-" "-"
135.225.82.247 - - [06/Sep/2025:22:46:37 +0700] "GET /wp-content/wp-conflg.php HTTP/1.0" 403 585 "-" "-"
135.225.82.247 - - [06/Sep/2025:22:46:38 +0700] "GET /wp-includes/IXR/autoload_classmap.php HTTP/1.0" 403 598 "-" "-"
135.225.82.247 - - [06/Sep/2025:22:46:38 +0700] "GET /wp-includes/fonts/admin.php HTTP/1.0" 404 70666 "-" "-"
135.225.82.247 - - [06/Sep/2025:22:46:40 +0700] "GET /wp-includes/fonts/index.php HTTP/1.0" 301 528 "-" "-"
135.225.82.247 - - [06/Sep/2025:22:46:42 +0700] "GET /wp-includes/fonts/ HTTP/1.0" 403 579 "-" "-"
135.225.82.247 - - [06/Sep/2025:22:46:42 +0700] "GET /wp-setup.php HTTP/1.0" 403 573 "-" "-"
135.225.82.247 - - [06/Sep/2025:22:46:43 +0700] "GET /.alf.php HTTP/1.0" 403 569 "-" "-"
135.225.82.247 - - [06/Sep/2025:22:46:43 +0700] "GET /.bod/.ll/ss.php HTTP/1.0" 404 70666 "-" "-"
135.225.82.247 - - [06/Sep/2025:22:46:45 +0700] "GET /autoload_classmap.php HTTP/1.0" 403 582 "-" "-"
135.225.82.247 - - [06/Sep/2025:22:46:46 +0700] "GET /autoload_classmap/function.php HTTP/1.0" 404 70666 "-" "-"
45.117.177.72 - - [06/Sep/2025:22:48:08 +0700] "POST /wp-cron.php?doing_wp_cron=1757173688.6482961177825927734375 HTTP/1.0" 200 416 "-" "WordPress/6.8.1; https://vattusacky.vn"
5.255.231.61 - - [06/Sep/2025:22:48:07 +0700] "GET /robots.txt HTTP/1.0" 200 984 "-" "Mozilla/5.0 (compatible; YandexBot/3.0; +http://yandex.com/bots)"
45.117.177.72 - - [06/Sep/2025:22:50:27 +0700] "POST /wp-cron.php?doing_wp_cron=1757173827.7537779808044433593750 HTTP/1.0" 200 416 "-" "WordPress/6.8.1; https://vattusacky.vn"
52.167.144.216 - - [06/Sep/2025:22:50:26 +0700] "GET /san-pham/bo-giu-ong-impinger-bang-thep-khong-gi-gan-vao-bo-tripod/feed/ HTTP/1.0" 200 1756 "-" "Mozilla/5.0 AppleWebKit/537.36 (KHTML, like Gecko; compatible; bingbot/2.0; +http://www.bing.com/bingbot.htm) Chrome/116.0.1938.76 Safari/537.36"
45.117.177.72 - - [06/Sep/2025:22:54:08 +0700] "POST /wp-cron.php?doing_wp_cron=1757174048.7139399051666259765625 HTTP/1.0" 200 416 "-" "WordPress/6.8.1; https://vattusacky.vn"
194.233.90.149 - - [06/Sep/2025:22:54:06 +0700] "POST /xmlrpc.php HTTP/1.0" 200 933 "https://vattusacky.vn" "Mozilla/5.0 (Macintosh; Intel Mac OS X 14.5) AppleWebKit/618.3.5 (KHTML, like Gecko) Version/17.4 Safari/618.3.5"
45.117.177.72 - - [06/Sep/2025:22:55:42 +0700] "POST /wp-cron.php?doing_wp_cron=1757174142.0956089496612548828125 HTTP/1.0" 200 416 "-" "WordPress/6.8.1; https://vattusacky.vn"
95.108.213.157 - - [06/Sep/2025:22:55:40 +0700] "GET /cara-memilih-link-slot-1000-terpercaya-di-indonesia/ HTTP/1.0" 200 67539 "-" "Mozilla/5.0 (compatible; YandexBot/3.0; +http://yandex.com/bots)"
45.117.177.72 - - [06/Sep/2025:22:56:51 +0700] "POST /wp-cron.php?doing_wp_cron=1757174211.0395040512084960937500 HTTP/1.0" 200 416 "-" "WordPress/6.8.1; https://vattusacky.vn"
14.128.14.15 - - [06/Sep/2025:22:56:49 +0700] "POST /xmlrpc.php HTTP/1.0" 200 933 "https://vattusacky.vn" "Mozilla/5.0 (Macintosh; Intel Mac OS X 10_15_7) AppleWebKit/537.36 (KHTML, like Gecko) Chrome/126.0.0.0 Safari/537.36"
45.117.177.72 - - [06/Sep/2025:23:00:34 +0700] "POST /wp-cron.php?doing_wp_cron=1757174434.4081408977508544921875 HTTP/1.0" 200 416 "-" "WordPress/6.8.1; https://vattusacky.vn"
185.199.236.107 - - [06/Sep/2025:23:00:32 +0700] "POST /xmlrpc.php HTTP/1.0" 200 956 "https://vattusacky.vn" "Mozilla/5.0 (Macintosh; Intel Mac OS X 10_15_7) AppleWebKit/537.36 (KHTML, like Gecko) Chrome/126.0.0.0 Safari/537.36"
45.117.177.72 - - [06/Sep/2025:23:03:02 +0700] "POST /wp-cron.php?doing_wp_cron=1757174581.7934930324554443359375 HTTP/1.0" 200 416 "-" "WordPress/6.8.1; https://vattusacky.vn"
3.213.213.161 - - [06/Sep/2025:23:03:00 +0700] "GET /5-tips-for-a-productive-long-length-relationship/ HTTP/1.0" 200 207130 "-" "Mozilla/5.0 AppleWebKit/537.36 (KHTML, like Gecko; compatible; Amazonbot/0.1; +https://developer.amazon.com/support/amazonbot) Chrome/119.0.6045.214 Safari/537.36"
52.203.237.170 - - [06/Sep/2025:23:03:04 +0700] "GET /informacoes-gerais-43/ HTTP/1.0" 200 217978 "-" "Mozilla/5.0 AppleWebKit/537.36 (KHTML, like Gecko; compatible; Amazonbot/0.1; +https://developer.amazon.com/support/amazonbot) Chrome/119.0.6045.214 Safari/537.36"
54.197.178.107 - - [06/Sep/2025:23:03:07 +0700] "GET /finding-a-sugardaddy-in-australia/ HTTP/1.0" 200 208037 "-" "Mozilla/5.0 AppleWebKit/537.36 (KHTML, like Gecko; compatible; Amazonbot/0.1; +https://developer.amazon.com/support/amazonbot) Chrome/119.0.6045.214 Safari/537.36"
23.23.104.107 - - [06/Sep/2025:23:03:11 +0700] "GET /obzor-sovetnika-foreks-wsb-wall-street-bot/ HTTP/1.0" 200 221473 "-" "Mozilla/5.0 AppleWebKit/537.36 (KHTML, like Gecko; compatible; Amazonbot/0.1; +https://developer.amazon.com/support/amazonbot) Chrome/119.0.6045.214 Safari/537.36"
45.117.177.72 - - [06/Sep/2025:23:08:05 +0700] "POST /wp-cron.php?doing_wp_cron=1757174884.9424250125885009765625 HTTP/1.0" 200 416 "-" "WordPress/6.8.1; https://vattusacky.vn"
67.205.59.102 - - [06/Sep/2025:23:08:02 +0700] "POST /xmlrpc.php HTTP/1.0" 200 956 "https://vattusacky.vn" "Mozilla/5.0 (Macintosh; Intel Mac OS X 13_3) AppleWebKit/537.36 (KHTML, like Gecko) Chrome/126.0.0.0 Safari/537.36"
45.117.177.72 - - [06/Sep/2025:23:11:57 +0700] "POST /wp-cron.php?doing_wp_cron=1757175116.9562790393829345703125 HTTP/1.0" 200 416 "-" "WordPress/6.8.1; https://vattusacky.vn"
107.170.66.27 - - [06/Sep/2025:23:11:54 +0700] "POST /xmlrpc.php HTTP/1.0" 200 956 "https://vattusacky.vn" "Mozilla/5.0 (Windows NT 10.0; Win64; x64) AppleWebKit/537.36 (KHTML, like Gecko) Chrome/115.0.5790.171 Safari/537.36 Edg/115.0.1901.203"
45.117.177.72 - - [06/Sep/2025:23:15:18 +0700] "POST /wp-cron.php?doing_wp_cron=1757175318.2580099105834960937500 HTTP/1.0" 200 416 "-" "WordPress/6.8.1; https://vattusacky.vn"
217.113.194.74 - - [06/Sep/2025:23:15:17 +0700] "GET /the-birth-of-random-chatting-how-omegle-and-ometv-came-to-be/feed/ HTTP/1.0" 200 1777 "-" "Mozilla/5.0 (compatible; Barkrowler/0.9; +https://babbar.tech/crawler)"
217.113.194.79 - - [06/Sep/2025:23:15:39 +0700] "GET /the-allure-of-anonymity-exploring-the-appeal-of-omegle-and-ometv/feed/ HTTP/1.0" 200 1789 "-" "Mozilla/5.0 (compatible; Barkrowler/0.9; +https://babbar.tech/crawler)"
45.159.230.11 - - [06/Sep/2025:23:15:39 +0700] "POST /xmlrpc.php HTTP/1.0" 200 956 "https://vattusacky.vn" "Mozilla/5.0 (Windows NT 11.0; Win64; x64; rv:126.0) Gecko/20100101 Firefox/126.0"
217.113.194.72 - - [06/Sep/2025:23:15:59 +0700] "GET /the-psychological-dynamics-of-omegles-role-reversal-experiences-switching-masks/feed/ HTTP/1.0" 200 1834 "-" "Mozilla/5.0 (compatible; Barkrowler/0.9; +https://babbar.tech/crawler)"
45.117.177.72 - - [06/Sep/2025:23:16:20 +0700] "POST /wp-cron.php?doing_wp_cron=1757175380.3379669189453125000000 HTTP/1.0" 200 416 "-" "WordPress/6.8.1; https://vattusacky.vn"
217.113.194.78 - - [06/Sep/2025:23:16:19 +0700] "GET /the-psychology-of-human-connection-on-omegle-understanding-the-dynamics-of-online-interactions/feed/ HTTP/1.0" 200 1879 "-" "Mozilla/5.0 (compatible; Barkrowler/0.9; +https://babbar.tech/crawler)"
217.113.194.217 - - [06/Sep/2025:23:16:41 +0700] "GET /the-science-behind-pairing-users-on-omegle-and-ometv-an-algorithmic-analysis/feed/ HTTP/1.0" 200 1825 "-" "Mozilla/5.0 (compatible; Barkrowler/0.9; +https://babbar.tech/crawler)"
217.113.194.75 - - [06/Sep/2025:23:17:00 +0700] "GET /the-evolution-of-anonymity-and-authenticity-on-omegle-from-text-to-video-chats/feed/ HTTP/1.0" 200 1831 "-" "Mozilla/5.0 (compatible; Barkrowler/0.9; +https://babbar.tech/crawler)"
45.117.177.72 - - [06/Sep/2025:23:17:23 +0700] "POST /wp-cron.php?doing_wp_cron=1757175443.1856639385223388671875 HTTP/1.0" 200 416 "-" "WordPress/6.8.1; https://vattusacky.vn"
217.113.194.76 - - [06/Sep/2025:23:17:21 +0700] "GET /the-evolution-of-random-chats-innovations-introduced-by-omegle-and-ometv/feed/ HTTP/1.0" 200 1813 "-" "Mozilla/5.0 (compatible; Barkrowler/0.9; +https://babbar.tech/crawler)"
154.54.249.200 - - [06/Sep/2025:23:17:41 +0700] "GET /building-emotional-connections-on-omegle-creating-a-safe-space-for-vulnerability/feed/ HTTP/1.0" 200 1837 "-" "Mozilla/5.0 (compatible; Barkrowler/0.9; +https://babbar.tech/crawler)"
40.77.167.0 - - [06/Sep/2025:23:17:58 +0700] "GET /top-onlayn-oyunlar-825/ HTTP/1.0" 200 87290 "-" "Mozilla/5.0 AppleWebKit/537.36 (KHTML, like Gecko; compatible; bingbot/2.0; +http://www.bing.com/bingbot.htm) Chrome/116.0.1938.76 Safari/537.36"
154.54.249.200 - - [06/Sep/2025:23:18:01 +0700] "GET /cultural-exchange-on-omegle-vs-ometv-unraveling-the-global-tapestry/ HTTP/1.0" 200 92932 "-" "Mozilla/5.0 (compatible; Barkrowler/0.9; +https://babbar.tech/crawler)"
52.167.144.146 - - [06/Sep/2025:23:18:07 +0700] "GET /wp-content/uploads/2018/08/dau-lay-mau-dat-400-38.jpg HTTP/1.0" 200 430 "-" "Mozilla/5.0 AppleWebKit/537.36 (KHTML, like Gecko; compatible; bingbot/2.0; +http://www.bing.com/bingbot.htm) Chrome/116.0.1938.76 Safari/537.36"
45.117.177.72 - - [06/Sep/2025:23:18:35 +0700] "POST /wp-cron.php?doing_wp_cron=1757175515.1822481155395507812500 HTTP/1.0" 200 416 "-" "WordPress/6.8.1; https://vattusacky.vn"
217.113.194.79 - - [06/Sep/2025:23:18:33 +0700] "GET /navigating-uncomfortable-moments-on-omegle-handling-difficult-conversations-with-grace/feed/ HTTP/1.0" 200 1855 "-" "Mozilla/5.0 (compatible; Barkrowler/0.9; +https://babbar.tech/crawler)"
154.54.249.200 - - [06/Sep/2025:23:18:53 +0700] "GET /fnatic-vs-1win-at-blast-tv-paris-major-2023-europe-29/feed/ HTTP/1.0" 200 1789 "-" "Mozilla/5.0 (compatible; Barkrowler/0.9; +https://babbar.tech/crawler)"
217.113.194.74 - - [06/Sep/2025:23:19:12 +0700] "GET /demystifying-the-algorithms-used-on-omegle-and-ometv-to-pair-users/feed/ HTTP/1.0" 200 1795 "-" "Mozilla/5.0 (compatible; Barkrowler/0.9; +https://babbar.tech/crawler)"
45.117.177.72 - - [06/Sep/2025:23:19:28 +0700] "POST /wp-cron.php?doing_wp_cron=1757175568.2805318832397460937500 HTTP/1.0" 200 416 "-" "WordPress/6.8.1; https://vattusacky.vn"
20.171.207.115 - - [06/Sep/2025:23:19:27 +0700] "GET /?p=7603 HTTP/1.0" 301 658 "-" "Mozilla/5.0 AppleWebKit/537.36 (KHTML, like Gecko; compatible; GPTBot/1.2; +https://openai.com/gptbot)"
20.171.207.115 - - [06/Sep/2025:23:19:28 +0700] "GET /omegle-controversies-from-privacy-concerns-to-inappropriate-content/ HTTP/1.0" 200 91824 "-" "Mozilla/5.0 AppleWebKit/537.36 (KHTML, like Gecko; compatible; GPTBot/1.2; +https://openai.com/gptbot)"
45.117.177.72 - - [06/Sep/2025:23:19:30 +0700] "POST /wp-cron.php?doing_wp_cron=1757175570.1317870616912841796875 HTTP/1.0" 200 416 "-" "WordPress/6.8.1; https://vattusacky.vn"
185.2.4.147 - - [06/Sep/2025:23:19:28 +0700] "POST /xmlrpc.php HTTP/1.0" 200 956 "https://vattusacky.vn" "Mozilla/5.0 (Windows NT 10.0; Win64; x64; rv:126.0) Gecko/20100101 Firefox/126.0"
217.113.194.81 - - [06/Sep/2025:23:19:32 +0700] "GET /talking-to-strangers-funny-and-fascinating-conversations-on-omegle-and-ometv/feed/ HTTP/1.0" 200 1825 "-" "Mozilla/5.0 (compatible; Barkrowler/0.9; +https://babbar.tech/crawler)"
217.113.194.72 - - [06/Sep/2025:23:19:51 +0700] "GET /factors-influencing-anonymity-and-authenticity-on-omegle-a-user-perspective/ HTTP/1.0" 200 92028 "-" "Mozilla/5.0 (compatible; Barkrowler/0.9; +https://babbar.tech/crawler)"
217.113.194.76 - - [06/Sep/2025:23:20:12 +0700] "GET /a-closer-look-at-the-founders-of-omegle-and-ometv-their-creative-journey/feed/ HTTP/1.0" 200 1813 "-" "Mozilla/5.0 (compatible; Barkrowler/0.9; +https://babbar.tech/crawler)"
45.117.177.72 - - [06/Sep/2025:23:20:35 +0700] "POST /wp-cron.php?doing_wp_cron=1757175635.0786559581756591796875 HTTP/1.0" 200 416 "-" "WordPress/6.8.1; https://vattusacky.vn"
217.113.194.76 - - [06/Sep/2025:23:20:33 +0700] "GET /the-art-of-storytelling-on-omegle-captivating-and-engaging-your-conversation-partner/feed/ HTTP/1.0" 200 1849 "-" "Mozilla/5.0 (compatible; Barkrowler/0.9; +https://babbar.tech/crawler)"
217.113.194.74 - - [06/Sep/2025:23:20:54 +0700] "GET /the-art-of-revealing-and-concealing-navigating-anonymity-and-authenticity-on-omegle/ HTTP/1.0" 200 94214 "-" "Mozilla/5.0 (compatible; Barkrowler/0.9; +https://babbar.tech/crawler)"
45.117.177.72 - - [06/Sep/2025:23:21:19 +0700] "POST /wp-cron.php?doing_wp_cron=1757175679.5438680648803710937500 HTTP/1.0" 200 416 "-" "WordPress/6.8.1; https://vattusacky.vn"
154.54.249.200 - - [06/Sep/2025:23:21:18 +0700] "GET /unveiling-the-differences-omegle-vs-ometv-face-to-face-video-chats/feed/ HTTP/1.0" 200 1795 "-" "Mozilla/5.0 (compatible; Barkrowler/0.9; +https://babbar.tech/crawler)"
217.113.194.75 - - [06/Sep/2025:23:21:37 +0700] "GET /unraveling-the-algorithms-that-power-omegle-and-ometvs-user-pairing/feed/ HTTP/1.0" 200 1798 "-" "Mozilla/5.0 (compatible; Barkrowler/0.9; +https://babbar.tech/crawler)"
217.113.194.78 - - [06/Sep/2025:23:21:56 +0700] "GET /bukmekerskaja-kontora-mostbet-prekraschaet-dejatelnost-v-rf/feed/ HTTP/1.0" 200 1827 "-" "Mozilla/5.0 (compatible; Barkrowler/0.9; +https://babbar.tech/crawler)"
217.113.194.81 - - [06/Sep/2025:23:22:15 +0700] "GET /san-pham/bo-lay-mau-nuoc-thai-kieu-kammerer-22-lit/feed/ HTTP/1.0" 200 1709 "-" "Mozilla/5.0 (compatible; Barkrowler/0.9; +https://babbar.tech/crawler)"
45.117.177.72 - - [06/Sep/2025:23:22:35 +0700] "POST /wp-cron.php?doing_wp_cron=1757175755.6664180755615234375000 HTTP/1.0" 200 416 "-" "WordPress/6.8.1; https://vattusacky.vn"
217.113.194.80 - - [06/Sep/2025:23:22:34 +0700] "GET /san-pham/bo-pha-mau-kjeldahl-06-vi-tri-velp-dk6/ HTTP/1.0" 200 256847 "-" "Mozilla/5.0 (compatible; Barkrowler/0.9; +https://babbar.tech/crawler)"
154.54.249.200 - - [06/Sep/2025:23:23:10 +0700] "GET /san-pham/bo-pha-mau-kjeldahl-08-vi-tri-velp-dk8/ HTTP/1.0" 200 256160 "-" "Mozilla/5.0 (compatible; Barkrowler/0.9; +https://babbar.tech/crawler)"
45.117.177.72 - - [06/Sep/2025:23:23:18 +0700] "POST /wp-cron.php?doing_wp_cron=1757175798.3161549568176269531250 HTTP/1.0" 200 416 "-" "WordPress/6.8.1; https://vattusacky.vn"
159.89.120.67 - - [06/Sep/2025:23:23:16 +0700] "POST /xmlrpc.php HTTP/1.0" 200 956 "https://vattusacky.vn" "Mozilla/5.0 (Macintosh; Intel Mac OS X 13_3) AppleWebKit/537.36 (KHTML, like Gecko) Chrome/126.0.0.0 Safari/537.36 Edg/126.0.0.0"
217.113.194.81 - - [06/Sep/2025:23:23:41 +0700] "GET /san-pham/bo-hieu-chuan-luu-luong-thap-va-trung-binh/ HTTP/1.0" 200 261902 "-" "Mozilla/5.0 (compatible; Barkrowler/0.9; +https://babbar.tech/crawler)"
198.235.24.40 - - [06/Sep/2025:23:23:47 +0700] "GET / HTTP/1.0" 301 598 "-" "-"
198.235.24.40 - - [06/Sep/2025:23:23:50 +0700] "GET / HTTP/1.0" 200 60070 "-" "-"
45.117.177.72 - - [06/Sep/2025:23:24:53 +0700] "POST /wp-cron.php?doing_wp_cron=1757175893.2091710567474365234375 HTTP/1.0" 200 416 "-" "WordPress/6.8.1; https://vattusacky.vn"
87.250.224.126 - - [06/Sep/2025:23:24:51 +0700] "GET /danh-muc/phan-tich-thi-nghie%CC%A3m/chuan-do-dien-thechuan-do-karl-fischer/ HTTP/1.0" 200 60610 "-" "Mozilla/5.0 (compatible; YandexBot/3.0; +http://yandex.com/bots)"
45.117.177.72 - - [06/Sep/2025:23:26:24 +0700] "POST /wp-cron.php?doing_wp_cron=1757175984.3114929199218750000000 HTTP/1.0" 200 416 "-" "WordPress/6.8.1; https://vattusacky.vn"
216.244.66.237 - - [06/Sep/2025:23:26:23 +0700] "GET /robots.txt HTTP/1.0" 200 984 "-" "Mozilla/5.0 (compatible; DotBot/1.2; +https://opensiteexplorer.org/dotbot; help@moz.com)"
45.117.177.72 - - [06/Sep/2025:23:29:59 +0700] "POST /wp-cron.php?doing_wp_cron=1757176199.3748259544372558593750 HTTP/1.0" 200 416 "-" "WordPress/6.8.1; https://vattusacky.vn"
85.208.96.195 - - [06/Sep/2025:23:29:58 +0700] "GET /robots.txt HTTP/1.0" 200 984 "-" "Mozilla/5.0 (compatible; SemrushBot/7~bl; +http://www.semrush.com/bot.html)"
185.191.171.16 - - [06/Sep/2025:23:30:01 +0700] "GET /how-to-write-a-good-research-paper/ HTTP/1.0" 200 206089 "-" "Mozilla/5.0 (compatible; SemrushBot/7~bl; +http://www.semrush.com/bot.html)"
45.117.177.72 - - [06/Sep/2025:23:30:44 +0700] "POST /wp-cron.php?doing_wp_cron=1757176243.7297019958496093750000 HTTP/1.0" 200 416 "-" "WordPress/6.8.1; https://vattusacky.vn"
91.151.95.70 - - [06/Sep/2025:23:30:41 +0700] "POST /xmlrpc.php HTTP/1.0" 200 956 "https://vattusacky.vn" "Mozilla/5.0 (Windows NT 10.0; Win64; x64) AppleWebKit/537.36 (KHTML, like Gecko) Chrome/126.0.0.0 Safari/537.36 Edg/126.0.0.0"
45.117.177.72 - - [06/Sep/2025:23:33:05 +0700] "POST /wp-cron.php?doing_wp_cron=1757176384.9615080356597900390625 HTTP/1.0" 200 416 "-" "WordPress/6.8.1; https://vattusacky.vn"
185.191.171.13 - - [06/Sep/2025:23:33:03 +0700] "GET /vivi-l-esperienza-mozzafiato-del-slot-show-3/ HTTP/1.0" 200 84331 "-" "Mozilla/5.0 (compatible; SemrushBot/7~bl; +http://www.semrush.com/bot.html)"
45.117.177.72 - - [06/Sep/2025:23:33:46 +0700] "POST /wp-cron.php?doing_wp_cron=1757176426.7105228900909423828125 HTTP/1.0" 200 416 "-" "WordPress/6.8.1; https://vattusacky.vn"
207.46.13.17 - - [06/Sep/2025:23:33:45 +0700] "GET /omegle-for-lgbtq-community-finding-acceptance-and-support/feed/ HTTP/1.0" 200 1768 "-" "Mozilla/5.0 AppleWebKit/537.36 (KHTML, like Gecko; compatible; bingbot/2.0; +http://www.bing.com/bingbot.htm) Chrome/116.0.1938.76 Safari/537.36"
45.117.177.72 - - [06/Sep/2025:23:34:22 +0700] "POST /wp-cron.php?doing_wp_cron=1757176462.6442708969116210937500 HTTP/1.0" 200 416 "-" "WordPress/6.8.1; https://vattusacky.vn"
20.204.164.126 - - [06/Sep/2025:23:34:21 +0700] "POST /xmlrpc.php HTTP/1.0" 200 956 "https://vattusacky.vn" "Mozilla/5.0 (Macintosh; Intel Mac OS X 10_15_7; rv:128.0) Gecko/20100101 Firefox/128.0"
45.117.177.72 - - [06/Sep/2025:23:36:42 +0700] "POST /wp-cron.php?doing_wp_cron=1757176602.2339310646057128906250 HTTP/1.0" 200 416 "-" "WordPress/6.8.1; https://vattusacky.vn"
52.167.144.24 - - [06/Sep/2025:23:36:40 +0700] "GET /celebrating-the-power-of-love-in-omelove/ HTTP/1.0" 200 85879 "-" "Mozilla/5.0 AppleWebKit/537.36 (KHTML, like Gecko; compatible; bingbot/2.0; +http://www.bing.com/bingbot.htm) Chrome/116.0.1938.76 Safari/537.36"
85.208.96.198 - - [06/Sep/2025:23:36:48 +0700] "GET /category/uncategorized/page/311/ HTTP/1.0" 200 76394 "-" "Mozilla/5.0 (compatible; SemrushBot/7~bl; +http://www.semrush.com/bot.html)"
45.117.177.72 - - [06/Sep/2025:23:38:04 +0700] "POST /wp-cron.php?doing_wp_cron=1757176684.5539319515228271484375 HTTP/1.0" 200 416 "-" "WordPress/6.8.1; https://vattusacky.vn"
103.204.130.101 - - [06/Sep/2025:23:38:02 +0700] "POST /xmlrpc.php HTTP/1.0" 200 956 "https://vattusacky.vn" "Mozilla/5.0 (Windows NT 10.0; Win64; x64) AppleWebKit/537.36 (KHTML, like Gecko) Chrome/116.0.5845.96 Safari/537.36"
45.117.177.72 - - [06/Sep/2025:23:38:25 +0700] "POST /wp-cron.php?doing_wp_cron=1757176705.4503800868988037109375 HTTP/1.0" 200 416 "-" "WordPress/6.8.1; https://vattusacky.vn"
54.225.199.17 - - [06/Sep/2025:23:38:24 +0700] "GET /top-5-things-to-do-over-a-first-night-out/ HTTP/1.0" 200 207036 "-" "Mozilla/5.0 AppleWebKit/537.36 (KHTML, like Gecko; compatible; Amazonbot/0.1; +https://developer.amazon.com/support/amazonbot) Chrome/119.0.6045.214 Safari/537.36"
54.166.126.132 - - [06/Sep/2025:23:38:27 +0700] "GET /choosing-a-data-bedroom-for-peer-to-peer/ HTTP/1.0" 200 205570 "-" "Mozilla/5.0 AppleWebKit/537.36 (KHTML, like Gecko; compatible; Amazonbot/0.1; +https://developer.amazon.com/support/amazonbot) Chrome/119.0.6045.214 Safari/537.36"
34.231.156.59 - - [06/Sep/2025:23:38:32 +0700] "GET /forty-five-tips-for-a-happy-marriage/ HTTP/1.0" 200 208206 "-" "Mozilla/5.0 AppleWebKit/537.36 (KHTML, like Gecko; compatible; Amazonbot/0.1; +https://developer.amazon.com/support/amazonbot) Chrome/119.0.6045.214 Safari/537.36"
34.225.138.57 - - [06/Sep/2025:23:38:35 +0700] "GET /arranging-a-small-marriage-on-a-budget/ HTTP/1.0" 200 208382 "-" "Mozilla/5.0 AppleWebKit/537.36 (KHTML, like Gecko; compatible; Amazonbot/0.1; +https://developer.amazon.com/support/amazonbot) Chrome/119.0.6045.214 Safari/537.36"
34.195.60.66 - - [06/Sep/2025:23:38:40 +0700] "GET /the-reason-why-some-girls-triumph-at-lovea%C2%80%C2%A6and-others-you-should-not/ HTTP/1.0" 200 208507 "-" "Mozilla/5.0 AppleWebKit/537.36 (KHTML, like Gecko; compatible; Amazonbot/0.1; +https://developer.amazon.com/support/amazonbot) Chrome/119.0.6045.214 Safari/537.36"
34.225.24.180 - - [06/Sep/2025:23:38:44 +0700] "GET /take-pleasure-in-why-perform-people-get-married/ HTTP/1.0" 200 207185 "-" "Mozilla/5.0 AppleWebKit/537.36 (KHTML, like Gecko; compatible; Amazonbot/0.1; +https://developer.amazon.com/support/amazonbot) Chrome/119.0.6045.214 Safari/537.36"
18.205.127.11 - - [06/Sep/2025:23:38:48 +0700] "GET /category/uncategorized/page/210/ HTTP/1.0" 200 77108 "-" "Mozilla/5.0 AppleWebKit/537.36 (KHTML, like Gecko; compatible; Amazonbot/0.1; +https://developer.amazon.com/support/amazonbot) Chrome/119.0.6045.214 Safari/537.36"
45.117.177.72 - - [06/Sep/2025:23:41:19 +0700] "POST /wp-cron.php?doing_wp_cron=1757176879.0043570995330810546875 HTTP/1.0" 200 416 "-" "WordPress/6.8.1; https://vattusacky.vn"
185.191.171.11 - - [06/Sep/2025:23:41:17 +0700] "GET /explore-video-chat-options-omegle-like-platforms/ HTTP/1.0" 200 91259 "-" "Mozilla/5.0 (compatible; SemrushBot/7~bl; +http://www.semrush.com/bot.html)"
95.182.118.170 - - [06/Sep/2025:23:41:44 +0700] "POST /xmlrpc.php HTTP/1.0" 200 956 "https://vattusacky.vn" "Mozilla/5.0 (Macintosh; Intel Mac OS X 14.5) AppleWebKit/618.3.5 (KHTML, like Gecko) Version/17.4 Safari/618.3.5"
45.117.177.72 - - [06/Sep/2025:23:45:37 +0700] "POST /wp-cron.php?doing_wp_cron=1757177137.4926900863647460937500 HTTP/1.0" 200 416 "-" "WordPress/6.8.1; https://vattusacky.vn"
187.115.88.131 - - [06/Sep/2025:23:45:34 +0700] "POST /xmlrpc.php HTTP/1.0" 200 956 "https://vattusacky.vn" "Mozilla/5.0 (Macintosh; Intel Mac OS X 10_15_7; rv:126.0) Gecko/20100101 Firefox/126.0"
45.117.177.72 - - [06/Sep/2025:23:49:11 +0700] "POST /wp-cron.php?doing_wp_cron=1757177351.6907439231872558593750 HTTP/1.0" 200 416 "-" "WordPress/6.8.1; https://vattusacky.vn"
8.218.212.177 - - [06/Sep/2025:23:49:10 +0700] "POST /xmlrpc.php HTTP/1.0" 200 956 "https://vattusacky.vn" "Mozilla/5.0 (Macintosh; Intel Mac OS X 14.5) AppleWebKit/618.3.5 (KHTML, like Gecko) Version/17.4 Safari/618.3.5"
45.117.177.72 - - [06/Sep/2025:23:51:48 +0700] "POST /wp-cron.php?doing_wp_cron=1757177508.5255169868469238281250 HTTP/1.0" 200 416 "-" "WordPress/6.8.1; https://vattusacky.vn"
138.3.242.176 - - [06/Sep/2025:23:51:47 +0700] "GET /wp-json/wp/v2/posts?per_page=1&_fields=id,slug,comment_status HTTP/1.0" 200 1018 "-" "-"
138.3.242.176 - - [06/Sep/2025:23:51:55 +0700] "GET /wp-json/wp/v2/posts?per_page=1&_fields=id,slug,comment_status HTTP/1.0" 200 1018 "-" "-"
45.117.177.72 - - [06/Sep/2025:23:52:34 +0700] "POST /wp-cron.php?doing_wp_cron=1757177553.9110560417175292968750 HTTP/1.0" 200 416 "-" "WordPress/6.8.1; https://vattusacky.vn"
138.3.242.176 - - [06/Sep/2025:23:52:32 +0700] "GET /wp-json/wp/v2/posts?per_page=1&_fields=id,slug,comment_status HTTP/1.0" 200 1018 "-" "-"
138.3.242.176 - - [06/Sep/2025:23:52:39 +0700] "POST /wp-comments-post.php HTTP/1.0" 200 3180 "-" "-"
108.179.242.123 - - [06/Sep/2025:23:52:48 +0700] "POST /xmlrpc.php HTTP/1.0" 200 956 "https://vattusacky.vn" "Mozilla/5.0 (Macintosh; Intel Mac OS X 10.15; rv:126.0) Gecko/20100101 Firefox/126.0"
216.73.216.162 - - [06/Sep/2025:23:53:13 +0700] "GET /robots.txt HTTP/1.0" 200 984 "-" "Mozilla/5.0 AppleWebKit/537.36 (KHTML, like Gecko; compatible; ClaudeBot/1.0; +claudebot@anthropic.com)"
216.73.216.162 - - [06/Sep/2025:23:53:15 +0700] "GET /category/page/feed HTTP/1.0" 301 515 "-" "Mozilla/5.0 AppleWebKit/537.36 (KHTML, like Gecko; compatible; ClaudeBot/1.0; +claudebot@anthropic.com)"
45.117.177.72 - - [06/Sep/2025:23:53:18 +0700] "POST /wp-cron.php?doing_wp_cron=1757177598.5492200851440429687500 HTTP/1.0" 200 416 "-" "WordPress/6.8.1; https://vattusacky.vn"
216.73.216.162 - - [06/Sep/2025:23:53:17 +0700] "GET /category/page/feed/ HTTP/1.0" 200 146078 "https://vattusacky.vn/category/page/feed" "Mozilla/5.0 AppleWebKit/537.36 (KHTML, like Gecko; compatible; ClaudeBot/1.0; +claudebot@anthropic.com)"
45.117.177.72 - - [06/Sep/2025:23:54:32 +0700] "POST /wp-cron.php?doing_wp_cron=1757177672.0784599781036376953125 HTTP/1.0" 200 416 "-" "WordPress/6.8.1; https://vattusacky.vn"
216.244.66.237 - - [06/Sep/2025:23:54:30 +0700] "GET /embracing-serendipity-exploring-the-magic-of-omegle/feed/ HTTP/1.0" 200 1750 "-" "Mozilla/5.0 (compatible; DotBot/1.2; +https://opensiteexplorer.org/dotbot; help@moz.com)"
216.244.66.237 - - [06/Sep/2025:23:54:49 +0700] "GET /finding-support-and-guidance-on-omegle/feed/ HTTP/1.0" 200 1711 "-" "Mozilla/5.0 (compatible; DotBot/1.2; +https://opensiteexplorer.org/dotbot; help@moz.com)"
216.244.66.237 - - [06/Sep/2025:23:55:08 +0700] "GET /embracing-serendipity-in-a-world-of-algorithmic-recommendations/feed/ HTTP/1.0" 200 1786 "-" "Mozilla/5.0 (compatible; DotBot/1.2; +https://opensiteexplorer.org/dotbot; help@moz.com)"
45.117.177.72 - - [06/Sep/2025:23:55:29 +0700] "POST /wp-cron.php?doing_wp_cron=1757177729.6312410831451416015625 HTTP/1.0" 200 416 "-" "WordPress/6.8.1; https://vattusacky.vn"
216.244.66.237 - - [06/Sep/2025:23:55:28 +0700] "GET /sparks-of-creativity-inspiring-artistic-exchanges-on-omegle-and-ometv/feed/ HTTP/1.0" 200 1804 "-" "Mozilla/5.0 (compatible; DotBot/1.2; +https://opensiteexplorer.org/dotbot; help@moz.com)"
216.244.66.237 - - [06/Sep/2025:23:56:04 +0700] "GET /the-social-experiment-of-omegle-examining-the-power-of-connection/feed/ HTTP/1.0" 200 1792 "-" "Mozilla/5.0 (compatible; DotBot/1.2; +https://opensiteexplorer.org/dotbot; help@moz.com)"
167.71.166.141 - - [06/Sep/2025:23:56:08 +0700] "POST /xmlrpc.php HTTP/1.0" 200 956 "https://vattusacky.vn" "Mozilla/5.0 (Windows NT 10.0; Win64; x64; rv:127.0) Gecko/20100101 Firefox/127.0"
45.117.177.72 - - [06/Sep/2025:23:56:30 +0700] "POST /wp-cron.php?doing_wp_cron=1757177790.1674470901489257812500 HTTP/1.0" 200 416 "-" "WordPress/6.8.1; https://vattusacky.vn"
138.3.242.176 - - [06/Sep/2025:23:56:28 +0700] "GET /wp-json/wp/v2/posts?per_page=1&_fields=id,slug,comment_status HTTP/1.0" 200 1018 "-" "-"
138.3.242.176 - - [06/Sep/2025:23:56:36 +0700] "POST /wp-comments-post.php HTTP/1.0" 302 1157 "-" "-"
207.46.13.107 - - [06/Sep/2025:23:56:36 +0700] "GET /5-tips-for-a-productive-long-length-relationship/ HTTP/1.0" 200 207130 "-" "Mozilla/5.0 AppleWebKit/537.36 (KHTML, like Gecko; compatible; bingbot/2.0; +http://www.bing.com/bingbot.htm) Chrome/116.0.1938.76 Safari/537.36"
