154.54.249.200 - - [06/Sep/2025:20:35:18 +0700] "GET /danh-muc/co-ba%CC%89n-thi-nghie%CC%A3m/tu-am/?s= HTTP/1.0" 200 80651 "-" "Mozilla/5.0 (compatible; Barkrowler/0.9; +https://babbar.tech/crawler)"
217.113.194.72 - - [06/Sep/2025:20:35:42 +0700] "GET /danh-muc/co-ba%CC%89n-thi-nghie%CC%A3m/tu-am/feed/ HTTP/1.0" 200 21946 "-" "Mozilla/5.0 (compatible; Barkrowler/0.9; +https://babbar.tech/crawler)"
217.113.194.72 - - [06/Sep/2025:20:36:03 +0700] "GET /danh-muc/quan-trac-moi-truong-lao-dong/vi-khi-hau/feed/ HTTP/1.0" 200 2138 "-" "Mozilla/5.0 (compatible; Barkrowler/0.9; +https://babbar.tech/crawler)"
45.117.177.72 - - [06/Sep/2025:20:36:29 +0700] "POST /wp-cron.php?doing_wp_cron=1757165789.6526539325714111328125 HTTP/1.0" 200 416 "-" "WordPress/6.8.1; https://vattusacky.vn"
217.113.194.81 - - [06/Sep/2025:20:36:28 +0700] "GET /danh-muc/thiet-bi%CC%A3-do-luong/may-do-do-rung/feed/ HTTP/1.0" 200 292593 "-" "Mozilla/5.0 (compatible; Barkrowler/0.9; +https://babbar.tech/crawler)"
20.171.207.79 - - [06/Sep/2025:20:37:00 +0700] "GET /omegles-role-in-online-activism-movements-mobilizing-support-and-awareness/ HTTP/1.0" 200 95262 "-" "Mozilla/5.0 AppleWebKit/537.36 (KHTML, like Gecko; compatible; GPTBot/1.2; +https://openai.com/gptbot)"
45.117.177.72 - - [06/Sep/2025:20:39:04 +0700] "POST /wp-cron.php?doing_wp_cron=1757165944.2991969585418701171875 HTTP/1.0" 200 416 "-" "WordPress/6.8.1; https://vattusacky.vn"
52.167.144.225 - - [06/Sep/2025:20:39:03 +0700] "GET /san-pham/may-quang-pho-tu-ngoai-kha-kien/ HTTP/1.0" 200 260258 "-" "Mozilla/5.0 AppleWebKit/537.36 (KHTML, like Gecko; compatible; bingbot/2.0; +http://www.bing.com/bingbot.htm) Chrome/116.0.1938.76 Safari/537.36"
45.117.177.72 - - [06/Sep/2025:20:39:52 +0700] "POST /wp-cron.php?doing_wp_cron=1757165992.6245009899139404296875 HTTP/1.0" 200 416 "-" "WordPress/6.8.1; https://vattusacky.vn"
20.171.207.79 - - [06/Sep/2025:20:39:51 +0700] "GET /?p=7661 HTTP/1.0" 301 504 "-" "Mozilla/5.0 AppleWebKit/537.36 (KHTML, like Gecko; compatible; GPTBot/1.2; +https://openai.com/gptbot)"
20.171.207.79 - - [06/Sep/2025:20:39:53 +0700] "GET /omegle-for-support-groups-finding-comfort-and-understanding/ HTTP/1.0" 200 92614 "-" "Mozilla/5.0 AppleWebKit/537.36 (KHTML, like Gecko; compatible; GPTBot/1.2; +https://openai.com/gptbot)"
45.117.177.72 - - [06/Sep/2025:20:40:53 +0700] "POST /wp-cron.php?doing_wp_cron=1757166053.0575139522552490234375 HTTP/1.0" 200 416 "-" "WordPress/6.8.1; https://vattusacky.vn"
52.6.97.88 - - [06/Sep/2025:20:40:51 +0700] "GET /casino-india-login-and-review-2023/ HTTP/1.0" 200 220035 "-" "Mozilla/5.0 AppleWebKit/537.36 (KHTML, like Gecko; compatible; Amazonbot/0.1; +https://developer.amazon.com/support/amazonbot) Chrome/119.0.6045.214 Safari/537.36"
52.200.54.136 - - [06/Sep/2025:20:40:53 +0700] "GET /methods-to-keep-a-challenging-distance-romance-strong/ HTTP/1.0" 200 209958 "-" "Mozilla/5.0 AppleWebKit/537.36 (KHTML, like Gecko; compatible; Amazonbot/0.1; +https://developer.amazon.com/support/amazonbot) Chrome/119.0.6045.214 Safari/537.36"
98.82.66.172 - - [06/Sep/2025:20:40:55 +0700] "GET /this-is-just-what-research-must-say-about-your-dating-dealbreakers/ HTTP/1.0" 200 207201 "-" "Mozilla/5.0 AppleWebKit/537.36 (KHTML, like Gecko; compatible; Amazonbot/0.1; +https://developer.amazon.com/support/amazonbot) Chrome/119.0.6045.214 Safari/537.36"
54.235.172.96 - - [06/Sep/2025:20:40:57 +0700] "GET /good-relationship-questions-to-improve-your-romance/ HTTP/1.0" 200 206759 "-" "Mozilla/5.0 AppleWebKit/537.36 (KHTML, like Gecko; compatible; Amazonbot/0.1; +https://developer.amazon.com/support/amazonbot) Chrome/119.0.6045.214 Safari/537.36"
44.212.131.50 - - [06/Sep/2025:20:41:00 +0700] "GET /bitcoin-price-history-apr-2013-mar-09-2023/eth%20calculator HTTP/1.0" 404 70812 "-" "Mozilla/5.0 AppleWebKit/537.36 (KHTML, like Gecko; compatible; Amazonbot/0.1; +https://developer.amazon.com/support/amazonbot) Chrome/119.0.6045.214 Safari/537.36"
54.163.136.244 - - [06/Sep/2025:20:41:06 +0700] "GET /phan-mem-nang-cao-https-tienapps-com-app-vay-tien-khong-tham-dinh-cho-chung-toi-duoi-14/ HTTP/1.0" 200 212300 "-" "Mozilla/5.0 AppleWebKit/537.36 (KHTML, like Gecko; compatible; Amazonbot/0.1; +https://developer.amazon.com/support/amazonbot) Chrome/119.0.6045.214 Safari/537.36"
44.205.192.249 - - [06/Sep/2025:20:41:08 +0700] "GET /category/uncategorized/page/157/ HTTP/1.0" 200 77200 "-" "Mozilla/5.0 AppleWebKit/537.36 (KHTML, like Gecko; compatible; Amazonbot/0.1; +https://developer.amazon.com/support/amazonbot) Chrome/119.0.6045.214 Safari/537.36"
23.23.103.31 - - [06/Sep/2025:20:41:14 +0700] "GET /category/uncategorized/page/146/ HTTP/1.0" 200 76868 "-" "Mozilla/5.0 AppleWebKit/537.36 (KHTML, like Gecko; compatible; Amazonbot/0.1; +https://developer.amazon.com/support/amazonbot) Chrome/119.0.6045.214 Safari/537.36"
45.117.177.72 - - [06/Sep/2025:20:41:18 +0700] "POST /wp-cron.php?doing_wp_cron=1757166078.2067389488220214843750 HTTP/1.0" 200 416 "-" "WordPress/6.8.1; https://vattusacky.vn"
3.208.146.193 - - [06/Sep/2025:20:41:17 +0700] "GET /category/uncategorized/page/171/ HTTP/1.0" 200 77067 "-" "Mozilla/5.0 AppleWebKit/537.36 (KHTML, like Gecko; compatible; Amazonbot/0.1; +https://developer.amazon.com/support/amazonbot) Chrome/119.0.6045.214 Safari/537.36"
213.180.203.66 - - [06/Sep/2025:20:41:22 +0700] "GET /conversations-on-the-go-omegles-video-chat-mobility/ HTTP/1.0" 200 90358 "-" "Mozilla/5.0 (compatible; YandexBot/3.0; +http://yandex.com/bots)"
20.171.207.79 - - [06/Sep/2025:20:42:14 +0700] "GET /?p=7059 HTTP/1.0" 301 639 "-" "Mozilla/5.0 AppleWebKit/537.36 (KHTML, like Gecko; compatible; GPTBot/1.2; +https://openai.com/gptbot)"
20.171.207.79 - - [06/Sep/2025:20:42:15 +0700] "GET /how-to-deal-with-inappropriate-content-on-omegle/ HTTP/1.0" 200 88694 "-" "Mozilla/5.0 AppleWebKit/537.36 (KHTML, like Gecko; compatible; GPTBot/1.2; +https://openai.com/gptbot)"
52.167.144.225 - - [06/Sep/2025:20:42:52 +0700] "GET /wp-content/uploads/2017/11/t110-t112-003.png HTTP/1.0" 200 420 "-" "Mozilla/5.0 AppleWebKit/537.36 (KHTML, like Gecko; compatible; bingbot/2.0; +http://www.bing.com/bingbot.htm) Chrome/116.0.1938.76 Safari/537.36"
45.117.177.72 - - [06/Sep/2025:20:46:00 +0700] "POST /wp-cron.php?doing_wp_cron=1757166359.8041720390319824218750 HTTP/1.0" 200 416 "-" "WordPress/6.8.1; https://vattusacky.vn"
20.171.207.79 - - [06/Sep/2025:20:45:58 +0700] "GET /?p=8442 HTTP/1.0" 301 493 "-" "Mozilla/5.0 AppleWebKit/537.36 (KHTML, like Gecko; compatible; GPTBot/1.2; +https://openai.com/gptbot)"
20.171.207.79 - - [06/Sep/2025:20:46:00 +0700] "GET /the-evolution-of-omegle-from-its-launch-to-today/ HTTP/1.0" 200 92160 "-" "Mozilla/5.0 AppleWebKit/537.36 (KHTML, like Gecko; compatible; GPTBot/1.2; +https://openai.com/gptbot)"
45.117.177.72 - - [06/Sep/2025:20:47:18 +0700] "POST /wp-cron.php?doing_wp_cron=1757166438.0348310470581054687500 HTTP/1.0" 200 416 "-" "WordPress/6.8.1; https://vattusacky.vn"
216.73.216.162 - - [06/Sep/2025:20:47:16 +0700] "GET /robots.txt HTTP/1.0" 200 984 "-" "Mozilla/5.0 AppleWebKit/537.36 (KHTML, like Gecko; compatible; ClaudeBot/1.0; +claudebot@anthropic.com)"
216.73.216.162 - - [06/Sep/2025:20:47:18 +0700] "GET /best-vpn-designed-for-android-with-free-trial HTTP/1.0" 301 490 "-" "Mozilla/5.0 AppleWebKit/537.36 (KHTML, like Gecko; compatible; ClaudeBot/1.0; +claudebot@anthropic.com)"
216.73.216.162 - - [06/Sep/2025:20:47:19 +0700] "GET /?p=3018 HTTP/1.0" 301 582 "-" "Mozilla/5.0 AppleWebKit/537.36 (KHTML, like Gecko; compatible; ClaudeBot/1.0; +claudebot@anthropic.com)"
216.73.216.162 - - [06/Sep/2025:20:47:20 +0700] "GET /best-vpn-designed-for-android-with-free-trial/ HTTP/1.0" 200 204463 "https://vattusacky.vn/best-vpn-designed-for-android-with-free-trial" "Mozilla/5.0 AppleWebKit/537.36 (KHTML, like Gecko; compatible; ClaudeBot/1.0; +claudebot@anthropic.com)"
216.73.216.162 - - [06/Sep/2025:20:47:20 +0700] "GET /prime-9-all-over-the-world-relationship-websites-and-apps-discover-appointments-and-connections-2022-paid-out-content-material-of-detroit/ HTTP/1.0" 200 215289 "https://vattusacky.vn/?p=3018" "Mozilla/5.0 AppleWebKit/537.36 (KHTML, like Gecko; compatible; ClaudeBot/1.0; +claudebot@anthropic.com)"
216.73.216.162 - - [06/Sep/2025:20:47:22 +0700] "GET /jolly-me-is-actually-performing-overtime-to-swindle-anybody-who-joins-their-site/feed HTTP/1.0" 301 628 "-" "Mozilla/5.0 AppleWebKit/537.36 (KHTML, like Gecko; compatible; ClaudeBot/1.0; +claudebot@anthropic.com)"
216.73.216.162 - - [06/Sep/2025:20:47:23 +0700] "GET /top-10-expert-mobile-app-developers-to-hire-in HTTP/1.0" 301 491 "-" "Mozilla/5.0 AppleWebKit/537.36 (KHTML, like Gecko; compatible; ClaudeBot/1.0; +claudebot@anthropic.com)"
216.73.216.162 - - [06/Sep/2025:20:47:23 +0700] "GET /jolly-me-is-actually-performing-overtime-to-swindle-anybody-who-joins-their-site/feed/ HTTP/1.0" 200 1691 "https://vattusacky.vn/jolly-me-is-actually-performing-overtime-to-swindle-anybody-who-joins-their-site/feed" "Mozilla/5.0 AppleWebKit/537.36 (KHTML, like Gecko; compatible; ClaudeBot/1.0; +claudebot@anthropic.com)"
216.73.216.162 - - [06/Sep/2025:20:47:24 +0700] "GET /top-10-expert-mobile-app-developers-to-hire-in/ HTTP/1.0" 200 79424 "https://vattusacky.vn/top-10-expert-mobile-app-developers-to-hire-in" "Mozilla/5.0 AppleWebKit/537.36 (KHTML, like Gecko; compatible; ClaudeBot/1.0; +claudebot@anthropic.com)"
216.73.216.162 - - [06/Sep/2025:20:47:25 +0700] "GET /benefits-of-connecting-with-others-on-omegle-and-ometv/feed HTTP/1.0" 301 602 "-" "Mozilla/5.0 AppleWebKit/537.36 (KHTML, like Gecko; compatible; ClaudeBot/1.0; +claudebot@anthropic.com)"
216.73.216.162 - - [06/Sep/2025:20:47:26 +0700] "GET /category/page HTTP/1.0" 301 412 "-" "Mozilla/5.0 AppleWebKit/537.36 (KHTML, like Gecko; compatible; ClaudeBot/1.0; +claudebot@anthropic.com)"
216.73.216.162 - - [06/Sep/2025:20:47:26 +0700] "GET /benefits-of-connecting-with-others-on-omegle-and-ometv/feed/ HTTP/1.0" 200 1613 "https://vattusacky.vn/benefits-of-connecting-with-others-on-omegle-and-ometv/feed" "Mozilla/5.0 AppleWebKit/537.36 (KHTML, like Gecko; compatible; ClaudeBot/1.0; +claudebot@anthropic.com)"
216.73.216.162 - - [06/Sep/2025:20:47:27 +0700] "GET /category/page/ HTTP/1.0" 200 59509 "https://vattusacky.vn/category/page" "Mozilla/5.0 AppleWebKit/537.36 (KHTML, like Gecko; compatible; ClaudeBot/1.0; +claudebot@anthropic.com)"
216.73.216.162 - - [06/Sep/2025:20:48:52 +0700] "GET /?p=4455 HTTP/1.0" 301 643 "-" "Mozilla/5.0 AppleWebKit/537.36 (KHTML, like Gecko; compatible; ClaudeBot/1.0; +claudebot@anthropic.com)"
45.117.177.72 - - [06/Sep/2025:20:48:54 +0700] "POST /wp-cron.php?doing_wp_cron=1757166533.8022370338439941406250 HTTP/1.0" 200 416 "-" "WordPress/6.8.1; https://vattusacky.vn"
216.73.216.162 - - [06/Sep/2025:20:48:52 +0700] "GET /?p=4051 HTTP/1.0" 301 643 "-" "Mozilla/5.0 AppleWebKit/537.36 (KHTML, like Gecko; compatible; ClaudeBot/1.0; +claudebot@anthropic.com)"
216.73.216.162 - - [06/Sep/2025:20:48:54 +0700] "GET /pin-up-casino-bonus-na-pervyj-depozit-kazino-sloty-2/ HTTP/1.0" 200 218670 "https://vattusacky.vn/?p=4455" "Mozilla/5.0 AppleWebKit/537.36 (KHTML, like Gecko; compatible; ClaudeBot/1.0; +claudebot@anthropic.com)"
216.73.216.162 - - [06/Sep/2025:20:48:54 +0700] "GET /22bet-evaluation-cell-app-and-attractive-welcome-5-2/ HTTP/1.0" 200 242599 "https://vattusacky.vn/?p=4051" "Mozilla/5.0 AppleWebKit/537.36 (KHTML, like Gecko; compatible; ClaudeBot/1.0; +claudebot@anthropic.com)"
216.73.216.162 - - [06/Sep/2025:20:48:56 +0700] "GET /?p=2634 HTTP/1.0" 301 502 "-" "Mozilla/5.0 AppleWebKit/537.36 (KHTML, like Gecko; compatible; ClaudeBot/1.0; +claudebot@anthropic.com)"
216.73.216.162 - - [06/Sep/2025:20:48:57 +0700] "GET /?p=4039 HTTP/1.0" 301 490 "-" "Mozilla/5.0 AppleWebKit/537.36 (KHTML, like Gecko; compatible; ClaudeBot/1.0; +claudebot@anthropic.com)"
216.73.216.162 - - [06/Sep/2025:20:48:58 +0700] "GET /du-doan-dieu-gi-tu-tien-vay-500k-trinh-500-nghin-truoc-do/ HTTP/1.0" 200 212811 "https://vattusacky.vn/?p=2634" "Mozilla/5.0 AppleWebKit/537.36 (KHTML, like Gecko; compatible; ClaudeBot/1.0; +claudebot@anthropic.com)"
216.73.216.162 - - [06/Sep/2025:20:48:58 +0700] "GET /gama-casino-bonusy-dlja-igrokov-2023-igrat-na/ HTTP/1.0" 200 219721 "https://vattusacky.vn/?p=4039" "Mozilla/5.0 AppleWebKit/537.36 (KHTML, like Gecko; compatible; ClaudeBot/1.0; +claudebot@anthropic.com)"
216.73.216.162 - - [06/Sep/2025:20:49:00 +0700] "GET /?p=4197 HTTP/1.0" 301 483 "-" "Mozilla/5.0 AppleWebKit/537.36 (KHTML, like Gecko; compatible; ClaudeBot/1.0; +claudebot@anthropic.com)"
216.73.216.162 - - [06/Sep/2025:20:49:00 +0700] "GET /?p=4511 HTTP/1.0" 301 494 "-" "Mozilla/5.0 AppleWebKit/537.36 (KHTML, like Gecko; compatible; ClaudeBot/1.0; +claudebot@anthropic.com)"
216.73.216.162 - - [06/Sep/2025:20:49:01 +0700] "GET /1xbit-betting-app-2023-review-bonus-47/ HTTP/1.0" 200 224361 "https://vattusacky.vn/?p=4197" "Mozilla/5.0 AppleWebKit/537.36 (KHTML, like Gecko; compatible; ClaudeBot/1.0; +claudebot@anthropic.com)"
216.73.216.162 - - [06/Sep/2025:20:49:02 +0700] "GET /igra-dragon-money-pravila-v-chem-preimushhestva-i/ HTTP/1.0" 200 244550 "https://vattusacky.vn/?p=4511" "Mozilla/5.0 AppleWebKit/537.36 (KHTML, like Gecko; compatible; ClaudeBot/1.0; +claudebot@anthropic.com)"
216.73.216.162 - - [06/Sep/2025:20:50:10 +0700] "GET /?p=6202 HTTP/1.0" 301 645 "-" "Mozilla/5.0 AppleWebKit/537.36 (KHTML, like Gecko; compatible; ClaudeBot/1.0; +claudebot@anthropic.com)"
45.117.177.72 - - [06/Sep/2025:20:50:11 +0700] "POST /wp-cron.php?doing_wp_cron=1757166611.2365350723266601562500 HTTP/1.0" 200 416 "-" "WordPress/6.8.1; https://vattusacky.vn"
216.73.216.162 - - [06/Sep/2025:20:50:10 +0700] "GET /prime-9-all-over-the-world-relationship-websites-and-apps-discover-appointments-and-connections-2022-paid-out-content-material-of-detroit/feed HTTP/1.0" 301 831 "-" "Mozilla/5.0 AppleWebKit/537.36 (KHTML, like Gecko; compatible; ClaudeBot/1.0; +claudebot@anthropic.com)"
216.73.216.162 - - [06/Sep/2025:20:50:11 +0700] "GET /benefits-of-connecting-with-others-on-omegle-and-ometv/ HTTP/1.0" 200 94011 "https://vattusacky.vn/?p=6202" "Mozilla/5.0 AppleWebKit/537.36 (KHTML, like Gecko; compatible; ClaudeBot/1.0; +claudebot@anthropic.com)"
216.73.216.162 - - [06/Sep/2025:20:50:11 +0700] "GET /prime-9-all-over-the-world-relationship-websites-and-apps-discover-appointments-and-connections-2022-paid-out-content-material-of-detroit/feed/ HTTP/1.0" 200 1863 "https://vattusacky.vn/prime-9-all-over-the-world-relationship-websites-and-apps-discover-appointments-and-connections-2022-paid-out-content-material-of-detroit/feed" "Mozilla/5.0 AppleWebKit/537.36 (KHTML, like Gecko; compatible; ClaudeBot/1.0; +claudebot@anthropic.com)"
216.73.216.162 - - [06/Sep/2025:20:50:13 +0700] "GET /?p=4616 HTTP/1.0" 301 435 "-" "Mozilla/5.0 AppleWebKit/537.36 (KHTML, like Gecko; compatible; ClaudeBot/1.0; +claudebot@anthropic.com)"
20.171.207.79 - - [06/Sep/2025:20:50:13 +0700] "GET /support-and-resources-for-omegle-addicts-where-to-seek-help/ HTTP/1.0" 200 91440 "-" "Mozilla/5.0 AppleWebKit/537.36 (KHTML, like Gecko; compatible; GPTBot/1.2; +https://openai.com/gptbot)"
216.73.216.162 - - [06/Sep/2025:20:50:14 +0700] "GET /?p=4541 HTTP/1.0" 301 490 "-" "Mozilla/5.0 AppleWebKit/537.36 (KHTML, like Gecko; compatible; ClaudeBot/1.0; +claudebot@anthropic.com)"
216.73.216.162 - - [06/Sep/2025:20:50:15 +0700] "GET /how-to-find-free-casino-games-online/ HTTP/1.0" 200 207525 "https://vattusacky.vn/?p=4616" "Mozilla/5.0 AppleWebKit/537.36 (KHTML, like Gecko; compatible; ClaudeBot/1.0; +claudebot@anthropic.com)"
45.117.177.72 - - [06/Sep/2025:20:50:17 +0700] "POST /wp-cron.php?doing_wp_cron=1757166617.0398280620574951171875 HTTP/1.0" 200 416 "-" "WordPress/6.8.1; https://vattusacky.vn"
216.73.216.162 - - [06/Sep/2025:20:50:15 +0700] "GET /kazino-pin-ap-rabochee-zerkalo-vhod-igrovye-2/ HTTP/1.0" 200 215308 "https://vattusacky.vn/?p=4541" "Mozilla/5.0 AppleWebKit/537.36 (KHTML, like Gecko; compatible; ClaudeBot/1.0; +claudebot@anthropic.com)"
216.73.216.162 - - [06/Sep/2025:20:50:17 +0700] "GET /?p=4499 HTTP/1.0" 301 493 "-" "Mozilla/5.0 AppleWebKit/537.36 (KHTML, like Gecko; compatible; ClaudeBot/1.0; +claudebot@anthropic.com)"
216.73.216.162 - - [06/Sep/2025:20:50:17 +0700] "GET /?p=3141 HTTP/1.0" 301 525 "-" "Mozilla/5.0 AppleWebKit/537.36 (KHTML, like Gecko; compatible; ClaudeBot/1.0; +claudebot@anthropic.com)"
216.73.216.162 - - [06/Sep/2025:20:50:18 +0700] "GET /starda-casino-igrovye-avtomaty-onlajn-avtomaty-i/ HTTP/1.0" 200 220245 "https://vattusacky.vn/?p=4499" "Mozilla/5.0 AppleWebKit/537.36 (KHTML, like Gecko; compatible; ClaudeBot/1.0; +claudebot@anthropic.com)"
216.73.216.162 - - [06/Sep/2025:20:50:19 +0700] "GET /jolly-me-is-actually-performing-overtime-to-swindle-anybody-who-joins-their-site/ HTTP/1.0" 200 215158 "https://vattusacky.vn/?p=3141" "Mozilla/5.0 AppleWebKit/537.36 (KHTML, like Gecko; compatible; ClaudeBot/1.0; +claudebot@anthropic.com)"
85.208.96.206 - - [06/Sep/2025:20:50:43 +0700] "GET /publishers-choice-honor-chernobylwel-come-provides-adventurous-lovers-a-visit-they-will-always-remember/ HTTP/1.0" 200 213667 "-" "Mozilla/5.0 (compatible; SemrushBot/7~bl; +http://www.semrush.com/bot.html)"
45.117.177.72 - - [06/Sep/2025:20:51:22 +0700] "POST /wp-cron.php?doing_wp_cron=1757166681.8712708950042724609375 HTTP/1.0" 200 416 "-" "WordPress/6.8.1; https://vattusacky.vn"
216.73.216.162 - - [06/Sep/2025:20:51:20 +0700] "GET /?p=10715 HTTP/1.0" 301 642 "-" "Mozilla/5.0 AppleWebKit/537.36 (KHTML, like Gecko; compatible; ClaudeBot/1.0; +claudebot@anthropic.com)"
45.117.177.72 - - [06/Sep/2025:20:51:22 +0700] "POST /wp-cron.php?doing_wp_cron=1757166681.8707020282745361328125 HTTP/1.0" 200 416 "-" "WordPress/6.8.1; https://vattusacky.vn"
216.73.216.162 - - [06/Sep/2025:20:51:20 +0700] "GET /category/krippa HTTP/1.0" 301 560 "-" "Mozilla/5.0 AppleWebKit/537.36 (KHTML, like Gecko; compatible; ClaudeBot/1.0; +claudebot@anthropic.com)"
216.73.216.162 - - [06/Sep/2025:20:51:22 +0700] "GET /daddy-casino-obzor-2023-i-bonusy-igrat-na-dengi-v-2/ HTTP/1.0" 200 97465 "https://vattusacky.vn/?p=10715" "Mozilla/5.0 AppleWebKit/537.36 (KHTML, like Gecko; compatible; ClaudeBot/1.0; +claudebot@anthropic.com)"
216.73.216.162 - - [06/Sep/2025:20:51:22 +0700] "GET /category/krippa/ HTTP/1.0" 200 62227 "https://vattusacky.vn/category/krippa" "Mozilla/5.0 AppleWebKit/537.36 (KHTML, like Gecko; compatible; ClaudeBot/1.0; +claudebot@anthropic.com)"
216.73.216.162 - - [06/Sep/2025:20:51:24 +0700] "GET /22bet-evaluation-cell-app-and-attractive-welcome-5-2/feed HTTP/1.0" 301 600 "-" "Mozilla/5.0 AppleWebKit/537.36 (KHTML, like Gecko; compatible; ClaudeBot/1.0; +claudebot@anthropic.com)"
216.73.216.162 - - [06/Sep/2025:20:51:25 +0700] "GET /kham-pha-vu-tru-ly-ky-cua-tro-choi-song-bac HTTP/1.0" 301 488 "-" "Mozilla/5.0 AppleWebKit/537.36 (KHTML, like Gecko; compatible; ClaudeBot/1.0; +claudebot@anthropic.com)"
216.73.216.162 - - [06/Sep/2025:20:51:26 +0700] "GET /22bet-evaluation-cell-app-and-attractive-welcome-5-2/feed/ HTTP/1.0" 200 1619 "https://vattusacky.vn/22bet-evaluation-cell-app-and-attractive-welcome-5-2/feed" "Mozilla/5.0 AppleWebKit/537.36 (KHTML, like Gecko; compatible; ClaudeBot/1.0; +claudebot@anthropic.com)"
216.73.216.162 - - [06/Sep/2025:20:51:26 +0700] "GET /kham-pha-vu-tru-ly-ky-cua-tro-choi-song-bac/ HTTP/1.0" 200 77543 "https://vattusacky.vn/kham-pha-vu-tru-ly-ky-cua-tro-choi-song-bac" "Mozilla/5.0 AppleWebKit/537.36 (KHTML, like Gecko; compatible; ClaudeBot/1.0; +claudebot@anthropic.com)"
216.73.216.162 - - [06/Sep/2025:20:51:28 +0700] "GET /?p=5045 HTTP/1.0" 301 489 "-" "Mozilla/5.0 AppleWebKit/537.36 (KHTML, like Gecko; compatible; ClaudeBot/1.0; +claudebot@anthropic.com)"
216.73.216.162 - - [06/Sep/2025:20:51:28 +0700] "GET /page-4 HTTP/1.0" 301 451 "-" "Mozilla/5.0 AppleWebKit/537.36 (KHTML, like Gecko; compatible; ClaudeBot/1.0; +claudebot@anthropic.com)"
216.73.216.162 - - [06/Sep/2025:20:51:29 +0700] "GET /the-rising-popularity-of-online-professional/ HTTP/1.0" 200 239531 "https://vattusacky.vn/?p=5045" "Mozilla/5.0 AppleWebKit/537.36 (KHTML, like Gecko; compatible; ClaudeBot/1.0; +claudebot@anthropic.com)"
216.73.216.162 - - [06/Sep/2025:20:51:30 +0700] "GET /page-4/ HTTP/1.0" 200 206587 "https://vattusacky.vn/page-4" "Mozilla/5.0 AppleWebKit/537.36 (KHTML, like Gecko; compatible; ClaudeBot/1.0; +claudebot@anthropic.com)"
45.117.177.72 - - [06/Sep/2025:20:52:23 +0700] "POST /wp-cron.php?doing_wp_cron=1757166743.0106909275054931640625 HTTP/1.0" 200 416 "-" "WordPress/6.8.1; https://vattusacky.vn"
20.171.207.79 - - [06/Sep/2025:20:52:21 +0700] "GET /?p=7060 HTTP/1.0" 301 492 "-" "Mozilla/5.0 AppleWebKit/537.36 (KHTML, like Gecko; compatible; GPTBot/1.2; +https://openai.com/gptbot)"
20.171.207.79 - - [06/Sep/2025:20:52:23 +0700] "GET /how-to-deal-with-inappropriate-content-on-ometv/ HTTP/1.0" 200 88948 "-" "Mozilla/5.0 AppleWebKit/537.36 (KHTML, like Gecko; compatible; GPTBot/1.2; +https://openai.com/gptbot)"
216.73.216.162 - - [06/Sep/2025:20:52:53 +0700] "GET /limefx-obzor-2022-o-limefx-forex-rossija HTTP/1.0" 301 631 "-" "Mozilla/5.0 AppleWebKit/537.36 (KHTML, like Gecko; compatible; ClaudeBot/1.0; +claudebot@anthropic.com)"
216.73.216.162 - - [06/Sep/2025:20:52:53 +0700] "GET /category/dating-and-marriage/feed HTTP/1.0" 301 676 "-" "Mozilla/5.0 AppleWebKit/537.36 (KHTML, like Gecko; compatible; ClaudeBot/1.0; +claudebot@anthropic.com)"
216.73.216.162 - - [06/Sep/2025:20:52:54 +0700] "GET /category/dating-and-marriage/feed/ HTTP/1.0" 200 150731 "https://vattusacky.vn/category/dating-and-marriage/feed" "Mozilla/5.0 AppleWebKit/537.36 (KHTML, like Gecko; compatible; ClaudeBot/1.0; +claudebot@anthropic.com)"
216.73.216.162 - - [06/Sep/2025:20:52:54 +0700] "GET /limefx-obzor-2022-o-limefx-forex-rossija/ HTTP/1.0" 200 353459 "https://vattusacky.vn/limefx-obzor-2022-o-limefx-forex-rossija" "Mozilla/5.0 AppleWebKit/537.36 (KHTML, like Gecko; compatible; ClaudeBot/1.0; +claudebot@anthropic.com)"
216.73.216.162 - - [06/Sep/2025:20:52:57 +0700] "GET /author/yanz/page/363 HTTP/1.0" 301 419 "-" "Mozilla/5.0 AppleWebKit/537.36 (KHTML, like Gecko; compatible; ClaudeBot/1.0; +claudebot@anthropic.com)"
216.73.216.162 - - [06/Sep/2025:20:52:57 +0700] "GET /author/yanz/page/433 HTTP/1.0" 301 419 "-" "Mozilla/5.0 AppleWebKit/537.36 (KHTML, like Gecko; compatible; ClaudeBot/1.0; +claudebot@anthropic.com)"
216.73.216.162 - - [06/Sep/2025:20:52:58 +0700] "GET /author/yanz/page/363/ HTTP/1.0" 200 76838 "https://vattusacky.vn/author/yanz/page/363" "Mozilla/5.0 AppleWebKit/537.36 (KHTML, like Gecko; compatible; ClaudeBot/1.0; +claudebot@anthropic.com)"
216.73.216.162 - - [06/Sep/2025:20:52:59 +0700] "GET /author/yanz/page/433/ HTTP/1.0" 200 201633 "https://vattusacky.vn/author/yanz/page/433" "Mozilla/5.0 AppleWebKit/537.36 (KHTML, like Gecko; compatible; ClaudeBot/1.0; +claudebot@anthropic.com)"
216.73.216.162 - - [06/Sep/2025:20:53:00 +0700] "GET /author/yanz/page/293 HTTP/1.0" 301 419 "-" "Mozilla/5.0 AppleWebKit/537.36 (KHTML, like Gecko; compatible; ClaudeBot/1.0; +claudebot@anthropic.com)"
216.73.216.162 - - [06/Sep/2025:20:53:01 +0700] "GET /1xbit-betting-app-2023-review-bonus-47/feed HTTP/1.0" 301 586 "-" "Mozilla/5.0 AppleWebKit/537.36 (KHTML, like Gecko; compatible; ClaudeBot/1.0; +claudebot@anthropic.com)"
216.73.216.162 - - [06/Sep/2025:20:53:02 +0700] "GET /author/yanz/page/293/ HTTP/1.0" 200 78358 "https://vattusacky.vn/author/yanz/page/293" "Mozilla/5.0 AppleWebKit/537.36 (KHTML, like Gecko; compatible; ClaudeBot/1.0; +claudebot@anthropic.com)"
216.73.216.162 - - [06/Sep/2025:20:53:03 +0700] "GET /1xbit-betting-app-2023-review-bonus-47/feed/ HTTP/1.0" 200 1564 "https://vattusacky.vn/1xbit-betting-app-2023-review-bonus-47/feed" "Mozilla/5.0 AppleWebKit/537.36 (KHTML, like Gecko; compatible; ClaudeBot/1.0; +claudebot@anthropic.com)"
45.117.177.72 - - [06/Sep/2025:20:53:30 +0700] "POST /wp-cron.php?doing_wp_cron=1757166810.3183290958404541015625 HTTP/1.0" 200 416 "-" "WordPress/6.8.1; https://vattusacky.vn"
104.248.45.30 - - [06/Sep/2025:20:53:29 +0700] "GET /wp-login.php HTTP/1.0" 200 11388 "-" "Mozilla/5.0 (X11; Ubuntu; Linux x86_64; rv:85.0) Gecko/20100101 Firefox/91.0"
104.248.45.30 - - [06/Sep/2025:20:53:31 +0700] "POST /wp-login.php HTTP/1.0" 200 11731 "-" "Mozilla/5.0 (X11; Ubuntu; Linux x86_64; rv:85.0) Gecko/20100101 Firefox/91.0"
216.73.216.162 - - [06/Sep/2025:20:53:53 +0700] "GET /starda-casino-igrovye-avtomaty-onlajn-avtomaty-i/feed HTTP/1.0" 301 742 "-" "Mozilla/5.0 AppleWebKit/537.36 (KHTML, like Gecko; compatible; ClaudeBot/1.0; +claudebot@anthropic.com)"
216.73.216.162 - - [06/Sep/2025:20:53:53 +0700] "GET /kazino-pin-ap-rabochee-zerkalo-vhod-igrovye-2/feed HTTP/1.0" 301 739 "-" "Mozilla/5.0 AppleWebKit/537.36 (KHTML, like Gecko; compatible; ClaudeBot/1.0; +claudebot@anthropic.com)"
216.73.216.162 - - [06/Sep/2025:20:53:54 +0700] "GET /kazino-pin-ap-rabochee-zerkalo-vhod-igrovye-2/feed/ HTTP/1.0" 200 1665 "https://vattusacky.vn/kazino-pin-ap-rabochee-zerkalo-vhod-igrovye-2/feed" "Mozilla/5.0 AppleWebKit/537.36 (KHTML, like Gecko; compatible; ClaudeBot/1.0; +claudebot@anthropic.com)"
216.73.216.162 - - [06/Sep/2025:20:53:54 +0700] "GET /starda-casino-igrovye-avtomaty-onlajn-avtomaty-i/feed/ HTTP/1.0" 200 1647 "https://vattusacky.vn/starda-casino-igrovye-avtomaty-onlajn-avtomaty-i/feed" "Mozilla/5.0 AppleWebKit/537.36 (KHTML, like Gecko; compatible; ClaudeBot/1.0; +claudebot@anthropic.com)"
216.73.216.162 - - [06/Sep/2025:20:53:56 +0700] "GET /igra-dragon-money-pravila-v-chem-preimushhestva-i/feed HTTP/1.0" 301 597 "-" "Mozilla/5.0 AppleWebKit/537.36 (KHTML, like Gecko; compatible; ClaudeBot/1.0; +claudebot@anthropic.com)"
216.73.216.162 - - [06/Sep/2025:20:53:56 +0700] "GET /the-very-best-antivirus-for-iphone HTTP/1.0" 301 479 "-" "Mozilla/5.0 AppleWebKit/537.36 (KHTML, like Gecko; compatible; ClaudeBot/1.0; +claudebot@anthropic.com)"
216.73.216.162 - - [06/Sep/2025:20:53:57 +0700] "GET /igra-dragon-money-pravila-v-chem-preimushhestva-i/feed/ HTTP/1.0" 200 1655 "https://vattusacky.vn/igra-dragon-money-pravila-v-chem-preimushhestva-i/feed" "Mozilla/5.0 AppleWebKit/537.36 (KHTML, like Gecko; compatible; ClaudeBot/1.0; +claudebot@anthropic.com)"
216.73.216.162 - - [06/Sep/2025:20:53:58 +0700] "GET /the-very-best-antivirus-for-iphone/ HTTP/1.0" 200 205261 "https://vattusacky.vn/the-very-best-antivirus-for-iphone" "Mozilla/5.0 AppleWebKit/537.36 (KHTML, like Gecko; compatible; ClaudeBot/1.0; +claudebot@anthropic.com)"
216.73.216.162 - - [06/Sep/2025:20:53:59 +0700] "GET /sustanon-250-steroid-tutto-cio-che-devi-sapere HTTP/1.0" 301 491 "-" "Mozilla/5.0 AppleWebKit/537.36 (KHTML, like Gecko; compatible; ClaudeBot/1.0; +claudebot@anthropic.com)"
216.73.216.162 - - [06/Sep/2025:20:54:00 +0700] "GET /sustanon-250-steroid-tutto-cio-che-devi-sapere/ HTTP/1.0" 200 204024 "https://vattusacky.vn/sustanon-250-steroid-tutto-cio-che-devi-sapere" "Mozilla/5.0 AppleWebKit/537.36 (KHTML, like Gecko; compatible; ClaudeBot/1.0; +claudebot@anthropic.com)"
45.117.177.72 - - [06/Sep/2025:20:54:54 +0700] "POST /wp-cron.php?doing_wp_cron=1757166894.4275360107421875000000 HTTP/1.0" 200 416 "-" "WordPress/6.8.1; https://vattusacky.vn"
20.171.207.79 - - [06/Sep/2025:20:54:53 +0700] "GET /?p=7787 HTTP/1.0" 301 506 "-" "Mozilla/5.0 AppleWebKit/537.36 (KHTML, like Gecko; compatible; GPTBot/1.2; +https://openai.com/gptbot)"
216.73.216.162 - - [06/Sep/2025:20:54:53 +0700] "GET /betwinner-2256 HTTP/1.0" 301 605 "-" "Mozilla/5.0 AppleWebKit/537.36 (KHTML, like Gecko; compatible; ClaudeBot/1.0; +claudebot@anthropic.com)"
216.73.216.162 - - [06/Sep/2025:20:54:53 +0700] "GET /betwinner-1351 HTTP/1.0" 301 605 "-" "Mozilla/5.0 AppleWebKit/537.36 (KHTML, like Gecko; compatible; ClaudeBot/1.0; +claudebot@anthropic.com)"
20.171.207.79 - - [06/Sep/2025:20:54:54 +0700] "GET /omegle-vs-ometv-which-platform-offers-better-language-support/ HTTP/1.0" 200 89814 "-" "Mozilla/5.0 AppleWebKit/537.36 (KHTML, like Gecko; compatible; GPTBot/1.2; +https://openai.com/gptbot)"
216.73.216.162 - - [06/Sep/2025:20:54:55 +0700] "GET /betwinner-2256/ HTTP/1.0" 200 78469 "https://vattusacky.vn/betwinner-2256" "Mozilla/5.0 AppleWebKit/537.36 (KHTML, like Gecko; compatible; ClaudeBot/1.0; +claudebot@anthropic.com)"
216.73.216.162 - - [06/Sep/2025:20:54:55 +0700] "GET /betwinner-1351/ HTTP/1.0" 200 78505 "https://vattusacky.vn/betwinner-1351" "Mozilla/5.0 AppleWebKit/537.36 (KHTML, like Gecko; compatible; ClaudeBot/1.0; +claudebot@anthropic.com)"
216.73.216.162 - - [06/Sep/2025:20:54:57 +0700] "GET /betwinner-2672 HTTP/1.0" 301 459 "-" "Mozilla/5.0 AppleWebKit/537.36 (KHTML, like Gecko; compatible; ClaudeBot/1.0; +claudebot@anthropic.com)"
216.73.216.162 - - [06/Sep/2025:20:54:57 +0700] "GET /betwinner-1936 HTTP/1.0" 301 459 "-" "Mozilla/5.0 AppleWebKit/537.36 (KHTML, like Gecko; compatible; ClaudeBot/1.0; +claudebot@anthropic.com)"
216.73.216.162 - - [06/Sep/2025:20:54:58 +0700] "GET /betwinner-2672/ HTTP/1.0" 200 78500 "https://vattusacky.vn/betwinner-2672" "Mozilla/5.0 AppleWebKit/537.36 (KHTML, like Gecko; compatible; ClaudeBot/1.0; +claudebot@anthropic.com)"
216.73.216.162 - - [06/Sep/2025:20:54:58 +0700] "GET /betwinner-1936/ HTTP/1.0" 200 78355 "https://vattusacky.vn/betwinner-1936" "Mozilla/5.0 AppleWebKit/537.36 (KHTML, like Gecko; compatible; ClaudeBot/1.0; +claudebot@anthropic.com)"
216.73.216.162 - - [06/Sep/2025:20:55:00 +0700] "GET /betwinner-1614 HTTP/1.0" 301 459 "-" "Mozilla/5.0 AppleWebKit/537.36 (KHTML, like Gecko; compatible; ClaudeBot/1.0; +claudebot@anthropic.com)"
216.73.216.162 - - [06/Sep/2025:20:55:01 +0700] "GET /betwinner-1614/ HTTP/1.0" 200 78384 "https://vattusacky.vn/betwinner-1614" "Mozilla/5.0 AppleWebKit/537.36 (KHTML, like Gecko; compatible; ClaudeBot/1.0; +claudebot@anthropic.com)"
207.46.13.17 - - [06/Sep/2025:20:55:08 +0700] "GET /btcusd-bitcoin-us-dollar-currency-exchange-rate/ HTTP/1.0" 200 345797 "-" "Mozilla/5.0 AppleWebKit/537.36 (KHTML, like Gecko; compatible; bingbot/2.0; +http://www.bing.com/bingbot.htm) Chrome/116.0.1938.76 Safari/537.36"
216.73.216.162 - - [06/Sep/2025:20:56:20 +0700] "GET /business-nys-sales-tax HTTP/1.0" 301 613 "-" "Mozilla/5.0 AppleWebKit/537.36 (KHTML, like Gecko; compatible; ClaudeBot/1.0; +claudebot@anthropic.com)"
45.117.177.72 - - [06/Sep/2025:20:56:21 +0700] "POST /wp-cron.php?doing_wp_cron=1757166981.4769549369812011718750 HTTP/1.0" 200 416 "-" "WordPress/6.8.1; https://vattusacky.vn"
216.73.216.162 - - [06/Sep/2025:20:56:20 +0700] "GET /dating-a-porn-celebrity HTTP/1.0" 301 614 "-" "Mozilla/5.0 AppleWebKit/537.36 (KHTML, like Gecko; compatible; ClaudeBot/1.0; +claudebot@anthropic.com)"
216.73.216.162 - - [06/Sep/2025:20:56:21 +0700] "GET /business-nys-sales-tax/ HTTP/1.0" 200 385246 "https://vattusacky.vn/business-nys-sales-tax" "Mozilla/5.0 AppleWebKit/537.36 (KHTML, like Gecko; compatible; ClaudeBot/1.0; +claudebot@anthropic.com)"
216.73.216.162 - - [06/Sep/2025:20:56:22 +0700] "GET /dating-a-porn-celebrity/ HTTP/1.0" 200 211703 "https://vattusacky.vn/dating-a-porn-celebrity" "Mozilla/5.0 AppleWebKit/537.36 (KHTML, like Gecko; compatible; ClaudeBot/1.0; +claudebot@anthropic.com)"
216.73.216.162 - - [06/Sep/2025:20:56:24 +0700] "GET /best-rated-free-vpn-services HTTP/1.0" 301 473 "-" "Mozilla/5.0 AppleWebKit/537.36 (KHTML, like Gecko; compatible; ClaudeBot/1.0; +claudebot@anthropic.com)"
216.73.216.162 - - [06/Sep/2025:20:56:25 +0700] "GET /pin-up-casino-bonus-na-pervyj-depozit-kazino-sloty-2/feed HTTP/1.0" 301 600 "-" "Mozilla/5.0 AppleWebKit/537.36 (KHTML, like Gecko; compatible; ClaudeBot/1.0; +claudebot@anthropic.com)"
216.73.216.162 - - [06/Sep/2025:20:56:26 +0700] "GET /best-rated-free-vpn-services/ HTTP/1.0" 200 236319 "https://vattusacky.vn/best-rated-free-vpn-services" "Mozilla/5.0 AppleWebKit/537.36 (KHTML, like Gecko; compatible; ClaudeBot/1.0; +claudebot@anthropic.com)"
216.73.216.162 - - [06/Sep/2025:20:56:26 +0700] "GET /pin-up-casino-bonus-na-pervyj-depozit-kazino-sloty-2/feed/ HTTP/1.0" 200 1657 "https://vattusacky.vn/pin-up-casino-bonus-na-pervyj-depozit-kazino-sloty-2/feed" "Mozilla/5.0 AppleWebKit/537.36 (KHTML, like Gecko; compatible; ClaudeBot/1.0; +claudebot@anthropic.com)"
216.73.216.162 - - [06/Sep/2025:20:56:28 +0700] "GET /poker-gratuit-poker-en-ligne-gratuit-jouer-au-15/feed HTTP/1.0" 301 596 "-" "Mozilla/5.0 AppleWebKit/537.36 (KHTML, like Gecko; compatible; ClaudeBot/1.0; +claudebot@anthropic.com)"
216.73.216.162 - - [06/Sep/2025:20:56:29 +0700] "GET /poker-gratuit-poker-en-ligne-gratuit-jouer-au-15/feed/ HTTP/1.0" 200 1598 "https://vattusacky.vn/poker-gratuit-poker-en-ligne-gratuit-jouer-au-15/feed" "Mozilla/5.0 AppleWebKit/537.36 (KHTML, like Gecko; compatible; ClaudeBot/1.0; +claudebot@anthropic.com)"
20.171.207.79 - - [06/Sep/2025:20:57:03 +0700] "GET /omegle-and-mental-health-support-finding-empathy-and-understanding-online/ HTTP/1.0" 200 92554 "-" "Mozilla/5.0 AppleWebKit/537.36 (KHTML, like Gecko; compatible; GPTBot/1.2; +https://openai.com/gptbot)"
216.73.216.162 - - [06/Sep/2025:20:57:18 +0700] "GET /how-to-erase-leovegas-account-most-recent-news-movies-photos-about-just-how-to-delete-leovegas-account-page-one HTTP/1.0" 301 702 "-" "Mozilla/5.0 AppleWebKit/537.36 (KHTML, like Gecko; compatible; ClaudeBot/1.0; +claudebot@anthropic.com)"
45.117.177.72 - - [06/Sep/2025:20:57:20 +0700] "POST /wp-cron.php?doing_wp_cron=1757167039.7649939060211181640625 HTTP/1.0" 200 416 "-" "WordPress/6.8.1; https://vattusacky.vn"
216.73.216.162 - - [06/Sep/2025:20:57:18 +0700] "GET /author/yanz/page/415 HTTP/1.0" 301 565 "-" "Mozilla/5.0 AppleWebKit/537.36 (KHTML, like Gecko; compatible; ClaudeBot/1.0; +claudebot@anthropic.com)"
216.73.216.162 - - [06/Sep/2025:20:57:20 +0700] "GET /how-to-erase-leovegas-account-most-recent-news-movies-photos-about-just-how-to-delete-leovegas-account-page-one/ HTTP/1.0" 200 223022 "https://vattusacky.vn/how-to-erase-leovegas-account-most-recent-news-movies-photos-about-just-how-to-delete-leovegas-account-page-one" "Mozilla/5.0 AppleWebKit/537.36 (KHTML, like Gecko; compatible; ClaudeBot/1.0; +claudebot@anthropic.com)"
216.73.216.162 - - [06/Sep/2025:20:57:21 +0700] "GET /author/yanz/page/415/ HTTP/1.0" 200 77756 "https://vattusacky.vn/author/yanz/page/415" "Mozilla/5.0 AppleWebKit/537.36 (KHTML, like Gecko; compatible; ClaudeBot/1.0; +claudebot@anthropic.com)"
216.73.216.162 - - [06/Sep/2025:20:57:22 +0700] "GET /author/yanz/page/427 HTTP/1.0" 301 419 "-" "Mozilla/5.0 AppleWebKit/537.36 (KHTML, like Gecko; compatible; ClaudeBot/1.0; +claudebot@anthropic.com)"
216.73.216.162 - - [06/Sep/2025:20:57:23 +0700] "GET /author/yanz/page/361 HTTP/1.0" 301 419 "-" "Mozilla/5.0 AppleWebKit/537.36 (KHTML, like Gecko; compatible; ClaudeBot/1.0; +claudebot@anthropic.com)"
216.73.216.162 - - [06/Sep/2025:20:57:23 +0700] "GET /author/yanz/page/427/ HTTP/1.0" 200 105702 "https://vattusacky.vn/author/yanz/page/427" "Mozilla/5.0 AppleWebKit/537.36 (KHTML, like Gecko; compatible; ClaudeBot/1.0; +claudebot@anthropic.com)"
216.73.216.162 - - [06/Sep/2025:20:57:24 +0700] "GET /author/yanz/page/361/ HTTP/1.0" 200 77016 "https://vattusacky.vn/author/yanz/page/361" "Mozilla/5.0 AppleWebKit/537.36 (KHTML, like Gecko; compatible; ClaudeBot/1.0; +claudebot@anthropic.com)"
216.73.216.162 - - [06/Sep/2025:20:57:26 +0700] "GET /the-rising-popularity-of-online-professional/feed HTTP/1.0" 301 592 "-" "Mozilla/5.0 AppleWebKit/537.36 (KHTML, like Gecko; compatible; ClaudeBot/1.0; +claudebot@anthropic.com)"
216.73.216.162 - - [06/Sep/2025:20:57:26 +0700] "GET /author/yanz/page/416 HTTP/1.0" 301 419 "-" "Mozilla/5.0 AppleWebKit/537.36 (KHTML, like Gecko; compatible; ClaudeBot/1.0; +claudebot@anthropic.com)"
216.73.216.162 - - [06/Sep/2025:20:57:27 +0700] "GET /the-rising-popularity-of-online-professional/feed/ HTTP/1.0" 200 1606 "https://vattusacky.vn/the-rising-popularity-of-online-professional/feed" "Mozilla/5.0 AppleWebKit/537.36 (KHTML, like Gecko; compatible; ClaudeBot/1.0; +claudebot@anthropic.com)"
216.73.216.162 - - [06/Sep/2025:20:57:28 +0700] "GET /author/yanz/page/416/ HTTP/1.0" 200 88333 "https://vattusacky.vn/author/yanz/page/416" "Mozilla/5.0 AppleWebKit/537.36 (KHTML, like Gecko; compatible; ClaudeBot/1.0; +claudebot@anthropic.com)"
57.141.2.40 - - [06/Sep/2025:20:57:28 +0700] "GET /unmasking-the-benefits-and-risks-of-anonymity-on-omegle/ HTTP/1.0" 200 91396 "-" "meta-externalagent/1.1 (+https://developers.facebook.com/docs/sharing/webmasters/crawler)"
113.15.120.192 - - [06/Sep/2025:20:57:52 +0700] "POST /wp-comments-post.php HTTP/1.0" 302 1138 "-" "Mozilla/5.0 (Windows NT 10.0; Win64; x64) AppleWebKit/537.36 (KHTML, like Gecko) Chrome/108.0.0.0 Safari/537.36 Edg/108.0.1462.46"
113.15.120.192 - - [06/Sep/2025:20:57:56 +0700] "GET /advantages-of-data-computer-software/?unapproved=1420&moderation-hash=0c6c5b016ea9ccb0a59145339961ae8c HTTP/1.0" 200 205809 "-" "Mozilla/5.0 (Windows NT 10.0; Win64; x64) AppleWebKit/537.36 (KHTML, like Gecko) Chrome/108.0.0.0 Safari/537.36 Edg/108.0.1462.46"
216.73.216.162 - - [06/Sep/2025:20:58:17 +0700] "GET /from-fandoma%c2%84%c2%a2-community-15-first-date-ideas-for-film-buffs-gamers-and-fans HTTP/1.0" 301 676 "-" "Mozilla/5.0 AppleWebKit/537.36 (KHTML, like Gecko; compatible; ClaudeBot/1.0; +claudebot@anthropic.com)"
45.117.177.72 - - [06/Sep/2025:20:58:18 +0700] "POST /wp-cron.php?doing_wp_cron=1757167098.6284539699554443359375 HTTP/1.0" 200 416 "-" "WordPress/6.8.1; https://vattusacky.vn"
216.73.216.162 - - [06/Sep/2025:20:58:17 +0700] "GET /category/japanese-wife-finder/feed HTTP/1.0" 301 677 "-" "Mozilla/5.0 AppleWebKit/537.36 (KHTML, like Gecko; compatible; ClaudeBot/1.0; +claudebot@anthropic.com)"
216.73.216.162 - - [06/Sep/2025:20:58:19 +0700] "GET /from-fandoma%c2%84%c2%a2-community-15-first-date-ideas-for-film-buffs-gamers-and-fans/ HTTP/1.0" 200 222632 "https://vattusacky.vn/from-fandoma%c2%84%c2%a2-community-15-first-date-ideas-for-film-buffs-gamers-and-fans" "Mozilla/5.0 AppleWebKit/537.36 (KHTML, like Gecko; compatible; ClaudeBot/1.0; +claudebot@anthropic.com)"
216.73.216.162 - - [06/Sep/2025:20:58:20 +0700] "GET /category/japanese-wife-finder/feed/ HTTP/1.0" 200 17437 "https://vattusacky.vn/category/japanese-wife-finder/feed" "Mozilla/5.0 AppleWebKit/537.36 (KHTML, like Gecko; compatible; ClaudeBot/1.0; +claudebot@anthropic.com)"
216.73.216.162 - - [06/Sep/2025:20:58:22 +0700] "GET /du-doan-dieu-gi-tu-tien-vay-500k-trinh-500-nghin-truoc-do/feed HTTP/1.0" 301 605 "-" "Mozilla/5.0 AppleWebKit/537.36 (KHTML, like Gecko; compatible; ClaudeBot/1.0; +claudebot@anthropic.com)"
216.73.216.162 - - [06/Sep/2025:20:58:22 +0700] "GET /daddy-casino-obzor-2023-i-bonusy-igrat-na-dengi-v-2/feed HTTP/1.0" 301 599 "-" "Mozilla/5.0 AppleWebKit/537.36 (KHTML, like Gecko; compatible; ClaudeBot/1.0; +claudebot@anthropic.com)"
216.73.216.162 - - [06/Sep/2025:20:58:23 +0700] "GET /du-doan-dieu-gi-tu-tien-vay-500k-trinh-500-nghin-truoc-do/feed/ HTTP/1.0" 200 1641 "https://vattusacky.vn/du-doan-dieu-gi-tu-tien-vay-500k-trinh-500-nghin-truoc-do/feed" "Mozilla/5.0 AppleWebKit/537.36 (KHTML, like Gecko; compatible; ClaudeBot/1.0; +claudebot@anthropic.com)"
216.73.216.162 - - [06/Sep/2025:20:58:24 +0700] "GET /daddy-casino-obzor-2023-i-bonusy-igrat-na-dengi-v-2/feed/ HTTP/1.0" 200 1653 "https://vattusacky.vn/daddy-casino-obzor-2023-i-bonusy-igrat-na-dengi-v-2/feed" "Mozilla/5.0 AppleWebKit/537.36 (KHTML, like Gecko; compatible; ClaudeBot/1.0; +claudebot@anthropic.com)"
216.73.216.162 - - [06/Sep/2025:20:58:25 +0700] "GET /anastasiadate-evaluation-2021 HTTP/1.0" 301 474 "-" "Mozilla/5.0 AppleWebKit/537.36 (KHTML, like Gecko; compatible; ClaudeBot/1.0; +claudebot@anthropic.com)"
216.73.216.162 - - [06/Sep/2025:20:58:26 +0700] "GET /anastasiadate-evaluation-2021/ HTTP/1.0" 200 222338 "https://vattusacky.vn/anastasiadate-evaluation-2021" "Mozilla/5.0 AppleWebKit/537.36 (KHTML, like Gecko; compatible; ClaudeBot/1.0; +claudebot@anthropic.com)"
216.73.216.162 - - [06/Sep/2025:20:59:53 +0700] "GET /gama-casino-bonusy-dlja-igrokov-2023-igrat-na/feed HTTP/1.0" 301 739 "-" "Mozilla/5.0 AppleWebKit/537.36 (KHTML, like Gecko; compatible; ClaudeBot/1.0; +claudebot@anthropic.com)"
45.117.177.72 - - [06/Sep/2025:20:59:55 +0700] "POST /wp-cron.php?doing_wp_cron=1757167195.0929400920867919921875 HTTP/1.0" 200 416 "-" "WordPress/6.8.1; https://vattusacky.vn"
216.73.216.162 - - [06/Sep/2025:20:59:53 +0700] "GET /betwinner-923 HTTP/1.0" 301 604 "-" "Mozilla/5.0 AppleWebKit/537.36 (KHTML, like Gecko; compatible; ClaudeBot/1.0; +claudebot@anthropic.com)"
216.73.216.162 - - [06/Sep/2025:20:59:55 +0700] "GET /gama-casino-bonusy-dlja-igrokov-2023-igrat-na/feed/ HTTP/1.0" 200 1646 "https://vattusacky.vn/gama-casino-bonusy-dlja-igrokov-2023-igrat-na/feed" "Mozilla/5.0 AppleWebKit/537.36 (KHTML, like Gecko; compatible; ClaudeBot/1.0; +claudebot@anthropic.com)"
216.73.216.162 - - [06/Sep/2025:20:59:55 +0700] "GET /betwinner-923/ HTTP/1.0" 200 78610 "https://vattusacky.vn/betwinner-923" "Mozilla/5.0 AppleWebKit/537.36 (KHTML, like Gecko; compatible; ClaudeBot/1.0; +claudebot@anthropic.com)"
216.73.216.162 - - [06/Sep/2025:20:59:57 +0700] "GET /betwinner-1123 HTTP/1.0" 301 459 "-" "Mozilla/5.0 AppleWebKit/537.36 (KHTML, like Gecko; compatible; ClaudeBot/1.0; +claudebot@anthropic.com)"
216.73.216.162 - - [06/Sep/2025:20:59:57 +0700] "GET /leo-vegas-leonia-holistic-destination-thimmaipally-hyderabad-finger-food-july-2023 HTTP/1.0" 301 527 "-" "Mozilla/5.0 AppleWebKit/537.36 (KHTML, like Gecko; compatible; ClaudeBot/1.0; +claudebot@anthropic.com)"
216.73.216.162 - - [06/Sep/2025:20:59:58 +0700] "GET /betwinner-1123/ HTTP/1.0" 200 78589 "https://vattusacky.vn/betwinner-1123" "Mozilla/5.0 AppleWebKit/537.36 (KHTML, like Gecko; compatible; ClaudeBot/1.0; +claudebot@anthropic.com)"
216.73.216.162 - - [06/Sep/2025:20:59:58 +0700] "GET /leo-vegas-leonia-holistic-destination-thimmaipally-hyderabad-finger-food-july-2023/ HTTP/1.0" 200 223301 "https://vattusacky.vn/leo-vegas-leonia-holistic-destination-thimmaipally-hyderabad-finger-food-july-2023" "Mozilla/5.0 AppleWebKit/537.36 (KHTML, like Gecko; compatible; ClaudeBot/1.0; +claudebot@anthropic.com)"
216.73.216.162 - - [06/Sep/2025:21:00:00 +0700] "GET /leovegas-kom-igaang-blixtsnabbt-med-mobilt-bankid HTTP/1.0" 301 494 "-" "Mozilla/5.0 AppleWebKit/537.36 (KHTML, like Gecko; compatible; ClaudeBot/1.0; +claudebot@anthropic.com)"
216.73.216.162 - - [06/Sep/2025:21:00:01 +0700] "GET /leovegas-kom-igaang-blixtsnabbt-med-mobilt-bankid/ HTTP/1.0" 200 87602 "https://vattusacky.vn/leovegas-kom-igaang-blixtsnabbt-med-mobilt-bankid" "Mozilla/5.0 AppleWebKit/537.36 (KHTML, like Gecko; compatible; ClaudeBot/1.0; +claudebot@anthropic.com)"
45.117.177.72 - - [06/Sep/2025:21:00:20 +0700] "POST /wp-cron.php?doing_wp_cron=1757167220.5993390083312988281250 HTTP/1.0" 200 416 "-" "WordPress/6.8.1; https://vattusacky.vn"
20.171.207.79 - - [06/Sep/2025:21:00:19 +0700] "GET /omegle-and-online-privacy-what-you-need-to-know/ HTTP/1.0" 200 89456 "-" "Mozilla/5.0 AppleWebKit/537.36 (KHTML, like Gecko; compatible; GPTBot/1.2; +https://openai.com/gptbot)"
216.73.216.162 - - [06/Sep/2025:21:00:54 +0700] "GET /the-right-way-to-get-a-email-order-star-of-the-event-in-9-steps-get-a-bride-designed-for-joyful-existence HTTP/1.0" 301 696 "-" "Mozilla/5.0 AppleWebKit/537.36 (KHTML, like Gecko; compatible; ClaudeBot/1.0; +claudebot@anthropic.com)"
45.117.177.72 - - [06/Sep/2025:21:00:55 +0700] "POST /wp-cron.php?doing_wp_cron=1757167255.2331030368804931640625 HTTP/1.0" 200 416 "-" "WordPress/6.8.1; https://vattusacky.vn"
216.73.216.162 - - [06/Sep/2025:21:00:54 +0700] "GET /category/education/feed HTTP/1.0" 301 666 "-" "Mozilla/5.0 AppleWebKit/537.36 (KHTML, like Gecko; compatible; ClaudeBot/1.0; +claudebot@anthropic.com)"
216.73.216.162 - - [06/Sep/2025:21:00:55 +0700] "GET /the-right-way-to-get-a-email-order-star-of-the-event-in-9-steps-get-a-bride-designed-for-joyful-existence/ HTTP/1.0" 200 212028 "https://vattusacky.vn/the-right-way-to-get-a-email-order-star-of-the-event-in-9-steps-get-a-bride-designed-for-joyful-existence" "Mozilla/5.0 AppleWebKit/537.36 (KHTML, like Gecko; compatible; ClaudeBot/1.0; +claudebot@anthropic.com)"
216.73.216.162 - - [06/Sep/2025:21:00:56 +0700] "GET /category/education/feed/ HTTP/1.0" 200 195650 "https://vattusacky.vn/category/education/feed" "Mozilla/5.0 AppleWebKit/537.36 (KHTML, like Gecko; compatible; ClaudeBot/1.0; +claudebot@anthropic.com)"
216.73.216.162 - - [06/Sep/2025:21:00:57 +0700] "GET /tag/computer/feed HTTP/1.0" 301 514 "-" "Mozilla/5.0 AppleWebKit/537.36 (KHTML, like Gecko; compatible; ClaudeBot/1.0; +claudebot@anthropic.com)"
216.73.216.162 - - [06/Sep/2025:21:01:00 +0700] "GET /tag/computer/feed/ HTTP/1.0" 200 149345 "https://vattusacky.vn/tag/computer/feed" "Mozilla/5.0 AppleWebKit/537.36 (KHTML, like Gecko; compatible; ClaudeBot/1.0; +claudebot@anthropic.com)"
216.73.216.162 - - [06/Sep/2025:21:01:00 +0700] "GET /17-powerful-ways-to-learn-project-management HTTP/1.0" 301 489 "-" "Mozilla/5.0 AppleWebKit/537.36 (KHTML, like Gecko; compatible; ClaudeBot/1.0; +claudebot@anthropic.com)"
216.73.216.162 - - [06/Sep/2025:21:01:03 +0700] "GET /17-powerful-ways-to-learn-project-management/ HTTP/1.0" 200 127673 "https://vattusacky.vn/17-powerful-ways-to-learn-project-management" "Mozilla/5.0 AppleWebKit/537.36 (KHTML, like Gecko; compatible; ClaudeBot/1.0; +claudebot@anthropic.com)"
216.73.216.162 - - [06/Sep/2025:21:01:03 +0700] "GET /why-choose-nodejs-for-iot-applications HTTP/1.0" 301 483 "-" "Mozilla/5.0 AppleWebKit/537.36 (KHTML, like Gecko; compatible; ClaudeBot/1.0; +claudebot@anthropic.com)"
216.73.216.162 - - [06/Sep/2025:21:01:05 +0700] "GET /why-choose-nodejs-for-iot-applications/ HTTP/1.0" 200 89470 "https://vattusacky.vn/why-choose-nodejs-for-iot-applications" "Mozilla/5.0 AppleWebKit/537.36 (KHTML, like Gecko; compatible; ClaudeBot/1.0; +claudebot@anthropic.com)"
45.117.177.72 - - [06/Sep/2025:21:01:19 +0700] "POST /wp-cron.php?doing_wp_cron=1757167278.8766510486602783203125 HTTP/1.0" 200 416 "-" "WordPress/6.8.1; https://vattusacky.vn"
185.191.171.3 - - [06/Sep/2025:21:01:17 +0700] "GET /the-very-best-reasons-for-females-to-use-seeing-apps/ HTTP/1.0" 200 208937 "-" "Mozilla/5.0 (compatible; SemrushBot/7~bl; +http://www.semrush.com/bot.html)"
216.73.216.162 - - [06/Sep/2025:21:02:27 +0700] "GET /?p=2813 HTTP/1.0" 301 601 "-" "Mozilla/5.0 AppleWebKit/537.36 (KHTML, like Gecko; compatible; ClaudeBot/1.0; +claudebot@anthropic.com)"
45.117.177.72 - - [06/Sep/2025:21:02:28 +0700] "POST /wp-cron.php?doing_wp_cron=1757167348.3406639099121093750000 HTTP/1.0" 200 416 "-" "WordPress/6.8.1; https://vattusacky.vn"
216.73.216.162 - - [06/Sep/2025:21:02:27 +0700] "GET /fun88-unveils-a-recent-search-for-its-web-site-13 HTTP/1.0" 301 640 "-" "Mozilla/5.0 AppleWebKit/537.36 (KHTML, like Gecko; compatible; ClaudeBot/1.0; +claudebot@anthropic.com)"
216.73.216.162 - - [06/Sep/2025:21:02:28 +0700] "GET /glenjiko-3/ HTTP/1.0" 200 203102 "https://vattusacky.vn/?p=2813" "Mozilla/5.0 AppleWebKit/537.36 (KHTML, like Gecko; compatible; ClaudeBot/1.0; +claudebot@anthropic.com)"
216.73.216.162 - - [06/Sep/2025:21:02:28 +0700] "GET /fun88-unveils-a-recent-search-for-its-web-site-13/ HTTP/1.0" 200 246151 "https://vattusacky.vn/fun88-unveils-a-recent-search-for-its-web-site-13" "Mozilla/5.0 AppleWebKit/537.36 (KHTML, like Gecko; compatible; ClaudeBot/1.0; +claudebot@anthropic.com)"
216.73.216.162 - - [06/Sep/2025:21:02:30 +0700] "GET /?p=4531 HTTP/1.0" 301 489 "-" "Mozilla/5.0 AppleWebKit/537.36 (KHTML, like Gecko; compatible; ClaudeBot/1.0; +claudebot@anthropic.com)"
216.73.216.162 - - [06/Sep/2025:21:02:31 +0700] "GET /?p=4336 HTTP/1.0" 301 488 "-" "Mozilla/5.0 AppleWebKit/537.36 (KHTML, like Gecko; compatible; ClaudeBot/1.0; +claudebot@anthropic.com)"
216.73.216.162 - - [06/Sep/2025:21:02:32 +0700] "GET /kazino-vavada-top-kazino-v-internete-igrat-2/ HTTP/1.0" 200 220568 "https://vattusacky.vn/?p=4531" "Mozilla/5.0 AppleWebKit/537.36 (KHTML, like Gecko; compatible; ClaudeBot/1.0; +claudebot@anthropic.com)"
216.73.216.162 - - [06/Sep/2025:21:02:32 +0700] "GET /bahis-siteleri-guvenilir-casino-bonuslar-ve/ HTTP/1.0" 200 217745 "https://vattusacky.vn/?p=4336" "Mozilla/5.0 AppleWebKit/537.36 (KHTML, like Gecko; compatible; ClaudeBot/1.0; +claudebot@anthropic.com)"
216.73.216.162 - - [06/Sep/2025:21:02:34 +0700] "GET /melbet-app-obtain-for-android-apk-ios-in-96/feed HTTP/1.0" 301 591 "-" "Mozilla/5.0 AppleWebKit/537.36 (KHTML, like Gecko; compatible; ClaudeBot/1.0; +claudebot@anthropic.com)"
216.73.216.162 - - [06/Sep/2025:21:02:35 +0700] "GET /melbet-app-obtain-for-android-apk-ios-in-96/feed/ HTTP/1.0" 200 1611 "https://vattusacky.vn/melbet-app-obtain-for-android-apk-ios-in-96/feed" "Mozilla/5.0 AppleWebKit/537.36 (KHTML, like Gecko; compatible; ClaudeBot/1.0; +claudebot@anthropic.com)"
85.208.96.200 - - [06/Sep/2025:21:02:55 +0700] "GET /robots.txt HTTP/1.0" 200 984 "-" "Mozilla/5.0 (compatible; SemrushBot/7~bl; +http://www.semrush.com/bot.html)"
85.208.96.194 - - [06/Sep/2025:21:02:58 +0700] "GET /american-men-marrying-foreign-women/ HTTP/1.0" 200 71932 "-" "Mozilla/5.0 (compatible; SemrushBot/7~bl; +http://www.semrush.com/bot.html)"
216.73.216.162 - - [06/Sep/2025:21:03:23 +0700] "GET /?p=5550 HTTP/1.0" 301 551 "-" "Mozilla/5.0 AppleWebKit/537.36 (KHTML, like Gecko; compatible; ClaudeBot/1.0; +claudebot@anthropic.com)"
45.117.177.72 - - [06/Sep/2025:21:03:24 +0700] "POST /wp-cron.php?doing_wp_cron=1757167404.6031830310821533203125 HTTP/1.0" 200 416 "-" "WordPress/6.8.1; https://vattusacky.vn"
216.73.216.162 - - [06/Sep/2025:21:03:23 +0700] "GET /?p=4415 HTTP/1.0" 301 615 "-" "Mozilla/5.0 AppleWebKit/537.36 (KHTML, like Gecko; compatible; ClaudeBot/1.0; +claudebot@anthropic.com)"
