95.91.104.195 - - [06/Sep/2025:14:03:24 +0700] "GET /danh-muc/co-ba%CC%89n-thi-nghie%CC%A3m/may-do-do-nhot/ HTTP/1.0" 200 60100 "-" "Mozilla/5.0 (compatible; MJ12bot/v1.4.8; http://mj12bot.com/)"
95.91.104.195 - - [06/Sep/2025:14:03:28 +0700] "GET /danh-muc/co-ba%CC%89n-thi-nghie%CC%A3m/may-dong-hoa-mau/ HTTP/1.0" 200 100398 "-" "Mozilla/5.0 (compatible; MJ12bot/v1.4.8; http://mj12bot.com/)"
95.91.104.195 - - [06/Sep/2025:14:03:33 +0700] "GET /danh-muc/co-ba%CC%89n-thi-nghie%CC%A3m/may-dong-kho/ HTTP/1.0" 200 60038 "-" "Mozilla/5.0 (compatible; MJ12bot/v1.4.8; http://mj12bot.com/)"
95.91.104.195 - - [06/Sep/2025:14:03:37 +0700] "GET /danh-muc/co-ba%CC%89n-thi-nghie%CC%A3m/may-khuay-dua/ HTTP/1.0" 200 60063 "-" "Mozilla/5.0 (compatible; MJ12bot/v1.4.8; http://mj12bot.com/)"
95.91.104.195 - - [06/Sep/2025:14:03:42 +0700] "GET /danh-muc/co-ba%CC%89n-thi-nghie%CC%A3m/may-khuay-tu-gia-nhiet-va-lam-lanh/ HTTP/1.0" 200 60506 "-" "Mozilla/5.0 (compatible; MJ12bot/v1.4.8; http://mj12bot.com/)"
216.73.216.162 - - [06/Sep/2025:14:03:44 +0700] "GET /celebrating-artistic-authenticity-omegles-influence-on-creative-expression HTTP/1.0" 301 519 "-" "Mozilla/5.0 AppleWebKit/537.36 (KHTML, like Gecko; compatible; ClaudeBot/1.0; +claudebot@anthropic.com)"
95.91.104.195 - - [06/Sep/2025:14:03:46 +0700] "GET /danh-muc/co-ba%CC%89n-thi-nghie%CC%A3m/may-lac-lac-vortex/ HTTP/1.0" 200 60196 "-" "Mozilla/5.0 (compatible; MJ12bot/v1.4.8; http://mj12bot.com/)"
216.73.216.162 - - [06/Sep/2025:14:03:48 +0700] "GET /celebrating-artistic-authenticity-omegles-influence-on-creative-expression/ HTTP/1.0" 200 95005 "https://vattusacky.vn/celebrating-artistic-authenticity-omegles-influence-on-creative-expression" "Mozilla/5.0 AppleWebKit/537.36 (KHTML, like Gecko; compatible; ClaudeBot/1.0; +claudebot@anthropic.com)"
95.91.104.195 - - [06/Sep/2025:14:03:52 +0700] "GET /danh-muc/co-ba%CC%89n-thi-nghie%CC%A3m/may-loc-nuoc-sieu-sach/ HTTP/1.0" 200 60263 "-" "Mozilla/5.0 (compatible; MJ12bot/v1.4.8; http://mj12bot.com/)"
95.91.104.195 - - [06/Sep/2025:14:03:56 +0700] "GET /danh-muc/co-ba%CC%89n-thi-nghie%CC%A3m/may-ly-tam/ HTTP/1.0" 200 59978 "-" "Mozilla/5.0 (compatible; MJ12bot/v1.4.8; http://mj12bot.com/)"
95.91.104.195 - - [06/Sep/2025:14:04:01 +0700] "GET /danh-muc/co-ba%CC%89n-thi-nghie%CC%A3m/may-nghien-ma%CC%83u/ HTTP/1.0" 200 60156 "-" "Mozilla/5.0 (compatible; MJ12bot/v1.4.8; http://mj12bot.com/)"
216.73.216.162 - - [06/Sep/2025:14:04:05 +0700] "GET /aviator-video-games-and-best-aviator-betting-25/feed HTTP/1.0" 301 741 "-" "Mozilla/5.0 AppleWebKit/537.36 (KHTML, like Gecko; compatible; ClaudeBot/1.0; +claudebot@anthropic.com)"
95.91.104.195 - - [06/Sep/2025:14:04:06 +0700] "GET /danh-muc/co-ba%CC%89n-thi-nghie%CC%A3m/may-pha-loang-mau-trong-luong/ HTTP/1.0" 200 60389 "-" "Mozilla/5.0 (compatible; MJ12bot/v1.4.8; http://mj12bot.com/)"
216.73.216.162 - - [06/Sep/2025:14:04:07 +0700] "GET /aviator-video-games-and-best-aviator-betting-25/feed/ HTTP/1.0" 200 1616 "https://vattusacky.vn/aviator-video-games-and-best-aviator-betting-25/feed" "Mozilla/5.0 AppleWebKit/537.36 (KHTML, like Gecko; compatible; ClaudeBot/1.0; +claudebot@anthropic.com)"
95.91.104.195 - - [06/Sep/2025:14:04:11 +0700] "GET /danh-muc/co-ba%CC%89n-thi-nghie%CC%A3m/noi-hap-tiet-trung/ HTTP/1.0" 200 96725 "-" "Mozilla/5.0 (compatible; MJ12bot/v1.4.8; http://mj12bot.com/)"
20.171.207.79 - - [06/Sep/2025:14:04:10 +0700] "GET /the-challenge-of-balancing-privacy-and-public-engagement-on-omegle/ HTTP/1.0" 200 91366 "-" "Mozilla/5.0 AppleWebKit/537.36 (KHTML, like Gecko; compatible; GPTBot/1.2; +https://openai.com/gptbot)"
45.117.177.72 - - [06/Sep/2025:14:04:18 +0700] "POST /wp-cron.php?doing_wp_cron=1757142258.2040309906005859375000 HTTP/1.0" 200 416 "-" "WordPress/6.8.1; https://vattusacky.vn"
95.91.104.195 - - [06/Sep/2025:14:04:16 +0700] "GET /danh-muc/co-ba%CC%89n-thi-nghie%CC%A3m/page/2/ HTTP/1.0" 200 154607 "-" "Mozilla/5.0 (compatible; MJ12bot/v1.4.8; http://mj12bot.com/)"
95.91.104.195 - - [06/Sep/2025:14:04:22 +0700] "GET /danh-muc/co-ba%CC%89n-thi-nghie%CC%A3m/phan-cu%CC%A3c-ke/ HTTP/1.0" 200 60094 "-" "Mozilla/5.0 (compatible; MJ12bot/v1.4.8; http://mj12bot.com/)"
95.91.104.195 - - [06/Sep/2025:14:04:27 +0700] "GET /danh-muc/co-ba%CC%89n-thi-nghie%CC%A3m/sang-ray/ HTTP/1.0" 200 59938 "-" "Mozilla/5.0 (compatible; MJ12bot/v1.4.8; http://mj12bot.com/)"
95.91.104.195 - - [06/Sep/2025:14:04:32 +0700] "GET /danh-muc/moi-truong-dat/du%CC%A3ng-cu%CC%A3-lay-ma%CC%83u-dat-moi-truong-dat/feed/ HTTP/1.0" 200 1749602 "-" "Mozilla/5.0 (compatible; MJ12bot/v1.4.8; http://mj12bot.com/)"
95.91.104.195 - - [06/Sep/2025:14:04:46 +0700] "GET /danh-muc/phan-tich-thi-nghie%CC%A3m/feed/ HTTP/1.0" 200 1367073 "-" "Mozilla/5.0 (compatible; MJ12bot/v1.4.8; http://mj12bot.com/)"
95.91.104.195 - - [06/Sep/2025:14:05:12 +0700] "GET /danh-muc/phan-tich-thi-nghie%CC%A3m/he-thong-chung-cat-dam-kjeldahl/feed/ HTTP/1.0" 200 1035899 "-" "Mozilla/5.0 (compatible; MJ12bot/v1.4.8; http://mj12bot.com/)"
45.117.177.72 - - [06/Sep/2025:14:05:18 +0700] "POST /wp-cron.php?doing_wp_cron=1757142318.5458819866180419921875 HTTP/1.0" 200 416 "-" "WordPress/6.8.1; https://vattusacky.vn"
216.73.216.162 - - [06/Sep/2025:14:05:16 +0700] "GET /author/yanz/page/357 HTTP/1.0" 301 419 "-" "Mozilla/5.0 AppleWebKit/537.36 (KHTML, like Gecko; compatible; ClaudeBot/1.0; +claudebot@anthropic.com)"
216.73.216.162 - - [06/Sep/2025:14:05:19 +0700] "GET /author/yanz/page/357/ HTTP/1.0" 200 76299 "https://vattusacky.vn/author/yanz/page/357" "Mozilla/5.0 AppleWebKit/537.36 (KHTML, like Gecko; compatible; ClaudeBot/1.0; +claudebot@anthropic.com)"
216.73.216.162 - - [06/Sep/2025:14:05:36 +0700] "GET /the-ultimate-strategy-to-obzor-onlaynkazino-bc-games/feed HTTP/1.0" 301 746 "-" "Mozilla/5.0 AppleWebKit/537.36 (KHTML, like Gecko; compatible; ClaudeBot/1.0; +claudebot@anthropic.com)"
216.73.216.162 - - [06/Sep/2025:14:05:40 +0700] "GET /the-ultimate-strategy-to-obzor-onlaynkazino-bc-games/feed/ HTTP/1.0" 200 1625 "https://vattusacky.vn/the-ultimate-strategy-to-obzor-onlaynkazino-bc-games/feed" "Mozilla/5.0 AppleWebKit/537.36 (KHTML, like Gecko; compatible; ClaudeBot/1.0; +claudebot@anthropic.com)"
20.171.207.79 - - [06/Sep/2025:14:05:49 +0700] "GET /?p=8915 HTTP/1.0" 301 523 "-" "Mozilla/5.0 AppleWebKit/537.36 (KHTML, like Gecko; compatible; GPTBot/1.2; +https://openai.com/gptbot)"
20.171.207.79 - - [06/Sep/2025:14:05:51 +0700] "GET /the-role-of-random-chatting-in-the-digital-age-an-analysis-of-omegle-and-ometv/ HTTP/1.0" 200 91446 "-" "Mozilla/5.0 AppleWebKit/537.36 (KHTML, like Gecko; compatible; GPTBot/1.2; +https://openai.com/gptbot)"
45.117.177.72 - - [06/Sep/2025:14:06:30 +0700] "POST /wp-cron.php?doing_wp_cron=1757142390.5327069759368896484375 HTTP/1.0" 200 416 "-" "WordPress/6.8.1; https://vattusacky.vn"
95.91.104.195 - - [06/Sep/2025:14:06:27 +0700] "GET /danh-muc/phan-tich-thi-nghie%CC%A3m/may-quang-pho-tu-ngoai-kha-kien-uv-vis/feed/ HTTP/1.0" 200 1763261 "-" "Mozilla/5.0 (compatible; MJ12bot/v1.4.8; http://mj12bot.com/)"
95.91.104.195 - - [06/Sep/2025:14:06:43 +0700] "GET /danh-muc/thiet-bi%CC%A3-do-luong/feed/ HTTP/1.0" 200 1612816 "-" "Mozilla/5.0 (compatible; MJ12bot/v1.4.8; http://mj12bot.com/)"
216.73.216.162 - - [06/Sep/2025:14:06:48 +0700] "GET /author/yanz/page/367 HTTP/1.0" 301 419 "-" "Mozilla/5.0 AppleWebKit/537.36 (KHTML, like Gecko; compatible; ClaudeBot/1.0; +claudebot@anthropic.com)"
216.73.216.162 - - [06/Sep/2025:14:06:51 +0700] "GET /author/yanz/page/367/ HTTP/1.0" 200 141426 "https://vattusacky.vn/author/yanz/page/367" "Mozilla/5.0 AppleWebKit/537.36 (KHTML, like Gecko; compatible; ClaudeBot/1.0; +claudebot@anthropic.com)"
95.91.104.195 - - [06/Sep/2025:14:07:00 +0700] "GET /danh-muc/thiet-bi%CC%A3-do-luong/do-chat-luong-khi-trong-phong-iaq/ HTTP/1.0" 200 60371 "-" "Mozilla/5.0 (compatible; MJ12bot/v1.4.8; http://mj12bot.com/)"
95.91.104.195 - - [06/Sep/2025:14:07:04 +0700] "GET /danh-muc/thiet-bi%CC%A3-do-luong/do-phong-xa-dien-tu-truong/ HTTP/1.0" 200 98160 "-" "Mozilla/5.0 (compatible; MJ12bot/v1.4.8; http://mj12bot.com/)"
95.91.104.195 - - [06/Sep/2025:14:07:09 +0700] "GET /danh-muc/thiet-bi%CC%A3-do-luong/khuc-xa-ke-do-do-man/ HTTP/1.0" 200 60179 "-" "Mozilla/5.0 (compatible; MJ12bot/v1.4.8; http://mj12bot.com/)"
95.91.104.195 - - [06/Sep/2025:14:07:15 +0700] "GET /danh-muc/thiet-bi%CC%A3-do-luong/kiem-tra-bang-hat-tu/ HTTP/1.0" 200 60127 "-" "Mozilla/5.0 (compatible; MJ12bot/v1.4.8; http://mj12bot.com/)"
45.117.177.72 - - [06/Sep/2025:14:07:26 +0700] "POST /wp-cron.php?doing_wp_cron=1757142446.6503589153289794921875 HTTP/1.0" 200 416 "-" "WordPress/6.8.1; https://vattusacky.vn"
95.91.104.195 - - [06/Sep/2025:14:07:25 +0700] "GET /danh-muc/thiet-bi%CC%A3-do-luong/kiem-tra-khuyet-tat-bang-x-ray/ HTTP/1.0" 200 60307 "-" "Mozilla/5.0 (compatible; MJ12bot/v1.4.8; http://mj12bot.com/)"
95.91.104.195 - - [06/Sep/2025:14:07:29 +0700] "GET /danh-muc/thiet-bi%CC%A3-do-luong/kiem-tra-khuyet-tat-sieu-am/ HTTP/1.0" 200 60258 "-" "Mozilla/5.0 (compatible; MJ12bot/v1.4.8; http://mj12bot.com/)"
95.91.104.195 - - [06/Sep/2025:14:07:33 +0700] "GET /danh-muc/thiet-bi%CC%A3-do-luong/may-do-buc-xa-nhiet/ HTTP/1.0" 200 60114 "-" "Mozilla/5.0 (compatible; MJ12bot/v1.4.8; http://mj12bot.com/)"
20.171.207.79 - - [06/Sep/2025:14:07:34 +0700] "GET /text-chat-privacy-settings-ometvs-anonymity-options/ HTTP/1.0" 200 88447 "-" "Mozilla/5.0 AppleWebKit/537.36 (KHTML, like Gecko; compatible; GPTBot/1.2; +https://openai.com/gptbot)"
95.91.104.195 - - [06/Sep/2025:14:07:38 +0700] "GET /danh-muc/thiet-bi%CC%A3-do-luong/may-do-do-bong/ HTTP/1.0" 200 60010 "-" "Mozilla/5.0 (compatible; MJ12bot/v1.4.8; http://mj12bot.com/)"
216.73.216.162 - - [06/Sep/2025:14:07:45 +0700] "GET /obzor-getx-2023-jeto-krash-igra-novogo-pokolenija HTTP/1.0" 301 640 "-" "Mozilla/5.0 AppleWebKit/537.36 (KHTML, like Gecko; compatible; ClaudeBot/1.0; +claudebot@anthropic.com)"
95.91.104.195 - - [06/Sep/2025:14:07:46 +0700] "GET /danh-muc/thiet-bi%CC%A3-do-luong/may-do-do-cung-cam-tay/ HTTP/1.0" 200 60180 "-" "Mozilla/5.0 (compatible; MJ12bot/v1.4.8; http://mj12bot.com/)"
216.73.216.162 - - [06/Sep/2025:14:07:47 +0700] "GET /obzor-getx-2023-jeto-krash-igra-novogo-pokolenija/ HTTP/1.0" 200 243262 "https://vattusacky.vn/obzor-getx-2023-jeto-krash-igra-novogo-pokolenija" "Mozilla/5.0 AppleWebKit/537.36 (KHTML, like Gecko; compatible; ClaudeBot/1.0; +claudebot@anthropic.com)"
95.91.104.195 - - [06/Sep/2025:14:07:50 +0700] "GET /danh-muc/thiet-bi%CC%A3-do-luong/may-do-do-day-bang-sieu-am/ HTTP/1.0" 200 60269 "-" "Mozilla/5.0 (compatible; MJ12bot/v1.4.8; http://mj12bot.com/)"
95.91.104.195 - - [06/Sep/2025:14:07:55 +0700] "GET /danh-muc/thiet-bi%CC%A3-do-luong/may-do-do-day-lop-phu/ HTTP/1.0" 200 60174 "-" "Mozilla/5.0 (compatible; MJ12bot/v1.4.8; http://mj12bot.com/)"
95.91.104.195 - - [06/Sep/2025:14:08:04 +0700] "GET /danh-muc/thiet-bi%CC%A3-do-luong/may-do-do-nham-be-mat/ HTTP/1.0" 200 60174 "-" "Mozilla/5.0 (compatible; MJ12bot/v1.4.8; http://mj12bot.com/)"
95.91.104.195 - - [06/Sep/2025:14:08:08 +0700] "GET /danh-muc/thiet-bi%CC%A3-do-luong/may-do-do-on/ HTTP/1.0" 200 110024 "-" "Mozilla/5.0 (compatible; MJ12bot/v1.4.8; http://mj12bot.com/)"
95.91.104.195 - - [06/Sep/2025:14:08:13 +0700] "GET /danh-muc/thiet-bi%CC%A3-do-luong/may-do-do-rung/ HTTP/1.0" 200 74665 "-" "Mozilla/5.0 (compatible; MJ12bot/v1.4.8; http://mj12bot.com/)"
45.117.177.72 - - [06/Sep/2025:14:08:20 +0700] "POST /wp-cron.php?doing_wp_cron=1757142500.1599409580230712890625 HTTP/1.0" 200 416 "-" "WordPress/6.8.1; https://vattusacky.vn"
95.91.104.195 - - [06/Sep/2025:14:08:18 +0700] "GET /danh-muc/thiet-bi%CC%A3-do-luong/may-do-khuyet-tat-lop-son/ HTTP/1.0" 200 60234 "-" "Mozilla/5.0 (compatible; MJ12bot/v1.4.8; http://mj12bot.com/)"
95.91.104.195 - - [06/Sep/2025:14:08:23 +0700] "GET /danh-muc/thiet-bi%CC%A3-do-luong/may-do-kiem-tra-do-cung/ HTTP/1.0" 200 60233 "-" "Mozilla/5.0 (compatible; MJ12bot/v1.4.8; http://mj12bot.com/)"
95.91.104.195 - - [06/Sep/2025:14:08:28 +0700] "GET /danh-muc/thiet-bi%CC%A3-do-luong/may-do-nhiet-do-do-am/ HTTP/1.0" 200 69476 "-" "Mozilla/5.0 (compatible; MJ12bot/v1.4.8; http://mj12bot.com/)"
95.91.104.195 - - [06/Sep/2025:14:08:34 +0700] "GET /danh-muc/thiet-bi%CC%A3-do-luong/may-do-toc-do-gio/ HTTP/1.0" 200 60083 "-" "Mozilla/5.0 (compatible; MJ12bot/v1.4.8; http://mj12bot.com/)"
216.73.216.162 - - [06/Sep/2025:14:08:38 +0700] "GET /category/dating-foreign-women/feed HTTP/1.0" 301 677 "-" "Mozilla/5.0 AppleWebKit/537.36 (KHTML, like Gecko; compatible; ClaudeBot/1.0; +claudebot@anthropic.com)"
45.117.177.72 - - [06/Sep/2025:14:08:42 +0700] "POST /wp-cron.php?doing_wp_cron=1757142522.2382240295410156250000 HTTP/1.0" 200 416 "-" "WordPress/6.8.1; https://vattusacky.vn"
95.91.104.195 - - [06/Sep/2025:14:08:40 +0700] "GET /danh-muc/thiet-bi%CC%A3-do-luong/may-do-vi-khi-hau/ HTTP/1.0" 200 60052 "-" "Mozilla/5.0 (compatible; MJ12bot/v1.4.8; http://mj12bot.com/)"
216.73.216.162 - - [06/Sep/2025:14:08:40 +0700] "GET /category/dating-foreign-women/feed/ HTTP/1.0" 200 147498 "https://vattusacky.vn/category/dating-foreign-women/feed" "Mozilla/5.0 AppleWebKit/537.36 (KHTML, like Gecko; compatible; ClaudeBot/1.0; +claudebot@anthropic.com)"
95.91.104.195 - - [06/Sep/2025:14:08:45 +0700] "GET /danh-muc/thiet-bi%CC%A3-do-luong/nhiet-ke-hong-ngoai/ HTTP/1.0" 200 60109 "-" "Mozilla/5.0 (compatible; MJ12bot/v1.4.8; http://mj12bot.com/)"
45.117.177.72 - - [06/Sep/2025:14:08:53 +0700] "POST /wp-cron.php?doing_wp_cron=1757142533.4931869506835937500000 HTTP/1.0" 200 416 "-" "WordPress/6.8.1; https://vattusacky.vn"
95.91.104.195 - - [06/Sep/2025:14:08:52 +0700] "GET /danh-muc/thiet-bi%CC%A3-do-luong/sung-ban-be-tong-sung-bat-nay/ HTTP/1.0" 200 60353 "-" "Mozilla/5.0 (compatible; MJ12bot/v1.4.8; http://mj12bot.com/)"
95.91.104.195 - - [06/Sep/2025:14:09:01 +0700] "GET /indikatory-billa-vil%D1%8Cjamsa-indikatory-indikatory-i/ HTTP/1.0" 200 261954 "-" "Mozilla/5.0 (compatible; MJ12bot/v1.4.8; http://mj12bot.com/)"
95.91.104.195 - - [06/Sep/2025:14:09:06 +0700] "GET /kak-snjat%D1%8C-den%D1%8Cgi-s-vklada-v-sberbanke-i-mozhno-li/ HTTP/1.0" 200 232634 "-" "Mozilla/5.0 (compatible; MJ12bot/v1.4.8; http://mj12bot.com/)"
95.91.104.195 - - [06/Sep/2025:14:09:14 +0700] "GET /kak-sozdat%D1%8C-ideal%D1%8Cnoe-cv-dlja-it-specialista/ HTTP/1.0" 200 351624 "-" "Mozilla/5.0 (compatible; MJ12bot/v1.4.8; http://mj12bot.com/)"
20.171.207.79 - - [06/Sep/2025:14:09:14 +0700] "GET /privacy-and-safety-precautions-ensuring-a-secure-environment-on-omegle/ HTTP/1.0" 200 83263 "-" "Mozilla/5.0 AppleWebKit/537.36 (KHTML, like Gecko; compatible; GPTBot/1.2; +https://openai.com/gptbot)"
45.117.177.72 - - [06/Sep/2025:14:09:23 +0700] "POST /wp-cron.php?doing_wp_cron=1757142563.5305140018463134765625 HTTP/1.0" 200 416 "-" "WordPress/6.8.1; https://vattusacky.vn"
95.91.104.195 - - [06/Sep/2025:14:09:21 +0700] "GET /ll-codigo-promocional-1xbet-%EF%B8%8F-bono-de-bienvenida-1xbet-2023-17/ HTTP/1.0" 200 88859 "-" "Mozilla/5.0 (compatible; MJ12bot/v1.4.8; http://mj12bot.com/)"
95.91.104.195 - - [06/Sep/2025:14:09:26 +0700] "GET /missija-kompanii-kak-ejo-sozdat%D1%8C-primery-izvestnyh/ HTTP/1.0" 200 282739 "-" "Mozilla/5.0 (compatible; MJ12bot/v1.4.8; http://mj12bot.com/)"
95.91.104.195 - - [06/Sep/2025:14:09:42 +0700] "GET /mobil%D1%8Cnye-kriptokoshel%D1%8Cki-top-10-luchshih/ HTTP/1.0" 200 216618 "-" "Mozilla/5.0 (compatible; MJ12bot/v1.4.8; http://mj12bot.com/)"
95.91.104.195 - - [06/Sep/2025:14:09:47 +0700] "GET /refused-by-every-lady-tips-change-situations-arounda%C2%80%C2%A6/ HTTP/1.0" 200 211636 "-" "Mozilla/5.0 (compatible; MJ12bot/v1.4.8; http://mj12bot.com/)"
95.91.104.195 - - [06/Sep/2025:14:09:54 +0700] "GET /san-pham/bo-dung-cu-lay-mau-dat-2%C2%BC-co-ky-hieu-signature-soil-sampler-kit/ HTTP/1.0" 200 329788 "-" "Mozilla/5.0 (compatible; MJ12bot/v1.4.8; http://mj12bot.com/)"
95.91.104.195 - - [06/Sep/2025:14:10:08 +0700] "GET /san-pham/bo-dung-cu-lay-mau-dat-3%C2%BC-soil-sampler-kit/ HTTP/1.0" 200 329148 "-" "Mozilla/5.0 (compatible; MJ12bot/v1.4.8; http://mj12bot.com/)"
95.91.104.195 - - [06/Sep/2025:14:10:14 +0700] "GET /san-pham/thiet-bi-lay-mau-bui-pm10-pm2-5-pm1-0-1-5-%C3%B7-5-5-m3h/ HTTP/1.0" 200 512824 "-" "Mozilla/5.0 (compatible; MJ12bot/v1.4.8; http://mj12bot.com/)"
45.117.177.72 - - [06/Sep/2025:14:10:20 +0700] "POST /wp-cron.php?doing_wp_cron=1757142619.9234371185302734375000 HTTP/1.0" 200 416 "-" "WordPress/6.8.1; https://vattusacky.vn"
216.73.216.162 - - [06/Sep/2025:14:10:18 +0700] "GET /1xbet-india-277/feed HTTP/1.0" 301 709 "-" "Mozilla/5.0 AppleWebKit/537.36 (KHTML, like Gecko; compatible; ClaudeBot/1.0; +claudebot@anthropic.com)"
216.73.216.162 - - [06/Sep/2025:14:10:20 +0700] "GET /1xbet-india-277/feed/ HTTP/1.0" 200 1492 "https://vattusacky.vn/1xbet-india-277/feed" "Mozilla/5.0 AppleWebKit/537.36 (KHTML, like Gecko; compatible; ClaudeBot/1.0; +claudebot@anthropic.com)"
95.91.104.195 - - [06/Sep/2025:14:10:20 +0700] "GET /san-pham/thiet-bi-lay-mau-bui-pm10-pm2-5-pm1-0-1-5-%C3%B7-5-5-m3h-2/ HTTP/1.0" 200 513230 "-" "Mozilla/5.0 (compatible; MJ12bot/v1.4.8; http://mj12bot.com/)"
95.91.104.195 - - [06/Sep/2025:14:10:28 +0700] "GET /skil%D1%8Cki-zarobljae-programist-v-ukraini/ HTTP/1.0" 200 180216 "-" "Mozilla/5.0 (compatible; MJ12bot/v1.4.8; http://mj12bot.com/)"
95.91.104.195 - - [06/Sep/2025:14:10:34 +0700] "GET /svechnye-patterny-kak-povysit%D1%8C-tochnost%D1%8C-svechnyh/ HTTP/1.0" 200 228241 "-" "Mozilla/5.0 (compatible; MJ12bot/v1.4.8; http://mj12bot.com/)"
95.91.104.195 - - [06/Sep/2025:14:10:47 +0700] "GET /trader-perevod-na-russkij-slovar%D1%8C-ital%D1%8Cjanskij/ HTTP/1.0" 200 227964 "-" "Mozilla/5.0 (compatible; MJ12bot/v1.4.8; http://mj12bot.com/)"
95.91.104.195 - - [06/Sep/2025:14:10:52 +0700] "GET /%D0%B0%D0%BF%D0%BF%D0%B0%D1%80%D0%B0%D1%82-%D1%81-%D0%B2%D1%8B%D0%B4%D0%B0%D1%87%D0%B5%D0%B9-%D0%BF%D1%80%D0%B8%D0%B7%D0%BE%D0%B2-lucky-streak-unis-%D0%BA%D0%B8%D1%82%D0%B0%D0%B9-%D0%BA%D1%83%D0%BF/ HTTP/1.0" 200 224772 "-" "Mozilla/5.0 (compatible; MJ12bot/v1.4.8; http://mj12bot.com/)"
95.91.104.195 - - [06/Sep/2025:14:10:57 +0700] "GET /%D0%BF%D1%80%D0%BE%D0%B5%D0%BA%D1%82%D1%8B-%D0%B4%D0%B5%D1%80%D0%B5%D0%B2%D1%8F%D0%BD%D0%BD%D1%8B%D1%85-%D0%B4%D0%BE%D0%BC%D0%BE%D0%B2-%D0%B7%D0%B0%D0%B3%D0%BE%D1%80%D0%BE%D0%B4%D0%BD%D1%8B%D0%B5/ HTTP/1.0" 200 167031 "-" "Mozilla/5.0 (compatible; MJ12bot/v1.4.8; http://mj12bot.com/)"
185.191.171.2 - - [06/Sep/2025:14:11:00 +0700] "GET /robots.txt HTTP/1.0" 200 984 "-" "Mozilla/5.0 (compatible; SemrushBot/7~bl; +http://www.semrush.com/bot.html)"
185.191.171.11 - - [06/Sep/2025:14:11:03 +0700] "GET /category/uncategorized/page/92/ HTTP/1.0" 200 75740 "-" "Mozilla/5.0 (compatible; SemrushBot/7~bl; +http://www.semrush.com/bot.html)"
95.91.104.195 - - [06/Sep/2025:14:11:02 +0700] "GET /%D1%81%D0%BA%D0%B0%D1%87%D0%B0%D1%82%D1%8C-1xbet-kz-%D0%BC%D0%BE%D0%B1%D0%B8%D0%BB%D1%8C%D0%BD%D0%B0%D1%8F-%D0%B2%D0%B5%D1%80%D1%81%D0%B8%D1%8F-1%D1%85%D0%B1%D0%B5%D1%82-%D0%BD%D0%B0-%D0%B0%D0%BD/ HTTP/1.0" 200 114086 "-" "Mozilla/5.0 (compatible; MJ12bot/v1.4.8; http://mj12bot.com/)"
95.91.104.195 - - [06/Sep/2025:14:11:08 +0700] "GET /%F0%9F%8E%B0-situs-slot-hari-ini-terbaik-terpercaya-2025-gampang-menang-besar-selalu-update-game-terbaru/ HTTP/1.0" 200 70119 "-" "Mozilla/5.0 (compatible; MJ12bot/v1.4.8; http://mj12bot.com/)"
217.113.194.72 - - [06/Sep/2025:14:11:10 +0700] "GET /exploring-the-dark-side-of-omegle-protecting-yourself-in-omegle-chronicles/ HTTP/1.0" 200 92421 "-" "Mozilla/5.0 (compatible; Barkrowler/0.9; +https://babbar.tech/crawler)"
45.117.177.72 - - [06/Sep/2025:14:11:19 +0700] "POST /wp-cron.php?doing_wp_cron=1757142679.3498990535736083984375 HTTP/1.0" 200 416 "-" "WordPress/6.8.1; https://vattusacky.vn"
216.73.216.162 - - [06/Sep/2025:14:11:16 +0700] "GET /category/ukrainian-wife-finder HTTP/1.0" 301 575 "-" "Mozilla/5.0 AppleWebKit/537.36 (KHTML, like Gecko; compatible; ClaudeBot/1.0; +claudebot@anthropic.com)"
216.73.216.162 - - [06/Sep/2025:14:11:20 +0700] "GET /category/ukrainian-wife-finder/ HTTP/1.0" 200 58772 "https://vattusacky.vn/category/ukrainian-wife-finder" "Mozilla/5.0 AppleWebKit/537.36 (KHTML, like Gecko; compatible; ClaudeBot/1.0; +claudebot@anthropic.com)"
20.171.207.79 - - [06/Sep/2025:14:11:27 +0700] "GET /?p=8352 HTTP/1.0" 301 657 "-" "Mozilla/5.0 AppleWebKit/537.36 (KHTML, like Gecko; compatible; GPTBot/1.2; +https://openai.com/gptbot)"
20.171.207.79 - - [06/Sep/2025:14:11:30 +0700] "GET /the-challenge-of-balancing-privacy-and-public-engagement-on-omegle/ HTTP/1.0" 200 91220 "-" "Mozilla/5.0 AppleWebKit/537.36 (KHTML, like Gecko; compatible; GPTBot/1.2; +https://openai.com/gptbot)"
217.113.194.218 - - [06/Sep/2025:14:11:33 +0700] "GET /exploring-the-role-of-omegle-in-forming-global-connections-and-friendships/feed/ HTTP/1.0" 200 1819 "-" "Mozilla/5.0 (compatible; Barkrowler/0.9; +https://babbar.tech/crawler)"
217.113.194.81 - - [06/Sep/2025:14:11:55 +0700] "GET /exploring-the-role-of-chance-encounters-in-personal-growth-and-self-discovery/feed/ HTTP/1.0" 200 1828 "-" "Mozilla/5.0 (compatible; Barkrowler/0.9; +https://babbar.tech/crawler)"
216.73.216.162 - - [06/Sep/2025:14:12:12 +0700] "GET /?p=10324 HTTP/1.0" 301 640 "-" "Mozilla/5.0 AppleWebKit/537.36 (KHTML, like Gecko; compatible; ClaudeBot/1.0; +claudebot@anthropic.com)"
216.73.216.162 - - [06/Sep/2025:14:12:14 +0700] "GET /earning-a-six-figure-income-from-bilet-na-avtobus/ HTTP/1.0" 200 108594 "https://vattusacky.vn/?p=10324" "Mozilla/5.0 AppleWebKit/537.36 (KHTML, like Gecko; compatible; ClaudeBot/1.0; +claudebot@anthropic.com)"
45.117.177.72 - - [06/Sep/2025:14:12:18 +0700] "POST /wp-cron.php?doing_wp_cron=1757142737.8168439865112304687500 HTTP/1.0" 200 416 "-" "WordPress/6.8.1; https://vattusacky.vn"
217.113.194.78 - - [06/Sep/2025:14:12:16 +0700] "GET /the-power-of-connection-on-omegle-how-users-form-meaningful-bonds/feed/ HTTP/1.0" 200 1792 "-" "Mozilla/5.0 (compatible; Barkrowler/0.9; +https://babbar.tech/crawler)"
45.117.177.72 - - [06/Sep/2025:14:12:37 +0700] "POST /wp-cron.php?doing_wp_cron=1757142757.2181289196014404296875 HTTP/1.0" 200 416 "-" "WordPress/6.8.1; https://vattusacky.vn"
20.171.207.79 - - [06/Sep/2025:14:12:35 +0700] "GET /?p=8431 HTTP/1.0" 301 496 "-" "Mozilla/5.0 AppleWebKit/537.36 (KHTML, like Gecko; compatible; GPTBot/1.2; +https://openai.com/gptbot)"
20.171.207.79 - - [06/Sep/2025:14:12:37 +0700] "GET /the-ethics-of-virtual-connections-privacy-on-omegle/ HTTP/1.0" 200 90182 "-" "Mozilla/5.0 AppleWebKit/537.36 (KHTML, like Gecko; compatible; GPTBot/1.2; +https://openai.com/gptbot)"
217.113.194.76 - - [06/Sep/2025:14:12:39 +0700] "GET /the-power-of-vulnerability-in-forging-connections-on-omegles-social-experiment/feed/ HTTP/1.0" 200 1831 "-" "Mozilla/5.0 (compatible; Barkrowler/0.9; +https://babbar.tech/crawler)"
217.113.194.74 - - [06/Sep/2025:14:12:58 +0700] "GET /the-power-of-vulnerability-in-omegle-conversations-building-trust-and-connection/feed/ HTTP/1.0" 200 1837 "-" "Mozilla/5.0 (compatible; Barkrowler/0.9; +https://babbar.tech/crawler)"
45.117.177.72 - - [06/Sep/2025:14:13:21 +0700] "POST /wp-cron.php?doing_wp_cron=1757142800.7613809108734130859375 HTTP/1.0" 200 416 "-" "WordPress/6.8.1; https://vattusacky.vn"
217.113.194.217 - - [06/Sep/2025:14:13:19 +0700] "GET /xem-tien-trinh-cai-gapvay-dat-phu-hop-voi-ban/ HTTP/1.0" 200 208758 "-" "Mozilla/5.0 (compatible; Barkrowler/0.9; +https://babbar.tech/crawler)"
216.73.216.162 - - [06/Sep/2025:14:13:23 +0700] "GET /?p=2523 HTTP/1.0" 301 493 "-" "Mozilla/5.0 AppleWebKit/537.36 (KHTML, like Gecko; compatible; ClaudeBot/1.0; +claudebot@anthropic.com)"
216.73.216.162 - - [06/Sep/2025:14:13:25 +0700] "GET /poker-gratuit-poker-en-ligne-gratuit-jouer-au-15/ HTTP/1.0" 200 264820 "https://vattusacky.vn/?p=2523" "Mozilla/5.0 AppleWebKit/537.36 (KHTML, like Gecko; compatible; ClaudeBot/1.0; +claudebot@anthropic.com)"
20.171.207.79 - - [06/Sep/2025:14:13:35 +0700] "GET /the-ethics-of-serendipity-balancing-privacy-and-connection-on-omegle-and-ometv/ HTTP/1.0" 200 91518 "-" "Mozilla/5.0 AppleWebKit/537.36 (KHTML, like Gecko; compatible; GPTBot/1.2; +https://openai.com/gptbot)"
217.113.194.73 - - [06/Sep/2025:14:13:46 +0700] "GET /authenticity-and-genuineness-video-vs-text-on-omegle-and-ometv/ HTTP/1.0" 200 90829 "-" "Mozilla/5.0 (compatible; Barkrowler/0.9; +https://babbar.tech/crawler)"
217.113.194.75 - - [06/Sep/2025:14:14:12 +0700] "GET /showcasing-creativity-inspiring-artistic-talents-on-omegle-and-ometv/ HTTP/1.0" 200 93560 "-" "Mozilla/5.0 (compatible; Barkrowler/0.9; +https://babbar.tech/crawler)"
45.117.177.72 - - [06/Sep/2025:14:14:22 +0700] "POST /wp-cron.php?doing_wp_cron=1757142862.2426049709320068359375 HTTP/1.0" 200 416 "-" "WordPress/6.8.1; https://vattusacky.vn"
216.73.216.162 - - [06/Sep/2025:14:14:20 +0700] "GET /1xbet-app-download-for-android-apk-ios-free-2023-47/feed HTTP/1.0" 301 745 "-" "Mozilla/5.0 AppleWebKit/537.36 (KHTML, like Gecko; compatible; ClaudeBot/1.0; +claudebot@anthropic.com)"
216.73.216.162 - - [06/Sep/2025:14:14:20 +0700] "GET /author/yanz/page/421 HTTP/1.0" 301 565 "-" "Mozilla/5.0 AppleWebKit/537.36 (KHTML, like Gecko; compatible; ClaudeBot/1.0; +claudebot@anthropic.com)"
216.73.216.162 - - [06/Sep/2025:14:14:23 +0700] "GET /1xbet-app-download-for-android-apk-ios-free-2023-47/feed/ HTTP/1.0" 200 1608 "https://vattusacky.vn/1xbet-app-download-for-android-apk-ios-free-2023-47/feed" "Mozilla/5.0 AppleWebKit/537.36 (KHTML, like Gecko; compatible; ClaudeBot/1.0; +claudebot@anthropic.com)"
216.73.216.162 - - [06/Sep/2025:14:14:23 +0700] "GET /author/yanz/page/421/ HTTP/1.0" 200 189498 "https://vattusacky.vn/author/yanz/page/421" "Mozilla/5.0 AppleWebKit/537.36 (KHTML, like Gecko; compatible; ClaudeBot/1.0; +claudebot@anthropic.com)"
216.73.216.162 - - [06/Sep/2025:14:14:25 +0700] "GET /author/yanz/page/419 HTTP/1.0" 301 419 "-" "Mozilla/5.0 AppleWebKit/537.36 (KHTML, like Gecko; compatible; ClaudeBot/1.0; +claudebot@anthropic.com)"
216.73.216.162 - - [06/Sep/2025:14:14:27 +0700] "GET /author/yanz/page/374 HTTP/1.0" 301 419 "-" "Mozilla/5.0 AppleWebKit/537.36 (KHTML, like Gecko; compatible; ClaudeBot/1.0; +claudebot@anthropic.com)"
216.73.216.162 - - [06/Sep/2025:14:14:27 +0700] "GET /author/yanz/page/419/ HTTP/1.0" 200 77493 "https://vattusacky.vn/author/yanz/page/419" "Mozilla/5.0 AppleWebKit/537.36 (KHTML, like Gecko; compatible; ClaudeBot/1.0; +claudebot@anthropic.com)"
216.73.216.162 - - [06/Sep/2025:14:14:30 +0700] "GET /author/yanz/page/374/ HTTP/1.0" 200 155182 "https://vattusacky.vn/author/yanz/page/374" "Mozilla/5.0 AppleWebKit/537.36 (KHTML, like Gecko; compatible; ClaudeBot/1.0; +claudebot@anthropic.com)"
216.73.216.162 - - [06/Sep/2025:14:14:31 +0700] "GET /author/yanz/page/430 HTTP/1.0" 301 419 "-" "Mozilla/5.0 AppleWebKit/537.36 (KHTML, like Gecko; compatible; ClaudeBot/1.0; +claudebot@anthropic.com)"
216.73.216.162 - - [06/Sep/2025:14:14:33 +0700] "GET /what-you-need-to-know-about-the-advantages-of-online-casino-advantages HTTP/1.0" 301 469 "-" "Mozilla/5.0 AppleWebKit/537.36 (KHTML, like Gecko; compatible; ClaudeBot/1.0; +claudebot@anthropic.com)"
216.73.216.162 - - [06/Sep/2025:14:14:33 +0700] "GET /author/yanz/page/430/ HTTP/1.0" 200 110144 "https://vattusacky.vn/author/yanz/page/430" "Mozilla/5.0 AppleWebKit/537.36 (KHTML, like Gecko; compatible; ClaudeBot/1.0; +claudebot@anthropic.com)"
216.73.216.162 - - [06/Sep/2025:14:14:35 +0700] "GET /what-you-need-to-know-about-the-advantages-of-online-casino-advantages/ HTTP/1.0" 200 209067 "https://vattusacky.vn/what-you-need-to-know-about-the-advantages-of-online-casino-advantages" "Mozilla/5.0 AppleWebKit/537.36 (KHTML, like Gecko; compatible; ClaudeBot/1.0; +claudebot@anthropic.com)"
216.73.216.162 - - [06/Sep/2025:14:14:36 +0700] "GET /author/yanz/page/345 HTTP/1.0" 301 419 "-" "Mozilla/5.0 AppleWebKit/537.36 (KHTML, like Gecko; compatible; ClaudeBot/1.0; +claudebot@anthropic.com)"
217.113.194.217 - - [06/Sep/2025:14:14:37 +0700] "GET /getx-igra-2023-populjarnost-igry-i-vysokie/feed/ HTTP/1.0" 200 1774 "-" "Mozilla/5.0 (compatible; Barkrowler/0.9; +https://babbar.tech/crawler)"
216.73.216.162 - - [06/Sep/2025:14:14:38 +0700] "GET /author/yanz/page/345/ HTTP/1.0" 200 76414 "https://vattusacky.vn/author/yanz/page/345" "Mozilla/5.0 AppleWebKit/537.36 (KHTML, like Gecko; compatible; ClaudeBot/1.0; +claudebot@anthropic.com)"
216.73.216.162 - - [06/Sep/2025:14:14:41 +0700] "GET /find-the-best-online-slots-machines-for-free HTTP/1.0" 301 443 "-" "Mozilla/5.0 AppleWebKit/537.36 (KHTML, like Gecko; compatible; ClaudeBot/1.0; +claudebot@anthropic.com)"
216.73.216.162 - - [06/Sep/2025:14:14:42 +0700] "GET /find-the-best-online-slots-machines-for-free/ HTTP/1.0" 200 74782 "https://vattusacky.vn/find-the-best-online-slots-machines-for-free" "Mozilla/5.0 AppleWebKit/537.36 (KHTML, like Gecko; compatible; ClaudeBot/1.0; +claudebot@anthropic.com)"
216.73.216.162 - - [06/Sep/2025:14:14:46 +0700] "GET /?p=6745 HTTP/1.0" 301 487 "-" "Mozilla/5.0 AppleWebKit/537.36 (KHTML, like Gecko; compatible; ClaudeBot/1.0; +claudebot@anthropic.com)"
216.73.216.162 - - [06/Sep/2025:14:14:49 +0700] "GET /insider-tips-for-omegle-video-chat-success/ HTTP/1.0" 200 91769 "https://vattusacky.vn/?p=6745" "Mozilla/5.0 AppleWebKit/537.36 (KHTML, like Gecko; compatible; ClaudeBot/1.0; +claudebot@anthropic.com)"
217.113.194.81 - - [06/Sep/2025:14:14:57 +0700] "GET /getx-onlajn-igra-otzyvy-igrokov-o-zarabotke/feed/ HTTP/1.0" 200 1765 "-" "Mozilla/5.0 (compatible; Barkrowler/0.9; +https://babbar.tech/crawler)"
40.77.167.20 - - [06/Sep/2025:14:14:59 +0700] "GET /omegles-role-in-global-friendships-and-pen-pals/ HTTP/1.0" 200 89673 "-" "Mozilla/5.0 AppleWebKit/537.36 (KHTML, like Gecko; compatible; bingbot/2.0; +http://www.bing.com/bingbot.htm) Chrome/116.0.1938.76 Safari/537.36"
20.171.207.79 - - [06/Sep/2025:14:15:11 +0700] "GET /?p=8485 HTTP/1.0" 301 524 "-" "Mozilla/5.0 AppleWebKit/537.36 (KHTML, like Gecko; compatible; GPTBot/1.2; +https://openai.com/gptbot)"
20.171.207.79 - - [06/Sep/2025:14:15:12 +0700] "GET /the-future-of-online-privacy-on-omegle-and-ometv-balancing-security-and-freedom/ HTTP/1.0" 200 93104 "-" "Mozilla/5.0 AppleWebKit/537.36 (KHTML, like Gecko; compatible; GPTBot/1.2; +https://openai.com/gptbot)"
45.117.177.72 - - [06/Sep/2025:14:15:20 +0700] "POST /wp-cron.php?doing_wp_cron=1757142919.9052829742431640625000 HTTP/1.0" 200 416 "-" "WordPress/6.8.1; https://vattusacky.vn"
217.113.194.75 - - [06/Sep/2025:14:15:18 +0700] "GET /vavada-casino-onlajn-vyigryvajte-zdes-rabochee/ HTTP/1.0" 200 96482 "-" "Mozilla/5.0 (compatible; Barkrowler/0.9; +https://babbar.tech/crawler)"
217.113.194.72 - - [06/Sep/2025:14:15:45 +0700] "GET /sosgame-gambling-establishment-slot-machine-video-games-for-true-money/feed/ HTTP/1.0" 200 1807 "-" "Mozilla/5.0 (compatible; Barkrowler/0.9; +https://babbar.tech/crawler)"
216.73.216.162 - - [06/Sep/2025:14:15:48 +0700] "GET /1xbet-app-obtain-apk-for-android-ios-home-windows-35 HTTP/1.0" 301 643 "-" "Mozilla/5.0 AppleWebKit/537.36 (KHTML, like Gecko; compatible; ClaudeBot/1.0; +claudebot@anthropic.com)"
216.73.216.162 - - [06/Sep/2025:14:15:49 +0700] "GET /1xbet-app-obtain-apk-for-android-ios-home-windows-35/ HTTP/1.0" 200 93922 "https://vattusacky.vn/1xbet-app-obtain-apk-for-android-ios-home-windows-35" "Mozilla/5.0 AppleWebKit/537.36 (KHTML, like Gecko; compatible; ClaudeBot/1.0; +claudebot@anthropic.com)"
217.113.194.76 - - [06/Sep/2025:14:16:04 +0700] "GET /igra-aviator-2023-kak-igrat-na-dengi-i-pobezhdat/feed/ HTTP/1.0" 200 1782 "-" "Mozilla/5.0 (compatible; Barkrowler/0.9; +https://babbar.tech/crawler)"
45.117.177.72 - - [06/Sep/2025:14:16:26 +0700] "POST /wp-cron.php?doing_wp_cron=1757142986.4099550247192382812500 HTTP/1.0" 200 416 "-" "WordPress/6.8.1; https://vattusacky.vn"
217.113.194.81 - - [06/Sep/2025:14:16:24 +0700] "GET /cach-https-vaytienuytin24h-com-findo-vay-tien/feed/ HTTP/1.0" 200 1738 "-" "Mozilla/5.0 (compatible; Barkrowler/0.9; +https://babbar.tech/crawler)"
217.113.194.79 - - [06/Sep/2025:14:16:45 +0700] "GET /comedy-unleashed-hilarious-videos-on-omegle-and-ometv/feed/ HTTP/1.0" 200 1756 "-" "Mozilla/5.0 (compatible; Barkrowler/0.9; +https://babbar.tech/crawler)"
20.171.207.79 - - [06/Sep/2025:14:16:55 +0700] "GET /privacy-concerns-on-omegle-understanding-the-risks-and-how-to-stay-protected/ HTTP/1.0" 200 91367 "-" "Mozilla/5.0 AppleWebKit/537.36 (KHTML, like Gecko; compatible; GPTBot/1.2; +https://openai.com/gptbot)"
217.113.194.217 - - [06/Sep/2025:14:17:05 +0700] "GET /lichnyj-kabinet-melbet-frispiny-za-vhod-v-kazino/ HTTP/1.0" 200 232272 "-" "Mozilla/5.0 (compatible; Barkrowler/0.9; +https://babbar.tech/crawler)"
45.117.177.72 - - [06/Sep/2025:14:17:35 +0700] "POST /wp-cron.php?doing_wp_cron=1757143055.3774790763854980468750 HTTP/1.0" 200 416 "-" "WordPress/6.8.1; https://vattusacky.vn"
217.113.194.217 - - [06/Sep/2025:14:17:33 +0700] "GET /enthralling-tales-from-omegle-anonymous-explorers-perspectives/feed/ HTTP/1.0" 200 1783 "-" "Mozilla/5.0 (compatible; Barkrowler/0.9; +https://babbar.tech/crawler)"
85.208.96.196 - - [06/Sep/2025:14:17:37 +0700] "GET /hiq/ HTTP/1.0" 200 203459 "-" "Mozilla/5.0 (compatible; SemrushBot/7~bl; +http://www.semrush.com/bot.html)"
217.113.194.77 - - [06/Sep/2025:14:17:53 +0700] "GET /the-challenges-of-maintaining-authenticity-in-anonymous-omegle-chats/feed/ HTTP/1.0" 200 1801 "-" "Mozilla/5.0 (compatible; Barkrowler/0.9; +https://babbar.tech/crawler)"
20.171.207.79 - - [06/Sep/2025:14:17:55 +0700] "GET /?p=7101 HTTP/1.0" 301 507 "-" "Mozilla/5.0 AppleWebKit/537.36 (KHTML, like Gecko; compatible; GPTBot/1.2; +https://openai.com/gptbot)"
20.171.207.79 - - [06/Sep/2025:14:17:57 +0700] "GET /identifying-and-avoiding-scams-on-omegle-a-privacy-perspective/ HTTP/1.0" 200 91777 "-" "Mozilla/5.0 AppleWebKit/537.36 (KHTML, like Gecko; compatible; GPTBot/1.2; +https://openai.com/gptbot)"
217.113.194.75 - - [06/Sep/2025:14:18:12 +0700] "GET /utilizing-technology-to-overcome-barriers-to-empathy-on-omegle/feed/ HTTP/1.0" 200 1783 "-" "Mozilla/5.0 (compatible; Barkrowler/0.9; +https://babbar.tech/crawler)"
18.214.238.178 - - [06/Sep/2025:14:18:13 +0700] "GET /online-dating-services-questions-to-request-a-guy/ HTTP/1.0" 200 208632 "-" "Mozilla/5.0 AppleWebKit/537.36 (KHTML, like Gecko; compatible; Amazonbot/0.1; +https://developer.amazon.com/support/amazonbot) Chrome/119.0.6045.214 Safari/537.36"
45.117.177.72 - - [06/Sep/2025:14:18:19 +0700] "POST /wp-cron.php?doing_wp_cron=1757143099.4250180721282958984375 HTTP/1.0" 200 416 "-" "WordPress/6.8.1; https://vattusacky.vn"
98.84.200.43 - - [06/Sep/2025:14:18:17 +0700] "GET /little-intimate-marriage-ceremonies-helping-your-ceremony-one-stage-further/ HTTP/1.0" 200 208692 "-" "Mozilla/5.0 AppleWebKit/537.36 (KHTML, like Gecko; compatible; Amazonbot/0.1; +https://developer.amazon.com/support/amazonbot) Chrome/119.0.6045.214 Safari/537.36"
3.211.181.86 - - [06/Sep/2025:14:18:21 +0700] "GET /category/uncategorized/page/87/ HTTP/1.0" 200 77008 "-" "Mozilla/5.0 AppleWebKit/537.36 (KHTML, like Gecko; compatible; Amazonbot/0.1; +https://developer.amazon.com/support/amazonbot) Chrome/119.0.6045.214 Safari/537.36"
52.44.148.203 - - [06/Sep/2025:14:18:25 +0700] "GET /category/uncategorized/page/351/ HTTP/1.0" 200 76242 "-" "Mozilla/5.0 AppleWebKit/537.36 (KHTML, like Gecko; compatible; Amazonbot/0.1; +https://developer.amazon.com/support/amazonbot) Chrome/119.0.6045.214 Safari/537.36"
18.213.240.226 - - [06/Sep/2025:14:18:28 +0700] "GET /author/yanz/page/375/ HTTP/1.0" 200 135817 "-" "Mozilla/5.0 AppleWebKit/537.36 (KHTML, like Gecko; compatible; Amazonbot/0.1; +https://developer.amazon.com/support/amazonbot) Chrome/119.0.6045.214 Safari/537.36"
154.54.249.200 - - [06/Sep/2025:14:18:32 +0700] "GET /a-detailed-examination-of-the-technology-behind-omegle-and-ometv/feed/ HTTP/1.0" 200 1789 "-" "Mozilla/5.0 (compatible; Barkrowler/0.9; +https://babbar.tech/crawler)"
217.113.194.75 - - [06/Sep/2025:14:18:52 +0700] "GET /pros-and-cons-video-vs-text-communication-on-omegle-and-ometv/feed/ HTTP/1.0" 200 1780 "-" "Mozilla/5.0 (compatible; Barkrowler/0.9; +https://babbar.tech/crawler)"
217.113.194.77 - - [06/Sep/2025:14:19:12 +0700] "GET /daters-extremely-turning-to-programs-amid-coronavirus-outbreak/feed/ HTTP/1.0" 200 1783 "-" "Mozilla/5.0 (compatible; Barkrowler/0.9; +https://babbar.tech/crawler)"
45.117.177.72 - - [06/Sep/2025:14:19:32 +0700] "POST /wp-cron.php?doing_wp_cron=1757143172.4933528900146484375000 HTTP/1.0" 200 416 "-" "WordPress/6.8.1; https://vattusacky.vn"
217.113.194.79 - - [06/Sep/2025:14:19:31 +0700] "GET /which-is-better-video-or-text-communication-on-omegle-and-ometv/feed/ HTTP/1.0" 200 1786 "-" "Mozilla/5.0 (compatible; Barkrowler/0.9; +https://babbar.tech/crawler)"
20.171.207.79 - - [06/Sep/2025:14:19:33 +0700] "GET /?p=8090 HTTP/1.0" 301 495 "-" "Mozilla/5.0 AppleWebKit/537.36 (KHTML, like Gecko; compatible; GPTBot/1.2; +https://openai.com/gptbot)"
20.171.207.79 - - [06/Sep/2025:14:19:35 +0700] "GET /privacy-concerns-and-solutions-on-omegle-and-ometv/ HTTP/1.0" 200 90570 "-" "Mozilla/5.0 AppleWebKit/537.36 (KHTML, like Gecko; compatible; GPTBot/1.2; +https://openai.com/gptbot)"
217.113.194.75 - - [06/Sep/2025:14:19:51 +0700] "GET /leveraging-emotional-intelligence-for-network-building-on-omegle-and-ometv/ HTTP/1.0" 200 94596 "-" "Mozilla/5.0 (compatible; Barkrowler/0.9; +https://babbar.tech/crawler)"
160.251.96.90 - - [06/Sep/2025:14:19:52 +0700] "GET /wp-login.php HTTP/1.0" 200 11388 "-" "Mozilla/5.0 (X11; Ubuntu; Linux x86_64; rv:85.0) Gecko/20100101 Firefox/91.0"
160.251.96.90 - - [06/Sep/2025:14:19:55 +0700] "POST /wp-login.php HTTP/1.0" 200 11727 "-" "Mozilla/5.0 (X11; Ubuntu; Linux x86_64; rv:85.0) Gecko/20100101 Firefox/91.0"
45.117.177.72 - - [06/Sep/2025:14:20:19 +0700] "POST /wp-cron.php?doing_wp_cron=1757143219.5499210357666015625000 HTTP/1.0" 200 416 "-" "WordPress/6.8.1; https://vattusacky.vn"
217.113.194.217 - - [06/Sep/2025:14:20:16 +0700] "GET /ethereum-classic-price-etc-usd-live-value/eth%20price%20calc HTTP/1.0" 404 70812 "-" "Mozilla/5.0 (compatible; Barkrowler/0.9; +https://babbar.tech/crawler)"
217.113.194.80 - - [06/Sep/2025:14:20:39 +0700] "GET /zhitomir-info-dajdzhest-ot-futbolista-maksima-123/ HTTP/1.0" 200 231916 "-" "Mozilla/5.0 (compatible; Barkrowler/0.9; +https://babbar.tech/crawler)"
20.171.207.79 - - [06/Sep/2025:14:20:55 +0700] "GET /the-role-of-artificial-intelligence-in-omegles-privacy-measures/ HTTP/1.0" 200 74657 "-" "Mozilla/5.0 AppleWebKit/537.36 (KHTML, like Gecko; compatible; GPTBot/1.2; +https://openai.com/gptbot)"
217.113.194.217 - - [06/Sep/2025:14:21:12 +0700] "GET /up-x-zerkalo-akcii-i-bonusy-ot-kazino-registracija-2/feed/ HTTP/1.0" 200 1822 "-" "Mozilla/5.0 (compatible; Barkrowler/0.9; +https://babbar.tech/crawler)"
45.117.177.72 - - [06/Sep/2025:14:21:34 +0700] "POST /wp-cron.php?doing_wp_cron=1757143293.7987658977508544921875 HTTP/1.0" 200 416 "-" "WordPress/6.8.1; https://vattusacky.vn"
216.244.66.237 - - [06/Sep/2025:14:21:31 +0700] "GET /robots.txt HTTP/1.0" 200 984 "-" "Mozilla/5.0 (compatible; DotBot/1.2; +https://opensiteexplorer.org/dotbot; help@moz.com)"
154.54.249.200 - - [06/Sep/2025:14:21:32 +0700] "GET /up-x-top-kazino-rabochee-zerkalo-sajta-kazino-2/feed/ HTTP/1.0" 200 1801 "-" "Mozilla/5.0 (compatible; Barkrowler/0.9; +https://babbar.tech/crawler)"
154.54.249.200 - - [06/Sep/2025:14:21:51 +0700] "GET /pin-ap-kazino-oficialnyj-sajt-igrat-v-onlajn-10/feed/ HTTP/1.0" 200 2865 "-" "Mozilla/5.0 (compatible; Barkrowler/0.9; +https://babbar.tech/crawler)"
217.113.194.218 - - [06/Sep/2025:14:22:11 +0700] "GET /pin-ap-kazino-oficialnyj-sajt-igrat-v-onlajn-9/feed/ HTTP/1.0" 200 1797 "-" "Mozilla/5.0 (compatible; Barkrowler/0.9; +https://babbar.tech/crawler)"
20.171.207.79 - - [06/Sep/2025:14:22:12 +0700] "GET /?p=8429 HTTP/1.0" 301 669 "-" "Mozilla/5.0 AppleWebKit/537.36 (KHTML, like Gecko; compatible; GPTBot/1.2; +https://openai.com/gptbot)"
45.117.177.72 - - [06/Sep/2025:14:22:18 +0700] "POST /wp-cron.php?doing_wp_cron=1757143338.2831549644470214843750 HTTP/1.0" 200 416 "-" "WordPress/6.8.1; https://vattusacky.vn"
20.171.207.79 - - [06/Sep/2025:14:22:16 +0700] "GET /the-ethics-of-serendipity-balancing-privacy-and-connection-on-omegle-and-ometv/ HTTP/1.0" 200 91518 "-" "Mozilla/5.0 AppleWebKit/537.36 (KHTML, like Gecko; compatible; GPTBot/1.2; +https://openai.com/gptbot)"
217.113.194.81 - - [06/Sep/2025:14:22:33 +0700] "GET /pin-ap-kazino-oficialnyj-sajt-igrat-v-onlajn-6/feed/ HTTP/1.0" 200 1795 "-" "Mozilla/5.0 (compatible; Barkrowler/0.9; +https://babbar.tech/crawler)"
217.113.194.74 - - [06/Sep/2025:14:22:52 +0700] "GET /pin-ap-casino-vhod-v-onlajn-kazino-demo-bystryj-2/ HTTP/1.0" 200 218924 "-" "Mozilla/5.0 (compatible; Barkrowler/0.9; +https://babbar.tech/crawler)"
45.117.177.72 - - [06/Sep/2025:14:23:23 +0700] "POST /wp-cron.php?doing_wp_cron=1757143403.0326120853424072265625 HTTP/1.0" 200 416 "-" "WordPress/6.8.1; https://vattusacky.vn"
217.113.194.80 - - [06/Sep/2025:14:23:21 +0700] "GET /pin-up-resmi-bahis-sitesi-hakknda-genel-bilgiler/feed/ HTTP/1.0" 200 1759 "-" "Mozilla/5.0 (compatible; Barkrowler/0.9; +https://babbar.tech/crawler)"
20.171.207.79 - - [06/Sep/2025:14:23:30 +0700] "GET /the-future-of-privacy-on-omegle-predictions-and-speculations/ HTTP/1.0" 200 90658 "-" "Mozilla/5.0 AppleWebKit/537.36 (KHTML, like Gecko; compatible; GPTBot/1.2; +https://openai.com/gptbot)"
217.113.194.78 - - [06/Sep/2025:14:23:41 +0700] "GET /pin-up-casino-bonus-na-pervyj-depozit-kazino-sloty-2/ HTTP/1.0" 200 218816 "-" "Mozilla/5.0 (compatible; Barkrowler/0.9; +https://babbar.tech/crawler)"
217.113.194.81 - - [06/Sep/2025:14:24:07 +0700] "GET /pin-up-top-kazino-rabochee-zerkalo-vhod-kazino-2/feed/ HTTP/1.0" 200 1801 "-" "Mozilla/5.0 (compatible; Barkrowler/0.9; +https://babbar.tech/crawler)"
45.117.177.72 - - [06/Sep/2025:14:24:32 +0700] "POST /wp-cron.php?doing_wp_cron=1757143472.5668389797210693359375 HTTP/1.0" 200 416 "-" "WordPress/6.8.1; https://vattusacky.vn"
20.171.207.79 - - [06/Sep/2025:14:24:29 +0700] "GET /?p=8093 HTTP/1.0" 301 521 "-" "Mozilla/5.0 AppleWebKit/537.36 (KHTML, like Gecko; compatible; GPTBot/1.2; +https://openai.com/gptbot)"
217.113.194.81 - - [06/Sep/2025:14:24:29 +0700] "GET /from-strangers-to-friends-incredible-connections-on-omegle-and-ometv/feed/ HTTP/1.0" 200 1801 "-" "Mozilla/5.0 (compatible; Barkrowler/0.9; +https://babbar.tech/crawler)"
20.171.207.79 - - [06/Sep/2025:14:24:33 +0700] "GET /privacy-concerns-on-omegle-understanding-the-risks-and-how-to-stay-protected/ HTTP/1.0" 200 91221 "-" "Mozilla/5.0 AppleWebKit/537.36 (KHTML, like Gecko; compatible; GPTBot/1.2; +https://openai.com/gptbot)"
217.113.194.76 - - [06/Sep/2025:14:24:53 +0700] "GET /aviator-predictor-v1-94-apk-mod-2023-free-download-9/ HTTP/1.0" 200 240761 "-" "Mozilla/5.0 (compatible; Barkrowler/0.9; +https://babbar.tech/crawler)"
45.117.177.72 - - [06/Sep/2025:14:25:23 +0700] "POST /wp-cron.php?doing_wp_cron=1757143523.4468019008636474609375 HTTP/1.0" 200 416 "-" "WordPress/6.8.1; https://vattusacky.vn"
217.113.194.74 - - [06/Sep/2025:14:25:20 +0700] "GET /romance-therapists-disclose-the-top-evidence-a-romantic-relationship-is-over/feed/ HTTP/1.0" 200 1825 "-" "Mozilla/5.0 (compatible; Barkrowler/0.9; +https://babbar.tech/crawler)"
217.113.194.80 - - [06/Sep/2025:14:25:42 +0700] "GET /romance-therapists-disclose-the-top-evidence-a-romantic-relationship-is-over/ HTTP/1.0" 200 207989 "-" "Mozilla/5.0 (compatible; Barkrowler/0.9; +https://babbar.tech/crawler)"
217.113.194.76 - - [06/Sep/2025:14:26:11 +0700] "GET /how-to-handle-trolls-and-inappropriate-behavior-on-chatroulette-and-omegle/feed/ HTTP/1.0" 200 1819 "-" "Mozilla/5.0 (compatible; Barkrowler/0.9; +https://babbar.tech/crawler)"
45.117.177.72 - - [06/Sep/2025:14:26:33 +0700] "POST /wp-cron.php?doing_wp_cron=1757143592.8041839599609375000000 HTTP/1.0" 200 416 "-" "WordPress/6.8.1; https://vattusacky.vn"
217.113.194.79 - - [06/Sep/2025:14:26:31 +0700] "GET /the-magic-of-unplanned-collaborations-serendipitous-encounters-on-omegle/feed/ HTTP/1.0" 200 1813 "-" "Mozilla/5.0 (compatible; Barkrowler/0.9; +https://babbar.tech/crawler)"
217.113.194.217 - - [06/Sep/2025:14:26:50 +0700] "GET /networking-strategies-for-building-an-online-community-on-omegle-and-ometv/ HTTP/1.0" 200 95535 "-" "Mozilla/5.0 (compatible; Barkrowler/0.9; +https://babbar.tech/crawler)"
45.117.177.72 - - [06/Sep/2025:14:27:17 +0700] "POST /wp-cron.php?doing_wp_cron=1757143637.3921029567718505859375 HTTP/1.0" 200 416 "-" "WordPress/6.8.1; https://vattusacky.vn"
217.113.194.76 - - [06/Sep/2025:14:27:15 +0700] "GET /chatroulette-and-omegle-as-tools-for-self-expression-and-creativity/ HTTP/1.0" 200 92718 "-" "Mozilla/5.0 (compatible; Barkrowler/0.9; +https://babbar.tech/crawler)"
20.171.207.79 - - [06/Sep/2025:14:27:44 +0700] "GET /omegles-terms-of-service-what-you-need-to-know/ HTTP/1.0" 200 90177 "-" "Mozilla/5.0 AppleWebKit/537.36 (KHTML, like Gecko; compatible; GPTBot/1.2; +https://openai.com/gptbot)"
154.54.249.200 - - [06/Sep/2025:14:27:50 +0700] "GET /chatroulette-and-omegle-a-platform-for-sharing-cultures-and-experiences/feed/ HTTP/1.0" 200 1810 "-" "Mozilla/5.0 (compatible; Barkrowler/0.9; +https://babbar.tech/crawler)"
85.208.96.209 - - [06/Sep/2025:14:28:04 +0700] "GET /vavada-casino-luchshie-onlajn-avtomaty-igrat-na-2/ HTTP/1.0" 200 214101 "-" "Mozilla/5.0 (compatible; SemrushBot/7~bl; +http://www.semrush.com/bot.html)"
45.117.177.72 - - [06/Sep/2025:14:28:21 +0700] "POST /wp-cron.php?doing_wp_cron=1757143701.0534160137176513671875 HTTP/1.0" 200 416 "-" "WordPress/6.8.1; https://vattusacky.vn"
217.113.194.72 - - [06/Sep/2025:14:28:19 +0700] "GET /chatroulette-and-omegle-a-platform-for-exploring-different-perspectives/ HTTP/1.0" 200 92436 "-" "Mozilla/5.0 (compatible; Barkrowler/0.9; +https://babbar.tech/crawler)"
217.113.194.81 - - [06/Sep/2025:14:28:55 +0700] "GET /chatroulette-and-omegle-a-platform-for-exploring-different-perspectives/feed/ HTTP/1.0" 200 1810 "-" "Mozilla/5.0 (compatible; Barkrowler/0.9; +https://babbar.tech/crawler)"
45.117.177.72 - - [06/Sep/2025:14:29:25 +0700] "POST /wp-cron.php?doing_wp_cron=1757143765.3334510326385498046875 HTTP/1.0" 200 416 "-" "WordPress/6.8.1; https://vattusacky.vn"
217.113.194.78 - - [06/Sep/2025:14:29:23 +0700] "GET /using-visuals-to-communicate-across-languages-on-omegle-and-ometv/ HTTP/1.0" 200 88524 "-" "Mozilla/5.0 (compatible; Barkrowler/0.9; +https://babbar.tech/crawler)"
213.180.203.36 - - [06/Sep/2025:14:29:27 +0700] "GET /kazino-pin-ap-rabochee-zerkalo-vhod-igrovye-2/ HTTP/1.0" 200 215454 "-" "Mozilla/5.0 (compatible; YandexBot/3.0; +http://yandex.com/bots)"
217.113.194.79 - - [06/Sep/2025:14:29:51 +0700] "GET /important-factors-to-consider-when-looking-for-latinos-for-marital-life/feed/ HTTP/1.0" 200 1810 "-" "Mozilla/5.0 (compatible; Barkrowler/0.9; +https://babbar.tech/crawler)"
20.171.207.79 - - [06/Sep/2025:14:29:56 +0700] "GET /?p=8292 HTTP/1.0" 301 496 "-" "Mozilla/5.0 AppleWebKit/537.36 (KHTML, like Gecko; compatible; GPTBot/1.2; +https://openai.com/gptbot)"
20.171.207.79 - - [06/Sep/2025:14:29:58 +0700] "GET /text-chat-privacy-settings-ometvs-anonymity-options/ HTTP/1.0" 200 88447 "-" "Mozilla/5.0 AppleWebKit/537.36 (KHTML, like Gecko; compatible; GPTBot/1.2; +https://openai.com/gptbot)"
45.117.177.72 - - [06/Sep/2025:14:30:20 +0700] "POST /wp-cron.php?doing_wp_cron=1757143820.2555639743804931640625 HTTP/1.0" 200 416 "-" "WordPress/6.8.1; https://vattusacky.vn"
217.113.194.79 - - [06/Sep/2025:14:30:17 +0700] "GET /projecting-positivity-through-language-on-omegle-tips-for-a-great-first-impression/ HTTP/1.0" 200 92512 "-" "Mozilla/5.0 (compatible; Barkrowler/0.9; +https://babbar.tech/crawler)"
217.113.194.72 - - [06/Sep/2025:14:30:48 +0700] "GET /vse-delo-v-pin-up-kazino-ofitsialnyy-sayt-zerkalo/feed/ HTTP/1.0" 200 1780 "-" "Mozilla/5.0 (compatible; Barkrowler/0.9; +https://babbar.tech/crawler)"
217.113.194.74 - - [06/Sep/2025:14:31:07 +0700] "GET /the-inner-workings-of-omegle-and-ometv-a-closer-look-at-the-technology/feed/ HTTP/1.0" 200 1807 "-" "Mozilla/5.0 (compatible; Barkrowler/0.9; +https://babbar.tech/crawler)"
45.117.177.72 - - [06/Sep/2025:14:31:30 +0700] "POST /wp-cron.php?doing_wp_cron=1757143890.5985310077667236328125 HTTP/1.0" 200 416 "-" "WordPress/6.8.1; https://vattusacky.vn"
217.113.194.218 - - [06/Sep/2025:14:31:27 +0700] "GET /the-influence-of-omegle-on-body-language-and-nonverbal-communication/feed/ HTTP/1.0" 200 1801 "-" "Mozilla/5.0 (compatible; Barkrowler/0.9; +https://babbar.tech/crawler)"
217.113.194.80 - - [06/Sep/2025:14:31:51 +0700] "GET /the-influence-of-perspective-taking-on-omegles-virtual-empathy-experience/feed/ HTTP/1.0" 200 1816 "-" "Mozilla/5.0 (compatible; Barkrowler/0.9; +https://babbar.tech/crawler)"
20.171.207.79 - - [06/Sep/2025:14:31:55 +0700] "GET /innovating-online-conversations-omegles-next-chapter/ HTTP/1.0" 200 90240 "-" "Mozilla/5.0 AppleWebKit/537.36 (KHTML, like Gecko; compatible; GPTBot/1.2; +https://openai.com/gptbot)"
217.113.194.218 - - [06/Sep/2025:14:32:11 +0700] "GET /breaking-free-from-anonymity-the-evolution-of-omegle-and-ometv/feed/ HTTP/1.0" 200 1783 "-" "Mozilla/5.0 (compatible; Barkrowler/0.9; +https://babbar.tech/crawler)"
45.117.177.72 - - [06/Sep/2025:14:32:33 +0700] "POST /wp-cron.php?doing_wp_cron=1757143952.8473908901214599609375 HTTP/1.0" 200 416 "-" "WordPress/6.8.1; https://vattusacky.vn"
217.113.194.76 - - [06/Sep/2025:14:32:31 +0700] "GET /breaking-the-mold-omegles-role-in-challenging-traditional-art-boundaries/ HTTP/1.0" 200 89961 "-" "Mozilla/5.0 (compatible; Barkrowler/0.9; +https://babbar.tech/crawler)"
217.113.194.75 - - [06/Sep/2025:14:33:01 +0700] "GET /breaking-the-ice-on-omegle-unleashing-the-power-of-human-connection/feed/ HTTP/1.0" 200 1798 "-" "Mozilla/5.0 (compatible; Barkrowler/0.9; +https://babbar.tech/crawler)"
