3.221.50.71 - - [07/Sep/2025:00:32:37 +0700] "GET /bitcoin-price-btc-market-cap-price-today-chart/xrp%20mining%20rig HTTP/1.0" 404 70812 "-" "Mozilla/5.0 AppleWebKit/537.36 (KHTML, like Gecko; compatible; Amazonbot/0.1; +https://developer.amazon.com/support/amazonbot) Chrome/119.0.6045.214 Safari/537.36"
23.23.213.182 - - [07/Sep/2025:00:32:39 +0700] "GET /how-to-navigate-social-networking-after-a-terrible-break-up/ HTTP/1.0" 200 211057 "-" "Mozilla/5.0 AppleWebKit/537.36 (KHTML, like Gecko; compatible; Amazonbot/0.1; +https://developer.amazon.com/support/amazonbot) Chrome/119.0.6045.214 Safari/537.36"
98.83.94.113 - - [07/Sep/2025:00:32:44 +0700] "GET /comprehending-the-relationship-among-culture-and-relationships/ HTTP/1.0" 200 209096 "-" "Mozilla/5.0 AppleWebKit/537.36 (KHTML, like Gecko; compatible; Amazonbot/0.1; +https://developer.amazon.com/support/amazonbot) Chrome/119.0.6045.214 Safari/537.36"
44.207.207.36 - - [07/Sep/2025:00:32:48 +0700] "GET /category/uncategorized/page/168/ HTTP/1.0" 200 76861 "-" "Mozilla/5.0 AppleWebKit/537.36 (KHTML, like Gecko; compatible; Amazonbot/0.1; +https://developer.amazon.com/support/amazonbot) Chrome/119.0.6045.214 Safari/537.36"
52.200.93.170 - - [07/Sep/2025:00:33:00 +0700] "GET /category/uncategorized/page/153/ HTTP/1.0" 200 75936 "-" "Mozilla/5.0 AppleWebKit/537.36 (KHTML, like Gecko; compatible; Amazonbot/0.1; +https://developer.amazon.com/support/amazonbot) Chrome/119.0.6045.214 Safari/537.36"
44.212.106.171 - - [07/Sep/2025:00:33:01 +0700] "GET /category/uncategorized/page/154/ HTTP/1.0" 200 75741 "-" "Mozilla/5.0 AppleWebKit/537.36 (KHTML, like Gecko; compatible; Amazonbot/0.1; +https://developer.amazon.com/support/amazonbot) Chrome/119.0.6045.214 Safari/537.36"
52.45.194.165 - - [07/Sep/2025:00:33:03 +0700] "GET /category/uncategorized/page/189/ HTTP/1.0" 200 76948 "-" "Mozilla/5.0 AppleWebKit/537.36 (KHTML, like Gecko; compatible; Amazonbot/0.1; +https://developer.amazon.com/support/amazonbot) Chrome/119.0.6045.214 Safari/537.36"
34.230.124.21 - - [07/Sep/2025:00:33:04 +0700] "GET /author/yanz/page/428/ HTTP/1.0" 200 77367 "-" "Mozilla/5.0 AppleWebKit/537.36 (KHTML, like Gecko; compatible; Amazonbot/0.1; +https://developer.amazon.com/support/amazonbot) Chrome/119.0.6045.214 Safari/537.36"
3.213.46.222 - - [07/Sep/2025:00:33:07 +0700] "GET /author/yanz/page/431/ HTTP/1.0" 200 129826 "-" "Mozilla/5.0 AppleWebKit/537.36 (KHTML, like Gecko; compatible; Amazonbot/0.1; +https://developer.amazon.com/support/amazonbot) Chrome/119.0.6045.214 Safari/537.36"
216.73.216.162 - - [07/Sep/2025:00:33:37 +0700] "GET /?p=4557 HTTP/1.0" 301 602 "-" "Mozilla/5.0 AppleWebKit/537.36 (KHTML, like Gecko; compatible; ClaudeBot/1.0; +claudebot@anthropic.com)"
45.117.177.72 - - [07/Sep/2025:00:33:38 +0700] "POST /wp-cron.php?doing_wp_cron=1757180018.6309640407562255859375 HTTP/1.0" 200 416 "-" "WordPress/6.8.1; https://vattusacky.vn"
216.73.216.162 - - [07/Sep/2025:00:33:37 +0700] "GET /?p=4403 HTTP/1.0" 301 584 "-" "Mozilla/5.0 AppleWebKit/537.36 (KHTML, like Gecko; compatible; ClaudeBot/1.0; +claudebot@anthropic.com)"
216.73.216.162 - - [07/Sep/2025:00:33:38 +0700] "GET /22-wager-64/ HTTP/1.0" 200 232410 "https://vattusacky.vn/?p=4557" "Mozilla/5.0 AppleWebKit/537.36 (KHTML, like Gecko; compatible; ClaudeBot/1.0; +claudebot@anthropic.com)"
216.73.216.162 - - [07/Sep/2025:00:33:39 +0700] "GET /no-download-required-to-play-free-slots/ HTTP/1.0" 200 207638 "https://vattusacky.vn/?p=4403" "Mozilla/5.0 AppleWebKit/537.36 (KHTML, like Gecko; compatible; ClaudeBot/1.0; +claudebot@anthropic.com)"
216.73.216.162 - - [07/Sep/2025:00:33:41 +0700] "GET /?p=9903 HTTP/1.0" 301 494 "-" "Mozilla/5.0 AppleWebKit/537.36 (KHTML, like Gecko; compatible; ClaudeBot/1.0; +claudebot@anthropic.com)"
216.73.216.162 - - [07/Sep/2025:00:33:41 +0700] "GET /?p=4308 HTTP/1.0" 301 493 "-" "Mozilla/5.0 AppleWebKit/537.36 (KHTML, like Gecko; compatible; ClaudeBot/1.0; +claudebot@anthropic.com)"
216.73.216.162 - - [07/Sep/2025:00:33:42 +0700] "GET /leovegas-kom-igaang-blixtsnabbt-med-mobilt-bankid/ HTTP/1.0" 200 87602 "https://vattusacky.vn/?p=9903" "Mozilla/5.0 AppleWebKit/537.36 (KHTML, like Gecko; compatible; ClaudeBot/1.0; +claudebot@anthropic.com)"
216.73.216.162 - - [07/Sep/2025:00:33:42 +0700] "GET /pin-ap-casino-onlajn-frispiny-za-vhod-v-kazino-4/ HTTP/1.0" 200 221736 "https://vattusacky.vn/?p=4308" "Mozilla/5.0 AppleWebKit/537.36 (KHTML, like Gecko; compatible; ClaudeBot/1.0; +claudebot@anthropic.com)"
216.73.216.162 - - [07/Sep/2025:00:33:44 +0700] "GET /fun88-unveils-a-recent-search-for-its-web-site-13/feed HTTP/1.0" 301 597 "-" "Mozilla/5.0 AppleWebKit/537.36 (KHTML, like Gecko; compatible; ClaudeBot/1.0; +claudebot@anthropic.com)"
216.73.216.162 - - [07/Sep/2025:00:33:45 +0700] "GET /fun88-unveils-a-recent-search-for-its-web-site-13/feed/ HTTP/1.0" 200 1643 "https://vattusacky.vn/fun88-unveils-a-recent-search-for-its-web-site-13/feed" "Mozilla/5.0 AppleWebKit/537.36 (KHTML, like Gecko; compatible; ClaudeBot/1.0; +claudebot@anthropic.com)"
216.73.216.162 - - [07/Sep/2025:00:35:04 +0700] "GET /online-dating-services-questions-to-request-a-guy/feed HTTP/1.0" 301 743 "-" "Mozilla/5.0 AppleWebKit/537.36 (KHTML, like Gecko; compatible; ClaudeBot/1.0; +claudebot@anthropic.com)"
45.117.177.72 - - [07/Sep/2025:00:35:06 +0700] "POST /wp-cron.php?doing_wp_cron=1757180106.2320249080657958984375 HTTP/1.0" 200 416 "-" "WordPress/6.8.1; https://vattusacky.vn"
216.73.216.162 - - [07/Sep/2025:00:35:04 +0700] "GET /?p=9947 HTTP/1.0" 301 635 "-" "Mozilla/5.0 AppleWebKit/537.36 (KHTML, like Gecko; compatible; ClaudeBot/1.0; +claudebot@anthropic.com)"
216.73.216.162 - - [07/Sep/2025:00:35:06 +0700] "GET /online-dating-services-questions-to-request-a-guy/feed/ HTTP/1.0" 200 1598 "https://vattusacky.vn/online-dating-services-questions-to-request-a-guy/feed" "Mozilla/5.0 AppleWebKit/537.36 (KHTML, like Gecko; compatible; ClaudeBot/1.0; +claudebot@anthropic.com)"
216.73.216.162 - - [07/Sep/2025:00:35:06 +0700] "GET /dating-someone-right-from-a-different-region/ HTTP/1.0" 200 72156 "https://vattusacky.vn/?p=9947" "Mozilla/5.0 AppleWebKit/537.36 (KHTML, like Gecko; compatible; ClaudeBot/1.0; +claudebot@anthropic.com)"
216.73.216.162 - - [07/Sep/2025:00:35:08 +0700] "GET /?p=4605 HTTP/1.0" 301 452 "-" "Mozilla/5.0 AppleWebKit/537.36 (KHTML, like Gecko; compatible; ClaudeBot/1.0; +claudebot@anthropic.com)"
216.73.216.162 - - [07/Sep/2025:00:35:09 +0700] "GET /?p=4370 HTTP/1.0" 301 489 "-" "Mozilla/5.0 AppleWebKit/537.36 (KHTML, like Gecko; compatible; ClaudeBot/1.0; +claudebot@anthropic.com)"
216.73.216.162 - - [07/Sep/2025:00:35:09 +0700] "GET /choosing-online-slot-machines-for-your-favorite-games/ HTTP/1.0" 200 206962 "https://vattusacky.vn/?p=4605" "Mozilla/5.0 AppleWebKit/537.36 (KHTML, like Gecko; compatible; ClaudeBot/1.0; +claudebot@anthropic.com)"
216.73.216.162 - - [07/Sep/2025:00:35:10 +0700] "GET /1xbet-zambia-promo-code-enroll-offer-2023-65/ HTTP/1.0" 200 236879 "https://vattusacky.vn/?p=4370" "Mozilla/5.0 AppleWebKit/537.36 (KHTML, like Gecko; compatible; ClaudeBot/1.0; +claudebot@anthropic.com)"
216.73.216.162 - - [07/Sep/2025:00:35:11 +0700] "GET /?p=4411 HTTP/1.0" 301 405 "-" "Mozilla/5.0 AppleWebKit/537.36 (KHTML, like Gecko; compatible; ClaudeBot/1.0; +claudebot@anthropic.com)"
216.73.216.162 - - [07/Sep/2025:00:35:13 +0700] "GET /4411-2/ HTTP/1.0" 200 205693 "https://vattusacky.vn/?p=4411" "Mozilla/5.0 AppleWebKit/537.36 (KHTML, like Gecko; compatible; ClaudeBot/1.0; +claudebot@anthropic.com)"
45.117.177.72 - - [07/Sep/2025:00:35:39 +0700] "POST /wp-cron.php?doing_wp_cron=1757180139.6996419429779052734375 HTTP/1.0" 200 416 "-" "WordPress/6.8.1; https://vattusacky.vn"
5.202.15.246 - - [07/Sep/2025:00:35:38 +0700] "POST /xmlrpc.php HTTP/1.0" 200 956 "https://vattusacky.vn" "Mozilla/5.0 (Windows NT 10.0; Win64; x64) AppleWebKit/537.36 (KHTML, like Gecko) Chrome/116.0.5845.96 Safari/537.36"
216.73.216.162 - - [07/Sep/2025:00:37:05 +0700] "GET /?p=4316 HTTP/1.0" 301 634 "-" "Mozilla/5.0 AppleWebKit/537.36 (KHTML, like Gecko; compatible; ClaudeBot/1.0; +claudebot@anthropic.com)"
45.117.177.72 - - [07/Sep/2025:00:37:07 +0700] "POST /wp-cron.php?doing_wp_cron=1757180226.8145120143890380859375 HTTP/1.0" 200 416 "-" "WordPress/6.8.1; https://vattusacky.vn"
216.73.216.162 - - [07/Sep/2025:00:37:05 +0700] "GET /?p=4302 HTTP/1.0" 301 617 "-" "Mozilla/5.0 AppleWebKit/537.36 (KHTML, like Gecko; compatible; ClaudeBot/1.0; +claudebot@anthropic.com)"
216.73.216.162 - - [07/Sep/2025:00:37:07 +0700] "GET /dambulla-viiking-cricket-group-sri-lanka-45/ HTTP/1.0" 200 237027 "https://vattusacky.vn/?p=4316" "Mozilla/5.0 AppleWebKit/537.36 (KHTML, like Gecko; compatible; ClaudeBot/1.0; +claudebot@anthropic.com)"
216.73.216.162 - - [07/Sep/2025:00:37:07 +0700] "GET /1win-aviator-game-india-41/ HTTP/1.0" 200 240783 "https://vattusacky.vn/?p=4302" "Mozilla/5.0 AppleWebKit/537.36 (KHTML, like Gecko; compatible; ClaudeBot/1.0; +claudebot@anthropic.com)"
216.73.216.162 - - [07/Sep/2025:00:37:09 +0700] "GET /?p=2477 HTTP/1.0" 301 494 "-" "Mozilla/5.0 AppleWebKit/537.36 (KHTML, like Gecko; compatible; ClaudeBot/1.0; +claudebot@anthropic.com)"
216.73.216.162 - - [07/Sep/2025:00:37:10 +0700] "GET /?p=3408 HTTP/1.0" 301 474 "-" "Mozilla/5.0 AppleWebKit/537.36 (KHTML, like Gecko; compatible; ClaudeBot/1.0; +claudebot@anthropic.com)"
216.73.216.162 - - [07/Sep/2025:00:37:10 +0700] "GET /online-dating-services-questions-to-request-a-guy/ HTTP/1.0" 200 208486 "https://vattusacky.vn/?p=2477" "Mozilla/5.0 AppleWebKit/537.36 (KHTML, like Gecko; compatible; ClaudeBot/1.0; +claudebot@anthropic.com)"
216.73.216.162 - - [07/Sep/2025:00:37:11 +0700] "GET /anastasiadate-evaluation-2021/ HTTP/1.0" 200 222338 "https://vattusacky.vn/?p=3408" "Mozilla/5.0 AppleWebKit/537.36 (KHTML, like Gecko; compatible; ClaudeBot/1.0; +claudebot@anthropic.com)"
216.73.216.162 - - [07/Sep/2025:00:37:13 +0700] "GET /?p=9685 HTTP/1.0" 301 489 "-" "Mozilla/5.0 AppleWebKit/537.36 (KHTML, like Gecko; compatible; ClaudeBot/1.0; +claudebot@anthropic.com)"
216.73.216.162 - - [07/Sep/2025:00:37:14 +0700] "GET /17-powerful-ways-to-learn-project-management/ HTTP/1.0" 200 127673 "https://vattusacky.vn/?p=9685" "Mozilla/5.0 AppleWebKit/537.36 (KHTML, like Gecko; compatible; ClaudeBot/1.0; +claudebot@anthropic.com)"
216.73.216.162 - - [07/Sep/2025:00:37:49 +0700] "GET /?p=4596 HTTP/1.0" 301 586 "-" "Mozilla/5.0 AppleWebKit/537.36 (KHTML, like Gecko; compatible; ClaudeBot/1.0; +claudebot@anthropic.com)"
45.117.177.72 - - [07/Sep/2025:00:37:50 +0700] "POST /wp-cron.php?doing_wp_cron=1757180270.8016579151153564453125 HTTP/1.0" 200 416 "-" "WordPress/6.8.1; https://vattusacky.vn"
216.73.216.162 - - [07/Sep/2025:00:37:49 +0700] "GET /?p=4582 HTTP/1.0" 301 594 "-" "Mozilla/5.0 AppleWebKit/537.36 (KHTML, like Gecko; compatible; ClaudeBot/1.0; +claudebot@anthropic.com)"
216.73.216.162 - - [07/Sep/2025:00:37:51 +0700] "GET /online-casino-real-money-no-deposit-bonus/ HTTP/1.0" 200 208626 "https://vattusacky.vn/?p=4596" "Mozilla/5.0 AppleWebKit/537.36 (KHTML, like Gecko; compatible; ClaudeBot/1.0; +claudebot@anthropic.com)"
216.73.216.162 - - [07/Sep/2025:00:37:51 +0700] "GET /play-mega-mallah-slot-machines-enhance-your-slots/ HTTP/1.0" 200 207366 "https://vattusacky.vn/?p=4582" "Mozilla/5.0 AppleWebKit/537.36 (KHTML, like Gecko; compatible; ClaudeBot/1.0; +claudebot@anthropic.com)"
216.73.216.162 - - [07/Sep/2025:00:37:53 +0700] "GET /?p=3410 HTTP/1.0" 301 530 "-" "Mozilla/5.0 AppleWebKit/537.36 (KHTML, like Gecko; compatible; ClaudeBot/1.0; +claudebot@anthropic.com)"
216.73.216.162 - - [07/Sep/2025:00:37:53 +0700] "GET /?p=4423 HTTP/1.0" 301 422 "-" "Mozilla/5.0 AppleWebKit/537.36 (KHTML, like Gecko; compatible; ClaudeBot/1.0; +claudebot@anthropic.com)"
216.73.216.162 - - [07/Sep/2025:00:37:54 +0700] "GET /from-fandoma%c2%84%c2%a2-community-15-first-date-ideas-for-film-buffs-gamers-and-fans/ HTTP/1.0" 200 222632 "https://vattusacky.vn/?p=3410" "Mozilla/5.0 AppleWebKit/537.36 (KHTML, like Gecko; compatible; ClaudeBot/1.0; +claudebot@anthropic.com)"
216.73.216.162 - - [07/Sep/2025:00:37:55 +0700] "GET /free-casino-video-slots/ HTTP/1.0" 200 207273 "https://vattusacky.vn/?p=4423" "Mozilla/5.0 AppleWebKit/537.36 (KHTML, like Gecko; compatible; ClaudeBot/1.0; +claudebot@anthropic.com)"
216.73.216.162 - - [07/Sep/2025:00:37:56 +0700] "GET /?p=4314 HTTP/1.0" 301 474 "-" "Mozilla/5.0 AppleWebKit/537.36 (KHTML, like Gecko; compatible; ClaudeBot/1.0; +claudebot@anthropic.com)"
216.73.216.162 - - [07/Sep/2025:00:37:58 +0700] "GET /premier-guess-casino-slots-57/ HTTP/1.0" 200 226519 "https://vattusacky.vn/?p=4314" "Mozilla/5.0 AppleWebKit/537.36 (KHTML, like Gecko; compatible; ClaudeBot/1.0; +claudebot@anthropic.com)"
216.73.216.162 - - [07/Sep/2025:00:38:49 +0700] "GET /?p=4378 HTTP/1.0" 301 644 "-" "Mozilla/5.0 AppleWebKit/537.36 (KHTML, like Gecko; compatible; ClaudeBot/1.0; +claudebot@anthropic.com)"
45.117.177.72 - - [07/Sep/2025:00:38:51 +0700] "POST /wp-cron.php?doing_wp_cron=1757180330.8156590461730957031250 HTTP/1.0" 200 416 "-" "WordPress/6.8.1; https://vattusacky.vn"
216.73.216.162 - - [07/Sep/2025:00:38:49 +0700] "GET /author/yanz/page/402 HTTP/1.0" 301 565 "-" "Mozilla/5.0 AppleWebKit/537.36 (KHTML, like Gecko; compatible; ClaudeBot/1.0; +claudebot@anthropic.com)"
216.73.216.162 - - [07/Sep/2025:00:38:51 +0700] "GET /team-bond-claims-day-1-win-in-8-hour-lemon-squeeze-67/ HTTP/1.0" 200 252788 "https://vattusacky.vn/?p=4378" "Mozilla/5.0 AppleWebKit/537.36 (KHTML, like Gecko; compatible; ClaudeBot/1.0; +claudebot@anthropic.com)"
216.73.216.162 - - [07/Sep/2025:00:38:51 +0700] "GET /author/yanz/page/402/ HTTP/1.0" 200 116518 "https://vattusacky.vn/author/yanz/page/402" "Mozilla/5.0 AppleWebKit/537.36 (KHTML, like Gecko; compatible; ClaudeBot/1.0; +claudebot@anthropic.com)"
216.73.216.162 - - [07/Sep/2025:00:38:53 +0700] "GET /?p=4425 HTTP/1.0" 301 467 "-" "Mozilla/5.0 AppleWebKit/537.36 (KHTML, like Gecko; compatible; ClaudeBot/1.0; +claudebot@anthropic.com)"
216.73.216.162 - - [07/Sep/2025:00:38:54 +0700] "GET /?p=4878 HTTP/1.0" 301 556 "-" "Mozilla/5.0 AppleWebKit/537.36 (KHTML, like Gecko; compatible; ClaudeBot/1.0; +claudebot@anthropic.com)"
216.73.216.162 - - [07/Sep/2025:00:38:55 +0700] "GET /playing-casino-games-for-free-games-maximize-your-chances-of-winning/ HTTP/1.0" 200 207219 "https://vattusacky.vn/?p=4425" "Mozilla/5.0 AppleWebKit/537.36 (KHTML, like Gecko; compatible; ClaudeBot/1.0; +claudebot@anthropic.com)"
216.73.216.162 - - [07/Sep/2025:00:38:55 +0700] "GET /how-to-erase-leovegas-account-most-recent-news-movies-photos-about-just-how-to-delete-leovegas-account-page-one/ HTTP/1.0" 200 223022 "https://vattusacky.vn/?p=4878" "Mozilla/5.0 AppleWebKit/537.36 (KHTML, like Gecko; compatible; ClaudeBot/1.0; +claudebot@anthropic.com)"
216.73.216.162 - - [07/Sep/2025:00:38:57 +0700] "GET /?p=6256 HTTP/1.0" 301 480 "-" "Mozilla/5.0 AppleWebKit/537.36 (KHTML, like Gecko; compatible; ClaudeBot/1.0; +claudebot@anthropic.com)"
216.73.216.162 - - [07/Sep/2025:00:38:58 +0700] "GET /building-a-global-network-on-omegle/ HTTP/1.0" 200 88760 "https://vattusacky.vn/?p=6256" "Mozilla/5.0 AppleWebKit/537.36 (KHTML, like Gecko; compatible; ClaudeBot/1.0; +claudebot@anthropic.com)"
216.73.216.162 - - [07/Sep/2025:00:40:05 +0700] "GET /?p=4280 HTTP/1.0" 301 640 "-" "Mozilla/5.0 AppleWebKit/537.36 (KHTML, like Gecko; compatible; ClaudeBot/1.0; +claudebot@anthropic.com)"
45.117.177.72 - - [07/Sep/2025:00:40:07 +0700] "POST /wp-cron.php?doing_wp_cron=1757180406.8292980194091796875000 HTTP/1.0" 200 416 "-" "WordPress/6.8.1; https://vattusacky.vn"
216.73.216.162 - - [07/Sep/2025:00:40:05 +0700] "GET /?p=4601 HTTP/1.0" 301 558 "-" "Mozilla/5.0 AppleWebKit/537.36 (KHTML, like Gecko; compatible; ClaudeBot/1.0; +claudebot@anthropic.com)"
216.73.216.162 - - [07/Sep/2025:00:40:07 +0700] "GET /fun88-unveils-a-recent-search-for-its-web-site-13/ HTTP/1.0" 200 246151 "https://vattusacky.vn/?p=4280" "Mozilla/5.0 AppleWebKit/537.36 (KHTML, like Gecko; compatible; ClaudeBot/1.0; +claudebot@anthropic.com)"
216.73.216.162 - - [07/Sep/2025:00:40:07 +0700] "GET /killer-sudoku/ HTTP/1.0" 200 204023 "https://vattusacky.vn/?p=4601" "Mozilla/5.0 AppleWebKit/537.36 (KHTML, like Gecko; compatible; ClaudeBot/1.0; +claudebot@anthropic.com)"
216.73.216.162 - - [07/Sep/2025:00:40:09 +0700] "GET /author/yanz/page/382 HTTP/1.0" 301 419 "-" "Mozilla/5.0 AppleWebKit/537.36 (KHTML, like Gecko; compatible; ClaudeBot/1.0; +claudebot@anthropic.com)"
216.73.216.162 - - [07/Sep/2025:00:40:09 +0700] "GET /?p=4430 HTTP/1.0" 301 405 "-" "Mozilla/5.0 AppleWebKit/537.36 (KHTML, like Gecko; compatible; ClaudeBot/1.0; +claudebot@anthropic.com)"
216.73.216.162 - - [07/Sep/2025:00:40:10 +0700] "GET /author/yanz/page/382/ HTTP/1.0" 200 205841 "https://vattusacky.vn/author/yanz/page/382" "Mozilla/5.0 AppleWebKit/537.36 (KHTML, like Gecko; compatible; ClaudeBot/1.0; +claudebot@anthropic.com)"
216.73.216.162 - - [07/Sep/2025:00:40:11 +0700] "GET /4430-2/ HTTP/1.0" 200 206586 "https://vattusacky.vn/?p=4430" "Mozilla/5.0 AppleWebKit/537.36 (KHTML, like Gecko; compatible; ClaudeBot/1.0; +claudebot@anthropic.com)"
216.73.216.162 - - [07/Sep/2025:00:40:13 +0700] "GET /anastasiadate-evaluation-2021/feed HTTP/1.0" 301 577 "-" "Mozilla/5.0 AppleWebKit/537.36 (KHTML, like Gecko; compatible; ClaudeBot/1.0; +claudebot@anthropic.com)"
216.73.216.162 - - [07/Sep/2025:00:40:15 +0700] "GET /anastasiadate-evaluation-2021/feed/ HTTP/1.0" 200 1538 "https://vattusacky.vn/anastasiadate-evaluation-2021/feed" "Mozilla/5.0 AppleWebKit/537.36 (KHTML, like Gecko; compatible; ClaudeBot/1.0; +claudebot@anthropic.com)"
216.73.216.162 - - [07/Sep/2025:00:40:37 +0700] "GET /team-bond-claims-day-1-win-in-8-hour-lemon-squeeze-67/feed HTTP/1.0" 301 747 "-" "Mozilla/5.0 AppleWebKit/537.36 (KHTML, like Gecko; compatible; ClaudeBot/1.0; +claudebot@anthropic.com)"
45.117.177.72 - - [07/Sep/2025:00:40:38 +0700] "POST /wp-cron.php?doing_wp_cron=1757180438.6744689941406250000000 HTTP/1.0" 200 416 "-" "WordPress/6.8.1; https://vattusacky.vn"
216.73.216.162 - - [07/Sep/2025:00:40:37 +0700] "GET /so-sehr-wahlen-sie-eine-polnische-partneragentur-aus/feed HTTP/1.0" 301 746 "-" "Mozilla/5.0 AppleWebKit/537.36 (KHTML, like Gecko; compatible; ClaudeBot/1.0; +claudebot@anthropic.com)"
216.73.216.162 - - [07/Sep/2025:00:40:40 +0700] "GET /team-bond-claims-day-1-win-in-8-hour-lemon-squeeze-67/feed/ HTTP/1.0" 200 1607 "https://vattusacky.vn/team-bond-claims-day-1-win-in-8-hour-lemon-squeeze-67/feed" "Mozilla/5.0 AppleWebKit/537.36 (KHTML, like Gecko; compatible; ClaudeBot/1.0; +claudebot@anthropic.com)"
216.73.216.162 - - [07/Sep/2025:00:40:40 +0700] "GET /so-sehr-wahlen-sie-eine-polnische-partneragentur-aus/feed/ HTTP/1.0" 200 1608 "https://vattusacky.vn/so-sehr-wahlen-sie-eine-polnische-partneragentur-aus/feed" "Mozilla/5.0 AppleWebKit/537.36 (KHTML, like Gecko; compatible; ClaudeBot/1.0; +claudebot@anthropic.com)"
216.73.216.162 - - [07/Sep/2025:00:40:41 +0700] "GET /review-para-codere-analisis-de-casa-de-apuestas-online-2023 HTTP/1.0" 301 504 "-" "Mozilla/5.0 AppleWebKit/537.36 (KHTML, like Gecko; compatible; ClaudeBot/1.0; +claudebot@anthropic.com)"
216.73.216.162 - - [07/Sep/2025:00:40:42 +0700] "GET /online-slot-machines-is-just-like-land-based-surgeons HTTP/1.0" 301 452 "-" "Mozilla/5.0 AppleWebKit/537.36 (KHTML, like Gecko; compatible; ClaudeBot/1.0; +claudebot@anthropic.com)"
216.73.216.162 - - [07/Sep/2025:00:40:43 +0700] "GET /review-para-codere-analisis-de-casa-de-apuestas-online-2023/ HTTP/1.0" 200 92725 "https://vattusacky.vn/review-para-codere-analisis-de-casa-de-apuestas-online-2023" "Mozilla/5.0 AppleWebKit/537.36 (KHTML, like Gecko; compatible; ClaudeBot/1.0; +claudebot@anthropic.com)"
216.73.216.162 - - [07/Sep/2025:00:40:43 +0700] "GET /online-slot-machines-is-just-like-land-based-surgeons/ HTTP/1.0" 200 207010 "https://vattusacky.vn/online-slot-machines-is-just-like-land-based-surgeons" "Mozilla/5.0 AppleWebKit/537.36 (KHTML, like Gecko; compatible; ClaudeBot/1.0; +claudebot@anthropic.com)"
216.73.216.162 - - [07/Sep/2025:00:40:45 +0700] "GET /author/yanz/page/413 HTTP/1.0" 301 419 "-" "Mozilla/5.0 AppleWebKit/537.36 (KHTML, like Gecko; compatible; ClaudeBot/1.0; +claudebot@anthropic.com)"
216.73.216.162 - - [07/Sep/2025:00:40:46 +0700] "GET /author/yanz/page/413/ HTTP/1.0" 200 108263 "https://vattusacky.vn/author/yanz/page/413" "Mozilla/5.0 AppleWebKit/537.36 (KHTML, like Gecko; compatible; ClaudeBot/1.0; +claudebot@anthropic.com)"
216.73.216.162 - - [07/Sep/2025:00:41:59 +0700] "GET /from-fandoma%c2%84%c2%a2-community-15-first-date-ideas-for-film-buffs-gamers-and-fans/feed HTTP/1.0" 301 779 "-" "Mozilla/5.0 AppleWebKit/537.36 (KHTML, like Gecko; compatible; ClaudeBot/1.0; +claudebot@anthropic.com)"
45.117.177.72 - - [07/Sep/2025:00:42:01 +0700] "POST /wp-cron.php?doing_wp_cron=1757180521.0302429199218750000000 HTTP/1.0" 200 416 "-" "WordPress/6.8.1; https://vattusacky.vn"
216.73.216.162 - - [07/Sep/2025:00:41:59 +0700] "GET /from-fandoma%C2%84%C2%A2-community-15-first-date-ideas-for-film-buffs-gamers-and-fans HTTP/1.0" 301 676 "-" "Mozilla/5.0 AppleWebKit/537.36 (KHTML, like Gecko; compatible; ClaudeBot/1.0; +claudebot@anthropic.com)"
216.73.216.162 - - [07/Sep/2025:00:42:01 +0700] "GET /from-fandoma%c2%84%c2%a2-community-15-first-date-ideas-for-film-buffs-gamers-and-fans/feed/ HTTP/1.0" 200 1702 "https://vattusacky.vn/from-fandoma%c2%84%c2%a2-community-15-first-date-ideas-for-film-buffs-gamers-and-fans/feed" "Mozilla/5.0 AppleWebKit/537.36 (KHTML, like Gecko; compatible; ClaudeBot/1.0; +claudebot@anthropic.com)"
216.73.216.162 - - [07/Sep/2025:00:42:01 +0700] "GET /from-fandoma%C2%84%C2%A2-community-15-first-date-ideas-for-film-buffs-gamers-and-fans/ HTTP/1.0" 200 222632 "https://vattusacky.vn/from-fandoma%C2%84%C2%A2-community-15-first-date-ideas-for-film-buffs-gamers-and-fans" "Mozilla/5.0 AppleWebKit/537.36 (KHTML, like Gecko; compatible; ClaudeBot/1.0; +claudebot@anthropic.com)"
216.73.216.162 - - [07/Sep/2025:00:42:03 +0700] "GET /true-mail-buy-brides-discover-stunning-mail-order-sweetheart-online/feed HTTP/1.0" 301 615 "-" "Mozilla/5.0 AppleWebKit/537.36 (KHTML, like Gecko; compatible; ClaudeBot/1.0; +claudebot@anthropic.com)"
216.73.216.162 - - [07/Sep/2025:00:42:03 +0700] "GET /author/yanz/page/383 HTTP/1.0" 301 419 "-" "Mozilla/5.0 AppleWebKit/537.36 (KHTML, like Gecko; compatible; ClaudeBot/1.0; +claudebot@anthropic.com)"
216.73.216.162 - - [07/Sep/2025:00:42:04 +0700] "GET /true-mail-buy-brides-discover-stunning-mail-order-sweetheart-online/feed/ HTTP/1.0" 200 1654 "https://vattusacky.vn/true-mail-buy-brides-discover-stunning-mail-order-sweetheart-online/feed" "Mozilla/5.0 AppleWebKit/537.36 (KHTML, like Gecko; compatible; ClaudeBot/1.0; +claudebot@anthropic.com)"
216.73.216.162 - - [07/Sep/2025:00:42:05 +0700] "GET /author/yanz/page/383/ HTTP/1.0" 200 130359 "https://vattusacky.vn/author/yanz/page/383" "Mozilla/5.0 AppleWebKit/537.36 (KHTML, like Gecko; compatible; ClaudeBot/1.0; +claudebot@anthropic.com)"
216.73.216.162 - - [07/Sep/2025:00:42:06 +0700] "GET /author/yanz/page/414 HTTP/1.0" 301 419 "-" "Mozilla/5.0 AppleWebKit/537.36 (KHTML, like Gecko; compatible; ClaudeBot/1.0; +claudebot@anthropic.com)"
216.73.216.162 - - [07/Sep/2025:00:42:08 +0700] "GET /author/yanz/page/414/ HTTP/1.0" 200 76938 "https://vattusacky.vn/author/yanz/page/414" "Mozilla/5.0 AppleWebKit/537.36 (KHTML, like Gecko; compatible; ClaudeBot/1.0; +claudebot@anthropic.com)"
45.117.177.72 - - [07/Sep/2025:00:42:20 +0700] "POST /wp-cron.php?doing_wp_cron=1757180540.6681950092315673828125 HTTP/1.0" 200 416 "-" "WordPress/6.8.1; https://vattusacky.vn"
217.113.194.77 - - [07/Sep/2025:00:42:19 +0700] "GET /san-pham/tram-lay-mau-bui-tsp-khong-choi-than-2-cap/feed/ HTTP/1.0" 200 1709 "-" "Mozilla/5.0 (compatible; Barkrowler/0.9; +https://babbar.tech/crawler)"
92.205.167.152 - - [07/Sep/2025:00:42:31 +0700] "POST /xmlrpc.php HTTP/1.0" 200 956 "https://vattusacky.vn" "Mozilla/5.0 (Macintosh; Intel Mac OS X 10_15_7) AppleWebKit/537.36 (KHTML, like Gecko) Chrome/116.0.5845.96 Safari/537.36"
217.113.194.78 - - [07/Sep/2025:00:42:39 +0700] "GET /san-pham/tram-lay-mau-bui-tsp-khong-choi-than-3-cap-2/ HTTP/1.0" 200 372259 "-" "Mozilla/5.0 (compatible; Barkrowler/0.9; +https://babbar.tech/crawler)"
45.117.177.72 - - [07/Sep/2025:00:43:31 +0700] "POST /wp-cron.php?doing_wp_cron=1757180611.2822210788726806640625 HTTP/1.0" 200 416 "-" "WordPress/6.8.1; https://vattusacky.vn"
217.113.194.76 - - [07/Sep/2025:00:43:30 +0700] "GET /san-pham/tram-lay-mau-bui-tsp-khong-choi-than-3-cap/feed/ HTTP/1.0" 200 1709 "-" "Mozilla/5.0 (compatible; Barkrowler/0.9; +https://babbar.tech/crawler)"
216.73.216.162 - - [07/Sep/2025:00:43:32 +0700] "GET /dambulla-viiking-cricket-group-sri-lanka-45/feed HTTP/1.0" 301 737 "-" "Mozilla/5.0 AppleWebKit/537.36 (KHTML, like Gecko; compatible; ClaudeBot/1.0; +claudebot@anthropic.com)"
216.73.216.162 - - [07/Sep/2025:00:43:32 +0700] "GET /playamo-on-line-casino-australia-finest-on-the-web-11 HTTP/1.0" 301 644 "-" "Mozilla/5.0 AppleWebKit/537.36 (KHTML, like Gecko; compatible; ClaudeBot/1.0; +claudebot@anthropic.com)"
216.73.216.162 - - [07/Sep/2025:00:43:34 +0700] "GET /dambulla-viiking-cricket-group-sri-lanka-45/feed/ HTTP/1.0" 200 1577 "https://vattusacky.vn/dambulla-viiking-cricket-group-sri-lanka-45/feed" "Mozilla/5.0 AppleWebKit/537.36 (KHTML, like Gecko; compatible; ClaudeBot/1.0; +claudebot@anthropic.com)"
216.73.216.162 - - [07/Sep/2025:00:43:34 +0700] "GET /playamo-on-line-casino-australia-finest-on-the-web-11/ HTTP/1.0" 200 75667 "https://vattusacky.vn/playamo-on-line-casino-australia-finest-on-the-web-11" "Mozilla/5.0 AppleWebKit/537.36 (KHTML, like Gecko; compatible; ClaudeBot/1.0; +claudebot@anthropic.com)"
216.73.216.162 - - [07/Sep/2025:00:43:36 +0700] "GET /category/ukrainische-frauen-kennen/feed HTTP/1.0" 301 536 "-" "Mozilla/5.0 AppleWebKit/537.36 (KHTML, like Gecko; compatible; ClaudeBot/1.0; +claudebot@anthropic.com)"
216.73.216.162 - - [07/Sep/2025:00:43:36 +0700] "GET /leovegas-kom-igaang-blixtsnabbt-med-mobilt-bankid/feed HTTP/1.0" 301 597 "-" "Mozilla/5.0 AppleWebKit/537.36 (KHTML, like Gecko; compatible; ClaudeBot/1.0; +claudebot@anthropic.com)"
216.73.216.162 - - [07/Sep/2025:00:43:37 +0700] "GET /category/ukrainische-frauen-kennen/feed/ HTTP/1.0" 200 148455 "https://vattusacky.vn/category/ukrainische-frauen-kennen/feed" "Mozilla/5.0 AppleWebKit/537.36 (KHTML, like Gecko; compatible; ClaudeBot/1.0; +claudebot@anthropic.com)"
216.73.216.162 - - [07/Sep/2025:00:43:38 +0700] "GET /leovegas-kom-igaang-blixtsnabbt-med-mobilt-bankid/feed/ HTTP/1.0" 200 1598 "https://vattusacky.vn/leovegas-kom-igaang-blixtsnabbt-med-mobilt-bankid/feed" "Mozilla/5.0 AppleWebKit/537.36 (KHTML, like Gecko; compatible; ClaudeBot/1.0; +claudebot@anthropic.com)"
154.54.249.200 - - [07/Sep/2025:00:43:49 +0700] "GET /san-pham/palintest-_bo-phan-tich-asen-tai-hien-truong/feed/ HTTP/1.0" 200 1712 "-" "Mozilla/5.0 (compatible; Barkrowler/0.9; +https://babbar.tech/crawler)"
217.113.194.76 - - [07/Sep/2025:00:44:10 +0700] "GET /mostbet-kazahstan-nadezhnyj-partner-dlja-onlajn-stavok/ HTTP/1.0" 200 98130 "-" "Mozilla/5.0 (compatible; Barkrowler/0.9; +https://babbar.tech/crawler)"
216.73.216.162 - - [07/Sep/2025:00:44:27 +0700] "GET /category/wife-finder/feed HTTP/1.0" 301 668 "-" "Mozilla/5.0 AppleWebKit/537.36 (KHTML, like Gecko; compatible; ClaudeBot/1.0; +claudebot@anthropic.com)"
45.117.177.72 - - [07/Sep/2025:00:44:29 +0700] "POST /wp-cron.php?doing_wp_cron=1757180668.9188768863677978515625 HTTP/1.0" 200 416 "-" "WordPress/6.8.1; https://vattusacky.vn"
216.73.216.162 - - [07/Sep/2025:00:44:27 +0700] "GET /1xbet-zambia-promo-code-enroll-offer-2023-65/feed HTTP/1.0" 301 738 "-" "Mozilla/5.0 AppleWebKit/537.36 (KHTML, like Gecko; compatible; ClaudeBot/1.0; +claudebot@anthropic.com)"
216.73.216.162 - - [07/Sep/2025:00:44:29 +0700] "GET /category/wife-finder/feed/ HTTP/1.0" 200 151604 "https://vattusacky.vn/category/wife-finder/feed" "Mozilla/5.0 AppleWebKit/537.36 (KHTML, like Gecko; compatible; ClaudeBot/1.0; +claudebot@anthropic.com)"
216.73.216.162 - - [07/Sep/2025:00:44:29 +0700] "GET /1xbet-zambia-promo-code-enroll-offer-2023-65/feed/ HTTP/1.0" 200 1587 "https://vattusacky.vn/1xbet-zambia-promo-code-enroll-offer-2023-65/feed" "Mozilla/5.0 AppleWebKit/537.36 (KHTML, like Gecko; compatible; ClaudeBot/1.0; +claudebot@anthropic.com)"
216.73.216.162 - - [07/Sep/2025:00:44:31 +0700] "GET /obzor-sovetnika-foreks-wsb-wall-street-bot HTTP/1.0" 301 487 "-" "Mozilla/5.0 AppleWebKit/537.36 (KHTML, like Gecko; compatible; ClaudeBot/1.0; +claudebot@anthropic.com)"
216.73.216.162 - - [07/Sep/2025:00:44:32 +0700] "GET /888bet-cell-app-163/feed HTTP/1.0" 301 567 "-" "Mozilla/5.0 AppleWebKit/537.36 (KHTML, like Gecko; compatible; ClaudeBot/1.0; +claudebot@anthropic.com)"
216.73.216.162 - - [07/Sep/2025:00:44:33 +0700] "GET /obzor-sovetnika-foreks-wsb-wall-street-bot/ HTTP/1.0" 200 221327 "https://vattusacky.vn/obzor-sovetnika-foreks-wsb-wall-street-bot" "Mozilla/5.0 AppleWebKit/537.36 (KHTML, like Gecko; compatible; ClaudeBot/1.0; +claudebot@anthropic.com)"
216.73.216.162 - - [07/Sep/2025:00:44:33 +0700] "GET /888bet-cell-app-163/feed/ HTTP/1.0" 200 1504 "https://vattusacky.vn/888bet-cell-app-163/feed" "Mozilla/5.0 AppleWebKit/537.36 (KHTML, like Gecko; compatible; ClaudeBot/1.0; +claudebot@anthropic.com)"
217.113.194.72 - - [07/Sep/2025:00:44:37 +0700] "GET /the-world-at-your-fingertips-exploring-global-diversity-on-omegle-and-ometv/ HTTP/1.0" 200 93201 "-" "Mozilla/5.0 (compatible; Barkrowler/0.9; +https://babbar.tech/crawler)"
46.105.42.96 - - [07/Sep/2025:00:44:37 +0700] "GET /robots.txt HTTP/1.0" 200 984 "-" "Mozilla/5.0 (compatible; MJ12bot/v2.0.4; http://mj12bot.com/)"
85.208.96.194 - - [07/Sep/2025:00:44:38 +0700] "GET /robots.txt HTTP/1.0" 200 984 "-" "Mozilla/5.0 (compatible; SemrushBot/7~bl; +http://www.semrush.com/bot.html)"
46.105.42.96 - - [07/Sep/2025:00:44:40 +0700] "GET / HTTP/1.0" 200 60070 "-" "Mozilla/5.0 (compatible; MJ12bot/v2.0.4; http://mj12bot.com/)"
85.208.96.206 - - [07/Sep/2025:00:44:40 +0700] "GET /author/yanz/page/329/ HTTP/1.0" 200 77671 "-" "Mozilla/5.0 (compatible; SemrushBot/7~bl; +http://www.semrush.com/bot.html)"
217.113.194.81 - - [07/Sep/2025:00:44:57 +0700] "GET /trader-perevod-na-russkij-slovar%D1%8C-ital%D1%8Cjanskij/feed/ HTTP/1.0" 200 1811 "-" "Mozilla/5.0 (compatible; Barkrowler/0.9; +https://babbar.tech/crawler)"
216.73.216.162 - - [07/Sep/2025:00:45:04 +0700] "GET /tienda-de-deportes-en-linea-welivesports HTTP/1.0" 301 631 "-" "Mozilla/5.0 AppleWebKit/537.36 (KHTML, like Gecko; compatible; ClaudeBot/1.0; +claudebot@anthropic.com)"
216.73.216.162 - - [07/Sep/2025:00:45:04 +0700] "GET /melbet-india-review-2023-57 HTTP/1.0" 301 618 "-" "Mozilla/5.0 AppleWebKit/537.36 (KHTML, like Gecko; compatible; ClaudeBot/1.0; +claudebot@anthropic.com)"
216.73.216.162 - - [07/Sep/2025:00:45:05 +0700] "GET /tienda-de-deportes-en-linea-welivesports/ HTTP/1.0" 200 89714 "https://vattusacky.vn/tienda-de-deportes-en-linea-welivesports" "Mozilla/5.0 AppleWebKit/537.36 (KHTML, like Gecko; compatible; ClaudeBot/1.0; +claudebot@anthropic.com)"
216.73.216.162 - - [07/Sep/2025:00:45:05 +0700] "GET /melbet-india-review-2023-57/ HTTP/1.0" 200 235915 "https://vattusacky.vn/melbet-india-review-2023-57" "Mozilla/5.0 AppleWebKit/537.36 (KHTML, like Gecko; compatible; ClaudeBot/1.0; +claudebot@anthropic.com)"
216.73.216.162 - - [07/Sep/2025:00:45:08 +0700] "GET /premier-guess-casino-slots-57/feed HTTP/1.0" 301 577 "-" "Mozilla/5.0 AppleWebKit/537.36 (KHTML, like Gecko; compatible; ClaudeBot/1.0; +claudebot@anthropic.com)"
216.73.216.162 - - [07/Sep/2025:00:45:08 +0700] "GET /pin-ap-casino-onlajn-frispiny-za-vhod-v-kazino-4/feed HTTP/1.0" 301 596 "-" "Mozilla/5.0 AppleWebKit/537.36 (KHTML, like Gecko; compatible; ClaudeBot/1.0; +claudebot@anthropic.com)"
216.73.216.162 - - [07/Sep/2025:00:45:09 +0700] "GET /premier-guess-casino-slots-57/feed/ HTTP/1.0" 200 1535 "https://vattusacky.vn/premier-guess-casino-slots-57/feed" "Mozilla/5.0 AppleWebKit/537.36 (KHTML, like Gecko; compatible; ClaudeBot/1.0; +claudebot@anthropic.com)"
216.73.216.162 - - [07/Sep/2025:00:45:10 +0700] "GET /pin-ap-casino-onlajn-frispiny-za-vhod-v-kazino-4/feed/ HTTP/1.0" 200 1666 "https://vattusacky.vn/pin-ap-casino-onlajn-frispiny-za-vhod-v-kazino-4/feed" "Mozilla/5.0 AppleWebKit/537.36 (KHTML, like Gecko; compatible; ClaudeBot/1.0; +claudebot@anthropic.com)"
45.117.177.72 - - [07/Sep/2025:00:45:19 +0700] "POST /wp-cron.php?doing_wp_cron=1757180719.2203960418701171875000 HTTP/1.0" 200 416 "-" "WordPress/6.8.1; https://vattusacky.vn"
217.113.194.80 - - [07/Sep/2025:00:45:18 +0700] "GET /skachat-1xbet-kz-mobilnaja-versija-1hbet-na-android-besplatno/feed/ HTTP/1.0" 200 1825 "-" "Mozilla/5.0 (compatible; Barkrowler/0.9; +https://babbar.tech/crawler)"
217.113.194.75 - - [07/Sep/2025:00:45:38 +0700] "GET /the-impact-of-omegle-on-mental-health-and-well-being-a-psychological-perspective/feed/ HTTP/1.0" 200 1837 "-" "Mozilla/5.0 (compatible; Barkrowler/0.9; +https://babbar.tech/crawler)"
138.68.187.114 - - [07/Sep/2025:00:45:57 +0700] "POST /xmlrpc.php HTTP/1.0" 200 956 "https://vattusacky.vn" "Mozilla/5.0 (Windows NT 10.0; Win64; x64; rv:129.0) Gecko/20100101 Firefox/129.0"
217.113.194.77 - - [07/Sep/2025:00:45:59 +0700] "GET /the-impact-of-mental-health-on-omegle-conversations-nurturing-supportive-interactions/ HTTP/1.0" 200 86050 "-" "Mozilla/5.0 (compatible; Barkrowler/0.9; +https://babbar.tech/crawler)"
45.117.177.72 - - [07/Sep/2025:00:46:22 +0700] "POST /wp-cron.php?doing_wp_cron=1757180782.5722980499267578125000 HTTP/1.0" 200 416 "-" "WordPress/6.8.1; https://vattusacky.vn"
217.113.194.218 - - [07/Sep/2025:00:46:21 +0700] "GET /the-impact-of-networking-on-creativity-and-innovation-on-omegle-and-ometv/feed/ HTTP/1.0" 200 1816 "-" "Mozilla/5.0 (compatible; Barkrowler/0.9; +https://babbar.tech/crawler)"
45.117.177.72 - - [07/Sep/2025:00:46:35 +0700] "POST /wp-cron.php?doing_wp_cron=1757180794.8946230411529541015625 HTTP/1.0" 200 416 "-" "WordPress/6.8.1; https://vattusacky.vn"
216.73.216.162 - - [07/Sep/2025:00:46:33 +0700] "GET /category/best-website-to-find-women/feed HTTP/1.0" 301 683 "-" "Mozilla/5.0 AppleWebKit/537.36 (KHTML, like Gecko; compatible; ClaudeBot/1.0; +claudebot@anthropic.com)"
216.73.216.162 - - [07/Sep/2025:00:46:33 +0700] "GET /category/it-education-3/feed HTTP/1.0" 301 671 "-" "Mozilla/5.0 AppleWebKit/537.36 (KHTML, like Gecko; compatible; ClaudeBot/1.0; +claudebot@anthropic.com)"
216.73.216.162 - - [07/Sep/2025:00:46:35 +0700] "GET /category/it-education-3/feed/ HTTP/1.0" 200 67144 "https://vattusacky.vn/category/it-education-3/feed" "Mozilla/5.0 AppleWebKit/537.36 (KHTML, like Gecko; compatible; ClaudeBot/1.0; +claudebot@anthropic.com)"
216.73.216.162 - - [07/Sep/2025:00:46:35 +0700] "GET /category/best-website-to-find-women/feed/ HTTP/1.0" 200 145869 "https://vattusacky.vn/category/best-website-to-find-women/feed" "Mozilla/5.0 AppleWebKit/537.36 (KHTML, like Gecko; compatible; ClaudeBot/1.0; +claudebot@anthropic.com)"
216.73.216.162 - - [07/Sep/2025:00:46:37 +0700] "GET /?p=4614 HTTP/1.0" 301 405 "-" "Mozilla/5.0 AppleWebKit/537.36 (KHTML, like Gecko; compatible; ClaudeBot/1.0; +claudebot@anthropic.com)"
216.73.216.162 - - [07/Sep/2025:00:46:37 +0700] "GET /dating-someone-right-from-a-different-region/feed HTTP/1.0" 301 592 "-" "Mozilla/5.0 AppleWebKit/537.36 (KHTML, like Gecko; compatible; ClaudeBot/1.0; +claudebot@anthropic.com)"
216.73.216.162 - - [07/Sep/2025:00:46:38 +0700] "GET /4614-2/ HTTP/1.0" 200 206595 "https://vattusacky.vn/?p=4614" "Mozilla/5.0 AppleWebKit/537.36 (KHTML, like Gecko; compatible; ClaudeBot/1.0; +claudebot@anthropic.com)"
216.73.216.162 - - [07/Sep/2025:00:46:39 +0700] "GET /dating-someone-right-from-a-different-region/feed/ HTTP/1.0" 200 1583 "https://vattusacky.vn/dating-someone-right-from-a-different-region/feed" "Mozilla/5.0 AppleWebKit/537.36 (KHTML, like Gecko; compatible; ClaudeBot/1.0; +claudebot@anthropic.com)"
216.73.216.162 - - [07/Sep/2025:00:46:40 +0700] "GET /?p=4344 HTTP/1.0" 301 464 "-" "Mozilla/5.0 AppleWebKit/537.36 (KHTML, like Gecko; compatible; ClaudeBot/1.0; +claudebot@anthropic.com)"
217.113.194.80 - - [07/Sep/2025:00:46:41 +0700] "GET /tin-dung-bieu-vay-nhanh-10-trieu-hien-nghi-tuc-thoi/ HTTP/1.0" 200 210890 "-" "Mozilla/5.0 (compatible; Barkrowler/0.9; +https://babbar.tech/crawler)"
216.73.216.162 - - [07/Sep/2025:00:46:42 +0700] "GET /888bet-cell-app-163/ HTTP/1.0" 200 227209 "https://vattusacky.vn/?p=4344" "Mozilla/5.0 AppleWebKit/537.36 (KHTML, like Gecko; compatible; ClaudeBot/1.0; +claudebot@anthropic.com)"
217.113.194.79 - - [07/Sep/2025:00:47:11 +0700] "GET /intervju-maksima-krippy-dlja-zhurnala-investicii-1044/feed/ HTTP/1.0" 200 1790 "-" "Mozilla/5.0 (compatible; Barkrowler/0.9; +https://babbar.tech/crawler)"
45.117.177.72 - - [07/Sep/2025:00:47:32 +0700] "POST /wp-cron.php?doing_wp_cron=1757180852.4514899253845214843750 HTTP/1.0" 200 416 "-" "WordPress/6.8.1; https://vattusacky.vn"
217.113.194.73 - - [07/Sep/2025:00:47:31 +0700] "GET /the-transformative-potential-of-serendipitous-connections-on-omegle-and-ometv/ HTTP/1.0" 200 89229 "-" "Mozilla/5.0 (compatible; Barkrowler/0.9; +https://babbar.tech/crawler)"
216.73.216.162 - - [07/Sep/2025:00:47:46 +0700] "GET /?p=4599 HTTP/1.0" 301 607 "-" "Mozilla/5.0 AppleWebKit/537.36 (KHTML, like Gecko; compatible; ClaudeBot/1.0; +claudebot@anthropic.com)"
216.73.216.162 - - [07/Sep/2025:00:47:46 +0700] "GET /author/yanz/page/403 HTTP/1.0" 301 565 "-" "Mozilla/5.0 AppleWebKit/537.36 (KHTML, like Gecko; compatible; ClaudeBot/1.0; +claudebot@anthropic.com)"
216.73.216.162 - - [07/Sep/2025:00:47:48 +0700] "GET /play-online-casino-games-for-free-and-lower-the-risk-of-losing/ HTTP/1.0" 200 206443 "https://vattusacky.vn/?p=4599" "Mozilla/5.0 AppleWebKit/537.36 (KHTML, like Gecko; compatible; ClaudeBot/1.0; +claudebot@anthropic.com)"
216.73.216.162 - - [07/Sep/2025:00:47:48 +0700] "GET /author/yanz/page/403/ HTTP/1.0" 200 77367 "https://vattusacky.vn/author/yanz/page/403" "Mozilla/5.0 AppleWebKit/537.36 (KHTML, like Gecko; compatible; ClaudeBot/1.0; +claudebot@anthropic.com)"
216.73.216.162 - - [07/Sep/2025:00:47:50 +0700] "GET /22-wager-64/feed HTTP/1.0" 301 559 "-" "Mozilla/5.0 AppleWebKit/537.36 (KHTML, like Gecko; compatible; ClaudeBot/1.0; +claudebot@anthropic.com)"
216.73.216.162 - - [07/Sep/2025:00:47:50 +0700] "GET /how-to-erase-leovegas-account-most-recent-news-movies-photos-about-just-how-to-delete-leovegas-account-page-one/feed HTTP/1.0" 301 659 "-" "Mozilla/5.0 AppleWebKit/537.36 (KHTML, like Gecko; compatible; ClaudeBot/1.0; +claudebot@anthropic.com)"
216.73.216.162 - - [07/Sep/2025:00:47:51 +0700] "GET /22-wager-64/feed/ HTTP/1.0" 200 1481 "https://vattusacky.vn/22-wager-64/feed" "Mozilla/5.0 AppleWebKit/537.36 (KHTML, like Gecko; compatible; ClaudeBot/1.0; +claudebot@anthropic.com)"
216.73.216.162 - - [07/Sep/2025:00:47:52 +0700] "GET /how-to-erase-leovegas-account-most-recent-news-movies-photos-about-just-how-to-delete-leovegas-account-page-one/feed/ HTTP/1.0" 200 1793 "https://vattusacky.vn/how-to-erase-leovegas-account-most-recent-news-movies-photos-about-just-how-to-delete-leovegas-account-page-one/feed" "Mozilla/5.0 AppleWebKit/537.36 (KHTML, like Gecko; compatible; ClaudeBot/1.0; +claudebot@anthropic.com)"
217.113.194.81 - - [07/Sep/2025:00:47:52 +0700] "GET /50-free-spinow-bez-depozytu-w-kasynie-vulkan-vegas-93/feed/ HTTP/1.0" 200 1754 "-" "Mozilla/5.0 (compatible; Barkrowler/0.9; +https://babbar.tech/crawler)"
216.73.216.162 - - [07/Sep/2025:00:47:53 +0700] "GET /1win-aviator-game-india-41/feed HTTP/1.0" 301 574 "-" "Mozilla/5.0 AppleWebKit/537.36 (KHTML, like Gecko; compatible; ClaudeBot/1.0; +claudebot@anthropic.com)"
216.73.216.162 - - [07/Sep/2025:00:47:54 +0700] "GET /1win-aviator-game-india-41/feed/ HTTP/1.0" 200 1526 "https://vattusacky.vn/1win-aviator-game-india-41/feed" "Mozilla/5.0 AppleWebKit/537.36 (KHTML, like Gecko; compatible; ClaudeBot/1.0; +claudebot@anthropic.com)"
217.113.194.80 - - [07/Sep/2025:00:48:11 +0700] "GET /what-men-believe-that-ladies-lie-when-it-comes-to-in-their-online-dating-sites-profiles/ HTTP/1.0" 200 207760 "-" "Mozilla/5.0 (compatible; Barkrowler/0.9; +https://babbar.tech/crawler)"
45.117.177.72 - - [07/Sep/2025:00:48:40 +0700] "POST /wp-cron.php?doing_wp_cron=1757180920.5485799312591552734375 HTTP/1.0" 200 416 "-" "WordPress/6.8.1; https://vattusacky.vn"
217.113.194.76 - - [07/Sep/2025:00:48:39 +0700] "GET /case-studies-real-life-experiences-with-cybertherapy-on-omegle-and-ometv/feed/ HTTP/1.0" 200 1813 "-" "Mozilla/5.0 (compatible; Barkrowler/0.9; +https://babbar.tech/crawler)"
217.113.194.72 - - [07/Sep/2025:00:48:58 +0700] "GET /exploring-omegles-cultural-dynamism-a-psychological-perspective-on-anonymous-interactions/ HTTP/1.0" 200 91522 "-" "Mozilla/5.0 (compatible; Barkrowler/0.9; +https://babbar.tech/crawler)"
45.117.177.72 - - [07/Sep/2025:00:49:18 +0700] "POST /wp-cron.php?doing_wp_cron=1757180958.4260790348052978515625 HTTP/1.0" 200 416 "-" "WordPress/6.8.1; https://vattusacky.vn"
52.167.144.216 - - [07/Sep/2025:00:49:17 +0700] "GET /danh-muc/phan-tich-thi-nghi%C3%83%C2%A1%C3%82%C2%BA%C3%82%C2%B9m/may-phan-tich-thuy-ngan-hg/ HTTP/1.0" 200 60331 "-" "Mozilla/5.0 AppleWebKit/537.36 (KHTML, like Gecko; compatible; bingbot/2.0; +http://www.bing.com/bingbot.htm) Chrome/116.0.1938.76 Safari/537.36"
217.113.194.77 - - [07/Sep/2025:00:49:23 +0700] "GET /exploring-emotional-intelligence-on-omegle-managing-emotions-in-online-interactions/feed/ HTTP/1.0" 200 1846 "-" "Mozilla/5.0 (compatible; Barkrowler/0.9; +https://babbar.tech/crawler)"
82.223.70.74 - - [07/Sep/2025:00:49:26 +0700] "POST /xmlrpc.php HTTP/1.0" 200 956 "https://vattusacky.vn" "Mozilla/5.0 (Macintosh; Intel Mac OS X 14.3) AppleWebKit/614.31.14 (KHTML, like Gecko) Version/17.0.96 Safari/614.31.14"
217.113.194.76 - - [07/Sep/2025:00:49:42 +0700] "GET /exploring-the-ethical-issues-of-omegle-and-ometv-privacy-consent-and-online-harassment/ HTTP/1.0" 200 91912 "-" "Mozilla/5.0 (compatible; Barkrowler/0.9; +https://babbar.tech/crawler)"
217.113.194.81 - - [07/Sep/2025:00:50:04 +0700] "GET /exploring-the-dark-side-addressing-online-harassment-on-omegle-and-ometv/feed/ HTTP/1.0" 200 1813 "-" "Mozilla/5.0 (compatible; Barkrowler/0.9; +https://babbar.tech/crawler)"
40.77.167.9 - - [07/Sep/2025:00:50:08 +0700] "GET /omegle-and-online-entertainment-industry-collaborations/ HTTP/1.0" 200 91943 "-" "Mozilla/5.0 AppleWebKit/537.36 (KHTML, like Gecko; compatible; bingbot/2.0; +http://www.bing.com/bingbot.htm) Chrome/116.0.1938.76 Safari/537.36"
216.73.216.134 - - [07/Sep/2025:00:50:15 +0700] "GET /category/marriage-certificate-requirements/feed HTTP/1.0" 301 690 "-" "Mozilla/5.0 AppleWebKit/537.36 (KHTML, like Gecko; compatible; ClaudeBot/1.0; +claudebot@anthropic.com)"
216.73.216.134 - - [07/Sep/2025:00:50:15 +0700] "GET /?p=3892 HTTP/1.0" 301 625 "-" "Mozilla/5.0 AppleWebKit/537.36 (KHTML, like Gecko; compatible; ClaudeBot/1.0; +claudebot@anthropic.com)"
45.117.177.72 - - [07/Sep/2025:00:50:18 +0700] "POST /wp-cron.php?doing_wp_cron=1757181018.0704030990600585937500 HTTP/1.0" 200 416 "-" "WordPress/6.8.1; https://vattusacky.vn"
216.73.216.134 - - [07/Sep/2025:00:50:16 +0700] "GET /category/marriage-certificate-requirements/feed/ HTTP/1.0" 200 12943 "https://vattusacky.vn/category/marriage-certificate-requirements/feed" "Mozilla/5.0 AppleWebKit/537.36 (KHTML, like Gecko; compatible; ClaudeBot/1.0; +claudebot@anthropic.com)"
216.73.216.134 - - [07/Sep/2025:00:50:17 +0700] "GET /one-women-with-respect-to-marriage/ HTTP/1.0" 200 205175 "https://vattusacky.vn/?p=3892" "Mozilla/5.0 AppleWebKit/537.36 (KHTML, like Gecko; compatible; ClaudeBot/1.0; +claudebot@anthropic.com)"
217.113.194.81 - - [07/Sep/2025:00:50:26 +0700] "GET /exploring-the-psychological-factors-that-influence-anonymity-and-authenticity-on-omegle/feed/ HTTP/1.0" 200 1858 "-" "Mozilla/5.0 (compatible; Barkrowler/0.9; +https://babbar.tech/crawler)"
217.113.194.73 - - [07/Sep/2025:00:50:45 +0700] "GET /the-difference-in-user-base-omegle-vs-ometv-face-to-face-video-chats/feed/ HTTP/1.0" 200 1801 "-" "Mozilla/5.0 (compatible; Barkrowler/0.9; +https://babbar.tech/crawler)"
154.54.249.200 - - [07/Sep/2025:00:51:05 +0700] "GET /quan-trac-yeu-to-vi-khi-hau-trong-moi-truong-lao-dong/ HTTP/1.0" 200 76743 "-" "Mozilla/5.0 (compatible; Barkrowler/0.9; +https://babbar.tech/crawler)"
45.117.177.72 - - [07/Sep/2025:00:51:28 +0700] "POST /wp-cron.php?doing_wp_cron=1757181088.3995079994201660156250 HTTP/1.0" 200 416 "-" "WordPress/6.8.1; https://vattusacky.vn"
217.113.194.217 - - [07/Sep/2025:00:51:27 +0700] "GET /tales-from-omegle-and-ometv-unforgettable-stories-of-random-encounters/feed/ HTTP/1.0" 200 1807 "-" "Mozilla/5.0 (compatible; Barkrowler/0.9; +https://babbar.tech/crawler)"
217.113.194.74 - - [07/Sep/2025:00:51:47 +0700] "GET /igra-getx-na-dengi-kak-igrat-v-igru-i-vyigryvat/feed/ HTTP/1.0" 200 1786 "-" "Mozilla/5.0 (compatible; Barkrowler/0.9; +https://babbar.tech/crawler)"
217.113.194.74 - - [07/Sep/2025:00:52:06 +0700] "GET /cach-tim-tien-do-vay-gap-10-trieu-kiem-tien-truc-tuyen/feed/ HTTP/1.0" 200 1778 "-" "Mozilla/5.0 (compatible; Barkrowler/0.9; +https://babbar.tech/crawler)"
45.117.177.72 - - [07/Sep/2025:00:52:28 +0700] "POST /wp-cron.php?doing_wp_cron=1757181148.4101839065551757812500 HTTP/1.0" 200 416 "-" "WordPress/6.8.1; https://vattusacky.vn"
217.113.194.77 - - [07/Sep/2025:00:52:27 +0700] "GET /cach-do-luong-chi-vay-gap-online-phi-thiet-lap-lop-truoc/ HTTP/1.0" 200 210152 "-" "Mozilla/5.0 (compatible; Barkrowler/0.9; +https://babbar.tech/crawler)"
162.241.126.57 - - [07/Sep/2025:00:52:44 +0700] "POST /xmlrpc.php HTTP/1.0" 200 956 "https://vattusacky.vn" "Mozilla/5.0 (Macintosh; Intel Mac OS X 10_15_7) AppleWebKit/537.36 (KHTML, like Gecko) Chrome/116.0.5845.96 Safari/537.36"
216.73.216.162 - - [07/Sep/2025:00:52:54 +0700] "GET /category/first-date-game HTTP/1.0" 301 569 "-" "Mozilla/5.0 AppleWebKit/537.36 (KHTML, like Gecko; compatible; ClaudeBot/1.0; +claudebot@anthropic.com)"
216.73.216.162 - - [07/Sep/2025:00:52:56 +0700] "GET /category/first-date-game/ HTTP/1.0" 200 58510 "https://vattusacky.vn/category/first-date-game" "Mozilla/5.0 AppleWebKit/537.36 (KHTML, like Gecko; compatible; ClaudeBot/1.0; +claudebot@anthropic.com)"
217.113.194.218 - - [07/Sep/2025:00:52:58 +0700] "GET /cach-do-luong-chi-vay-gap-online-phi-thiet-lap-lop-truoc/feed/ HTTP/1.0" 200 1780 "-" "Mozilla/5.0 (compatible; Barkrowler/0.9; +https://babbar.tech/crawler)"
45.117.177.72 - - [07/Sep/2025:00:53:21 +0700] "POST /wp-cron.php?doing_wp_cron=1757181200.7973909378051757812500 HTTP/1.0" 200 416 "-" "WordPress/6.8.1; https://vattusacky.vn"
217.113.194.77 - - [07/Sep/2025:00:53:19 +0700] "GET /beyond-chatting-uncovering-the-surprising-features-of-omegle-and-ometv/feed/ HTTP/1.0" 200 1807 "-" "Mozilla/5.0 (compatible; Barkrowler/0.9; +https://babbar.tech/crawler)"
217.113.194.77 - - [07/Sep/2025:00:53:39 +0700] "GET /a-laughter-riot-the-funniest-encounters-on-omegle-and-ometv/feed/ HTTP/1.0" 200 1774 "-" "Mozilla/5.0 (compatible; Barkrowler/0.9; +https://babbar.tech/crawler)"
154.54.249.200 - - [07/Sep/2025:00:53:59 +0700] "GET /gelisen-bir-is-mi-istiyorsunuz-aviator-oyna-odaklanin/ HTTP/1.0" 200 97446 "-" "Mozilla/5.0 (compatible; Barkrowler/0.9; +https://babbar.tech/crawler)"
45.117.177.72 - - [07/Sep/2025:00:54:24 +0700] "POST /wp-cron.php?doing_wp_cron=1757181264.6276481151580810546875 HTTP/1.0" 200 416 "-" "WordPress/6.8.1; https://vattusacky.vn"
217.113.194.218 - - [07/Sep/2025:00:54:23 +0700] "GET /por-copa-argentina-um-liga-profesional-este-proximo-rival-de-river-de-demichelis/ HTTP/1.0" 200 224813 "-" "Mozilla/5.0 (compatible; Barkrowler/0.9; +https://babbar.tech/crawler)"
87.250.224.8 - - [07/Sep/2025:00:54:53 +0700] "GET /using-omegle-video-chat-for-business-networking/ HTTP/1.0" 200 93322 "-" "Mozilla/5.0 (compatible; YandexBot/3.0; +http://yandex.com/bots)"
217.113.194.73 - - [07/Sep/2025:00:54:59 +0700] "GET /ban-nen-lam-gi-vay-tien-online-nhanh-kieu-cai-dat-ngat/ HTTP/1.0" 200 210373 "-" "Mozilla/5.0 (compatible; Barkrowler/0.9; +https://babbar.tech/crawler)"
216.73.216.162 - - [07/Sep/2025:00:55:06 +0700] "GET /robots.txt HTTP/1.0" 200 984 "-" "Mozilla/5.0 AppleWebKit/537.36 (KHTML, like Gecko; compatible; ClaudeBot/1.0; +claudebot@anthropic.com)"
216.73.216.162 - - [07/Sep/2025:00:55:07 +0700] "GET /just-how-adaptive-are-you-to-having-an-associate-from-a-unique-culture-to-your-own HTTP/1.0" 301 527 "-" "Mozilla/5.0 AppleWebKit/537.36 (KHTML, like Gecko; compatible; ClaudeBot/1.0; +claudebot@anthropic.com)"
216.73.216.162 - - [07/Sep/2025:00:55:09 +0700] "GET /just-how-adaptive-are-you-to-having-an-associate-from-a-unique-culture-to-your-own/ HTTP/1.0" 200 73193 "https://vattusacky.vn/just-how-adaptive-are-you-to-having-an-associate-from-a-unique-culture-to-your-own" "Mozilla/5.0 AppleWebKit/537.36 (KHTML, like Gecko; compatible; ClaudeBot/1.0; +claudebot@anthropic.com)"
45.117.177.72 - - [07/Sep/2025:00:55:26 +0700] "POST /wp-cron.php?doing_wp_cron=1757181326.3415539264678955078125 HTTP/1.0" 200 416 "-" "WordPress/6.8.1; https://vattusacky.vn"
217.113.194.81 - - [07/Sep/2025:00:55:25 +0700] "GET /ban-nen-lam-gi-vay-tien-online-nhanh-kieu-cai-dat-ngat/feed/ HTTP/1.0" 200 1774 "-" "Mozilla/5.0 (compatible; Barkrowler/0.9; +https://babbar.tech/crawler)"
217.113.194.74 - - [07/Sep/2025:00:55:45 +0700] "GET /relationship-a-milf-why-guys-love-them-the-cause-why-theyre-the-most-effective/ HTTP/1.0" 200 207562 "-" "Mozilla/5.0 (compatible; Barkrowler/0.9; +https://babbar.tech/crawler)"
216.73.216.162 - - [07/Sep/2025:00:55:59 +0700] "GET /getting-someone-in-a-different-country HTTP/1.0" 301 629 "-" "Mozilla/5.0 AppleWebKit/537.36 (KHTML, like Gecko; compatible; ClaudeBot/1.0; +claudebot@anthropic.com)"
