216.73.216.162 - - [06/Sep/2025:21:03:24 +0700] "GET /5550-2/ HTTP/1.0" 200 73516 "https://vattusacky.vn/?p=5550" "Mozilla/5.0 AppleWebKit/537.36 (KHTML, like Gecko; compatible; ClaudeBot/1.0; +claudebot@anthropic.com)"
216.73.216.162 - - [06/Sep/2025:21:03:25 +0700] "GET /what-you-need-to-know-about-the-advantages-of-online-casino-advantages/ HTTP/1.0" 200 209067 "https://vattusacky.vn/?p=4415" "Mozilla/5.0 AppleWebKit/537.36 (KHTML, like Gecko; compatible; ClaudeBot/1.0; +claudebot@anthropic.com)"
216.73.216.162 - - [06/Sep/2025:21:03:27 +0700] "GET /?p=4457 HTTP/1.0" 301 494 "-" "Mozilla/5.0 AppleWebKit/537.36 (KHTML, like Gecko; compatible; ClaudeBot/1.0; +claudebot@anthropic.com)"
216.73.216.162 - - [06/Sep/2025:21:03:27 +0700] "GET /dating-someone-right-from-a-different-region HTTP/1.0" 301 489 "-" "Mozilla/5.0 AppleWebKit/537.36 (KHTML, like Gecko; compatible; ClaudeBot/1.0; +claudebot@anthropic.com)"
216.73.216.162 - - [06/Sep/2025:21:03:28 +0700] "GET /1xbet-casino-android-apk-ios-zerkalo-oficialnyj-3/ HTTP/1.0" 200 223744 "https://vattusacky.vn/?p=4457" "Mozilla/5.0 AppleWebKit/537.36 (KHTML, like Gecko; compatible; ClaudeBot/1.0; +claudebot@anthropic.com)"
216.73.216.162 - - [06/Sep/2025:21:03:29 +0700] "GET /dating-someone-right-from-a-different-region/ HTTP/1.0" 200 72156 "https://vattusacky.vn/dating-someone-right-from-a-different-region" "Mozilla/5.0 AppleWebKit/537.36 (KHTML, like Gecko; compatible; ClaudeBot/1.0; +claudebot@anthropic.com)"
216.73.216.162 - - [06/Sep/2025:21:03:30 +0700] "GET /category/paribahis/feed HTTP/1.0" 301 520 "-" "Mozilla/5.0 AppleWebKit/537.36 (KHTML, like Gecko; compatible; ClaudeBot/1.0; +claudebot@anthropic.com)"
216.73.216.162 - - [06/Sep/2025:21:03:32 +0700] "GET /category/paribahis/feed/ HTTP/1.0" 200 368376 "https://vattusacky.vn/category/paribahis/feed" "Mozilla/5.0 AppleWebKit/537.36 (KHTML, like Gecko; compatible; ClaudeBot/1.0; +claudebot@anthropic.com)"
20.171.207.79 - - [06/Sep/2025:21:03:55 +0700] "GET /omegle-and-mental-health-awareness-promoting-conversations-and-support-for-those-struggling/ HTTP/1.0" 200 93827 "-" "Mozilla/5.0 AppleWebKit/537.36 (KHTML, like Gecko; compatible; GPTBot/1.2; +https://openai.com/gptbot)"
216.73.216.162 - - [06/Sep/2025:21:03:56 +0700] "GET /?p=4463 HTTP/1.0" 301 633 "-" "Mozilla/5.0 AppleWebKit/537.36 (KHTML, like Gecko; compatible; ClaudeBot/1.0; +claudebot@anthropic.com)"
216.73.216.162 - - [06/Sep/2025:21:03:56 +0700] "GET /?p=6096 HTTP/1.0" 301 667 "-" "Mozilla/5.0 AppleWebKit/537.36 (KHTML, like Gecko; compatible; ClaudeBot/1.0; +claudebot@anthropic.com)"
216.73.216.162 - - [06/Sep/2025:21:03:57 +0700] "GET /chto-za-igra-dragon-money-besproigryshnaja/ HTTP/1.0" 200 222366 "https://vattusacky.vn/?p=4463" "Mozilla/5.0 AppleWebKit/537.36 (KHTML, like Gecko; compatible; ClaudeBot/1.0; +claudebot@anthropic.com)"
216.73.216.162 - - [06/Sep/2025:21:03:58 +0700] "GET /a-glimpse-into-the-minds-of-omegle-users-psychological-experiments-unraveled/ HTTP/1.0" 200 92031 "https://vattusacky.vn/?p=6096" "Mozilla/5.0 AppleWebKit/537.36 (KHTML, like Gecko; compatible; ClaudeBot/1.0; +claudebot@anthropic.com)"
216.73.216.162 - - [06/Sep/2025:21:03:59 +0700] "GET /?p=5063 HTTP/1.0" 301 499 "-" "Mozilla/5.0 AppleWebKit/537.36 (KHTML, like Gecko; compatible; ClaudeBot/1.0; +claudebot@anthropic.com)"
216.73.216.162 - - [06/Sep/2025:21:04:00 +0700] "GET /glenjiko-3/feed HTTP/1.0" 301 558 "-" "Mozilla/5.0 AppleWebKit/537.36 (KHTML, like Gecko; compatible; ClaudeBot/1.0; +claudebot@anthropic.com)"
216.73.216.162 - - [06/Sep/2025:21:04:01 +0700] "GET /aviator-predictor-v1-ninety-four-apk-mod-2023-free-159/ HTTP/1.0" 200 277604 "https://vattusacky.vn/?p=5063" "Mozilla/5.0 AppleWebKit/537.36 (KHTML, like Gecko; compatible; ClaudeBot/1.0; +claudebot@anthropic.com)"
216.73.216.162 - - [06/Sep/2025:21:04:01 +0700] "GET /glenjiko-3/feed/ HTTP/1.0" 200 1479 "https://vattusacky.vn/glenjiko-3/feed" "Mozilla/5.0 AppleWebKit/537.36 (KHTML, like Gecko; compatible; ClaudeBot/1.0; +claudebot@anthropic.com)"
216.73.216.162 - - [06/Sep/2025:21:04:03 +0700] "GET /?p=5732 HTTP/1.0" 301 488 "-" "Mozilla/5.0 AppleWebKit/537.36 (KHTML, like Gecko; compatible; ClaudeBot/1.0; +claudebot@anthropic.com)"
216.73.216.162 - - [06/Sep/2025:21:04:04 +0700] "GET /melbet-app-obtain-for-android-apk-ios-in-96/ HTTP/1.0" 200 111907 "https://vattusacky.vn/?p=5732" "Mozilla/5.0 AppleWebKit/537.36 (KHTML, like Gecko; compatible; ClaudeBot/1.0; +claudebot@anthropic.com)"
216.73.216.162 - - [06/Sep/2025:21:05:10 +0700] "GET /author/yanz/page/385 HTTP/1.0" 301 565 "-" "Mozilla/5.0 AppleWebKit/537.36 (KHTML, like Gecko; compatible; ClaudeBot/1.0; +claudebot@anthropic.com)"
45.117.177.72 - - [06/Sep/2025:21:05:11 +0700] "POST /wp-cron.php?doing_wp_cron=1757167511.4126958847045898437500 HTTP/1.0" 200 416 "-" "WordPress/6.8.1; https://vattusacky.vn"
216.73.216.162 - - [06/Sep/2025:21:05:10 +0700] "GET /category/it-education-3 HTTP/1.0" 301 568 "-" "Mozilla/5.0 AppleWebKit/537.36 (KHTML, like Gecko; compatible; ClaudeBot/1.0; +claudebot@anthropic.com)"
216.73.216.162 - - [06/Sep/2025:21:05:11 +0700] "GET /author/yanz/page/385/ HTTP/1.0" 200 98438 "https://vattusacky.vn/author/yanz/page/385" "Mozilla/5.0 AppleWebKit/537.36 (KHTML, like Gecko; compatible; ClaudeBot/1.0; +claudebot@anthropic.com)"
216.73.216.162 - - [06/Sep/2025:21:05:11 +0700] "GET /category/it-education-3/ HTTP/1.0" 200 58623 "https://vattusacky.vn/category/it-education-3" "Mozilla/5.0 AppleWebKit/537.36 (KHTML, like Gecko; compatible; ClaudeBot/1.0; +claudebot@anthropic.com)"
216.73.216.162 - - [06/Sep/2025:21:05:13 +0700] "GET /4411-2 HTTP/1.0" 301 405 "-" "Mozilla/5.0 AppleWebKit/537.36 (KHTML, like Gecko; compatible; ClaudeBot/1.0; +claudebot@anthropic.com)"
216.73.216.162 - - [06/Sep/2025:21:05:14 +0700] "GET /category/best-website-to-find-women HTTP/1.0" 301 434 "-" "Mozilla/5.0 AppleWebKit/537.36 (KHTML, like Gecko; compatible; ClaudeBot/1.0; +claudebot@anthropic.com)"
216.73.216.162 - - [06/Sep/2025:21:05:15 +0700] "GET /4411-2/ HTTP/1.0" 200 205693 "https://vattusacky.vn/4411-2" "Mozilla/5.0 AppleWebKit/537.36 (KHTML, like Gecko; compatible; ClaudeBot/1.0; +claudebot@anthropic.com)"
45.117.177.72 - - [06/Sep/2025:21:05:17 +0700] "POST /wp-cron.php?doing_wp_cron=1757167517.0816700458526611328125 HTTP/1.0" 200 416 "-" "WordPress/6.8.1; https://vattusacky.vn"
216.73.216.162 - - [06/Sep/2025:21:05:15 +0700] "GET /category/best-website-to-find-women/ HTTP/1.0" 200 58686 "https://vattusacky.vn/category/best-website-to-find-women" "Mozilla/5.0 AppleWebKit/537.36 (KHTML, like Gecko; compatible; ClaudeBot/1.0; +claudebot@anthropic.com)"
216.73.216.162 - - [06/Sep/2025:21:05:17 +0700] "GET /1xbit-on-line-casino-mobile-37/feed HTTP/1.0" 301 578 "-" "Mozilla/5.0 AppleWebKit/537.36 (KHTML, like Gecko; compatible; ClaudeBot/1.0; +claudebot@anthropic.com)"
216.73.216.162 - - [06/Sep/2025:21:05:18 +0700] "GET /1xbit-on-line-casino-mobile-37/feed/ HTTP/1.0" 200 1538 "https://vattusacky.vn/1xbit-on-line-casino-mobile-37/feed" "Mozilla/5.0 AppleWebKit/537.36 (KHTML, like Gecko; compatible; ClaudeBot/1.0; +claudebot@anthropic.com)"
20.171.207.79 - - [06/Sep/2025:21:06:10 +0700] "GET /?p=7479 HTTP/1.0" 301 519 "-" "Mozilla/5.0 AppleWebKit/537.36 (KHTML, like Gecko; compatible; GPTBot/1.2; +https://openai.com/gptbot)"
20.171.207.79 - - [06/Sep/2025:21:06:12 +0700] "GET /omegle-and-online-support-connecting-with-others-facing-similar-challenges/ HTTP/1.0" 200 93248 "-" "Mozilla/5.0 AppleWebKit/537.36 (KHTML, like Gecko; compatible; GPTBot/1.2; +https://openai.com/gptbot)"
216.73.216.162 - - [06/Sep/2025:21:06:16 +0700] "GET /?p=4525 HTTP/1.0" 301 640 "-" "Mozilla/5.0 AppleWebKit/537.36 (KHTML, like Gecko; compatible; ClaudeBot/1.0; +claudebot@anthropic.com)"
45.117.177.72 - - [06/Sep/2025:21:06:17 +0700] "POST /wp-cron.php?doing_wp_cron=1757167577.3341488838195800781250 HTTP/1.0" 200 416 "-" "WordPress/6.8.1; https://vattusacky.vn"
216.73.216.162 - - [06/Sep/2025:21:06:16 +0700] "GET /aviator-predictor-v1-ninety-four-apk-mod-2023-free-159/feed HTTP/1.0" 301 748 "-" "Mozilla/5.0 AppleWebKit/537.36 (KHTML, like Gecko; compatible; ClaudeBot/1.0; +claudebot@anthropic.com)"
216.73.216.162 - - [06/Sep/2025:21:06:17 +0700] "GET /purchase-mostbest-merchandise-online-at-finest-75/ HTTP/1.0" 200 223758 "https://vattusacky.vn/?p=4525" "Mozilla/5.0 AppleWebKit/537.36 (KHTML, like Gecko; compatible; ClaudeBot/1.0; +claudebot@anthropic.com)"
216.73.216.162 - - [06/Sep/2025:21:06:17 +0700] "GET /aviator-predictor-v1-ninety-four-apk-mod-2023-free-159/feed/ HTTP/1.0" 200 1623 "https://vattusacky.vn/aviator-predictor-v1-ninety-four-apk-mod-2023-free-159/feed" "Mozilla/5.0 AppleWebKit/537.36 (KHTML, like Gecko; compatible; ClaudeBot/1.0; +claudebot@anthropic.com)"
216.73.216.162 - - [06/Sep/2025:21:06:19 +0700] "GET /killer-sudoku HTTP/1.0" 301 412 "-" "Mozilla/5.0 AppleWebKit/537.36 (KHTML, like Gecko; compatible; ClaudeBot/1.0; +claudebot@anthropic.com)"
216.73.216.162 - - [06/Sep/2025:21:06:20 +0700] "GET /tag/education/feed HTTP/1.0" 301 515 "-" "Mozilla/5.0 AppleWebKit/537.36 (KHTML, like Gecko; compatible; ClaudeBot/1.0; +claudebot@anthropic.com)"
216.73.216.162 - - [06/Sep/2025:21:06:21 +0700] "GET /killer-sudoku/ HTTP/1.0" 200 204023 "https://vattusacky.vn/killer-sudoku" "Mozilla/5.0 AppleWebKit/537.36 (KHTML, like Gecko; compatible; ClaudeBot/1.0; +claudebot@anthropic.com)"
216.73.216.162 - - [06/Sep/2025:21:06:21 +0700] "GET /tag/education/feed/ HTTP/1.0" 200 149351 "https://vattusacky.vn/tag/education/feed" "Mozilla/5.0 AppleWebKit/537.36 (KHTML, like Gecko; compatible; ClaudeBot/1.0; +claudebot@anthropic.com)"
216.73.216.162 - - [06/Sep/2025:21:06:23 +0700] "GET /?p=4209 HTTP/1.0" 301 475 "-" "Mozilla/5.0 AppleWebKit/537.36 (KHTML, like Gecko; compatible; ClaudeBot/1.0; +claudebot@anthropic.com)"
216.73.216.162 - - [06/Sep/2025:21:06:24 +0700] "GET /1xbit-on-line-casino-mobile-37/ HTTP/1.0" 200 254138 "https://vattusacky.vn/?p=4209" "Mozilla/5.0 AppleWebKit/537.36 (KHTML, like Gecko; compatible; ClaudeBot/1.0; +claudebot@anthropic.com)"
185.191.171.2 - - [06/Sep/2025:21:06:50 +0700] "GET /atorlip-20-20-mg-buy-generic-over-the-counter-in-barcelona/ HTTP/1.0" 200 161304 "-" "Mozilla/5.0 (compatible; SemrushBot/7~bl; +http://www.semrush.com/bot.html)"
216.73.216.162 - - [06/Sep/2025:21:06:56 +0700] "GET /kazino-vavada-top-kazino-v-internete-igrat-2/feed HTTP/1.0" 301 738 "-" "Mozilla/5.0 AppleWebKit/537.36 (KHTML, like Gecko; compatible; ClaudeBot/1.0; +claudebot@anthropic.com)"
216.73.216.162 - - [06/Sep/2025:21:06:56 +0700] "GET /playing-casino-games-for-free-games-maximize-your-chances-of-winning HTTP/1.0" 301 613 "-" "Mozilla/5.0 AppleWebKit/537.36 (KHTML, like Gecko; compatible; ClaudeBot/1.0; +claudebot@anthropic.com)"
216.73.216.162 - - [06/Sep/2025:21:06:57 +0700] "GET /kazino-vavada-top-kazino-v-internete-igrat-2/feed/ HTTP/1.0" 200 1661 "https://vattusacky.vn/kazino-vavada-top-kazino-v-internete-igrat-2/feed" "Mozilla/5.0 AppleWebKit/537.36 (KHTML, like Gecko; compatible; ClaudeBot/1.0; +claudebot@anthropic.com)"
216.73.216.162 - - [06/Sep/2025:21:06:57 +0700] "GET /playing-casino-games-for-free-games-maximize-your-chances-of-winning/ HTTP/1.0" 200 207219 "https://vattusacky.vn/playing-casino-games-for-free-games-maximize-your-chances-of-winning" "Mozilla/5.0 AppleWebKit/537.36 (KHTML, like Gecko; compatible; ClaudeBot/1.0; +claudebot@anthropic.com)"
216.73.216.162 - - [06/Sep/2025:21:06:59 +0700] "GET /4430-2 HTTP/1.0" 301 405 "-" "Mozilla/5.0 AppleWebKit/537.36 (KHTML, like Gecko; compatible; ClaudeBot/1.0; +claudebot@anthropic.com)"
216.73.216.162 - - [06/Sep/2025:21:06:59 +0700] "GET /1win-aviator-game-india-41 HTTP/1.0" 301 471 "-" "Mozilla/5.0 AppleWebKit/537.36 (KHTML, like Gecko; compatible; ClaudeBot/1.0; +claudebot@anthropic.com)"
216.73.216.162 - - [06/Sep/2025:21:07:00 +0700] "GET /4430-2/ HTTP/1.0" 200 206586 "https://vattusacky.vn/4430-2" "Mozilla/5.0 AppleWebKit/537.36 (KHTML, like Gecko; compatible; ClaudeBot/1.0; +claudebot@anthropic.com)"
216.73.216.162 - - [06/Sep/2025:21:07:01 +0700] "GET /1win-aviator-game-india-41/ HTTP/1.0" 200 240783 "https://vattusacky.vn/1win-aviator-game-india-41" "Mozilla/5.0 AppleWebKit/537.36 (KHTML, like Gecko; compatible; ClaudeBot/1.0; +claudebot@anthropic.com)"
216.73.216.162 - - [06/Sep/2025:21:07:02 +0700] "GET /4614-2 HTTP/1.0" 301 405 "-" "Mozilla/5.0 AppleWebKit/537.36 (KHTML, like Gecko; compatible; ClaudeBot/1.0; +claudebot@anthropic.com)"
216.73.216.162 - - [06/Sep/2025:21:07:04 +0700] "GET /4614-2/ HTTP/1.0" 200 206595 "https://vattusacky.vn/4614-2" "Mozilla/5.0 AppleWebKit/537.36 (KHTML, like Gecko; compatible; ClaudeBot/1.0; +claudebot@anthropic.com)"
216.73.216.162 - - [06/Sep/2025:21:08:33 +0700] "GET /play-mega-mallah-slot-machines-enhance-your-slots HTTP/1.0" 301 594 "-" "Mozilla/5.0 AppleWebKit/537.36 (KHTML, like Gecko; compatible; ClaudeBot/1.0; +claudebot@anthropic.com)"
45.117.177.72 - - [06/Sep/2025:21:08:34 +0700] "POST /wp-cron.php?doing_wp_cron=1757167714.3001310825347900390625 HTTP/1.0" 200 416 "-" "WordPress/6.8.1; https://vattusacky.vn"
216.73.216.162 - - [06/Sep/2025:21:08:33 +0700] "GET /true-mail-buy-brides-discover-stunning-mail-order-sweetheart-online HTTP/1.0" 301 658 "-" "Mozilla/5.0 AppleWebKit/537.36 (KHTML, like Gecko; compatible; ClaudeBot/1.0; +claudebot@anthropic.com)"
216.73.216.162 - - [06/Sep/2025:21:08:34 +0700] "GET /play-mega-mallah-slot-machines-enhance-your-slots/ HTTP/1.0" 200 207366 "https://vattusacky.vn/play-mega-mallah-slot-machines-enhance-your-slots" "Mozilla/5.0 AppleWebKit/537.36 (KHTML, like Gecko; compatible; ClaudeBot/1.0; +claudebot@anthropic.com)"
216.73.216.162 - - [06/Sep/2025:21:08:34 +0700] "GET /true-mail-buy-brides-discover-stunning-mail-order-sweetheart-online/ HTTP/1.0" 200 211311 "https://vattusacky.vn/true-mail-buy-brides-discover-stunning-mail-order-sweetheart-online" "Mozilla/5.0 AppleWebKit/537.36 (KHTML, like Gecko; compatible; ClaudeBot/1.0; +claudebot@anthropic.com)"
216.73.216.162 - - [06/Sep/2025:21:08:36 +0700] "GET /buy-mostbest-products-online-at-best-prices-40/feed HTTP/1.0" 301 594 "-" "Mozilla/5.0 AppleWebKit/537.36 (KHTML, like Gecko; compatible; ClaudeBot/1.0; +claudebot@anthropic.com)"
216.73.216.162 - - [06/Sep/2025:21:08:37 +0700] "GET /choosing-online-slot-machines-for-your-favorite-games HTTP/1.0" 301 452 "-" "Mozilla/5.0 AppleWebKit/537.36 (KHTML, like Gecko; compatible; ClaudeBot/1.0; +claudebot@anthropic.com)"
20.171.207.79 - - [06/Sep/2025:21:08:37 +0700] "GET /?p=8785 HTTP/1.0" 301 510 "-" "Mozilla/5.0 AppleWebKit/537.36 (KHTML, like Gecko; compatible; GPTBot/1.2; +https://openai.com/gptbot)"
216.73.216.162 - - [06/Sep/2025:21:08:38 +0700] "GET /buy-mostbest-products-online-at-best-prices-40/feed/ HTTP/1.0" 200 1586 "https://vattusacky.vn/buy-mostbest-products-online-at-best-prices-40/feed" "Mozilla/5.0 AppleWebKit/537.36 (KHTML, like Gecko; compatible; ClaudeBot/1.0; +claudebot@anthropic.com)"
216.73.216.162 - - [06/Sep/2025:21:08:38 +0700] "GET /choosing-online-slot-machines-for-your-favorite-games/ HTTP/1.0" 200 206962 "https://vattusacky.vn/choosing-online-slot-machines-for-your-favorite-games" "Mozilla/5.0 AppleWebKit/537.36 (KHTML, like Gecko; compatible; ClaudeBot/1.0; +claudebot@anthropic.com)"
20.171.207.79 - - [06/Sep/2025:21:08:39 +0700] "GET /the-rise-of-random-chatting-how-omegle-and-ometv-changed-the-game/ HTTP/1.0" 200 92221 "-" "Mozilla/5.0 AppleWebKit/537.36 (KHTML, like Gecko; compatible; GPTBot/1.2; +https://openai.com/gptbot)"
216.73.216.162 - - [06/Sep/2025:21:09:23 +0700] "GET /catfishing-and-fake-profiles-on-ometv/feed HTTP/1.0" 301 731 "-" "Mozilla/5.0 AppleWebKit/537.36 (KHTML, like Gecko; compatible; ClaudeBot/1.0; +claudebot@anthropic.com)"
45.117.177.72 - - [06/Sep/2025:21:09:25 +0700] "POST /wp-cron.php?doing_wp_cron=1757167765.0489969253540039062500 HTTP/1.0" 200 416 "-" "WordPress/6.8.1; https://vattusacky.vn"
216.73.216.162 - - [06/Sep/2025:21:09:23 +0700] "GET /purchase-mostbest-merchandise-online-at-finest-75/feed HTTP/1.0" 301 743 "-" "Mozilla/5.0 AppleWebKit/537.36 (KHTML, like Gecko; compatible; ClaudeBot/1.0; +claudebot@anthropic.com)"
216.73.216.162 - - [06/Sep/2025:21:09:25 +0700] "GET /catfishing-and-fake-profiles-on-ometv/feed/ HTTP/1.0" 200 1562 "https://vattusacky.vn/catfishing-and-fake-profiles-on-ometv/feed" "Mozilla/5.0 AppleWebKit/537.36 (KHTML, like Gecko; compatible; ClaudeBot/1.0; +claudebot@anthropic.com)"
216.73.216.162 - - [06/Sep/2025:21:09:25 +0700] "GET /purchase-mostbest-merchandise-online-at-finest-75/feed/ HTTP/1.0" 200 1602 "https://vattusacky.vn/purchase-mostbest-merchandise-online-at-finest-75/feed" "Mozilla/5.0 AppleWebKit/537.36 (KHTML, like Gecko; compatible; ClaudeBot/1.0; +claudebot@anthropic.com)"
216.73.216.162 - - [06/Sep/2025:21:09:26 +0700] "GET /team-bond-claims-day-1-win-in-8-hour-lemon-squeeze-67 HTTP/1.0" 301 498 "-" "Mozilla/5.0 AppleWebKit/537.36 (KHTML, like Gecko; compatible; ClaudeBot/1.0; +claudebot@anthropic.com)"
216.73.216.162 - - [06/Sep/2025:21:09:27 +0700] "GET /22-wager-64 HTTP/1.0" 301 456 "-" "Mozilla/5.0 AppleWebKit/537.36 (KHTML, like Gecko; compatible; ClaudeBot/1.0; +claudebot@anthropic.com)"
216.73.216.162 - - [06/Sep/2025:21:09:28 +0700] "GET /team-bond-claims-day-1-win-in-8-hour-lemon-squeeze-67/ HTTP/1.0" 200 252788 "https://vattusacky.vn/team-bond-claims-day-1-win-in-8-hour-lemon-squeeze-67" "Mozilla/5.0 AppleWebKit/537.36 (KHTML, like Gecko; compatible; ClaudeBot/1.0; +claudebot@anthropic.com)"
18.204.89.56 - - [06/Sep/2025:21:09:28 +0700] "GET /category/1win-bonus/ HTTP/1.0" 200 150170 "-" "Mozilla/5.0 AppleWebKit/537.36 (KHTML, like Gecko; compatible; Amazonbot/0.1; +https://developer.amazon.com/support/amazonbot) Chrome/119.0.6045.214 Safari/537.36"
216.73.216.162 - - [06/Sep/2025:21:09:28 +0700] "GET /22-wager-64/ HTTP/1.0" 200 232410 "https://vattusacky.vn/22-wager-64" "Mozilla/5.0 AppleWebKit/537.36 (KHTML, like Gecko; compatible; ClaudeBot/1.0; +claudebot@anthropic.com)"
216.73.216.162 - - [06/Sep/2025:21:09:30 +0700] "GET /playing-free-slots-in-online-casinos-without-downloading HTTP/1.0" 301 455 "-" "Mozilla/5.0 AppleWebKit/537.36 (KHTML, like Gecko; compatible; ClaudeBot/1.0; +claudebot@anthropic.com)"
216.73.216.162 - - [06/Sep/2025:21:09:31 +0700] "GET /playing-free-slots-in-online-casinos-without-downloading/ HTTP/1.0" 200 207679 "https://vattusacky.vn/playing-free-slots-in-online-casinos-without-downloading" "Mozilla/5.0 AppleWebKit/537.36 (KHTML, like Gecko; compatible; ClaudeBot/1.0; +claudebot@anthropic.com)"
54.80.185.200 - - [06/Sep/2025:21:09:33 +0700] "GET /bon-ung-dung-dang-tin-app-vay-tien-uy-tin-cay-su-dung-tai-viet-nam/ HTTP/1.0" 200 212171 "-" "Mozilla/5.0 AppleWebKit/537.36 (KHTML, like Gecko; compatible; Amazonbot/0.1; +https://developer.amazon.com/support/amazonbot) Chrome/119.0.6045.214 Safari/537.36"
34.234.200.207 - - [06/Sep/2025:21:09:37 +0700] "GET /a-relationship-using-a-korean-girl/ HTTP/1.0" 200 207873 "-" "Mozilla/5.0 AppleWebKit/537.36 (KHTML, like Gecko; compatible; Amazonbot/0.1; +https://developer.amazon.com/support/amazonbot) Chrome/119.0.6045.214 Safari/537.36"
98.82.38.120 - - [06/Sep/2025:21:09:41 +0700] "GET /the-dangers-of-online-dating-sites-a%C2%80%C2%94-7-studies-5-methods-to-protect-yourself/ HTTP/1.0" 200 217198 "-" "Mozilla/5.0 AppleWebKit/537.36 (KHTML, like Gecko; compatible; Amazonbot/0.1; +https://developer.amazon.com/support/amazonbot) Chrome/119.0.6045.214 Safari/537.36"
52.45.92.83 - - [06/Sep/2025:21:09:44 +0700] "GET /loveroulette-assessment-2021/ HTTP/1.0" 200 221108 "-" "Mozilla/5.0 AppleWebKit/537.36 (KHTML, like Gecko; compatible; Amazonbot/0.1; +https://developer.amazon.com/support/amazonbot) Chrome/119.0.6045.214 Safari/537.36"
18.214.238.178 - - [06/Sep/2025:21:09:50 +0700] "GET /have-you-been-a-trekkie-or-a-horse-lover-theres-a-dating-site-obtainable/ HTTP/1.0" 200 207535 "-" "Mozilla/5.0 AppleWebKit/537.36 (KHTML, like Gecko; compatible; Amazonbot/0.1; +https://developer.amazon.com/support/amazonbot) Chrome/119.0.6045.214 Safari/537.36"
18.209.201.119 - - [06/Sep/2025:21:09:52 +0700] "GET /personal-grownup-chat-xnxx-xvideos-hd-videos/ HTTP/1.0" 200 473870 "-" "Mozilla/5.0 AppleWebKit/537.36 (KHTML, like Gecko; compatible; Amazonbot/0.1; +https://developer.amazon.com/support/amazonbot) Chrome/119.0.6045.214 Safari/537.36"
3.90.73.206 - - [06/Sep/2025:21:09:56 +0700] "GET /author/yanz/page/424/ HTTP/1.0" 200 108561 "-" "Mozilla/5.0 AppleWebKit/537.36 (KHTML, like Gecko; compatible; Amazonbot/0.1; +https://developer.amazon.com/support/amazonbot) Chrome/119.0.6045.214 Safari/537.36"
216.73.216.162 - - [06/Sep/2025:21:10:12 +0700] "GET /no-download-required-to-play-free-slots HTTP/1.0" 301 584 "-" "Mozilla/5.0 AppleWebKit/537.36 (KHTML, like Gecko; compatible; ClaudeBot/1.0; +claudebot@anthropic.com)"
216.73.216.162 - - [06/Sep/2025:21:10:12 +0700] "GET /888bet-cell-app-163 HTTP/1.0" 301 610 "-" "Mozilla/5.0 AppleWebKit/537.36 (KHTML, like Gecko; compatible; ClaudeBot/1.0; +claudebot@anthropic.com)"
216.73.216.162 - - [06/Sep/2025:21:10:13 +0700] "GET /no-download-required-to-play-free-slots/ HTTP/1.0" 200 207638 "https://vattusacky.vn/no-download-required-to-play-free-slots" "Mozilla/5.0 AppleWebKit/537.36 (KHTML, like Gecko; compatible; ClaudeBot/1.0; +claudebot@anthropic.com)"
216.73.216.162 - - [06/Sep/2025:21:10:13 +0700] "GET /888bet-cell-app-163/ HTTP/1.0" 200 227209 "https://vattusacky.vn/888bet-cell-app-163" "Mozilla/5.0 AppleWebKit/537.36 (KHTML, like Gecko; compatible; ClaudeBot/1.0; +claudebot@anthropic.com)"
45.117.177.72 - - [06/Sep/2025:21:10:17 +0700] "POST /wp-cron.php?doing_wp_cron=1757167817.2889399528503417968750 HTTP/1.0" 200 416 "-" "WordPress/6.8.1; https://vattusacky.vn"
216.73.216.162 - - [06/Sep/2025:21:10:16 +0700] "GET /1xbet-zambia-promo-code-enroll-offer-2023-65 HTTP/1.0" 301 489 "-" "Mozilla/5.0 AppleWebKit/537.36 (KHTML, like Gecko; compatible; ClaudeBot/1.0; +claudebot@anthropic.com)"
216.73.216.162 - - [06/Sep/2025:21:10:16 +0700] "GET /play-online-casino-games-for-free-and-lower-the-risk-of-losing HTTP/1.0" 301 461 "-" "Mozilla/5.0 AppleWebKit/537.36 (KHTML, like Gecko; compatible; ClaudeBot/1.0; +claudebot@anthropic.com)"
216.73.216.162 - - [06/Sep/2025:21:10:17 +0700] "GET /1xbet-zambia-promo-code-enroll-offer-2023-65/ HTTP/1.0" 200 236879 "https://vattusacky.vn/1xbet-zambia-promo-code-enroll-offer-2023-65" "Mozilla/5.0 AppleWebKit/537.36 (KHTML, like Gecko; compatible; ClaudeBot/1.0; +claudebot@anthropic.com)"
216.73.216.162 - - [06/Sep/2025:21:10:18 +0700] "GET /play-online-casino-games-for-free-and-lower-the-risk-of-losing/ HTTP/1.0" 200 206443 "https://vattusacky.vn/play-online-casino-games-for-free-and-lower-the-risk-of-losing" "Mozilla/5.0 AppleWebKit/537.36 (KHTML, like Gecko; compatible; ClaudeBot/1.0; +claudebot@anthropic.com)"
20.171.207.79 - - [06/Sep/2025:21:10:24 +0700] "GET /?p=7962 HTTP/1.0" 301 665 "-" "Mozilla/5.0 AppleWebKit/537.36 (KHTML, like Gecko; compatible; GPTBot/1.2; +https://openai.com/gptbot)"
20.171.207.79 - - [06/Sep/2025:21:10:25 +0700] "GET /omegles-role-in-online-activism-movements-mobilizing-support-and-awareness/ HTTP/1.0" 200 95116 "-" "Mozilla/5.0 AppleWebKit/537.36 (KHTML, like Gecko; compatible; GPTBot/1.2; +https://openai.com/gptbot)"
45.117.177.72 - - [06/Sep/2025:21:11:40 +0700] "POST /wp-cron.php?doing_wp_cron=1757167899.6303920745849609375000 HTTP/1.0" 200 416 "-" "WordPress/6.8.1; https://vattusacky.vn"
154.54.249.200 - - [06/Sep/2025:21:11:38 +0700] "GET /danh-muc/moi-truong-nuoc/dung-cu-lay-mau-loi/?s= HTTP/1.0" 200 100485 "-" "Mozilla/5.0 (compatible; Barkrowler/0.9; +https://babbar.tech/crawler)"
216.73.216.162 - - [06/Sep/2025:21:11:48 +0700] "GET /pin-ap-casino-onlajn-frispiny-za-vhod-v-kazino-4 HTTP/1.0" 301 639 "-" "Mozilla/5.0 AppleWebKit/537.36 (KHTML, like Gecko; compatible; ClaudeBot/1.0; +claudebot@anthropic.com)"
216.73.216.162 - - [06/Sep/2025:21:11:48 +0700] "GET /bahis-siteleri-guvenilir-casino-bonuslar-ve/feed HTTP/1.0" 301 737 "-" "Mozilla/5.0 AppleWebKit/537.36 (KHTML, like Gecko; compatible; ClaudeBot/1.0; +claudebot@anthropic.com)"
216.73.216.162 - - [06/Sep/2025:21:11:50 +0700] "GET /pin-ap-casino-onlajn-frispiny-za-vhod-v-kazino-4/ HTTP/1.0" 200 221736 "https://vattusacky.vn/pin-ap-casino-onlajn-frispiny-za-vhod-v-kazino-4" "Mozilla/5.0 AppleWebKit/537.36 (KHTML, like Gecko; compatible; ClaudeBot/1.0; +claudebot@anthropic.com)"
216.73.216.162 - - [06/Sep/2025:21:11:50 +0700] "GET /bahis-siteleri-guvenilir-casino-bonuslar-ve/feed/ HTTP/1.0" 200 1606 "https://vattusacky.vn/bahis-siteleri-guvenilir-casino-bonuslar-ve/feed" "Mozilla/5.0 AppleWebKit/537.36 (KHTML, like Gecko; compatible; ClaudeBot/1.0; +claudebot@anthropic.com)"
216.73.216.162 - - [06/Sep/2025:21:11:52 +0700] "GET /category/wife-finder HTTP/1.0" 301 419 "-" "Mozilla/5.0 AppleWebKit/537.36 (KHTML, like Gecko; compatible; ClaudeBot/1.0; +claudebot@anthropic.com)"
216.73.216.162 - - [06/Sep/2025:21:11:53 +0700] "GET /one-women-with-respect-to-marriage HTTP/1.0" 301 479 "-" "Mozilla/5.0 AppleWebKit/537.36 (KHTML, like Gecko; compatible; ClaudeBot/1.0; +claudebot@anthropic.com)"
216.73.216.162 - - [06/Sep/2025:21:11:54 +0700] "GET /category/wife-finder/ HTTP/1.0" 200 58794 "https://vattusacky.vn/category/wife-finder" "Mozilla/5.0 AppleWebKit/537.36 (KHTML, like Gecko; compatible; ClaudeBot/1.0; +claudebot@anthropic.com)"
216.73.216.162 - - [06/Sep/2025:21:11:54 +0700] "GET /one-women-with-respect-to-marriage/ HTTP/1.0" 200 205175 "https://vattusacky.vn/one-women-with-respect-to-marriage" "Mozilla/5.0 AppleWebKit/537.36 (KHTML, like Gecko; compatible; ClaudeBot/1.0; +claudebot@anthropic.com)"
217.113.194.81 - - [06/Sep/2025:21:12:00 +0700] "GET /the-business-of-random-chats-how-omegle-and-ometv-monetize-their-platforms/feed/ HTTP/1.0" 200 1819 "-" "Mozilla/5.0 (compatible; Barkrowler/0.9; +https://babbar.tech/crawler)"
45.117.177.72 - - [06/Sep/2025:21:12:22 +0700] "POST /wp-cron.php?doing_wp_cron=1757167942.5813190937042236328125 HTTP/1.0" 200 416 "-" "WordPress/6.8.1; https://vattusacky.vn"
217.113.194.75 - - [06/Sep/2025:21:12:21 +0700] "GET /the-future-of-anonymous-chatting-innovations-and-trends-in-omegle-and-ometv/ HTTP/1.0" 200 93066 "-" "Mozilla/5.0 (compatible; Barkrowler/0.9; +https://babbar.tech/crawler)"
217.113.194.80 - - [06/Sep/2025:21:12:45 +0700] "GET /the-psychological-impact-of-language-barrier-on-omegle-and-ometv-users/feed/ HTTP/1.0" 200 1807 "-" "Mozilla/5.0 (compatible; Barkrowler/0.9; +https://babbar.tech/crawler)"
216.73.216.162 - - [06/Sep/2025:21:12:47 +0700] "GET /premier-guess-casino-slots-57 HTTP/1.0" 301 620 "-" "Mozilla/5.0 AppleWebKit/537.36 (KHTML, like Gecko; compatible; ClaudeBot/1.0; +claudebot@anthropic.com)"
216.73.216.162 - - [06/Sep/2025:21:12:47 +0700] "GET /free-casino-video-slots HTTP/1.0" 301 568 "-" "Mozilla/5.0 AppleWebKit/537.36 (KHTML, like Gecko; compatible; ClaudeBot/1.0; +claudebot@anthropic.com)"
20.171.207.79 - - [06/Sep/2025:21:12:50 +0700] "GET /?p=7481 HTTP/1.0" 301 508 "-" "Mozilla/5.0 AppleWebKit/537.36 (KHTML, like Gecko; compatible; GPTBot/1.2; +https://openai.com/gptbot)"
216.73.216.162 - - [06/Sep/2025:21:12:50 +0700] "GET /premier-guess-casino-slots-57/ HTTP/1.0" 200 226519 "https://vattusacky.vn/premier-guess-casino-slots-57" "Mozilla/5.0 AppleWebKit/537.36 (KHTML, like Gecko; compatible; ClaudeBot/1.0; +claudebot@anthropic.com)"
216.73.216.162 - - [06/Sep/2025:21:12:50 +0700] "GET /free-casino-video-slots/ HTTP/1.0" 200 207273 "https://vattusacky.vn/free-casino-video-slots" "Mozilla/5.0 AppleWebKit/537.36 (KHTML, like Gecko; compatible; ClaudeBot/1.0; +claudebot@anthropic.com)"
20.171.207.79 - - [06/Sep/2025:21:12:52 +0700] "GET /omegle-and-online-therapy-finding-professional-help-and-support/ HTTP/1.0" 200 89840 "-" "Mozilla/5.0 AppleWebKit/537.36 (KHTML, like Gecko; compatible; GPTBot/1.2; +https://openai.com/gptbot)"
216.73.216.162 - - [06/Sep/2025:21:12:52 +0700] "GET /online-casino-real-money-no-deposit-bonus HTTP/1.0" 301 440 "-" "Mozilla/5.0 AppleWebKit/537.36 (KHTML, like Gecko; compatible; ClaudeBot/1.0; +claudebot@anthropic.com)"
216.73.216.162 - - [06/Sep/2025:21:12:53 +0700] "GET /dambulla-viiking-cricket-group-sri-lanka-45 HTTP/1.0" 301 488 "-" "Mozilla/5.0 AppleWebKit/537.36 (KHTML, like Gecko; compatible; ClaudeBot/1.0; +claudebot@anthropic.com)"
216.73.216.162 - - [06/Sep/2025:21:12:54 +0700] "GET /online-casino-real-money-no-deposit-bonus/ HTTP/1.0" 200 208626 "https://vattusacky.vn/online-casino-real-money-no-deposit-bonus" "Mozilla/5.0 AppleWebKit/537.36 (KHTML, like Gecko; compatible; ClaudeBot/1.0; +claudebot@anthropic.com)"
216.73.216.162 - - [06/Sep/2025:21:12:55 +0700] "GET /dambulla-viiking-cricket-group-sri-lanka-45/ HTTP/1.0" 200 237027 "https://vattusacky.vn/dambulla-viiking-cricket-group-sri-lanka-45" "Mozilla/5.0 AppleWebKit/537.36 (KHTML, like Gecko; compatible; ClaudeBot/1.0; +claudebot@anthropic.com)"
217.113.194.74 - - [06/Sep/2025:21:13:05 +0700] "GET /the-girl-i-want-to-get-married-to-6-characteristics-of-the-girl-i-must-marry/feed/ HTTP/1.0" 200 1833 "-" "Mozilla/5.0 (compatible; Barkrowler/0.9; +https://babbar.tech/crawler)"
45.117.177.72 - - [06/Sep/2025:21:13:28 +0700] "POST /wp-cron.php?doing_wp_cron=1757168007.9670000076293945312500 HTTP/1.0" 200 416 "-" "WordPress/6.8.1; https://vattusacky.vn"
217.113.194.218 - - [06/Sep/2025:21:13:26 +0700] "GET /building-connections-with-like-minded-individuals-on-omegle-and-ometv/feed/ HTTP/1.0" 200 1804 "-" "Mozilla/5.0 (compatible; Barkrowler/0.9; +https://babbar.tech/crawler)"
216.73.216.162 - - [06/Sep/2025:21:13:34 +0700] "GET /how-you-can-find-bride-designed-for-marriage/feed HTTP/1.0" 301 738 "-" "Mozilla/5.0 AppleWebKit/537.36 (KHTML, like Gecko; compatible; ClaudeBot/1.0; +claudebot@anthropic.com)"
216.73.216.162 - - [06/Sep/2025:21:13:34 +0700] "GET /tag/students/feed HTTP/1.0" 301 660 "-" "Mozilla/5.0 AppleWebKit/537.36 (KHTML, like Gecko; compatible; ClaudeBot/1.0; +claudebot@anthropic.com)"
216.73.216.162 - - [06/Sep/2025:21:13:36 +0700] "GET /how-you-can-find-bride-designed-for-marriage/feed/ HTTP/1.0" 200 1583 "https://vattusacky.vn/how-you-can-find-bride-designed-for-marriage/feed" "Mozilla/5.0 AppleWebKit/537.36 (KHTML, like Gecko; compatible; ClaudeBot/1.0; +claudebot@anthropic.com)"
216.73.216.162 - - [06/Sep/2025:21:13:36 +0700] "GET /tag/students/feed/ HTTP/1.0" 200 149345 "https://vattusacky.vn/tag/students/feed" "Mozilla/5.0 AppleWebKit/537.36 (KHTML, like Gecko; compatible; ClaudeBot/1.0; +claudebot@anthropic.com)"
52.167.144.23 - - [06/Sep/2025:21:13:46 +0700] "GET /danh-muc/phan-tich-thi-nghi%C3%A1%C2%BA%C2%B9m/quang-pho-phat-xa-plasma-icpoes/ HTTP/1.0" 200 68985 "-" "Mozilla/5.0 AppleWebKit/537.36 (KHTML, like Gecko; compatible; bingbot/2.0; +http://www.bing.com/bingbot.htm) Chrome/116.0.1938.76 Safari/537.36"
217.113.194.78 - - [06/Sep/2025:21:13:48 +0700] "GET /gay-kopija-10-kopija-kopija-kopija-kopija-kopija-2/feed/ HTTP/1.0" 200 1887 "-" "Mozilla/5.0 (compatible; Barkrowler/0.9; +https://babbar.tech/crawler)"
217.113.194.218 - - [06/Sep/2025:21:14:11 +0700] "GET /anonymity-unleashed-unpredictable-experiences-on-omegle-and-ometv/feed/ HTTP/1.0" 200 1792 "-" "Mozilla/5.0 (compatible; Barkrowler/0.9; +https://babbar.tech/crawler)"
45.117.177.72 - - [06/Sep/2025:21:14:31 +0700] "POST /wp-cron.php?doing_wp_cron=1757168071.4360909461975097656250 HTTP/1.0" 200 416 "-" "WordPress/6.8.1; https://vattusacky.vn"
217.113.194.75 - - [06/Sep/2025:21:14:30 +0700] "GET /anonymity-as-a-double-edged-sword-on-omegle-exploring-the-contradictions/feed/ HTTP/1.0" 200 1813 "-" "Mozilla/5.0 (compatible; Barkrowler/0.9; +https://babbar.tech/crawler)"
216.73.216.162 - - [06/Sep/2025:21:14:32 +0700] "GET /?p=2543 HTTP/1.0" 301 606 "-" "Mozilla/5.0 AppleWebKit/537.36 (KHTML, like Gecko; compatible; ClaudeBot/1.0; +claudebot@anthropic.com)"
216.73.216.162 - - [06/Sep/2025:21:14:32 +0700] "GET /?p=10822 HTTP/1.0" 301 606 "-" "Mozilla/5.0 AppleWebKit/537.36 (KHTML, like Gecko; compatible; ClaudeBot/1.0; +claudebot@anthropic.com)"
216.73.216.162 - - [06/Sep/2025:21:14:33 +0700] "GET /usa-online-casino-bonuses-how-to-find-the-best-bonuses-online/ HTTP/1.0" 200 74841 "https://vattusacky.vn/?p=10822" "Mozilla/5.0 AppleWebKit/537.36 (KHTML, like Gecko; compatible; ClaudeBot/1.0; +claudebot@anthropic.com)"
216.73.216.162 - - [06/Sep/2025:21:14:33 +0700] "GET /1-tme-kmutt-467/ HTTP/1.0" 200 248741 "https://vattusacky.vn/?p=2543" "Mozilla/5.0 AppleWebKit/537.36 (KHTML, like Gecko; compatible; ClaudeBot/1.0; +claudebot@anthropic.com)"
217.113.194.79 - - [06/Sep/2025:21:14:51 +0700] "GET /navigating-cultural-differences-omegle-vs-ometv-as-cross-cultural-platforms/feed/ HTTP/1.0" 200 1822 "-" "Mozilla/5.0 (compatible; Barkrowler/0.9; +https://babbar.tech/crawler)"
20.171.207.79 - - [06/Sep/2025:21:15:09 +0700] "GET /?p=8276 HTTP/1.0" 301 504 "-" "Mozilla/5.0 AppleWebKit/537.36 (KHTML, like Gecko; compatible; GPTBot/1.2; +https://openai.com/gptbot)"
20.171.207.79 - - [06/Sep/2025:21:15:10 +0700] "GET /support-and-resources-for-omegle-addicts-where-to-seek-help/ HTTP/1.0" 200 91294 "-" "Mozilla/5.0 AppleWebKit/537.36 (KHTML, like Gecko; compatible; GPTBot/1.2; +https://openai.com/gptbot)"
217.113.194.74 - - [06/Sep/2025:21:15:12 +0700] "GET /heartwarming-surprises-unexpected-acts-of-kindness-on-omegle-and-ometv/ HTTP/1.0" 200 90186 "-" "Mozilla/5.0 (compatible; Barkrowler/0.9; +https://babbar.tech/crawler)"
45.117.177.72 - - [06/Sep/2025:21:15:40 +0700] "POST /wp-cron.php?doing_wp_cron=1757168139.9548680782318115234375 HTTP/1.0" 200 416 "-" "WordPress/6.8.1; https://vattusacky.vn"
217.113.194.78 - - [06/Sep/2025:21:15:38 +0700] "GET /snail-mail-order-brides-find-actual-russian-and-ukrainian-girls-for-matrimony/feed/ HTTP/1.0" 200 1828 "-" "Mozilla/5.0 (compatible; Barkrowler/0.9; +https://babbar.tech/crawler)"
216.73.216.162 - - [06/Sep/2025:21:15:41 +0700] "GET /tag/science/feed HTTP/1.0" 301 659 "-" "Mozilla/5.0 AppleWebKit/537.36 (KHTML, like Gecko; compatible; ClaudeBot/1.0; +claudebot@anthropic.com)"
216.73.216.162 - - [06/Sep/2025:21:15:41 +0700] "GET /?p=2224 HTTP/1.0" 301 635 "-" "Mozilla/5.0 AppleWebKit/537.36 (KHTML, like Gecko; compatible; ClaudeBot/1.0; +claudebot@anthropic.com)"
216.73.216.162 - - [06/Sep/2025:21:15:42 +0700] "GET /tag/science/feed/ HTTP/1.0" 200 149339 "https://vattusacky.vn/tag/science/feed" "Mozilla/5.0 AppleWebKit/537.36 (KHTML, like Gecko; compatible; ClaudeBot/1.0; +claudebot@anthropic.com)"
216.73.216.162 - - [06/Sep/2025:21:15:42 +0700] "GET /how-you-can-find-bride-designed-for-marriage/ HTTP/1.0" 200 208117 "https://vattusacky.vn/?p=2224" "Mozilla/5.0 AppleWebKit/537.36 (KHTML, like Gecko; compatible; ClaudeBot/1.0; +claudebot@anthropic.com)"
217.113.194.218 - - [06/Sep/2025:21:15:58 +0700] "GET /slot-gacor-hari-ini-game-slot-dengan-volatilitas-tinggi/feed/ HTTP/1.0" 200 1765 "-" "Mozilla/5.0 (compatible; Barkrowler/0.9; +https://babbar.tech/crawler)"
45.117.177.72 - - [06/Sep/2025:21:16:20 +0700] "POST /wp-cron.php?doing_wp_cron=1757168179.9558990001678466796875 HTTP/1.0" 200 416 "-" "WordPress/6.8.1; https://vattusacky.vn"
217.113.194.81 - - [06/Sep/2025:21:16:18 +0700] "GET /slot-thailand-mengenal-jenis-jenis-permainan-yang-ditawarkan/feed/ HTTP/1.0" 200 1780 "-" "Mozilla/5.0 (compatible; Barkrowler/0.9; +https://babbar.tech/crawler)"
216.73.216.162 - - [06/Sep/2025:21:16:37 +0700] "GET /?p=3414 HTTP/1.0" 301 634 "-" "Mozilla/5.0 AppleWebKit/537.36 (KHTML, like Gecko; compatible; ClaudeBot/1.0; +claudebot@anthropic.com)"
216.73.216.162 - - [06/Sep/2025:21:16:37 +0700] "GET /?p=10848 HTTP/1.0" 301 586 "-" "Mozilla/5.0 AppleWebKit/537.36 (KHTML, like Gecko; compatible; ClaudeBot/1.0; +claudebot@anthropic.com)"
217.113.194.75 - - [06/Sep/2025:21:16:38 +0700] "GET /the-benefits-of-omegle-conversations-for-personal-growth-and-self-reflection/feed/ HTTP/1.0" 200 1825 "-" "Mozilla/5.0 (compatible; Barkrowler/0.9; +https://babbar.tech/crawler)"
216.73.216.162 - - [06/Sep/2025:21:16:39 +0700] "GET /an-overview-of-the-online-gambling-market/ HTTP/1.0" 200 73709 "https://vattusacky.vn/?p=10848" "Mozilla/5.0 AppleWebKit/537.36 (KHTML, like Gecko; compatible; ClaudeBot/1.0; +claudebot@anthropic.com)"
216.73.216.162 - - [06/Sep/2025:21:16:39 +0700] "GET /where-to-get-the-best-online-dating-service/ HTTP/1.0" 200 206192 "https://vattusacky.vn/?p=3414" "Mozilla/5.0 AppleWebKit/537.36 (KHTML, like Gecko; compatible; ClaudeBot/1.0; +claudebot@anthropic.com)"
217.113.194.74 - - [06/Sep/2025:21:16:56 +0700] "GET /is-serendipity-a-product-of-chance-or-design-on-omegle-and-ometv/feed/ HTTP/1.0" 200 1789 "-" "Mozilla/5.0 (compatible; Barkrowler/0.9; +https://babbar.tech/crawler)"
45.117.177.72 - - [06/Sep/2025:21:17:19 +0700] "POST /wp-cron.php?doing_wp_cron=1757168238.8000121116638183593750 HTTP/1.0" 200 416 "-" "WordPress/6.8.1; https://vattusacky.vn"
217.113.194.217 - - [06/Sep/2025:21:17:17 +0700] "GET /10-faktorov-vliyayushchikh-na-httpsasx7pokerdomcom/feed/ HTTP/1.0" 200 1765 "-" "Mozilla/5.0 (compatible; Barkrowler/0.9; +https://babbar.tech/crawler)"
216.73.216.162 - - [06/Sep/2025:21:17:43 +0700] "GET /?p=10827 HTTP/1.0" 301 552 "-" "Mozilla/5.0 AppleWebKit/537.36 (KHTML, like Gecko; compatible; ClaudeBot/1.0; +claudebot@anthropic.com)"
216.73.216.162 - - [06/Sep/2025:21:17:43 +0700] "GET /where-to-get-the-best-online-dating-service/feed HTTP/1.0" 301 737 "-" "Mozilla/5.0 AppleWebKit/537.36 (KHTML, like Gecko; compatible; ClaudeBot/1.0; +claudebot@anthropic.com)"
216.73.216.162 - - [06/Sep/2025:21:17:45 +0700] "GET /where-to-get-the-best-online-dating-service/feed/ HTTP/1.0" 200 1580 "https://vattusacky.vn/where-to-get-the-best-online-dating-service/feed" "Mozilla/5.0 AppleWebKit/537.36 (KHTML, like Gecko; compatible; ClaudeBot/1.0; +claudebot@anthropic.com)"
216.73.216.162 - - [06/Sep/2025:21:17:45 +0700] "GET /10827-2/ HTTP/1.0" 200 73196 "https://vattusacky.vn/?p=10827" "Mozilla/5.0 AppleWebKit/537.36 (KHTML, like Gecko; compatible; ClaudeBot/1.0; +claudebot@anthropic.com)"
20.171.207.79 - - [06/Sep/2025:21:18:07 +0700] "GET /protecting-your-identity-a-guide-for-omegle-users/ HTTP/1.0" 200 90077 "-" "Mozilla/5.0 AppleWebKit/537.36 (KHTML, like Gecko; compatible; GPTBot/1.2; +https://openai.com/gptbot)"
216.73.216.162 - - [06/Sep/2025:21:18:20 +0700] "GET /1-tme-kmutt-467/feed HTTP/1.0" 301 709 "-" "Mozilla/5.0 AppleWebKit/537.36 (KHTML, like Gecko; compatible; ClaudeBot/1.0; +claudebot@anthropic.com)"
45.117.177.72 - - [06/Sep/2025:21:18:22 +0700] "POST /wp-cron.php?doing_wp_cron=1757168302.1387279033660888671875 HTTP/1.0" 200 416 "-" "WordPress/6.8.1; https://vattusacky.vn"
216.73.216.162 - - [06/Sep/2025:21:18:20 +0700] "GET /author/yanz/page/401 HTTP/1.0" 301 565 "-" "Mozilla/5.0 AppleWebKit/537.36 (KHTML, like Gecko; compatible; ClaudeBot/1.0; +claudebot@anthropic.com)"
216.73.216.162 - - [06/Sep/2025:21:18:22 +0700] "GET /1-tme-kmutt-467/feed/ HTTP/1.0" 200 1777 "https://vattusacky.vn/1-tme-kmutt-467/feed" "Mozilla/5.0 AppleWebKit/537.36 (KHTML, like Gecko; compatible; ClaudeBot/1.0; +claudebot@anthropic.com)"
216.73.216.162 - - [06/Sep/2025:21:18:22 +0700] "GET /author/yanz/page/401/ HTTP/1.0" 200 152456 "https://vattusacky.vn/author/yanz/page/401" "Mozilla/5.0 AppleWebKit/537.36 (KHTML, like Gecko; compatible; ClaudeBot/1.0; +claudebot@anthropic.com)"
45.117.177.72 - - [06/Sep/2025:21:19:49 +0700] "POST /wp-cron.php?doing_wp_cron=1757168389.5991010665893554687500 HTTP/1.0" 200 416 "-" "WordPress/6.8.1; https://vattusacky.vn"
40.116.73.222 - - [06/Sep/2025:21:19:48 +0700] "GET / HTTP/1.0" 503 8085 "-" "Mozilla/5.0 AppleWebKit/537.36 (KHTML, like Gecko); compatible; ChatGPT-User/1.0; +https://openai.com/bot"
216.73.216.162 - - [06/Sep/2025:21:20:33 +0700] "GET /online-dating-services-questions-to-request-a-guy HTTP/1.0" 301 640 "-" "Mozilla/5.0 AppleWebKit/537.36 (KHTML, like Gecko; compatible; ClaudeBot/1.0; +claudebot@anthropic.com)"
45.117.177.72 - - [06/Sep/2025:21:20:34 +0700] "POST /wp-cron.php?doing_wp_cron=1757168434.6032450199127197265625 HTTP/1.0" 200 416 "-" "WordPress/6.8.1; https://vattusacky.vn"
216.73.216.162 - - [06/Sep/2025:21:20:33 +0700] "GET /tien-do-tra-vay-oncredit-gop-gan-day-cmnd/feed HTTP/1.0" 301 735 "-" "Mozilla/5.0 AppleWebKit/537.36 (KHTML, like Gecko; compatible; ClaudeBot/1.0; +claudebot@anthropic.com)"
216.73.216.162 - - [06/Sep/2025:21:20:34 +0700] "GET /online-dating-services-questions-to-request-a-guy/ HTTP/1.0" 200 208486 "https://vattusacky.vn/online-dating-services-questions-to-request-a-guy" "Mozilla/5.0 AppleWebKit/537.36 (KHTML, like Gecko; compatible; ClaudeBot/1.0; +claudebot@anthropic.com)"
216.73.216.162 - - [06/Sep/2025:21:20:35 +0700] "GET /tien-do-tra-vay-oncredit-gop-gan-day-cmnd/feed/ HTTP/1.0" 200 1586 "https://vattusacky.vn/tien-do-tra-vay-oncredit-gop-gan-day-cmnd/feed" "Mozilla/5.0 AppleWebKit/537.36 (KHTML, like Gecko; compatible; ClaudeBot/1.0; +claudebot@anthropic.com)"
216.73.216.162 - - [06/Sep/2025:21:21:36 +0700] "GET /?p=10818 HTTP/1.0" 301 588 "-" "Mozilla/5.0 AppleWebKit/537.36 (KHTML, like Gecko; compatible; ClaudeBot/1.0; +claudebot@anthropic.com)"
45.117.177.72 - - [06/Sep/2025:21:21:38 +0700] "POST /wp-cron.php?doing_wp_cron=1757168497.8152210712432861328125 HTTP/1.0" 200 416 "-" "WordPress/6.8.1; https://vattusacky.vn"
216.73.216.162 - - [06/Sep/2025:21:21:36 +0700] "GET /?p=2664 HTTP/1.0" 301 632 "-" "Mozilla/5.0 AppleWebKit/537.36 (KHTML, like Gecko; compatible; ClaudeBot/1.0; +claudebot@anthropic.com)"
216.73.216.162 - - [06/Sep/2025:21:21:38 +0700] "GET /best-online-casino-no-deposit-for-newcomers/ HTTP/1.0" 200 74459 "https://vattusacky.vn/?p=10818" "Mozilla/5.0 AppleWebKit/537.36 (KHTML, like Gecko; compatible; ClaudeBot/1.0; +claudebot@anthropic.com)"
216.73.216.162 - - [06/Sep/2025:21:21:38 +0700] "GET /tien-do-tra-vay-oncredit-gop-gan-day-cmnd/ HTTP/1.0" 200 209893 "https://vattusacky.vn/?p=2664" "Mozilla/5.0 AppleWebKit/537.36 (KHTML, like Gecko; compatible; ClaudeBot/1.0; +claudebot@anthropic.com)"
20.171.207.79 - - [06/Sep/2025:21:21:45 +0700] "GET /omegle-and-privacy-concerns-what-you-should-know/ HTTP/1.0" 200 90589 "-" "Mozilla/5.0 AppleWebKit/537.36 (KHTML, like Gecko; compatible; GPTBot/1.2; +https://openai.com/gptbot)"
216.73.216.162 - - [06/Sep/2025:21:22:07 +0700] "GET /category/ukrainische-frauen-kennen HTTP/1.0" 301 579 "-" "Mozilla/5.0 AppleWebKit/537.36 (KHTML, like Gecko; compatible; ClaudeBot/1.0; +claudebot@anthropic.com)"
216.73.216.162 - - [06/Sep/2025:21:22:08 +0700] "GET /category/ukrainische-frauen-kennen/ HTTP/1.0" 200 58887 "https://vattusacky.vn/category/ukrainische-frauen-kennen" "Mozilla/5.0 AppleWebKit/537.36 (KHTML, like Gecko; compatible; ClaudeBot/1.0; +claudebot@anthropic.com)"
45.117.177.72 - - [06/Sep/2025:21:23:31 +0700] "POST /wp-cron.php?doing_wp_cron=1757168610.7906761169433593750000 HTTP/1.0" 200 416 "-" "WordPress/6.8.1; https://vattusacky.vn"
157.55.39.7 - - [06/Sep/2025:21:23:29 +0700] "GET /the-role-of-anonymity-in-uncovering-ones-true-desires-on-omegle/feed/ HTTP/1.0" 200 1786 "-" "Mozilla/5.0 AppleWebKit/537.36 (KHTML, like Gecko; compatible; bingbot/2.0; +http://www.bing.com/bingbot.htm) Chrome/116.0.1938.76 Safari/537.36"
216.73.216.162 - - [06/Sep/2025:21:23:41 +0700] "GET /so-sehr-wahlen-sie-eine-polnische-partneragentur-aus HTTP/1.0" 301 643 "-" "Mozilla/5.0 AppleWebKit/537.36 (KHTML, like Gecko; compatible; ClaudeBot/1.0; +claudebot@anthropic.com)"
216.73.216.162 - - [06/Sep/2025:21:23:42 +0700] "GET /so-sehr-wahlen-sie-eine-polnische-partneragentur-aus/ HTTP/1.0" 200 208872 "https://vattusacky.vn/so-sehr-wahlen-sie-eine-polnische-partneragentur-aus" "Mozilla/5.0 AppleWebKit/537.36 (KHTML, like Gecko; compatible; ClaudeBot/1.0; +claudebot@anthropic.com)"
20.171.207.79 - - [06/Sep/2025:21:23:57 +0700] "GET /?p=7476 HTTP/1.0" 301 638 "-" "Mozilla/5.0 AppleWebKit/537.36 (KHTML, like Gecko; compatible; GPTBot/1.2; +https://openai.com/gptbot)"
20.171.207.79 - - [06/Sep/2025:21:23:58 +0700] "GET /omegle-and-online-privacy-what-you-need-to-know/ HTTP/1.0" 200 89456 "-" "Mozilla/5.0 AppleWebKit/537.36 (KHTML, like Gecko; compatible; GPTBot/1.2; +https://openai.com/gptbot)"
45.117.177.72 - - [06/Sep/2025:21:24:29 +0700] "POST /wp-cron.php?doing_wp_cron=1757168668.7693901062011718750000 HTTP/1.0" 200 416 "-" "WordPress/6.8.1; https://vattusacky.vn"
5.255.231.61 - - [06/Sep/2025:21:24:27 +0700] "GET /tadalafil-and-sertraline-together/ HTTP/1.0" 200 105341 "-" "Mozilla/5.0 (compatible; YandexBot/3.0; +http://yandex.com/bots)"
216.73.216.162 - - [06/Sep/2025:21:24:32 +0700] "GET /tag/college/feed HTTP/1.0" 301 659 "-" "Mozilla/5.0 AppleWebKit/537.36 (KHTML, like Gecko; compatible; ClaudeBot/1.0; +claudebot@anthropic.com)"
216.73.216.162 - - [06/Sep/2025:21:24:32 +0700] "GET /author/yanz/page/384 HTTP/1.0" 301 565 "-" "Mozilla/5.0 AppleWebKit/537.36 (KHTML, like Gecko; compatible; ClaudeBot/1.0; +claudebot@anthropic.com)"
216.73.216.162 - - [06/Sep/2025:21:24:33 +0700] "GET /tag/college/feed/ HTTP/1.0" 200 149339 "https://vattusacky.vn/tag/college/feed" "Mozilla/5.0 AppleWebKit/537.36 (KHTML, like Gecko; compatible; ClaudeBot/1.0; +claudebot@anthropic.com)"
216.73.216.162 - - [06/Sep/2025:21:24:34 +0700] "GET /author/yanz/page/384/ HTTP/1.0" 200 77314 "https://vattusacky.vn/author/yanz/page/384" "Mozilla/5.0 AppleWebKit/537.36 (KHTML, like Gecko; compatible; ClaudeBot/1.0; +claudebot@anthropic.com)"
45.117.177.72 - - [06/Sep/2025:21:25:33 +0700] "POST /wp-cron.php?doing_wp_cron=1757168733.3055539131164550781250 HTTP/1.0" 200 416 "-" "WordPress/6.8.1; https://vattusacky.vn"
20.171.207.79 - - [06/Sep/2025:21:25:32 +0700] "GET /the-future-of-online-privacy-on-omegle-and-ometv-balancing-security-and-freedom/feed/ HTTP/1.0" 200 1688 "-" "Mozilla/5.0 AppleWebKit/537.36 (KHTML, like Gecko; compatible; GPTBot/1.2; +https://openai.com/gptbot)"
216.73.216.162 - - [06/Sep/2025:21:26:16 +0700] "GET /building-a-global-network-on-omegle HTTP/1.0" 301 626 "-" "Mozilla/5.0 AppleWebKit/537.36 (KHTML, like Gecko; compatible; ClaudeBot/1.0; +claudebot@anthropic.com)"
45.117.177.72 - - [06/Sep/2025:21:26:17 +0700] "POST /wp-cron.php?doing_wp_cron=1757168777.3350009918212890625000 HTTP/1.0" 200 416 "-" "WordPress/6.8.1; https://vattusacky.vn"
216.73.216.162 - - [06/Sep/2025:21:26:16 +0700] "GET /?p=10690 HTTP/1.0" 301 633 "-" "Mozilla/5.0 AppleWebKit/537.36 (KHTML, like Gecko; compatible; ClaudeBot/1.0; +claudebot@anthropic.com)"
216.73.216.162 - - [06/Sep/2025:21:26:17 +0700] "GET /building-a-global-network-on-omegle/ HTTP/1.0" 200 88760 "https://vattusacky.vn/building-a-global-network-on-omegle" "Mozilla/5.0 AppleWebKit/537.36 (KHTML, like Gecko; compatible; ClaudeBot/1.0; +claudebot@anthropic.com)"
216.73.216.162 - - [06/Sep/2025:21:26:17 +0700] "GET /norske-nettcasino-opplev-glede-og-spenning/ HTTP/1.0" 200 94469 "https://vattusacky.vn/?p=10690" "Mozilla/5.0 AppleWebKit/537.36 (KHTML, like Gecko; compatible; ClaudeBot/1.0; +claudebot@anthropic.com)"
20.171.207.79 - - [06/Sep/2025:21:27:01 +0700] "GET /?p=7367 HTTP/1.0" 301 518 "-" "Mozilla/5.0 AppleWebKit/537.36 (KHTML, like Gecko; compatible; GPTBot/1.2; +https://openai.com/gptbot)"
20.171.207.79 - - [06/Sep/2025:21:27:02 +0700] "GET /omegle-and-mental-health-support-finding-empathy-and-understanding-online/ HTTP/1.0" 200 92408 "-" "Mozilla/5.0 AppleWebKit/537.36 (KHTML, like Gecko; compatible; GPTBot/1.2; +https://openai.com/gptbot)"
45.117.177.72 - - [06/Sep/2025:21:27:29 +0700] "POST /wp-cron.php?doing_wp_cron=1757168849.7374100685119628906250 HTTP/1.0" 200 416 "-" "WordPress/6.8.1; https://vattusacky.vn"
216.73.216.162 - - [06/Sep/2025:21:27:28 +0700] "GET /?p=10842 HTTP/1.0" 301 598 "-" "Mozilla/5.0 AppleWebKit/537.36 (KHTML, like Gecko; compatible; ClaudeBot/1.0; +claudebot@anthropic.com)"
216.73.216.162 - - [06/Sep/2025:21:27:30 +0700] "GET /what-you-need-to-know-about-a-no-deposit-casino-bonus/ HTTP/1.0" 200 75985 "https://vattusacky.vn/?p=10842" "Mozilla/5.0 AppleWebKit/537.36 (KHTML, like Gecko; compatible; ClaudeBot/1.0; +claudebot@anthropic.com)"
45.117.177.72 - - [06/Sep/2025:21:28:50 +0700] "POST /wp-cron.php?doing_wp_cron=1757168930.4446899890899658203125 HTTP/1.0" 200 416 "-" "WordPress/6.8.1; https://vattusacky.vn"
20.171.207.79 - - [06/Sep/2025:21:28:49 +0700] "GET /?p=7357 HTTP/1.0" 301 536 "-" "Mozilla/5.0 AppleWebKit/537.36 (KHTML, like Gecko; compatible; GPTBot/1.2; +https://openai.com/gptbot)"
20.171.207.79 - - [06/Sep/2025:21:28:50 +0700] "GET /omegle-and-mental-health-awareness-promoting-conversations-and-support-for-those-struggling/ HTTP/1.0" 200 93681 "-" "Mozilla/5.0 AppleWebKit/537.36 (KHTML, like Gecko; compatible; GPTBot/1.2; +https://openai.com/gptbot)"
45.117.177.72 - - [06/Sep/2025:21:30:28 +0700] "POST /wp-cron.php?doing_wp_cron=1757169028.1140120029449462890625 HTTP/1.0" 200 416 "-" "WordPress/6.8.1; https://vattusacky.vn"
185.191.171.13 - - [06/Sep/2025:21:30:26 +0700] "GET /zajmy-s-18-let-bez-otkazov-na-kartu-onlajn/ HTTP/1.0" 200 256056 "-" "Mozilla/5.0 (compatible; SemrushBot/7~bl; +http://www.semrush.com/bot.html)"
45.117.177.72 - - [06/Sep/2025:21:31:25 +0700] "POST /wp-cron.php?doing_wp_cron=1757169085.3440868854522705078125 HTTP/1.0" 200 416 "-" "WordPress/6.8.1; https://vattusacky.vn"
216.73.216.162 - - [06/Sep/2025:21:31:24 +0700] "GET /norske-nettcasino-opplev-glede-og-spenning/feed HTTP/1.0" 301 736 "-" "Mozilla/5.0 AppleWebKit/537.36 (KHTML, like Gecko; compatible; ClaudeBot/1.0; +claudebot@anthropic.com)"
216.73.216.162 - - [06/Sep/2025:21:31:25 +0700] "GET /norske-nettcasino-opplev-glede-og-spenning/feed/ HTTP/1.0" 200 1581 "https://vattusacky.vn/norske-nettcasino-opplev-glede-og-spenning/feed" "Mozilla/5.0 AppleWebKit/537.36 (KHTML, like Gecko; compatible; ClaudeBot/1.0; +claudebot@anthropic.com)"
