216.73.216.162 - - [06/Sep/2025:15:08:29 +0700] "GET /free-slot-machines-get-the-top-known-slots-online/ HTTP/1.0" 200 208323 "https://vattusacky.vn/?p=3816" "Mozilla/5.0 AppleWebKit/537.36 (KHTML, like Gecko; compatible; ClaudeBot/1.0; +claudebot@anthropic.com)"
45.117.177.72 - - [06/Sep/2025:15:09:32 +0700] "POST /wp-cron.php?doing_wp_cron=1757146172.2686018943786621093750 HTTP/1.0" 200 416 "-" "WordPress/6.8.1; https://vattusacky.vn"
216.73.216.162 - - [06/Sep/2025:15:09:30 +0700] "GET /?p=5563 HTTP/1.0" 301 593 "-" "Mozilla/5.0 AppleWebKit/537.36 (KHTML, like Gecko; compatible; ClaudeBot/1.0; +claudebot@anthropic.com)"
216.73.216.162 - - [06/Sep/2025:15:09:30 +0700] "GET /?p=5706 HTTP/1.0" 301 567 "-" "Mozilla/5.0 AppleWebKit/537.36 (KHTML, like Gecko; compatible; ClaudeBot/1.0; +claudebot@anthropic.com)"
216.73.216.162 - - [06/Sep/2025:15:09:32 +0700] "GET /how-to-increase-your-free-cash-in-online-casinos/ HTTP/1.0" 200 73478 "https://vattusacky.vn/?p=5563" "Mozilla/5.0 AppleWebKit/537.36 (KHTML, like Gecko; compatible; ClaudeBot/1.0; +claudebot@anthropic.com)"
216.73.216.162 - - [06/Sep/2025:15:09:33 +0700] "GET /all-about-casino-slots/ HTTP/1.0" 200 73048 "https://vattusacky.vn/?p=5706" "Mozilla/5.0 AppleWebKit/537.36 (KHTML, like Gecko; compatible; ClaudeBot/1.0; +claudebot@anthropic.com)"
216.73.216.162 - - [06/Sep/2025:15:10:01 +0700] "GET /author/yanz/page/377 HTTP/1.0" 301 565 "-" "Mozilla/5.0 AppleWebKit/537.36 (KHTML, like Gecko; compatible; ClaudeBot/1.0; +claudebot@anthropic.com)"
216.73.216.162 - - [06/Sep/2025:15:10:01 +0700] "GET /exactly-what-is-a-mail-in-wife HTTP/1.0" 301 621 "-" "Mozilla/5.0 AppleWebKit/537.36 (KHTML, like Gecko; compatible; ClaudeBot/1.0; +claudebot@anthropic.com)"
216.73.216.162 - - [06/Sep/2025:15:10:05 +0700] "GET /exactly-what-is-a-mail-in-wife/ HTTP/1.0" 200 205026 "https://vattusacky.vn/exactly-what-is-a-mail-in-wife" "Mozilla/5.0 AppleWebKit/537.36 (KHTML, like Gecko; compatible; ClaudeBot/1.0; +claudebot@anthropic.com)"
216.73.216.162 - - [06/Sep/2025:15:10:04 +0700] "GET /author/yanz/page/377/ HTTP/1.0" 200 77342 "https://vattusacky.vn/author/yanz/page/377" "Mozilla/5.0 AppleWebKit/537.36 (KHTML, like Gecko; compatible; ClaudeBot/1.0; +claudebot@anthropic.com)"
45.117.177.72 - - [06/Sep/2025:15:10:22 +0700] "POST /wp-cron.php?doing_wp_cron=1757146221.8327610492706298828125 HTTP/1.0" 200 416 "-" "WordPress/6.8.1; https://vattusacky.vn"
20.171.207.79 - - [06/Sep/2025:15:10:19 +0700] "GET /?p=7512 HTTP/1.0" 301 662 "-" "Mozilla/5.0 AppleWebKit/537.36 (KHTML, like Gecko; compatible; GPTBot/1.2; +https://openai.com/gptbot)"
20.171.207.79 - - [06/Sep/2025:15:10:22 +0700] "GET /omegle-and-the-ethics-of-anonymity-balancing-privacy-and-accountability/ HTTP/1.0" 200 93242 "-" "Mozilla/5.0 AppleWebKit/537.36 (KHTML, like Gecko; compatible; GPTBot/1.2; +https://openai.com/gptbot)"
45.117.177.72 - - [06/Sep/2025:15:12:27 +0700] "POST /wp-cron.php?doing_wp_cron=1757146347.3905150890350341796875 HTTP/1.0" 200 416 "-" "WordPress/6.8.1; https://vattusacky.vn"
216.73.216.162 - - [06/Sep/2025:15:12:25 +0700] "GET /author/yanz/page/423 HTTP/1.0" 301 565 "-" "Mozilla/5.0 AppleWebKit/537.36 (KHTML, like Gecko; compatible; ClaudeBot/1.0; +claudebot@anthropic.com)"
216.73.216.162 - - [06/Sep/2025:15:12:25 +0700] "GET /author/yanz/page/424 HTTP/1.0" 301 565 "-" "Mozilla/5.0 AppleWebKit/537.36 (KHTML, like Gecko; compatible; ClaudeBot/1.0; +claudebot@anthropic.com)"
216.73.216.162 - - [06/Sep/2025:15:12:28 +0700] "GET /author/yanz/page/423/ HTTP/1.0" 200 105239 "https://vattusacky.vn/author/yanz/page/423" "Mozilla/5.0 AppleWebKit/537.36 (KHTML, like Gecko; compatible; ClaudeBot/1.0; +claudebot@anthropic.com)"
216.73.216.162 - - [06/Sep/2025:15:12:28 +0700] "GET /author/yanz/page/424/ HTTP/1.0" 200 108415 "https://vattusacky.vn/author/yanz/page/424" "Mozilla/5.0 AppleWebKit/537.36 (KHTML, like Gecko; compatible; ClaudeBot/1.0; +claudebot@anthropic.com)"
45.117.177.72 - - [06/Sep/2025:15:13:38 +0700] "POST /wp-cron.php?doing_wp_cron=1757146418.7339439392089843750000 HTTP/1.0" 200 416 "-" "WordPress/6.8.1; https://vattusacky.vn"
216.73.216.162 - - [06/Sep/2025:15:13:37 +0700] "GET /how-to-find-the-best-adult-cam-to-cam-sites HTTP/1.0" 301 634 "-" "Mozilla/5.0 AppleWebKit/537.36 (KHTML, like Gecko; compatible; ClaudeBot/1.0; +claudebot@anthropic.com)"
216.73.216.162 - - [06/Sep/2025:15:13:37 +0700] "GET /author/yanz/page/397 HTTP/1.0" 301 565 "-" "Mozilla/5.0 AppleWebKit/537.36 (KHTML, like Gecko; compatible; ClaudeBot/1.0; +claudebot@anthropic.com)"
216.73.216.162 - - [06/Sep/2025:15:13:39 +0700] "GET /how-to-find-the-best-adult-cam-to-cam-sites/ HTTP/1.0" 200 208148 "https://vattusacky.vn/how-to-find-the-best-adult-cam-to-cam-sites" "Mozilla/5.0 AppleWebKit/537.36 (KHTML, like Gecko; compatible; ClaudeBot/1.0; +claudebot@anthropic.com)"
216.73.216.162 - - [06/Sep/2025:15:13:40 +0700] "GET /author/yanz/page/397/ HTTP/1.0" 200 138064 "https://vattusacky.vn/author/yanz/page/397" "Mozilla/5.0 AppleWebKit/537.36 (KHTML, like Gecko; compatible; ClaudeBot/1.0; +claudebot@anthropic.com)"
217.113.194.217 - - [06/Sep/2025:15:14:14 +0700] "GET /the-role-of-push-notifications-in-user-retention-on-omegle-and-ometv/ HTTP/1.0" 200 93871 "-" "Mozilla/5.0 (compatible; Barkrowler/0.9; +https://babbar.tech/crawler)"
216.73.216.162 - - [06/Sep/2025:15:14:26 +0700] "GET /author/yanz/page/376 HTTP/1.0" 301 565 "-" "Mozilla/5.0 AppleWebKit/537.36 (KHTML, like Gecko; compatible; ClaudeBot/1.0; +claudebot@anthropic.com)"
45.117.177.72 - - [06/Sep/2025:15:14:28 +0700] "POST /wp-cron.php?doing_wp_cron=1757146468.6692008972167968750000 HTTP/1.0" 200 416 "-" "WordPress/6.8.1; https://vattusacky.vn"
216.73.216.162 - - [06/Sep/2025:15:14:26 +0700] "GET /jendral888-port-bandar-situs-web-yang-diakui-di-24 HTTP/1.0" 301 641 "-" "Mozilla/5.0 AppleWebKit/537.36 (KHTML, like Gecko; compatible; ClaudeBot/1.0; +claudebot@anthropic.com)"
216.73.216.162 - - [06/Sep/2025:15:14:29 +0700] "GET /jendral888-port-bandar-situs-web-yang-diakui-di-24/ HTTP/1.0" 200 81415 "https://vattusacky.vn/jendral888-port-bandar-situs-web-yang-diakui-di-24" "Mozilla/5.0 AppleWebKit/537.36 (KHTML, like Gecko; compatible; ClaudeBot/1.0; +claudebot@anthropic.com)"
216.73.216.162 - - [06/Sep/2025:15:14:29 +0700] "GET /author/yanz/page/376/ HTTP/1.0" 200 77383 "https://vattusacky.vn/author/yanz/page/376" "Mozilla/5.0 AppleWebKit/537.36 (KHTML, like Gecko; compatible; ClaudeBot/1.0; +claudebot@anthropic.com)"
217.113.194.217 - - [06/Sep/2025:15:14:41 +0700] "GET /the-role-of-intuition-in-cross-language-understanding-on-omegle-and-ometv/ HTTP/1.0" 200 91624 "-" "Mozilla/5.0 (compatible; Barkrowler/0.9; +https://babbar.tech/crawler)"
217.113.194.75 - - [06/Sep/2025:15:15:05 +0700] "GET /the-role-of-empathy-in-creating-meaningful-connections-on-omegle/feed/ HTTP/1.0" 200 1789 "-" "Mozilla/5.0 (compatible; Barkrowler/0.9; +https://babbar.tech/crawler)"
45.117.177.72 - - [06/Sep/2025:15:15:19 +0700] "POST /wp-cron.php?doing_wp_cron=1757146519.0928649902343750000000 HTTP/1.0" 200 416 "-" "WordPress/6.8.1; https://vattusacky.vn"
216.73.216.162 - - [06/Sep/2025:15:15:17 +0700] "GET /category/activeslots555-org HTTP/1.0" 301 572 "-" "Mozilla/5.0 AppleWebKit/537.36 (KHTML, like Gecko; compatible; ClaudeBot/1.0; +claudebot@anthropic.com)"
20.171.207.79 - - [06/Sep/2025:15:15:17 +0700] "GET /omegle-vs-ometv-a-comparative-analysis-of-two-popular-chat-platforms/ HTTP/1.0" 200 91460 "-" "Mozilla/5.0 AppleWebKit/537.36 (KHTML, like Gecko; compatible; GPTBot/1.2; +https://openai.com/gptbot)"
216.73.216.162 - - [06/Sep/2025:15:15:19 +0700] "GET /category/activeslots555-org/ HTTP/1.0" 200 59623 "https://vattusacky.vn/category/activeslots555-org" "Mozilla/5.0 AppleWebKit/537.36 (KHTML, like Gecko; compatible; ClaudeBot/1.0; +claudebot@anthropic.com)"
217.113.194.80 - - [06/Sep/2025:15:15:26 +0700] "GET /the-role-of-emotional-intelligence-in-anonymously-communicating-on-omegle/feed/ HTTP/1.0" 200 1816 "-" "Mozilla/5.0 (compatible; Barkrowler/0.9; +https://babbar.tech/crawler)"
217.113.194.218 - - [06/Sep/2025:15:15:54 +0700] "GET /safety-tips-for-using-omegle-protecting-yourself-while-chatting-with-strangers/feed/ HTTP/1.0" 200 1831 "-" "Mozilla/5.0 (compatible; Barkrowler/0.9; +https://babbar.tech/crawler)"
95.108.213.179 - - [06/Sep/2025:15:16:01 +0700] "GET /the/hieu-chuan-khi/ HTTP/1.0" 200 68671 "-" "Mozilla/5.0 (compatible; YandexBot/3.0; +http://yandex.com/bots)"
87.250.224.86 - - [06/Sep/2025:15:16:02 +0700] "GET /the-role-of-intuition-in-cross-language-understanding-on-omegle-and-ometv/ HTTP/1.0" 200 91624 "-" "Mozilla/5.0 (compatible; YandexBot/3.0; +http://yandex.com/bots)"
45.117.177.72 - - [06/Sep/2025:15:16:23 +0700] "POST /wp-cron.php?doing_wp_cron=1757146583.1521229743957519531250 HTTP/1.0" 200 416 "-" "WordPress/6.8.1; https://vattusacky.vn"
217.113.194.75 - - [06/Sep/2025:15:16:21 +0700] "GET /omegle-vs-ometv-the-impact-of-geolocation-features-on-user-experience/ HTTP/1.0" 200 78817 "-" "Mozilla/5.0 (compatible; Barkrowler/0.9; +https://babbar.tech/crawler)"
216.73.216.162 - - [06/Sep/2025:15:16:23 +0700] "GET /1xbet-india-96-2/feed HTTP/1.0" 301 710 "-" "Mozilla/5.0 AppleWebKit/537.36 (KHTML, like Gecko; compatible; ClaudeBot/1.0; +claudebot@anthropic.com)"
216.73.216.162 - - [06/Sep/2025:15:16:26 +0700] "GET /1xbet-india-96-2/feed/ HTTP/1.0" 200 1496 "https://vattusacky.vn/1xbet-india-96-2/feed" "Mozilla/5.0 AppleWebKit/537.36 (KHTML, like Gecko; compatible; ClaudeBot/1.0; +claudebot@anthropic.com)"
217.113.194.76 - - [06/Sep/2025:15:16:45 +0700] "GET /omegle-vs-ometv-which-face-to-face-video-chat-platform-to-choose/feed/ HTTP/1.0" 200 1789 "-" "Mozilla/5.0 (compatible; Barkrowler/0.9; +https://babbar.tech/crawler)"
216.73.216.162 - - [06/Sep/2025:15:17:07 +0700] "GET /author/yanz/page/396 HTTP/1.0" 301 565 "-" "Mozilla/5.0 AppleWebKit/537.36 (KHTML, like Gecko; compatible; ClaudeBot/1.0; +claudebot@anthropic.com)"
216.73.216.162 - - [06/Sep/2025:15:17:08 +0700] "GET /author/yanz/page/396/ HTTP/1.0" 200 127166 "https://vattusacky.vn/author/yanz/page/396" "Mozilla/5.0 AppleWebKit/537.36 (KHTML, like Gecko; compatible; ClaudeBot/1.0; +claudebot@anthropic.com)"
217.113.194.78 - - [06/Sep/2025:15:17:10 +0700] "GET /omegle-vs-ometv-which-platform-offers-better-mobile-app-availability/feed/ HTTP/1.0" 200 1801 "-" "Mozilla/5.0 (compatible; Barkrowler/0.9; +https://babbar.tech/crawler)"
45.117.177.72 - - [06/Sep/2025:15:17:34 +0700] "POST /wp-cron.php?doing_wp_cron=1757146654.6800029277801513671875 HTTP/1.0" 200 416 "-" "WordPress/6.8.1; https://vattusacky.vn"
217.113.194.217 - - [06/Sep/2025:15:17:33 +0700] "GET /omegle-vs-ometv-which-platform-offers-better-gender-and-age-filtering/feed/ HTTP/1.0" 200 1804 "-" "Mozilla/5.0 (compatible; Barkrowler/0.9; +https://babbar.tech/crawler)"
217.113.194.78 - - [06/Sep/2025:15:17:55 +0700] "GET /omegle-vs-ometv-which-platform-offers-better-user-controls-and-moderation/feed/ HTTP/1.0" 200 1816 "-" "Mozilla/5.0 (compatible; Barkrowler/0.9; +https://babbar.tech/crawler)"
45.117.177.72 - - [06/Sep/2025:15:18:17 +0700] "POST /wp-cron.php?doing_wp_cron=1757146697.1909410953521728515625 HTTP/1.0" 200 416 "-" "WordPress/6.8.1; https://vattusacky.vn"
217.113.194.81 - - [06/Sep/2025:15:18:15 +0700] "GET /omegle-vs-ometv-an-in-depth-comparison-of-user-interface-design/feed/ HTTP/1.0" 200 1786 "-" "Mozilla/5.0 (compatible; Barkrowler/0.9; +https://babbar.tech/crawler)"
216.73.216.162 - - [06/Sep/2025:15:18:17 +0700] "GET /?p=10524 HTTP/1.0" 301 607 "-" "Mozilla/5.0 AppleWebKit/537.36 (KHTML, like Gecko; compatible; ClaudeBot/1.0; +claudebot@anthropic.com)"
216.73.216.162 - - [06/Sep/2025:15:18:17 +0700] "GET /?p=3778 HTTP/1.0" 301 580 "-" "Mozilla/5.0 AppleWebKit/537.36 (KHTML, like Gecko; compatible; ClaudeBot/1.0; +claudebot@anthropic.com)"
216.73.216.162 - - [06/Sep/2025:15:18:19 +0700] "GET /1xbet-india-96-2/ HTTP/1.0" 200 113621 "https://vattusacky.vn/?p=10524" "Mozilla/5.0 AppleWebKit/537.36 (KHTML, like Gecko; compatible; ClaudeBot/1.0; +claudebot@anthropic.com)"
216.73.216.162 - - [06/Sep/2025:15:18:20 +0700] "GET /tips-to-find-the-best-online-casino/ HTTP/1.0" 200 207142 "https://vattusacky.vn/?p=3778" "Mozilla/5.0 AppleWebKit/537.36 (KHTML, like Gecko; compatible; ClaudeBot/1.0; +claudebot@anthropic.com)"
217.113.194.79 - - [06/Sep/2025:15:18:37 +0700] "GET /omegle-vs-ometv-analyzing-user-satisfaction-and-loyalty/feed/ HTTP/1.0" 200 1762 "-" "Mozilla/5.0 (compatible; Barkrowler/0.9; +https://babbar.tech/crawler)"
217.113.194.217 - - [06/Sep/2025:15:18:59 +0700] "GET /omegles-role-in-breaking-down-social-barriers-and-promoting-inclusiveness/feed/ HTTP/1.0" 200 1816 "-" "Mozilla/5.0 (compatible; Barkrowler/0.9; +https://babbar.tech/crawler)"
45.117.177.72 - - [06/Sep/2025:15:19:23 +0700] "POST /wp-cron.php?doing_wp_cron=1757146763.2870080471038818359375 HTTP/1.0" 200 416 "-" "WordPress/6.8.1; https://vattusacky.vn"
217.113.194.217 - - [06/Sep/2025:15:19:21 +0700] "GET /omegles-role-in-facilitating-cross-cultural-understanding-and-empathy/feed/ HTTP/1.0" 200 1804 "-" "Mozilla/5.0 (compatible; Barkrowler/0.9; +https://babbar.tech/crawler)"
216.244.66.237 - - [06/Sep/2025:15:19:32 +0700] "GET /robots.txt HTTP/1.0" 200 984 "-" "Mozilla/5.0 (compatible; DotBot/1.2; +https://opensiteexplorer.org/dotbot; help@moz.com)"
217.113.194.78 - - [06/Sep/2025:15:19:41 +0700] "GET /omegles-role-in-bridging-communication-gaps-and-fostering-understanding/feed/ HTTP/1.0" 200 1810 "-" "Mozilla/5.0 (compatible; Barkrowler/0.9; +https://babbar.tech/crawler)"
216.73.216.162 - - [06/Sep/2025:15:19:50 +0700] "GET /category/best-dating-escort-2023-2/feed HTTP/1.0" 301 682 "-" "Mozilla/5.0 AppleWebKit/537.36 (KHTML, like Gecko; compatible; ClaudeBot/1.0; +claudebot@anthropic.com)"
216.73.216.162 - - [06/Sep/2025:15:19:52 +0700] "GET /category/best-dating-escort-2023-2/feed/ HTTP/1.0" 200 17146 "https://vattusacky.vn/category/best-dating-escort-2023-2/feed" "Mozilla/5.0 AppleWebKit/537.36 (KHTML, like Gecko; compatible; ClaudeBot/1.0; +claudebot@anthropic.com)"
217.113.194.218 - - [06/Sep/2025:15:19:59 +0700] "GET /omegles-use-in-research-and-data-collection-studying-online-social-behavior/feed/ HTTP/1.0" 200 1822 "-" "Mozilla/5.0 (compatible; Barkrowler/0.9; +https://babbar.tech/crawler)"
45.117.177.72 - - [06/Sep/2025:15:20:20 +0700] "POST /wp-cron.php?doing_wp_cron=1757146820.1251800060272216796875 HTTP/1.0" 200 416 "-" "WordPress/6.8.1; https://vattusacky.vn"
217.113.194.76 - - [06/Sep/2025:15:20:18 +0700] "GET /omegle-and-cultural-immersion-experiencing-different-cultures-through-conversations/ HTTP/1.0" 200 92000 "-" "Mozilla/5.0 (compatible; Barkrowler/0.9; +https://babbar.tech/crawler)"
20.171.207.79 - - [06/Sep/2025:15:20:21 +0700] "GET /?p=7256 HTTP/1.0" 301 653 "-" "Mozilla/5.0 AppleWebKit/537.36 (KHTML, like Gecko; compatible; GPTBot/1.2; +https://openai.com/gptbot)"
20.171.207.79 - - [06/Sep/2025:15:20:24 +0700] "GET /navigating-the-risks-on-omegle-preserving-your-digital-privacy/ HTTP/1.0" 200 89870 "-" "Mozilla/5.0 AppleWebKit/537.36 (KHTML, like Gecko; compatible; GPTBot/1.2; +https://openai.com/gptbot)"
217.113.194.78 - - [06/Sep/2025:15:20:56 +0700] "GET /omegle-and-the-art-of-conversation-nurturing-connection-in-a-digital-world/feed/ HTTP/1.0" 200 1819 "-" "Mozilla/5.0 (compatible; Barkrowler/0.9; +https://babbar.tech/crawler)"
45.117.177.72 - - [06/Sep/2025:15:21:18 +0700] "POST /wp-cron.php?doing_wp_cron=1757146878.1288800239562988281250 HTTP/1.0" 200 416 "-" "WordPress/6.8.1; https://vattusacky.vn"
217.113.194.80 - - [06/Sep/2025:15:21:16 +0700] "GET /omegle-and-brainstorming-utilizing-the-platform-for-idea-generation-and-creativity/ HTTP/1.0" 200 92474 "-" "Mozilla/5.0 (compatible; Barkrowler/0.9; +https://babbar.tech/crawler)"
217.113.194.80 - - [06/Sep/2025:15:21:41 +0700] "GET /omegle-and-cross-cultural-understanding-bridging-the-gap-between-different-communities/ HTTP/1.0" 200 92998 "-" "Mozilla/5.0 (compatible; Barkrowler/0.9; +https://babbar.tech/crawler)"
85.208.96.199 - - [06/Sep/2025:15:21:52 +0700] "GET /robots.txt HTTP/1.0" 200 984 "-" "Mozilla/5.0 (compatible; SemrushBot/7~bl; +http://www.semrush.com/bot.html)"
185.191.171.3 - - [06/Sep/2025:15:21:55 +0700] "GET /exactly-what-is-a-mail-in-wife/ HTTP/1.0" 200 205172 "-" "Mozilla/5.0 (compatible; SemrushBot/7~bl; +http://www.semrush.com/bot.html)"
217.113.194.78 - - [06/Sep/2025:15:22:05 +0700] "GET /omegle-and-cyberbullying-addressing-and-preventing-bullying-in-anonymous-chats/feed/ HTTP/1.0" 200 1831 "-" "Mozilla/5.0 (compatible; Barkrowler/0.9; +https://babbar.tech/crawler)"
45.117.177.72 - - [06/Sep/2025:15:22:28 +0700] "POST /wp-cron.php?doing_wp_cron=1757146948.2950630187988281250000 HTTP/1.0" 200 416 "-" "WordPress/6.8.1; https://vattusacky.vn"
217.113.194.81 - - [06/Sep/2025:15:22:24 +0700] "GET /omegle-and-ometv-how-anonymous-chatting-apps-affect-mental-health/feed/ HTTP/1.0" 200 1792 "-" "Mozilla/5.0 (compatible; Barkrowler/0.9; +https://babbar.tech/crawler)"
217.113.194.74 - - [06/Sep/2025:15:22:46 +0700] "GET /omegle-and-ometv-exploring-the-role-of-anonymity-in-online-conversations/ HTTP/1.0" 200 92482 "-" "Mozilla/5.0 (compatible; Barkrowler/0.9; +https://babbar.tech/crawler)"
207.46.13.78 - - [06/Sep/2025:15:23:06 +0700] "GET /omegle-vs-ometv-the-consequences-of-anonymous-chatting/ HTTP/1.0" 200 92211 "-" "Mozilla/5.0 AppleWebKit/537.36 (KHTML, like Gecko; compatible; bingbot/2.0; +http://www.bing.com/bingbot.htm) Chrome/116.0.1938.76 Safari/537.36"
217.113.194.79 - - [06/Sep/2025:15:23:08 +0700] "GET /omegle-and-ometv-fostering-empathy-and-understanding-across-borders/feed/ HTTP/1.0" 200 1798 "-" "Mozilla/5.0 (compatible; Barkrowler/0.9; +https://babbar.tech/crawler)"
45.117.177.72 - - [06/Sep/2025:15:23:26 +0700] "POST /wp-cron.php?doing_wp_cron=1757147006.1431579589843750000000 HTTP/1.0" 200 416 "-" "WordPress/6.8.1; https://vattusacky.vn"
85.208.96.199 - - [06/Sep/2025:15:23:24 +0700] "GET /snail-mail-order-brides-find-actual-russian-and-ukrainian-girls-for-matrimony/ HTTP/1.0" 200 236077 "-" "Mozilla/5.0 (compatible; SemrushBot/7~bl; +http://www.semrush.com/bot.html)"
20.171.207.79 - - [06/Sep/2025:15:23:27 +0700] "GET /?p=7385 HTTP/1.0" 301 503 "-" "Mozilla/5.0 AppleWebKit/537.36 (KHTML, like Gecko; compatible; GPTBot/1.2; +https://openai.com/gptbot)"
154.54.249.200 - - [06/Sep/2025:15:23:28 +0700] "GET /robots.txt HTTP/1.0" 200 984 "-" "Mozilla/5.0 (compatible; Barkrowler/0.9; +https://babbar.tech/crawler)"
20.171.207.79 - - [06/Sep/2025:15:23:30 +0700] "GET /omegle-and-ometv-an-ethical-analysis-of-online-interaction/ HTTP/1.0" 200 91754 "-" "Mozilla/5.0 AppleWebKit/537.36 (KHTML, like Gecko; compatible; GPTBot/1.2; +https://openai.com/gptbot)"
52.3.104.214 - - [06/Sep/2025:15:23:37 +0700] "GET /ways-to-get-a-sugar-daddy/ HTTP/1.0" 200 209308 "-" "Mozilla/5.0 AppleWebKit/537.36 (KHTML, like Gecko; compatible; Amazonbot/0.1; +https://developer.amazon.com/support/amazonbot) Chrome/119.0.6045.214 Safari/537.36"
18.207.79.144 - - [06/Sep/2025:15:23:40 +0700] "GET /organising-flawless-mother-board-meetings/ HTTP/1.0" 200 205344 "-" "Mozilla/5.0 AppleWebKit/537.36 (KHTML, like Gecko; compatible; Amazonbot/0.1; +https://developer.amazon.com/support/amazonbot) Chrome/119.0.6045.214 Safari/537.36"
52.70.209.13 - - [06/Sep/2025:15:23:44 +0700] "GET /east-european-romantic-relationship-tips/ HTTP/1.0" 200 207950 "-" "Mozilla/5.0 AppleWebKit/537.36 (KHTML, like Gecko; compatible; Amazonbot/0.1; +https://developer.amazon.com/support/amazonbot) Chrome/119.0.6045.214 Safari/537.36"
52.204.81.148 - - [06/Sep/2025:15:23:49 +0700] "GET /review-para-codere-analisis-de-casa-de-apuestas-online-2023/ HTTP/1.0" 200 92871 "-" "Mozilla/5.0 AppleWebKit/537.36 (KHTML, like Gecko; compatible; Amazonbot/0.1; +https://developer.amazon.com/support/amazonbot) Chrome/119.0.6045.214 Safari/537.36"
217.113.194.77 - - [06/Sep/2025:15:23:48 +0700] "GET /omegle-and-empathy-fostering-understanding-and-connection-through-conversations/feed/ HTTP/1.0" 200 1834 "-" "Mozilla/5.0 (compatible; Barkrowler/0.9; +https://babbar.tech/crawler)"
52.201.155.215 - - [06/Sep/2025:15:23:53 +0700] "GET /findo-progress-cai-vaygap-tien-te-bao-co-su-khac-biet/ HTTP/1.0" 200 207412 "-" "Mozilla/5.0 AppleWebKit/537.36 (KHTML, like Gecko; compatible; Amazonbot/0.1; +https://developer.amazon.com/support/amazonbot) Chrome/119.0.6045.214 Safari/537.36"
34.226.89.140 - - [06/Sep/2025:15:23:57 +0700] "GET /category/ilovemybaby-com-ua/ HTTP/1.0" 200 59162 "-" "Mozilla/5.0 AppleWebKit/537.36 (KHTML, like Gecko; compatible; Amazonbot/0.1; +https://developer.amazon.com/support/amazonbot) Chrome/119.0.6045.214 Safari/537.36"
3.209.174.110 - - [06/Sep/2025:15:24:01 +0700] "GET /maksim-krippa-strategija-bystrogo-i-bezopasnogo-234/ HTTP/1.0" 200 231940 "-" "Mozilla/5.0 AppleWebKit/537.36 (KHTML, like Gecko; compatible; Amazonbot/0.1; +https://developer.amazon.com/support/amazonbot) Chrome/119.0.6045.214 Safari/537.36"
54.243.63.52 - - [06/Sep/2025:15:24:04 +0700] "GET /red-clause-lc-meaning-red-clause-vs-green-clause/ HTTP/1.0" 200 215890 "-" "Mozilla/5.0 AppleWebKit/537.36 (KHTML, like Gecko; compatible; Amazonbot/0.1; +https://developer.amazon.com/support/amazonbot) Chrome/119.0.6045.214 Safari/537.36"
217.113.194.75 - - [06/Sep/2025:15:24:10 +0700] "GET /omegle-etiquette-navigating-social-norms-in-an-anonymous-environment/feed/ HTTP/1.0" 200 1801 "-" "Mozilla/5.0 (compatible; Barkrowler/0.9; +https://babbar.tech/crawler)"
34.236.135.14 - - [06/Sep/2025:15:24:09 +0700] "GET /category/uncategorized/page/169/ HTTP/1.0" 200 76559 "-" "Mozilla/5.0 AppleWebKit/537.36 (KHTML, like Gecko; compatible; Amazonbot/0.1; +https://developer.amazon.com/support/amazonbot) Chrome/119.0.6045.214 Safari/537.36"
54.84.147.79 - - [06/Sep/2025:15:24:13 +0700] "GET /author/yanz/page/416/ HTTP/1.0" 200 88479 "-" "Mozilla/5.0 AppleWebKit/537.36 (KHTML, like Gecko; compatible; Amazonbot/0.1; +https://developer.amazon.com/support/amazonbot) Chrome/119.0.6045.214 Safari/537.36"
45.117.177.72 - - [06/Sep/2025:15:24:32 +0700] "POST /wp-cron.php?doing_wp_cron=1757147072.3726189136505126953125 HTTP/1.0" 200 416 "-" "WordPress/6.8.1; https://vattusacky.vn"
154.54.249.200 - - [06/Sep/2025:15:24:30 +0700] "GET /omegle-moderators-understanding-their-role-in-maintaining-a-safe-environment/ HTTP/1.0" 200 90650 "-" "Mozilla/5.0 (compatible; Barkrowler/0.9; +https://babbar.tech/crawler)"
217.113.194.80 - - [06/Sep/2025:15:24:53 +0700] "GET /omegle-for-introverts-using-the-platform-to-overcome-social-anxiety/feed/ HTTP/1.0" 200 1798 "-" "Mozilla/5.0 (compatible; Barkrowler/0.9; +https://babbar.tech/crawler)"
217.113.194.78 - - [06/Sep/2025:15:25:13 +0700] "GET /omegle-for-language-teachers-enhancing-classroom-learning-through-chatting/feed/ HTTP/1.0" 200 1819 "-" "Mozilla/5.0 (compatible; Barkrowler/0.9; +https://babbar.tech/crawler)"
45.117.177.72 - - [06/Sep/2025:15:25:35 +0700] "POST /wp-cron.php?doing_wp_cron=1757147135.0562999248504638671875 HTTP/1.0" 200 416 "-" "WordPress/6.8.1; https://vattusacky.vn"
217.113.194.76 - - [06/Sep/2025:15:25:32 +0700] "GET /omegle-alternatives-exploring-similar-platforms-for-global-chatting/feed/ HTTP/1.0" 200 1798 "-" "Mozilla/5.0 (compatible; Barkrowler/0.9; +https://babbar.tech/crawler)"
217.113.194.74 - - [06/Sep/2025:15:25:54 +0700] "GET /omegle-alternatives-exploring-similar-platforms-and-their-features/feed/ HTTP/1.0" 200 1795 "-" "Mozilla/5.0 (compatible; Barkrowler/0.9; +https://babbar.tech/crawler)"
217.113.194.79 - - [06/Sep/2025:15:26:13 +0700] "GET /omegle-proxies-what-they-are-and-how-they-impact-your-chat-experience/feed/ HTTP/1.0" 200 1804 "-" "Mozilla/5.0 (compatible; Barkrowler/0.9; +https://babbar.tech/crawler)"
45.117.177.72 - - [06/Sep/2025:15:26:36 +0700] "POST /wp-cron.php?doing_wp_cron=1757147196.4310479164123535156250 HTTP/1.0" 200 416 "-" "WordPress/6.8.1; https://vattusacky.vn"
217.113.194.75 - - [06/Sep/2025:15:26:35 +0700] "GET /omegles-influence-on-verbal-and-nonverbal-communication-skills/feed/ HTTP/1.0" 200 1783 "-" "Mozilla/5.0 (compatible; Barkrowler/0.9; +https://babbar.tech/crawler)"
5.255.231.61 - - [06/Sep/2025:15:26:54 +0700] "GET /reporting-and-blocking-options-on-ometv/ HTTP/1.0" 200 90076 "-" "Mozilla/5.0 (compatible; YandexBot/3.0; +http://yandex.com/bots)"
217.113.194.78 - - [06/Sep/2025:15:26:55 +0700] "GET /omegles-influence-on-the-representation-of-online-relationships-in-popular-culture/feed/ HTTP/1.0" 200 1843 "-" "Mozilla/5.0 (compatible; Barkrowler/0.9; +https://babbar.tech/crawler)"
20.171.207.79 - - [06/Sep/2025:15:27:00 +0700] "GET /?p=7488 HTTP/1.0" 301 665 "-" "Mozilla/5.0 AppleWebKit/537.36 (KHTML, like Gecko; compatible; GPTBot/1.2; +https://openai.com/gptbot)"
20.171.207.79 - - [06/Sep/2025:15:27:02 +0700] "GET /omegle-and-privacy-navigating-the-fine-line-between-anonymity-and-security/ HTTP/1.0" 200 91703 "-" "Mozilla/5.0 AppleWebKit/537.36 (KHTML, like Gecko; compatible; GPTBot/1.2; +https://openai.com/gptbot)"
217.113.194.79 - - [06/Sep/2025:15:27:14 +0700] "GET /omegles-interest-tags-finding-conversations-that-match-your-interests/feed/ HTTP/1.0" 200 1804 "-" "Mozilla/5.0 (compatible; Barkrowler/0.9; +https://babbar.tech/crawler)"
45.117.177.72 - - [06/Sep/2025:15:27:30 +0700] "POST /wp-cron.php?doing_wp_cron=1757147250.0485429763793945312500 HTTP/1.0" 200 416 "-" "WordPress/6.8.1; https://vattusacky.vn"
185.191.171.14 - - [06/Sep/2025:15:27:28 +0700] "GET /mostbet-payment-options-how-to-deposit-withdraw-105/ HTTP/1.0" 200 217746 "-" "Mozilla/5.0 (compatible; SemrushBot/7~bl; +http://www.semrush.com/bot.html)"
217.113.194.75 - - [06/Sep/2025:15:27:34 +0700] "GET /omegle-as-a-virtual-art-gallery-showcasing-collaborative-art-pieces/feed/ HTTP/1.0" 200 1798 "-" "Mozilla/5.0 (compatible; Barkrowler/0.9; +https://babbar.tech/crawler)"
85.208.96.209 - - [06/Sep/2025:15:27:53 +0700] "GET /1xbit-evaluation-free-bets-and-provides-12/ HTTP/1.0" 200 255868 "-" "Mozilla/5.0 (compatible; SemrushBot/7~bl; +http://www.semrush.com/bot.html)"
217.113.194.81 - - [06/Sep/2025:15:27:54 +0700] "GET /omegles-history-and-evolution-a-look-back-at-the-anonymous-chat-platform/ HTTP/1.0" 200 90702 "-" "Mozilla/5.0 (compatible; Barkrowler/0.9; +https://babbar.tech/crawler)"
217.113.194.78 - - [06/Sep/2025:15:28:15 +0700] "GET /omegles-impact-on-social-relationships-does-it-affect-in-person-connections/ HTTP/1.0" 200 81208 "-" "Mozilla/5.0 (compatible; Barkrowler/0.9; +https://babbar.tech/crawler)"
45.117.177.72 - - [06/Sep/2025:15:28:39 +0700] "POST /wp-cron.php?doing_wp_cron=1757147318.8980090618133544921875 HTTP/1.0" 200 416 "-" "WordPress/6.8.1; https://vattusacky.vn"
217.113.194.75 - - [06/Sep/2025:15:28:37 +0700] "GET /omegles-impact-on-the-lgbtq-community-creating-safe-spaces-for-connection/feed/ HTTP/1.0" 200 1816 "-" "Mozilla/5.0 (compatible; Barkrowler/0.9; +https://babbar.tech/crawler)"
217.113.194.76 - - [06/Sep/2025:15:28:55 +0700] "GET /omegles-impact-on-long-distance-relationships-and-virtual-intimacy/feed/ HTTP/1.0" 200 1795 "-" "Mozilla/5.0 (compatible; Barkrowler/0.9; +https://babbar.tech/crawler)"
217.113.194.217 - - [06/Sep/2025:15:29:14 +0700] "GET /online-casino-bonuses-and-deposit-match-bonus-what-they-are-and-how-you-can-use-them/ HTTP/1.0" 200 74866 "-" "Mozilla/5.0 (compatible; Barkrowler/0.9; +https://babbar.tech/crawler)"
45.117.177.72 - - [06/Sep/2025:15:29:32 +0700] "POST /wp-cron.php?doing_wp_cron=1757147372.6918230056762695312500 HTTP/1.0" 200 416 "-" "WordPress/6.8.1; https://vattusacky.vn"
213.180.203.224 - - [06/Sep/2025:15:29:31 +0700] "GET /anonymous-text-conversations-ometvs-text-chat-anonymity/ HTTP/1.0" 200 89879 "-" "Mozilla/5.0 (compatible; YandexBot/3.0; +http://yandex.com/bots)"
217.113.194.74 - - [06/Sep/2025:15:29:34 +0700] "GET /maksym-krippa-futbolnye-fakty-o-maksime-krippe-760/ HTTP/1.0" 200 245381 "-" "Mozilla/5.0 (compatible; Barkrowler/0.9; +https://babbar.tech/crawler)"
217.113.194.78 - - [06/Sep/2025:15:30:11 +0700] "GET /unexpected-comedy-hilarious-skits-on-omegle-and-ometv/feed/ HTTP/1.0" 200 1756 "-" "Mozilla/5.0 (compatible; Barkrowler/0.9; +https://babbar.tech/crawler)"
45.117.177.72 - - [06/Sep/2025:15:30:18 +0700] "POST /wp-cron.php?doing_wp_cron=1757147418.6967871189117431640625 HTTP/1.0" 200 416 "-" "WordPress/6.8.1; https://vattusacky.vn"
20.171.207.79 - - [06/Sep/2025:15:30:17 +0700] "GET /the-legal-implications-of-privacy-on-omegle/ HTTP/1.0" 200 91837 "-" "Mozilla/5.0 AppleWebKit/537.36 (KHTML, like Gecko; compatible; GPTBot/1.2; +https://openai.com/gptbot)"
217.113.194.79 - - [06/Sep/2025:15:30:29 +0700] "GET /unexpected-connections-heartwarming-stories-from-omegle-and-ometv/feed/ HTTP/1.0" 200 1792 "-" "Mozilla/5.0 (compatible; Barkrowler/0.9; +https://babbar.tech/crawler)"
217.113.194.76 - - [06/Sep/2025:15:30:50 +0700] "GET /how-omegle-and-ometv-work-behind-the-scenes-of-anonymous-chatting-platforms/feed/ HTTP/1.0" 200 1822 "-" "Mozilla/5.0 (compatible; Barkrowler/0.9; +https://babbar.tech/crawler)"
104.244.75.182 - - [06/Sep/2025:15:30:57 +0700] "GET /wp-login.php HTTP/1.0" 200 11388 "-" "Mozilla/5.0 (Windows NT 6.3; WOW64) AppleWebKit/537.36 (KHTML, like Gecko) Chrome/36.0.1985.143 Safari/537.36"
217.113.194.81 - - [06/Sep/2025:15:31:09 +0700] "GET /how-omegle-began-the-history-of-the-popular-chatroulette-alternative/feed/ HTTP/1.0" 200 1801 "-" "Mozilla/5.0 (compatible; Barkrowler/0.9; +https://babbar.tech/crawler)"
45.117.177.72 - - [06/Sep/2025:15:31:28 +0700] "POST /wp-cron.php?doing_wp_cron=1757147488.2679109573364257812500 HTTP/1.0" 200 416 "-" "WordPress/6.8.1; https://vattusacky.vn"
45.61.184.60 - - [06/Sep/2025:15:31:26 +0700] "GET /wp-login.php HTTP/1.0" 200 11388 "-" "Mozilla/5.0 (Macintosh; Intel Mac OS X 10.7; rv:31.0) Gecko/20100101 Firefox/31.0"
217.113.194.75 - - [06/Sep/2025:15:31:28 +0700] "GET /talented-individuals-showcasing-skills-on-omegle-and-ometv/feed/ HTTP/1.0" 200 1771 "-" "Mozilla/5.0 (compatible; Barkrowler/0.9; +https://babbar.tech/crawler)"
45.61.184.60 - - [06/Sep/2025:15:31:29 +0700] "POST /wp-login.php HTTP/1.0" 200 11748 "-" "Mozilla/5.0 (Macintosh; Intel Mac OS X 10.7; rv:31.0) Gecko/20100101 Firefox/31.0"
217.113.194.72 - - [06/Sep/2025:15:31:47 +0700] "GET /kazino-pin-ap-rabochee-zerkalo-vhod-igrovye-2/feed/ HTTP/1.0" 200 1811 "-" "Mozilla/5.0 (compatible; Barkrowler/0.9; +https://babbar.tech/crawler)"
217.113.194.76 - - [06/Sep/2025:15:32:06 +0700] "GET /overcoming-biases-and-stereotypes-through-virtual-empathy-on-omegle/feed/ HTTP/1.0" 200 1798 "-" "Mozilla/5.0 (compatible; Barkrowler/0.9; +https://babbar.tech/crawler)"
45.117.177.72 - - [06/Sep/2025:15:32:28 +0700] "POST /wp-cron.php?doing_wp_cron=1757147547.9732511043548583984375 HTTP/1.0" 200 416 "-" "WordPress/6.8.1; https://vattusacky.vn"
217.113.194.79 - - [06/Sep/2025:15:32:26 +0700] "GET /overcoming-social-hurdles-how-omegle-and-ometv-improve-social-skills/ HTTP/1.0" 200 92868 "-" "Mozilla/5.0 (compatible; Barkrowler/0.9; +https://babbar.tech/crawler)"
217.113.194.76 - - [06/Sep/2025:15:32:49 +0700] "GET /overcoming-stereotypes-on-omegle-promoting-inclusivity-and-understanding/ HTTP/1.0" 200 92841 "-" "Mozilla/5.0 (compatible; Barkrowler/0.9; +https://babbar.tech/crawler)"
20.171.207.79 - - [06/Sep/2025:15:33:10 +0700] "GET /omegles-impact-on-the-concept-of-privacy-in-the-digital-age/ HTTP/1.0" 200 92054 "-" "Mozilla/5.0 AppleWebKit/537.36 (KHTML, like Gecko; compatible; GPTBot/1.2; +https://openai.com/gptbot)"
45.117.177.72 - - [06/Sep/2025:15:33:17 +0700] "POST /wp-cron.php?doing_wp_cron=1757147597.3625919818878173828125 HTTP/1.0" 200 416 "-" "WordPress/6.8.1; https://vattusacky.vn"
217.113.194.77 - - [06/Sep/2025:15:33:15 +0700] "GET /getting-to-know-the-real-you-authenticity-in-omegle-and-ometv-conversations/ HTTP/1.0" 200 91178 "-" "Mozilla/5.0 (compatible; Barkrowler/0.9; +https://babbar.tech/crawler)"
217.113.194.74 - - [06/Sep/2025:15:33:39 +0700] "GET /analyzing-the-potential-benefits-and-drawbacks-of-virtual-empathy-platforms/ HTTP/1.0" 200 92936 "-" "Mozilla/5.0 (compatible; Barkrowler/0.9; +https://babbar.tech/crawler)"
217.113.194.79 - - [06/Sep/2025:15:34:03 +0700] "GET /analyzing-the-impact-of-video-chat-on-omegles-user-experience/feed/ HTTP/1.0" 200 1780 "-" "Mozilla/5.0 (compatible; Barkrowler/0.9; +https://babbar.tech/crawler)"
45.117.177.72 - - [06/Sep/2025:15:34:24 +0700] "POST /wp-cron.php?doing_wp_cron=1757147663.7121729850769042968750 HTTP/1.0" 200 416 "-" "WordPress/6.8.1; https://vattusacky.vn"
217.113.194.78 - - [06/Sep/2025:15:34:22 +0700] "GET /analise-da-1-win-revisao-de-bonus-apps-e-outros-diferenciais/ HTTP/1.0" 200 219922 "-" "Mozilla/5.0 (compatible; Barkrowler/0.9; +https://babbar.tech/crawler)"
45.61.184.63 - - [06/Sep/2025:15:34:49 +0700] "GET /wp-login.php HTTP/1.0" 200 11388 "-" "Mozilla/5.0 (Macintosh; Intel Mac OS X 10_9_4) AppleWebKit/537.36 (KHTML, like Gecko) Chrome/36.0.1985.143 Safari/537.36"
154.54.249.200 - - [06/Sep/2025:15:34:59 +0700] "GET /a-comprehensive-analysis-of-omegle-vs-ometv-privacy-policies/feed/ HTTP/1.0" 200 1777 "-" "Mozilla/5.0 (compatible; Barkrowler/0.9; +https://babbar.tech/crawler)"
45.61.184.72 - - [06/Sep/2025:15:35:05 +0700] "GET /wp-login.php HTTP/1.0" 200 11388 "-" "Mozilla/5.0 (X11; Linux x86_64; rv:31.0) Gecko/20100101 Firefox/31.0"
45.117.177.72 - - [06/Sep/2025:15:35:21 +0700] "POST /wp-cron.php?doing_wp_cron=1757147721.4224340915679931640625 HTTP/1.0" 200 416 "-" "WordPress/6.8.1; https://vattusacky.vn"
217.113.194.74 - - [06/Sep/2025:15:35:20 +0700] "GET /danh-muc/moi-truong-nuoc/dung-cu-lay-mau-loi/feed/ HTTP/1.0" 200 40015 "-" "Mozilla/5.0 (compatible; Barkrowler/0.9; +https://babbar.tech/crawler)"
217.113.194.72 - - [06/Sep/2025:15:35:40 +0700] "GET /zajmy-s-18-let-bez-otkazov-na-kartu-onlajn/feed/ HTTP/1.0" 200 1755 "-" "Mozilla/5.0 (compatible; Barkrowler/0.9; +https://babbar.tech/crawler)"
217.113.194.218 - - [06/Sep/2025:15:35:59 +0700] "GET /master-the-art-of-cs-id-obstawianie-i-zwiksz-swoje/feed/ HTTP/1.0" 200 1762 "-" "Mozilla/5.0 (compatible; Barkrowler/0.9; +https://babbar.tech/crawler)"
20.171.207.79 - - [06/Sep/2025:15:36:13 +0700] "GET /taking-control-of-your-online-privacy-on-omegle/ HTTP/1.0" 200 89459 "-" "Mozilla/5.0 AppleWebKit/537.36 (KHTML, like Gecko; compatible; GPTBot/1.2; +https://openai.com/gptbot)"
45.117.177.72 - - [06/Sep/2025:15:36:22 +0700] "POST /wp-cron.php?doing_wp_cron=1757147782.3144130706787109375000 HTTP/1.0" 200 416 "-" "WordPress/6.8.1; https://vattusacky.vn"
217.113.194.74 - - [06/Sep/2025:15:36:21 +0700] "GET /the-right-way-to-tell-if-a-man-is-interested-in-getting-into-a-relationship/feed/ HTTP/1.0" 200 1822 "-" "Mozilla/5.0 (compatible; Barkrowler/0.9; +https://babbar.tech/crawler)"
217.113.194.218 - - [06/Sep/2025:15:36:40 +0700] "GET /the-joy-of-pranks-laugh-out-loud-on-omegle-and-ometv/feed/ HTTP/1.0" 200 1753 "-" "Mozilla/5.0 (compatible; Barkrowler/0.9; +https://babbar.tech/crawler)"
217.113.194.217 - - [06/Sep/2025:15:37:02 +0700] "GET /the-dynamic-world-of-omegle-how-conversations-evolve-and-change-over-time/feed/ HTTP/1.0" 200 1816 "-" "Mozilla/5.0 (compatible; Barkrowler/0.9; +https://babbar.tech/crawler)"
45.117.177.72 - - [06/Sep/2025:15:37:17 +0700] "POST /wp-cron.php?doing_wp_cron=1757147837.4620790481567382812500 HTTP/1.0" 200 416 "-" "WordPress/6.8.1; https://vattusacky.vn"
5.255.231.61 - - [06/Sep/2025:15:37:15 +0700] "GET /play-online-slots-to-win-real-money/ HTTP/1.0" 200 73665 "-" "Mozilla/5.0 (compatible; YandexBot/3.0; +http://yandex.com/bots)"
217.113.194.80 - - [06/Sep/2025:15:37:25 +0700] "GET /the-allure-of-anonymity-exploring-the-appeal-of-omegle-and-ometv/ HTTP/1.0" 200 91450 "-" "Mozilla/5.0 (compatible; Barkrowler/0.9; +https://babbar.tech/crawler)"
154.54.249.200 - - [06/Sep/2025:15:37:47 +0700] "GET /the-future-of-communication-video-vs-text-on-omegle-and-ometv/feed/ HTTP/1.0" 200 1780 "-" "Mozilla/5.0 (compatible; Barkrowler/0.9; +https://babbar.tech/crawler)"
217.113.194.218 - - [06/Sep/2025:15:38:10 +0700] "GET /the-psychology-of-chatting-on-omegle-human-connection-in-a-digital-world/feed/ HTTP/1.0" 200 1813 "-" "Mozilla/5.0 (compatible; Barkrowler/0.9; +https://babbar.tech/crawler)"
45.117.177.72 - - [06/Sep/2025:15:38:30 +0700] "POST /wp-cron.php?doing_wp_cron=1757147910.2755460739135742187500 HTTP/1.0" 200 416 "-" "WordPress/6.8.1; https://vattusacky.vn"
154.54.249.200 - - [06/Sep/2025:15:38:29 +0700] "GET /the-evolution-of-mind-games-on-omegle-psychological-experiments-explored/feed/ HTTP/1.0" 200 1813 "-" "Mozilla/5.0 (compatible; Barkrowler/0.9; +https://babbar.tech/crawler)"
85.95.216.149 - - [06/Sep/2025:15:38:47 +0700] "GET /wp-login.php HTTP/1.0" 200 11388 "-" "Mozilla/5.0 (X11; Ubuntu; Linux x86_64; rv:85.0) Gecko/20100101 Firefox/91.0"
154.54.249.200 - - [06/Sep/2025:15:38:49 +0700] "GET /the-draw-of-faceless-conversations-how-omegle-redefines-communication/feed/ HTTP/1.0" 200 1804 "-" "Mozilla/5.0 (compatible; Barkrowler/0.9; +https://babbar.tech/crawler)"
85.95.216.149 - - [06/Sep/2025:15:38:50 +0700] "POST /wp-login.php HTTP/1.0" 200 11724 "-" "Mozilla/5.0 (X11; Ubuntu; Linux x86_64; rv:85.0) Gecko/20100101 Firefox/91.0"
217.113.194.217 - - [06/Sep/2025:15:39:10 +0700] "GET /the-rise-of-random-chatting-how-omegle-and-ometv-changed-the-game/feed/ HTTP/1.0" 200 1792 "-" "Mozilla/5.0 (compatible; Barkrowler/0.9; +https://babbar.tech/crawler)"
45.117.177.72 - - [06/Sep/2025:15:39:32 +0700] "POST /wp-cron.php?doing_wp_cron=1757147971.8711459636688232421875 HTTP/1.0" 200 416 "-" "WordPress/6.8.1; https://vattusacky.vn"
217.113.194.76 - - [06/Sep/2025:15:39:30 +0700] "GET /strategies-for-clarifying-misunderstandings-on-omegle-and-ometv/feed/ HTTP/1.0" 200 1786 "-" "Mozilla/5.0 (compatible; Barkrowler/0.9; +https://babbar.tech/crawler)"
217.113.194.80 - - [06/Sep/2025:15:39:49 +0700] "GET /strategies-for-building-meaningful-connections-on-omegle-and-ometv/feed/ HTTP/1.0" 200 1795 "-" "Mozilla/5.0 (compatible; Barkrowler/0.9; +https://babbar.tech/crawler)"
85.214.135.99 - - [06/Sep/2025:15:40:04 +0700] "POST /xmlrpc.php HTTP/1.0" 200 956 "-" "Mozilla/5.0 (Windows NT 10.0; Win64; x64; rv:84.0) Gecko/20100101 Firefox/84.0"
217.113.194.218 - - [06/Sep/2025:15:40:11 +0700] "GET /strategies-for-bridging-language-barriers-on-omegle-and-ometv/feed/ HTTP/1.0" 200 1780 "-" "Mozilla/5.0 (compatible; Barkrowler/0.9; +https://babbar.tech/crawler)"
45.117.177.72 - - [06/Sep/2025:15:40:30 +0700] "POST /wp-cron.php?doing_wp_cron=1757148030.5933959484100341796875 HTTP/1.0" 200 416 "-" "WordPress/6.8.1; https://vattusacky.vn"
20.171.207.79 - - [06/Sep/2025:15:40:29 +0700] "GET /?p=8085 HTTP/1.0" 301 641 "-" "Mozilla/5.0 AppleWebKit/537.36 (KHTML, like Gecko; compatible; GPTBot/1.2; +https://openai.com/gptbot)"
217.113.194.74 - - [06/Sep/2025:15:40:30 +0700] "GET /building-connections-for-increased-opportunities-on-omegle-and-ometv/feed/ HTTP/1.0" 200 1801 "-" "Mozilla/5.0 (compatible; Barkrowler/0.9; +https://babbar.tech/crawler)"
20.171.207.79 - - [06/Sep/2025:15:40:31 +0700] "GET /privacy-and-security-concerns-in-omegles-algorithm/ HTTP/1.0" 200 91088 "-" "Mozilla/5.0 AppleWebKit/537.36 (KHTML, like Gecko; compatible; GPTBot/1.2; +https://openai.com/gptbot)"
217.113.194.79 - - [06/Sep/2025:15:40:50 +0700] "GET /building-connections-for-personal-and-professional-support-on-omegle-and-ometv/ HTTP/1.0" 200 95112 "-" "Mozilla/5.0 (compatible; Barkrowler/0.9; +https://babbar.tech/crawler)"
198.98.50.128 - - [06/Sep/2025:15:41:14 +0700] "GET /wp-login.php HTTP/1.0" 200 11388 "-" "Mozilla/5.0 (iPhone; CPU iPhone OS 7_0_4 like Mac OS X) AppleWebKit/537.51.1 (KHTML, like Gecko) Version/7.0 Mobile/11B554a Safari/9537.53"
45.117.177.72 - - [06/Sep/2025:15:41:19 +0700] "POST /wp-cron.php?doing_wp_cron=1757148079.0712549686431884765625 HTTP/1.0" 200 416 "-" "WordPress/6.8.1; https://vattusacky.vn"
217.113.194.81 - - [06/Sep/2025:15:41:17 +0700] "GET /cherez-10-minut-ya-rasskazhu-vam-pravdu-o-cat-casino/ HTTP/1.0" 200 118331 "-" "Mozilla/5.0 (compatible; Barkrowler/0.9; +https://babbar.tech/crawler)"
198.98.50.128 - - [06/Sep/2025:15:41:29 +0700] "POST /wp-login.php HTTP/1.0" 200 11752 "-" "Mozilla/5.0 (iPhone; CPU iPhone OS 7_0_4 like Mac OS X) AppleWebKit/537.51.1 (KHTML, like Gecko) Version/7.0 Mobile/11B554a Safari/9537.53"
217.113.194.217 - - [06/Sep/2025:15:41:41 +0700] "GET /feel-good-stories-heartwarming-experiences-on-omegle-and-ometv/feed/ HTTP/1.0" 200 1783 "-" "Mozilla/5.0 (compatible; Barkrowler/0.9; +https://babbar.tech/crawler)"
217.113.194.75 - - [06/Sep/2025:15:42:01 +0700] "GET /daddy-casino-vyigryvajte-zdes-demo-sloty-bez-2/feed/ HTTP/1.0" 200 1793 "-" "Mozilla/5.0 (compatible; Barkrowler/0.9; +https://babbar.tech/crawler)"
45.117.177.72 - - [06/Sep/2025:15:42:22 +0700] "POST /wp-cron.php?doing_wp_cron=1757148141.7812058925628662109375 HTTP/1.0" 200 416 "-" "WordPress/6.8.1; https://vattusacky.vn"
217.113.194.72 - - [06/Sep/2025:15:42:20 +0700] "GET /gay-kopija-10-kopija-kopija-kopija-kopija-kopija/ HTTP/1.0" 200 74036 "-" "Mozilla/5.0 (compatible; Barkrowler/0.9; +https://babbar.tech/crawler)"
217.113.194.77 - - [06/Sep/2025:15:42:44 +0700] "GET /anonymity-and-vulnerability-on-omegle-finding-support-in-unexpected-places/ HTTP/1.0" 200 75770 "-" "Mozilla/5.0 (compatible; Barkrowler/0.9; +https://babbar.tech/crawler)"
154.54.249.200 - - [06/Sep/2025:15:43:06 +0700] "GET /anonymity-and-authenticity-in-global-omegle-chats-bridging-cultural-differences/feed/ HTTP/1.0" 200 1834 "-" "Mozilla/5.0 (compatible; Barkrowler/0.9; +https://babbar.tech/crawler)"
45.117.177.72 - - [06/Sep/2025:15:43:27 +0700] "POST /wp-cron.php?doing_wp_cron=1757148207.6115388870239257812500 HTTP/1.0" 200 416 "-" "WordPress/6.8.1; https://vattusacky.vn"
217.113.194.78 - - [06/Sep/2025:15:43:26 +0700] "GET /anonymity-and-authenticity-the-changing-landscape-of-omegle-and-online-communication/feed/ HTTP/1.0" 200 1849 "-" "Mozilla/5.0 (compatible; Barkrowler/0.9; +https://babbar.tech/crawler)"
217.113.194.77 - - [06/Sep/2025:15:43:46 +0700] "GET /anonymity-and-authenticity-the-intersection-of-privacy-and-communication-on-omegle/feed/ HTTP/1.0" 200 1843 "-" "Mozilla/5.0 (compatible; Barkrowler/0.9; +https://babbar.tech/crawler)"
217.113.194.217 - - [06/Sep/2025:15:44:06 +0700] "GET /free-casino-game-win-real-cash-how-to-double-your-cash-if-you-play-free-slots-online/ HTTP/1.0" 200 75793 "-" "Mozilla/5.0 (compatible; Barkrowler/0.9; +https://babbar.tech/crawler)"
45.117.177.72 - - [06/Sep/2025:15:44:31 +0700] "POST /wp-cron.php?doing_wp_cron=1757148271.6174569129943847656250 HTTP/1.0" 200 416 "-" "WordPress/6.8.1; https://vattusacky.vn"
217.113.194.74 - - [06/Sep/2025:15:44:30 +0700] "GET /sweet-bonanza-cozum-yuksek-kazanc-potansiyeliyle-3/ HTTP/1.0" 200 86104 "-" "Mozilla/5.0 (compatible; Barkrowler/0.9; +https://babbar.tech/crawler)"
217.113.194.74 - - [06/Sep/2025:15:44:52 +0700] "GET /cultural-discovery-on-omegle-vs-ometv-navigating-global-connections/ HTTP/1.0" 200 92836 "-" "Mozilla/5.0 (compatible; Barkrowler/0.9; +https://babbar.tech/crawler)"
20.171.207.79 - - [06/Sep/2025:15:44:55 +0700] "GET /the-tech-behind-omegle-how-privacy-is-preserved/ HTTP/1.0" 200 89232 "-" "Mozilla/5.0 AppleWebKit/537.36 (KHTML, like Gecko; compatible; GPTBot/1.2; +https://openai.com/gptbot)"
217.113.194.81 - - [06/Sep/2025:15:45:13 +0700] "GET /navigating-emotional-topics-on-omegle-handling-sensitive-subjects-with-care/ HTTP/1.0" 200 91979 "-" "Mozilla/5.0 (compatible; Barkrowler/0.9; +https://babbar.tech/crawler)"
45.117.177.72 - - [06/Sep/2025:15:45:39 +0700] "POST /wp-cron.php?doing_wp_cron=1757148339.1531100273132324218750 HTTP/1.0" 200 416 "-" "WordPress/6.8.1; https://vattusacky.vn"
217.113.194.78 - - [06/Sep/2025:15:45:36 +0700] "GET /navigating-cultural-differences-omegle-vs-ometv-as-cross-cultural-platforms/ HTTP/1.0" 200 94027 "-" "Mozilla/5.0 (compatible; Barkrowler/0.9; +https://babbar.tech/crawler)"
154.54.249.200 - - [06/Sep/2025:15:46:01 +0700] "GET /oficialnoe-up-x-kazino-sloty-i-igrovye-avtomaty-s/ HTTP/1.0" 200 234080 "-" "Mozilla/5.0 (compatible; Barkrowler/0.9; +https://babbar.tech/crawler)"
45.117.177.72 - - [06/Sep/2025:15:48:07 +0700] "POST /wp-cron.php?doing_wp_cron=1757148487.3107941150665283203125 HTTP/1.0" 200 416 "-" "WordPress/6.8.1; https://vattusacky.vn"
20.171.207.79 - - [06/Sep/2025:15:48:05 +0700] "GET /the-dark-side-of-omegle-and-ometv-exposing-inappropriate-content-and-cyberbullying/ HTTP/1.0" 200 93058 "-" "Mozilla/5.0 AppleWebKit/537.36 (KHTML, like Gecko; compatible; GPTBot/1.2; +https://openai.com/gptbot)"
45.117.177.72 - - [06/Sep/2025:15:50:19 +0700] "POST /wp-cron.php?doing_wp_cron=1757148619.0257670879364013671875 HTTP/1.0" 200 416 "-" "WordPress/6.8.1; https://vattusacky.vn"
34.194.165.45 - - [06/Sep/2025:15:50:17 +0700] "GET /what-is-e-unsecured-personal-technology/ HTTP/1.0" 200 205662 "-" "Mozilla/5.0 AppleWebKit/537.36 (KHTML, like Gecko; compatible; Amazonbot/0.1; +https://developer.amazon.com/support/amazonbot) Chrome/119.0.6045.214 Safari/537.36"
98.83.178.66 - - [06/Sep/2025:15:50:20 +0700] "GET /category/uncategorized/page/188/ HTTP/1.0" 200 77068 "-" "Mozilla/5.0 AppleWebKit/537.36 (KHTML, like Gecko; compatible; Amazonbot/0.1; +https://developer.amazon.com/support/amazonbot) Chrome/119.0.6045.214 Safari/537.36"
18.215.49.176 - - [06/Sep/2025:15:50:25 +0700] "GET /author/yanz/page/413/ HTTP/1.0" 200 108409 "-" "Mozilla/5.0 AppleWebKit/537.36 (KHTML, like Gecko; compatible; Amazonbot/0.1; +https://developer.amazon.com/support/amazonbot) Chrome/119.0.6045.214 Safari/537.36"
45.117.177.72 - - [06/Sep/2025:15:51:51 +0700] "POST /wp-cron.php?doing_wp_cron=1757148711.6057670116424560546875 HTTP/1.0" 200 416 "-" "WordPress/6.8.1; https://vattusacky.vn"
20.171.207.79 - - [06/Sep/2025:15:51:49 +0700] "GET /?p=7736 HTTP/1.0" 301 513 "-" "Mozilla/5.0 AppleWebKit/537.36 (KHTML, like Gecko; compatible; GPTBot/1.2; +https://openai.com/gptbot)"
20.171.207.79 - - [06/Sep/2025:15:51:52 +0700] "GET /omegle-vs-ometv-a-comparative-analysis-of-two-popular-chat-platforms/ HTTP/1.0" 200 91460 "-" "Mozilla/5.0 AppleWebKit/537.36 (KHTML, like Gecko; compatible; GPTBot/1.2; +https://openai.com/gptbot)"
45.117.177.72 - - [06/Sep/2025:15:53:40 +0700] "POST /wp-cron.php?doing_wp_cron=1757148820.4763650894165039062500 HTTP/1.0" 200 416 "-" "WordPress/6.8.1; https://vattusacky.vn"
216.244.66.237 - - [06/Sep/2025:15:53:39 +0700] "GET /spotlight-on-omegle-artists-showcasing-their-unique-collaborations/feed/ HTTP/1.0" 200 1795 "-" "Mozilla/5.0 (compatible; DotBot/1.2; +https://opensiteexplorer.org/dotbot; help@moz.com)"
45.117.177.72 - - [06/Sep/2025:15:55:29 +0700] "POST /wp-cron.php?doing_wp_cron=1757148929.2143399715423583984375 HTTP/1.0" 200 416 "-" "WordPress/6.8.1; https://vattusacky.vn"
157.55.39.193 - - [06/Sep/2025:15:55:27 +0700] "GET /aviator-por-dinheiro-quais-sao-os-beneficios-e-5/ HTTP/1.0" 200 82309 "-" "Mozilla/5.0 AppleWebKit/537.36 (KHTML, like Gecko; compatible; bingbot/2.0; +http://www.bing.com/bingbot.htm) Chrome/116.0.1938.76 Safari/537.36"
20.171.207.79 - - [06/Sep/2025:15:56:10 +0700] "GET /the-rise-of-anonymous-connections-omegles-story/ HTTP/1.0" 200 90006 "-" "Mozilla/5.0 AppleWebKit/537.36 (KHTML, like Gecko; compatible; GPTBot/1.2; +https://openai.com/gptbot)"
45.117.177.72 - - [06/Sep/2025:15:57:11 +0700] "POST /wp-cron.php?doing_wp_cron=1757149031.5618290901184082031250 HTTP/1.0" 200 416 "-" "WordPress/6.8.1; https://vattusacky.vn"
202.131.117.90 - - [06/Sep/2025:15:57:09 +0700] "GET /wp-login.php HTTP/1.0" 200 11388 "-" "Mozilla/5.0 (X11; Ubuntu; Linux x86_64; rv:85.0) Gecko/20100101 Firefox/91.0"
202.131.117.90 - - [06/Sep/2025:15:57:13 +0700] "POST /wp-login.php HTTP/1.0" 200 11724 "-" "Mozilla/5.0 (X11; Ubuntu; Linux x86_64; rv:85.0) Gecko/20100101 Firefox/91.0"
45.117.177.72 - - [06/Sep/2025:15:58:41 +0700] "POST /wp-cron.php?doing_wp_cron=1757149120.8484129905700683593750 HTTP/1.0" 200 416 "-" "WordPress/6.8.1; https://vattusacky.vn"
157.55.39.192 - - [06/Sep/2025:15:58:39 +0700] "GET /the/bom-lay-mau-bui-tsp/ HTTP/1.0" 200 174161 "-" "Mozilla/5.0 AppleWebKit/537.36 (KHTML, like Gecko; compatible; bingbot/2.0; +http://www.bing.com/bingbot.htm) Chrome/116.0.1938.76 Safari/537.36"
141.98.11.168 - - [06/Sep/2025:15:58:51 +0700] "GET / HTTP/1.0" 301 598 "-" "Mozilla/5.0 (Windows NT 10.0; Win64; x64) AppleWebKit/537.36 (KHTML, like Gecko) Chrome/101.0.4951.61 Safari/537.36"
141.98.11.168 - - [06/Sep/2025:15:58:51 +0700] "GET / HTTP/1.0" 301 598 "http://www.vattusacky.vn" "Mozilla/5.0 (Windows NT 10.0; Win64; x64) AppleWebKit/537.36 (KHTML, like Gecko) Chrome/101.0.4951.61 Safari/537.36"
185.191.171.5 - - [06/Sep/2025:15:58:59 +0700] "GET /unexpected-encounters-unveiling-the-magic-of-omegle-and-ometv/ HTTP/1.0" 200 90432 "-" "Mozilla/5.0 (compatible; SemrushBot/7~bl; +http://www.semrush.com/bot.html)"
45.117.177.72 - - [06/Sep/2025:16:00:09 +0700] "POST /wp-cron.php?doing_wp_cron=1757149209.0719718933105468750000 HTTP/1.0" 200 416 "-" "WordPress/6.8.1; https://vattusacky.vn"
20.171.207.79 - - [06/Sep/2025:16:00:07 +0700] "GET /the-role-of-privacy-and-security-in-networking-on-omegle-and-ometv/ HTTP/1.0" 200 82190 "-" "Mozilla/5.0 AppleWebKit/537.36 (KHTML, like Gecko; compatible; GPTBot/1.2; +https://openai.com/gptbot)"
45.117.177.72 - - [06/Sep/2025:16:02:29 +0700] "POST /wp-cron.php?doing_wp_cron=1757149348.9104940891265869140625 HTTP/1.0" 200 416 "-" "WordPress/6.8.1; https://vattusacky.vn"
20.171.207.79 - - [06/Sep/2025:16:02:27 +0700] "GET /maintaining-privacy-video-vs-text-communication-on-omegle-and-ometv/ HTTP/1.0" 200 92574 "-" "Mozilla/5.0 AppleWebKit/537.36 (KHTML, like Gecko; compatible; GPTBot/1.2; +https://openai.com/gptbot)"
45.117.177.72 - - [06/Sep/2025:16:05:05 +0700] "POST /wp-cron.php?doing_wp_cron=1757149504.7806289196014404296875 HTTP/1.0" 200 416 "-" "WordPress/6.8.1; https://vattusacky.vn"
