216.73.216.162 - - [06/Sep/2025:07:43:12 +0700] "GET /slushayte-svoikh-klientov-oni-rasskazhut-vam-vse-o-1-vin/ HTTP/1.0" 200 256871 "https://vattusacky.vn/?p=4919" "Mozilla/5.0 AppleWebKit/537.36 (KHTML, like Gecko; compatible; ClaudeBot/1.0; +claudebot@anthropic.com)"
45.117.177.72 - - [06/Sep/2025:07:43:20 +0700] "POST /wp-cron.php?doing_wp_cron=1757119399.7198729515075683593750 HTTP/1.0" 200 416 "-" "WordPress/6.8.1; https://vattusacky.vn"
216.73.216.162 - - [06/Sep/2025:07:43:16 +0700] "GET /avg-vpn-vpn-review-does-it-work-with-netflix HTTP/1.0" 301 489 "-" "Mozilla/5.0 AppleWebKit/537.36 (KHTML, like Gecko; compatible; ClaudeBot/1.0; +claudebot@anthropic.com)"
216.73.216.162 - - [06/Sep/2025:07:43:20 +0700] "GET /avg-vpn-vpn-review-does-it-work-with-netflix/ HTTP/1.0" 200 205452 "https://vattusacky.vn/avg-vpn-vpn-review-does-it-work-with-netflix" "Mozilla/5.0 AppleWebKit/537.36 (KHTML, like Gecko; compatible; ClaudeBot/1.0; +claudebot@anthropic.com)"
216.73.216.162 - - [06/Sep/2025:07:43:24 +0700] "GET /aviator-predictor-v1-ninety-four-apk-mod-2023-free-159 HTTP/1.0" 301 499 "-" "Mozilla/5.0 AppleWebKit/537.36 (KHTML, like Gecko; compatible; ClaudeBot/1.0; +claudebot@anthropic.com)"
216.73.216.162 - - [06/Sep/2025:07:43:28 +0700] "GET /aviator-predictor-v1-ninety-four-apk-mod-2023-free-159/ HTTP/1.0" 200 277691 "https://vattusacky.vn/aviator-predictor-v1-ninety-four-apk-mod-2023-free-159" "Mozilla/5.0 AppleWebKit/537.36 (KHTML, like Gecko; compatible; ClaudeBot/1.0; +claudebot@anthropic.com)"
216.73.216.162 - - [06/Sep/2025:07:43:32 +0700] "GET /author/yanz/page/327 HTTP/1.0" 301 565 "-" "Mozilla/5.0 AppleWebKit/537.36 (KHTML, like Gecko; compatible; ClaudeBot/1.0; +claudebot@anthropic.com)"
217.113.194.74 - - [06/Sep/2025:07:43:35 +0700] "GET /understanding-the-inner-mechanics-of-omegle-and-ometv/feed/ HTTP/1.0" 200 1756 "-" "Mozilla/5.0 (compatible; Barkrowler/0.9; +https://babbar.tech/crawler)"
216.73.216.162 - - [06/Sep/2025:07:43:35 +0700] "GET /author/yanz/page/327/ HTTP/1.0" 200 79103 "https://vattusacky.vn/author/yanz/page/327" "Mozilla/5.0 AppleWebKit/537.36 (KHTML, like Gecko; compatible; ClaudeBot/1.0; +claudebot@anthropic.com)"
216.73.216.162 - - [06/Sep/2025:07:43:41 +0700] "GET /author/yanz/page/304 HTTP/1.0" 301 419 "-" "Mozilla/5.0 AppleWebKit/537.36 (KHTML, like Gecko; compatible; ClaudeBot/1.0; +claudebot@anthropic.com)"
216.73.216.162 - - [06/Sep/2025:07:43:44 +0700] "GET /author/yanz/page/304/ HTTP/1.0" 200 76866 "https://vattusacky.vn/author/yanz/page/304" "Mozilla/5.0 AppleWebKit/537.36 (KHTML, like Gecko; compatible; ClaudeBot/1.0; +claudebot@anthropic.com)"
216.73.216.162 - - [06/Sep/2025:07:43:50 +0700] "GET /find-the-best-online-slots-machines-for-free HTTP/1.0" 301 443 "-" "Mozilla/5.0 AppleWebKit/537.36 (KHTML, like Gecko; compatible; ClaudeBot/1.0; +claudebot@anthropic.com)"
216.73.216.162 - - [06/Sep/2025:07:43:54 +0700] "GET /find-the-best-online-slots-machines-for-free/ HTTP/1.0" 200 74782 "https://vattusacky.vn/find-the-best-online-slots-machines-for-free" "Mozilla/5.0 AppleWebKit/537.36 (KHTML, like Gecko; compatible; ClaudeBot/1.0; +claudebot@anthropic.com)"
217.113.194.77 - - [06/Sep/2025:07:43:58 +0700] "GET /random-acts-of-kindness-heartwarming-stories-from-omegle-and-ometv/ HTTP/1.0" 200 93666 "-" "Mozilla/5.0 (compatible; Barkrowler/0.9; +https://babbar.tech/crawler)"
45.117.177.72 - - [06/Sep/2025:07:44:29 +0700] "POST /wp-cron.php?doing_wp_cron=1757119468.5624499320983886718750 HTTP/1.0" 200 416 "-" "WordPress/6.8.1; https://vattusacky.vn"
217.113.194.72 - - [06/Sep/2025:07:44:24 +0700] "GET /laugh-at-these-hilariously-awkward-omegle-chats/feed/ HTTP/1.0" 200 1738 "-" "Mozilla/5.0 (compatible; Barkrowler/0.9; +https://babbar.tech/crawler)"
217.113.194.79 - - [06/Sep/2025:07:44:48 +0700] "GET /steps-to-create-a-woman-as-if-you-main-tricks-to-get-her-attention/feed/ HTTP/1.0" 200 1803 "-" "Mozilla/5.0 (compatible; Barkrowler/0.9; +https://babbar.tech/crawler)"
205.210.31.183 - - [06/Sep/2025:07:45:03 +0700] "GET /shell.php HTTP/1.0" 403 570 "-" "Hello from Palo Alto Networks, find out more about our scans in https://docs-cortex.paloaltonetworks.com/r/1/Cortex-Xpanse/Scanning-activity"
45.117.177.72 - - [06/Sep/2025:07:45:17 +0700] "POST /wp-cron.php?doing_wp_cron=1757119517.1445438861846923828125 HTTP/1.0" 200 416 "-" "WordPress/6.8.1; https://vattusacky.vn"
217.113.194.81 - - [06/Sep/2025:07:45:12 +0700] "GET /expanding-horizons-discovering-serendipitous-connections-on-omegle/ HTTP/1.0" 200 91453 "-" "Mozilla/5.0 (compatible; Barkrowler/0.9; +https://babbar.tech/crawler)"
216.73.216.162 - - [06/Sep/2025:07:45:28 +0700] "GET /slushayte-svoikh-klientov-oni-rasskazhut-vam-vse-o-1-vin/feed HTTP/1.0" 301 750 "-" "Mozilla/5.0 AppleWebKit/537.36 (KHTML, like Gecko; compatible; ClaudeBot/1.0; +claudebot@anthropic.com)"
216.73.216.162 - - [06/Sep/2025:07:45:31 +0700] "GET /slushayte-svoikh-klientov-oni-rasskazhut-vam-vse-o-1-vin/feed/ HTTP/1.0" 200 1660 "https://vattusacky.vn/slushayte-svoikh-klientov-oni-rasskazhut-vam-vse-o-1-vin/feed" "Mozilla/5.0 AppleWebKit/537.36 (KHTML, like Gecko; compatible; ClaudeBot/1.0; +claudebot@anthropic.com)"
216.73.216.162 - - [06/Sep/2025:07:45:36 +0700] "GET /crapette-avec-un-jeu-de-tarot-jeu-de-78-cartes-2 HTTP/1.0" 301 493 "-" "Mozilla/5.0 AppleWebKit/537.36 (KHTML, like Gecko; compatible; ClaudeBot/1.0; +claudebot@anthropic.com)"
216.73.216.162 - - [06/Sep/2025:07:45:40 +0700] "GET /crapette-avec-un-jeu-de-tarot-jeu-de-78-cartes-2/ HTTP/1.0" 200 254429 "https://vattusacky.vn/crapette-avec-un-jeu-de-tarot-jeu-de-78-cartes-2" "Mozilla/5.0 AppleWebKit/537.36 (KHTML, like Gecko; compatible; ClaudeBot/1.0; +claudebot@anthropic.com)"
217.113.194.79 - - [06/Sep/2025:07:45:42 +0700] "GET /embracing-versatility-celebrating-different-art-forms-on-omegle/ HTTP/1.0" 200 93313 "-" "Mozilla/5.0 (compatible; Barkrowler/0.9; +https://babbar.tech/crawler)"
216.73.216.162 - - [06/Sep/2025:07:45:46 +0700] "GET /1xbit-on-line-casino-mobile-37 HTTP/1.0" 301 475 "-" "Mozilla/5.0 AppleWebKit/537.36 (KHTML, like Gecko; compatible; ClaudeBot/1.0; +claudebot@anthropic.com)"
216.73.216.162 - - [06/Sep/2025:07:45:51 +0700] "GET /1xbit-on-line-casino-mobile-37/ HTTP/1.0" 200 254138 "https://vattusacky.vn/1xbit-on-line-casino-mobile-37" "Mozilla/5.0 AppleWebKit/537.36 (KHTML, like Gecko; compatible; ClaudeBot/1.0; +claudebot@anthropic.com)"
216.73.216.162 - - [06/Sep/2025:07:45:54 +0700] "GET /22bet-s-short-withdrawal-time-makes-it-india-s-31/feed HTTP/1.0" 301 743 "-" "Mozilla/5.0 AppleWebKit/537.36 (KHTML, like Gecko; compatible; ClaudeBot/1.0; +claudebot@anthropic.com)"
216.73.216.162 - - [06/Sep/2025:07:45:58 +0700] "GET /22bet-s-short-withdrawal-time-makes-it-india-s-31/feed/ HTTP/1.0" 200 1624 "https://vattusacky.vn/22bet-s-short-withdrawal-time-makes-it-india-s-31/feed" "Mozilla/5.0 AppleWebKit/537.36 (KHTML, like Gecko; compatible; ClaudeBot/1.0; +claudebot@anthropic.com)"
216.73.216.162 - - [06/Sep/2025:07:46:03 +0700] "GET /middlesex-vs-gloucestershire-22nd-match-63 HTTP/1.0" 301 487 "-" "Mozilla/5.0 AppleWebKit/537.36 (KHTML, like Gecko; compatible; ClaudeBot/1.0; +claudebot@anthropic.com)"
216.73.216.162 - - [06/Sep/2025:07:46:06 +0700] "GET /middlesex-vs-gloucestershire-22nd-match-63/ HTTP/1.0" 200 246623 "https://vattusacky.vn/middlesex-vs-gloucestershire-22nd-match-63" "Mozilla/5.0 AppleWebKit/537.36 (KHTML, like Gecko; compatible; ClaudeBot/1.0; +claudebot@anthropic.com)"
217.113.194.73 - - [06/Sep/2025:07:46:08 +0700] "GET /embracing-serendipity-unveiling-unexpected-collaborations-on-omegle/ HTTP/1.0" 200 91358 "-" "Mozilla/5.0 (compatible; Barkrowler/0.9; +https://babbar.tech/crawler)"
216.73.216.162 - - [06/Sep/2025:07:46:11 +0700] "GET /1-tme-kmutt-467 HTTP/1.0" 301 460 "-" "Mozilla/5.0 AppleWebKit/537.36 (KHTML, like Gecko; compatible; ClaudeBot/1.0; +claudebot@anthropic.com)"
216.73.216.162 - - [06/Sep/2025:07:46:13 +0700] "GET /1-tme-kmutt-467/ HTTP/1.0" 200 248741 "https://vattusacky.vn/1-tme-kmutt-467" "Mozilla/5.0 AppleWebKit/537.36 (KHTML, like Gecko; compatible; ClaudeBot/1.0; +claudebot@anthropic.com)"
185.191.171.17 - - [06/Sep/2025:07:46:13 +0700] "GET /is-normally-cbd-secure/ HTTP/1.0" 200 205326 "-" "Mozilla/5.0 (compatible; SemrushBot/7~bl; +http://www.semrush.com/bot.html)"
45.117.177.72 - - [06/Sep/2025:07:46:27 +0700] "POST /wp-cron.php?doing_wp_cron=1757119586.8914370536804199218750 HTTP/1.0" 200 416 "-" "WordPress/6.8.1; https://vattusacky.vn"
216.73.216.162 - - [06/Sep/2025:07:46:23 +0700] "GET /up-x-zerkalo-akcii-i-bonusy-ot-kazino-registracija-2 HTTP/1.0" 301 643 "-" "Mozilla/5.0 AppleWebKit/537.36 (KHTML, like Gecko; compatible; ClaudeBot/1.0; +claudebot@anthropic.com)"
216.73.216.162 - - [06/Sep/2025:07:46:27 +0700] "GET /up-x-zerkalo-akcii-i-bonusy-ot-kazino-registracija-2/ HTTP/1.0" 200 226882 "https://vattusacky.vn/up-x-zerkalo-akcii-i-bonusy-ot-kazino-registracija-2" "Mozilla/5.0 AppleWebKit/537.36 (KHTML, like Gecko; compatible; ClaudeBot/1.0; +claudebot@anthropic.com)"
216.73.216.162 - - [06/Sep/2025:07:46:31 +0700] "GET /1win-casino-luchshie-onlajn-avtomaty-igrovye-demo HTTP/1.0" 301 494 "-" "Mozilla/5.0 AppleWebKit/537.36 (KHTML, like Gecko; compatible; ClaudeBot/1.0; +claudebot@anthropic.com)"
154.54.249.200 - - [06/Sep/2025:07:46:34 +0700] "GET /embracing-the-delicate-balance-of-love-and-friendship-in-omelove/feed/ HTTP/1.0" 200 1789 "-" "Mozilla/5.0 (compatible; Barkrowler/0.9; +https://babbar.tech/crawler)"
216.73.216.162 - - [06/Sep/2025:07:46:34 +0700] "GET /1win-casino-luchshie-onlajn-avtomaty-igrovye-demo/ HTTP/1.0" 200 223964 "https://vattusacky.vn/1win-casino-luchshie-onlajn-avtomaty-igrovye-demo" "Mozilla/5.0 AppleWebKit/537.36 (KHTML, like Gecko; compatible; ClaudeBot/1.0; +claudebot@anthropic.com)"
216.73.216.162 - - [06/Sep/2025:07:46:38 +0700] "GET /7cric-on-line-casino-106 HTTP/1.0" 301 469 "-" "Mozilla/5.0 AppleWebKit/537.36 (KHTML, like Gecko; compatible; ClaudeBot/1.0; +claudebot@anthropic.com)"
216.73.216.162 - - [06/Sep/2025:07:46:41 +0700] "GET /7cric-on-line-casino-106/ HTTP/1.0" 200 241921 "https://vattusacky.vn/7cric-on-line-casino-106" "Mozilla/5.0 AppleWebKit/537.36 (KHTML, like Gecko; compatible; ClaudeBot/1.0; +claudebot@anthropic.com)"
216.73.216.162 - - [06/Sep/2025:07:46:45 +0700] "GET /up-x-top-kazino-rabochee-zerkalo-sajta-kazino-2 HTTP/1.0" 301 492 "-" "Mozilla/5.0 AppleWebKit/537.36 (KHTML, like Gecko; compatible; ClaudeBot/1.0; +claudebot@anthropic.com)"
216.73.216.162 - - [06/Sep/2025:07:46:49 +0700] "GET /up-x-top-kazino-rabochee-zerkalo-sajta-kazino-2/ HTTP/1.0" 200 225727 "https://vattusacky.vn/up-x-top-kazino-rabochee-zerkalo-sajta-kazino-2" "Mozilla/5.0 AppleWebKit/537.36 (KHTML, like Gecko; compatible; ClaudeBot/1.0; +claudebot@anthropic.com)"
217.113.194.81 - - [06/Sep/2025:07:46:57 +0700] "GET /embracing-the-unknown-exploring-omegles-serendipitous-encounters/ HTTP/1.0" 200 91403 "-" "Mozilla/5.0 (compatible; Barkrowler/0.9; +https://babbar.tech/crawler)"
45.117.177.72 - - [06/Sep/2025:07:47:29 +0700] "POST /wp-cron.php?doing_wp_cron=1757119648.9664399623870849609375 HTTP/1.0" 200 416 "-" "WordPress/6.8.1; https://vattusacky.vn"
217.113.194.79 - - [06/Sep/2025:07:47:24 +0700] "GET /nurturing-artistic-potential-omegles-role-in-inspiring-creativity/ HTTP/1.0" 200 93938 "-" "Mozilla/5.0 (compatible; Barkrowler/0.9; +https://babbar.tech/crawler)"
217.113.194.75 - - [06/Sep/2025:07:47:52 +0700] "GET /que-es-mostbet-todo-lo-que-debes-saber-actualizado-2022/feed/ HTTP/1.0" 200 1767 "-" "Mozilla/5.0 (compatible; Barkrowler/0.9; +https://babbar.tech/crawler)"
45.117.177.72 - - [06/Sep/2025:07:48:20 +0700] "POST /wp-cron.php?doing_wp_cron=1757119699.8373239040374755859375 HTTP/1.0" 200 416 "-" "WordPress/6.8.1; https://vattusacky.vn"
217.113.194.75 - - [06/Sep/2025:07:48:15 +0700] "GET /cultivating-empathy-and-understanding-in-anonymous-omegle-conversations/ HTTP/1.0" 200 92505 "-" "Mozilla/5.0 (compatible; Barkrowler/0.9; +https://babbar.tech/crawler)"
216.73.216.162 - - [06/Sep/2025:07:48:25 +0700] "GET /the-best-on-line-casinos-for-zambia-62 HTTP/1.0" 301 629 "-" "Mozilla/5.0 AppleWebKit/537.36 (KHTML, like Gecko; compatible; ClaudeBot/1.0; +claudebot@anthropic.com)"
216.73.216.162 - - [06/Sep/2025:07:48:25 +0700] "GET /1xbet-app-download-xbet-login-and-promocode-2023-37/feed HTTP/1.0" 301 745 "-" "Mozilla/5.0 AppleWebKit/537.36 (KHTML, like Gecko; compatible; ClaudeBot/1.0; +claudebot@anthropic.com)"
216.73.216.162 - - [06/Sep/2025:07:48:30 +0700] "GET /the-best-on-line-casinos-for-zambia-62/ HTTP/1.0" 200 234528 "https://vattusacky.vn/the-best-on-line-casinos-for-zambia-62" "Mozilla/5.0 AppleWebKit/537.36 (KHTML, like Gecko; compatible; ClaudeBot/1.0; +claudebot@anthropic.com)"
216.73.216.162 - - [06/Sep/2025:07:48:30 +0700] "GET /1xbet-app-download-xbet-login-and-promocode-2023-37/feed/ HTTP/1.0" 200 1605 "https://vattusacky.vn/1xbet-app-download-xbet-login-and-promocode-2023-37/feed" "Mozilla/5.0 AppleWebKit/537.36 (KHTML, like Gecko; compatible; ClaudeBot/1.0; +claudebot@anthropic.com)"
216.73.216.162 - - [06/Sep/2025:07:48:35 +0700] "GET /one-on-one-coaching-market-talk-live HTTP/1.0" 301 481 "-" "Mozilla/5.0 AppleWebKit/537.36 (KHTML, like Gecko; compatible; ClaudeBot/1.0; +claudebot@anthropic.com)"
216.73.216.162 - - [06/Sep/2025:07:48:35 +0700] "GET /aviator-video-games-and-best-aviator-betting-25 HTTP/1.0" 301 492 "-" "Mozilla/5.0 AppleWebKit/537.36 (KHTML, like Gecko; compatible; ClaudeBot/1.0; +claudebot@anthropic.com)"
216.73.216.162 - - [06/Sep/2025:07:48:39 +0700] "GET /one-on-one-coaching-market-talk-live/ HTTP/1.0" 200 215467 "https://vattusacky.vn/one-on-one-coaching-market-talk-live" "Mozilla/5.0 AppleWebKit/537.36 (KHTML, like Gecko; compatible; ClaudeBot/1.0; +claudebot@anthropic.com)"
216.73.216.162 - - [06/Sep/2025:07:48:39 +0700] "GET /aviator-video-games-and-best-aviator-betting-25/ HTTP/1.0" 200 238940 "https://vattusacky.vn/aviator-video-games-and-best-aviator-betting-25" "Mozilla/5.0 AppleWebKit/537.36 (KHTML, like Gecko; compatible; ClaudeBot/1.0; +claudebot@anthropic.com)"
216.73.216.162 - - [06/Sep/2025:07:48:45 +0700] "GET /chto-za-igra-aviator-igrat-onlajn-na-oficialnom HTTP/1.0" 301 492 "-" "Mozilla/5.0 AppleWebKit/537.36 (KHTML, like Gecko; compatible; ClaudeBot/1.0; +claudebot@anthropic.com)"
216.73.216.162 - - [06/Sep/2025:07:48:44 +0700] "GET /plej-fortuna-kazino-bonusy-igrat-v-virtualnuju HTTP/1.0" 301 491 "-" "Mozilla/5.0 AppleWebKit/537.36 (KHTML, like Gecko; compatible; ClaudeBot/1.0; +claudebot@anthropic.com)"
217.113.194.77 - - [06/Sep/2025:07:48:45 +0700] "GET /cultivating-empathy-in-online-education-and-learning-environments-on-omegle/ HTTP/1.0" 200 93148 "-" "Mozilla/5.0 (compatible; Barkrowler/0.9; +https://babbar.tech/crawler)"
216.73.216.162 - - [06/Sep/2025:07:48:50 +0700] "GET /chto-za-igra-aviator-igrat-onlajn-na-oficialnom/ HTTP/1.0" 503 8456 "https://vattusacky.vn/chto-za-igra-aviator-igrat-onlajn-na-oficialnom" "Mozilla/5.0 AppleWebKit/537.36 (KHTML, like Gecko; compatible; ClaudeBot/1.0; +claudebot@anthropic.com)"
216.73.216.162 - - [06/Sep/2025:07:48:51 +0700] "GET /plej-fortuna-kazino-bonusy-igrat-v-virtualnuju/ HTTP/1.0" 503 8456 "https://vattusacky.vn/plej-fortuna-kazino-bonusy-igrat-v-virtualnuju" "Mozilla/5.0 AppleWebKit/537.36 (KHTML, like Gecko; compatible; ClaudeBot/1.0; +claudebot@anthropic.com)"
216.73.216.162 - - [06/Sep/2025:07:48:54 +0700] "GET /sustanon-250-steroid-tutto-cio-che-devi-sapere-6 HTTP/1.0" 301 493 "-" "Mozilla/5.0 AppleWebKit/537.36 (KHTML, like Gecko; compatible; ClaudeBot/1.0; +claudebot@anthropic.com)"
216.73.216.162 - - [06/Sep/2025:07:48:58 +0700] "GET /sustanon-250-steroid-tutto-cio-che-devi-sapere-6/ HTTP/1.0" 200 203971 "https://vattusacky.vn/sustanon-250-steroid-tutto-cio-che-devi-sapere-6" "Mozilla/5.0 AppleWebKit/537.36 (KHTML, like Gecko; compatible; ClaudeBot/1.0; +claudebot@anthropic.com)"
216.73.216.162 - - [06/Sep/2025:07:49:00 +0700] "GET /poker-gratuit-poker-en-ligne-gratuit-jouer-au-15 HTTP/1.0" 301 639 "-" "Mozilla/5.0 AppleWebKit/537.36 (KHTML, like Gecko; compatible; ClaudeBot/1.0; +claudebot@anthropic.com)"
216.73.216.162 - - [06/Sep/2025:07:49:04 +0700] "GET /poker-gratuit-poker-en-ligne-gratuit-jouer-au-15/ HTTP/1.0" 200 264820 "https://vattusacky.vn/poker-gratuit-poker-en-ligne-gratuit-jouer-au-15" "Mozilla/5.0 AppleWebKit/537.36 (KHTML, like Gecko; compatible; ClaudeBot/1.0; +claudebot@anthropic.com)"
216.73.216.162 - - [06/Sep/2025:07:49:09 +0700] "GET /drip-casino-igraj-na-aktualnom-zerkale-kazino HTTP/1.0" 301 490 "-" "Mozilla/5.0 AppleWebKit/537.36 (KHTML, like Gecko; compatible; ClaudeBot/1.0; +claudebot@anthropic.com)"
45.117.177.72 - - [06/Sep/2025:07:49:18 +0700] "POST /wp-cron.php?doing_wp_cron=1757119758.3331990242004394531250 HTTP/1.0" 200 416 "-" "WordPress/6.8.1; https://vattusacky.vn"
217.113.194.76 - - [06/Sep/2025:07:49:14 +0700] "GET /serendipity-in-cyberspace-uncovering-hidden-gems-and-hidden-talents/feed/ HTTP/1.0" 200 1798 "-" "Mozilla/5.0 (compatible; Barkrowler/0.9; +https://babbar.tech/crawler)"
216.73.216.162 - - [06/Sep/2025:07:49:13 +0700] "GET /drip-casino-igraj-na-aktualnom-zerkale-kazino/ HTTP/1.0" 200 222848 "https://vattusacky.vn/drip-casino-igraj-na-aktualnom-zerkale-kazino" "Mozilla/5.0 AppleWebKit/537.36 (KHTML, like Gecko; compatible; ClaudeBot/1.0; +claudebot@anthropic.com)"
216.73.216.162 - - [06/Sep/2025:07:49:20 +0700] "GET /chto-za-igra-dragon-money-besproigryshnaja HTTP/1.0" 301 487 "-" "Mozilla/5.0 AppleWebKit/537.36 (KHTML, like Gecko; compatible; ClaudeBot/1.0; +claudebot@anthropic.com)"
216.73.216.162 - - [06/Sep/2025:07:49:23 +0700] "GET /chto-za-igra-dragon-money-besproigryshnaja/ HTTP/1.0" 200 222366 "https://vattusacky.vn/chto-za-igra-dragon-money-besproigryshnaja" "Mozilla/5.0 AppleWebKit/537.36 (KHTML, like Gecko; compatible; ClaudeBot/1.0; +claudebot@anthropic.com)"
216.73.216.162 - - [06/Sep/2025:07:49:29 +0700] "GET /igra-dragon-money-pravila-v-chem-preimushhestva-i HTTP/1.0" 301 494 "-" "Mozilla/5.0 AppleWebKit/537.36 (KHTML, like Gecko; compatible; ClaudeBot/1.0; +claudebot@anthropic.com)"
216.73.216.162 - - [06/Sep/2025:07:49:32 +0700] "GET /igra-dragon-money-pravila-v-chem-preimushhestva-i/ HTTP/1.0" 200 244550 "https://vattusacky.vn/igra-dragon-money-pravila-v-chem-preimushhestva-i" "Mozilla/5.0 AppleWebKit/537.36 (KHTML, like Gecko; compatible; ClaudeBot/1.0; +claudebot@anthropic.com)"
216.73.216.162 - - [06/Sep/2025:07:49:34 +0700] "GET /avast-free-forum HTTP/1.0" 301 607 "-" "Mozilla/5.0 AppleWebKit/537.36 (KHTML, like Gecko; compatible; ClaudeBot/1.0; +claudebot@anthropic.com)"
217.113.194.72 - - [06/Sep/2025:07:49:36 +0700] "GET /serendipity-strikes-embracing-chance-on-omegles-video-chat/feed/ HTTP/1.0" 200 1771 "-" "Mozilla/5.0 (compatible; Barkrowler/0.9; +https://babbar.tech/crawler)"
216.73.216.162 - - [06/Sep/2025:07:49:37 +0700] "GET /avast-free-forum/ HTTP/1.0" 200 204815 "https://vattusacky.vn/avast-free-forum" "Mozilla/5.0 AppleWebKit/537.36 (KHTML, like Gecko; compatible; ClaudeBot/1.0; +claudebot@anthropic.com)"
216.73.216.162 - - [06/Sep/2025:07:49:43 +0700] "GET /author/yanz/page/410 HTTP/1.0" 301 419 "-" "Mozilla/5.0 AppleWebKit/537.36 (KHTML, like Gecko; compatible; ClaudeBot/1.0; +claudebot@anthropic.com)"
216.73.216.162 - - [06/Sep/2025:07:49:47 +0700] "GET /author/yanz/page/410/ HTTP/1.0" 200 163598 "https://vattusacky.vn/author/yanz/page/410" "Mozilla/5.0 AppleWebKit/537.36 (KHTML, like Gecko; compatible; ClaudeBot/1.0; +claudebot@anthropic.com)"
216.73.216.162 - - [06/Sep/2025:07:49:53 +0700] "GET /author/yanz/page/346 HTTP/1.0" 301 419 "-" "Mozilla/5.0 AppleWebKit/537.36 (KHTML, like Gecko; compatible; ClaudeBot/1.0; +claudebot@anthropic.com)"
216.73.216.162 - - [06/Sep/2025:07:49:56 +0700] "GET /author/yanz/page/346/ HTTP/1.0" 200 75313 "https://vattusacky.vn/author/yanz/page/346" "Mozilla/5.0 AppleWebKit/537.36 (KHTML, like Gecko; compatible; ClaudeBot/1.0; +claudebot@anthropic.com)"
217.113.194.80 - - [06/Sep/2025:07:49:59 +0700] "GET /serendipity-and-emotional-connection-on-omegle-and-ometv/feed/ HTTP/1.0" 200 1765 "-" "Mozilla/5.0 (compatible; Barkrowler/0.9; +https://babbar.tech/crawler)"
45.117.177.72 - - [06/Sep/2025:07:50:27 +0700] "POST /wp-cron.php?doing_wp_cron=1757119826.7880930900573730468750 HTTP/1.0" 200 416 "-" "WordPress/6.8.1; https://vattusacky.vn"
217.113.194.78 - - [06/Sep/2025:07:50:22 +0700] "GET /serendipity-and-personal-fulfillment-on-omegle-and-ometv/feed/ HTTP/1.0" 200 1765 "-" "Mozilla/5.0 (compatible; Barkrowler/0.9; +https://babbar.tech/crawler)"
217.113.194.74 - - [06/Sep/2025:07:50:46 +0700] "GET /serendipity-vs-purposeful-connections-finding-the-right-balance-online/feed/ HTTP/1.0" 200 1807 "-" "Mozilla/5.0 (compatible; Barkrowler/0.9; +https://babbar.tech/crawler)"
217.113.194.217 - - [06/Sep/2025:07:51:08 +0700] "GET /uncovering-the-risks-on-omegle-safeguarding-your-digital-footprint/feed/ HTTP/1.0" 200 1795 "-" "Mozilla/5.0 (compatible; Barkrowler/0.9; +https://babbar.tech/crawler)"
45.117.177.72 - - [06/Sep/2025:07:51:36 +0700] "POST /wp-cron.php?doing_wp_cron=1757119896.0157558917999267578125 HTTP/1.0" 200 416 "-" "WordPress/6.8.1; https://vattusacky.vn"
217.113.194.77 - - [06/Sep/2025:07:51:31 +0700] "GET /uncovering-the-risks-on-omegle-safeguarding-your-personal-information/feed/ HTTP/1.0" 200 1804 "-" "Mozilla/5.0 (compatible; Barkrowler/0.9; +https://babbar.tech/crawler)"
216.73.216.162 - - [06/Sep/2025:07:51:44 +0700] "GET /?p=4238 HTTP/1.0" 301 566 "-" "Mozilla/5.0 AppleWebKit/537.36 (KHTML, like Gecko; compatible; ClaudeBot/1.0; +claudebot@anthropic.com)"
216.73.216.162 - - [06/Sep/2025:07:51:49 +0700] "GET /college-essay-writers/ HTTP/1.0" 503 8456 "https://vattusacky.vn/?p=4238" "Mozilla/5.0 AppleWebKit/537.36 (KHTML, like Gecko; compatible; ClaudeBot/1.0; +claudebot@anthropic.com)"
216.73.216.162 - - [06/Sep/2025:07:51:53 +0700] "GET /?p=5554 HTTP/1.0" 301 464 "-" "Mozilla/5.0 AppleWebKit/537.36 (KHTML, like Gecko; compatible; ClaudeBot/1.0; +claudebot@anthropic.com)"
217.113.194.81 - - [06/Sep/2025:07:51:55 +0700] "GET /what-to-do-when-friendship-turns-into-flirtation-on-omegle/feed/ HTTP/1.0" 200 1771 "-" "Mozilla/5.0 (compatible; Barkrowler/0.9; +https://babbar.tech/crawler)"
216.73.216.162 - - [06/Sep/2025:07:51:57 +0700] "GET /monetary-management/ HTTP/1.0" 200 71790 "https://vattusacky.vn/?p=5554" "Mozilla/5.0 AppleWebKit/537.36 (KHTML, like Gecko; compatible; ClaudeBot/1.0; +claudebot@anthropic.com)"
216.73.216.162 - - [06/Sep/2025:07:52:03 +0700] "GET /important-features-of-deliver-order-birdes-to-be-websites/feed HTTP/1.0" 301 605 "-" "Mozilla/5.0 AppleWebKit/537.36 (KHTML, like Gecko; compatible; ClaudeBot/1.0; +claudebot@anthropic.com)"
216.73.216.162 - - [06/Sep/2025:07:52:06 +0700] "GET /important-features-of-deliver-order-birdes-to-be-websites/feed/ HTTP/1.0" 200 1622 "https://vattusacky.vn/important-features-of-deliver-order-birdes-to-be-websites/feed" "Mozilla/5.0 AppleWebKit/537.36 (KHTML, like Gecko; compatible; ClaudeBot/1.0; +claudebot@anthropic.com)"
45.117.177.72 - - [06/Sep/2025:07:52:20 +0700] "POST /wp-cron.php?doing_wp_cron=1757119940.1735661029815673828125 HTTP/1.0" 200 416 "-" "WordPress/6.8.1; https://vattusacky.vn"
217.113.194.218 - - [06/Sep/2025:07:52:17 +0700] "GET /the-implications-of-virtual-reality-on-the-future-of-platforms-like-omegle/feed/ HTTP/1.0" 200 1819 "-" "Mozilla/5.0 (compatible; Barkrowler/0.9; +https://babbar.tech/crawler)"
216.73.216.162 - - [06/Sep/2025:07:52:22 +0700] "GET /discover-the-hookup-sites-that-actually-work/feed HTTP/1.0" 301 738 "-" "Mozilla/5.0 AppleWebKit/537.36 (KHTML, like Gecko; compatible; ClaudeBot/1.0; +claudebot@anthropic.com)"
216.73.216.162 - - [06/Sep/2025:07:52:25 +0700] "GET /discover-the-hookup-sites-that-actually-work/feed/ HTTP/1.0" 200 1584 "https://vattusacky.vn/discover-the-hookup-sites-that-actually-work/feed" "Mozilla/5.0 AppleWebKit/537.36 (KHTML, like Gecko; compatible; ClaudeBot/1.0; +claudebot@anthropic.com)"
216.73.216.162 - - [06/Sep/2025:07:52:29 +0700] "GET /?p=6310 HTTP/1.0" 301 488 "-" "Mozilla/5.0 AppleWebKit/537.36 (KHTML, like Gecko; compatible; ClaudeBot/1.0; +claudebot@anthropic.com)"
216.73.216.162 - - [06/Sep/2025:07:52:32 +0700] "GET /can-you-trust-the-people-you-meet-on-omegle/ HTTP/1.0" 200 88425 "https://vattusacky.vn/?p=6310" "Mozilla/5.0 AppleWebKit/537.36 (KHTML, like Gecko; compatible; ClaudeBot/1.0; +claudebot@anthropic.com)"
216.73.216.162 - - [06/Sep/2025:07:52:36 +0700] "GET /?p=5271 HTTP/1.0" 301 505 "-" "Mozilla/5.0 AppleWebKit/537.36 (KHTML, like Gecko; compatible; ClaudeBot/1.0; +claudebot@anthropic.com)"
217.113.194.217 - - [06/Sep/2025:07:52:39 +0700] "GET /the-impact-of-technology-on-empathy-in-omegle-conversations/feed/ HTTP/1.0" 200 1774 "-" "Mozilla/5.0 (compatible; Barkrowler/0.9; +https://babbar.tech/crawler)"
216.73.216.162 - - [06/Sep/2025:07:52:40 +0700] "GET /oriental-dating-internet-site-100-totally-free-asian-females/ HTTP/1.0" 200 107227 "https://vattusacky.vn/?p=5271" "Mozilla/5.0 AppleWebKit/537.36 (KHTML, like Gecko; compatible; ClaudeBot/1.0; +claudebot@anthropic.com)"
216.73.216.162 - - [06/Sep/2025:07:52:46 +0700] "GET /?p=4932 HTTP/1.0" 301 495 "-" "Mozilla/5.0 AppleWebKit/537.36 (KHTML, like Gecko; compatible; ClaudeBot/1.0; +claudebot@anthropic.com)"
216.73.216.162 - - [06/Sep/2025:07:52:50 +0700] "GET /how-to-buy-viagra-over-the-counter-now-available-2/ HTTP/1.0" 200 231296 "https://vattusacky.vn/?p=4932" "Mozilla/5.0 AppleWebKit/537.36 (KHTML, like Gecko; compatible; ClaudeBot/1.0; +claudebot@anthropic.com)"
217.113.194.217 - - [06/Sep/2025:07:53:02 +0700] "GET /the-impact-of-mobile-apps-on-the-chatroulette-and-omegle-experience/feed/ HTTP/1.0" 200 1798 "-" "Mozilla/5.0 (compatible; Barkrowler/0.9; +https://babbar.tech/crawler)"
4.196.118.116 - - [06/Sep/2025:07:53:11 +0700] "GET / HTTP/1.0" 503 8085 "-" "Mozilla/5.0 AppleWebKit/537.36 (KHTML, like Gecko); compatible; ChatGPT-User/1.0; +https://openai.com/bot"
45.117.177.72 - - [06/Sep/2025:07:53:29 +0700] "POST /wp-cron.php?doing_wp_cron=1757120009.0026390552520751953125 HTTP/1.0" 200 416 "-" "WordPress/6.8.1; https://vattusacky.vn"
217.113.194.77 - - [06/Sep/2025:07:53:25 +0700] "GET /the-impact-of-virtual-anonymity-on-omegles-cosmic-connections/feed/ HTTP/1.0" 200 1780 "-" "Mozilla/5.0 (compatible; Barkrowler/0.9; +https://babbar.tech/crawler)"
216.73.216.162 - - [06/Sep/2025:07:53:26 +0700] "GET /case-studies-real-life-experiences-with-cybertherapy-on-omegle-and-ometv/feed HTTP/1.0" 301 766 "-" "Mozilla/5.0 AppleWebKit/537.36 (KHTML, like Gecko; compatible; ClaudeBot/1.0; +claudebot@anthropic.com)"
216.73.216.162 - - [06/Sep/2025:07:53:30 +0700] "GET /case-studies-real-life-experiences-with-cybertherapy-on-omegle-and-ometv/feed/ HTTP/1.0" 200 1667 "https://vattusacky.vn/case-studies-real-life-experiences-with-cybertherapy-on-omegle-and-ometv/feed" "Mozilla/5.0 AppleWebKit/537.36 (KHTML, like Gecko; compatible; ClaudeBot/1.0; +claudebot@anthropic.com)"
216.73.216.162 - - [06/Sep/2025:07:53:34 +0700] "GET /author/yanz/page/393 HTTP/1.0" 301 419 "-" "Mozilla/5.0 AppleWebKit/537.36 (KHTML, like Gecko; compatible; ClaudeBot/1.0; +claudebot@anthropic.com)"
216.73.216.162 - - [06/Sep/2025:07:53:38 +0700] "GET /author/yanz/page/393/ HTTP/1.0" 200 99255 "https://vattusacky.vn/author/yanz/page/393" "Mozilla/5.0 AppleWebKit/537.36 (KHTML, like Gecko; compatible; ClaudeBot/1.0; +claudebot@anthropic.com)"
216.73.216.162 - - [06/Sep/2025:07:53:43 +0700] "GET /author/yanz/page/334 HTTP/1.0" 301 419 "-" "Mozilla/5.0 AppleWebKit/537.36 (KHTML, like Gecko; compatible; ClaudeBot/1.0; +claudebot@anthropic.com)"
217.113.194.217 - - [06/Sep/2025:07:53:48 +0700] "GET /the-impact-of-video-communication-on-omegle-and-ometv/feed/ HTTP/1.0" 200 1756 "-" "Mozilla/5.0 (compatible; Barkrowler/0.9; +https://babbar.tech/crawler)"
216.73.216.162 - - [06/Sep/2025:07:53:48 +0700] "GET /author/yanz/page/334/ HTTP/1.0" 200 76912 "https://vattusacky.vn/author/yanz/page/334" "Mozilla/5.0 AppleWebKit/537.36 (KHTML, like Gecko; compatible; ClaudeBot/1.0; +claudebot@anthropic.com)"
45.117.177.72 - - [06/Sep/2025:07:54:18 +0700] "POST /wp-cron.php?doing_wp_cron=1757120057.7842168807983398437500 HTTP/1.0" 200 416 "-" "WordPress/6.8.1; https://vattusacky.vn"
154.54.249.200 - - [06/Sep/2025:07:54:14 +0700] "GET /the-impact-of-anonymity-on-self-disclosure-in-omegle-chats/feed/ HTTP/1.0" 200 1771 "-" "Mozilla/5.0 (compatible; Barkrowler/0.9; +https://babbar.tech/crawler)"
217.113.194.77 - - [06/Sep/2025:07:54:36 +0700] "GET /the-impact-of-authentic-connections-on-omegle-and-ometv/feed/ HTTP/1.0" 200 1762 "-" "Mozilla/5.0 (compatible; Barkrowler/0.9; +https://babbar.tech/crawler)"
217.113.194.217 - - [06/Sep/2025:07:54:59 +0700] "GET /the-impact-of-omegle-artistry-building-an-online-artistic-community/ HTTP/1.0" 200 92446 "-" "Mozilla/5.0 (compatible; Barkrowler/0.9; +https://babbar.tech/crawler)"
74.7.36.93 - - [06/Sep/2025:07:55:01 +0700] "GET / HTTP/1.0" 503 8085 "-" "Mozilla/5.0 AppleWebKit/537.36 (KHTML, like Gecko); compatible; ChatGPT-User/1.0; +https://openai.com/bot"
45.117.177.72 - - [06/Sep/2025:07:55:27 +0700] "POST /wp-cron.php?doing_wp_cron=1757120127.4280610084533691406250 HTTP/1.0" 200 416 "-" "WordPress/6.8.1; https://vattusacky.vn"
216.73.216.162 - - [06/Sep/2025:07:55:23 +0700] "GET /relationship-a-milf-why-guys-love-them-the-cause-why-theyre-the-most-effective/feed HTTP/1.0" 301 772 "-" "Mozilla/5.0 AppleWebKit/537.36 (KHTML, like Gecko; compatible; ClaudeBot/1.0; +claudebot@anthropic.com)"
216.73.216.162 - - [06/Sep/2025:07:55:28 +0700] "GET /relationship-a-milf-why-guys-love-them-the-cause-why-theyre-the-most-effective/feed/ HTTP/1.0" 200 1693 "https://vattusacky.vn/relationship-a-milf-why-guys-love-them-the-cause-why-theyre-the-most-effective/feed" "Mozilla/5.0 AppleWebKit/537.36 (KHTML, like Gecko; compatible; ClaudeBot/1.0; +claudebot@anthropic.com)"
216.73.216.162 - - [06/Sep/2025:07:55:32 +0700] "GET /?p=10442 HTTP/1.0" 301 478 "-" "Mozilla/5.0 AppleWebKit/537.36 (KHTML, like Gecko; compatible; ClaudeBot/1.0; +claudebot@anthropic.com)"
217.113.194.79 - - [06/Sep/2025:07:55:35 +0700] "GET /the-impact-of-omegle-on-societal-perceptions-of-online-anonymity/ HTTP/1.0" 200 91909 "-" "Mozilla/5.0 (compatible; Barkrowler/0.9; +https://babbar.tech/crawler)"
216.73.216.162 - - [06/Sep/2025:07:55:36 +0700] "GET /5-things-people-hate-about-casino/ HTTP/1.0" 200 100020 "https://vattusacky.vn/?p=10442" "Mozilla/5.0 AppleWebKit/537.36 (KHTML, like Gecko; compatible; ClaudeBot/1.0; +claudebot@anthropic.com)"
216.73.216.162 - - [06/Sep/2025:07:55:41 +0700] "GET /author/yanz/page/242 HTTP/1.0" 301 419 "-" "Mozilla/5.0 AppleWebKit/537.36 (KHTML, like Gecko; compatible; ClaudeBot/1.0; +claudebot@anthropic.com)"
216.73.216.162 - - [06/Sep/2025:07:55:44 +0700] "GET /author/yanz/page/242/ HTTP/1.0" 200 76664 "https://vattusacky.vn/author/yanz/page/242" "Mozilla/5.0 AppleWebKit/537.36 (KHTML, like Gecko; compatible; ClaudeBot/1.0; +claudebot@anthropic.com)"
216.73.216.162 - - [06/Sep/2025:07:55:49 +0700] "GET /author/yanz/page/356 HTTP/1.0" 301 419 "-" "Mozilla/5.0 AppleWebKit/537.36 (KHTML, like Gecko; compatible; ClaudeBot/1.0; +claudebot@anthropic.com)"
216.73.216.162 - - [06/Sep/2025:07:55:50 +0700] "GET /22bet-evaluation-cell-app-and-attractive-welcome-5 HTTP/1.0" 301 641 "-" "Mozilla/5.0 AppleWebKit/537.36 (KHTML, like Gecko; compatible; ClaudeBot/1.0; +claudebot@anthropic.com)"
216.73.216.162 - - [06/Sep/2025:07:55:54 +0700] "GET /22bet-evaluation-cell-app-and-attractive-welcome-5/ HTTP/1.0" 200 242567 "https://vattusacky.vn/22bet-evaluation-cell-app-and-attractive-welcome-5" "Mozilla/5.0 AppleWebKit/537.36 (KHTML, like Gecko; compatible; ClaudeBot/1.0; +claudebot@anthropic.com)"
216.73.216.162 - - [06/Sep/2025:07:55:54 +0700] "GET /author/yanz/page/356/ HTTP/1.0" 503 8462 "https://vattusacky.vn/author/yanz/page/356" "Mozilla/5.0 AppleWebKit/537.36 (KHTML, like Gecko; compatible; ClaudeBot/1.0; +claudebot@anthropic.com)"
216.73.216.162 - - [06/Sep/2025:07:56:00 +0700] "GET /author/yanz/page/344 HTTP/1.0" 301 419 "-" "Mozilla/5.0 AppleWebKit/537.36 (KHTML, like Gecko; compatible; ClaudeBot/1.0; +claudebot@anthropic.com)"
217.113.194.81 - - [06/Sep/2025:07:56:04 +0700] "GET /the-impact-of-omegle-on-societal-norms-and-traditional-values/feed/ HTTP/1.0" 200 1780 "-" "Mozilla/5.0 (compatible; Barkrowler/0.9; +https://babbar.tech/crawler)"
216.73.216.162 - - [06/Sep/2025:07:56:04 +0700] "GET /author/yanz/page/344/ HTTP/1.0" 200 77119 "https://vattusacky.vn/author/yanz/page/344" "Mozilla/5.0 AppleWebKit/537.36 (KHTML, like Gecko; compatible; ClaudeBot/1.0; +claudebot@anthropic.com)"
216.73.216.162 - - [06/Sep/2025:07:56:10 +0700] "GET /author/yanz/page/333 HTTP/1.0" 301 419 "-" "Mozilla/5.0 AppleWebKit/537.36 (KHTML, like Gecko; compatible; ClaudeBot/1.0; +claudebot@anthropic.com)"
45.117.177.72 - - [06/Sep/2025:07:56:17 +0700] "POST /wp-cron.php?doing_wp_cron=1757120177.4811038970947265625000 HTTP/1.0" 200 416 "-" "WordPress/6.8.1; https://vattusacky.vn"
216.73.216.162 - - [06/Sep/2025:07:56:14 +0700] "GET /author/yanz/page/333/ HTTP/1.0" 200 75428 "https://vattusacky.vn/author/yanz/page/333" "Mozilla/5.0 AppleWebKit/537.36 (KHTML, like Gecko; compatible; ClaudeBot/1.0; +claudebot@anthropic.com)"
217.113.194.79 - - [06/Sep/2025:07:56:28 +0700] "GET /the-impact-of-omegle-on-social-interactions-a-cultural-perspective/feed/ HTTP/1.0" 200 1795 "-" "Mozilla/5.0 (compatible; Barkrowler/0.9; +https://babbar.tech/crawler)"
216.73.216.162 - - [06/Sep/2025:07:56:35 +0700] "GET /5-things-people-hate-about-casino/feed HTTP/1.0" 301 727 "-" "Mozilla/5.0 AppleWebKit/537.36 (KHTML, like Gecko; compatible; ClaudeBot/1.0; +claudebot@anthropic.com)"
216.73.216.162 - - [06/Sep/2025:07:56:39 +0700] "GET /5-things-people-hate-about-casino/feed/ HTTP/1.0" 200 1552 "https://vattusacky.vn/5-things-people-hate-about-casino/feed" "Mozilla/5.0 AppleWebKit/537.36 (KHTML, like Gecko; compatible; ClaudeBot/1.0; +claudebot@anthropic.com)"
216.73.216.162 - - [06/Sep/2025:07:56:43 +0700] "GET /whats-right-about-top-crypto-casinos HTTP/1.0" 301 481 "-" "Mozilla/5.0 AppleWebKit/537.36 (KHTML, like Gecko; compatible; ClaudeBot/1.0; +claudebot@anthropic.com)"
216.73.216.162 - - [06/Sep/2025:07:56:47 +0700] "GET /whats-right-about-top-crypto-casinos/ HTTP/1.0" 200 231043 "https://vattusacky.vn/whats-right-about-top-crypto-casinos" "Mozilla/5.0 AppleWebKit/537.36 (KHTML, like Gecko; compatible; ClaudeBot/1.0; +claudebot@anthropic.com)"
217.113.194.81 - - [06/Sep/2025:07:56:51 +0700] "GET /the-impact-of-nonverbal-communication-on-first-impressions-on-omegle/ HTTP/1.0" 200 92549 "-" "Mozilla/5.0 (compatible; Barkrowler/0.9; +https://babbar.tech/crawler)"
216.73.216.162 - - [06/Sep/2025:07:56:51 +0700] "GET /sustanon-250-steroid-tutto-cio-che-devi-sapere-5 HTTP/1.0" 301 493 "-" "Mozilla/5.0 AppleWebKit/537.36 (KHTML, like Gecko; compatible; ClaudeBot/1.0; +claudebot@anthropic.com)"
216.73.216.162 - - [06/Sep/2025:07:56:55 +0700] "GET /sustanon-250-steroid-tutto-cio-che-devi-sapere-5/ HTTP/1.0" 200 204013 "https://vattusacky.vn/sustanon-250-steroid-tutto-cio-che-devi-sapere-5" "Mozilla/5.0 AppleWebKit/537.36 (KHTML, like Gecko; compatible; ClaudeBot/1.0; +claudebot@anthropic.com)"
45.117.177.72 - - [06/Sep/2025:07:57:21 +0700] "POST /wp-cron.php?doing_wp_cron=1757120240.8900060653686523437500 HTTP/1.0" 200 416 "-" "WordPress/6.8.1; https://vattusacky.vn"
217.113.194.78 - - [06/Sep/2025:07:57:16 +0700] "GET /lol-moments-funniest-encounters-on-omegle-and-ometv/ HTTP/1.0" 200 88753 "-" "Mozilla/5.0 (compatible; Barkrowler/0.9; +https://babbar.tech/crawler)"
45.117.177.72 - - [06/Sep/2025:07:57:29 +0700] "POST /wp-cron.php HTTP/1.0" 200 416 "-" "WordPress/6.8.1; https://vattusacky.vn"
45.117.177.72 - - [06/Sep/2025:07:57:29 +0700] "GET / HTTP/1.0" 200 60070 "-" "WordPress/6.8.1; https://vattusacky.vn"
45.117.177.72 - - [06/Sep/2025:07:57:33 +0700] "GET / HTTP/1.0" 200 60070 "-" "WordPress/6.8.1; https://vattusacky.vn"
45.117.177.72 - - [06/Sep/2025:07:57:37 +0700] "GET / HTTP/1.0" 200 60070 "-" "WordPress/6.8.1; https://vattusacky.vn"
45.117.177.72 - - [06/Sep/2025:07:57:40 +0700] "GET / HTTP/1.0" 200 60070 "-" "WordPress/6.8.1; https://vattusacky.vn"
217.113.194.78 - - [06/Sep/2025:07:57:44 +0700] "GET /the-transformative-power-of-vulnerability-in-cosmic-connections-on-omegle/feed/ HTTP/1.0" 200 1816 "-" "Mozilla/5.0 (compatible; Barkrowler/0.9; +https://babbar.tech/crawler)"
213.180.203.224 - - [06/Sep/2025:07:57:55 +0700] "GET /embracing-the-moments-of-love-and-friendship-in-omelove-stories/ HTTP/1.0" 200 90082 "-" "Mozilla/5.0 (compatible; YandexBot/3.0; +http://yandex.com/bots)"
217.113.194.81 - - [06/Sep/2025:07:58:06 +0700] "GET /50-tl-deneme-bonusu-veren-siteler-deneme-bonusu/feed/ HTTP/1.0" 200 1785 "-" "Mozilla/5.0 (compatible; Barkrowler/0.9; +https://babbar.tech/crawler)"
45.117.177.72 - - [06/Sep/2025:07:58:23 +0700] "POST /wp-cron.php?doing_wp_cron=1757120302.9196290969848632812500 HTTP/1.0" 200 416 "-" "WordPress/6.8.1; https://vattusacky.vn"
185.191.171.11 - - [06/Sep/2025:07:58:20 +0700] "GET /cach-do-luong-chi-vay-gap-online-phi-thiet-lap-lop-truoc/ HTTP/1.0" 200 210152 "-" "Mozilla/5.0 (compatible; SemrushBot/7~bl; +http://www.semrush.com/bot.html)"
217.113.194.76 - - [06/Sep/2025:07:58:30 +0700] "GET /real-or-illusion-examining-the-authenticity-of-intimacy-on-omegle/feed/ HTTP/1.0" 200 1792 "-" "Mozilla/5.0 (compatible; Barkrowler/0.9; +https://babbar.tech/crawler)"
216.73.216.162 - - [06/Sep/2025:07:58:42 +0700] "GET /helllo-helllo HTTP/1.0" 301 604 "-" "Mozilla/5.0 AppleWebKit/537.36 (KHTML, like Gecko; compatible; ClaudeBot/1.0; +claudebot@anthropic.com)"
216.73.216.162 - - [06/Sep/2025:07:58:46 +0700] "GET /helllo-helllo/ HTTP/1.0" 200 202694 "https://vattusacky.vn/helllo-helllo" "Mozilla/5.0 AppleWebKit/537.36 (KHTML, like Gecko; compatible; ClaudeBot/1.0; +claudebot@anthropic.com)"
216.73.216.162 - - [06/Sep/2025:07:58:51 +0700] "GET /obzor-aviator-igra-2023-igrat-na-realnye-dengi HTTP/1.0" 301 491 "-" "Mozilla/5.0 AppleWebKit/537.36 (KHTML, like Gecko; compatible; ClaudeBot/1.0; +claudebot@anthropic.com)"
217.113.194.72 - - [06/Sep/2025:07:58:52 +0700] "GET /888-casino-evaluate-2023-%EF%B8%8F-play-actual-cash-5/feed/ HTTP/1.0" 200 1757 "-" "Mozilla/5.0 (compatible; Barkrowler/0.9; +https://babbar.tech/crawler)"
216.73.216.162 - - [06/Sep/2025:07:58:55 +0700] "GET /obzor-aviator-igra-2023-igrat-na-realnye-dengi/ HTTP/1.0" 200 247948 "https://vattusacky.vn/obzor-aviator-igra-2023-igrat-na-realnye-dengi" "Mozilla/5.0 AppleWebKit/537.36 (KHTML, like Gecko; compatible; ClaudeBot/1.0; +claudebot@anthropic.com)"
216.73.216.162 - - [06/Sep/2025:07:59:00 +0700] "GET /author/yanz/page/366 HTTP/1.0" 301 419 "-" "Mozilla/5.0 AppleWebKit/537.36 (KHTML, like Gecko; compatible; ClaudeBot/1.0; +claudebot@anthropic.com)"
216.73.216.162 - - [06/Sep/2025:07:59:03 +0700] "GET /author/yanz/page/366/ HTTP/1.0" 200 108973 "https://vattusacky.vn/author/yanz/page/366" "Mozilla/5.0 AppleWebKit/537.36 (KHTML, like Gecko; compatible; ClaudeBot/1.0; +claudebot@anthropic.com)"
103.42.117.165 - - [06/Sep/2025:07:59:08 +0700] "GET /wp-login.php HTTP/1.0" 200 11388 "-" "Mozilla/5.0 (X11; Ubuntu; Linux x86_64; rv:85.0) Gecko/20100101 Firefox/91.0"
45.117.177.72 - - [06/Sep/2025:07:59:18 +0700] "POST /wp-cron.php?doing_wp_cron=1757120358.1049160957336425781250 HTTP/1.0" 200 416 "-" "WordPress/6.8.1; https://vattusacky.vn"
103.42.117.165 - - [06/Sep/2025:07:59:13 +0700] "POST /wp-login.php HTTP/1.0" 200 11739 "-" "Mozilla/5.0 (X11; Ubuntu; Linux x86_64; rv:85.0) Gecko/20100101 Firefox/91.0"
217.113.194.75 - - [06/Sep/2025:07:59:16 +0700] "GET /the-comedy-zone-hilarious-conversations-on-omegle-and-ometv/ HTTP/1.0" 200 91393 "-" "Mozilla/5.0 (compatible; Barkrowler/0.9; +https://babbar.tech/crawler)"
216.73.216.162 - - [06/Sep/2025:07:59:22 +0700] "GET /13-top-sugar-daddy-dating-sites-that-actually-work-successful-dating-2023-paid-content-detroit HTTP/1.0" 301 685 "-" "Mozilla/5.0 AppleWebKit/537.36 (KHTML, like Gecko; compatible; ClaudeBot/1.0; +claudebot@anthropic.com)"
216.73.216.162 - - [06/Sep/2025:07:59:22 +0700] "GET /why-are-customers-ditching-bet365-and-sportingbet-37 HTTP/1.0" 301 643 "-" "Mozilla/5.0 AppleWebKit/537.36 (KHTML, like Gecko; compatible; ClaudeBot/1.0; +claudebot@anthropic.com)"
216.73.216.162 - - [06/Sep/2025:07:59:25 +0700] "GET /13-top-sugar-daddy-dating-sites-that-actually-work-successful-dating-2023-paid-content-detroit/ HTTP/1.0" 200 209594 "https://vattusacky.vn/13-top-sugar-daddy-dating-sites-that-actually-work-successful-dating-2023-paid-content-detroit" "Mozilla/5.0 AppleWebKit/537.36 (KHTML, like Gecko; compatible; ClaudeBot/1.0; +claudebot@anthropic.com)"
216.73.216.162 - - [06/Sep/2025:07:59:26 +0700] "GET /why-are-customers-ditching-bet365-and-sportingbet-37/ HTTP/1.0" 200 252837 "https://vattusacky.vn/why-are-customers-ditching-bet365-and-sportingbet-37" "Mozilla/5.0 AppleWebKit/537.36 (KHTML, like Gecko; compatible; ClaudeBot/1.0; +claudebot@anthropic.com)"
216.73.216.162 - - [06/Sep/2025:07:59:31 +0700] "GET /1xbet-bonuses-and-promotions-for-india-2023-24/feed HTTP/1.0" 301 594 "-" "Mozilla/5.0 AppleWebKit/537.36 (KHTML, like Gecko; compatible; ClaudeBot/1.0; +claudebot@anthropic.com)"
216.73.216.162 - - [06/Sep/2025:07:59:31 +0700] "GET /cost-free-russian-personals-elenas-models-assessment HTTP/1.0" 301 497 "-" "Mozilla/5.0 AppleWebKit/537.36 (KHTML, like Gecko; compatible; ClaudeBot/1.0; +claudebot@anthropic.com)"
216.73.216.162 - - [06/Sep/2025:07:59:35 +0700] "GET /1xbet-bonuses-and-promotions-for-india-2023-24/feed/ HTTP/1.0" 200 1586 "https://vattusacky.vn/1xbet-bonuses-and-promotions-for-india-2023-24/feed" "Mozilla/5.0 AppleWebKit/537.36 (KHTML, like Gecko; compatible; ClaudeBot/1.0; +claudebot@anthropic.com)"
216.73.216.162 - - [06/Sep/2025:07:59:36 +0700] "GET /cost-free-russian-personals-elenas-models-assessment/ HTTP/1.0" 200 208584 "https://vattusacky.vn/cost-free-russian-personals-elenas-models-assessment" "Mozilla/5.0 AppleWebKit/537.36 (KHTML, like Gecko; compatible; ClaudeBot/1.0; +claudebot@anthropic.com)"
216.73.216.162 - - [06/Sep/2025:07:59:40 +0700] "GET /american-men-marrying-foreign-ladies/feed HTTP/1.0" 301 584 "-" "Mozilla/5.0 AppleWebKit/537.36 (KHTML, like Gecko; compatible; ClaudeBot/1.0; +claudebot@anthropic.com)"
216.73.216.162 - - [06/Sep/2025:07:59:41 +0700] "GET /1xbet-top-kazino-android-apk-ios-igrat-na-dengi-v-2 HTTP/1.0" 301 496 "-" "Mozilla/5.0 AppleWebKit/537.36 (KHTML, like Gecko; compatible; ClaudeBot/1.0; +claudebot@anthropic.com)"
216.73.216.162 - - [06/Sep/2025:07:59:44 +0700] "GET /american-men-marrying-foreign-ladies/feed/ HTTP/1.0" 200 1559 "https://vattusacky.vn/american-men-marrying-foreign-ladies/feed" "Mozilla/5.0 AppleWebKit/537.36 (KHTML, like Gecko; compatible; ClaudeBot/1.0; +claudebot@anthropic.com)"
217.113.194.80 - - [06/Sep/2025:07:59:44 +0700] "GET /tips-for-making-meaningful-connections-on-omegles-social-experiment/feed/ HTTP/1.0" 200 1798 "-" "Mozilla/5.0 (compatible; Barkrowler/0.9; +https://babbar.tech/crawler)"
216.73.216.162 - - [06/Sep/2025:07:59:46 +0700] "GET /1xbet-top-kazino-android-apk-ios-igrat-na-dengi-v-2/ HTTP/1.0" 200 223234 "https://vattusacky.vn/1xbet-top-kazino-android-apk-ios-igrat-na-dengi-v-2" "Mozilla/5.0 AppleWebKit/537.36 (KHTML, like Gecko; compatible; ClaudeBot/1.0; +claudebot@anthropic.com)"
216.73.216.162 - - [06/Sep/2025:07:59:47 +0700] "GET /pin-ap-casino-vhod-v-onlajn-kazino-demo-bystryj-2 HTTP/1.0" 301 494 "-" "Mozilla/5.0 AppleWebKit/537.36 (KHTML, like Gecko; compatible; ClaudeBot/1.0; +claudebot@anthropic.com)"
216.73.216.162 - - [06/Sep/2025:07:59:51 +0700] "GET /pin-ap-casino-vhod-v-onlajn-kazino-demo-bystryj-2/ HTTP/1.0" 200 218836 "https://vattusacky.vn/pin-ap-casino-vhod-v-onlajn-kazino-demo-bystryj-2" "Mozilla/5.0 AppleWebKit/537.36 (KHTML, like Gecko; compatible; ClaudeBot/1.0; +claudebot@anthropic.com)"
85.208.96.211 - - [06/Sep/2025:08:00:04 +0700] "GET /3-ways-you-can-reinvent-asian-bookies-asian-bookmakers-online-betting-malaysia-asian-betting-sites-best-asian-bookmakers-asian-sports-bookmakers-sports-betting-malaysia-online-sports-betting-malaysia/ HTTP/1.0" 200 245861 "-" "Mozilla/5.0 (compatible; SemrushBot/7~bl; +http://www.semrush.com/bot.html)"
217.113.194.75 - - [06/Sep/2025:08:00:06 +0700] "GET /filtering-inappropriate-content-ometvs-text-chat-safety-measures/feed/ HTTP/1.0" 200 1789 "-" "Mozilla/5.0 (compatible; Barkrowler/0.9; +https://babbar.tech/crawler)"
45.117.177.72 - - [06/Sep/2025:08:00:32 +0700] "POST /wp-cron.php?doing_wp_cron=1757120431.8752949237823486328125 HTTP/1.0" 200 416 "-" "WordPress/6.8.1; https://vattusacky.vn"
217.113.194.81 - - [06/Sep/2025:08:00:28 +0700] "GET /exploring-omegles-role-in-fostering-empathy-and-understanding/feed/ HTTP/1.0" 200 1780 "-" "Mozilla/5.0 (compatible; Barkrowler/0.9; +https://babbar.tech/crawler)"
216.73.216.162 - - [06/Sep/2025:08:00:32 +0700] "GET /vavada-casino-demo-sloty-besplatno-avtomaty-i-2 HTTP/1.0" 301 638 "-" "Mozilla/5.0 AppleWebKit/537.36 (KHTML, like Gecko; compatible; ClaudeBot/1.0; +claudebot@anthropic.com)"
216.73.216.162 - - [06/Sep/2025:08:00:33 +0700] "GET /free-local-gay-chat-freehookupssites/feed HTTP/1.0" 301 730 "-" "Mozilla/5.0 AppleWebKit/537.36 (KHTML, like Gecko; compatible; ClaudeBot/1.0; +claudebot@anthropic.com)"
216.73.216.162 - - [06/Sep/2025:08:00:36 +0700] "GET /vavada-casino-demo-sloty-besplatno-avtomaty-i-2/ HTTP/1.0" 200 221070 "https://vattusacky.vn/vavada-casino-demo-sloty-besplatno-avtomaty-i-2" "Mozilla/5.0 AppleWebKit/537.36 (KHTML, like Gecko; compatible; ClaudeBot/1.0; +claudebot@anthropic.com)"
216.73.216.162 - - [06/Sep/2025:08:00:37 +0700] "GET /free-local-gay-chat-freehookupssites/feed/ HTTP/1.0" 200 1560 "https://vattusacky.vn/free-local-gay-chat-freehookupssites/feed" "Mozilla/5.0 AppleWebKit/537.36 (KHTML, like Gecko; compatible; ClaudeBot/1.0; +claudebot@anthropic.com)"
216.73.216.162 - - [06/Sep/2025:08:00:41 +0700] "GET /publishers-choice-honor-chernobylwel-come-provides-adventurous-lovers-a-visit-they-will-always-remember HTTP/1.0" 301 548 "-" "Mozilla/5.0 AppleWebKit/537.36 (KHTML, like Gecko; compatible; ClaudeBot/1.0; +claudebot@anthropic.com)"
216.73.216.162 - - [06/Sep/2025:08:00:41 +0700] "GET /category/online-dating/feed HTTP/1.0" 301 524 "-" "Mozilla/5.0 AppleWebKit/537.36 (KHTML, like Gecko; compatible; ClaudeBot/1.0; +claudebot@anthropic.com)"
216.73.216.162 - - [06/Sep/2025:08:00:44 +0700] "GET /publishers-choice-honor-chernobylwel-come-provides-adventurous-lovers-a-visit-they-will-always-remember/ HTTP/1.0" 200 213521 "https://vattusacky.vn/publishers-choice-honor-chernobylwel-come-provides-adventurous-lovers-a-visit-they-will-always-remember" "Mozilla/5.0 AppleWebKit/537.36 (KHTML, like Gecko; compatible; ClaudeBot/1.0; +claudebot@anthropic.com)"
216.73.216.162 - - [06/Sep/2025:08:00:45 +0700] "GET /category/online-dating/feed/ HTTP/1.0" 200 18009 "https://vattusacky.vn/category/online-dating/feed" "Mozilla/5.0 AppleWebKit/537.36 (KHTML, like Gecko; compatible; ClaudeBot/1.0; +claudebot@anthropic.com)"
216.73.216.162 - - [06/Sep/2025:08:00:49 +0700] "GET /bet9ja-casino-sport-pyramids-of-anubis-june-2023-31/feed HTTP/1.0" 301 599 "-" "Mozilla/5.0 AppleWebKit/537.36 (KHTML, like Gecko; compatible; ClaudeBot/1.0; +claudebot@anthropic.com)"
216.73.216.162 - - [06/Sep/2025:08:00:49 +0700] "GET /sbobet-7 HTTP/1.0" 301 453 "-" "Mozilla/5.0 AppleWebKit/537.36 (KHTML, like Gecko; compatible; ClaudeBot/1.0; +claudebot@anthropic.com)"
45.117.177.72 - - [06/Sep/2025:08:00:55 +0700] "POST /wp-cron.php?doing_wp_cron=1757120454.8345038890838623046875 HTTP/1.0" 200 416 "-" "WordPress/6.8.1; https://vattusacky.vn"
217.113.194.81 - - [06/Sep/2025:08:00:50 +0700] "GET /exploring-omegles-role-in-expressing-identity-and-sexual-orientation/feed/ HTTP/1.0" 200 1801 "-" "Mozilla/5.0 (compatible; Barkrowler/0.9; +https://babbar.tech/crawler)"
216.73.216.162 - - [06/Sep/2025:08:00:53 +0700] "GET /sbobet-7/ HTTP/1.0" 200 261482 "https://vattusacky.vn/sbobet-7" "Mozilla/5.0 AppleWebKit/537.36 (KHTML, like Gecko; compatible; ClaudeBot/1.0; +claudebot@anthropic.com)"
216.73.216.162 - - [06/Sep/2025:08:00:53 +0700] "GET /bet9ja-casino-sport-pyramids-of-anubis-june-2023-31/feed/ HTTP/1.0" 200 1604 "https://vattusacky.vn/bet9ja-casino-sport-pyramids-of-anubis-june-2023-31/feed" "Mozilla/5.0 AppleWebKit/537.36 (KHTML, like Gecko; compatible; ClaudeBot/1.0; +claudebot@anthropic.com)"
45.117.177.72 - - [06/Sep/2025:08:01:17 +0700] "POST /wp-cron.php?doing_wp_cron=1757120477.2675359249114990234375 HTTP/1.0" 200 416 "-" "WordPress/6.8.1; https://vattusacky.vn"
217.113.194.72 - - [06/Sep/2025:08:01:13 +0700] "GET /exploring-the-emotional-rollercoaster-of-omegles-random-connections/ HTTP/1.0" 200 93474 "-" "Mozilla/5.0 (compatible; Barkrowler/0.9; +https://babbar.tech/crawler)"
216.73.216.162 - - [06/Sep/2025:08:01:34 +0700] "GET /category/dating-mexican-girls HTTP/1.0" 301 574 "-" "Mozilla/5.0 AppleWebKit/537.36 (KHTML, like Gecko; compatible; ClaudeBot/1.0; +claudebot@anthropic.com)"
216.73.216.162 - - [06/Sep/2025:08:01:34 +0700] "GET /1xbet-casino-bystraja-versija-1xbet-kazino HTTP/1.0" 301 633 "-" "Mozilla/5.0 AppleWebKit/537.36 (KHTML, like Gecko; compatible; ClaudeBot/1.0; +claudebot@anthropic.com)"
216.73.216.162 - - [06/Sep/2025:08:01:38 +0700] "GET /category/dating-mexican-girls/ HTTP/1.0" 200 98527 "https://vattusacky.vn/category/dating-mexican-girls" "Mozilla/5.0 AppleWebKit/537.36 (KHTML, like Gecko; compatible; ClaudeBot/1.0; +claudebot@anthropic.com)"
217.113.194.74 - - [06/Sep/2025:08:01:40 +0700] "GET /exploring-the-boundaries-of-art-omegles-impact-on-creative-expressions/feed/ HTTP/1.0" 200 1807 "-" "Mozilla/5.0 (compatible; Barkrowler/0.9; +https://babbar.tech/crawler)"
