217.113.194.78 - - [06/Sep/2025:05:32:13 +0700] "GET /celebrating-artistic-authenticity-omegles-influence-on-creative-expression/ HTTP/1.0" 200 95151 "-" "Mozilla/5.0 (compatible; Barkrowler/0.9; +https://babbar.tech/crawler)"
45.117.177.72 - - [06/Sep/2025:05:32:37 +0700] "POST /wp-cron.php?doing_wp_cron=1757111556.9972488880157470703125 HTTP/1.0" 200 416 "-" "WordPress/6.8.1; https://vattusacky.vn"
154.54.249.200 - - [06/Sep/2025:05:32:35 +0700] "GET /celebrating-cultural-differences-on-omegle-connecting-people-globally/ HTTP/1.0" 200 91284 "-" "Mozilla/5.0 (compatible; Barkrowler/0.9; +https://babbar.tech/crawler)"
217.113.194.80 - - [06/Sep/2025:05:32:55 +0700] "GET /laugh-at-these-hilarious-omegle-chat-bloopers/feed/ HTTP/1.0" 200 1732 "-" "Mozilla/5.0 (compatible; Barkrowler/0.9; +https://babbar.tech/crawler)"
45.117.177.72 - - [06/Sep/2025:05:33:17 +0700] "POST /wp-cron.php?doing_wp_cron=1757111597.5387060642242431640625 HTTP/1.0" 200 416 "-" "WordPress/6.8.1; https://vattusacky.vn"
217.113.194.81 - - [06/Sep/2025:05:33:16 +0700] "GET /steps-to-create-a-woman-as-if-you-main-tricks-to-get-her-attention/ HTTP/1.0" 200 208704 "-" "Mozilla/5.0 (compatible; Barkrowler/0.9; +https://babbar.tech/crawler)"
217.113.194.79 - - [06/Sep/2025:05:33:54 +0700] "GET /epic-omegle-fails-and-amusing-chatting-mishaps/feed/ HTTP/1.0" 200 1735 "-" "Mozilla/5.0 (compatible; Barkrowler/0.9; +https://babbar.tech/crawler)"
217.113.194.80 - - [06/Sep/2025:05:34:13 +0700] "GET /epic-omegle-fails-and-hilarious-chat-mistakes/feed/ HTTP/1.0" 200 1732 "-" "Mozilla/5.0 (compatible; Barkrowler/0.9; +https://babbar.tech/crawler)"
45.117.177.72 - - [06/Sep/2025:05:34:33 +0700] "POST /wp-cron.php?doing_wp_cron=1757111673.2603271007537841796875 HTTP/1.0" 200 416 "-" "WordPress/6.8.1; https://vattusacky.vn"
217.113.194.78 - - [06/Sep/2025:05:34:32 +0700] "GET /connecting-with-the-world-cultural-exchanges-on-omegle-and-ometv/ HTTP/1.0" 200 93175 "-" "Mozilla/5.0 (compatible; Barkrowler/0.9; +https://babbar.tech/crawler)"
217.113.194.78 - - [06/Sep/2025:05:34:57 +0700] "GET /embracing-diversity-in-art-celebrating-omegles-collaborative-platform/ HTTP/1.0" 200 92942 "-" "Mozilla/5.0 (compatible; Barkrowler/0.9; +https://babbar.tech/crawler)"
45.117.177.72 - - [06/Sep/2025:05:35:24 +0700] "POST /wp-cron.php?doing_wp_cron=1757111724.2858910560607910156250 HTTP/1.0" 200 416 "-" "WordPress/6.8.1; https://vattusacky.vn"
217.113.194.79 - - [06/Sep/2025:05:35:23 +0700] "GET /embracing-diversity-cultural-exchanges-on-omegle-and-ometv/ HTTP/1.0" 200 86074 "-" "Mozilla/5.0 (compatible; Barkrowler/0.9; +https://babbar.tech/crawler)"
217.113.194.81 - - [06/Sep/2025:05:35:44 +0700] "GET /embracing-cultural-differences-omegle-as-a-catalyst-for-connection/feed/ HTTP/1.0" 200 1795 "-" "Mozilla/5.0 (compatible; Barkrowler/0.9; +https://babbar.tech/crawler)"
40.77.167.14 - - [06/Sep/2025:05:35:50 +0700] "GET /understanding-the-dark-side-of-omegle-protecting-your-digital-footprint/feed/ HTTP/1.0" 200 1810 "-" "Mozilla/5.0 AppleWebKit/537.36 (KHTML, like Gecko; compatible; bingbot/2.0; +http://www.bing.com/bingbot.htm) Chrome/116.0.1938.76 Safari/537.36"
217.113.194.76 - - [06/Sep/2025:05:36:02 +0700] "GET /embracing-the-transformative-power-of-friendship-in-omelove-stories/ HTTP/1.0" 200 91573 "-" "Mozilla/5.0 (compatible; Barkrowler/0.9; +https://babbar.tech/crawler)"
130.51.80.27 - - [06/Sep/2025:05:36:02 +0700] "POST /xmlrpc.php HTTP/1.0" 200 956 "-" "Mozilla/5.0 (Windows NT 10.0; Win64; x64; rv:94.0) Gecko/20100101 Firefox/94.0"
45.117.177.72 - - [06/Sep/2025:05:36:28 +0700] "POST /wp-cron.php?doing_wp_cron=1757111787.8427610397338867187500 HTTP/1.0" 200 416 "-" "WordPress/6.8.1; https://vattusacky.vn"
217.113.194.80 - - [06/Sep/2025:05:36:26 +0700] "GET /embracing-the-authenticity-of-love-and-friendship-in-omelove-stories/feed/ HTTP/1.0" 200 1801 "-" "Mozilla/5.0 (compatible; Barkrowler/0.9; +https://babbar.tech/crawler)"
95.108.213.195 - - [06/Sep/2025:05:36:29 +0700] "GET /san-pham/thiet-bi-do-asen-cam-tay-hmas100-trace2o/ HTTP/1.0" 200 77718 "-" "Mozilla/5.0 (compatible; YandexBot/3.0; +http://yandex.com/bots)"
217.113.194.72 - - [06/Sep/2025:05:36:48 +0700] "GET /embracing-the-virtual-magic-unveiling-the-power-of-omegles-serendipity/ HTTP/1.0" 200 92069 "-" "Mozilla/5.0 (compatible; Barkrowler/0.9; +https://babbar.tech/crawler)"
52.167.144.138 - - [06/Sep/2025:05:37:04 +0700] "GET /san-pham/may-quang-pho-tu-ngoai-kha-kien-pgi-anh-uvvis-08-vi-tri-02-chum-tia-khe-2nm-khong-co-uvwin-software-copy-2/ HTTP/1.0" 200 378074 "-" "Mozilla/5.0 AppleWebKit/537.36 (KHTML, like Gecko; compatible; bingbot/2.0; +http://www.bing.com/bingbot.htm) Chrome/116.0.1938.76 Safari/537.36"
217.113.194.76 - - [06/Sep/2025:05:37:10 +0700] "GET /embracing-the-intricacies-of-connection-in-omelove-stories/feed/ HTTP/1.0" 200 1771 "-" "Mozilla/5.0 (compatible; Barkrowler/0.9; +https://babbar.tech/crawler)"
45.117.177.72 - - [06/Sep/2025:05:37:30 +0700] "POST /wp-cron.php?doing_wp_cron=1757111850.0102810859680175781250 HTTP/1.0" 200 416 "-" "WordPress/6.8.1; https://vattusacky.vn"
217.113.194.218 - - [06/Sep/2025:05:37:28 +0700] "GET /guarding-against-the-dark-side-of-omegle-ensuring-online-safety/ HTTP/1.0" 200 91859 "-" "Mozilla/5.0 (compatible; Barkrowler/0.9; +https://babbar.tech/crawler)"
217.113.194.81 - - [06/Sep/2025:05:37:53 +0700] "GET /azino777-casino-internet-kazino-obzor-registracija-2/feed/ HTTP/1.0" 200 1816 "-" "Mozilla/5.0 (compatible; Barkrowler/0.9; +https://babbar.tech/crawler)"
51.68.111.204 - - [06/Sep/2025:05:38:02 +0700] "GET /robots.txt HTTP/1.0" 200 984 "-" "Mozilla/5.0 (compatible; MJ12bot/v2.0.4; http://mj12bot.com/)"
51.68.111.204 - - [06/Sep/2025:05:38:04 +0700] "GET / HTTP/1.0" 200 60070 "-" "Mozilla/5.0 (compatible; MJ12bot/v2.0.4; http://mj12bot.com/)"
217.113.194.217 - - [06/Sep/2025:05:38:11 +0700] "GET /the-pros-and-cons-of-omegle-and-ometv-face-to-face-video-chats/ HTTP/1.0" 200 93035 "-" "Mozilla/5.0 (compatible; Barkrowler/0.9; +https://babbar.tech/crawler)"
45.117.177.72 - - [06/Sep/2025:05:38:38 +0700] "POST /wp-cron.php?doing_wp_cron=1757111917.8058350086212158203125 HTTP/1.0" 200 416 "-" "WordPress/6.8.1; https://vattusacky.vn"
154.54.249.200 - - [06/Sep/2025:05:38:36 +0700] "GET /the-pros-and-cons-of-omegle-and-ometv-a-comparative-analysis/feed/ HTTP/1.0" 200 1777 "-" "Mozilla/5.0 (compatible; Barkrowler/0.9; +https://babbar.tech/crawler)"
217.113.194.81 - - [06/Sep/2025:05:38:55 +0700] "GET /the-pros-and-cons-of-anonymity-on-omegle-and-ometv/feed/ HTTP/1.0" 200 1747 "-" "Mozilla/5.0 (compatible; Barkrowler/0.9; +https://babbar.tech/crawler)"
217.113.194.81 - - [06/Sep/2025:05:39:14 +0700] "GET /playing-casino-games-for-free-games-maximize-your-chances-of-winning/ HTTP/1.0" 200 207365 "-" "Mozilla/5.0 (compatible; Barkrowler/0.9; +https://babbar.tech/crawler)"
45.117.177.72 - - [06/Sep/2025:05:39:53 +0700] "POST /wp-cron.php?doing_wp_cron=1757111992.8636250495910644531250 HTTP/1.0" 200 416 "-" "WordPress/6.8.1; https://vattusacky.vn"
217.113.194.81 - - [06/Sep/2025:05:39:51 +0700] "GET /frequently-asked-questions-about-cybertherapy-on-omegle-and-ometv/ HTTP/1.0" 200 92204 "-" "Mozilla/5.0 (compatible; Barkrowler/0.9; +https://babbar.tech/crawler)"
45.117.177.72 - - [06/Sep/2025:05:40:18 +0700] "POST /wp-cron.php?doing_wp_cron=1757112018.6532790660858154296875 HTTP/1.0" 200 416 "-" "WordPress/6.8.1; https://vattusacky.vn"
217.113.194.81 - - [06/Sep/2025:05:40:17 +0700] "GET /que-es-mostbet-todo-lo-que-debes-saber-actualizado-2022/ HTTP/1.0" 200 214755 "-" "Mozilla/5.0 (compatible; Barkrowler/0.9; +https://babbar.tech/crawler)"
217.113.194.77 - - [06/Sep/2025:05:40:47 +0700] "GET /summary-and-conclusion-safety-measures-on-omegle-and-ometv/feed/ HTTP/1.0" 200 1771 "-" "Mozilla/5.0 (compatible; Barkrowler/0.9; +https://babbar.tech/crawler)"
217.113.194.77 - - [06/Sep/2025:05:41:05 +0700] "GET /onlajn-gama-casino-zerkalo-ajfon-i-android/feed/ HTTP/1.0" 200 1757 "-" "Mozilla/5.0 (compatible; Barkrowler/0.9; +https://babbar.tech/crawler)"
45.117.177.72 - - [06/Sep/2025:05:41:27 +0700] "POST /wp-cron.php?doing_wp_cron=1757112087.3149759769439697265625 HTTP/1.0" 200 416 "-" "WordPress/6.8.1; https://vattusacky.vn"
217.113.194.79 - - [06/Sep/2025:05:41:26 +0700] "GET /blurring-the-lines-omegles-impact-on-traditional-artistic-mediums/feed/ HTTP/1.0" 200 1792 "-" "Mozilla/5.0 (compatible; Barkrowler/0.9; +https://babbar.tech/crawler)"
3.210.114.189 - - [06/Sep/2025:05:41:29 +0700] "GET /40-times-of-matchmaking-could-you-effectively-date-your-own-buddy/ HTTP/1.0" 200 207182 "-" "Mozilla/5.0 AppleWebKit/537.36 (KHTML, like Gecko; compatible; Amazonbot/0.1; +https://developer.amazon.com/support/amazonbot) Chrome/119.0.6045.214 Safari/537.36"
3.232.82.72 - - [06/Sep/2025:05:41:37 +0700] "GET /the-pros-and-cons-of-open-affairs/ HTTP/1.0" 200 209810 "-" "Mozilla/5.0 AppleWebKit/537.36 (KHTML, like Gecko; compatible; Amazonbot/0.1; +https://developer.amazon.com/support/amazonbot) Chrome/119.0.6045.214 Safari/537.36"
54.210.152.179 - - [06/Sep/2025:05:41:41 +0700] "GET /category/slotyth-org/ HTTP/1.0" 200 60302 "-" "Mozilla/5.0 AppleWebKit/537.36 (KHTML, like Gecko; compatible; Amazonbot/0.1; +https://developer.amazon.com/support/amazonbot) Chrome/119.0.6045.214 Safari/537.36"
217.113.194.77 - - [06/Sep/2025:05:41:44 +0700] "GET /spreading-smiles-positive-moments-on-omegle-and-ometv/feed/ HTTP/1.0" 200 1756 "-" "Mozilla/5.0 (compatible; Barkrowler/0.9; +https://babbar.tech/crawler)"
44.212.106.171 - - [06/Sep/2025:05:41:48 +0700] "GET /24-sbobet-6/ HTTP/1.0" 200 278023 "-" "Mozilla/5.0 AppleWebKit/537.36 (KHTML, like Gecko; compatible; Amazonbot/0.1; +https://developer.amazon.com/support/amazonbot) Chrome/119.0.6045.214 Safari/537.36"
52.202.233.37 - - [06/Sep/2025:05:41:54 +0700] "GET /asian-bride-in-the-united-states/ HTTP/1.0" 200 207985 "-" "Mozilla/5.0 AppleWebKit/537.36 (KHTML, like Gecko; compatible; Amazonbot/0.1; +https://developer.amazon.com/support/amazonbot) Chrome/119.0.6045.214 Safari/537.36"
34.196.237.236 - - [06/Sep/2025:05:42:00 +0700] "GET /httpsmostbetwinscom-rekabeti-iyi-oldugunda/ HTTP/1.0" 200 227538 "-" "Mozilla/5.0 AppleWebKit/537.36 (KHTML, like Gecko; compatible; Amazonbot/0.1; +https://developer.amazon.com/support/amazonbot) Chrome/119.0.6045.214 Safari/537.36"
34.192.125.239 - - [06/Sep/2025:05:42:02 +0700] "GET /the-right-way-to-know-if-an-online-romantic-relationship-is-true/ HTTP/1.0" 200 210527 "-" "Mozilla/5.0 AppleWebKit/537.36 (KHTML, like Gecko; compatible; Amazonbot/0.1; +https://developer.amazon.com/support/amazonbot) Chrome/119.0.6045.214 Safari/537.36"
217.113.194.74 - - [06/Sep/2025:05:42:03 +0700] "GET /serendipitous-moments-and-the-unexpected-joys-of-online-interactions/feed/ HTTP/1.0" 200 1801 "-" "Mozilla/5.0 (compatible; Barkrowler/0.9; +https://babbar.tech/crawler)"
54.80.185.200 - - [06/Sep/2025:05:42:05 +0700] "GET /free-spins-a-fantastic-way-to-play-casino-games-online/ HTTP/1.0" 200 207024 "-" "Mozilla/5.0 AppleWebKit/537.36 (KHTML, like Gecko; compatible; Amazonbot/0.1; +https://developer.amazon.com/support/amazonbot) Chrome/119.0.6045.214 Safari/537.36"
44.215.231.15 - - [06/Sep/2025:05:42:07 +0700] "GET /so-why-do-some-persons-never-find-love/ HTTP/1.0" 200 209459 "-" "Mozilla/5.0 AppleWebKit/537.36 (KHTML, like Gecko; compatible; Amazonbot/0.1; +https://developer.amazon.com/support/amazonbot) Chrome/119.0.6045.214 Safari/537.36"
52.200.93.170 - - [06/Sep/2025:05:42:09 +0700] "GET /mobicel-r1-flash-file-mt6580-android-7-0-stock-3/ HTTP/1.0" 200 208333 "-" "Mozilla/5.0 AppleWebKit/537.36 (KHTML, like Gecko; compatible; Amazonbot/0.1; +https://developer.amazon.com/support/amazonbot) Chrome/119.0.6045.214 Safari/537.36"
107.22.208.39 - - [06/Sep/2025:05:42:11 +0700] "GET /pascual-codere-network-orientata-alle-esigenze-dei-gestori-lancia-giornata-dedicata/ HTTP/1.0" 200 228038 "-" "Mozilla/5.0 AppleWebKit/537.36 (KHTML, like Gecko; compatible; Amazonbot/0.1; +https://developer.amazon.com/support/amazonbot) Chrome/119.0.6045.214 Safari/537.36"
23.23.214.190 - - [06/Sep/2025:05:42:13 +0700] "GET /author/yanz/page/399/ HTTP/1.0" 200 77401 "-" "Mozilla/5.0 AppleWebKit/537.36 (KHTML, like Gecko; compatible; Amazonbot/0.1; +https://developer.amazon.com/support/amazonbot) Chrome/119.0.6045.214 Safari/537.36"
45.117.177.72 - - [06/Sep/2025:05:42:26 +0700] "POST /wp-cron.php?doing_wp_cron=1757112145.7553980350494384765625 HTTP/1.0" 200 416 "-" "WordPress/6.8.1; https://vattusacky.vn"
217.113.194.81 - - [06/Sep/2025:05:42:24 +0700] "GET /serendipity-and-the-power-of-curiosity-in-expanding-our-horizons-online/ HTTP/1.0" 200 90154 "-" "Mozilla/5.0 (compatible; Barkrowler/0.9; +https://babbar.tech/crawler)"
217.113.194.74 - - [06/Sep/2025:05:42:49 +0700] "GET /serendipity-and-the-power-of-curiosity-in-expanding-our-horizons-online/feed/ HTTP/1.0" 200 1810 "-" "Mozilla/5.0 (compatible; Barkrowler/0.9; +https://babbar.tech/crawler)"
217.113.194.81 - - [06/Sep/2025:05:43:07 +0700] "GET /serendipity-and-the-power-of-unexpected-connections-in-the-digital-age/feed/ HTTP/1.0" 200 1807 "-" "Mozilla/5.0 (compatible; Barkrowler/0.9; +https://babbar.tech/crawler)"
45.117.177.72 - - [06/Sep/2025:05:43:30 +0700] "POST /wp-cron.php?doing_wp_cron=1757112210.3371009826660156250000 HTTP/1.0" 200 416 "-" "WordPress/6.8.1; https://vattusacky.vn"
217.113.194.81 - - [06/Sep/2025:05:43:29 +0700] "GET /serendipity-and-the-art-of-storytelling-on-omegle-and-ometv/ HTTP/1.0" 200 92173 "-" "Mozilla/5.0 (compatible; Barkrowler/0.9; +https://babbar.tech/crawler)"
217.113.194.76 - - [06/Sep/2025:05:43:51 +0700] "GET /serendipity-vs-purposeful-connections-finding-the-right-balance-online/ HTTP/1.0" 200 92312 "-" "Mozilla/5.0 (compatible; Barkrowler/0.9; +https://babbar.tech/crawler)"
217.113.194.81 - - [06/Sep/2025:05:44:12 +0700] "GET /limefx-obzor-2022-o-limefx-forex-rossija/feed/ HTTP/1.0" 200 1728 "-" "Mozilla/5.0 (compatible; Barkrowler/0.9; +https://babbar.tech/crawler)"
45.117.177.72 - - [06/Sep/2025:05:44:32 +0700] "POST /wp-cron.php?doing_wp_cron=1757112272.2680621147155761718750 HTTP/1.0" 200 416 "-" "WordPress/6.8.1; https://vattusacky.vn"
217.113.194.77 - - [06/Sep/2025:05:44:31 +0700] "GET /uncovering-the-secrets-of-omegle-why-people-keep-coming-back/feed/ HTTP/1.0" 200 1777 "-" "Mozilla/5.0 (compatible; Barkrowler/0.9; +https://babbar.tech/crawler)"
217.113.194.72 - - [06/Sep/2025:05:44:49 +0700] "GET /uncovering-the-risks-on-omegle-safeguarding-your-digital-footprint/ HTTP/1.0" 200 92168 "-" "Mozilla/5.0 (compatible; Barkrowler/0.9; +https://babbar.tech/crawler)"
217.113.194.75 - - [06/Sep/2025:05:45:10 +0700] "GET /the-impact-of-virtual-anonymity-on-omegles-cosmic-connections/ HTTP/1.0" 200 90576 "-" "Mozilla/5.0 (compatible; Barkrowler/0.9; +https://babbar.tech/crawler)"
45.117.177.72 - - [06/Sep/2025:05:45:21 +0700] "POST /wp-cron.php?doing_wp_cron=1757112321.6004691123962402343750 HTTP/1.0" 200 416 "-" "WordPress/6.8.1; https://vattusacky.vn"
185.191.171.19 - - [06/Sep/2025:05:45:20 +0700] "GET /business-nys-sales-tax/ HTTP/1.0" 200 385392 "-" "Mozilla/5.0 (compatible; SemrushBot/7~bl; +http://www.semrush.com/bot.html)"
154.54.249.200 - - [06/Sep/2025:05:45:31 +0700] "GET /the-impact-of-omegle-on-interpersonal-skills-and-empathy/feed/ HTTP/1.0" 200 1765 "-" "Mozilla/5.0 (compatible; Barkrowler/0.9; +https://babbar.tech/crawler)"
85.208.96.202 - - [06/Sep/2025:05:45:33 +0700] "GET /xem-tien-trinh-cai-gapvay-dat-phu-hop-voi-ban/ HTTP/1.0" 200 208758 "-" "Mozilla/5.0 (compatible; SemrushBot/7~bl; +http://www.semrush.com/bot.html)"
217.113.194.73 - - [06/Sep/2025:05:45:50 +0700] "GET /the-impact-of-omegle-on-shy-and-introverted-individuals/ HTTP/1.0" 200 91913 "-" "Mozilla/5.0 (compatible; Barkrowler/0.9; +https://babbar.tech/crawler)"
154.54.249.200 - - [06/Sep/2025:05:46:11 +0700] "GET /the-impact-of-chatroulette-and-omegle-on-social-interactions/feed/ HTTP/1.0" 200 1777 "-" "Mozilla/5.0 (compatible; Barkrowler/0.9; +https://babbar.tech/crawler)"
45.117.177.72 - - [06/Sep/2025:05:46:31 +0700] "POST /wp-cron.php?doing_wp_cron=1757112391.7398600578308105468750 HTTP/1.0" 200 416 "-" "WordPress/6.8.1; https://vattusacky.vn"
217.113.194.217 - - [06/Sep/2025:05:46:30 +0700] "GET /the-impact-of-chatroulette-and-omegle-on-traditional-dating-apps/ HTTP/1.0" 200 93226 "-" "Mozilla/5.0 (compatible; Barkrowler/0.9; +https://babbar.tech/crawler)"
217.113.194.76 - - [06/Sep/2025:05:46:54 +0700] "GET /the-impact-of-chatroulette-and-omegle-on-mental-health/feed/ HTTP/1.0" 200 1759 "-" "Mozilla/5.0 (compatible; Barkrowler/0.9; +https://babbar.tech/crawler)"
216.73.216.162 - - [06/Sep/2025:05:46:58 +0700] "GET /sitemap_index.xml HTTP/1.0" 200 2426 "-" "Mozilla/5.0 AppleWebKit/537.36 (KHTML, like Gecko; compatible; ClaudeBot/1.0; +claudebot@anthropic.com)"
217.113.194.75 - - [06/Sep/2025:05:47:12 +0700] "GET /the-impact-of-self-discovery-through-omegles-social-experiment/feed/ HTTP/1.0" 200 1783 "-" "Mozilla/5.0 (compatible; Barkrowler/0.9; +https://babbar.tech/crawler)"
45.117.177.72 - - [06/Sep/2025:05:47:32 +0700] "POST /wp-cron.php?doing_wp_cron=1757112452.0103058815002441406250 HTTP/1.0" 200 416 "-" "WordPress/6.8.1; https://vattusacky.vn"
217.113.194.74 - - [06/Sep/2025:05:47:30 +0700] "GET /the-impact-of-language-barriers-on-omegles-cosmic-connections/feed/ HTTP/1.0" 200 1780 "-" "Mozilla/5.0 (compatible; Barkrowler/0.9; +https://babbar.tech/crawler)"
217.113.194.79 - - [06/Sep/2025:05:47:49 +0700] "GET /the-impact-of-language-and-cultural-differences-on-online-interactions/feed/ HTTP/1.0" 200 1807 "-" "Mozilla/5.0 (compatible; Barkrowler/0.9; +https://babbar.tech/crawler)"
217.113.194.72 - - [06/Sep/2025:05:48:08 +0700] "GET /gama-casino-bonusy-dlja-igrokov-2023-igrat-na/feed/ HTTP/1.0" 200 1792 "-" "Mozilla/5.0 (compatible; Barkrowler/0.9; +https://babbar.tech/crawler)"
45.117.177.72 - - [06/Sep/2025:05:48:27 +0700] "POST /wp-cron.php?doing_wp_cron=1757112507.6775588989257812500000 HTTP/1.0" 200 416 "-" "WordPress/6.8.1; https://vattusacky.vn"
217.113.194.75 - - [06/Sep/2025:05:48:26 +0700] "GET /casino-bonus-ohne-einzahlung-2023-heisse-sofort-boni/feed/ HTTP/1.0" 200 1753 "-" "Mozilla/5.0 (compatible; Barkrowler/0.9; +https://babbar.tech/crawler)"
217.113.194.76 - - [06/Sep/2025:05:48:45 +0700] "GET /casino-mobilnaja-versija-kazino-igrovye-avtomaty-3/ HTTP/1.0" 200 222820 "-" "Mozilla/5.0 (compatible; Barkrowler/0.9; +https://babbar.tech/crawler)"
217.113.194.81 - - [06/Sep/2025:05:49:10 +0700] "GET /casino-utan-svensk-licens-2023-njut-av-exklusiva/feed/ HTTP/1.0" 200 1765 "-" "Mozilla/5.0 (compatible; Barkrowler/0.9; +https://babbar.tech/crawler)"
45.117.177.72 - - [06/Sep/2025:05:49:31 +0700] "POST /wp-cron.php?doing_wp_cron=1757112571.5121839046478271484375 HTTP/1.0" 200 416 "-" "WordPress/6.8.1; https://vattusacky.vn"
217.113.194.218 - - [06/Sep/2025:05:49:30 +0700] "GET /dating-in-korean-culture-love-in-the-land-of-k-pop-korean-dating-apps/feed/ HTTP/1.0" 200 1805 "-" "Mozilla/5.0 (compatible; Barkrowler/0.9; +https://babbar.tech/crawler)"
217.113.194.78 - - [06/Sep/2025:05:49:48 +0700] "GET /10000-bitcoin-to-us-dollar-or-convert-10000-btc-to/feed/ HTTP/1.0" 200 1751 "-" "Mozilla/5.0 (compatible; Barkrowler/0.9; +https://babbar.tech/crawler)"
217.113.194.75 - - [06/Sep/2025:05:50:11 +0700] "GET /oshh-entrer-little-casino-arlequin-regulations-13/feed/ HTTP/1.0" 200 1757 "-" "Mozilla/5.0 (compatible; Barkrowler/0.9; +https://babbar.tech/crawler)"
45.117.177.72 - - [06/Sep/2025:05:50:34 +0700] "POST /wp-cron.php?doing_wp_cron=1757112634.1418309211730957031250 HTTP/1.0" 200 416 "-" "WordPress/6.8.1; https://vattusacky.vn"
217.113.194.79 - - [06/Sep/2025:05:50:33 +0700] "GET /lights-camera-action-entertaining-performances-on-omegle-and-ometv/ HTTP/1.0" 200 91450 "-" "Mozilla/5.0 (compatible; Barkrowler/0.9; +https://babbar.tech/crawler)"
217.113.194.81 - - [06/Sep/2025:05:51:01 +0700] "GET /friendship-stories-heartfelt-connections-on-omegle-and-ometv/ HTTP/1.0" 200 91730 "-" "Mozilla/5.0 (compatible; Barkrowler/0.9; +https://babbar.tech/crawler)"
45.117.177.72 - - [06/Sep/2025:05:51:28 +0700] "POST /wp-cron.php?doing_wp_cron=1757112687.8242709636688232421875 HTTP/1.0" 200 416 "-" "WordPress/6.8.1; https://vattusacky.vn"
217.113.194.217 - - [06/Sep/2025:05:51:26 +0700] "GET /bridging-distances-video-vs-text-on-omegle-and-ometv/ HTTP/1.0" 200 94011 "-" "Mozilla/5.0 (compatible; Barkrowler/0.9; +https://babbar.tech/crawler)"
52.167.144.238 - - [06/Sep/2025:05:51:47 +0700] "GET /the-role-of-serendipity-in-discovering-shared-interests-on-omegle/feed/ HTTP/1.0" 200 1792 "-" "Mozilla/5.0 AppleWebKit/537.36 (KHTML, like Gecko; compatible; bingbot/2.0; +http://www.bing.com/bingbot.htm) Chrome/116.0.1938.76 Safari/537.36"
217.113.194.76 - - [06/Sep/2025:05:51:48 +0700] "GET /real-or-illusion-examining-the-authenticity-of-intimacy-on-omegle/ HTTP/1.0" 200 93374 "-" "Mozilla/5.0 (compatible; Barkrowler/0.9; +https://babbar.tech/crawler)"
217.113.194.77 - - [06/Sep/2025:05:52:11 +0700] "GET /888-casino-evaluate-2023-%EF%B8%8F-play-actual-cash-5/ HTTP/1.0" 200 246522 "-" "Mozilla/5.0 (compatible; Barkrowler/0.9; +https://babbar.tech/crawler)"
45.117.177.72 - - [06/Sep/2025:05:52:47 +0700] "POST /wp-cron.php?doing_wp_cron=1757112767.4264180660247802734375 HTTP/1.0" 200 416 "-" "WordPress/6.8.1; https://vattusacky.vn"
154.54.249.200 - - [06/Sep/2025:05:52:46 +0700] "GET /mindful-conversations-on-omegle-being-present-and-engaged-in-the-interaction/ HTTP/1.0" 200 94885 "-" "Mozilla/5.0 (compatible; Barkrowler/0.9; +https://babbar.tech/crawler)"
217.113.194.77 - - [06/Sep/2025:05:53:07 +0700] "GET /the-comedy-gallery-highlights-from-omegle-and-ometv/feed/ HTTP/1.0" 200 1750 "-" "Mozilla/5.0 (compatible; Barkrowler/0.9; +https://babbar.tech/crawler)"
45.117.177.72 - - [06/Sep/2025:05:53:30 +0700] "POST /wp-cron.php?doing_wp_cron=1757112809.8020958900451660156250 HTTP/1.0" 200 416 "-" "WordPress/6.8.1; https://vattusacky.vn"
217.113.194.72 - - [06/Sep/2025:05:53:28 +0700] "GET /tips-for-safe-and-effective-cybertherapy-on-omegle-and-ometv/ HTTP/1.0" 200 82961 "-" "Mozilla/5.0 (compatible; Barkrowler/0.9; +https://babbar.tech/crawler)"
217.113.194.77 - - [06/Sep/2025:05:53:52 +0700] "GET /tips-for-having-a-positive-experience-on-chatroulette-and-omegle/feed/ HTTP/1.0" 200 1789 "-" "Mozilla/5.0 (compatible; Barkrowler/0.9; +https://babbar.tech/crawler)"
85.208.96.200 - - [06/Sep/2025:05:53:57 +0700] "GET /defi-vs-the-regulators-by-the-numbers/ HTTP/1.0" 200 289378 "-" "Mozilla/5.0 (compatible; SemrushBot/7~bl; +http://www.semrush.com/bot.html)"
154.54.249.200 - - [06/Sep/2025:05:54:11 +0700] "GET /exploring-virtual-friendships-on-omegle-building-lasting-connections/ HTTP/1.0" 200 92587 "-" "Mozilla/5.0 (compatible; Barkrowler/0.9; +https://babbar.tech/crawler)"
45.117.177.72 - - [06/Sep/2025:05:54:36 +0700] "POST /wp-cron.php?doing_wp_cron=1757112875.8421459197998046875000 HTTP/1.0" 200 416 "-" "WordPress/6.8.1; https://vattusacky.vn"
154.54.249.200 - - [06/Sep/2025:05:54:34 +0700] "GET /exploring-the-emotional-dimensions-of-anonymous-chatting-on-omegle/ HTTP/1.0" 200 92793 "-" "Mozilla/5.0 (compatible; Barkrowler/0.9; +https://babbar.tech/crawler)"
217.113.194.81 - - [06/Sep/2025:05:55:00 +0700] "GET /exploring-the-wild-side-of-omegle-tales-of-adrenaline-and-thrills/ HTTP/1.0" 200 90145 "-" "Mozilla/5.0 (compatible; Barkrowler/0.9; +https://babbar.tech/crawler)"
85.208.96.194 - - [06/Sep/2025:05:55:05 +0700] "GET /utilizing-technology-to-overcome-barriers-to-empathy-on-omegle/ HTTP/1.0" 200 91546 "-" "Mozilla/5.0 (compatible; SemrushBot/7~bl; +http://www.semrush.com/bot.html)"
45.117.177.72 - - [06/Sep/2025:05:55:25 +0700] "POST /wp-cron.php?doing_wp_cron=1757112925.1497759819030761718750 HTTP/1.0" 200 416 "-" "WordPress/6.8.1; https://vattusacky.vn"
217.113.194.78 - - [06/Sep/2025:05:55:24 +0700] "GET /exploring-the-desire-for-anonymity-on-omegle-unmasking-motivations/ HTTP/1.0" 200 90761 "-" "Mozilla/5.0 (compatible; Barkrowler/0.9; +https://babbar.tech/crawler)"
216.73.216.162 - - [06/Sep/2025:05:55:44 +0700] "GET /robots.txt HTTP/1.0" 200 984 "-" "Mozilla/5.0 AppleWebKit/537.36 (KHTML, like Gecko; compatible; ClaudeBot/1.0; +claudebot@anthropic.com)"
216.73.216.162 - - [06/Sep/2025:05:55:46 +0700] "GET /sitemap_index.xml HTTP/1.0" 200 2280 "-" "Mozilla/5.0 AppleWebKit/537.36 (KHTML, like Gecko; compatible; ClaudeBot/1.0; +claudebot@anthropic.com)"
154.54.249.200 - - [06/Sep/2025:05:55:46 +0700] "GET /exploring-the-science-behind-random-chats-why-humans-crave-connection/feed/ HTTP/1.0" 200 1804 "-" "Mozilla/5.0 (compatible; Barkrowler/0.9; +https://babbar.tech/crawler)"
217.113.194.80 - - [06/Sep/2025:05:56:07 +0700] "GET /exploring-the-existential-implications-of-cosmic-connections-on-omegle/feed/ HTTP/1.0" 200 1807 "-" "Mozilla/5.0 (compatible; Barkrowler/0.9; +https://babbar.tech/crawler)"
45.117.177.72 - - [06/Sep/2025:05:56:29 +0700] "POST /wp-cron.php?doing_wp_cron=1757112989.4083280563354492187500 HTTP/1.0" 200 416 "-" "WordPress/6.8.1; https://vattusacky.vn"
217.113.194.80 - - [06/Sep/2025:05:56:28 +0700] "GET /exploring-the-role-of-empathy-in-cosmic-connections-on-omegle/feed/ HTTP/1.0" 200 1780 "-" "Mozilla/5.0 (compatible; Barkrowler/0.9; +https://babbar.tech/crawler)"
217.113.194.76 - - [06/Sep/2025:05:56:49 +0700] "GET /exploring-the-random-chat-landscape-omegle-vs-ometv/feed/ HTTP/1.0" 200 1750 "-" "Mozilla/5.0 (compatible; Barkrowler/0.9; +https://babbar.tech/crawler)"
217.113.194.218 - - [06/Sep/2025:05:57:10 +0700] "GET /exploring-language-resources-for-omegle-and-ometv-users/feed/ HTTP/1.0" 200 1762 "-" "Mozilla/5.0 (compatible; Barkrowler/0.9; +https://babbar.tech/crawler)"
45.117.177.72 - - [06/Sep/2025:05:57:32 +0700] "POST /wp-cron.php?doing_wp_cron=1757113052.0845251083374023437500 HTTP/1.0" 200 416 "-" "WordPress/6.8.1; https://vattusacky.vn"
217.113.194.75 - - [06/Sep/2025:05:57:30 +0700] "GET /the-politics-of-omegle-political-conversations-and-activism/feed/ HTTP/1.0" 200 1774 "-" "Mozilla/5.0 (compatible; Barkrowler/0.9; +https://babbar.tech/crawler)"
217.113.194.81 - - [06/Sep/2025:05:58:00 +0700] "GET /authenticity-as-a-gateway-to-more-meaningful-omegle-conversations/ HTTP/1.0" 200 91680 "-" "Mozilla/5.0 (compatible; Barkrowler/0.9; +https://babbar.tech/crawler)"
85.208.96.193 - - [06/Sep/2025:05:58:15 +0700] "GET /solutions-and-asylum-procedures/ HTTP/1.0" 200 72656 "-" "Mozilla/5.0 (compatible; SemrushBot/7~bl; +http://www.semrush.com/bot.html)"
45.117.177.72 - - [06/Sep/2025:05:58:25 +0700] "POST /wp-cron.php?doing_wp_cron=1757113105.1124858856201171875000 HTTP/1.0" 200 416 "-" "WordPress/6.8.1; https://vattusacky.vn"
217.113.194.79 - - [06/Sep/2025:05:58:23 +0700] "GET /showcasing-omegle-collaborative-art-inspiring-projects-and-experiences/feed/ HTTP/1.0" 200 1807 "-" "Mozilla/5.0 (compatible; Barkrowler/0.9; +https://babbar.tech/crawler)"
217.113.194.79 - - [06/Sep/2025:05:58:43 +0700] "GET /showcasing-collaborative-creations-omegle-artistrys-hidden-gems/feed/ HTTP/1.0" 200 1786 "-" "Mozilla/5.0 (compatible; Barkrowler/0.9; +https://babbar.tech/crawler)"
217.113.194.78 - - [06/Sep/2025:05:59:04 +0700] "GET /reveling-in-the-beauty-of-lasting-bonds-in-omelove-stories/feed/ HTTP/1.0" 200 1771 "-" "Mozilla/5.0 (compatible; Barkrowler/0.9; +https://babbar.tech/crawler)"
45.117.177.72 - - [06/Sep/2025:05:59:27 +0700] "POST /wp-cron.php?doing_wp_cron=1757113166.8910150527954101562500 HTTP/1.0" 200 416 "-" "WordPress/6.8.1; https://vattusacky.vn"
217.113.194.75 - - [06/Sep/2025:05:59:25 +0700] "GET /the/thiet-bi-do-gamma-va-beta-thoi-gian-thuc/ HTTP/1.0" 200 90578 "-" "Mozilla/5.0 (compatible; Barkrowler/0.9; +https://babbar.tech/crawler)"
217.113.194.74 - - [06/Sep/2025:05:59:49 +0700] "GET /getx-na-dengi-besproigryshnaja-strategija/feed/ HTTP/1.0" 200 1756 "-" "Mozilla/5.0 (compatible; Barkrowler/0.9; +https://babbar.tech/crawler)"
217.113.194.81 - - [06/Sep/2025:06:00:10 +0700] "GET /vavada-android-apk-ios-internet-kazino-na-dengi-2/ HTTP/1.0" 200 93900 "-" "Mozilla/5.0 (compatible; Barkrowler/0.9; +https://babbar.tech/crawler)"
45.117.177.72 - - [06/Sep/2025:06:00:36 +0700] "POST /wp-cron.php?doing_wp_cron=1757113236.0297720432281494140625 HTTP/1.0" 200 416 "-" "WordPress/6.8.1; https://vattusacky.vn"
217.113.194.73 - - [06/Sep/2025:06:00:34 +0700] "GET /vapauta-battle-fury-gods-of-war-kolikkopelissa/feed/ HTTP/1.0" 200 1737 "-" "Mozilla/5.0 (compatible; Barkrowler/0.9; +https://babbar.tech/crawler)"
45.117.177.72 - - [06/Sep/2025:06:00:57 +0700] "POST /wp-cron.php?doing_wp_cron=1757113256.8248350620269775390625 HTTP/1.0" 200 416 "-" "WordPress/6.8.1; https://vattusacky.vn"
217.113.194.73 - - [06/Sep/2025:06:00:55 +0700] "GET /igra-dragon-money-pravila-v-chem-preimushhestva-i/feed/ HTTP/1.0" 200 1801 "-" "Mozilla/5.0 (compatible; Barkrowler/0.9; +https://babbar.tech/crawler)"
154.54.249.200 - - [06/Sep/2025:06:01:14 +0700] "GET /igra-getx-pravila-v-chem-preimushhestva-i-kak/ HTTP/1.0" 200 111713 "-" "Mozilla/5.0 (compatible; Barkrowler/0.9; +https://babbar.tech/crawler)"
45.117.177.72 - - [06/Sep/2025:06:01:41 +0700] "POST /wp-cron.php?doing_wp_cron=1757113301.1811180114746093750000 HTTP/1.0" 200 416 "-" "WordPress/6.8.1; https://vattusacky.vn"
217.113.194.78 - - [06/Sep/2025:06:01:40 +0700] "GET /igra-luckyjet-obzor-strategija-taktika-promokody/ HTTP/1.0" 200 237626 "-" "Mozilla/5.0 (compatible; Barkrowler/0.9; +https://babbar.tech/crawler)"
217.113.194.75 - - [06/Sep/2025:06:02:12 +0700] "GET /can-you-take-atorvastatin-and-propranolol-together/feed/ HTTP/1.0" 200 1749 "-" "Mozilla/5.0 (compatible; Barkrowler/0.9; +https://babbar.tech/crawler)"
45.117.177.72 - - [06/Sep/2025:06:02:33 +0700] "POST /wp-cron.php?doing_wp_cron=1757113353.2994759082794189453125 HTTP/1.0" 200 416 "-" "WordPress/6.8.1; https://vattusacky.vn"
217.113.194.217 - - [06/Sep/2025:06:02:32 +0700] "GET /cach-xay-dung-tienapps-com-phan-mem-tai-tro/feed/ HTTP/1.0" 200 1737 "-" "Mozilla/5.0 (compatible; Barkrowler/0.9; +https://babbar.tech/crawler)"
185.191.171.14 - - [06/Sep/2025:06:02:33 +0700] "GET /vereinigung-held-startet-als-eine-vereinigung-training-firma-um-zu-helfen-zu-helfen-um-zu-helfen-um-einfach-zu-helfen-um-sehr-zu-helfen/ HTTP/1.0" 200 214702 "-" "Mozilla/5.0 (compatible; SemrushBot/7~bl; +http://www.semrush.com/bot.html)"
217.113.194.74 - - [06/Sep/2025:06:02:52 +0700] "GET /cach-trai-vay-tien-online-nghiem-cai-dat-truoc/ HTTP/1.0" 200 209361 "-" "Mozilla/5.0 (compatible; Barkrowler/0.9; +https://babbar.tech/crawler)"
45.117.177.72 - - [06/Sep/2025:06:03:25 +0700] "POST /wp-cron.php?doing_wp_cron=1757113405.3416950702667236328125 HTTP/1.0" 200 416 "-" "WordPress/6.8.1; https://vattusacky.vn"
217.113.194.74 - - [06/Sep/2025:06:03:24 +0700] "GET /cach-trai-vay-tien-online-nghiem-cai-dat-truoc/feed/ HTTP/1.0" 200 1748 "-" "Mozilla/5.0 (compatible; Barkrowler/0.9; +https://babbar.tech/crawler)"
217.113.194.76 - - [06/Sep/2025:06:03:46 +0700] "GET /reinventing-collaboration-the-unique-experience-of-omegle-artistry/feed/ HTTP/1.0" 200 1795 "-" "Mozilla/5.0 (compatible; Barkrowler/0.9; +https://babbar.tech/crawler)"
217.113.194.81 - - [06/Sep/2025:06:04:05 +0700] "GET /side-splitting-omegle-chat-fails-and-funny-prank-encounters/ HTTP/1.0" 200 87434 "-" "Mozilla/5.0 (compatible; Barkrowler/0.9; +https://babbar.tech/crawler)"
45.117.177.72 - - [06/Sep/2025:06:04:27 +0700] "POST /wp-cron.php?doing_wp_cron=1757113467.2185900211334228515625 HTTP/1.0" 200 416 "-" "WordPress/6.8.1; https://vattusacky.vn"
217.113.194.78 - - [06/Sep/2025:06:04:26 +0700] "GET /developing-meaningful-connections-on-omegle-and-ometv/feed/ HTTP/1.0" 200 1756 "-" "Mozilla/5.0 (compatible; Barkrowler/0.9; +https://babbar.tech/crawler)"
217.113.194.72 - - [06/Sep/2025:06:04:44 +0700] "GET /tiny-intimate-wedding-ceremonies-helping-your-ceremony-to-the-next-level/feed/ HTTP/1.0" 200 1821 "-" "Mozilla/5.0 (compatible; Barkrowler/0.9; +https://babbar.tech/crawler)"
217.113.194.217 - - [06/Sep/2025:06:05:04 +0700] "GET /tips-on-how-to-claim-free-500-000-ugx-for-bets-112/feed/ HTTP/1.0" 200 1776 "-" "Mozilla/5.0 (compatible; Barkrowler/0.9; +https://babbar.tech/crawler)"
45.117.177.72 - - [06/Sep/2025:06:05:25 +0700] "POST /wp-cron.php?doing_wp_cron=1757113524.9139780998229980468750 HTTP/1.0" 200 416 "-" "WordPress/6.8.1; https://vattusacky.vn"
217.113.194.79 - - [06/Sep/2025:06:05:23 +0700] "GET /the-challenge-of-balancing-privacy-and-public-engagement-on-omegle/feed/ HTTP/1.0" 200 1795 "-" "Mozilla/5.0 (compatible; Barkrowler/0.9; +https://babbar.tech/crawler)"
217.113.194.72 - - [06/Sep/2025:06:05:42 +0700] "GET /22bet-s-brief-withdrawal-time-makes-it-india-s-55/feed/ HTTP/1.0" 200 1770 "-" "Mozilla/5.0 (compatible; Barkrowler/0.9; +https://babbar.tech/crawler)"
217.113.194.74 - - [06/Sep/2025:06:06:01 +0700] "GET /maintaining-online-safety-video-vs-text-on-omegle-and-ometv/ HTTP/1.0" 200 89876 "-" "Mozilla/5.0 (compatible; Barkrowler/0.9; +https://babbar.tech/crawler)"
45.117.177.72 - - [06/Sep/2025:06:06:29 +0700] "POST /wp-cron.php?doing_wp_cron=1757113589.1093769073486328125000 HTTP/1.0" 200 416 "-" "WordPress/6.8.1; https://vattusacky.vn"
217.113.194.73 - - [06/Sep/2025:06:06:27 +0700] "GET /the-dark-web-and-anonymity-omegles-role-in-the-bigger-picture/ HTTP/1.0" 200 75138 "-" "Mozilla/5.0 (compatible; Barkrowler/0.9; +https://babbar.tech/crawler)"
207.46.13.155 - - [06/Sep/2025:06:06:32 +0700] "GET /kruss/sonoswiss-logo/ HTTP/1.0" 200 198171 "-" "Mozilla/5.0 AppleWebKit/537.36 (KHTML, like Gecko; compatible; bingbot/2.0; +http://www.bing.com/bingbot.htm) Chrome/116.0.1938.76 Safari/537.36"
217.113.194.74 - - [06/Sep/2025:06:06:57 +0700] "GET /the-dark-web-and-anonymity-omegles-role-in-the-bigger-picture/feed/ HTTP/1.0" 200 1780 "-" "Mozilla/5.0 (compatible; Barkrowler/0.9; +https://babbar.tech/crawler)"
45.117.177.72 - - [06/Sep/2025:06:07:19 +0700] "POST /wp-cron.php?doing_wp_cron=1757113638.9867939949035644531250 HTTP/1.0" 200 416 "-" "WordPress/6.8.1; https://vattusacky.vn"
217.113.194.218 - - [06/Sep/2025:06:07:17 +0700] "GET /the-dark-side-of-omegle-scams-and-frauds-to-watch-out-for/feed/ HTTP/1.0" 200 1768 "-" "Mozilla/5.0 (compatible; Barkrowler/0.9; +https://babbar.tech/crawler)"
217.113.194.72 - - [06/Sep/2025:06:07:41 +0700] "GET /the-dark-side-of-omegle-dealing-with-inappropriate-behavior/feed/ HTTP/1.0" 200 1774 "-" "Mozilla/5.0 (compatible; Barkrowler/0.9; +https://babbar.tech/crawler)"
217.113.194.78 - - [06/Sep/2025:06:08:01 +0700] "GET /the-dark-side-of-omegle-uncovering-online-scams-and-frauds/feed/ HTTP/1.0" 200 1771 "-" "Mozilla/5.0 (compatible; Barkrowler/0.9; +https://babbar.tech/crawler)"
45.117.177.72 - - [06/Sep/2025:06:08:23 +0700] "POST /wp-cron.php?doing_wp_cron=1757113703.6820240020751953125000 HTTP/1.0" 200 416 "-" "WordPress/6.8.1; https://vattusacky.vn"
217.113.194.73 - - [06/Sep/2025:06:08:22 +0700] "GET /the-dark-side-of-omegle-exposed-tips-for-safe-internet-usage/feed/ HTTP/1.0" 200 1777 "-" "Mozilla/5.0 (compatible; Barkrowler/0.9; +https://babbar.tech/crawler)"
52.167.144.163 - - [06/Sep/2025:06:08:24 +0700] "GET /omegle-and-ometv-for-online-therapy/ HTTP/1.0" 403 597 "-" "Mozilla/5.0 AppleWebKit/537.36 (KHTML, like Gecko; compatible; bingbot/2.0; +http://www.bing.com/bingbot.htm) Chrome/116.0.1938.76 Safari/537.36"
45.117.177.72 - - [06/Sep/2025:06:08:42 +0700] "POST /wp-cron.php?doing_wp_cron=1757113722.3322908878326416015625 HTTP/1.0" 200 416 "-" "WordPress/6.8.1; https://vattusacky.vn"
154.54.249.200 - - [06/Sep/2025:06:08:41 +0700] "GET /tips-and-strategies-for-finding-meaningful-connections-on-omegle/feed/ HTTP/1.0" 200 1789 "-" "Mozilla/5.0 (compatible; Barkrowler/0.9; +https://babbar.tech/crawler)"
45.117.177.72 - - [06/Sep/2025:06:09:01 +0700] "POST /wp-cron.php?doing_wp_cron=1757113741.5790700912475585937500 HTTP/1.0" 200 416 "-" "WordPress/6.8.1; https://vattusacky.vn"
217.113.194.217 - - [06/Sep/2025:06:09:00 +0700] "GET /which-random-chat-platform-is-better-omegle-or-ometv/feed/ HTTP/1.0" 200 1753 "-" "Mozilla/5.0 (compatible; Barkrowler/0.9; +https://babbar.tech/crawler)"
35.173.38.202 - - [06/Sep/2025:06:09:09 +0700] "GET /a-few-ways-to-experience-an-ideal-1st-date/ HTTP/1.0" 200 206637 "-" "Mozilla/5.0 AppleWebKit/537.36 (KHTML, like Gecko; compatible; Amazonbot/0.1; +https://developer.amazon.com/support/amazonbot) Chrome/119.0.6045.214 Safari/537.36"
44.195.50.71 - - [06/Sep/2025:06:09:13 +0700] "GET /exactly-what-are-the-benefits-of-cbd/ HTTP/1.0" 200 205898 "-" "Mozilla/5.0 AppleWebKit/537.36 (KHTML, like Gecko; compatible; Amazonbot/0.1; +https://developer.amazon.com/support/amazonbot) Chrome/119.0.6045.214 Safari/537.36"
45.117.177.72 - - [06/Sep/2025:06:09:19 +0700] "POST /wp-cron.php?doing_wp_cron=1757113758.9735078811645507812500 HTTP/1.0" 200 416 "-" "WordPress/6.8.1; https://vattusacky.vn"
98.82.107.102 - - [06/Sep/2025:06:09:17 +0700] "GET /category/uncategorized/page/161/ HTTP/1.0" 200 77810 "-" "Mozilla/5.0 AppleWebKit/537.36 (KHTML, like Gecko; compatible; Amazonbot/0.1; +https://developer.amazon.com/support/amazonbot) Chrome/119.0.6045.214 Safari/537.36"
217.113.194.73 - - [06/Sep/2025:06:09:19 +0700] "GET /hilarious-omegle-chats-that-will-leave-you-rolling-on-the-floor/feed/ HTTP/1.0" 200 1786 "-" "Mozilla/5.0 (compatible; Barkrowler/0.9; +https://babbar.tech/crawler)"
3.215.59.93 - - [06/Sep/2025:06:09:21 +0700] "GET /category/uncategorized/page/117/ HTTP/1.0" 200 77286 "-" "Mozilla/5.0 AppleWebKit/537.36 (KHTML, like Gecko; compatible; Amazonbot/0.1; +https://developer.amazon.com/support/amazonbot) Chrome/119.0.6045.214 Safari/537.36"
45.117.177.72 - - [06/Sep/2025:06:09:40 +0700] "POST /wp-cron.php?doing_wp_cron=1757113779.8868789672851562500000 HTTP/1.0" 200 416 "-" "WordPress/6.8.1; https://vattusacky.vn"
217.113.194.218 - - [06/Sep/2025:06:09:38 +0700] "GET /the-hidden-dangers-of-omegle-revealed-ensuring-online-protection/feed/ HTTP/1.0" 200 1789 "-" "Mozilla/5.0 (compatible; Barkrowler/0.9; +https://babbar.tech/crawler)"
217.113.194.75 - - [06/Sep/2025:06:09:58 +0700] "GET /the-hidden-dangers-of-omegle-revealed-preserving-your-online-privacy/feed/ HTTP/1.0" 200 1801 "-" "Mozilla/5.0 (compatible; Barkrowler/0.9; +https://babbar.tech/crawler)"
185.191.171.6 - - [06/Sep/2025:06:10:15 +0700] "GET /robots.txt HTTP/1.0" 200 984 "-" "Mozilla/5.0 (compatible; SemrushBot/7~bl; +http://www.semrush.com/bot.html)"
45.117.177.72 - - [06/Sep/2025:06:10:18 +0700] "POST /wp-cron.php?doing_wp_cron=1757113817.8433001041412353515625 HTTP/1.0" 200 416 "-" "WordPress/6.8.1; https://vattusacky.vn"
217.113.194.81 - - [06/Sep/2025:06:10:16 +0700] "GET /robots.txt HTTP/1.0" 200 984 "-" "Mozilla/5.0 (compatible; Barkrowler/0.9; +https://babbar.tech/crawler)"
185.191.171.3 - - [06/Sep/2025:06:10:17 +0700] "GET /san-pham/ HTTP/1.0" 200 136512 "-" "Mozilla/5.0 (compatible; SemrushBot/7~bl; +http://www.semrush.com/bot.html)"
217.113.194.81 - - [06/Sep/2025:06:10:35 +0700] "GET /very-best-10-problems-people-today-now-have-bingo-close-to/feed/ HTTP/1.0" 200 1771 "-" "Mozilla/5.0 (compatible; Barkrowler/0.9; +https://babbar.tech/crawler)"
217.113.194.75 - - [06/Sep/2025:06:10:54 +0700] "GET /top-rated-first-day-topics-to-get-to-know-your-night-out-better/feed/ HTTP/1.0" 200 1786 "-" "Mozilla/5.0 (compatible; Barkrowler/0.9; +https://babbar.tech/crawler)"
13.74.252.22 - - [06/Sep/2025:06:11:01 +0700] "GET /wp-content/plugins/hellopress/wp_filemanager.php HTTP/1.0" 301 712 "-" "-"
13.74.252.22 - - [06/Sep/2025:06:11:04 +0700] "GET /wp-content/plugins/hellopress/wp_filemanager.php HTTP/1.0" 404 70812 "-" "-"
13.74.252.22 - - [06/Sep/2025:06:11:06 +0700] "GET /lock360.php HTTP/1.0" 403 572 "-" "-"
13.74.252.22 - - [06/Sep/2025:06:11:06 +0700] "GET /gmo.php HTTP/1.0" 403 568 "-" "-"
13.74.252.22 - - [06/Sep/2025:06:11:06 +0700] "GET /ar.php HTTP/1.0" 403 567 "-" "-"
13.74.252.22 - - [06/Sep/2025:06:11:07 +0700] "GET /we.php HTTP/1.0" 403 567 "-" "-"
13.74.252.22 - - [06/Sep/2025:06:11:07 +0700] "GET /abcd.php HTTP/1.0" 403 569 "-" "-"
51.161.65.4 - - [06/Sep/2025:06:11:06 +0700] "GET /sitemap_index.xml HTTP/1.0" 200 2426 "-" "Mozilla/5.0 (compatible; AhrefsBot/7.0; +http://ahrefs.com/robot/)"
13.74.252.22 - - [06/Sep/2025:06:11:08 +0700] "GET /modules/mod_simplefileuploadv1.3/elements/filemanager.php HTTP/1.0" 301 721 "-" "-"
13.74.252.22 - - [06/Sep/2025:06:11:09 +0700] "GET /modules/mod_simplefileuploadv1.3/elements/filemanager.php HTTP/1.0" 404 70812 "-" "-"
13.74.252.22 - - [06/Sep/2025:06:11:12 +0700] "GET /pp.php HTTP/1.0" 403 567 "-" "-"
13.74.252.22 - - [06/Sep/2025:06:11:12 +0700] "GET /xc.php HTTP/1.0" 403 567 "-" "-"
13.74.252.22 - - [06/Sep/2025:06:11:12 +0700] "GET /wp.php HTTP/1.0" 403 567 "-" "-"
13.74.252.22 - - [06/Sep/2025:06:11:13 +0700] "GET /new.php HTTP/1.0" 403 568 "-" "-"
13.74.252.22 - - [06/Sep/2025:06:11:13 +0700] "GET /class20.php HTTP/1.0" 403 572 "-" "-"
13.74.252.22 - - [06/Sep/2025:06:11:14 +0700] "GET /ol.php HTTP/1.0" 403 567 "-" "-"
13.74.252.22 - - [06/Sep/2025:06:11:14 +0700] "GET /wp-gr.php HTTP/1.0" 403 570 "-" "-"
13.74.252.22 - - [06/Sep/2025:06:11:14 +0700] "GET /pp.php HTTP/1.0" 403 567 "-" "-"
13.74.252.22 - - [06/Sep/2025:06:11:15 +0700] "GET /error.php HTTP/1.0" 403 570 "-" "-"
13.74.252.22 - - [06/Sep/2025:06:11:15 +0700] "GET /axx.php HTTP/1.0" 403 568 "-" "-"
217.113.194.73 - - [06/Sep/2025:06:11:14 +0700] "GET /apply-these-5-secret-techniques-to-improve-deposit-with-payid-casino/feed/ HTTP/1.0" 200 1801 "-" "Mozilla/5.0 (compatible; Barkrowler/0.9; +https://babbar.tech/crawler)"
51.161.37.187 - - [06/Sep/2025:06:11:11 +0700] "GET /post-sitemap.xml HTTP/1.0" 500 3278 "-" "Mozilla/5.0 (compatible; AhrefsBot/7.0; +http://ahrefs.com/robot/)"
45.117.177.72 - - [06/Sep/2025:06:11:23 +0700] "POST /wp-cron.php?doing_wp_cron=1757113883.1272521018981933593750 HTTP/1.0" 200 416 "-" "WordPress/6.8.1; https://vattusacky.vn"
142.44.220.59 - - [06/Sep/2025:06:11:22 +0700] "GET /post-sitemap2.xml HTTP/1.0" 200 158032 "-" "Mozilla/5.0 (compatible; AhrefsBot/7.0; +http://ahrefs.com/robot/)"
15.235.96.211 - - [06/Sep/2025:06:11:31 +0700] "GET /post-sitemap3.xml HTTP/1.0" 200 155802 "-" "Mozilla/5.0 (compatible; AhrefsBot/7.0; +http://ahrefs.com/robot/)"
217.113.194.72 - - [06/Sep/2025:06:11:33 +0700] "GET /cash-talks-un-pair-bi-cotier-qui-gagne-210-000-par-an/ HTTP/1.0" 200 212510 "-" "Mozilla/5.0 (compatible; Barkrowler/0.9; +https://babbar.tech/crawler)"
54.39.0.221 - - [06/Sep/2025:06:11:36 +0700] "GET /post-sitemap4.xml HTTP/1.0" 200 157863 "-" "Mozilla/5.0 (compatible; AhrefsBot/7.0; +http://ahrefs.com/robot/)"
15.235.96.211 - - [06/Sep/2025:06:11:41 +0700] "GET /post-sitemap5.xml HTTP/1.0" 200 159938 "-" "Mozilla/5.0 (compatible; AhrefsBot/7.0; +http://ahrefs.com/robot/)"
54.39.136.230 - - [06/Sep/2025:06:11:48 +0700] "GET /post-sitemap6.xml HTTP/1.0" 200 42210 "-" "Mozilla/5.0 (compatible; AhrefsBot/7.0; +http://ahrefs.com/robot/)"
54.39.136.171 - - [06/Sep/2025:06:11:51 +0700] "GET /page-sitemap.xml HTTP/1.0" 200 1873 "-" "Mozilla/5.0 (compatible; AhrefsBot/7.0; +http://ahrefs.com/robot/)"
217.113.194.77 - - [06/Sep/2025:06:12:00 +0700] "GET /aqui-hay-un-metodo-que-esta-ayudando-a-olimpobet/ HTTP/1.0" 200 90674 "-" "Mozilla/5.0 (compatible; Barkrowler/0.9; +https://babbar.tech/crawler)"
54.39.210.143 - - [06/Sep/2025:06:11:54 +0700] "GET /attachment-sitemap.xml HTTP/1.0" 200 72345 "-" "Mozilla/5.0 (compatible; AhrefsBot/7.0; +http://ahrefs.com/robot/)"
51.222.95.31 - - [06/Sep/2025:06:12:03 +0700] "GET /product-sitemap.xml HTTP/1.0" 200 51048 "-" "Mozilla/5.0 (compatible; AhrefsBot/7.0; +http://ahrefs.com/robot/)"
142.44.233.113 - - [06/Sep/2025:06:12:10 +0700] "GET /category-sitemap.xml HTTP/1.0" 200 24564 "-" "Mozilla/5.0 (compatible; AhrefsBot/7.0; +http://ahrefs.com/robot/)"
15.235.27.69 - - [06/Sep/2025:06:12:15 +0700] "GET /post_tag-sitemap.xml HTTP/1.0" 200 12903 "-" "Mozilla/5.0 (compatible; AhrefsBot/7.0; +http://ahrefs.com/robot/)"
45.117.177.72 - - [06/Sep/2025:06:12:19 +0700] "POST /wp-cron.php?doing_wp_cron=1757113939.7027869224548339843750 HTTP/1.0" 200 416 "-" "WordPress/6.8.1; https://vattusacky.vn"
54.39.136.72 - - [06/Sep/2025:06:12:18 +0700] "GET /product_cat-sitemap.xml HTTP/1.0" 200 8595 "-" "Mozilla/5.0 (compatible; AhrefsBot/7.0; +http://ahrefs.com/robot/)"
54.39.210.61 - - [06/Sep/2025:06:12:21 +0700] "GET /product_tag-sitemap.xml HTTP/1.0" 200 28520 "-" "Mozilla/5.0 (compatible; AhrefsBot/7.0; +http://ahrefs.com/robot/)"
217.113.194.73 - - [06/Sep/2025:06:12:23 +0700] "GET /finding-connection-in-a-digital-world-lessons-from-omegle-chronicles/feed/ HTTP/1.0" 200 1801 "-" "Mozilla/5.0 (compatible; Barkrowler/0.9; +https://babbar.tech/crawler)"
217.113.194.217 - - [06/Sep/2025:06:12:42 +0700] "GET /pin-ap-kazino-oficialnyj-sajt-igrat-v-onlajn/ HTTP/1.0" 200 267080 "-" "Mozilla/5.0 (compatible; Barkrowler/0.9; +https://babbar.tech/crawler)"
45.117.177.72 - - [06/Sep/2025:06:13:22 +0700] "POST /wp-cron.php?doing_wp_cron=1757114002.3140060901641845703125 HTTP/1.0" 200 416 "-" "WordPress/6.8.1; https://vattusacky.vn"
217.113.194.72 - - [06/Sep/2025:06:13:21 +0700] "GET /pin-up-casino-kazino-bonusy-igrat-v-virtualnuju-2/feed/ HTTP/1.0" 200 1797 "-" "Mozilla/5.0 (compatible; Barkrowler/0.9; +https://babbar.tech/crawler)"
217.113.194.217 - - [06/Sep/2025:06:13:41 +0700] "GET /the-method-to-declare-free-500-000-ugx-for-bets-39/feed/ HTTP/1.0" 200 1777 "-" "Mozilla/5.0 (compatible; Barkrowler/0.9; +https://babbar.tech/crawler)"
217.113.194.80 - - [06/Sep/2025:06:14:00 +0700] "GET /from-serendipity-to-friendship-the-magic-of-omegle-and-ometv/ HTTP/1.0" 200 91558 "-" "Mozilla/5.0 (compatible; Barkrowler/0.9; +https://babbar.tech/crawler)"
213.180.203.66 - - [06/Sep/2025:06:14:09 +0700] "GET /the-joys-and-challenges-of-omegle-collaborations-insights-from-artists/ HTTP/1.0" 200 92082 "-" "Mozilla/5.0 (compatible; YandexBot/3.0; +http://yandex.com/bots)"
45.117.177.72 - - [06/Sep/2025:06:14:27 +0700] "POST /wp-cron.php?doing_wp_cron=1757114067.6477630138397216796875 HTTP/1.0" 200 416 "-" "WordPress/6.8.1; https://vattusacky.vn"
217.113.194.72 - - [06/Sep/2025:06:14:26 +0700] "GET /from-anonymity-to-authenticity-the-journey-on-omegle-and-ometv/ HTTP/1.0" 200 92737 "-" "Mozilla/5.0 (compatible; Barkrowler/0.9; +https://babbar.tech/crawler)"
217.113.194.81 - - [06/Sep/2025:06:14:50 +0700] "GET /aviator-igra-otzyvy-taktika-igry-strategija/feed/ HTTP/1.0" 200 1764 "-" "Mozilla/5.0 (compatible; Barkrowler/0.9; +https://babbar.tech/crawler)"
185.191.171.11 - - [06/Sep/2025:06:14:57 +0700] "GET /thailander-mail-purchase-brides-and-dates-buy-a-thailander-bride-available/ HTTP/1.0" 200 124075 "-" "Mozilla/5.0 (compatible; SemrushBot/7~bl; +http://www.semrush.com/bot.html)"
45.117.177.72 - - [06/Sep/2025:06:15:13 +0700] "POST /wp-cron.php?doing_wp_cron=1757114112.8931100368499755859375 HTTP/1.0" 200 416 "-" "WordPress/6.8.1; https://vattusacky.vn"
217.113.194.79 - - [06/Sep/2025:06:15:11 +0700] "GET /aviator-por-dinheiro-quais-sao-os-beneficios-e-5/feed/ HTTP/1.0" 200 1761 "-" "Mozilla/5.0 (compatible; Barkrowler/0.9; +https://babbar.tech/crawler)"
45.117.177.72 - - [06/Sep/2025:06:15:31 +0700] "POST /wp-cron.php?doing_wp_cron=1757114131.8049550056457519531250 HTTP/1.0" 200 416 "-" "WordPress/6.8.1; https://vattusacky.vn"
217.113.194.74 - - [06/Sep/2025:06:15:30 +0700] "GET /worldwide-relationship-discover-actual-lasting-love-at-this-time/feed/ HTTP/1.0" 200 1793 "-" "Mozilla/5.0 (compatible; Barkrowler/0.9; +https://babbar.tech/crawler)"
217.113.194.73 - - [06/Sep/2025:06:15:51 +0700] "GET /hence-finden-sie-die-besten-cam-websites-anstatt-erwachsene/ HTTP/1.0" 200 210421 "-" "Mozilla/5.0 (compatible; Barkrowler/0.9; +https://babbar.tech/crawler)"
45.117.177.72 - - [06/Sep/2025:06:16:31 +0700] "POST /wp-cron.php?doing_wp_cron=1757114191.6438629627227783203125 HTTP/1.0" 200 416 "-" "WordPress/6.8.1; https://vattusacky.vn"
217.113.194.217 - - [06/Sep/2025:06:16:30 +0700] "GET /pidziesit-fs-no-deposit-lub-25-bez-depozytu/ HTTP/1.0" 200 212177 "-" "Mozilla/5.0 (compatible; Barkrowler/0.9; +https://babbar.tech/crawler)"
217.113.194.76 - - [06/Sep/2025:06:17:05 +0700] "GET /networking-for-social-and-professional-advancement-on-omegle-and-ometv/ HTTP/1.0" 200 93562 "-" "Mozilla/5.0 (compatible; Barkrowler/0.9; +https://babbar.tech/crawler)"
45.117.177.72 - - [06/Sep/2025:06:17:28 +0700] "POST /wp-cron.php?doing_wp_cron=1757114248.7532289028167724609375 HTTP/1.0" 200 416 "-" "WordPress/6.8.1; https://vattusacky.vn"
217.113.194.74 - - [06/Sep/2025:06:17:27 +0700] "GET /chatroulette-and-omegle-a-playground-for-creativity-and-innovation/ HTTP/1.0" 200 94189 "-" "Mozilla/5.0 (compatible; Barkrowler/0.9; +https://babbar.tech/crawler)"
85.208.96.194 - - [06/Sep/2025:06:17:43 +0700] "GET /author/yanz/page/91/ HTTP/1.0" 200 76634 "-" "Mozilla/5.0 (compatible; SemrushBot/7~bl; +http://www.semrush.com/bot.html)"
217.113.194.76 - - [06/Sep/2025:06:17:50 +0700] "GET /a-glimpse-into-omegles-future-redefining-random-chats/feed/ HTTP/1.0" 200 1756 "-" "Mozilla/5.0 (compatible; Barkrowler/0.9; +https://babbar.tech/crawler)"
154.54.249.200 - - [06/Sep/2025:06:18:09 +0700] "GET /afety-first-how-omegle-and-ometv-ensure-user-security/feed/ HTTP/1.0" 200 1756 "-" "Mozilla/5.0 (compatible; Barkrowler/0.9; +https://babbar.tech/crawler)"
45.117.177.72 - - [06/Sep/2025:06:18:30 +0700] "POST /wp-cron.php?doing_wp_cron=1757114310.6321411132812500000000 HTTP/1.0" 200 416 "-" "WordPress/6.8.1; https://vattusacky.vn"
154.54.249.200 - - [06/Sep/2025:06:18:29 +0700] "GET /effective-listening-skills-for-successful-first-impressions-on-omegle/feed/ HTTP/1.0" 200 1804 "-" "Mozilla/5.0 (compatible; Barkrowler/0.9; +https://babbar.tech/crawler)"
217.113.194.81 - - [06/Sep/2025:06:18:50 +0700] "GET /the-influence-of-omegle-how-it-reshapes-the-way-we-communicate/ HTTP/1.0" 200 91175 "-" "Mozilla/5.0 (compatible; Barkrowler/0.9; +https://babbar.tech/crawler)"
