51.222.168.85 - - [06/Sep/2025:08:30:19 +0700] "GET /category-sitemap.xml HTTP/1.0" 200 24564 "-" "Mozilla/5.0 (compatible; AhrefsBot/7.0; +http://ahrefs.com/robot/)"
54.39.6.8 - - [06/Sep/2025:08:30:26 +0700] "GET /post_tag-sitemap.xml HTTP/1.0" 200 12903 "-" "Mozilla/5.0 (compatible; AhrefsBot/7.0; +http://ahrefs.com/robot/)"
51.222.95.237 - - [06/Sep/2025:08:30:31 +0700] "GET /product_cat-sitemap.xml HTTP/1.0" 200 8595 "-" "Mozilla/5.0 (compatible; AhrefsBot/7.0; +http://ahrefs.com/robot/)"
54.39.6.106 - - [06/Sep/2025:08:30:36 +0700] "GET /product_tag-sitemap.xml HTTP/1.0" 200 28520 "-" "Mozilla/5.0 (compatible; AhrefsBot/7.0; +http://ahrefs.com/robot/)"
217.113.194.80 - - [06/Sep/2025:08:30:37 +0700] "GET /the-role-of-omegle-in-the-digital-age-connecting-people-from-all-over-the-world/ HTTP/1.0" 200 94676 "-" "Mozilla/5.0 (compatible; Barkrowler/0.9; +https://babbar.tech/crawler)"
217.113.194.217 - - [06/Sep/2025:08:31:08 +0700] "GET /the-role-of-psychology-in-omegle-mind-games-a-deeper-insight/feed/ HTTP/1.0" 200 1777 "-" "Mozilla/5.0 (compatible; Barkrowler/0.9; +https://babbar.tech/crawler)"
45.117.177.72 - - [06/Sep/2025:08:31:35 +0700] "POST /wp-cron.php?doing_wp_cron=1757122294.7274389266967773437500 HTTP/1.0" 200 416 "-" "WordPress/6.8.1; https://vattusacky.vn"
217.113.194.72 - - [06/Sep/2025:08:31:31 +0700] "GET /the-role-of-empathy-in-navigating-online-friendships-vs-flirtation/feed/ HTTP/1.0" 200 1795 "-" "Mozilla/5.0 (compatible; Barkrowler/0.9; +https://babbar.tech/crawler)"
217.113.194.79 - - [06/Sep/2025:08:31:54 +0700] "GET /the-role-of-intention-in-creating-serendipity-on-omegle-and-ometv/ HTTP/1.0" 200 90812 "-" "Mozilla/5.0 (compatible; Barkrowler/0.9; +https://babbar.tech/crawler)"
45.117.177.72 - - [06/Sep/2025:08:32:29 +0700] "POST /wp-cron.php?doing_wp_cron=1757122348.6710870265960693359375 HTTP/1.0" 200 416 "-" "WordPress/6.8.1; https://vattusacky.vn"
217.113.194.217 - - [06/Sep/2025:08:32:23 +0700] "GET /the-role-of-anonymity-in-uncovering-ones-true-desires-on-omegle/feed/ HTTP/1.0" 200 1786 "-" "Mozilla/5.0 (compatible; Barkrowler/0.9; +https://babbar.tech/crawler)"
87.250.224.86 - - [06/Sep/2025:08:32:45 +0700] "GET /expressing-oneself-on-omegle/ HTTP/1.0" 200 90570 "-" "Mozilla/5.0 (compatible; YandexBot/3.0; +http://yandex.com/bots)"
217.113.194.79 - - [06/Sep/2025:08:32:47 +0700] "GET /the-role-of-trust-in-building-connections-on-omegles-social-experiment/feed/ HTTP/1.0" 200 1807 "-" "Mozilla/5.0 (compatible; Barkrowler/0.9; +https://babbar.tech/crawler)"
217.113.194.80 - - [06/Sep/2025:08:33:09 +0700] "GET /omegle-vs-ometv-the-tech-battle-for-chat-supremacy/feed/ HTTP/1.0" 200 1747 "-" "Mozilla/5.0 (compatible; Barkrowler/0.9; +https://babbar.tech/crawler)"
45.117.177.72 - - [06/Sep/2025:08:33:36 +0700] "POST /wp-cron.php?doing_wp_cron=1757122415.7995910644531250000000 HTTP/1.0" 200 416 "-" "WordPress/6.8.1; https://vattusacky.vn"
217.113.194.72 - - [06/Sep/2025:08:33:32 +0700] "GET /omegle-vs-ometv-which-one-offers-a-better-user-experience/feed/ HTTP/1.0" 200 1768 "-" "Mozilla/5.0 (compatible; Barkrowler/0.9; +https://babbar.tech/crawler)"
217.113.194.81 - - [06/Sep/2025:08:34:00 +0700] "GET /omegle-vs-ometv-which-chat-platform-uses-superior-technology/feed/ HTTP/1.0" 200 1777 "-" "Mozilla/5.0 (compatible; Barkrowler/0.9; +https://babbar.tech/crawler)"
45.117.177.72 - - [06/Sep/2025:08:34:32 +0700] "POST /wp-cron.php?doing_wp_cron=1757122472.3753790855407714843750 HTTP/1.0" 200 416 "-" "WordPress/6.8.1; https://vattusacky.vn"
217.113.194.218 - - [06/Sep/2025:08:34:29 +0700] "GET /omegle-vs-ometv-a-final-verdict-on-the-best-random-chat-platform/feed/ HTTP/1.0" 200 1789 "-" "Mozilla/5.0 (compatible; Barkrowler/0.9; +https://babbar.tech/crawler)"
217.113.194.76 - - [06/Sep/2025:08:35:02 +0700] "GET /omegle-vs-ometv-a-tech-showdown-between-two-chat-giants/feed/ HTTP/1.0" 200 1762 "-" "Mozilla/5.0 (compatible; Barkrowler/0.9; +https://babbar.tech/crawler)"
45.117.177.72 - - [06/Sep/2025:08:35:41 +0700] "POST /wp-cron.php?doing_wp_cron=1757122541.4383969306945800781250 HTTP/1.0" 200 416 "-" "WordPress/6.8.1; https://vattusacky.vn"
217.113.194.77 - - [06/Sep/2025:08:35:37 +0700] "GET /omegle-nsfw-content-how-to-avoid-and-report-inappropriate-material/ HTTP/1.0" 200 90079 "-" "Mozilla/5.0 (compatible; Barkrowler/0.9; +https://babbar.tech/crawler)"
45.117.177.72 - - [06/Sep/2025:08:36:18 +0700] "POST /wp-cron.php?doing_wp_cron=1757122577.9369881153106689453125 HTTP/1.0" 200 416 "-" "WordPress/6.8.1; https://vattusacky.vn"
217.113.194.76 - - [06/Sep/2025:08:36:14 +0700] "GET /omegle-nsfw-content-how-to-avoid-and-report-inappropriate-material/feed/ HTTP/1.0" 200 1795 "-" "Mozilla/5.0 (compatible; Barkrowler/0.9; +https://babbar.tech/crawler)"
217.113.194.80 - - [06/Sep/2025:08:36:40 +0700] "GET /omegles-role-in-online-activism-movements-mobilizing-support-and-awareness/feed/ HTTP/1.0" 200 1819 "-" "Mozilla/5.0 (compatible; Barkrowler/0.9; +https://babbar.tech/crawler)"
217.113.194.81 - - [06/Sep/2025:08:37:02 +0700] "GET /omegles-role-in-combating-social-isolation-among-seniors/feed/ HTTP/1.0" 200 1765 "-" "Mozilla/5.0 (compatible; Barkrowler/0.9; +https://babbar.tech/crawler)"
45.117.177.72 - - [06/Sep/2025:08:37:29 +0700] "POST /wp-cron.php?doing_wp_cron=1757122648.7507081031799316406250 HTTP/1.0" 200 416 "-" "WordPress/6.8.1; https://vattusacky.vn"
154.54.249.200 - - [06/Sep/2025:08:37:24 +0700] "GET /omegles-use-in-research-and-data-collection-studying-online-social-behavior/ HTTP/1.0" 200 90503 "-" "Mozilla/5.0 (compatible; Barkrowler/0.9; +https://babbar.tech/crawler)"
217.113.194.80 - - [06/Sep/2025:08:37:53 +0700] "GET /omegle-and-creativity-the-platform-as-a-source-of-inspiration-for-artists/feed/ HTTP/1.0" 200 1816 "-" "Mozilla/5.0 (compatible; Barkrowler/0.9; +https://babbar.tech/crawler)"
43.166.240.231 - - [06/Sep/2025:08:38:08 +0700] "GET / HTTP/1.0" 301 598 "http://www.vattusacky.vn" "Mozilla/5.0 (iPhone; CPU iPhone OS 13_2_3 like Mac OS X) AppleWebKit/605.1.15 (KHTML, like Gecko) Version/13.0.3 Mobile/15E148 Safari/604.1"
45.117.177.72 - - [06/Sep/2025:08:38:21 +0700] "POST /wp-cron.php?doing_wp_cron=1757122701.5373129844665527343750 HTTP/1.0" 200 416 "-" "WordPress/6.8.1; https://vattusacky.vn"
43.166.240.231 - - [06/Sep/2025:08:38:18 +0700] "GET / HTTP/1.0" 200 60071 "https://www.vattusacky.vn/" "Mozilla/5.0 (iPhone; CPU iPhone OS 13_2_3 like Mac OS X) AppleWebKit/605.1.15 (KHTML, like Gecko) Version/13.0.3 Mobile/15E148 Safari/604.1"
217.113.194.81 - - [06/Sep/2025:08:38:18 +0700] "GET /omegle-and-language-learning-practicing-foreign-languages-through-conversations/feed/ HTTP/1.0" 200 1834 "-" "Mozilla/5.0 (compatible; Barkrowler/0.9; +https://babbar.tech/crawler)"
217.113.194.72 - - [06/Sep/2025:08:38:40 +0700] "GET /omegle-and-parental-concerns-ensuring-safety-for-children-and-teens/feed/ HTTP/1.0" 200 1798 "-" "Mozilla/5.0 (compatible; Barkrowler/0.9; +https://babbar.tech/crawler)"
217.113.194.217 - - [06/Sep/2025:08:39:03 +0700] "GET /omegle-and-cultural-exchange-celebrating-diversity-through-online-connections/feed/ HTTP/1.0" 200 1828 "-" "Mozilla/5.0 (compatible; Barkrowler/0.9; +https://babbar.tech/crawler)"
45.117.177.72 - - [06/Sep/2025:08:39:29 +0700] "POST /wp-cron.php?doing_wp_cron=1757122768.9911038875579833984375 HTTP/1.0" 200 416 "-" "WordPress/6.8.1; https://vattusacky.vn"
217.113.194.80 - - [06/Sep/2025:08:39:24 +0700] "GET /omegle-and-cultural-exchange-learning-about-different-countries-and-traditions/feed/ HTTP/1.0" 200 1831 "-" "Mozilla/5.0 (compatible; Barkrowler/0.9; +https://babbar.tech/crawler)"
217.113.194.80 - - [06/Sep/2025:08:39:47 +0700] "GET /omegle-and-cultural-exchange-learning-about-different-countries-and-perspectives/feed/ HTTP/1.0" 200 1837 "-" "Mozilla/5.0 (compatible; Barkrowler/0.9; +https://babbar.tech/crawler)"
217.113.194.73 - - [06/Sep/2025:08:40:09 +0700] "GET /omegle-and-cultural-exchange-learning-about-different-countries-and-perspectives/ HTTP/1.0" 200 89587 "-" "Mozilla/5.0 (compatible; Barkrowler/0.9; +https://babbar.tech/crawler)"
45.117.177.72 - - [06/Sep/2025:08:40:17 +0700] "POST /wp-cron.php?doing_wp_cron=1757122817.5621430873870849609375 HTTP/1.0" 200 416 "-" "WordPress/6.8.1; https://vattusacky.vn"
85.208.96.205 - - [06/Sep/2025:08:40:13 +0700] "GET /robots.txt HTTP/1.0" 200 984 "-" "Mozilla/5.0 (compatible; SemrushBot/7~bl; +http://www.semrush.com/bot.html)"
185.191.171.4 - - [06/Sep/2025:08:40:19 +0700] "GET /lhistoire-de-match-com-de-1993-a-ces-jours/ HTTP/1.0" 200 212647 "-" "Mozilla/5.0 (compatible; SemrushBot/7~bl; +http://www.semrush.com/bot.html)"
217.113.194.76 - - [06/Sep/2025:08:40:35 +0700] "GET /omegle-and-the-rise-of-virtual-events-connecting-people-across-the-globe/feed/ HTTP/1.0" 200 1813 "-" "Mozilla/5.0 (compatible; Barkrowler/0.9; +https://babbar.tech/crawler)"
217.113.194.79 - - [06/Sep/2025:08:41:00 +0700] "GET /omegle-and-mental-health-support-finding-empathy-and-understanding-online/feed/ HTTP/1.0" 200 1816 "-" "Mozilla/5.0 (compatible; Barkrowler/0.9; +https://babbar.tech/crawler)"
45.117.177.72 - - [06/Sep/2025:08:41:26 +0700] "POST /wp-cron.php?doing_wp_cron=1757122886.3110859394073486328125 HTTP/1.0" 200 416 "-" "WordPress/6.8.1; https://vattusacky.vn"
217.113.194.72 - - [06/Sep/2025:08:41:22 +0700] "GET /omegle-and-self-expression-embracing-individuality-in-a-digital-space/ HTTP/1.0" 200 91363 "-" "Mozilla/5.0 (compatible; Barkrowler/0.9; +https://babbar.tech/crawler)"
154.54.249.200 - - [06/Sep/2025:08:41:46 +0700] "GET /omegle-and-global-citizenship-fostering-understanding-and-empathy/feed/ HTTP/1.0" 200 1792 "-" "Mozilla/5.0 (compatible; Barkrowler/0.9; +https://babbar.tech/crawler)"
154.54.249.200 - - [06/Sep/2025:08:42:10 +0700] "GET /omegle-and-cybersecurity-ensuring-data-privacy-and-protection-on-the-platform/feed/ HTTP/1.0" 200 1828 "-" "Mozilla/5.0 (compatible; Barkrowler/0.9; +https://babbar.tech/crawler)"
45.117.177.72 - - [06/Sep/2025:08:42:33 +0700] "POST /wp-cron.php?doing_wp_cron=1757122953.6291549205780029296875 HTTP/1.0" 200 416 "-" "WordPress/6.8.1; https://vattusacky.vn"
217.113.194.78 - - [06/Sep/2025:08:42:31 +0700] "GET /omegle-and-cyberbullying-addressing-and-preventing-bullying-in-anonymous-chats/ HTTP/1.0" 200 83675 "-" "Mozilla/5.0 (compatible; Barkrowler/0.9; +https://babbar.tech/crawler)"
103.188.82.198 - - [06/Sep/2025:08:42:42 +0700] "GET /wp-login.php HTTP/1.0" 200 11388 "-" "Mozilla/5.0 (X11; U; Linux i686; en-US; rv:96.0) Gecko/20071914 Firefox/96.0"
103.188.82.198 - - [06/Sep/2025:08:42:46 +0700] "POST /wp-login.php HTTP/1.0" 200 11733 "-" "Mozilla/5.0 (X11; U; Linux i686; en-US; rv:96.0) Gecko/20071914 Firefox/96.0"
217.113.194.81 - - [06/Sep/2025:08:42:55 +0700] "GET /omegle-and-ometv-revolutionizing-the-way-we-make-new-connections/feed/ HTTP/1.0" 200 1789 "-" "Mozilla/5.0 (compatible; Barkrowler/0.9; +https://babbar.tech/crawler)"
45.117.177.72 - - [06/Sep/2025:08:43:23 +0700] "POST /wp-cron.php?doing_wp_cron=1757123002.6536679267883300781250 HTTP/1.0" 200 416 "-" "WordPress/6.8.1; https://vattusacky.vn"
217.113.194.76 - - [06/Sep/2025:08:43:17 +0700] "GET /omegle-and-ometv-the-influence-of-random-connections-on-mental-health/feed/ HTTP/1.0" 200 1804 "-" "Mozilla/5.0 (compatible; Barkrowler/0.9; +https://babbar.tech/crawler)"
217.113.194.218 - - [06/Sep/2025:08:43:40 +0700] "GET /omegle-and-ometv-providing-solace-and-support-in-times-of-isolation/ HTTP/1.0" 200 91997 "-" "Mozilla/5.0 (compatible; Barkrowler/0.9; +https://babbar.tech/crawler)"
217.113.194.81 - - [06/Sep/2025:08:44:04 +0700] "GET /omegle-and-ometv-understanding-the-motivations-and-goals-of-users/feed/ HTTP/1.0" 200 1792 "-" "Mozilla/5.0 (compatible; Barkrowler/0.9; +https://babbar.tech/crawler)"
216.244.66.237 - - [06/Sep/2025:08:44:08 +0700] "GET /the-social-experiment-of-omegle-what-have-we-learned/ HTTP/1.0" 200 92064 "-" "Mozilla/5.0 (compatible; DotBot/1.2; +https://opensiteexplorer.org/dotbot; help@moz.com)"
45.117.177.72 - - [06/Sep/2025:08:44:28 +0700] "POST /wp-cron.php?doing_wp_cron=1757123068.5168991088867187500000 HTTP/1.0" 200 416 "-" "WordPress/6.8.1; https://vattusacky.vn"
217.113.194.79 - - [06/Sep/2025:08:44:25 +0700] "GET /omegle-and-ometv-a-revolution-in-online-entertainment-and-socialization/ HTTP/1.0" 200 90722 "-" "Mozilla/5.0 (compatible; Barkrowler/0.9; +https://babbar.tech/crawler)"
52.167.144.182 - - [06/Sep/2025:08:44:56 +0700] "GET /wp-content/uploads/2018/08/dau-lay-mau-dat-400-42.jpg HTTP/1.0" 200 430 "-" "Mozilla/5.0 AppleWebKit/537.36 (KHTML, like Gecko; compatible; bingbot/2.0; +http://www.bing.com/bingbot.htm) Chrome/116.0.1938.76 Safari/537.36"
217.113.194.80 - - [06/Sep/2025:08:44:53 +0700] "GET /omegle-and-ometv-empowering-individuals-to-share-their-stories/ HTTP/1.0" 200 82885 "-" "Mozilla/5.0 (compatible; Barkrowler/0.9; +https://babbar.tech/crawler)"
45.117.177.72 - - [06/Sep/2025:08:45:28 +0700] "POST /wp-cron.php?doing_wp_cron=1757123127.9121410846710205078125 HTTP/1.0" 200 416 "-" "WordPress/6.8.1; https://vattusacky.vn"
217.113.194.75 - - [06/Sep/2025:08:45:24 +0700] "GET /omegle-and-ometv-for-connecting-with-people-from-different-backgrounds/ HTTP/1.0" 200 93146 "-" "Mozilla/5.0 (compatible; Barkrowler/0.9; +https://babbar.tech/crawler)"
217.113.194.79 - - [06/Sep/2025:08:45:53 +0700] "GET /omegle-and-ometv-bridging-the-gap-between-different-cultures/ HTTP/1.0" 200 93179 "-" "Mozilla/5.0 (compatible; Barkrowler/0.9; +https://babbar.tech/crawler)"
45.117.177.72 - - [06/Sep/2025:08:46:25 +0700] "POST /wp-cron.php?doing_wp_cron=1757123185.4541149139404296875000 HTTP/1.0" 200 416 "-" "WordPress/6.8.1; https://vattusacky.vn"
217.113.194.77 - - [06/Sep/2025:08:46:21 +0700] "GET /omegle-and-the-ethics-of-anonymity-balancing-privacy-and-accountability/ HTTP/1.0" 200 93388 "-" "Mozilla/5.0 (compatible; Barkrowler/0.9; +https://babbar.tech/crawler)"
45.117.177.72 - - [06/Sep/2025:08:46:52 +0700] "POST /wp-cron.php?doing_wp_cron=1757123212.4469749927520751953125 HTTP/1.0" 200 416 "-" "WordPress/6.8.1; https://vattusacky.vn"
217.113.194.75 - - [06/Sep/2025:08:46:48 +0700] "GET /omegle-and-the-evolution-of-online-dating-from-chatroulette-to-dating-apps/ HTTP/1.0" 200 94602 "-" "Mozilla/5.0 (compatible; Barkrowler/0.9; +https://babbar.tech/crawler)"
52.167.144.182 - - [06/Sep/2025:08:47:08 +0700] "GET /omegle-and-online-harassment-recognizing-and-protecting-yourself-against-harassment-on-the-platform/feed/ HTTP/1.0" 200 1894 "-" "Mozilla/5.0 AppleWebKit/537.36 (KHTML, like Gecko; compatible; bingbot/2.0; +http://www.bing.com/bingbot.htm) Chrome/116.0.1938.76 Safari/537.36"
45.117.177.72 - - [06/Sep/2025:08:47:21 +0700] "POST /wp-cron.php?doing_wp_cron=1757123241.6821269989013671875000 HTTP/1.0" 200 416 "-" "WordPress/6.8.1; https://vattusacky.vn"
217.113.194.73 - - [06/Sep/2025:08:47:18 +0700] "GET /omegle-and-online-learning-supplementing-education-through-virtual-conversations/feed/ HTTP/1.0" 200 1837 "-" "Mozilla/5.0 (compatible; Barkrowler/0.9; +https://babbar.tech/crawler)"
217.113.194.76 - - [06/Sep/2025:08:47:39 +0700] "GET /omegle-anomalies-strange-and-bizarre-encounters-in-the-chatroom/feed/ HTTP/1.0" 200 1786 "-" "Mozilla/5.0 (compatible; Barkrowler/0.9; +https://babbar.tech/crawler)"
217.113.194.76 - - [06/Sep/2025:08:48:02 +0700] "GET /omegle-for-language-teachers-enhancing-classroom-learning-through-chatting/ HTTP/1.0" 200 93925 "-" "Mozilla/5.0 (compatible; Barkrowler/0.9; +https://babbar.tech/crawler)"
45.117.177.72 - - [06/Sep/2025:08:48:32 +0700] "POST /wp-cron.php?doing_wp_cron=1757123311.8243379592895507812500 HTTP/1.0" 200 416 "-" "WordPress/6.8.1; https://vattusacky.vn"
217.113.194.217 - - [06/Sep/2025:08:48:28 +0700] "GET /omegle-for-activism-using-the-platform-as-a-tool-for-social-change/feed/ HTTP/1.0" 200 1795 "-" "Mozilla/5.0 (compatible; Barkrowler/0.9; +https://babbar.tech/crawler)"
154.54.249.200 - - [06/Sep/2025:08:48:50 +0700] "GET /omegle-for-travelers-connecting-with-locals-and-exploring-new-destinations/feed/ HTTP/1.0" 200 1819 "-" "Mozilla/5.0 (compatible; Barkrowler/0.9; +https://babbar.tech/crawler)"
45.117.177.72 - - [06/Sep/2025:08:49:18 +0700] "POST /wp-cron.php?doing_wp_cron=1757123358.0086491107940673828125 HTTP/1.0" 200 416 "-" "WordPress/6.8.1; https://vattusacky.vn"
217.113.194.77 - - [06/Sep/2025:08:49:13 +0700] "GET /omegle-stories-memorable-experiences-and-encounters-shared-by-users/feed/ HTTP/1.0" 200 1798 "-" "Mozilla/5.0 (compatible; Barkrowler/0.9; +https://babbar.tech/crawler)"
217.113.194.217 - - [06/Sep/2025:08:49:36 +0700] "GET /omegle-career-networking-building-professional-connections-in-the-digital-age/feed/ HTTP/1.0" 200 1828 "-" "Mozilla/5.0 (compatible; Barkrowler/0.9; +https://babbar.tech/crawler)"
217.113.194.76 - - [06/Sep/2025:08:49:58 +0700] "GET /omegle-as-a-source-of-entertainment-funny-and-unusual-encounters/feed/ HTTP/1.0" 200 1789 "-" "Mozilla/5.0 (compatible; Barkrowler/0.9; +https://babbar.tech/crawler)"
51.161.65.188 - - [06/Sep/2025:08:50:02 +0700] "GET /author/yanz/page/300/ HTTP/1.0" 200 75607 "-" "Mozilla/5.0 (compatible; AhrefsBot/7.0; +http://ahrefs.com/robot/)"
45.117.177.72 - - [06/Sep/2025:08:50:27 +0700] "POST /wp-cron.php?doing_wp_cron=1757123427.3581929206848144531250 HTTP/1.0" 200 416 "-" "WordPress/6.8.1; https://vattusacky.vn"
217.113.194.73 - - [06/Sep/2025:08:50:21 +0700] "GET /omegle-as-a-tool-for-exploring-different-cultures-and-perspectives/feed/ HTTP/1.0" 200 1795 "-" "Mozilla/5.0 (compatible; Barkrowler/0.9; +https://babbar.tech/crawler)"
217.113.194.79 - - [06/Sep/2025:08:50:46 +0700] "GET /omegle-horror-stories-creepy-and-unsettling-experiences-shared/feed/ HTTP/1.0" 200 1783 "-" "Mozilla/5.0 (compatible; Barkrowler/0.9; +https://babbar.tech/crawler)"
217.113.194.73 - - [06/Sep/2025:08:51:10 +0700] "GET /omegle-virtual-reality-chat-immersive-conversations-in-a-virtual-world/ HTTP/1.0" 200 86299 "-" "Mozilla/5.0 (compatible; Barkrowler/0.9; +https://babbar.tech/crawler)"
45.117.177.72 - - [06/Sep/2025:08:51:45 +0700] "POST /wp-cron.php?doing_wp_cron=1757123505.6299440860748291015625 HTTP/1.0" 200 416 "-" "WordPress/6.8.1; https://vattusacky.vn"
217.113.194.217 - - [06/Sep/2025:08:51:40 +0700] "GET /sustanon-250-steroid-tutto-cio-che-devi-sapere-10/feed/ HTTP/1.0" 200 1742 "-" "Mozilla/5.0 (compatible; Barkrowler/0.9; +https://babbar.tech/crawler)"
217.113.194.75 - - [06/Sep/2025:08:52:04 +0700] "GET /sustanon-250-steroid-tutto-cio-che-devi-sapere-9/feed/ HTTP/1.0" 200 1740 "-" "Mozilla/5.0 (compatible; Barkrowler/0.9; +https://babbar.tech/crawler)"
45.117.177.72 - - [06/Sep/2025:08:52:29 +0700] "POST /wp-cron.php?doing_wp_cron=1757123549.4446129798889160156250 HTTP/1.0" 200 416 "-" "WordPress/6.8.1; https://vattusacky.vn"
217.113.194.76 - - [06/Sep/2025:08:52:25 +0700] "GET /diversity-in-omegle-artistry-celebrating-different-artistic-styles/feed/ HTTP/1.0" 200 1795 "-" "Mozilla/5.0 (compatible; Barkrowler/0.9; +https://babbar.tech/crawler)"
217.113.194.218 - - [06/Sep/2025:08:52:49 +0700] "GET /online-intimacy-as-a-form-of-escape-exploring-the-appeal-of-omegle/feed/ HTTP/1.0" 200 1795 "-" "Mozilla/5.0 (compatible; Barkrowler/0.9; +https://babbar.tech/crawler)"
217.113.194.218 - - [06/Sep/2025:08:53:11 +0700] "GET /online-security-video-vs-text-communication-on-omegle-and-ometv/feed/ HTTP/1.0" 200 1786 "-" "Mozilla/5.0 (compatible; Barkrowler/0.9; +https://babbar.tech/crawler)"
45.117.177.72 - - [06/Sep/2025:08:53:38 +0700] "POST /wp-cron.php?doing_wp_cron=1757123617.7627429962158203125000 HTTP/1.0" 200 416 "-" "WordPress/6.8.1; https://vattusacky.vn"
217.113.194.72 - - [06/Sep/2025:08:53:34 +0700] "GET /maksim-krippa-strategija-bystrogo-i-bezopasnogo-234/ HTTP/1.0" 200 231940 "-" "Mozilla/5.0 (compatible; Barkrowler/0.9; +https://babbar.tech/crawler)"
45.117.177.72 - - [06/Sep/2025:08:54:19 +0700] "POST /wp-cron.php?doing_wp_cron=1757123659.3559129238128662109375 HTTP/1.0" 200 416 "-" "WordPress/6.8.1; https://vattusacky.vn"
217.113.194.217 - - [06/Sep/2025:08:54:15 +0700] "GET /malware-review-which-antivirus-security-software-software-if-you-undertake/feed/ HTTP/1.0" 200 1830 "-" "Mozilla/5.0 (compatible; Barkrowler/0.9; +https://babbar.tech/crawler)"
217.113.194.218 - - [06/Sep/2025:08:54:39 +0700] "GET /the-dance-of-empathy-connecting-through-understanding-on-omegle/feed/ HTTP/1.0" 200 1786 "-" "Mozilla/5.0 (compatible; Barkrowler/0.9; +https://babbar.tech/crawler)"
217.113.194.73 - - [06/Sep/2025:08:55:01 +0700] "GET /how-language-differences-impact-interactions-on-omegle-and-ometv/feed/ HTTP/1.0" 200 1789 "-" "Mozilla/5.0 (compatible; Barkrowler/0.9; +https://babbar.tech/crawler)"
45.117.177.72 - - [06/Sep/2025:08:55:31 +0700] "POST /wp-cron.php?doing_wp_cron=1757123730.7478849887847900390625 HTTP/1.0" 200 416 "-" "WordPress/6.8.1; https://vattusacky.vn"
154.54.249.200 - - [06/Sep/2025:08:55:25 +0700] "GET /plej-fortuna-kazino-bonusy-igrat-v-virtualnuju/feed/ HTTP/1.0" 200 1801 "-" "Mozilla/5.0 (compatible; Barkrowler/0.9; +https://babbar.tech/crawler)"
185.191.171.18 - - [06/Sep/2025:08:55:28 +0700] "GET /ij-distinguishes-jaco-grants-asylum-psg-honduran-women-inside-news-immigration-law/ HTTP/1.0" 200 215087 "-" "Mozilla/5.0 (compatible; SemrushBot/7~bl; +http://www.semrush.com/bot.html)"
217.113.194.73 - - [06/Sep/2025:08:55:49 +0700] "GET /how-long-should-the-talking-phase-last-before-you-define-the-relationship/ HTTP/1.0" 200 210950 "-" "Mozilla/5.0 (compatible; Barkrowler/0.9; +https://babbar.tech/crawler)"
45.117.177.72 - - [06/Sep/2025:08:56:30 +0700] "POST /wp-cron.php?doing_wp_cron=1757123790.1612310409545898437500 HTTP/1.0" 200 416 "-" "WordPress/6.8.1; https://vattusacky.vn"
217.113.194.80 - - [06/Sep/2025:08:56:26 +0700] "GET /how-foreign-internet-dating-sites-can-help-you-fulfill-singles-all-over-the-world/feed/ HTTP/1.0" 200 1840 "-" "Mozilla/5.0 (compatible; Barkrowler/0.9; +https://babbar.tech/crawler)"
217.113.194.81 - - [06/Sep/2025:08:56:49 +0700] "GET /seeking-surprises-uncovering-the-delights-of-omegles-random-chat/feed/ HTTP/1.0" 200 1789 "-" "Mozilla/5.0 (compatible; Barkrowler/0.9; +https://babbar.tech/crawler)"
45.117.177.72 - - [06/Sep/2025:08:57:18 +0700] "POST /wp-cron.php?doing_wp_cron=1757123837.9813148975372314453125 HTTP/1.0" 200 416 "-" "WordPress/6.8.1; https://vattusacky.vn"
217.113.194.76 - - [06/Sep/2025:08:57:13 +0700] "GET /making-money-on-omegle-strategies-for-monetizing-your-chatting-skills/feed/ HTTP/1.0" 200 1804 "-" "Mozilla/5.0 (compatible; Barkrowler/0.9; +https://babbar.tech/crawler)"
95.108.213.157 - - [06/Sep/2025:08:57:17 +0700] "GET /danh-muc/co-ba%CC%89n-thi-nghie%CC%A3m/may-cay-dia-petri/ HTTP/1.0" 200 60135 "-" "Mozilla/5.0 (compatible; YandexBot/3.0; +http://yandex.com/bots)"
217.113.194.74 - - [06/Sep/2025:08:57:37 +0700] "GET /making-serendipity-part-of-your-online-routine-on-omegle-and-ometv/feed/ HTTP/1.0" 200 1795 "-" "Mozilla/5.0 (compatible; Barkrowler/0.9; +https://babbar.tech/crawler)"
217.113.194.76 - - [06/Sep/2025:08:58:02 +0700] "GET /making-the-most-of-limited-language-skills-on-omegle-and-ometv/feed/ HTTP/1.0" 200 1783 "-" "Mozilla/5.0 (compatible; Barkrowler/0.9; +https://babbar.tech/crawler)"
45.117.177.72 - - [06/Sep/2025:08:58:29 +0700] "POST /wp-cron.php?doing_wp_cron=1757123908.7397649288177490234375 HTTP/1.0" 200 416 "-" "WordPress/6.8.1; https://vattusacky.vn"
217.113.194.72 - - [06/Sep/2025:08:58:24 +0700] "GET /making-connections-bonding-with-strangers-on-omegle-and-ometv/feed/ HTTP/1.0" 200 1780 "-" "Mozilla/5.0 (compatible; Barkrowler/0.9; +https://babbar.tech/crawler)"
217.113.194.75 - - [06/Sep/2025:08:58:47 +0700] "GET /cara-memilih-link-slot-1000-terpercaya-di-indonesia/feed/ HTTP/1.0" 200 1752 "-" "Mozilla/5.0 (compatible; Barkrowler/0.9; +https://babbar.tech/crawler)"
217.113.194.78 - - [06/Sep/2025:08:59:12 +0700] "GET /pokerdom-casino-igrat-v-onlajn-ruletku-live-kazino/ HTTP/1.0" 200 218907 "-" "Mozilla/5.0 (compatible; Barkrowler/0.9; +https://babbar.tech/crawler)"
45.117.177.72 - - [06/Sep/2025:08:59:18 +0700] "POST /wp-cron.php?doing_wp_cron=1757123958.6092410087585449218750 HTTP/1.0" 200 416 "-" "WordPress/6.8.1; https://vattusacky.vn"
85.208.96.199 - - [06/Sep/2025:08:59:15 +0700] "GET /wildcardcity-internet-casino-overview-2023-5000-205/ HTTP/1.0" 200 76751 "-" "Mozilla/5.0 (compatible; SemrushBot/7~bl; +http://www.semrush.com/bot.html)"
185.191.171.13 - - [06/Sep/2025:08:59:46 +0700] "GET /ways-to-be-a-great-asian-better-half/ HTTP/1.0" 200 208161 "-" "Mozilla/5.0 (compatible; SemrushBot/7~bl; +http://www.semrush.com/bot.html)"
217.113.194.76 - - [06/Sep/2025:08:59:52 +0700] "GET /overcoming-the-challenges-of-building-empathy-through-a-screen/feed/ HTTP/1.0" 200 1783 "-" "Mozilla/5.0 (compatible; Barkrowler/0.9; +https://babbar.tech/crawler)"
45.117.177.72 - - [06/Sep/2025:09:00:19 +0700] "POST /wp-cron.php?doing_wp_cron=1757124019.2875568866729736328125 HTTP/1.0" 200 416 "-" "WordPress/6.8.1; https://vattusacky.vn"
217.113.194.79 - - [06/Sep/2025:09:00:14 +0700] "GET /overcoming-isolation-through-networking-on-omegle-and-ometv/feed/ HTTP/1.0" 200 1774 "-" "Mozilla/5.0 (compatible; Barkrowler/0.9; +https://babbar.tech/crawler)"
217.113.194.72 - - [06/Sep/2025:09:00:38 +0700] "GET /overcoming-stereotypes-and-biases-in-anonymous-omegle-chats/ HTTP/1.0" 200 90515 "-" "Mozilla/5.0 (compatible; Barkrowler/0.9; +https://babbar.tech/crawler)"
45.117.177.72 - - [06/Sep/2025:09:01:08 +0700] "POST /wp-cron.php?doing_wp_cron=1757124067.9269299507141113281250 HTTP/1.0" 200 416 "-" "WordPress/6.8.1; https://vattusacky.vn"
217.113.194.78 - - [06/Sep/2025:09:01:03 +0700] "GET /analyzing-the-psychology-of-loneliness-and-its-relation-to-omegle/ HTTP/1.0" 200 93278 "-" "Mozilla/5.0 (compatible; Barkrowler/0.9; +https://babbar.tech/crawler)"
45.117.177.72 - - [06/Sep/2025:09:01:37 +0700] "POST /wp-cron.php?doing_wp_cron=1757124097.4875340461730957031250 HTTP/1.0" 200 416 "-" "WordPress/6.8.1; https://vattusacky.vn"
217.113.194.217 - - [06/Sep/2025:09:01:32 +0700] "GET /analyzing-the-statistical-probabilities-of-coincidences-on-omegle/ HTTP/1.0" 200 91733 "-" "Mozilla/5.0 (compatible; Barkrowler/0.9; +https://babbar.tech/crawler)"
217.113.194.77 - - [06/Sep/2025:09:02:04 +0700] "GET /kham-pha-vu-tru-ly-ky-cua-tro-choi-song-bac/feed/ HTTP/1.0" 200 1740 "-" "Mozilla/5.0 (compatible; Barkrowler/0.9; +https://babbar.tech/crawler)"
45.117.177.72 - - [06/Sep/2025:09:02:32 +0700] "POST /wp-cron.php?doing_wp_cron=1757124152.2424769401550292968750 HTTP/1.0" 200 416 "-" "WordPress/6.8.1; https://vattusacky.vn"
217.113.194.74 - - [06/Sep/2025:09:02:27 +0700] "GET /a-comparative-study-of-user-satisfaction-on-omegle-and-ometv/ HTTP/1.0" 200 89586 "-" "Mozilla/5.0 (compatible; Barkrowler/0.9; +https://babbar.tech/crawler)"
217.113.194.81 - - [06/Sep/2025:09:03:01 +0700] "GET /danh-muc/co-ba%CC%89n-thi-nghie%CC%A3m/feed/ HTTP/1.0" 200 101626 "-" "Mozilla/5.0 (compatible; Barkrowler/0.9; +https://babbar.tech/crawler)"
45.117.177.72 - - [06/Sep/2025:09:03:41 +0700] "POST /wp-cron.php?doing_wp_cron=1757124221.4666600227355957031250 HTTP/1.0" 200 416 "-" "WordPress/6.8.1; https://vattusacky.vn"
217.113.194.77 - - [06/Sep/2025:09:03:36 +0700] "GET /creating-a-memorable-omegle-username-for-strong-first-impressions/feed/ HTTP/1.0" 200 1792 "-" "Mozilla/5.0 (compatible; Barkrowler/0.9; +https://babbar.tech/crawler)"
217.113.194.74 - - [06/Sep/2025:09:04:00 +0700] "GET /codere-cuotas-conoce-todo-sobre-las-cuotas-de-apuesta/feed/ HTTP/1.0" 200 1756 "-" "Mozilla/5.0 (compatible; Barkrowler/0.9; +https://babbar.tech/crawler)"
45.117.177.72 - - [06/Sep/2025:09:04:30 +0700] "POST /wp-cron.php?doing_wp_cron=1757124269.7521779537200927734375 HTTP/1.0" 200 416 "-" "WordPress/6.8.1; https://vattusacky.vn"
217.113.194.74 - - [06/Sep/2025:09:04:24 +0700] "GET /codere-i-giochi-da-casino-piu-coinvolgenti-e-sicuri/feed/ HTTP/1.0" 200 1752 "-" "Mozilla/5.0 (compatible; Barkrowler/0.9; +https://babbar.tech/crawler)"
217.113.194.78 - - [06/Sep/2025:09:04:49 +0700] "GET /codere-i-giochi-da-casino-piu-coinvolgenti-e-sicuri/ HTTP/1.0" 200 229183 "-" "Mozilla/5.0 (compatible; Barkrowler/0.9; +https://babbar.tech/crawler)"
45.117.177.72 - - [06/Sep/2025:09:05:36 +0700] "POST /wp-cron.php?doing_wp_cron=1757124336.2260971069335937500000 HTTP/1.0" 200 416 "-" "WordPress/6.8.1; https://vattusacky.vn"
217.113.194.75 - - [06/Sep/2025:09:05:33 +0700] "GET /the-ease-of-written-communication-ometvs-text-chat-benefits/feed/ HTTP/1.0" 200 1774 "-" "Mozilla/5.0 (compatible; Barkrowler/0.9; +https://babbar.tech/crawler)"
217.113.194.74 - - [06/Sep/2025:09:05:56 +0700] "GET /the-effects-of-omegle-on-self-esteem-and-self-perception/feed/ HTTP/1.0" 200 1765 "-" "Mozilla/5.0 (compatible; Barkrowler/0.9; +https://babbar.tech/crawler)"
45.117.177.72 - - [06/Sep/2025:09:06:21 +0700] "POST /wp-cron.php?doing_wp_cron=1757124381.4466829299926757812500 HTTP/1.0" 200 416 "-" "WordPress/6.8.1; https://vattusacky.vn"
217.113.194.218 - - [06/Sep/2025:09:06:17 +0700] "GET /the-joy-of-randomness-exploring-the-power-of-omegles-connections/feed/ HTTP/1.0" 200 1789 "-" "Mozilla/5.0 (compatible; Barkrowler/0.9; +https://babbar.tech/crawler)"
185.191.171.15 - - [06/Sep/2025:09:06:24 +0700] "GET /a-glimpse-into-omegles-future-redefining-random-chats/ HTTP/1.0" 200 91164 "-" "Mozilla/5.0 (compatible; SemrushBot/7~bl; +http://www.semrush.com/bot.html)"
217.113.194.75 - - [06/Sep/2025:09:06:39 +0700] "GET /the-allure-of-anonymity-unmasking-the-appeal-of-omegle/ HTTP/1.0" 200 91585 "-" "Mozilla/5.0 (compatible; Barkrowler/0.9; +https://babbar.tech/crawler)"
217.113.194.78 - - [06/Sep/2025:09:07:08 +0700] "GET /the-allure-of-anonymity-unmasking-the-appeal-of-omegle/feed/ HTTP/1.0" 200 1759 "-" "Mozilla/5.0 (compatible; Barkrowler/0.9; +https://babbar.tech/crawler)"
45.117.177.72 - - [06/Sep/2025:09:07:34 +0700] "POST /wp-cron.php?doing_wp_cron=1757124454.4819560050964355468750 HTTP/1.0" 200 416 "-" "WordPress/6.8.1; https://vattusacky.vn"
217.113.194.76 - - [06/Sep/2025:09:07:30 +0700] "GET /the-allure-of-omegle-unlocking-a-world-of-anonymous-intimacy/ HTTP/1.0" 200 78051 "-" "Mozilla/5.0 (compatible; Barkrowler/0.9; +https://babbar.tech/crawler)"
217.113.194.75 - - [06/Sep/2025:09:07:56 +0700] "GET /the-psychology-behind-omegle-mind-games-understanding-the-strategies/feed/ HTTP/1.0" 200 1801 "-" "Mozilla/5.0 (compatible; Barkrowler/0.9; +https://babbar.tech/crawler)"
45.117.177.72 - - [06/Sep/2025:09:08:23 +0700] "POST /wp-cron.php?doing_wp_cron=1757124503.5994729995727539062500 HTTP/1.0" 200 416 "-" "WordPress/6.8.1; https://vattusacky.vn"
217.113.194.218 - - [06/Sep/2025:09:08:20 +0700] "GET /the-psychology-behind-the-fascination-with-omegles-unpredictability/feed/ HTTP/1.0" 200 1798 "-" "Mozilla/5.0 (compatible; Barkrowler/0.9; +https://babbar.tech/crawler)"
45.117.177.72 - - [06/Sep/2025:09:08:47 +0700] "POST /wp-cron.php?doing_wp_cron=1757124526.6596961021423339843750 HTTP/1.0" 200 416 "-" "WordPress/6.8.1; https://vattusacky.vn"
217.113.194.81 - - [06/Sep/2025:09:08:42 +0700] "GET /the-psychological-strategies-for-navigating-omegles-anonymous-landscape/feed/ HTTP/1.0" 200 1810 "-" "Mozilla/5.0 (compatible; Barkrowler/0.9; +https://babbar.tech/crawler)"
45.117.177.72 - - [06/Sep/2025:09:09:03 +0700] "POST /wp-cron.php?doing_wp_cron=1757124542.8637049198150634765625 HTTP/1.0" 200 416 "-" "WordPress/6.8.1; https://vattusacky.vn"
216.244.66.237 - - [06/Sep/2025:09:08:58 +0700] "GET /robots.txt HTTP/1.0" 200 984 "-" "Mozilla/5.0 (compatible; DotBot/1.2; +https://opensiteexplorer.org/dotbot; help@moz.com)"
217.113.194.74 - - [06/Sep/2025:09:09:05 +0700] "GET /the-psychology-of-connection-in-the-digital-age-omegles-cosmic-connections/feed/ HTTP/1.0" 200 1819 "-" "Mozilla/5.0 (compatible; Barkrowler/0.9; +https://babbar.tech/crawler)"
45.117.177.72 - - [06/Sep/2025:09:09:26 +0700] "POST /wp-cron.php?doing_wp_cron=1757124566.2749249935150146484375 HTTP/1.0" 200 416 "-" "WordPress/6.8.1; https://vattusacky.vn"
100.28.57.133 - - [06/Sep/2025:09:09:21 +0700] "GET /bitcoin-alt-btc-free-currency-exchange-rate/nocoiner HTTP/1.0" 404 70812 "-" "Mozilla/5.0 AppleWebKit/537.36 (KHTML, like Gecko; compatible; Amazonbot/0.1; +https://developer.amazon.com/support/amazonbot) Chrome/119.0.6045.214 Safari/537.36"
45.117.177.72 - - [06/Sep/2025:09:09:30 +0700] "POST /wp-cron.php?doing_wp_cron=1757124570.4429030418395996093750 HTTP/1.0" 200 416 "-" "WordPress/6.8.1; https://vattusacky.vn"
34.197.28.78 - - [06/Sep/2025:09:09:25 +0700] "GET /women-at-war-ukraines-female-soldiers-dream-of-freedom-fight-for-survival/ HTTP/1.0" 200 211676 "-" "Mozilla/5.0 AppleWebKit/537.36 (KHTML, like Gecko; compatible; Amazonbot/0.1; +https://developer.amazon.com/support/amazonbot) Chrome/119.0.6045.214 Safari/537.36"
154.54.249.200 - - [06/Sep/2025:09:09:28 +0700] "GET /the-global-reach-of-omegle-artistry-connecting-artists-around-the-world/feed/ HTTP/1.0" 200 1810 "-" "Mozilla/5.0 (compatible; Barkrowler/0.9; +https://babbar.tech/crawler)"
34.194.226.74 - - [06/Sep/2025:09:09:29 +0700] "GET /author/yanz/page/423/ HTTP/1.0" 200 105385 "-" "Mozilla/5.0 AppleWebKit/537.36 (KHTML, like Gecko; compatible; Amazonbot/0.1; +https://developer.amazon.com/support/amazonbot) Chrome/119.0.6045.214 Safari/537.36"
217.113.194.75 - - [06/Sep/2025:09:09:50 +0700] "GET /the-tech-wizardry-of-omegle-and-ometv-an-insiders-perspective/feed/ HTTP/1.0" 200 1780 "-" "Mozilla/5.0 (compatible; Barkrowler/0.9; +https://babbar.tech/crawler)"
217.113.194.75 - - [06/Sep/2025:09:10:13 +0700] "GET /the-social-impact-of-omegle-and-ometv-connecting-people-worldwide/feed/ HTTP/1.0" 200 1792 "-" "Mozilla/5.0 (compatible; Barkrowler/0.9; +https://babbar.tech/crawler)"
45.117.177.72 - - [06/Sep/2025:09:10:43 +0700] "POST /wp-cron.php?doing_wp_cron=1757124643.1078460216522216796875 HTTP/1.0" 200 416 "-" "WordPress/6.8.1; https://vattusacky.vn"
217.113.194.75 - - [06/Sep/2025:09:10:38 +0700] "GET /the-social-dynamics-of-omegle-navigating-conversations-with-strangers/feed/ HTTP/1.0" 200 1804 "-" "Mozilla/5.0 (compatible; Barkrowler/0.9; +https://babbar.tech/crawler)"
154.54.249.200 - - [06/Sep/2025:09:11:02 +0700] "GET /the-evolution-of-anonymous-chatting-from-omegle-to-ometv/feed/ HTTP/1.0" 200 1765 "-" "Mozilla/5.0 (compatible; Barkrowler/0.9; +https://babbar.tech/crawler)"
45.117.177.72 - - [06/Sep/2025:09:11:25 +0700] "POST /wp-cron.php?doing_wp_cron=1757124685.1320650577545166015625 HTTP/1.0" 200 416 "-" "WordPress/6.8.1; https://vattusacky.vn"
148.113.130.128 - - [06/Sep/2025:09:11:21 +0700] "GET /category/uncategorized/page/320/ HTTP/1.0" 200 76518 "-" "Mozilla/5.0 (compatible; AhrefsBot/7.0; +http://ahrefs.com/robot/)"
217.113.194.218 - - [06/Sep/2025:09:11:26 +0700] "GET /the-funniest-omegle-chats-that-went-viral-on-social-media/feed/ HTTP/1.0" 200 1768 "-" "Mozilla/5.0 (compatible; Barkrowler/0.9; +https://babbar.tech/crawler)"
217.113.194.75 - - [06/Sep/2025:09:11:49 +0700] "GET /the-7-best-courting-apps-websites-in-new-york-city-2023-june-update/feed/ HTTP/1.0" 200 1807 "-" "Mozilla/5.0 (compatible; Barkrowler/0.9; +https://babbar.tech/crawler)"
217.113.194.74 - - [06/Sep/2025:09:12:12 +0700] "GET /the-7-best-courting-apps-websites-in-new-york-city-2023-june-update/ HTTP/1.0" 200 73297 "-" "Mozilla/5.0 (compatible; Barkrowler/0.9; +https://babbar.tech/crawler)"
45.117.177.72 - - [06/Sep/2025:09:12:41 +0700] "POST /wp-cron.php?doing_wp_cron=1757124761.4144370555877685546875 HTTP/1.0" 200 416 "-" "WordPress/6.8.1; https://vattusacky.vn"
217.113.194.72 - - [06/Sep/2025:09:12:37 +0700] "GET /the-ethical-implications-of-omegle-balancing-privacy-and-online-interaction/feed/ HTTP/1.0" 200 1822 "-" "Mozilla/5.0 (compatible; Barkrowler/0.9; +https://babbar.tech/crawler)"
217.113.194.80 - - [06/Sep/2025:09:13:01 +0700] "GET /the-risks-of-sharing-personal-information-on-omegle-and-ometv/feed/ HTTP/1.0" 200 1780 "-" "Mozilla/5.0 (compatible; Barkrowler/0.9; +https://babbar.tech/crawler)"
45.117.177.72 - - [06/Sep/2025:09:13:29 +0700] "POST /wp-cron.php?doing_wp_cron=1757124808.5400309562683105468750 HTTP/1.0" 200 416 "-" "WordPress/6.8.1; https://vattusacky.vn"
217.113.194.217 - - [06/Sep/2025:09:13:24 +0700] "GET /the-7-finest-dating-apps-websites-in-ny-city-2023-june-replace/feed/ HTTP/1.0" 200 1790 "-" "Mozilla/5.0 (compatible; Barkrowler/0.9; +https://babbar.tech/crawler)"
217.113.194.79 - - [06/Sep/2025:09:13:48 +0700] "GET /the-enigma-of-omegle-delving-into-its-intriguing-nature/feed/ HTTP/1.0" 200 1762 "-" "Mozilla/5.0 (compatible; Barkrowler/0.9; +https://babbar.tech/crawler)"
217.113.194.75 - - [06/Sep/2025:09:14:11 +0700] "GET /the-efficacy-of-text-communication-ometvs-text-chat-functionality/feed/ HTTP/1.0" 200 1792 "-" "Mozilla/5.0 (compatible; Barkrowler/0.9; +https://babbar.tech/crawler)"
45.117.177.72 - - [06/Sep/2025:09:14:27 +0700] "POST /wp-cron.php?doing_wp_cron=1757124867.2801029682159423828125 HTTP/1.0" 200 416 "-" "WordPress/6.8.1; https://vattusacky.vn"
85.208.96.197 - - [06/Sep/2025:09:14:24 +0700] "GET /connecting-with-fellow-creators-the-social-aspect-of-omegle-artistry/ HTTP/1.0" 200 93266 "-" "Mozilla/5.0 (compatible; SemrushBot/7~bl; +http://www.semrush.com/bot.html)"
217.113.194.79 - - [06/Sep/2025:09:14:35 +0700] "GET /the-anonymity-factor-in-omegle-virtual-masks-and-identity-exploration/feed/ HTTP/1.0" 200 1804 "-" "Mozilla/5.0 (compatible; Barkrowler/0.9; +https://babbar.tech/crawler)"
87.250.224.126 - - [06/Sep/2025:09:14:39 +0700] "GET /when-will-the-kaws-figures-skin-come-back/ HTTP/1.0" 200 210247 "-" "Mozilla/5.0 (compatible; YandexBot/3.0; +http://yandex.com/bots)"
217.113.194.78 - - [06/Sep/2025:09:14:56 +0700] "GET /improving-language-skills-omegles-video-chat-language-learning-potential/feed/ HTTP/1.0" 200 1813 "-" "Mozilla/5.0 (compatible; Barkrowler/0.9; +https://babbar.tech/crawler)"
45.117.177.72 - - [06/Sep/2025:09:15:22 +0700] "POST /wp-cron.php?doing_wp_cron=1757124922.5406529903411865234375 HTTP/1.0" 200 416 "-" "WordPress/6.8.1; https://vattusacky.vn"
217.113.194.74 - - [06/Sep/2025:09:15:17 +0700] "GET /ometv-face-to-face-video-chat-how-does-it-compare-to-omegle/ HTTP/1.0" 200 89897 "-" "Mozilla/5.0 (compatible; Barkrowler/0.9; +https://babbar.tech/crawler)"
217.113.194.78 - - [06/Sep/2025:09:15:47 +0700] "GET /starda-casino-igrovye-avtomaty-onlajn-avtomaty-i/ HTTP/1.0" 200 220391 "-" "Mozilla/5.0 (compatible; Barkrowler/0.9; +https://babbar.tech/crawler)"
45.117.177.72 - - [06/Sep/2025:09:16:21 +0700] "POST /wp-cron.php?doing_wp_cron=1757124981.0895290374755859375000 HTTP/1.0" 200 416 "-" "WordPress/6.8.1; https://vattusacky.vn"
217.113.194.218 - - [06/Sep/2025:09:16:17 +0700] "GET /strategies-for-handling-unwanted-advances-on-omegle-and-ometv/feed/ HTTP/1.0" 200 1780 "-" "Mozilla/5.0 (compatible; Barkrowler/0.9; +https://babbar.tech/crawler)"
217.113.194.77 - - [06/Sep/2025:09:16:39 +0700] "GET /building-connections-through-serendipity-on-omegle-and-ometv/feed/ HTTP/1.0" 200 1777 "-" "Mozilla/5.0 (compatible; Barkrowler/0.9; +https://babbar.tech/crawler)"
217.113.194.78 - - [06/Sep/2025:09:17:02 +0700] "GET /buy-ethereum-new-zealand-buy-eth-swyftx-crypto/feed/ HTTP/1.0" 200 1744 "-" "Mozilla/5.0 (compatible; Barkrowler/0.9; +https://babbar.tech/crawler)"
45.117.177.72 - - [06/Sep/2025:09:17:29 +0700] "POST /wp-cron.php?doing_wp_cron=1757125049.3874950408935546875000 HTTP/1.0" 200 416 "-" "WordPress/6.8.1; https://vattusacky.vn"
217.113.194.218 - - [06/Sep/2025:09:17:25 +0700] "GET /codice-promozione-codere-2023-promozioni-offerte-e-iscrizione/feed/ HTTP/1.0" 200 1781 "-" "Mozilla/5.0 (compatible; Barkrowler/0.9; +https://babbar.tech/crawler)"
154.54.249.200 - - [06/Sep/2025:09:17:47 +0700] "GET /preserving-democracy-omegles-role-in-anonymous-political-discussion/feed/ HTTP/1.0" 200 1798 "-" "Mozilla/5.0 (compatible; Barkrowler/0.9; +https://babbar.tech/crawler)"
217.113.194.81 - - [06/Sep/2025:09:18:08 +0700] "GET /daftar-slot-gacor-terpopuler-di-tahun-2023/feed/ HTTP/1.0" 200 1725 "-" "Mozilla/5.0 (compatible; Barkrowler/0.9; +https://babbar.tech/crawler)"
45.117.177.72 - - [06/Sep/2025:09:18:23 +0700] "POST /wp-cron.php?doing_wp_cron=1757125102.7521049976348876953125 HTTP/1.0" 200 416 "-" "WordPress/6.8.1; https://vattusacky.vn"
185.191.171.7 - - [06/Sep/2025:09:18:19 +0700] "GET /helllo-helllo/ HTTP/1.0" 200 202840 "-" "Mozilla/5.0 (compatible; SemrushBot/7~bl; +http://www.semrush.com/bot.html)"
217.113.194.218 - - [06/Sep/2025:09:18:28 +0700] "GET /daddy-casino-onlajn-kazino-bonusy-demo-bystryj/feed/ HTTP/1.0" 200 1783 "-" "Mozilla/5.0 (compatible; Barkrowler/0.9; +https://babbar.tech/crawler)"
40.77.167.254 - - [06/Sep/2025:09:18:49 +0700] "GET /sitemap_index.xml HTTP/1.0" 200 2426 "-" "Mozilla/5.0 AppleWebKit/537.36 (KHTML, like Gecko; compatible; bingbot/2.0; +http://www.bing.com/bingbot.htm) Chrome/116.0.1938.76 Safari/537.36"
217.113.194.81 - - [06/Sep/2025:09:18:49 +0700] "GET /daddy-top-kazino-demo-sloty-besplatno-demo-sloty/feed/ HTTP/1.0" 200 1798 "-" "Mozilla/5.0 (compatible; Barkrowler/0.9; +https://babbar.tech/crawler)"
217.113.194.217 - - [06/Sep/2025:09:19:10 +0700] "GET /broadening-cultural-awareness-omegles-effect-on-user-perspectives/feed/ HTTP/1.0" 200 1792 "-" "Mozilla/5.0 (compatible; Barkrowler/0.9; +https://babbar.tech/crawler)"
45.117.177.72 - - [06/Sep/2025:09:19:37 +0700] "POST /wp-cron.php?doing_wp_cron=1757125176.9929881095886230468750 HTTP/1.0" 200 416 "-" "WordPress/6.8.1; https://vattusacky.vn"
217.113.194.72 - - [06/Sep/2025:09:19:33 +0700] "GET /funny-reactions-laughing-together-on-omegle-and-ometv/feed/ HTTP/1.0" 200 1756 "-" "Mozilla/5.0 (compatible; Barkrowler/0.9; +https://babbar.tech/crawler)"
217.113.194.74 - - [06/Sep/2025:09:19:53 +0700] "GET /anonymity-and-intimacy-the-complex-dance-of-relationships-on-omegle/feed/ HTTP/1.0" 200 1798 "-" "Mozilla/5.0 (compatible; Barkrowler/0.9; +https://babbar.tech/crawler)"
85.208.96.201 - - [06/Sep/2025:09:20:04 +0700] "GET /how-to-get-an-asian-woman-to-marry/ HTTP/1.0" 200 207956 "-" "Mozilla/5.0 (compatible; SemrushBot/7~bl; +http://www.semrush.com/bot.html)"
45.117.177.72 - - [06/Sep/2025:09:20:21 +0700] "POST /wp-cron.php?doing_wp_cron=1757125220.6564629077911376953125 HTTP/1.0" 200 416 "-" "WordPress/6.8.1; https://vattusacky.vn"
154.54.249.200 - - [06/Sep/2025:09:20:16 +0700] "GET /rejestracja-w-kasynie-mostbet-dobre-rady-2/feed/ HTTP/1.0" 200 1723 "-" "Mozilla/5.0 (compatible; Barkrowler/0.9; +https://babbar.tech/crawler)"
217.113.194.217 - - [06/Sep/2025:09:20:41 +0700] "GET /illuminating-the-risks-of-omegle-tips-for-a-safer-internet-experience/feed/ HTTP/1.0" 200 1804 "-" "Mozilla/5.0 (compatible; Barkrowler/0.9; +https://babbar.tech/crawler)"
154.54.249.200 - - [06/Sep/2025:09:21:04 +0700] "GET /sharing-laughter-spreading-joy-on-omegle-and-ometv/feed/ HTTP/1.0" 200 1747 "-" "Mozilla/5.0 (compatible; Barkrowler/0.9; +https://babbar.tech/crawler)"
45.117.177.72 - - [06/Sep/2025:09:21:35 +0700] "POST /wp-cron.php?doing_wp_cron=1757125295.2730720043182373046875 HTTP/1.0" 200 416 "-" "WordPress/6.8.1; https://vattusacky.vn"
217.113.194.74 - - [06/Sep/2025:09:21:30 +0700] "GET /lucky-jet-onlajn-igra-otzyvy-shema-i-statistika/feed/ HTTP/1.0" 200 1790 "-" "Mozilla/5.0 (compatible; Barkrowler/0.9; +https://babbar.tech/crawler)"
217.113.194.218 - - [06/Sep/2025:09:21:53 +0700] "GET /perspectives-on-anonymity-and-authenticity-voices-from-omegle-users/feed/ HTTP/1.0" 200 1798 "-" "Mozilla/5.0 (compatible; Barkrowler/0.9; +https://babbar.tech/crawler)"
45.117.177.72 - - [06/Sep/2025:09:22:21 +0700] "POST /wp-cron.php?doing_wp_cron=1757125341.5727779865264892578125 HTTP/1.0" 200 416 "-" "WordPress/6.8.1; https://vattusacky.vn"
217.113.194.72 - - [06/Sep/2025:09:22:17 +0700] "GET /virtual-reality-and-random-chats-the-future-of-omegle-and-ometv/feed/ HTTP/1.0" 200 1786 "-" "Mozilla/5.0 (compatible; Barkrowler/0.9; +https://babbar.tech/crawler)"
217.113.194.77 - - [06/Sep/2025:09:22:40 +0700] "GET /cultural-sensitivity-on-omegle-promoting-respect-and-understanding/ HTTP/1.0" 200 90873 "-" "Mozilla/5.0 (compatible; Barkrowler/0.9; +https://babbar.tech/crawler)"
217.113.194.77 - - [06/Sep/2025:09:23:08 +0700] "GET /navigating-the-unknown-embracing-omegles-serendipitous-conversations/feed/ HTTP/1.0" 200 1801 "-" "Mozilla/5.0 (compatible; Barkrowler/0.9; +https://babbar.tech/crawler)"
45.117.177.72 - - [06/Sep/2025:09:23:18 +0700] "POST /wp-cron.php?doing_wp_cron=1757125397.8685820102691650390625 HTTP/1.0" 200 416 "-" "WordPress/6.8.1; https://vattusacky.vn"
85.208.96.199 - - [06/Sep/2025:09:23:14 +0700] "GET /%D0%BF%D1%80%D0%BE%D0%B5%D0%BA%D1%82%D1%8B-%D0%B4%D0%B5%D1%80%D0%B5%D0%B2%D1%8F%D0%BD%D0%BD%D1%8B%D1%85-%D0%B4%D0%BE%D0%BC%D0%BE%D0%B2-%D0%B7%D0%B0%D0%B3%D0%BE%D1%80%D0%BE%D0%B4%D0%BD%D1%8B%D0%B5/ HTTP/1.0" 200 167031 "-" "Mozilla/5.0 (compatible; SemrushBot/7~bl; +http://www.semrush.com/bot.html)"
154.54.249.200 - - [06/Sep/2025:09:23:31 +0700] "GET /heartwarming-encounters-unexpected-friendships-on-omegle-and-ometv/ HTTP/1.0" 200 89484 "-" "Mozilla/5.0 (compatible; Barkrowler/0.9; +https://babbar.tech/crawler)"
217.113.194.80 - - [06/Sep/2025:09:23:59 +0700] "GET /heartfelt-conversations-touching-stories-from-omegle-and-ometv/ HTTP/1.0" 200 94806 "-" "Mozilla/5.0 (compatible; Barkrowler/0.9; +https://babbar.tech/crawler)"
157.55.39.53 - - [06/Sep/2025:09:24:02 +0700] "GET /omegle-vs-ometv-a-closer-look-at-video-chat-quality/ HTTP/1.0" 200 91696 "-" "Mozilla/5.0 AppleWebKit/537.36 (KHTML, like Gecko; compatible; bingbot/2.0; +http://www.bing.com/bingbot.htm) Chrome/116.0.1938.76 Safari/537.36"
45.117.177.72 - - [06/Sep/2025:09:24:33 +0700] "POST /wp-cron.php?doing_wp_cron=1757125472.9153130054473876953125 HTTP/1.0" 200 416 "-" "WordPress/6.8.1; https://vattusacky.vn"
217.113.194.77 - - [06/Sep/2025:09:24:28 +0700] "GET /demystifying-omegle-and-ometv-how-do-they-really-work/feed/ HTTP/1.0" 200 1756 "-" "Mozilla/5.0 (compatible; Barkrowler/0.9; +https://babbar.tech/crawler)"
217.113.194.218 - - [06/Sep/2025:09:24:51 +0700] "GET /demystifying-omegles-randomness-understanding-the-science-behind/feed/ HTTP/1.0" 200 1789 "-" "Mozilla/5.0 (compatible; Barkrowler/0.9; +https://babbar.tech/crawler)"
45.117.177.72 - - [06/Sep/2025:09:25:18 +0700] "POST /wp-cron.php?doing_wp_cron=1757125518.2405059337615966796875 HTTP/1.0" 200 416 "-" "WordPress/6.8.1; https://vattusacky.vn"
217.113.194.74 - - [06/Sep/2025:09:25:14 +0700] "GET /slot-gacor-mitos-atau-fakta-temukan-jawabannya/feed/ HTTP/1.0" 200 1740 "-" "Mozilla/5.0 (compatible; Barkrowler/0.9; +https://babbar.tech/crawler)"
217.113.194.81 - - [06/Sep/2025:09:25:37 +0700] "GET /virtuaaliurheilu-pelit-2023-paljon-lajeja/feed/ HTTP/1.0" 200 1720 "-" "Mozilla/5.0 (compatible; Barkrowler/0.9; +https://babbar.tech/crawler)"
217.113.194.217 - - [06/Sep/2025:09:26:00 +0700] "GET /lessons-learned-from-serendipitous-encounters-on-omegle-and-ometv/ HTTP/1.0" 200 93150 "-" "Mozilla/5.0 (compatible; Barkrowler/0.9; +https://babbar.tech/crawler)"
45.117.177.72 - - [06/Sep/2025:09:26:34 +0700] "POST /wp-cron.php?doing_wp_cron=1757125593.9765160083770751953125 HTTP/1.0" 200 416 "-" "WordPress/6.8.1; https://vattusacky.vn"
217.113.194.80 - - [06/Sep/2025:09:26:29 +0700] "GET /19-best-places-to-meet-sole-women-on-the-web-or-towards-you-2023/feed/ HTTP/1.0" 200 1789 "-" "Mozilla/5.0 (compatible; Barkrowler/0.9; +https://babbar.tech/crawler)"
217.113.194.78 - - [06/Sep/2025:09:26:54 +0700] "GET /expressing-emotions-video-vs-text-communication-on-omegle-and-ometv/ HTTP/1.0" 200 92021 "-" "Mozilla/5.0 (compatible; Barkrowler/0.9; +https://babbar.tech/crawler)"
185.151.245.30 - - [06/Sep/2025:09:27:12 +0700] "GET /wp-login.php HTTP/1.0" 200 11388 "-" "Mozilla/5.0 (X11; Ubuntu; Linux x86_64; rv:85.0) Gecko/20100101 Firefox/91.0"
45.117.177.72 - - [06/Sep/2025:09:27:23 +0700] "POST /wp-cron.php?doing_wp_cron=1757125643.6237831115722656250000 HTTP/1.0" 200 416 "-" "WordPress/6.8.1; https://vattusacky.vn"
185.151.245.30 - - [06/Sep/2025:09:27:19 +0700] "POST /wp-login.php HTTP/1.0" 200 11729 "-" "Mozilla/5.0 (X11; Ubuntu; Linux x86_64; rv:85.0) Gecko/20100101 Firefox/91.0"
217.113.194.72 - - [06/Sep/2025:09:27:23 +0700] "GET /vulkan-insel-la-palma-wettet-auf-erneuerbare-energien/feed/ HTTP/1.0" 200 1756 "-" "Mozilla/5.0 (compatible; Barkrowler/0.9; +https://babbar.tech/crawler)"
185.191.171.7 - - [06/Sep/2025:09:27:38 +0700] "GET /shop/page/13/ HTTP/1.0" 200 184639 "-" "Mozilla/5.0 (compatible; SemrushBot/7~bl; +http://www.semrush.com/bot.html)"
18.213.102.186 - - [06/Sep/2025:09:27:40 +0700] "GET /category/asiasloty-org/ HTTP/1.0" 200 60419 "-" "Mozilla/5.0 AppleWebKit/537.36 (KHTML, like Gecko; compatible; Amazonbot/0.1; +https://developer.amazon.com/support/amazonbot) Chrome/119.0.6045.214 Safari/537.36"
52.4.76.156 - - [06/Sep/2025:09:27:45 +0700] "GET /types-of-corporate-governance/ HTTP/1.0" 200 205481 "-" "Mozilla/5.0 AppleWebKit/537.36 (KHTML, like Gecko; compatible; Amazonbot/0.1; +https://developer.amazon.com/support/amazonbot) Chrome/119.0.6045.214 Safari/537.36"
217.113.194.72 - - [06/Sep/2025:09:27:45 +0700] "GET /protecting-identity-video-vs-text-communication-on-omegle-and-ometv/ HTTP/1.0" 200 92977 "-" "Mozilla/5.0 (compatible; Barkrowler/0.9; +https://babbar.tech/crawler)"
185.191.171.7 - - [06/Sep/2025:09:27:46 +0700] "GET /creating-a-memorable-omegle-username-for-strong-first-impressions/ HTTP/1.0" 200 91531 "-" "Mozilla/5.0 (compatible; SemrushBot/7~bl; +http://www.semrush.com/bot.html)"
18.205.127.11 - - [06/Sep/2025:09:27:48 +0700] "GET /bet365-app-zambia-1052/ HTTP/1.0" 200 223274 "-" "Mozilla/5.0 AppleWebKit/537.36 (KHTML, like Gecko; compatible; Amazonbot/0.1; +https://developer.amazon.com/support/amazonbot) Chrome/119.0.6045.214 Safari/537.36"
45.117.177.72 - - [06/Sep/2025:09:28:24 +0700] "POST /wp-cron.php?doing_wp_cron=1757125703.8664560317993164062500 HTTP/1.0" 200 416 "-" "WordPress/6.8.1; https://vattusacky.vn"
