216.73.216.162 - - [06/Sep/2025:11:25:34 +0700] "GET /publishers-choice-honor-chernobylwel-come-provides-adventurous-lovers-a-visit-they-will-always-remember/feed HTTP/1.0" 301 797 "-" "Mozilla/5.0 AppleWebKit/537.36 (KHTML, like Gecko; compatible; ClaudeBot/1.0; +claudebot@anthropic.com)"
216.73.216.162 - - [06/Sep/2025:11:25:39 +0700] "GET /publishers-choice-honor-chernobylwel-come-provides-adventurous-lovers-a-visit-they-will-always-remember/feed/ HTTP/1.0" 200 1768 "https://vattusacky.vn/publishers-choice-honor-chernobylwel-come-provides-adventurous-lovers-a-visit-they-will-always-remember/feed" "Mozilla/5.0 AppleWebKit/537.36 (KHTML, like Gecko; compatible; ClaudeBot/1.0; +claudebot@anthropic.com)"
216.73.216.162 - - [06/Sep/2025:11:25:43 +0700] "GET /1xbet-top-kazino-android-apk-ios-igrat-na-dengi-v-2 HTTP/1.0" 301 496 "-" "Mozilla/5.0 AppleWebKit/537.36 (KHTML, like Gecko; compatible; ClaudeBot/1.0; +claudebot@anthropic.com)"
216.73.216.162 - - [06/Sep/2025:11:25:47 +0700] "GET /1xbet-top-kazino-android-apk-ios-igrat-na-dengi-v-2/ HTTP/1.0" 200 223234 "https://vattusacky.vn/1xbet-top-kazino-android-apk-ios-igrat-na-dengi-v-2" "Mozilla/5.0 AppleWebKit/537.36 (KHTML, like Gecko; compatible; ClaudeBot/1.0; +claudebot@anthropic.com)"
216.73.216.162 - - [06/Sep/2025:11:25:52 +0700] "GET /pin-ap-casino-vhod-v-onlajn-kazino-demo-bystryj-2 HTTP/1.0" 301 494 "-" "Mozilla/5.0 AppleWebKit/537.36 (KHTML, like Gecko; compatible; ClaudeBot/1.0; +claudebot@anthropic.com)"
216.73.216.162 - - [06/Sep/2025:11:25:56 +0700] "GET /pin-ap-casino-vhod-v-onlajn-kazino-demo-bystryj-2/ HTTP/1.0" 200 218836 "https://vattusacky.vn/pin-ap-casino-vhod-v-onlajn-kazino-demo-bystryj-2" "Mozilla/5.0 AppleWebKit/537.36 (KHTML, like Gecko; compatible; ClaudeBot/1.0; +claudebot@anthropic.com)"
216.244.66.237 - - [06/Sep/2025:11:26:00 +0700] "GET /omegle-for-education-how-teachers-and-students-can-use-it-as-a-learning-tool/ HTTP/1.0" 200 91529 "-" "Mozilla/5.0 (compatible; DotBot/1.2; +https://opensiteexplorer.org/dotbot; help@moz.com)"
216.73.216.162 - - [06/Sep/2025:11:26:01 +0700] "GET /the-facts-about-1xbet-com-betting-firm-online-6 HTTP/1.0" 301 492 "-" "Mozilla/5.0 AppleWebKit/537.36 (KHTML, like Gecko; compatible; ClaudeBot/1.0; +claudebot@anthropic.com)"
216.73.216.162 - - [06/Sep/2025:11:26:05 +0700] "GET /the-facts-about-1xbet-com-betting-firm-online-6/ HTTP/1.0" 200 96036 "https://vattusacky.vn/the-facts-about-1xbet-com-betting-firm-online-6" "Mozilla/5.0 AppleWebKit/537.36 (KHTML, like Gecko; compatible; ClaudeBot/1.0; +claudebot@anthropic.com)"
45.117.177.72 - - [06/Sep/2025:11:26:29 +0700] "POST /wp-cron.php?doing_wp_cron=1757132788.8108770847320556640625 HTTP/1.0" 200 416 "-" "WordPress/6.8.1; https://vattusacky.vn"
216.73.216.162 - - [06/Sep/2025:11:26:24 +0700] "GET /how-to-spot-a-reliable-online-source-for-anabolic/feed HTTP/1.0" 301 743 "-" "Mozilla/5.0 AppleWebKit/537.36 (KHTML, like Gecko; compatible; ClaudeBot/1.0; +claudebot@anthropic.com)"
216.73.216.162 - - [06/Sep/2025:11:26:29 +0700] "GET /how-to-spot-a-reliable-online-source-for-anabolic/feed/ HTTP/1.0" 200 1626 "https://vattusacky.vn/how-to-spot-a-reliable-online-source-for-anabolic/feed" "Mozilla/5.0 AppleWebKit/537.36 (KHTML, like Gecko; compatible; ClaudeBot/1.0; +claudebot@anthropic.com)"
216.73.216.162 - - [06/Sep/2025:11:26:31 +0700] "GET /?p=5655 HTTP/1.0" 301 493 "-" "Mozilla/5.0 AppleWebKit/537.36 (KHTML, like Gecko; compatible; ClaudeBot/1.0; +claudebot@anthropic.com)"
216.73.216.162 - - [06/Sep/2025:11:26:36 +0700] "GET /optimal-muscle-growth-the-best-anabolic-steroids/ HTTP/1.0" 200 79081 "https://vattusacky.vn/?p=5655" "Mozilla/5.0 AppleWebKit/537.36 (KHTML, like Gecko; compatible; ClaudeBot/1.0; +claudebot@anthropic.com)"
216.73.216.162 - - [06/Sep/2025:11:26:41 +0700] "GET /benefits-of-using-omegle/feed HTTP/1.0" 301 572 "-" "Mozilla/5.0 AppleWebKit/537.36 (KHTML, like Gecko; compatible; ClaudeBot/1.0; +claudebot@anthropic.com)"
216.73.216.162 - - [06/Sep/2025:11:26:45 +0700] "GET /benefits-of-using-omegle/feed/ HTTP/1.0" 200 1523 "https://vattusacky.vn/benefits-of-using-omegle/feed" "Mozilla/5.0 AppleWebKit/537.36 (KHTML, like Gecko; compatible; ClaudeBot/1.0; +claudebot@anthropic.com)"
216.73.216.162 - - [06/Sep/2025:11:26:49 +0700] "GET /?p=3669 HTTP/1.0" 301 458 "-" "Mozilla/5.0 AppleWebKit/537.36 (KHTML, like Gecko; compatible; ClaudeBot/1.0; +claudebot@anthropic.com)"
216.73.216.162 - - [06/Sep/2025:11:26:52 +0700] "GET /hello-world-7/ HTTP/1.0" 200 203109 "https://vattusacky.vn/?p=3669" "Mozilla/5.0 AppleWebKit/537.36 (KHTML, like Gecko; compatible; ClaudeBot/1.0; +claudebot@anthropic.com)"
45.117.177.72 - - [06/Sep/2025:11:27:32 +0700] "POST /wp-cron.php?doing_wp_cron=1757132852.1169009208679199218750 HTTP/1.0" 200 416 "-" "WordPress/6.8.1; https://vattusacky.vn"
216.73.216.162 - - [06/Sep/2025:11:27:28 +0700] "GET /optimal-muscle-growth-the-best-anabolic-steroids/feed HTTP/1.0" 301 742 "-" "Mozilla/5.0 AppleWebKit/537.36 (KHTML, like Gecko; compatible; ClaudeBot/1.0; +claudebot@anthropic.com)"
216.73.216.162 - - [06/Sep/2025:11:27:33 +0700] "GET /optimal-muscle-growth-the-best-anabolic-steroids/feed/ HTTP/1.0" 200 1621 "https://vattusacky.vn/optimal-muscle-growth-the-best-anabolic-steroids/feed" "Mozilla/5.0 AppleWebKit/537.36 (KHTML, like Gecko; compatible; ClaudeBot/1.0; +claudebot@anthropic.com)"
216.73.216.162 - - [06/Sep/2025:11:27:36 +0700] "GET /tips-to-find-the-best-online-casino HTTP/1.0" 301 434 "-" "Mozilla/5.0 AppleWebKit/537.36 (KHTML, like Gecko; compatible; ClaudeBot/1.0; +claudebot@anthropic.com)"
213.180.203.230 - - [06/Sep/2025:11:27:37 +0700] "GET /san-pham/hc1000-thiet-bi-do-nuoc-da-chi-tieu/ HTTP/1.0" 200 244731 "-" "Mozilla/5.0 (compatible; YandexBot/3.0; +http://yandex.com/bots)"
216.73.216.162 - - [06/Sep/2025:11:27:39 +0700] "GET /tips-to-find-the-best-online-casino/ HTTP/1.0" 200 207142 "https://vattusacky.vn/tips-to-find-the-best-online-casino" "Mozilla/5.0 AppleWebKit/537.36 (KHTML, like Gecko; compatible; ClaudeBot/1.0; +claudebot@anthropic.com)"
216.73.216.162 - - [06/Sep/2025:11:27:44 +0700] "GET /author/yanz/page/375 HTTP/1.0" 301 419 "-" "Mozilla/5.0 AppleWebKit/537.36 (KHTML, like Gecko; compatible; ClaudeBot/1.0; +claudebot@anthropic.com)"
216.73.216.162 - - [06/Sep/2025:11:27:47 +0700] "GET /author/yanz/page/375/ HTTP/1.0" 200 135671 "https://vattusacky.vn/author/yanz/page/375" "Mozilla/5.0 AppleWebKit/537.36 (KHTML, like Gecko; compatible; ClaudeBot/1.0; +claudebot@anthropic.com)"
185.191.171.1 - - [06/Sep/2025:11:27:48 +0700] "GET /1-btc-to-usd-bitcoins-to-us-dollars-exchange-rate/ HTTP/1.0" 200 373265 "-" "Mozilla/5.0 (compatible; SemrushBot/7~bl; +http://www.semrush.com/bot.html)"
216.73.216.162 - - [06/Sep/2025:11:27:51 +0700] "GET /1xbet-app-obtain-apk-for-android-ios-home-windows-35 HTTP/1.0" 301 497 "-" "Mozilla/5.0 AppleWebKit/537.36 (KHTML, like Gecko; compatible; ClaudeBot/1.0; +claudebot@anthropic.com)"
216.73.216.162 - - [06/Sep/2025:11:27:55 +0700] "GET /1xbet-app-obtain-apk-for-android-ios-home-windows-35/ HTTP/1.0" 200 93922 "https://vattusacky.vn/1xbet-app-obtain-apk-for-android-ios-home-windows-35" "Mozilla/5.0 AppleWebKit/537.36 (KHTML, like Gecko; compatible; ClaudeBot/1.0; +claudebot@anthropic.com)"
45.117.177.72 - - [06/Sep/2025:11:28:49 +0700] "POST /wp-cron.php?doing_wp_cron=1757132928.9427959918975830078125 HTTP/1.0" 200 416 "-" "WordPress/6.8.1; https://vattusacky.vn"
216.73.216.162 - - [06/Sep/2025:11:28:46 +0700] "GET /asian-games-2026-aichi-23/feed HTTP/1.0" 301 719 "-" "Mozilla/5.0 AppleWebKit/537.36 (KHTML, like Gecko; compatible; ClaudeBot/1.0; +claudebot@anthropic.com)"
216.73.216.162 - - [06/Sep/2025:11:28:49 +0700] "GET /asian-games-2026-aichi-23/feed/ HTTP/1.0" 200 1523 "https://vattusacky.vn/asian-games-2026-aichi-23/feed" "Mozilla/5.0 AppleWebKit/537.36 (KHTML, like Gecko; compatible; ClaudeBot/1.0; +claudebot@anthropic.com)"
103.131.71.225 - - [06/Sep/2025:11:28:52 +0700] "GET /robots.txt HTTP/1.0" 200 984 "-" "Mozilla/5.0 (compatible; coccocbot-web/1.0; +http://help.coccoc.com/searchengine)"
216.73.216.162 - - [06/Sep/2025:11:28:53 +0700] "GET /category/anabolic-steroids HTTP/1.0" 301 425 "-" "Mozilla/5.0 AppleWebKit/537.36 (KHTML, like Gecko; compatible; ClaudeBot/1.0; +claudebot@anthropic.com)"
85.208.96.207 - - [06/Sep/2025:11:28:54 +0700] "GET /the-challenges-of-dating-in-other-countries/ HTTP/1.0" 200 72312 "-" "Mozilla/5.0 (compatible; SemrushBot/7~bl; +http://www.semrush.com/bot.html)"
216.73.216.162 - - [06/Sep/2025:11:28:56 +0700] "GET /category/anabolic-steroids/ HTTP/1.0" 200 60193 "https://vattusacky.vn/category/anabolic-steroids" "Mozilla/5.0 AppleWebKit/537.36 (KHTML, like Gecko; compatible; ClaudeBot/1.0; +claudebot@anthropic.com)"
216.73.216.162 - - [06/Sep/2025:11:28:59 +0700] "GET /why-22bet-is-a-brilliant-unique-betting-company-18/feed HTTP/1.0" 301 598 "-" "Mozilla/5.0 AppleWebKit/537.36 (KHTML, like Gecko; compatible; ClaudeBot/1.0; +claudebot@anthropic.com)"
103.131.71.166 - - [06/Sep/2025:11:29:00 +0700] "GET / HTTP/1.0" 200 60070 "-" "Mozilla/5.0 (compatible; coccocbot-web/1.0; +http://help.coccoc.com/searchengine)"
216.73.216.162 - - [06/Sep/2025:11:29:01 +0700] "GET /why-22bet-is-a-brilliant-unique-betting-company-18/feed/ HTTP/1.0" 200 1618 "https://vattusacky.vn/why-22bet-is-a-brilliant-unique-betting-company-18/feed" "Mozilla/5.0 AppleWebKit/537.36 (KHTML, like Gecko; compatible; ClaudeBot/1.0; +claudebot@anthropic.com)"
216.73.216.162 - - [06/Sep/2025:11:29:05 +0700] "GET /category/asiasloty-org HTTP/1.0" 301 421 "-" "Mozilla/5.0 AppleWebKit/537.36 (KHTML, like Gecko; compatible; ClaudeBot/1.0; +claudebot@anthropic.com)"
103.131.71.166 - - [06/Sep/2025:11:29:07 +0700] "GET /xmlrpc.php?rsd HTTP/1.0" 200 1290 "-" "Mozilla/5.0 (compatible; coccocbot-web/1.0; +http://help.coccoc.com/searchengine)"
216.73.216.162 - - [06/Sep/2025:11:29:08 +0700] "GET /category/asiasloty-org/ HTTP/1.0" 200 60273 "https://vattusacky.vn/category/asiasloty-org" "Mozilla/5.0 AppleWebKit/537.36 (KHTML, like Gecko; compatible; ClaudeBot/1.0; +claudebot@anthropic.com)"
216.73.216.162 - - [06/Sep/2025:11:29:13 +0700] "GET /online-pokies-melbourne-for-actual-money-2023-57/feed HTTP/1.0" 301 742 "-" "Mozilla/5.0 AppleWebKit/537.36 (KHTML, like Gecko; compatible; ClaudeBot/1.0; +claudebot@anthropic.com)"
103.131.71.176 - - [06/Sep/2025:11:29:14 +0700] "GET /sitemap_index.xml HTTP/1.0" 200 2426 "-" "Mozilla/5.0 (compatible; coccocbot-web/1.0; +http://help.coccoc.com/searchengine)"
45.117.177.72 - - [06/Sep/2025:11:29:18 +0700] "POST /wp-cron.php?doing_wp_cron=1757132958.3601369857788085937500 HTTP/1.0" 200 416 "-" "WordPress/6.8.1; https://vattusacky.vn"
216.73.216.162 - - [06/Sep/2025:11:29:16 +0700] "GET /online-pokies-melbourne-for-actual-money-2023-57/feed/ HTTP/1.0" 200 1592 "https://vattusacky.vn/online-pokies-melbourne-for-actual-money-2023-57/feed" "Mozilla/5.0 AppleWebKit/537.36 (KHTML, like Gecko; compatible; ClaudeBot/1.0; +claudebot@anthropic.com)"
216.73.216.162 - - [06/Sep/2025:11:29:19 +0700] "GET /free-slot-machines-get-the-top-known-slots-online HTTP/1.0" 301 448 "-" "Mozilla/5.0 AppleWebKit/537.36 (KHTML, like Gecko; compatible; ClaudeBot/1.0; +claudebot@anthropic.com)"
216.73.216.162 - - [06/Sep/2025:11:29:21 +0700] "GET /free-slot-machines-get-the-top-known-slots-online/ HTTP/1.0" 200 208323 "https://vattusacky.vn/free-slot-machines-get-the-top-known-slots-online" "Mozilla/5.0 AppleWebKit/537.36 (KHTML, like Gecko; compatible; ClaudeBot/1.0; +claudebot@anthropic.com)"
216.73.216.162 - - [06/Sep/2025:11:29:25 +0700] "GET /category/best-dating-escort-2023-2 HTTP/1.0" 301 433 "-" "Mozilla/5.0 AppleWebKit/537.36 (KHTML, like Gecko; compatible; ClaudeBot/1.0; +claudebot@anthropic.com)"
216.73.216.162 - - [06/Sep/2025:11:29:28 +0700] "GET /category/best-dating-escort-2023-2/ HTTP/1.0" 200 58790 "https://vattusacky.vn/category/best-dating-escort-2023-2" "Mozilla/5.0 AppleWebKit/537.36 (KHTML, like Gecko; compatible; ClaudeBot/1.0; +claudebot@anthropic.com)"
216.73.216.162 - - [06/Sep/2025:11:29:30 +0700] "GET /how-to-increase-your-free-cash-in-online-casinos HTTP/1.0" 301 447 "-" "Mozilla/5.0 AppleWebKit/537.36 (KHTML, like Gecko; compatible; ClaudeBot/1.0; +claudebot@anthropic.com)"
216.73.216.162 - - [06/Sep/2025:11:29:32 +0700] "GET /how-to-increase-your-free-cash-in-online-casinos/ HTTP/1.0" 200 73478 "https://vattusacky.vn/how-to-increase-your-free-cash-in-online-casinos" "Mozilla/5.0 AppleWebKit/537.36 (KHTML, like Gecko; compatible; ClaudeBot/1.0; +claudebot@anthropic.com)"
103.131.71.167 - - [06/Sep/2025:11:29:35 +0700] "GET /post-sitemap.xml HTTP/1.0" 500 3278 "-" "Mozilla/5.0 (compatible; coccocbot-web/1.0; +http://help.coccoc.com/searchengine)"
20.171.207.79 - - [06/Sep/2025:11:29:53 +0700] "GET /tag/co2/ HTTP/1.0" 200 59181 "-" "Mozilla/5.0 AppleWebKit/537.36 (KHTML, like Gecko; compatible; GPTBot/1.2; +https://openai.com/gptbot)"
103.131.71.167 - - [06/Sep/2025:11:29:47 +0700] "GET /post-sitemap2.xml HTTP/1.0" 200 158032 "-" "Mozilla/5.0 (compatible; coccocbot-web/1.0; +http://help.coccoc.com/searchengine)"
103.131.71.167 - - [06/Sep/2025:11:30:00 +0700] "GET /post-sitemap3.xml HTTP/1.0" 200 155802 "-" "Mozilla/5.0 (compatible; coccocbot-web/1.0; +http://help.coccoc.com/searchengine)"
103.131.71.167 - - [06/Sep/2025:11:30:07 +0700] "GET /post-sitemap4.xml HTTP/1.0" 200 157863 "-" "Mozilla/5.0 (compatible; coccocbot-web/1.0; +http://help.coccoc.com/searchengine)"
45.117.177.72 - - [06/Sep/2025:11:30:17 +0700] "POST /wp-cron.php?doing_wp_cron=1757133017.1148140430450439453125 HTTP/1.0" 200 416 "-" "WordPress/6.8.1; https://vattusacky.vn"
216.73.216.162 - - [06/Sep/2025:11:30:16 +0700] "GET /?p=2742 HTTP/1.0" 301 678 "-" "Mozilla/5.0 AppleWebKit/537.36 (KHTML, like Gecko; compatible; ClaudeBot/1.0; +claudebot@anthropic.com)"
216.73.216.162 - - [06/Sep/2025:11:30:18 +0700] "GET /what-men-believe-that-ladies-lie-when-it-comes-to-in-their-online-dating-sites-profiles/ HTTP/1.0" 200 207643 "https://vattusacky.vn/?p=2742" "Mozilla/5.0 AppleWebKit/537.36 (KHTML, like Gecko; compatible; ClaudeBot/1.0; +claudebot@anthropic.com)"
103.131.71.167 - - [06/Sep/2025:11:30:14 +0700] "GET /post-sitemap5.xml HTTP/1.0" 200 159938 "-" "Mozilla/5.0 (compatible; coccocbot-web/1.0; +http://help.coccoc.com/searchengine)"
216.73.216.162 - - [06/Sep/2025:11:30:21 +0700] "GET /?p=5657 HTTP/1.0" 301 494 "-" "Mozilla/5.0 AppleWebKit/537.36 (KHTML, like Gecko; compatible; ClaudeBot/1.0; +claudebot@anthropic.com)"
103.131.71.167 - - [06/Sep/2025:11:30:22 +0700] "GET /post-sitemap6.xml HTTP/1.0" 200 42210 "-" "Mozilla/5.0 (compatible; coccocbot-web/1.0; +http://help.coccoc.com/searchengine)"
216.73.216.162 - - [06/Sep/2025:11:30:24 +0700] "GET /how-to-spot-a-reliable-online-source-for-anabolic/ HTTP/1.0" 200 79772 "https://vattusacky.vn/?p=5657" "Mozilla/5.0 AppleWebKit/537.36 (KHTML, like Gecko; compatible; ClaudeBot/1.0; +claudebot@anthropic.com)"
216.73.216.162 - - [06/Sep/2025:11:30:27 +0700] "GET /?p=5073 HTTP/1.0" 301 537 "-" "Mozilla/5.0 AppleWebKit/537.36 (KHTML, like Gecko; compatible; ClaudeBot/1.0; +claudebot@anthropic.com)"
103.131.71.167 - - [06/Sep/2025:11:30:29 +0700] "GET /page-sitemap.xml HTTP/1.0" 200 1873 "-" "Mozilla/5.0 (compatible; coccocbot-web/1.0; +http://help.coccoc.com/searchengine)"
216.73.216.162 - - [06/Sep/2025:11:30:30 +0700] "GET /cs-go-wagering-ideas-match-forecasts-right-now-live-score-and-probabilities-social-community/ HTTP/1.0" 200 211174 "https://vattusacky.vn/?p=5073" "Mozilla/5.0 AppleWebKit/537.36 (KHTML, like Gecko; compatible; ClaudeBot/1.0; +claudebot@anthropic.com)"
216.73.216.162 - - [06/Sep/2025:11:30:35 +0700] "GET /here-are-some-easy-ways-to-make-real-money-online HTTP/1.0" 301 448 "-" "Mozilla/5.0 AppleWebKit/537.36 (KHTML, like Gecko; compatible; ClaudeBot/1.0; +claudebot@anthropic.com)"
216.73.216.162 - - [06/Sep/2025:11:30:38 +0700] "GET /here-are-some-easy-ways-to-make-real-money-online/ HTTP/1.0" 200 73219 "https://vattusacky.vn/here-are-some-easy-ways-to-make-real-money-online" "Mozilla/5.0 AppleWebKit/537.36 (KHTML, like Gecko; compatible; ClaudeBot/1.0; +claudebot@anthropic.com)"
54.39.89.76 - - [06/Sep/2025:11:30:44 +0700] "GET /thong-tu-24/download/ HTTP/1.0" 200 197784 "-" "Mozilla/5.0 (compatible; AhrefsBot/7.0; +http://ahrefs.com/robot/)"
103.131.71.167 - - [06/Sep/2025:11:30:36 +0700] "GET /attachment-sitemap.xml HTTP/1.0" 200 72345 "-" "Mozilla/5.0 (compatible; coccocbot-web/1.0; +http://help.coccoc.com/searchengine)"
216.73.216.162 - - [06/Sep/2025:11:30:55 +0700] "GET /?p=10533 HTTP/1.0" 301 606 "-" "Mozilla/5.0 AppleWebKit/537.36 (KHTML, like Gecko; compatible; ClaudeBot/1.0; +claudebot@anthropic.com)"
216.73.216.162 - - [06/Sep/2025:11:30:58 +0700] "GET /1xbet-india-123/ HTTP/1.0" 200 108411 "https://vattusacky.vn/?p=10533" "Mozilla/5.0 AppleWebKit/537.36 (KHTML, like Gecko; compatible; ClaudeBot/1.0; +claudebot@anthropic.com)"
103.131.71.167 - - [06/Sep/2025:11:30:55 +0700] "GET /product-sitemap.xml HTTP/1.0" 200 51048 "-" "Mozilla/5.0 (compatible; coccocbot-web/1.0; +http://help.coccoc.com/searchengine)"
216.73.216.162 - - [06/Sep/2025:11:31:02 +0700] "GET /?p=5588 HTTP/1.0" 301 495 "-" "Mozilla/5.0 AppleWebKit/537.36 (KHTML, like Gecko; compatible; ClaudeBot/1.0; +claudebot@anthropic.com)"
103.131.71.167 - - [06/Sep/2025:11:31:04 +0700] "GET /category-sitemap.xml HTTP/1.0" 200 24564 "-" "Mozilla/5.0 (compatible; coccocbot-web/1.0; +http://help.coccoc.com/searchengine)"
216.73.216.162 - - [06/Sep/2025:11:31:05 +0700] "GET /vip-companions-in-town-companions-and-escort-girls/ HTTP/1.0" 200 77470 "https://vattusacky.vn/?p=5588" "Mozilla/5.0 AppleWebKit/537.36 (KHTML, like Gecko; compatible; ClaudeBot/1.0; +claudebot@anthropic.com)"
216.73.216.162 - - [06/Sep/2025:11:31:09 +0700] "GET /?p=3775 HTTP/1.0" 301 417 "-" "Mozilla/5.0 AppleWebKit/537.36 (KHTML, like Gecko; compatible; ClaudeBot/1.0; +claudebot@anthropic.com)"
103.131.71.167 - - [06/Sep/2025:11:31:11 +0700] "GET /post_tag-sitemap.xml HTTP/1.0" 200 12903 "-" "Mozilla/5.0 (compatible; coccocbot-web/1.0; +http://help.coccoc.com/searchengine)"
216.73.216.162 - - [06/Sep/2025:11:31:11 +0700] "GET /play-casino-online/ HTTP/1.0" 200 205679 "https://vattusacky.vn/?p=3775" "Mozilla/5.0 AppleWebKit/537.36 (KHTML, like Gecko; compatible; ClaudeBot/1.0; +claudebot@anthropic.com)"
45.117.177.72 - - [06/Sep/2025:11:31:17 +0700] "POST /wp-cron.php?doing_wp_cron=1757133077.2507839202880859375000 HTTP/1.0" 200 416 "-" "WordPress/6.8.1; https://vattusacky.vn"
216.73.216.162 - - [06/Sep/2025:11:31:15 +0700] "GET /the-very-best-virtual-info-room-computer-software/feed HTTP/1.0" 301 597 "-" "Mozilla/5.0 AppleWebKit/537.36 (KHTML, like Gecko; compatible; ClaudeBot/1.0; +claudebot@anthropic.com)"
216.73.216.162 - - [06/Sep/2025:11:31:17 +0700] "GET /the-very-best-virtual-info-room-computer-software/feed/ HTTP/1.0" 200 1598 "https://vattusacky.vn/the-very-best-virtual-info-room-computer-software/feed" "Mozilla/5.0 AppleWebKit/537.36 (KHTML, like Gecko; compatible; ClaudeBot/1.0; +claudebot@anthropic.com)"
103.131.71.167 - - [06/Sep/2025:11:31:18 +0700] "GET /product_cat-sitemap.xml HTTP/1.0" 200 8595 "-" "Mozilla/5.0 (compatible; coccocbot-web/1.0; +http://help.coccoc.com/searchengine)"
103.131.71.167 - - [06/Sep/2025:11:31:25 +0700] "GET /product_tag-sitemap.xml HTTP/1.0" 200 28520 "-" "Mozilla/5.0 (compatible; coccocbot-web/1.0; +http://help.coccoc.com/searchengine)"
216.73.216.162 - - [06/Sep/2025:11:32:06 +0700] "GET /?p=3770 HTTP/1.0" 301 601 "-" "Mozilla/5.0 AppleWebKit/537.36 (KHTML, like Gecko; compatible; ClaudeBot/1.0; +claudebot@anthropic.com)"
216.73.216.162 - - [06/Sep/2025:11:32:10 +0700] "GET /free-online-slots-how-to-play-free-slots-on-the-internet/ HTTP/1.0" 200 209087 "https://vattusacky.vn/?p=3770" "Mozilla/5.0 AppleWebKit/537.36 (KHTML, like Gecko; compatible; ClaudeBot/1.0; +claudebot@anthropic.com)"
185.191.171.13 - - [06/Sep/2025:11:32:11 +0700] "GET /virginias-blue-ridge-offers-romantic-scenery-cultural-events-world-class-facilities/ HTTP/1.0" 200 214946 "-" "Mozilla/5.0 (compatible; SemrushBot/7~bl; +http://www.semrush.com/bot.html)"
216.73.216.162 - - [06/Sep/2025:11:32:13 +0700] "GET /?p=4475 HTTP/1.0" 301 489 "-" "Mozilla/5.0 AppleWebKit/537.36 (KHTML, like Gecko; compatible; ClaudeBot/1.0; +claudebot@anthropic.com)"
216.73.216.162 - - [06/Sep/2025:11:32:15 +0700] "GET /sports-activities-betting-in-zambia-2023-570/ HTTP/1.0" 200 260022 "https://vattusacky.vn/?p=4475" "Mozilla/5.0 AppleWebKit/537.36 (KHTML, like Gecko; compatible; ClaudeBot/1.0; +claudebot@anthropic.com)"
45.117.177.72 - - [06/Sep/2025:11:32:20 +0700] "POST /wp-cron.php?doing_wp_cron=1757133140.2931408882141113281250 HTTP/1.0" 200 416 "-" "WordPress/6.8.1; https://vattusacky.vn"
216.73.216.162 - - [06/Sep/2025:11:32:18 +0700] "GET /?p=4058 HTTP/1.0" 301 495 "-" "Mozilla/5.0 AppleWebKit/537.36 (KHTML, like Gecko; compatible; ClaudeBot/1.0; +claudebot@anthropic.com)"
216.73.216.162 - - [06/Sep/2025:11:32:20 +0700] "GET /why-22bet-is-a-brilliant-unique-betting-company-18/ HTTP/1.0" 200 253200 "https://vattusacky.vn/?p=4058" "Mozilla/5.0 AppleWebKit/537.36 (KHTML, like Gecko; compatible; ClaudeBot/1.0; +claudebot@anthropic.com)"
216.73.216.162 - - [06/Sep/2025:11:32:25 +0700] "GET /?p=3823 HTTP/1.0" 301 405 "-" "Mozilla/5.0 AppleWebKit/537.36 (KHTML, like Gecko; compatible; ClaudeBot/1.0; +claudebot@anthropic.com)"
216.73.216.162 - - [06/Sep/2025:11:32:26 +0700] "GET /3823-2/ HTTP/1.0" 200 205676 "https://vattusacky.vn/?p=3823" "Mozilla/5.0 AppleWebKit/537.36 (KHTML, like Gecko; compatible; ClaudeBot/1.0; +claudebot@anthropic.com)"
216.73.216.162 - - [06/Sep/2025:11:32:30 +0700] "GET /?p=5572 HTTP/1.0" 301 483 "-" "Mozilla/5.0 AppleWebKit/537.36 (KHTML, like Gecko; compatible; ClaudeBot/1.0; +claudebot@anthropic.com)"
216.73.216.162 - - [06/Sep/2025:11:32:32 +0700] "GET /play2x-igra-izuchaem-strategii-taktiku/ HTTP/1.0" 200 112152 "https://vattusacky.vn/?p=5572" "Mozilla/5.0 AppleWebKit/537.36 (KHTML, like Gecko; compatible; ClaudeBot/1.0; +claudebot@anthropic.com)"
216.73.216.162 - - [06/Sep/2025:11:32:38 +0700] "GET /?p=6325 HTTP/1.0" 301 646 "-" "Mozilla/5.0 AppleWebKit/537.36 (KHTML, like Gecko; compatible; ClaudeBot/1.0; +claudebot@anthropic.com)"
216.73.216.162 - - [06/Sep/2025:11:32:38 +0700] "GET /vavada-casino-skachajte-dlja-android-i-ios-4/feed HTTP/1.0" 301 738 "-" "Mozilla/5.0 AppleWebKit/537.36 (KHTML, like Gecko; compatible; ClaudeBot/1.0; +claudebot@anthropic.com)"
216.73.216.162 - - [06/Sep/2025:11:32:40 +0700] "GET /celebrating-diversity-through-omegles-social-experiment/ HTTP/1.0" 200 90775 "https://vattusacky.vn/?p=6325" "Mozilla/5.0 AppleWebKit/537.36 (KHTML, like Gecko; compatible; ClaudeBot/1.0; +claudebot@anthropic.com)"
216.73.216.162 - - [06/Sep/2025:11:32:41 +0700] "GET /vavada-casino-skachajte-dlja-android-i-ios-4/feed/ HTTP/1.0" 200 1606 "https://vattusacky.vn/vavada-casino-skachajte-dlja-android-i-ios-4/feed" "Mozilla/5.0 AppleWebKit/537.36 (KHTML, like Gecko; compatible; ClaudeBot/1.0; +claudebot@anthropic.com)"
216.73.216.162 - - [06/Sep/2025:11:32:43 +0700] "GET /?p=3633 HTTP/1.0" 301 508 "-" "Mozilla/5.0 AppleWebKit/537.36 (KHTML, like Gecko; compatible; ClaudeBot/1.0; +claudebot@anthropic.com)"
216.73.216.162 - - [06/Sep/2025:11:32:44 +0700] "GET /?p=10492 HTTP/1.0" 301 459 "-" "Mozilla/5.0 AppleWebKit/537.36 (KHTML, like Gecko; compatible; ClaudeBot/1.0; +claudebot@anthropic.com)"
216.73.216.162 - - [06/Sep/2025:11:32:46 +0700] "GET /osvoenie-metoda-pokerdom-igrat-eto-ne-sluchaynost-eto-iskusstvo/ HTTP/1.0" 200 238003 "https://vattusacky.vn/?p=3633" "Mozilla/5.0 AppleWebKit/537.36 (KHTML, like Gecko; compatible; ClaudeBot/1.0; +claudebot@anthropic.com)"
216.73.216.162 - - [06/Sep/2025:11:32:47 +0700] "GET /1xbet-india-96/ HTTP/1.0" 200 113589 "https://vattusacky.vn/?p=10492" "Mozilla/5.0 AppleWebKit/537.36 (KHTML, like Gecko; compatible; ClaudeBot/1.0; +claudebot@anthropic.com)"
148.113.128.29 - - [06/Sep/2025:11:32:59 +0700] "GET /play-in-bitcoins-with-1xbet-sports-activities-493/ HTTP/1.0" 200 236410 "-" "Mozilla/5.0 (compatible; AhrefsBot/7.0; +http://ahrefs.com/robot/)"
20.171.207.79 - - [06/Sep/2025:11:33:11 +0700] "GET /omegle-vs-ometv-the-impact-of-user-interface-on-user-satisfaction/ HTTP/1.0" 200 91827 "-" "Mozilla/5.0 AppleWebKit/537.36 (KHTML, like Gecko; compatible; GPTBot/1.2; +https://openai.com/gptbot)"
45.117.177.72 - - [06/Sep/2025:11:33:40 +0700] "POST /wp-cron.php?doing_wp_cron=1757133220.2408969402313232421875 HTTP/1.0" 200 416 "-" "WordPress/6.8.1; https://vattusacky.vn"
15.235.96.143 - - [06/Sep/2025:11:33:37 +0700] "GET /play-in-bitcoins-with-1xbet-sports-activities-493/ HTTP/1.0" 200 236468 "-" "Mozilla/5.0 (compatible; AhrefsBot/7.0; +http://ahrefs.com/robot/)"
57.130.20.252 - - [06/Sep/2025:11:33:42 +0700] "GET /wp-login.php HTTP/1.0" 200 11388 "-" "Mozilla/5.0 (X11; Ubuntu; Linux x86_64; rv:85.0) Gecko/20100101 Firefox/91.0"
57.130.20.252 - - [06/Sep/2025:11:33:47 +0700] "POST /wp-login.php HTTP/1.0" 200 11729 "-" "Mozilla/5.0 (X11; Ubuntu; Linux x86_64; rv:85.0) Gecko/20100101 Firefox/91.0"
185.191.171.14 - - [06/Sep/2025:11:33:49 +0700] "GET /1xbet-app-obtain-for-android-apk-ios-in-bangladesh-19/ HTTP/1.0" 200 92553 "-" "Mozilla/5.0 (compatible; SemrushBot/7~bl; +http://www.semrush.com/bot.html)"
216.73.216.162 - - [06/Sep/2025:11:34:05 +0700] "GET /author/yanz/page/422 HTTP/1.0" 301 565 "-" "Mozilla/5.0 AppleWebKit/537.36 (KHTML, like Gecko; compatible; ClaudeBot/1.0; +claudebot@anthropic.com)"
216.73.216.162 - - [06/Sep/2025:11:34:05 +0700] "GET /what-men-believe-that-ladies-lie-when-it-comes-to-in-their-online-dating-sites-profiles/feed HTTP/1.0" 301 781 "-" "Mozilla/5.0 AppleWebKit/537.36 (KHTML, like Gecko; compatible; ClaudeBot/1.0; +claudebot@anthropic.com)"
142.44.220.41 - - [06/Sep/2025:11:34:05 +0700] "GET /skachat-1xbet-kz-mobilnaja-versija-1hbet-na-android-besplatno/ HTTP/1.0" 200 111369 "-" "Mozilla/5.0 (compatible; AhrefsBot/7.0; +http://ahrefs.com/robot/)"
216.73.216.162 - - [06/Sep/2025:11:34:08 +0700] "GET /author/yanz/page/422/ HTTP/1.0" 200 77793 "https://vattusacky.vn/author/yanz/page/422" "Mozilla/5.0 AppleWebKit/537.36 (KHTML, like Gecko; compatible; ClaudeBot/1.0; +claudebot@anthropic.com)"
216.73.216.162 - - [06/Sep/2025:11:34:09 +0700] "GET /what-men-believe-that-ladies-lie-when-it-comes-to-in-their-online-dating-sites-profiles/feed/ HTTP/1.0" 200 1712 "https://vattusacky.vn/what-men-believe-that-ladies-lie-when-it-comes-to-in-their-online-dating-sites-profiles/feed" "Mozilla/5.0 AppleWebKit/537.36 (KHTML, like Gecko; compatible; ClaudeBot/1.0; +claudebot@anthropic.com)"
216.73.216.162 - - [06/Sep/2025:11:34:12 +0700] "GET /play2x-igra-izuchaem-strategii-taktiku/feed HTTP/1.0" 301 586 "-" "Mozilla/5.0 AppleWebKit/537.36 (KHTML, like Gecko; compatible; ClaudeBot/1.0; +claudebot@anthropic.com)"
216.73.216.162 - - [06/Sep/2025:11:34:12 +0700] "GET /just-how-to-just-take-a-dick-pic/feed HTTP/1.0" 301 580 "-" "Mozilla/5.0 AppleWebKit/537.36 (KHTML, like Gecko; compatible; ClaudeBot/1.0; +claudebot@anthropic.com)"
216.73.216.162 - - [06/Sep/2025:11:34:16 +0700] "GET /just-how-to-just-take-a-dick-pic/feed/ HTTP/1.0" 200 1547 "https://vattusacky.vn/just-how-to-just-take-a-dick-pic/feed" "Mozilla/5.0 AppleWebKit/537.36 (KHTML, like Gecko; compatible; ClaudeBot/1.0; +claudebot@anthropic.com)"
45.117.177.72 - - [06/Sep/2025:11:34:19 +0700] "POST /wp-cron.php?doing_wp_cron=1757133259.2171978950500488281250 HTTP/1.0" 200 416 "-" "WordPress/6.8.1; https://vattusacky.vn"
216.73.216.162 - - [06/Sep/2025:11:34:16 +0700] "GET /play2x-igra-izuchaem-strategii-taktiku/feed/ HTTP/1.0" 200 1599 "https://vattusacky.vn/play2x-igra-izuchaem-strategii-taktiku/feed" "Mozilla/5.0 AppleWebKit/537.36 (KHTML, like Gecko; compatible; ClaudeBot/1.0; +claudebot@anthropic.com)"
216.73.216.162 - - [06/Sep/2025:11:34:44 +0700] "GET /bet365-cybersport-bet-review-welcome-bonus-18/feed HTTP/1.0" 301 739 "-" "Mozilla/5.0 AppleWebKit/537.36 (KHTML, like Gecko; compatible; ClaudeBot/1.0; +claudebot@anthropic.com)"
216.73.216.162 - - [06/Sep/2025:11:34:44 +0700] "GET /vip-companions-in-town-companions-and-escort-girls/feed HTTP/1.0" 301 744 "-" "Mozilla/5.0 AppleWebKit/537.36 (KHTML, like Gecko; compatible; ClaudeBot/1.0; +claudebot@anthropic.com)"
216.73.216.162 - - [06/Sep/2025:11:34:49 +0700] "GET /bet365-cybersport-bet-review-welcome-bonus-18/feed/ HTTP/1.0" 200 1590 "https://vattusacky.vn/bet365-cybersport-bet-review-welcome-bonus-18/feed" "Mozilla/5.0 AppleWebKit/537.36 (KHTML, like Gecko; compatible; ClaudeBot/1.0; +claudebot@anthropic.com)"
216.73.216.162 - - [06/Sep/2025:11:34:51 +0700] "GET /vip-companions-in-town-companions-and-escort-girls/feed/ HTTP/1.0" 200 1627 "https://vattusacky.vn/vip-companions-in-town-companions-and-escort-girls/feed" "Mozilla/5.0 AppleWebKit/537.36 (KHTML, like Gecko; compatible; ClaudeBot/1.0; +claudebot@anthropic.com)"
216.73.216.162 - - [06/Sep/2025:11:34:52 +0700] "GET /1xbet-india-96-2 HTTP/1.0" 301 461 "-" "Mozilla/5.0 AppleWebKit/537.36 (KHTML, like Gecko; compatible; ClaudeBot/1.0; +claudebot@anthropic.com)"
216.73.216.162 - - [06/Sep/2025:11:34:54 +0700] "GET /pin-up-top-kazino-rabochee-zerkalo-vhod-kazino-2 HTTP/1.0" 301 493 "-" "Mozilla/5.0 AppleWebKit/537.36 (KHTML, like Gecko; compatible; ClaudeBot/1.0; +claudebot@anthropic.com)"
216.73.216.162 - - [06/Sep/2025:11:34:56 +0700] "GET /1xbet-india-96-2/ HTTP/1.0" 200 113621 "https://vattusacky.vn/1xbet-india-96-2" "Mozilla/5.0 AppleWebKit/537.36 (KHTML, like Gecko; compatible; ClaudeBot/1.0; +claudebot@anthropic.com)"
15.235.96.219 - - [06/Sep/2025:11:34:56 +0700] "GET /the-advantages-and-cons-of-online-dating/ HTTP/1.0" 200 207895 "-" "Mozilla/5.0 (compatible; AhrefsBot/7.0; +http://ahrefs.com/robot/)"
216.73.216.162 - - [06/Sep/2025:11:34:59 +0700] "GET /pin-up-top-kazino-rabochee-zerkalo-vhod-kazino-2/ HTTP/1.0" 200 221082 "https://vattusacky.vn/pin-up-top-kazino-rabochee-zerkalo-vhod-kazino-2" "Mozilla/5.0 AppleWebKit/537.36 (KHTML, like Gecko; compatible; ClaudeBot/1.0; +claudebot@anthropic.com)"
216.73.216.162 - - [06/Sep/2025:11:35:26 +0700] "GET /all-about-casino-slots HTTP/1.0" 301 567 "-" "Mozilla/5.0 AppleWebKit/537.36 (KHTML, like Gecko; compatible; ClaudeBot/1.0; +claudebot@anthropic.com)"
45.117.177.72 - - [06/Sep/2025:11:35:30 +0700] "POST /wp-cron.php?doing_wp_cron=1757133330.1658480167388916015625 HTTP/1.0" 200 416 "-" "WordPress/6.8.1; https://vattusacky.vn"
216.73.216.162 - - [06/Sep/2025:11:35:26 +0700] "GET /1win-casino-no-brasil-maquinas-caca-niqueis HTTP/1.0" 301 634 "-" "Mozilla/5.0 AppleWebKit/537.36 (KHTML, like Gecko; compatible; ClaudeBot/1.0; +claudebot@anthropic.com)"
216.73.216.162 - - [06/Sep/2025:11:35:31 +0700] "GET /all-about-casino-slots/ HTTP/1.0" 200 73048 "https://vattusacky.vn/all-about-casino-slots" "Mozilla/5.0 AppleWebKit/537.36 (KHTML, like Gecko; compatible; ClaudeBot/1.0; +claudebot@anthropic.com)"
216.73.216.162 - - [06/Sep/2025:11:35:32 +0700] "GET /1win-casino-no-brasil-maquinas-caca-niqueis/ HTTP/1.0" 200 76961 "https://vattusacky.vn/1win-casino-no-brasil-maquinas-caca-niqueis" "Mozilla/5.0 AppleWebKit/537.36 (KHTML, like Gecko; compatible; ClaudeBot/1.0; +claudebot@anthropic.com)"
216.73.216.162 - - [06/Sep/2025:11:35:35 +0700] "GET /sports-activities-betting-in-zambia-2023-570/feed HTTP/1.0" 301 592 "-" "Mozilla/5.0 AppleWebKit/537.36 (KHTML, like Gecko; compatible; ClaudeBot/1.0; +claudebot@anthropic.com)"
216.73.216.162 - - [06/Sep/2025:11:35:36 +0700] "GET /1xbet-india-123/feed HTTP/1.0" 301 563 "-" "Mozilla/5.0 AppleWebKit/537.36 (KHTML, like Gecko; compatible; ClaudeBot/1.0; +claudebot@anthropic.com)"
216.73.216.162 - - [06/Sep/2025:11:35:38 +0700] "GET /sports-activities-betting-in-zambia-2023-570/feed/ HTTP/1.0" 200 1579 "https://vattusacky.vn/sports-activities-betting-in-zambia-2023-570/feed" "Mozilla/5.0 AppleWebKit/537.36 (KHTML, like Gecko; compatible; ClaudeBot/1.0; +claudebot@anthropic.com)"
216.73.216.162 - - [06/Sep/2025:11:35:39 +0700] "GET /1xbet-india-123/feed/ HTTP/1.0" 200 1494 "https://vattusacky.vn/1xbet-india-123/feed" "Mozilla/5.0 AppleWebKit/537.36 (KHTML, like Gecko; compatible; ClaudeBot/1.0; +claudebot@anthropic.com)"
142.44.220.42 - - [06/Sep/2025:11:35:50 +0700] "GET /rejestracja-w-kasynie-mostbet-dobre-rady/ HTTP/1.0" 200 92070 "-" "Mozilla/5.0 (compatible; AhrefsBot/7.0; +http://ahrefs.com/robot/)"
217.113.194.217 - - [06/Sep/2025:11:36:10 +0700] "GET /maksim-krippa-strategija-bystrogo-i-bezopasnogo-1445/feed/ HTTP/1.0" 200 1807 "-" "Mozilla/5.0 (compatible; Barkrowler/0.9; +https://babbar.tech/crawler)"
45.117.177.72 - - [06/Sep/2025:11:36:28 +0700] "POST /wp-cron.php?doing_wp_cron=1757133388.4395709037780761718750 HTTP/1.0" 200 416 "-" "WordPress/6.8.1; https://vattusacky.vn"
213.180.203.224 - - [06/Sep/2025:11:36:26 +0700] "GET /exploring-omegles-features-chatting-video-calls-and-more/ HTTP/1.0" 200 90759 "-" "Mozilla/5.0 (compatible; YandexBot/3.0; +http://yandex.com/bots)"
217.113.194.76 - - [06/Sep/2025:11:36:32 +0700] "GET /emotional-connections-video-vs-text-on-omegle-and-ometv/feed/ HTTP/1.0" 200 1762 "-" "Mozilla/5.0 (compatible; Barkrowler/0.9; +https://babbar.tech/crawler)"
51.161.37.25 - - [06/Sep/2025:11:36:39 +0700] "GET /decoding-omegles-algorithm-the-science-behind-the-random-pairings/ HTTP/1.0" 200 91587 "-" "Mozilla/5.0 (compatible; AhrefsBot/7.0; +http://ahrefs.com/robot/)"
216.73.216.162 - - [06/Sep/2025:11:36:45 +0700] "GET /1xbet-india-96/feed HTTP/1.0" 301 708 "-" "Mozilla/5.0 AppleWebKit/537.36 (KHTML, like Gecko; compatible; ClaudeBot/1.0; +claudebot@anthropic.com)"
216.73.216.162 - - [06/Sep/2025:11:36:45 +0700] "GET /best-places-to-buy-cheap-viagra-online-in-usa/feed HTTP/1.0" 301 739 "-" "Mozilla/5.0 AppleWebKit/537.36 (KHTML, like Gecko; compatible; ClaudeBot/1.0; +claudebot@anthropic.com)"
216.73.216.162 - - [06/Sep/2025:11:36:48 +0700] "GET /1xbet-india-96/feed/ HTTP/1.0" 200 1492 "https://vattusacky.vn/1xbet-india-96/feed" "Mozilla/5.0 AppleWebKit/537.36 (KHTML, like Gecko; compatible; ClaudeBot/1.0; +claudebot@anthropic.com)"
216.73.216.162 - - [06/Sep/2025:11:36:49 +0700] "GET /best-places-to-buy-cheap-viagra-online-in-usa/feed/ HTTP/1.0" 200 1586 "https://vattusacky.vn/best-places-to-buy-cheap-viagra-online-in-usa/feed" "Mozilla/5.0 AppleWebKit/537.36 (KHTML, like Gecko; compatible; ClaudeBot/1.0; +claudebot@anthropic.com)"
216.73.216.162 - - [06/Sep/2025:11:36:52 +0700] "GET /vavada-casino-onlajn-top-kazino-v-internete-kazino-3/feed HTTP/1.0" 301 600 "-" "Mozilla/5.0 AppleWebKit/537.36 (KHTML, like Gecko; compatible; ClaudeBot/1.0; +claudebot@anthropic.com)"
154.54.249.200 - - [06/Sep/2025:11:36:52 +0700] "GET /unexpected-entertainment-surprising-encounters-on-omegle-and-ometv/ HTTP/1.0" 200 90347 "-" "Mozilla/5.0 (compatible; Barkrowler/0.9; +https://babbar.tech/crawler)"
216.73.216.162 - - [06/Sep/2025:11:36:52 +0700] "GET /22bet-withdrawal-148/feed HTTP/1.0" 301 568 "-" "Mozilla/5.0 AppleWebKit/537.36 (KHTML, like Gecko; compatible; ClaudeBot/1.0; +claudebot@anthropic.com)"
216.73.216.162 - - [06/Sep/2025:11:36:55 +0700] "GET /vavada-casino-onlajn-top-kazino-v-internete-kazino-3/feed/ HTTP/1.0" 200 1668 "https://vattusacky.vn/vavada-casino-onlajn-top-kazino-v-internete-kazino-3/feed" "Mozilla/5.0 AppleWebKit/537.36 (KHTML, like Gecko; compatible; ClaudeBot/1.0; +claudebot@anthropic.com)"
216.73.216.162 - - [06/Sep/2025:11:36:56 +0700] "GET /22bet-withdrawal-148/feed/ HTTP/1.0" 200 1507 "https://vattusacky.vn/22bet-withdrawal-148/feed" "Mozilla/5.0 AppleWebKit/537.36 (KHTML, like Gecko; compatible; ClaudeBot/1.0; +claudebot@anthropic.com)"
45.117.177.72 - - [06/Sep/2025:11:37:18 +0700] "POST /wp-cron.php?doing_wp_cron=1757133437.9899539947509765625000 HTTP/1.0" 200 416 "-" "WordPress/6.8.1; https://vattusacky.vn"
216.73.216.162 - - [06/Sep/2025:11:37:15 +0700] "GET /can-you-meet-new-people-on-ometv/feed HTTP/1.0" 301 726 "-" "Mozilla/5.0 AppleWebKit/537.36 (KHTML, like Gecko; compatible; ClaudeBot/1.0; +claudebot@anthropic.com)"
20.171.207.79 - - [06/Sep/2025:11:37:18 +0700] "GET /?p=7248 HTTP/1.0" 301 654 "-" "Mozilla/5.0 AppleWebKit/537.36 (KHTML, like Gecko; compatible; GPTBot/1.2; +https://openai.com/gptbot)"
216.73.216.162 - - [06/Sep/2025:11:37:19 +0700] "GET /can-you-meet-new-people-on-ometv/feed/ HTTP/1.0" 200 1547 "https://vattusacky.vn/can-you-meet-new-people-on-ometv/feed" "Mozilla/5.0 AppleWebKit/537.36 (KHTML, like Gecko; compatible; ClaudeBot/1.0; +claudebot@anthropic.com)"
154.54.249.200 - - [06/Sep/2025:11:37:18 +0700] "GET /how-omegle-and-ometv-are-reshaping-communication-in-the-digital-age/feed/ HTTP/1.0" 200 1798 "-" "Mozilla/5.0 (compatible; Barkrowler/0.9; +https://babbar.tech/crawler)"
20.171.207.79 - - [06/Sep/2025:11:37:22 +0700] "GET /navigating-the-fine-line-of-privacy-and-communication-on-omegle/ HTTP/1.0" 200 89133 "-" "Mozilla/5.0 AppleWebKit/537.36 (KHTML, like Gecko; compatible; GPTBot/1.2; +https://openai.com/gptbot)"
51.222.168.23 - - [06/Sep/2025:11:37:39 +0700] "GET /study-tips-for-computer-science-students/ HTTP/1.0" 200 208994 "-" "Mozilla/5.0 (compatible; AhrefsBot/7.0; +http://ahrefs.com/robot/)"
217.113.194.79 - - [06/Sep/2025:11:37:40 +0700] "GET /how-omegle-and-ometv-are-changing-the-way-we-socialize-online/feed/ HTTP/1.0" 200 1780 "-" "Mozilla/5.0 (compatible; Barkrowler/0.9; +https://babbar.tech/crawler)"
217.113.194.73 - - [06/Sep/2025:11:38:00 +0700] "GET /staying-safe-in-omegle-and-ometv-tips-for-protecting-your-privacy/feed/ HTTP/1.0" 200 1792 "-" "Mozilla/5.0 (compatible; Barkrowler/0.9; +https://babbar.tech/crawler)"
216.73.216.162 - - [06/Sep/2025:11:38:11 +0700] "GET /?p=6307 HTTP/1.0" 301 623 "-" "Mozilla/5.0 AppleWebKit/537.36 (KHTML, like Gecko; compatible; ClaudeBot/1.0; +claudebot@anthropic.com)"
216.73.216.162 - - [06/Sep/2025:11:38:13 +0700] "GET /can-you-meet-new-people-on-ometv/ HTTP/1.0" 200 85843 "https://vattusacky.vn/?p=6307" "Mozilla/5.0 AppleWebKit/537.36 (KHTML, like Gecko; compatible; ClaudeBot/1.0; +claudebot@anthropic.com)"
45.117.177.72 - - [06/Sep/2025:11:38:25 +0700] "POST /wp-cron.php?doing_wp_cron=1757133505.3450980186462402343750 HTTP/1.0" 200 416 "-" "WordPress/6.8.1; https://vattusacky.vn"
217.113.194.218 - - [06/Sep/2025:11:38:23 +0700] "GET /staying-ahead-of-the-game-omegle-and-ometvs-constant-evolution/feed/ HTTP/1.0" 200 1783 "-" "Mozilla/5.0 (compatible; Barkrowler/0.9; +https://babbar.tech/crawler)"
142.44.225.209 - - [06/Sep/2025:11:38:40 +0700] "GET /jaydawg808-on-hubpages/ HTTP/1.0" 200 208847 "-" "Mozilla/5.0 (compatible; AhrefsBot/7.0; +http://ahrefs.com/robot/)"
217.113.194.78 - - [06/Sep/2025:11:38:43 +0700] "GET /seeking-emotional-support-unveiling-the-therapeutic-potential-of-omegle/feed/ HTTP/1.0" 200 1810 "-" "Mozilla/5.0 (compatible; Barkrowler/0.9; +https://babbar.tech/crawler)"
217.113.194.78 - - [06/Sep/2025:11:39:07 +0700] "GET /a-touch-of-comedy-hilarious-encounters-on-omegle-and-ometv/ HTTP/1.0" 200 92011 "-" "Mozilla/5.0 (compatible; Barkrowler/0.9; +https://babbar.tech/crawler)"
45.117.177.72 - - [06/Sep/2025:11:39:34 +0700] "POST /wp-cron.php?doing_wp_cron=1757133574.2235209941864013671875 HTTP/1.0" 200 416 "-" "WordPress/6.8.1; https://vattusacky.vn"
217.113.194.76 - - [06/Sep/2025:11:39:32 +0700] "GET /pokerdom-igrat-v-onlajn-ruletku-rabochee-zerkalo/feed/ HTTP/1.0" 200 1794 "-" "Mozilla/5.0 (compatible; Barkrowler/0.9; +https://babbar.tech/crawler)"
20.171.207.79 - - [06/Sep/2025:11:39:34 +0700] "GET /?p=8584 HTTP/1.0" 301 521 "-" "Mozilla/5.0 AppleWebKit/537.36 (KHTML, like Gecko; compatible; GPTBot/1.2; +https://openai.com/gptbot)"
20.171.207.79 - - [06/Sep/2025:11:39:38 +0700] "GET /the-impact-of-user-interface-design-on-user-satisfaction-in-omegle-and-ometv/ HTTP/1.0" 200 92643 "-" "Mozilla/5.0 AppleWebKit/537.36 (KHTML, like Gecko; compatible; GPTBot/1.2; +https://openai.com/gptbot)"
167.114.139.182 - - [06/Sep/2025:11:39:49 +0700] "GET /the-role-of-networking-in-building-self-awareness-on-omegle-and-ometv/ HTTP/1.0" 200 93186 "-" "Mozilla/5.0 (compatible; AhrefsBot/7.0; +http://ahrefs.com/robot/)"
217.113.194.76 - - [06/Sep/2025:11:39:52 +0700] "GET /pokerdom-casino-igrat-v-onlajn-ruletku-live-kazino/feed/ HTTP/1.0" 200 1804 "-" "Mozilla/5.0 (compatible; Barkrowler/0.9; +https://babbar.tech/crawler)"
167.114.139.190 - - [06/Sep/2025:11:39:56 +0700] "GET /the-role-of-networking-in-building-self-awareness-on-omegle-and-ometv/ HTTP/1.0" 200 93186 "-" "Mozilla/5.0 (compatible; AhrefsBot/7.0; +http://ahrefs.com/robot/)"
217.113.194.80 - - [06/Sep/2025:11:40:14 +0700] "GET /overcoming-stereotypes-and-biases-in-anonymous-omegle-chats/feed/ HTTP/1.0" 200 1774 "-" "Mozilla/5.0 (compatible; Barkrowler/0.9; +https://babbar.tech/crawler)"
45.117.177.72 - - [06/Sep/2025:11:40:38 +0700] "POST /wp-cron.php?doing_wp_cron=1757133638.3872940540313720703125 HTTP/1.0" 200 416 "-" "WordPress/6.8.1; https://vattusacky.vn"
217.113.194.217 - - [06/Sep/2025:11:40:34 +0700] "GET /analyzing-the-addictive-nature-of-anonymous-chat-platforms-like-omegle/ HTTP/1.0" 200 92542 "-" "Mozilla/5.0 (compatible; Barkrowler/0.9; +https://babbar.tech/crawler)"
54.39.6.21 - - [06/Sep/2025:11:40:45 +0700] "GET /author/yanz/page/310/ HTTP/1.0" 200 78073 "-" "Mozilla/5.0 (compatible; AhrefsBot/7.0; +http://ahrefs.com/robot/)"
217.113.194.80 - - [06/Sep/2025:11:41:01 +0700] "GET /analyzing-the-addictive-nature-of-anonymous-chat-platforms-like-omegle/feed/ HTTP/1.0" 200 1807 "-" "Mozilla/5.0 (compatible; Barkrowler/0.9; +https://babbar.tech/crawler)"
45.117.177.72 - - [06/Sep/2025:11:41:26 +0700] "POST /wp-cron.php?doing_wp_cron=1757133686.6131379604339599609375 HTTP/1.0" 200 416 "-" "WordPress/6.8.1; https://vattusacky.vn"
217.113.194.217 - - [06/Sep/2025:11:41:23 +0700] "GET /analyzing-the-psychology-of-loneliness-and-its-relation-to-omegle/feed/ HTTP/1.0" 200 1792 "-" "Mozilla/5.0 (compatible; Barkrowler/0.9; +https://babbar.tech/crawler)"
217.113.194.77 - - [06/Sep/2025:11:41:45 +0700] "GET /analyzing-the-impact-of-video-chat-on-omegles-user-experience/ HTTP/1.0" 200 90064 "-" "Mozilla/5.0 (compatible; Barkrowler/0.9; +https://babbar.tech/crawler)"
54.39.89.107 - - [06/Sep/2025:11:41:52 +0700] "GET /queen-johnnie-gambling-establishment-official-49/ HTTP/1.0" 200 77274 "-" "Mozilla/5.0 (compatible; AhrefsBot/7.0; +http://ahrefs.com/robot/)"
20.171.207.79 - - [06/Sep/2025:11:42:08 +0700] "GET /?p=7757 HTTP/1.0" 301 508 "-" "Mozilla/5.0 AppleWebKit/537.36 (KHTML, like Gecko; compatible; GPTBot/1.2; +https://openai.com/gptbot)"
20.171.207.79 - - [06/Sep/2025:11:42:12 +0700] "GET /omegle-vs-ometv-the-battle-for-user-privacy-and-data-protection/ HTTP/1.0" 200 91729 "-" "Mozilla/5.0 AppleWebKit/537.36 (KHTML, like Gecko; compatible; GPTBot/1.2; +https://openai.com/gptbot)"
217.113.194.73 - - [06/Sep/2025:11:42:13 +0700] "GET /analyzing-the-statistical-probabilities-of-coincidences-on-omegle/feed/ HTTP/1.0" 200 1792 "-" "Mozilla/5.0 (compatible; Barkrowler/0.9; +https://babbar.tech/crawler)"
45.117.177.72 - - [06/Sep/2025:11:42:39 +0700] "POST /wp-cron.php?doing_wp_cron=1757133759.2286179065704345703125 HTTP/1.0" 200 416 "-" "WordPress/6.8.1; https://vattusacky.vn"
217.113.194.218 - - [06/Sep/2025:11:42:35 +0700] "GET /vhod-na-licenzionnoe-zerkalo-gama-v-2023-godu-9/ HTTP/1.0" 200 232509 "-" "Mozilla/5.0 (compatible; Barkrowler/0.9; +https://babbar.tech/crawler)"
167.114.139.102 - - [06/Sep/2025:11:42:55 +0700] "GET /unveiling-ometv-text-chat-experience/ HTTP/1.0" 200 88706 "-" "Mozilla/5.0 (compatible; AhrefsBot/7.0; +http://ahrefs.com/robot/)"
217.113.194.80 - - [06/Sep/2025:11:43:07 +0700] "GET /behind-the-curtain-how-omegle-and-ometv-maintain-their-chat-services/feed/ HTTP/1.0" 200 1801 "-" "Mozilla/5.0 (compatible; Barkrowler/0.9; +https://babbar.tech/crawler)"
45.117.177.72 - - [06/Sep/2025:11:43:34 +0700] "POST /wp-cron.php?doing_wp_cron=1757133814.1557080745697021484375 HTTP/1.0" 200 416 "-" "WordPress/6.8.1; https://vattusacky.vn"
213.180.203.222 - - [06/Sep/2025:11:43:29 +0700] "GET /the/lay-mau-de-bay-hoi/ HTTP/1.0" 200 76238 "-" "Mozilla/5.0 (compatible; YandexBot/3.0; +http://yandex.com/bots)"
154.54.249.200 - - [06/Sep/2025:11:43:32 +0700] "GET /behind-the-curtain-how-omegle-and-ometv-maintain-their-chat-services/ HTTP/1.0" 200 92708 "-" "Mozilla/5.0 (compatible; Barkrowler/0.9; +https://babbar.tech/crawler)"
216.244.66.237 - - [06/Sep/2025:11:43:57 +0700] "GET /robots.txt HTTP/1.0" 200 984 "-" "Mozilla/5.0 (compatible; DotBot/1.2; +https://opensiteexplorer.org/dotbot; help@moz.com)"
154.54.249.200 - - [06/Sep/2025:11:43:56 +0700] "GET /danh-muc/moi-truong-nuoc/maydophongxa/?s= HTTP/1.0" 200 85906 "-" "Mozilla/5.0 (compatible; Barkrowler/0.9; +https://babbar.tech/crawler)"
51.222.168.194 - - [06/Sep/2025:11:43:59 +0700] "GET /the-role-of-moderators-in-preserving-anonymity-on-omegle/ HTTP/1.0" 200 92295 "-" "Mozilla/5.0 (compatible; AhrefsBot/7.0; +http://ahrefs.com/robot/)"
45.116.79.41 - - [06/Sep/2025:11:44:05 +0700] "POST /wp-login.php HTTP/1.0" 302 1519 "https://vattusacky.vn/wp-admin/" "Mozilla/5.0 (Windows NT 10.0; Win64; x64) AppleWebKit/537.36 (KHTML, like Gecko) Chrome/90.0.4430.85 Safari/537.36"
45.116.79.41 - - [06/Sep/2025:11:44:10 +0700] "GET /wp-admin/profile.php HTTP/1.0" 302 509 "https://vattusacky.vn/wp-admin/" "Mozilla/5.0 (Windows NT 10.0; Win64; x64) AppleWebKit/537.36 (KHTML, like Gecko) Chrome/90.0.4430.85 Safari/537.36"
45.117.177.72 - - [06/Sep/2025:11:44:22 +0700] "POST /wp-cron.php?doing_wp_cron=1757133861.7643539905548095703125 HTTP/1.0" 200 416 "-" "WordPress/6.8.1; https://vattusacky.vn"
45.116.79.41 - - [06/Sep/2025:11:44:17 +0700] "GET /my-account/ HTTP/1.0" 200 60422 "https://vattusacky.vn/wp-admin/" "Mozilla/5.0 (Windows NT 10.0; Win64; x64) AppleWebKit/537.36 (KHTML, like Gecko) Chrome/90.0.4430.85 Safari/537.36"
45.116.79.41 - - [06/Sep/2025:11:44:23 +0700] "GET /wp-admin/ HTTP/1.0" 302 509 "-" "Mozilla/5.0 (Windows NT 10.0; Win64; x64) AppleWebKit/537.36 (KHTML, like Gecko) Chrome/112.0.0.0 Safari/537.36"
217.113.194.75 - - [06/Sep/2025:11:44:26 +0700] "GET /danh-muc/moi-truong-nuoc/kim-loai-nang-water/feed/ HTTP/1.0" 200 80504 "-" "Mozilla/5.0 (compatible; Barkrowler/0.9; +https://babbar.tech/crawler)"
45.116.79.41 - - [06/Sep/2025:11:44:28 +0700] "GET /my-account/ HTTP/1.0" 200 60422 "-" "Mozilla/5.0 (Windows NT 10.0; Win64; x64) AppleWebKit/537.36 (KHTML, like Gecko) Chrome/112.0.0.0 Safari/537.36"
20.171.207.79 - - [06/Sep/2025:11:44:30 +0700] "GET /signs-and-symptoms-of-omegle-addiction-what-to-look-out-for/ HTTP/1.0" 200 91222 "-" "Mozilla/5.0 AppleWebKit/537.36 (KHTML, like Gecko; compatible; GPTBot/1.2; +https://openai.com/gptbot)"
217.113.194.81 - - [06/Sep/2025:11:44:53 +0700] "GET /the-right-way-to-tell-if-a-man-is-interested-in-getting-into-a-relationship/ HTTP/1.0" 200 208054 "-" "Mozilla/5.0 (compatible; Barkrowler/0.9; +https://babbar.tech/crawler)"
15.235.96.194 - - [06/Sep/2025:11:44:54 +0700] "GET /how-to-write-essays-how-not-to-overuse-facts/ HTTP/1.0" 200 74334 "-" "Mozilla/5.0 (compatible; AhrefsBot/7.0; +http://ahrefs.com/robot/)"
45.117.177.72 - - [06/Sep/2025:11:45:32 +0700] "POST /wp-cron.php?doing_wp_cron=1757133932.2795889377593994140625 HTTP/1.0" 200 416 "-" "WordPress/6.8.1; https://vattusacky.vn"
217.113.194.217 - - [06/Sep/2025:11:45:27 +0700] "GET /the-joy-of-discovery-unveiling-new-artists-through-omegle-collaborations/feed/ HTTP/1.0" 200 1813 "-" "Mozilla/5.0 (compatible; Barkrowler/0.9; +https://babbar.tech/crawler)"
142.44.228.191 - - [06/Sep/2025:11:45:48 +0700] "GET /author/yanz/page/380/ HTTP/1.0" 200 113365 "-" "Mozilla/5.0 (compatible; AhrefsBot/7.0; +http://ahrefs.com/robot/)"
217.113.194.217 - - [06/Sep/2025:11:45:50 +0700] "GET /the-essence-of-serendipity-unveiling-omegles-random-encounters/feed/ HTTP/1.0" 200 1783 "-" "Mozilla/5.0 (compatible; Barkrowler/0.9; +https://babbar.tech/crawler)"
142.44.225.202 - - [06/Sep/2025:11:46:11 +0700] "GET /author/yanz/page/380/ HTTP/1.0" 200 113394 "-" "Mozilla/5.0 (compatible; AhrefsBot/7.0; +http://ahrefs.com/robot/)"
45.117.177.72 - - [06/Sep/2025:11:46:18 +0700] "POST /wp-cron.php?doing_wp_cron=1757133978.0833349227905273437500 HTTP/1.0" 200 416 "-" "WordPress/6.8.1; https://vattusacky.vn"
217.113.194.81 - - [06/Sep/2025:11:46:13 +0700] "GET /the-allure-of-omegle-unlocking-a-world-of-anonymous-intimacy/feed/ HTTP/1.0" 200 1777 "-" "Mozilla/5.0 (compatible; Barkrowler/0.9; +https://babbar.tech/crawler)"
213.180.203.36 - - [06/Sep/2025:11:46:13 +0700] "GET /wp-json/wp/v2/posts/10874 HTTP/1.0" 200 93358 "-" "Mozilla/5.0 (compatible; YandexBot/3.0; +http://yandex.com/bots)"
45.117.177.72 - - [06/Sep/2025:11:46:42 +0700] "POST /wp-cron.php?doing_wp_cron=1757134001.9452250003814697265625 HTTP/1.0" 200 416 "-" "WordPress/6.8.1; https://vattusacky.vn"
217.113.194.74 - - [06/Sep/2025:11:46:36 +0700] "GET /the-psychology-behind-random-chatting-on-omegle-and-ometv/feed/ HTTP/1.0" 200 1768 "-" "Mozilla/5.0 (compatible; Barkrowler/0.9; +https://babbar.tech/crawler)"
54.39.136.125 - - [06/Sep/2025:11:46:53 +0700] "GET /san-pham/may-quang-pho-tu-ngoai-kha-kien/ HTTP/1.0" 200 260345 "-" "Mozilla/5.0 (compatible; AhrefsBot/7.0; +http://ahrefs.com/robot/)"
217.113.194.218 - - [06/Sep/2025:11:47:01 +0700] "GET /the-psychology-behind-the-appeal-of-omegles-unpredictable-connections/feed/ HTTP/1.0" 200 1804 "-" "Mozilla/5.0 (compatible; Barkrowler/0.9; +https://babbar.tech/crawler)"
85.208.96.193 - - [06/Sep/2025:11:47:08 +0700] "GET /mostbet-kz-bukmekerlk-kese-mostbet-azastan-resmi-sajta-kru-sajtty-dl-kshrmes-bonustar/ HTTP/1.0" 200 220863 "-" "Mozilla/5.0 (compatible; SemrushBot/7~bl; +http://www.semrush.com/bot.html)"
45.117.177.72 - - [06/Sep/2025:11:47:28 +0700] "POST /wp-cron.php?doing_wp_cron=1757134048.4686629772186279296875 HTTP/1.0" 200 416 "-" "WordPress/6.8.1; https://vattusacky.vn"
