45.117.177.72 - - [06/Sep/2025:04:07:33 +0700] "POST /wp-cron.php?doing_wp_cron=1757106453.4659979343414306640625 HTTP/1.0" 200 416 "-" "WordPress/6.8.1; https://vattusacky.vn"
217.113.194.81 - - [06/Sep/2025:04:07:32 +0700] "GET /virtual-friendships-exciting-bonds-on-omegle-and-ometv/feed/ HTTP/1.0" 200 1759 "-" "Mozilla/5.0 (compatible; Barkrowler/0.9; +https://babbar.tech/crawler)"
217.113.194.81 - - [06/Sep/2025:04:07:51 +0700] "GET /cultural-sensitivity-in-language-communication-on-omegle-and-ometv/ HTTP/1.0" 200 92222 "-" "Mozilla/5.0 (compatible; Barkrowler/0.9; +https://babbar.tech/crawler)"
45.117.177.72 - - [06/Sep/2025:04:08:20 +0700] "POST /wp-cron.php?doing_wp_cron=1757106500.7859349250793457031250 HTTP/1.0" 200 416 "-" "WordPress/6.8.1; https://vattusacky.vn"
217.113.194.72 - - [06/Sep/2025:04:08:19 +0700] "GET /navigating-the-risks-of-omegle-essential-steps-for-online-safety/feed/ HTTP/1.0" 200 1789 "-" "Mozilla/5.0 (compatible; Barkrowler/0.9; +https://babbar.tech/crawler)"
217.113.194.218 - - [06/Sep/2025:04:08:39 +0700] "GET /navigating-the-unknown-anonymity-and-authenticity-in-omegle-chat-rooms/feed/ HTTP/1.0" 200 1807 "-" "Mozilla/5.0 (compatible; Barkrowler/0.9; +https://babbar.tech/crawler)"
45.117.177.72 - - [06/Sep/2025:04:09:00 +0700] "POST /wp-cron.php?doing_wp_cron=1757106540.4708650112152099609375 HTTP/1.0" 200 416 "-" "WordPress/6.8.1; https://vattusacky.vn"
217.113.194.78 - - [06/Sep/2025:04:08:59 +0700] "GET /heartfelt-conversations-touching-moments-on-omegle-and-ometv/ HTTP/1.0" 200 93608 "-" "Mozilla/5.0 (compatible; Barkrowler/0.9; +https://babbar.tech/crawler)"
45.117.177.72 - - [06/Sep/2025:04:09:23 +0700] "POST /wp-cron.php?doing_wp_cron=1757106563.2019040584564208984375 HTTP/1.0" 200 416 "-" "WordPress/6.8.1; https://vattusacky.vn"
217.113.194.74 - - [06/Sep/2025:04:09:21 +0700] "GET /witty-and-entertaining-omegle-chats-gone-hilariously-wrong/feed/ HTTP/1.0" 200 1771 "-" "Mozilla/5.0 (compatible; Barkrowler/0.9; +https://babbar.tech/crawler)"
217.113.194.81 - - [06/Sep/2025:04:09:41 +0700] "GET /slot-gacor-hari-ini-daftar-game-yang-sedang-hot/feed/ HTTP/1.0" 200 1741 "-" "Mozilla/5.0 (compatible; Barkrowler/0.9; +https://babbar.tech/crawler)"
95.108.213.157 - - [06/Sep/2025:04:09:50 +0700] "GET /free-spin-casino-review/ HTTP/1.0" 200 73621 "-" "Mozilla/5.0 (compatible; YandexBot/3.0; +http://yandex.com/bots)"
217.113.194.76 - - [06/Sep/2025:04:10:03 +0700] "GET /the-beauty-of-the-unexpected-serendipitous-connections-on-omegle/ HTTP/1.0" 200 91440 "-" "Mozilla/5.0 (compatible; Barkrowler/0.9; +https://babbar.tech/crawler)"
45.117.177.72 - - [06/Sep/2025:04:10:24 +0700] "POST /wp-cron.php?doing_wp_cron=1757106624.4670679569244384765625 HTTP/1.0" 200 416 "-" "WordPress/6.8.1; https://vattusacky.vn"
216.244.66.237 - - [06/Sep/2025:04:10:23 +0700] "GET /exploring-the-role-of-chance-encounters-in-personal-growth-and-self-discovery/ HTTP/1.0" 200 92114 "-" "Mozilla/5.0 (compatible; DotBot/1.2; +https://opensiteexplorer.org/dotbot; help@moz.com)"
217.113.194.79 - - [06/Sep/2025:04:10:29 +0700] "GET /the-beauty-of-diversity-on-omegle-a-global-perspective/feed/ HTTP/1.0" 200 1759 "-" "Mozilla/5.0 (compatible; Barkrowler/0.9; +https://babbar.tech/crawler)"
217.113.194.76 - - [06/Sep/2025:04:10:51 +0700] "GET /a-closer-look-at-omegle-understanding-its-enduring-popularity/ HTTP/1.0" 200 90950 "-" "Mozilla/5.0 (compatible; Barkrowler/0.9; +https://babbar.tech/crawler)"
217.113.194.80 - - [06/Sep/2025:04:11:11 +0700] "GET /vulkan-kazino-vulkan-oficialnyj-sajt-zerkalo-2/ HTTP/1.0" 200 243647 "-" "Mozilla/5.0 (compatible; Barkrowler/0.9; +https://babbar.tech/crawler)"
45.117.177.72 - - [06/Sep/2025:04:11:44 +0700] "POST /wp-cron.php?doing_wp_cron=1757106704.0245099067687988281250 HTTP/1.0" 200 416 "-" "WordPress/6.8.1; https://vattusacky.vn"
217.113.194.81 - - [06/Sep/2025:04:11:42 +0700] "GET /what-do-european-people-like-about-eu-interracial-relationship/feed/ HTTP/1.0" 200 1784 "-" "Mozilla/5.0 (compatible; Barkrowler/0.9; +https://babbar.tech/crawler)"
217.113.194.75 - - [06/Sep/2025:04:12:02 +0700] "GET /bahsegel-canl-casino-bahsegel-canl-casino-canl/ HTTP/1.0" 200 302824 "-" "Mozilla/5.0 (compatible; Barkrowler/0.9; +https://babbar.tech/crawler)"
66.249.70.192 - - [06/Sep/2025:04:12:04 +0700] "GET /images/image002.jpg HTTP/1.0" 404 70812 "-" "Googlebot-Image/1.0"
52.167.144.238 - - [06/Sep/2025:04:12:10 +0700] "GET /sitemap_index.xml HTTP/1.0" 200 2426 "-" "Mozilla/5.0 AppleWebKit/537.36 (KHTML, like Gecko; compatible; bingbot/2.0; +http://www.bing.com/bingbot.htm) Chrome/116.0.1938.76 Safari/537.36"
45.117.177.72 - - [06/Sep/2025:04:12:44 +0700] "POST /wp-cron.php?doing_wp_cron=1757106764.4148280620574951171875 HTTP/1.0" 200 416 "-" "WordPress/6.8.1; https://vattusacky.vn"
217.113.194.218 - - [06/Sep/2025:04:12:43 +0700] "GET /captivating-collaborations-unveiling-omegle-artistrys-hidden-gems/ HTTP/1.0" 200 94131 "-" "Mozilla/5.0 (compatible; Barkrowler/0.9; +https://babbar.tech/crawler)"
154.54.249.200 - - [06/Sep/2025:04:13:07 +0700] "GET /is-omegle-suitable-for-minors-parental-guidance-advised/feed/ HTTP/1.0" 200 1762 "-" "Mozilla/5.0 (compatible; Barkrowler/0.9; +https://babbar.tech/crawler)"
45.117.177.72 - - [06/Sep/2025:04:13:28 +0700] "POST /wp-cron.php?doing_wp_cron=1757106808.3098049163818359375000 HTTP/1.0" 200 416 "-" "WordPress/6.8.1; https://vattusacky.vn"
217.113.194.76 - - [06/Sep/2025:04:13:27 +0700] "GET /the-art-of-deep-conversations-insights-from-omegle-chronicles/feed/ HTTP/1.0" 200 1780 "-" "Mozilla/5.0 (compatible; Barkrowler/0.9; +https://babbar.tech/crawler)"
66.249.70.193 - - [06/Sep/2025:04:13:34 +0700] "GET /images/image004.jpg HTTP/1.0" 404 70812 "-" "Googlebot-Image/1.0"
217.113.194.75 - - [06/Sep/2025:04:13:47 +0700] "GET /establishing-a-professional-network-on-omegle-and-ometv/feed/ HTTP/1.0" 200 1762 "-" "Mozilla/5.0 (compatible; Barkrowler/0.9; +https://babbar.tech/crawler)"
54.198.33.233 - - [06/Sep/2025:04:13:50 +0700] "GET /como-depositar-en-1xbet-chile-guia-tutorial-completa/ HTTP/1.0" 200 219511 "-" "Mozilla/5.0 AppleWebKit/537.36 (KHTML, like Gecko; compatible; Amazonbot/0.1; +https://developer.amazon.com/support/amazonbot) Chrome/119.0.6045.214 Safari/537.36"
52.44.229.124 - - [06/Sep/2025:04:13:53 +0700] "GET /sugardaddy-websites/ HTTP/1.0" 200 208835 "-" "Mozilla/5.0 AppleWebKit/537.36 (KHTML, like Gecko; compatible; Amazonbot/0.1; +https://developer.amazon.com/support/amazonbot) Chrome/119.0.6045.214 Safari/537.36"
23.23.104.107 - - [06/Sep/2025:04:13:57 +0700] "GET /4721-2/ HTTP/1.0" 200 206590 "-" "Mozilla/5.0 AppleWebKit/537.36 (KHTML, like Gecko; compatible; Amazonbot/0.1; +https://developer.amazon.com/support/amazonbot) Chrome/119.0.6045.214 Safari/537.36"
52.71.216.196 - - [06/Sep/2025:04:14:01 +0700] "GET /3944-2/ HTTP/1.0" 200 206266 "-" "Mozilla/5.0 AppleWebKit/537.36 (KHTML, like Gecko; compatible; Amazonbot/0.1; +https://developer.amazon.com/support/amazonbot) Chrome/119.0.6045.214 Safari/537.36"
18.215.49.176 - - [06/Sep/2025:04:14:06 +0700] "GET /tien-do-tra-vay-oncredit-gop-gan-day-cmnd/ HTTP/1.0" 200 210039 "-" "Mozilla/5.0 AppleWebKit/537.36 (KHTML, like Gecko; compatible; Amazonbot/0.1; +https://developer.amazon.com/support/amazonbot) Chrome/119.0.6045.214 Safari/537.36"
217.113.194.76 - - [06/Sep/2025:04:14:07 +0700] "GET /atorlip-20-20-mg-buy-generic-over-the-counter-in-barcelona/ HTTP/1.0" 200 161304 "-" "Mozilla/5.0 (compatible; Barkrowler/0.9; +https://babbar.tech/crawler)"
54.80.73.122 - - [06/Sep/2025:04:14:12 +0700] "GET /agribank-cho-https-vaysite-com-app-vay-tien-senmo-app-vay-mua-nha/ HTTP/1.0" 200 210293 "-" "Mozilla/5.0 AppleWebKit/537.36 (KHTML, like Gecko; compatible; Amazonbot/0.1; +https://developer.amazon.com/support/amazonbot) Chrome/119.0.6045.214 Safari/537.36"
3.226.34.98 - - [06/Sep/2025:04:14:14 +0700] "GET /adorable-wedding-suggestions-to-inspire-the-big-day/ HTTP/1.0" 200 208253 "-" "Mozilla/5.0 AppleWebKit/537.36 (KHTML, like Gecko; compatible; Amazonbot/0.1; +https://developer.amazon.com/support/amazonbot) Chrome/119.0.6045.214 Safari/537.36"
45.117.177.72 - - [06/Sep/2025:04:14:22 +0700] "POST /wp-cron.php?doing_wp_cron=1757106862.7614428997039794921875 HTTP/1.0" 200 416 "-" "WordPress/6.8.1; https://vattusacky.vn"
52.3.102.51 - - [06/Sep/2025:04:14:21 +0700] "GET /what-do-european-people-like-about-eu-interracial-relationship/ HTTP/1.0" 200 209290 "-" "Mozilla/5.0 AppleWebKit/537.36 (KHTML, like Gecko; compatible; Amazonbot/0.1; +https://developer.amazon.com/support/amazonbot) Chrome/119.0.6045.214 Safari/537.36"
100.24.167.60 - - [06/Sep/2025:04:14:22 +0700] "GET /online-slot-reviews-to-help-you-select-slots-for-online-casinos-gambling/ HTTP/1.0" 200 207707 "-" "Mozilla/5.0 AppleWebKit/537.36 (KHTML, like Gecko; compatible; Amazonbot/0.1; +https://developer.amazon.com/support/amazonbot) Chrome/119.0.6045.214 Safari/537.36"
35.168.238.50 - - [06/Sep/2025:04:14:25 +0700] "GET /category/uncategorized/page/170/ HTTP/1.0" 200 75832 "-" "Mozilla/5.0 AppleWebKit/537.36 (KHTML, like Gecko; compatible; Amazonbot/0.1; +https://developer.amazon.com/support/amazonbot) Chrome/119.0.6045.214 Safari/537.36"
52.70.138.176 - - [06/Sep/2025:04:14:29 +0700] "GET /maksim-krippa-statistika-semja-i-fakty-biografija-418/ HTTP/1.0" 200 236743 "-" "Mozilla/5.0 AppleWebKit/537.36 (KHTML, like Gecko; compatible; Amazonbot/0.1; +https://developer.amazon.com/support/amazonbot) Chrome/119.0.6045.214 Safari/537.36"
52.200.58.199 - - [06/Sep/2025:04:14:33 +0700] "GET /category/uncategorized/page/149/ HTTP/1.0" 200 77172 "-" "Mozilla/5.0 AppleWebKit/537.36 (KHTML, like Gecko; compatible; Amazonbot/0.1; +https://developer.amazon.com/support/amazonbot) Chrome/119.0.6045.214 Safari/537.36"
66.249.70.192 - - [06/Sep/2025:04:14:36 +0700] "GET /images/image003.jpg HTTP/1.0" 404 70812 "-" "Googlebot-Image/1.0"
217.113.194.79 - - [06/Sep/2025:04:14:38 +0700] "GET /flexibility-and-convenience-ometvs-text-chat-functionality/ HTTP/1.0" 200 91043 "-" "Mozilla/5.0 (compatible; Barkrowler/0.9; +https://babbar.tech/crawler)"
217.113.194.75 - - [06/Sep/2025:04:15:00 +0700] "GET /identifying-and-avoiding-scams-on-omegle-a-privacy-perspective/ HTTP/1.0" 200 91923 "-" "Mozilla/5.0 (compatible; Barkrowler/0.9; +https://babbar.tech/crawler)"
54.39.210.121 - - [06/Sep/2025:04:15:06 +0700] "GET /the-very-best-antivirus-for-iphone/ HTTP/1.0" 200 205407 "-" "Mozilla/5.0 (compatible; AhrefsBot/7.0; +http://ahrefs.com/robot/)"
45.117.177.72 - - [06/Sep/2025:04:15:25 +0700] "POST /wp-cron.php?doing_wp_cron=1757106925.7328960895538330078125 HTTP/1.0" 200 416 "-" "WordPress/6.8.1; https://vattusacky.vn"
154.54.249.200 - - [06/Sep/2025:04:15:24 +0700] "GET /1win-guvenilir-canli-casino-sitesi-yeni-giri/feed/ HTTP/1.0" 200 1747 "-" "Mozilla/5.0 (compatible; Barkrowler/0.9; +https://babbar.tech/crawler)"
217.113.194.73 - - [06/Sep/2025:04:15:43 +0700] "GET /1xbet-app-download-apk-for-android-ios-home-145/feed/ HTTP/1.0" 200 1758 "-" "Mozilla/5.0 (compatible; Barkrowler/0.9; +https://babbar.tech/crawler)"
217.113.194.217 - - [06/Sep/2025:04:16:02 +0700] "GET /1xbet-app-obtain-apk-for-android-ios-home-windows-212/ HTTP/1.0" 200 90196 "-" "Mozilla/5.0 (compatible; Barkrowler/0.9; +https://babbar.tech/crawler)"
45.117.177.72 - - [06/Sep/2025:04:16:29 +0700] "POST /wp-cron.php?doing_wp_cron=1757106989.0384600162506103515625 HTTP/1.0" 200 416 "-" "WordPress/6.8.1; https://vattusacky.vn"
44.206.230.117 - - [06/Sep/2025:04:16:27 +0700] "GET / HTTP/1.0" 301 598 "-" "okhttp/4.9.2"
217.113.194.75 - - [06/Sep/2025:04:16:28 +0700] "GET /1xbet-app-obtain-apk-for-android-ios-home-windows-29/ HTTP/1.0" 200 113885 "-" "Mozilla/5.0 (compatible; Barkrowler/0.9; +https://babbar.tech/crawler)"
44.206.230.117 - - [06/Sep/2025:04:16:36 +0700] "GET / HTTP/1.0" 200 60070 "-" "okhttp/4.9.2"
44.206.230.117 - - [06/Sep/2025:04:16:38 +0700] "GET /favicon.ico HTTP/1.0" 302 659 "-" "okhttp/4.9.2"
44.206.230.117 - - [06/Sep/2025:04:16:39 +0700] "GET /wp-content/uploads/2016/09/cropped-logo-vietnguyen2-32x32.png HTTP/1.0" 200 437 "-" "okhttp/4.9.2"
44.206.230.117 - - [06/Sep/2025:04:16:39 +0700] "GET /favicon.png HTTP/1.0" 404 70812 "-" "okhttp/4.9.2"
44.206.230.117 - - [06/Sep/2025:04:16:41 +0700] "GET /wp-content/uploads/2016/09/cropped-logo-vietnguyen2-32x32.png HTTP/1.0" 200 437 "-" "okhttp/4.9.2"
44.206.230.117 - - [06/Sep/2025:04:16:41 +0700] "GET /wp-content/uploads/2016/09/cropped-logo-vietnguyen2-192x192.png HTTP/1.0" 200 439 "-" "okhttp/4.9.2"
44.206.230.117 - - [06/Sep/2025:04:16:42 +0700] "GET /wp-content/uploads/2016/09/cropped-logo-vietnguyen2-180x180.png HTTP/1.0" 200 439 "-" "okhttp/4.9.2"
216.244.66.237 - - [06/Sep/2025:04:16:48 +0700] "GET /exploring-the-international-community-on-chatroulette-and-omegle/feed/ HTTP/1.0" 200 1789 "-" "Mozilla/5.0 (compatible; DotBot/1.2; +https://opensiteexplorer.org/dotbot; help@moz.com)"
217.113.194.77 - - [06/Sep/2025:04:16:49 +0700] "GET /1xbets-1xsafari-promotion-prizes-awarded-to-484/ HTTP/1.0" 200 245162 "-" "Mozilla/5.0 (compatible; Barkrowler/0.9; +https://babbar.tech/crawler)"
45.117.177.72 - - [06/Sep/2025:04:17:26 +0700] "POST /wp-cron.php?doing_wp_cron=1757107046.3507258892059326171875 HTTP/1.0" 200 416 "-" "WordPress/6.8.1; https://vattusacky.vn"
217.113.194.80 - - [06/Sep/2025:04:17:25 +0700] "GET /1xbet-sportsbook-review-claim-100-up-to-100-bonus-204/feed/ HTTP/1.0" 200 1754 "-" "Mozilla/5.0 (compatible; Barkrowler/0.9; +https://babbar.tech/crawler)"
217.113.194.78 - - [06/Sep/2025:04:17:44 +0700] "GET /10-biggest-sports-betting-thailand-mistakes-you-can-easily-avoid/feed/ HTTP/1.0" 200 1789 "-" "Mozilla/5.0 (compatible; Barkrowler/0.9; +https://babbar.tech/crawler)"
44.206.230.117 - - [06/Sep/2025:04:17:47 +0700] "GET / HTTP/1.0" 301 598 "-" "Mozilla/5.0 (X11; Linux x86_64) AppleWebKit/537.36 (KHTML, like Gecko) HeadlessChrome/138.0.7204.23 Safari/537.36"
44.206.230.117 - - [06/Sep/2025:04:17:49 +0700] "GET / HTTP/1.0" 200 60070 "-" "Mozilla/5.0 (X11; Linux x86_64) AppleWebKit/537.36 (KHTML, like Gecko) HeadlessChrome/138.0.7204.23 Safari/537.36"
44.206.230.117 - - [06/Sep/2025:04:17:51 +0700] "GET /wp-content/plugins/content-views-query-and-display-post-page/public/assets/css/cv.css?ver=4.1 HTTP/1.0" 200 460 "https://vattusacky.vn/" "Mozilla/5.0 (X11; Linux x86_64) AppleWebKit/537.36 (KHTML, like Gecko) HeadlessChrome/138.0.7204.23 Safari/537.36"
44.206.230.117 - - [06/Sep/2025:04:17:51 +0700] "GET /wp-content/plugins/devvn-stickytooltip/stickytooltip.css?ver=1.0.0 HTTP/1.0" 200 431 "https://vattusacky.vn/" "Mozilla/5.0 (X11; Linux x86_64) AppleWebKit/537.36 (KHTML, like Gecko) HeadlessChrome/138.0.7204.23 Safari/537.36"
44.206.230.117 - - [06/Sep/2025:04:17:51 +0700] "GET /wp-includes/css/dist/block-library/style.min.css?ver=6.8.1 HTTP/1.0" 200 423 "https://vattusacky.vn/" "Mozilla/5.0 (X11; Linux x86_64) AppleWebKit/537.36 (KHTML, like Gecko) HeadlessChrome/138.0.7204.23 Safari/537.36"
44.206.230.117 - - [06/Sep/2025:04:17:51 +0700] "GET /wp-content/plugins/woocommerce/assets/css/woocommerce-layout.css?ver=9.8.3 HTTP/1.0" 200 439 "https://vattusacky.vn/" "Mozilla/5.0 (X11; Linux x86_64) AppleWebKit/537.36 (KHTML, like Gecko) HeadlessChrome/138.0.7204.23 Safari/537.36"
44.206.230.117 - - [06/Sep/2025:04:17:51 +0700] "GET /wp-content/plugins/yith-woocommerce-category-accordion-premium/assets/css/ywcca_style.css?ver=1.0.12 HTTP/1.0" 200 464 "https://vattusacky.vn/" "Mozilla/5.0 (X11; Linux x86_64) AppleWebKit/537.36 (KHTML, like Gecko) HeadlessChrome/138.0.7204.23 Safari/537.36"
44.206.230.117 - - [06/Sep/2025:04:17:51 +0700] "GET /wp-content/plugins/gridlist-view-for-woocommerce/css/shop_lgv.css?ver=1.1.8 HTTP/1.0" 200 440 "https://vattusacky.vn/" "Mozilla/5.0 (X11; Linux x86_64) AppleWebKit/537.36 (KHTML, like Gecko) HeadlessChrome/138.0.7204.23 Safari/537.36"
44.206.230.117 - - [06/Sep/2025:04:17:51 +0700] "GET /wp-content/plugins/woocommerce/assets/css/woocommerce.css?ver=9.8.3 HTTP/1.0" 200 432 "https://vattusacky.vn/" "Mozilla/5.0 (X11; Linux x86_64) AppleWebKit/537.36 (KHTML, like Gecko) HeadlessChrome/138.0.7204.23 Safari/537.36"
44.206.230.117 - - [06/Sep/2025:04:17:51 +0700] "GET /wp-content/plugins/yith-woocommerce-category-accordion-premium/cache/ywcca_dynamics.css?ver=6.8.1 HTTP/1.0" 200 462 "https://vattusacky.vn/" "Mozilla/5.0 (X11; Linux x86_64) AppleWebKit/537.36 (KHTML, like Gecko) HeadlessChrome/138.0.7204.23 Safari/537.36"
44.206.230.117 - - [06/Sep/2025:04:17:51 +0700] "GET /wp-content/plugins/gridlist-view-for-woocommerce/berocket/assets/css/font-awesome.min.css?ver=6.8.1 HTTP/1.0" 200 464 "https://vattusacky.vn/" "Mozilla/5.0 (X11; Linux x86_64) AppleWebKit/537.36 (KHTML, like Gecko) HeadlessChrome/138.0.7204.23 Safari/537.36"
44.206.230.117 - - [06/Sep/2025:04:17:51 +0700] "GET /wp-content/plugins/contact-form-7/includes/css/styles.css?ver=6.0.6 HTTP/1.0" 200 432 "https://vattusacky.vn/" "Mozilla/5.0 (X11; Linux x86_64) AppleWebKit/537.36 (KHTML, like Gecko) HeadlessChrome/138.0.7204.23 Safari/537.36"
44.206.230.117 - - [06/Sep/2025:04:17:51 +0700] "GET /wp-content/themes/tem_techno_v2/inc/css/font-awesome.min.css?ver=6.8.1 HTTP/1.0" 200 435 "https://vattusacky.vn/" "Mozilla/5.0 (X11; Linux x86_64) AppleWebKit/537.36 (KHTML, like Gecko) HeadlessChrome/138.0.7204.23 Safari/537.36"
44.206.230.117 - - [06/Sep/2025:04:17:51 +0700] "GET /wp-content/themes/tem_techno_v2/inc/css/bootstrap.min.css?ver=6.8.1 HTTP/1.0" 200 432 "https://vattusacky.vn/" "Mozilla/5.0 (X11; Linux x86_64) AppleWebKit/537.36 (KHTML, like Gecko) HeadlessChrome/138.0.7204.23 Safari/537.36"
44.206.230.117 - - [06/Sep/2025:04:17:51 +0700] "GET /wp-content/plugins/woocommerce/assets/css/brands.css?ver=9.8.3 HTTP/1.0" 200 427 "https://vattusacky.vn/" "Mozilla/5.0 (X11; Linux x86_64) AppleWebKit/537.36 (KHTML, like Gecko) HeadlessChrome/138.0.7204.23 Safari/537.36"
44.206.230.117 - - [06/Sep/2025:04:17:51 +0700] "GET /wp-content/themes/tem_techno_v2/style.css?ver=6.8.1 HTTP/1.0" 200 416 "https://vattusacky.vn/" "Mozilla/5.0 (X11; Linux x86_64) AppleWebKit/537.36 (KHTML, like Gecko) HeadlessChrome/138.0.7204.23 Safari/537.36"
44.206.230.117 - - [06/Sep/2025:04:17:51 +0700] "GET /wp-content/plugins/wp-pagenavi/pagenavi-css.css?ver=2.70 HTTP/1.0" 200 823 "https://vattusacky.vn/" "Mozilla/5.0 (X11; Linux x86_64) AppleWebKit/537.36 (KHTML, like Gecko) HeadlessChrome/138.0.7204.23 Safari/537.36"
44.206.230.117 - - [06/Sep/2025:04:17:51 +0700] "GET /wp-content/plugins/gridlist-view-for-woocommerce/js/grid_view.js?ver=1.1.8 HTTP/1.0" 200 453 "https://vattusacky.vn/" "Mozilla/5.0 (X11; Linux x86_64) AppleWebKit/537.36 (KHTML, like Gecko) HeadlessChrome/138.0.7204.23 Safari/537.36"
44.206.230.117 - - [06/Sep/2025:04:17:51 +0700] "GET /wp-includes/js/jquery/jquery.min.js?ver=3.7.1 HTTP/1.0" 200 424 "https://vattusacky.vn/" "Mozilla/5.0 (X11; Linux x86_64) AppleWebKit/537.36 (KHTML, like Gecko) HeadlessChrome/138.0.7204.23 Safari/537.36"
44.206.230.117 - - [06/Sep/2025:04:17:51 +0700] "GET /wp-content/plugins/gridlist-view-for-woocommerce/js/jquery.cookie.js?ver=1.1.8 HTTP/1.0" 200 457 "https://vattusacky.vn/" "Mozilla/5.0 (X11; Linux x86_64) AppleWebKit/537.36 (KHTML, like Gecko) HeadlessChrome/138.0.7204.23 Safari/537.36"
44.206.230.117 - - [06/Sep/2025:04:17:51 +0700] "GET /wp-includes/js/jquery/jquery-migrate.min.js?ver=3.4.1 HTTP/1.0" 200 432 "https://vattusacky.vn/" "Mozilla/5.0 (X11; Linux x86_64) AppleWebKit/537.36 (KHTML, like Gecko) HeadlessChrome/138.0.7204.23 Safari/537.36"
44.206.230.117 - - [06/Sep/2025:04:17:51 +0700] "GET /wp-content/themes/tem_techno_v2/slmenu.css HTTP/1.0" 200 417 "https://vattusacky.vn/" "Mozilla/5.0 (X11; Linux x86_64) AppleWebKit/537.36 (KHTML, like Gecko) HeadlessChrome/138.0.7204.23 Safari/537.36"
44.206.230.117 - - [06/Sep/2025:04:17:51 +0700] "GET /wp-content/themes/tem_techno_v2/js/jquery.simplyscroll.min.js HTTP/1.0" 200 450 "https://vattusacky.vn/" "Mozilla/5.0 (X11; Linux x86_64) AppleWebKit/537.36 (KHTML, like Gecko) HeadlessChrome/138.0.7204.23 Safari/537.36"
44.206.230.117 - - [06/Sep/2025:04:17:51 +0700] "GET /wp-content/themes/tem_techno_v2/js/jquerymenu.js HTTP/1.0" 200 437 "https://vattusacky.vn/" "Mozilla/5.0 (X11; Linux x86_64) AppleWebKit/537.36 (KHTML, like Gecko) HeadlessChrome/138.0.7204.23 Safari/537.36"
44.206.230.117 - - [06/Sep/2025:04:17:51 +0700] "GET /wp-content/themes/tem_techno_v2/inc/js/bootstrap.min.js?ver=6.8.1 HTTP/1.0" 200 444 "https://vattusacky.vn/" "Mozilla/5.0 (X11; Linux x86_64) AppleWebKit/537.36 (KHTML, like Gecko) HeadlessChrome/138.0.7204.23 Safari/537.36"
44.206.230.117 - - [06/Sep/2025:04:17:51 +0700] "GET /wp-content/themes/tem_techno_v2/inc/js/main.min.js?ver=6.8.1 HTTP/1.0" 200 439 "https://vattusacky.vn/" "Mozilla/5.0 (X11; Linux x86_64) AppleWebKit/537.36 (KHTML, like Gecko) HeadlessChrome/138.0.7204.23 Safari/537.36"
44.206.230.117 - - [06/Sep/2025:04:17:51 +0700] "GET /wp-content/themes/tem_techno_v2/js/htg.js HTTP/1.0" 200 1342 "https://vattusacky.vn/" "Mozilla/5.0 (X11; Linux x86_64) AppleWebKit/537.36 (KHTML, like Gecko) HeadlessChrome/138.0.7204.23 Safari/537.36"
44.206.230.117 - - [06/Sep/2025:04:17:52 +0700] "GET /wp-content/uploads/2016/09/cropped-logo-vietnguyen.png HTTP/1.0" 200 430 "https://vattusacky.vn/" "Mozilla/5.0 (X11; Linux x86_64) AppleWebKit/537.36 (KHTML, like Gecko) HeadlessChrome/138.0.7204.23 Safari/537.36"
44.206.230.117 - - [06/Sep/2025:04:17:52 +0700] "GET /wp-content/uploads/2020/05/0007323-860x500.jpeg HTTP/1.0" 200 424 "https://vattusacky.vn/" "Mozilla/5.0 (X11; Linux x86_64) AppleWebKit/537.36 (KHTML, like Gecko) HeadlessChrome/138.0.7204.23 Safari/537.36"
44.206.230.117 - - [06/Sep/2025:04:17:52 +0700] "GET /wp-content/uploads/2020/05/0007490-860x500.jpeg HTTP/1.0" 200 424 "https://vattusacky.vn/" "Mozilla/5.0 (X11; Linux x86_64) AppleWebKit/537.36 (KHTML, like Gecko) HeadlessChrome/138.0.7204.23 Safari/537.36"
44.206.230.117 - - [06/Sep/2025:04:17:52 +0700] "GET /wp-content/uploads/2020/05/0005569-860x500.jpeg HTTP/1.0" 200 424 "https://vattusacky.vn/" "Mozilla/5.0 (X11; Linux x86_64) AppleWebKit/537.36 (KHTML, like Gecko) HeadlessChrome/138.0.7204.23 Safari/537.36"
44.206.230.117 - - [06/Sep/2025:04:17:52 +0700] "GET /wp-content/themes/tem_techno_v2/js/crawler.js HTTP/1.0" 200 434 "https://vattusacky.vn/" "Mozilla/5.0 (X11; Linux x86_64) AppleWebKit/537.36 (KHTML, like Gecko) HeadlessChrome/138.0.7204.23 Safari/537.36"
44.206.230.117 - - [06/Sep/2025:04:17:52 +0700] "GET /wp-content/uploads/2018/08/untitled-1-2.jpg HTTP/1.0" 200 420 "https://vattusacky.vn/" "Mozilla/5.0 (X11; Linux x86_64) AppleWebKit/537.36 (KHTML, like Gecko) HeadlessChrome/138.0.7204.23 Safari/537.36"
44.206.230.117 - - [06/Sep/2025:04:17:52 +0700] "GET /lib/search-button.png HTTP/1.0" 200 397 "https://vattusacky.vn/wp-content/themes/tem_techno_v2/style.css?ver=6.8.1" "Mozilla/5.0 (X11; Linux x86_64) AppleWebKit/537.36 (KHTML, like Gecko) HeadlessChrome/138.0.7204.23 Safari/537.36"
44.206.230.117 - - [06/Sep/2025:04:17:52 +0700] "GET /wp-content/themes/tem_techno_v2/inc/fonts/fontawesome-webfont.woff?v=4.2.0 HTTP/1.0" 200 454 "https://vattusacky.vn/wp-content/themes/tem_techno_v2/inc/css/font-awesome.min.css?ver=6.8.1" "Mozilla/5.0 (X11; Linux x86_64) AppleWebKit/537.36 (KHTML, like Gecko) HeadlessChrome/138.0.7204.23 Safari/537.36"
44.206.230.117 - - [06/Sep/2025:04:17:52 +0700] "GET /wp-content/plugins/woocommerce/assets/client/blocks/wc-blocks.css?ver=wc-9.8.3 HTTP/1.0" 200 440 "https://vattusacky.vn/" "Mozilla/5.0 (X11; Linux x86_64) AppleWebKit/537.36 (KHTML, like Gecko) HeadlessChrome/138.0.7204.23 Safari/537.36"
44.206.230.117 - - [06/Sep/2025:04:17:52 +0700] "GET /wp-content/plugins/ml-slider/assets/metaslider/public.css?ver=3.98.0 HTTP/1.0" 200 432 "https://vattusacky.vn/" "Mozilla/5.0 (X11; Linux x86_64) AppleWebKit/537.36 (KHTML, like Gecko) HeadlessChrome/138.0.7204.23 Safari/537.36"
44.206.230.117 - - [06/Sep/2025:04:17:52 +0700] "GET /wp-content/plugins/ml-slider/assets/sliders/nivoslider/nivo-slider.css?ver=3.98.0 HTTP/1.0" 200 445 "https://vattusacky.vn/" "Mozilla/5.0 (X11; Linux x86_64) AppleWebKit/537.36 (KHTML, like Gecko) HeadlessChrome/138.0.7204.23 Safari/537.36"
44.206.230.117 - - [06/Sep/2025:04:17:52 +0700] "GET /wp-includes/js/dist/i18n.min.js?ver=5e580eb46a90c2b997e6 HTTP/1.0" 200 420 "https://vattusacky.vn/" "Mozilla/5.0 (X11; Linux x86_64) AppleWebKit/537.36 (KHTML, like Gecko) HeadlessChrome/138.0.7204.23 Safari/537.36"
44.206.230.117 - - [06/Sep/2025:04:17:52 +0700] "GET /wp-content/plugins/ml-slider/assets/sliders/nivoslider/themes/default/default.css?ver=3.98.0 HTTP/1.0" 200 456 "https://vattusacky.vn/" "Mozilla/5.0 (X11; Linux x86_64) AppleWebKit/537.36 (KHTML, like Gecko) HeadlessChrome/138.0.7204.23 Safari/537.36"
44.206.230.117 - - [06/Sep/2025:04:17:52 +0700] "GET /wp-includes/js/dist/hooks.min.js?ver=4d63a3d491d11ffd8ac6 HTTP/1.0" 200 421 "https://vattusacky.vn/" "Mozilla/5.0 (X11; Linux x86_64) AppleWebKit/537.36 (KHTML, like Gecko) HeadlessChrome/138.0.7204.23 Safari/537.36"
44.206.230.117 - - [06/Sep/2025:04:17:52 +0700] "GET /wp-content/plugins/contact-form-7/includes/swv/js/index.js?ver=6.0.6 HTTP/1.0" 200 447 "https://vattusacky.vn/" "Mozilla/5.0 (X11; Linux x86_64) AppleWebKit/537.36 (KHTML, like Gecko) HeadlessChrome/138.0.7204.23 Safari/537.36"
44.206.230.117 - - [06/Sep/2025:04:17:52 +0700] "GET /wp-content/plugins/contact-form-7/includes/js/index.js?ver=6.0.6 HTTP/1.0" 200 443 "https://vattusacky.vn/" "Mozilla/5.0 (X11; Linux x86_64) AppleWebKit/537.36 (KHTML, like Gecko) HeadlessChrome/138.0.7204.23 Safari/537.36"
44.206.230.117 - - [06/Sep/2025:04:17:52 +0700] "GET /wp-content/plugins/content-views-query-and-display-post-page/public/assets/js/cv.js?ver=4.1 HTTP/1.0" 200 472 "https://vattusacky.vn/" "Mozilla/5.0 (X11; Linux x86_64) AppleWebKit/537.36 (KHTML, like Gecko) HeadlessChrome/138.0.7204.23 Safari/537.36"
44.206.230.117 - - [06/Sep/2025:04:17:52 +0700] "GET /wp-content/plugins/devvn-stickytooltip/stickytooltip.js?ver=1.0.0 HTTP/1.0" 200 444 "https://vattusacky.vn/" "Mozilla/5.0 (X11; Linux x86_64) AppleWebKit/537.36 (KHTML, like Gecko) HeadlessChrome/138.0.7204.23 Safari/537.36"
44.206.230.117 - - [06/Sep/2025:04:17:52 +0700] "GET /wp-content/plugins/yith-woocommerce-category-accordion-premium/assets/js/jquery.hoverIntent.min.js?ver=1.0.12 HTTP/1.0" 200 487 "https://vattusacky.vn/" "Mozilla/5.0 (X11; Linux x86_64) AppleWebKit/537.36 (KHTML, like Gecko) HeadlessChrome/138.0.7204.23 Safari/537.36"
44.206.230.117 - - [06/Sep/2025:04:17:52 +0700] "GET /wp-content/plugins/yith-woocommerce-category-accordion-premium/assets/js/ywcca_accordion.min.js?ver=1.0.12 HTTP/1.0" 200 484 "https://vattusacky.vn/" "Mozilla/5.0 (X11; Linux x86_64) AppleWebKit/537.36 (KHTML, like Gecko) HeadlessChrome/138.0.7204.23 Safari/537.36"
44.206.230.117 - - [06/Sep/2025:04:17:53 +0700] "GET /wp-content/plugins/woocommerce/assets/js/jquery-blockui/jquery.blockUI.min.js?ver=2.7.0-wc.9.8.3 HTTP/1.0" 200 466 "https://vattusacky.vn/" "Mozilla/5.0 (X11; Linux x86_64) AppleWebKit/537.36 (KHTML, like Gecko) HeadlessChrome/138.0.7204.23 Safari/537.36"
44.206.230.117 - - [06/Sep/2025:04:17:53 +0700] "GET /wp-content/plugins/woocommerce/assets/js/frontend/order-attribution.min.js?ver=9.8.3 HTTP/1.0" 200 463 "https://vattusacky.vn/" "Mozilla/5.0 (X11; Linux x86_64) AppleWebKit/537.36 (KHTML, like Gecko) HeadlessChrome/138.0.7204.23 Safari/537.36"
44.206.230.117 - - [06/Sep/2025:04:17:53 +0700] "GET /wp-content/plugins/woocommerce/assets/js/sourcebuster/sourcebuster.min.js?ver=9.8.3 HTTP/1.0" 200 462 "https://vattusacky.vn/" "Mozilla/5.0 (X11; Linux x86_64) AppleWebKit/537.36 (KHTML, like Gecko) HeadlessChrome/138.0.7204.23 Safari/537.36"
44.206.230.117 - - [06/Sep/2025:04:17:53 +0700] "GET /wp-content/plugins/ml-slider/assets/sliders/nivoslider/jquery.nivo.slider.pack.js?ver=3.98.0 HTTP/1.0" 200 470 "https://vattusacky.vn/" "Mozilla/5.0 (X11; Linux x86_64) AppleWebKit/537.36 (KHTML, like Gecko) HeadlessChrome/138.0.7204.23 Safari/537.36"
44.206.230.117 - - [06/Sep/2025:04:17:53 +0700] "GET /wp-content/plugins/ml-slider/assets/metaslider/script.min.js?ver=3.98.0 HTTP/1.0" 200 1064 "https://vattusacky.vn/" "Mozilla/5.0 (X11; Linux x86_64) AppleWebKit/537.36 (KHTML, like Gecko) HeadlessChrome/138.0.7204.23 Safari/537.36"
44.206.230.117 - - [06/Sep/2025:04:17:53 +0700] "GET /wp-content/plugins/woocommerce/assets/js/js-cookie/js.cookie.min.js?ver=2.1.4-wc.9.8.3 HTTP/1.0" 200 456 "https://vattusacky.vn/" "Mozilla/5.0 (X11; Linux x86_64) AppleWebKit/537.36 (KHTML, like Gecko) HeadlessChrome/138.0.7204.23 Safari/537.36"
44.206.230.117 - - [06/Sep/2025:04:17:53 +0700] "GET /wp-content/plugins/woocommerce/assets/js/frontend/woocommerce.min.js?ver=9.8.3 HTTP/1.0" 200 457 "https://vattusacky.vn/" "Mozilla/5.0 (X11; Linux x86_64) AppleWebKit/537.36 (KHTML, like Gecko) HeadlessChrome/138.0.7204.23 Safari/537.36"
44.206.230.117 - - [06/Sep/2025:04:17:53 +0700] "GET /wp-content/plugins/woocommerce/assets/js/frontend/add-to-cart.min.js?ver=9.8.3 HTTP/1.0" 200 457 "https://vattusacky.vn/" "Mozilla/5.0 (X11; Linux x86_64) AppleWebKit/537.36 (KHTML, like Gecko) HeadlessChrome/138.0.7204.23 Safari/537.36"
44.206.230.117 - - [06/Sep/2025:04:17:53 +0700] "GET /wp-content/uploads/2016/07/bw-technologies.png HTTP/1.0" 200 422 "https://vattusacky.vn/" "Mozilla/5.0 (X11; Linux x86_64) AppleWebKit/537.36 (KHTML, like Gecko) HeadlessChrome/138.0.7204.23 Safari/537.36"
44.206.230.117 - - [06/Sep/2025:04:17:53 +0700] "GET /wp-content/uploads/2016/07/berghof_logo.png HTTP/1.0" 200 419 "https://vattusacky.vn/" "Mozilla/5.0 (X11; Linux x86_64) AppleWebKit/537.36 (KHTML, like Gecko) HeadlessChrome/138.0.7204.23 Safari/537.36"
44.206.230.117 - - [06/Sep/2025:04:17:53 +0700] "GET /wp-content/themes/tem_techno_v2/images/iconMobile.png HTTP/1.0" 200 429 "https://vattusacky.vn/wp-content/themes/tem_techno_v2/style.css?ver=6.8.1" "Mozilla/5.0 (X11; Linux x86_64) AppleWebKit/537.36 (KHTML, like Gecko) HeadlessChrome/138.0.7204.23 Safari/537.36"
44.206.230.117 - - [06/Sep/2025:04:17:53 +0700] "GET /wp-content/uploads/2016/07/analytical-testing-corp-logo.jpg HTTP/1.0" 200 436 "https://vattusacky.vn/" "Mozilla/5.0 (X11; Linux x86_64) AppleWebKit/537.36 (KHTML, like Gecko) HeadlessChrome/138.0.7204.23 Safari/537.36"
44.206.230.117 - - [06/Sep/2025:04:17:53 +0700] "GET /wp-content/uploads/2016/07/bandelin-logo.png HTTP/1.0" 200 420 "https://vattusacky.vn/" "Mozilla/5.0 (X11; Linux x86_64) AppleWebKit/537.36 (KHTML, like Gecko) HeadlessChrome/138.0.7204.23 Safari/537.36"
44.206.230.117 - - [06/Sep/2025:04:17:53 +0700] "GET /wp-content/uploads/2018/06/halmilton-logo.jpg HTTP/1.0" 200 422 "https://vattusacky.vn/" "Mozilla/5.0 (X11; Linux x86_64) AppleWebKit/537.36 (KHTML, like Gecko) HeadlessChrome/138.0.7204.23 Safari/537.36"
44.206.230.117 - - [06/Sep/2025:04:17:53 +0700] "GET /wp-content/uploads/2018/06/hiq-logo.png HTTP/1.0" 200 415 "https://vattusacky.vn/" "Mozilla/5.0 (X11; Linux x86_64) AppleWebKit/537.36 (KHTML, like Gecko) HeadlessChrome/138.0.7204.23 Safari/537.36"
44.206.230.117 - - [06/Sep/2025:04:17:53 +0700] "GET /wp-content/uploads/2018/06/gfg.jpg HTTP/1.0" 200 411 "https://vattusacky.vn/" "Mozilla/5.0 (X11; Linux x86_64) AppleWebKit/537.36 (KHTML, like Gecko) HeadlessChrome/138.0.7204.23 Safari/537.36"
44.206.230.117 - - [06/Sep/2025:04:17:53 +0700] "GET /wp-content/plugins/ml-slider/assets/sliders/nivoslider/themes/default/arrows.png HTTP/1.0" 200 1274 "https://vattusacky.vn/wp-content/plugins/ml-slider/assets/sliders/nivoslider/themes/default/default.css?ver=3.98.0" "Mozilla/5.0 (X11; Linux x86_64) AppleWebKit/537.36 (KHTML, like Gecko) HeadlessChrome/138.0.7204.23 Safari/537.36"
44.206.230.117 - - [06/Sep/2025:04:17:54 +0700] "GET /wp-content/uploads/2018/06/evoqua-logo.jpg HTTP/1.0" 200 419 "https://vattusacky.vn/" "Mozilla/5.0 (X11; Linux x86_64) AppleWebKit/537.36 (KHTML, like Gecko) HeadlessChrome/138.0.7204.23 Safari/537.36"
44.206.230.117 - - [06/Sep/2025:04:17:54 +0700] "GET /wp-content/uploads/2018/06/witeg-logo.jpg HTTP/1.0" 200 418 "https://vattusacky.vn/" "Mozilla/5.0 (X11; Linux x86_64) AppleWebKit/537.36 (KHTML, like Gecko) HeadlessChrome/138.0.7204.23 Safari/537.36"
44.206.230.117 - - [06/Sep/2025:04:17:54 +0700] "GET /wp-content/uploads/2018/06/wildco-logo.png HTTP/1.0" 200 418 "https://vattusacky.vn/" "Mozilla/5.0 (X11; Linux x86_64) AppleWebKit/537.36 (KHTML, like Gecko) HeadlessChrome/138.0.7204.23 Safari/537.36"
44.206.230.117 - - [06/Sep/2025:04:17:54 +0700] "GET /wp-content/uploads/2018/06/sibata.gif HTTP/1.0" 200 413 "https://vattusacky.vn/" "Mozilla/5.0 (X11; Linux x86_64) AppleWebKit/537.36 (KHTML, like Gecko) HeadlessChrome/138.0.7204.23 Safari/537.36"
44.206.230.117 - - [06/Sep/2025:04:17:54 +0700] "GET /wp-content/uploads/2018/06/mettler-logo.png HTTP/1.0" 200 419 "https://vattusacky.vn/" "Mozilla/5.0 (X11; Linux x86_64) AppleWebKit/537.36 (KHTML, like Gecko) HeadlessChrome/138.0.7204.23 Safari/537.36"
44.206.230.117 - - [06/Sep/2025:04:17:54 +0700] "GET /wp-content/uploads/2018/06/logo-aco.gif HTTP/1.0" 200 415 "https://vattusacky.vn/" "Mozilla/5.0 (X11; Linux x86_64) AppleWebKit/537.36 (KHTML, like Gecko) HeadlessChrome/138.0.7204.23 Safari/537.36"
44.206.230.117 - - [06/Sep/2025:04:17:54 +0700] "GET /wp-content/uploads/2018/06/kruess-logo.png HTTP/1.0" 200 418 "https://vattusacky.vn/" "Mozilla/5.0 (X11; Linux x86_64) AppleWebKit/537.36 (KHTML, like Gecko) HeadlessChrome/138.0.7204.23 Safari/537.36"
44.206.230.117 - - [06/Sep/2025:04:17:54 +0700] "GET /wp-content/uploads/2018/06/dlab-logo.jpg HTTP/1.0" 200 417 "https://vattusacky.vn/" "Mozilla/5.0 (X11; Linux x86_64) AppleWebKit/537.36 (KHTML, like Gecko) HeadlessChrome/138.0.7204.23 Safari/537.36"
44.206.230.117 - - [06/Sep/2025:04:17:54 +0700] "GET /wp-content/uploads/2018/06/evermed-logo.jpg HTTP/1.0" 200 420 "https://vattusacky.vn/" "Mozilla/5.0 (X11; Linux x86_64) AppleWebKit/537.36 (KHTML, like Gecko) HeadlessChrome/138.0.7204.23 Safari/537.36"
44.206.230.117 - - [06/Sep/2025:04:17:53 +0700] "GET /images/logo-vietnguyen.png HTTP/1.0" 404 70666 "https://vattusacky.vn/" "Mozilla/5.0 (X11; Linux x86_64) AppleWebKit/537.36 (KHTML, like Gecko) HeadlessChrome/138.0.7204.23 Safari/537.36"
44.206.230.117 - - [06/Sep/2025:04:17:54 +0700] "GET /wp-content/plugins/woocommerce/assets/css/woocommerce-smallscreen.css?ver=9.8.3 HTTP/1.0" 200 444 "https://vattusacky.vn/" "Mozilla/5.0 (X11; Linux x86_64) AppleWebKit/537.36 (KHTML, like Gecko) HeadlessChrome/138.0.7204.23 Safari/537.36"
44.206.230.117 - - [06/Sep/2025:04:17:54 +0700] "GET /images/image002.jpg HTTP/1.0" 404 70666 "https://vattusacky.vn/" "Mozilla/5.0 (X11; Linux x86_64) AppleWebKit/537.36 (KHTML, like Gecko) HeadlessChrome/138.0.7204.23 Safari/537.36"
44.206.230.117 - - [06/Sep/2025:04:17:54 +0700] "GET /images/image003.jpg HTTP/1.0" 404 70666 "https://vattusacky.vn/" "Mozilla/5.0 (X11; Linux x86_64) AppleWebKit/537.36 (KHTML, like Gecko) HeadlessChrome/138.0.7204.23 Safari/537.36"
44.206.230.117 - - [06/Sep/2025:04:17:54 +0700] "GET /images/image004.jpg HTTP/1.0" 404 70666 "https://vattusacky.vn/" "Mozilla/5.0 (X11; Linux x86_64) AppleWebKit/537.36 (KHTML, like Gecko) HeadlessChrome/138.0.7204.23 Safari/537.36"
44.206.230.117 - - [06/Sep/2025:04:17:54 +0700] "GET /images/image005.jpg HTTP/1.0" 404 70666 "https://vattusacky.vn/" "Mozilla/5.0 (X11; Linux x86_64) AppleWebKit/537.36 (KHTML, like Gecko) HeadlessChrome/138.0.7204.23 Safari/537.36"
44.206.230.117 - - [06/Sep/2025:04:17:58 +0700] "GET /favicon.ico HTTP/1.0" 302 513 "https://vattusacky.vn/" "Mozilla/5.0 (X11; Linux x86_64) AppleWebKit/537.36 (KHTML, like Gecko) HeadlessChrome/138.0.7204.23 Safari/537.36"
44.206.230.117 - - [06/Sep/2025:04:17:59 +0700] "GET /wp-content/uploads/2016/09/cropped-logo-vietnguyen2-32x32.png HTTP/1.0" 200 437 "https://vattusacky.vn/" "Mozilla/5.0 (X11; Linux x86_64) AppleWebKit/537.36 (KHTML, like Gecko) HeadlessChrome/138.0.7204.23 Safari/537.36"
44.206.230.117 - - [06/Sep/2025:04:18:01 +0700] "GET /wp-content/uploads/2016/09/cropped-logo-vietnguyen2-192x192.png HTTP/1.0" 200 439 "https://vattusacky.vn/" "Mozilla/5.0 (X11; Linux x86_64) AppleWebKit/537.36 (KHTML, like Gecko) HeadlessChrome/138.0.7204.23 Safari/537.36"
44.206.230.117 - - [06/Sep/2025:04:18:02 +0700] "GET /wp-content/uploads/2016/09/cropped-logo-vietnguyen2-180x180.png HTTP/1.0" 200 439 "https://vattusacky.vn/" "Mozilla/5.0 (X11; Linux x86_64) AppleWebKit/537.36 (KHTML, like Gecko) HeadlessChrome/138.0.7204.23 Safari/537.36"
154.54.249.200 - - [06/Sep/2025:04:18:05 +0700] "GET /striving-for-authentic-connections-in-the-world-of-anonymous-omegle/ HTTP/1.0" 200 94902 "-" "Mozilla/5.0 (compatible; Barkrowler/0.9; +https://babbar.tech/crawler)"
45.117.177.72 - - [06/Sep/2025:04:18:21 +0700] "POST /wp-cron.php?doing_wp_cron=1757107100.8012969493865966796875 HTTP/1.0" 200 416 "-" "WordPress/6.8.1; https://vattusacky.vn"
52.187.123.135 - - [06/Sep/2025:04:18:19 +0700] "GET /wp-content/plugins/hellopress/wp_filemanager.php HTTP/1.0" 404 70812 "-" "-"
52.187.123.135 - - [06/Sep/2025:04:18:21 +0700] "GET /lc.php HTTP/1.0" 403 567 "-" "-"
52.187.123.135 - - [06/Sep/2025:04:18:21 +0700] "GET /bv3.php HTTP/1.0" 403 568 "-" "-"
52.187.123.135 - - [06/Sep/2025:04:18:21 +0700] "GET /gmo.php HTTP/1.0" 403 568 "-" "-"
52.187.123.135 - - [06/Sep/2025:04:18:21 +0700] "GET /num.php HTTP/1.0" 403 568 "-" "-"
52.187.123.135 - - [06/Sep/2025:04:18:21 +0700] "GET /CLA.php HTTP/1.0" 403 568 "-" "-"
52.187.123.135 - - [06/Sep/2025:04:18:21 +0700] "GET /gfile.php HTTP/1.0" 403 570 "-" "-"
52.187.123.135 - - [06/Sep/2025:04:18:21 +0700] "GET /chosen.php HTTP/1.0" 403 571 "-" "-"
52.187.123.135 - - [06/Sep/2025:04:18:22 +0700] "GET /ahax.php HTTP/1.0" 403 569 "-" "-"
52.187.123.135 - - [06/Sep/2025:04:18:22 +0700] "GET /gold.php HTTP/1.0" 403 569 "-" "-"
52.187.123.135 - - [06/Sep/2025:04:18:22 +0700] "GET /ol.php HTTP/1.0" 403 567 "-" "-"
52.187.123.135 - - [06/Sep/2025:04:18:22 +0700] "GET /wp-gr.php HTTP/1.0" 403 570 "-" "-"
52.187.123.135 - - [06/Sep/2025:04:18:22 +0700] "GET /nc4.php HTTP/1.0" 403 568 "-" "-"
52.187.123.135 - - [06/Sep/2025:04:18:22 +0700] "GET /co.php HTTP/1.0" 403 567 "-" "-"
52.187.123.135 - - [06/Sep/2025:04:18:22 +0700] "GET /new.php HTTP/1.0" 403 568 "-" "-"
52.187.123.135 - - [06/Sep/2025:04:18:22 +0700] "GET /aua.php HTTP/1.0" 403 568 "-" "-"
52.187.123.135 - - [06/Sep/2025:04:18:22 +0700] "GET /Sanskrit.php HTTP/1.0" 403 573 "-" "-"
52.187.123.135 - - [06/Sep/2025:04:18:22 +0700] "GET /aa.php HTTP/1.0" 403 567 "-" "-"
52.187.123.135 - - [06/Sep/2025:04:18:23 +0700] "GET /great.php HTTP/1.0" 403 570 "-" "-"
52.187.123.135 - - [06/Sep/2025:04:18:23 +0700] "GET /class9.php HTTP/1.0" 403 571 "-" "-"
52.187.123.135 - - [06/Sep/2025:04:18:23 +0700] "GET /pass.php HTTP/1.0" 403 569 "-" "-"
52.187.123.135 - - [06/Sep/2025:04:18:23 +0700] "GET /lock360.php HTTP/1.0" 403 572 "-" "-"
52.187.123.135 - - [06/Sep/2025:04:18:23 +0700] "GET /ot.php HTTP/1.0" 403 567 "-" "-"
52.187.123.135 - - [06/Sep/2025:04:18:23 +0700] "GET /witmm.php HTTP/1.0" 403 570 "-" "-"
52.187.123.135 - - [06/Sep/2025:04:18:23 +0700] "GET /lo.php HTTP/1.0" 403 567 "-" "-"
52.187.123.135 - - [06/Sep/2025:04:18:23 +0700] "GET /asd67.php HTTP/1.0" 403 570 "-" "-"
217.113.194.76 - - [06/Sep/2025:04:18:27 +0700] "GET /striving-for-authentic-connections-in-the-world-of-anonymous-omegle/feed/ HTTP/1.0" 200 1798 "-" "Mozilla/5.0 (compatible; Barkrowler/0.9; +https://babbar.tech/crawler)"
217.113.194.78 - - [06/Sep/2025:04:18:46 +0700] "GET /unlocking-the-potential-of-omegle-tales-of-anonymous-explorers/feed/ HTTP/1.0" 200 1783 "-" "Mozilla/5.0 (compatible; Barkrowler/0.9; +https://babbar.tech/crawler)"
217.113.194.74 - - [06/Sep/2025:04:19:04 +0700] "GET /unlocking-the-secrets-of-omegle-stories-from-anonymous-explorers/feed/ HTTP/1.0" 200 1789 "-" "Mozilla/5.0 (compatible; Barkrowler/0.9; +https://babbar.tech/crawler)"
45.117.177.72 - - [06/Sep/2025:04:19:26 +0700] "POST /wp-cron.php?doing_wp_cron=1757107166.1858689785003662109375 HTTP/1.0" 200 416 "-" "WordPress/6.8.1; https://vattusacky.vn"
217.113.194.77 - - [06/Sep/2025:04:19:25 +0700] "GET /unmasking-the-hidden-risks-of-omegle-protecting-your-virtual-privacy/feed/ HTTP/1.0" 200 1801 "-" "Mozilla/5.0 (compatible; Barkrowler/0.9; +https://babbar.tech/crawler)"
217.113.194.78 - - [06/Sep/2025:04:19:44 +0700] "GET /unmasking-omegle-an-inside-look-into-anonymous-adventures/feed/ HTTP/1.0" 200 1768 "-" "Mozilla/5.0 (compatible; Barkrowler/0.9; +https://babbar.tech/crawler)"
217.113.194.81 - - [06/Sep/2025:04:20:02 +0700] "GET /unveiling-the-risks-of-omegle-safeguarding-your-online-identity/feed/ HTTP/1.0" 200 1786 "-" "Mozilla/5.0 (compatible; Barkrowler/0.9; +https://babbar.tech/crawler)"
45.117.177.72 - - [06/Sep/2025:04:20:22 +0700] "POST /wp-cron.php?doing_wp_cron=1757107222.3008499145507812500000 HTTP/1.0" 200 416 "-" "WordPress/6.8.1; https://vattusacky.vn"
217.113.194.79 - - [06/Sep/2025:04:20:21 +0700] "GET /unveiling-cultural-nuances-on-omegles-cross-cultural-platform/feed/ HTTP/1.0" 200 1780 "-" "Mozilla/5.0 (compatible; Barkrowler/0.9; +https://babbar.tech/crawler)"
40.77.167.48 - - [06/Sep/2025:04:20:28 +0700] "GET /monetary-management/ HTTP/1.0" 200 71936 "-" "Mozilla/5.0 AppleWebKit/537.36 (KHTML, like Gecko; compatible; bingbot/2.0; +http://www.bing.com/bingbot.htm) Chrome/116.0.1938.76 Safari/537.36"
217.113.194.75 - - [06/Sep/2025:04:20:39 +0700] "GET /unraveling-the-complexity-of-friendship-and-romance-in-omelove/feed/ HTTP/1.0" 200 1783 "-" "Mozilla/5.0 (compatible; Barkrowler/0.9; +https://babbar.tech/crawler)"
217.113.194.76 - - [06/Sep/2025:04:20:57 +0700] "GET /unleashing-the-potential-of-love-and-friendship-in-omelove/feed/ HTTP/1.0" 200 1771 "-" "Mozilla/5.0 (compatible; Barkrowler/0.9; +https://babbar.tech/crawler)"
45.117.177.72 - - [06/Sep/2025:04:21:18 +0700] "POST /wp-cron.php?doing_wp_cron=1757107278.2099349498748779296875 HTTP/1.0" 200 416 "-" "WordPress/6.8.1; https://vattusacky.vn"
217.113.194.81 - - [06/Sep/2025:04:21:17 +0700] "GET /unfiltered-conversations-the-draw-of-omegles-authenticity/feed/ HTTP/1.0" 200 1768 "-" "Mozilla/5.0 (compatible; Barkrowler/0.9; +https://babbar.tech/crawler)"
154.54.249.200 - - [06/Sep/2025:04:21:40 +0700] "GET /the-universal-language-of-connection-love-friendship-and-support-on-omegle/ HTTP/1.0" 200 93816 "-" "Mozilla/5.0 (compatible; Barkrowler/0.9; +https://babbar.tech/crawler)"
216.73.216.162 - - [06/Sep/2025:04:23:53 +0700] "GET /enhancing-your-omegle-video-chat-experience-with-fun-filters-and-effects HTTP/1.0" 301 663 "-" "Mozilla/5.0 AppleWebKit/537.36 (KHTML, like Gecko; compatible; ClaudeBot/1.0; +claudebot@anthropic.com)"
45.117.177.72 - - [06/Sep/2025:04:23:54 +0700] "POST /wp-cron.php?doing_wp_cron=1757107434.6746740341186523437500 HTTP/1.0" 200 416 "-" "WordPress/6.8.1; https://vattusacky.vn"
216.73.216.162 - - [06/Sep/2025:04:23:53 +0700] "GET /safe-fast-payouts/feed HTTP/1.0" 301 711 "-" "Mozilla/5.0 AppleWebKit/537.36 (KHTML, like Gecko; compatible; ClaudeBot/1.0; +claudebot@anthropic.com)"
216.73.216.162 - - [06/Sep/2025:04:23:54 +0700] "GET /enhancing-your-omegle-video-chat-experience-with-fun-filters-and-effects/ HTTP/1.0" 200 92910 "https://vattusacky.vn/enhancing-your-omegle-video-chat-experience-with-fun-filters-and-effects" "Mozilla/5.0 AppleWebKit/537.36 (KHTML, like Gecko; compatible; ClaudeBot/1.0; +claudebot@anthropic.com)"
216.73.216.162 - - [06/Sep/2025:04:23:55 +0700] "GET /safe-fast-payouts/feed/ HTTP/1.0" 200 1505 "https://vattusacky.vn/safe-fast-payouts/feed" "Mozilla/5.0 AppleWebKit/537.36 (KHTML, like Gecko; compatible; ClaudeBot/1.0; +claudebot@anthropic.com)"
216.73.216.162 - - [06/Sep/2025:04:23:57 +0700] "GET /can-you-get-clomid-otc/feed HTTP/1.0" 301 570 "-" "Mozilla/5.0 AppleWebKit/537.36 (KHTML, like Gecko; compatible; ClaudeBot/1.0; +claudebot@anthropic.com)"
216.73.216.162 - - [06/Sep/2025:04:23:58 +0700] "GET /can-you-get-clomid-otc/feed/ HTTP/1.0" 200 1519 "https://vattusacky.vn/can-you-get-clomid-otc/feed" "Mozilla/5.0 AppleWebKit/537.36 (KHTML, like Gecko; compatible; ClaudeBot/1.0; +claudebot@anthropic.com)"
45.117.177.72 - - [06/Sep/2025:04:25:16 +0700] "POST /wp-cron.php?doing_wp_cron=1757107516.2579159736633300781250 HTTP/1.0" 200 416 "-" "WordPress/6.8.1; https://vattusacky.vn"
51.222.95.15 - - [06/Sep/2025:04:25:15 +0700] "GET /how-to-convert-pdf-to-notepad-with-two-methods-10/ HTTP/1.0" 200 207952 "-" "Mozilla/5.0 (compatible; AhrefsBot/7.0; +http://ahrefs.com/robot/)"
45.117.177.72 - - [06/Sep/2025:04:26:28 +0700] "POST /wp-cron.php?doing_wp_cron=1757107587.8544330596923828125000 HTTP/1.0" 200 416 "-" "WordPress/6.8.1; https://vattusacky.vn"
85.208.96.201 - - [06/Sep/2025:04:26:26 +0700] "GET /1xbet-india-1387/ HTTP/1.0" 200 92146 "-" "Mozilla/5.0 (compatible; SemrushBot/7~bl; +http://www.semrush.com/bot.html)"
216.73.216.162 - - [06/Sep/2025:04:26:55 +0700] "GET /?p=6103 HTTP/1.0" 301 623 "-" "Mozilla/5.0 AppleWebKit/537.36 (KHTML, like Gecko; compatible; ClaudeBot/1.0; +claudebot@anthropic.com)"
216.73.216.162 - - [06/Sep/2025:04:26:55 +0700] "GET /parimatch-onboards-elli-avrram-as-its-new-model-34 HTTP/1.0" 301 641 "-" "Mozilla/5.0 AppleWebKit/537.36 (KHTML, like Gecko; compatible; ClaudeBot/1.0; +claudebot@anthropic.com)"
216.73.216.162 - - [06/Sep/2025:04:26:57 +0700] "GET /a-users-guide-to-omegle-vs-ometv/ HTTP/1.0" 200 88681 "https://vattusacky.vn/?p=6103" "Mozilla/5.0 AppleWebKit/537.36 (KHTML, like Gecko; compatible; ClaudeBot/1.0; +claudebot@anthropic.com)"
216.73.216.162 - - [06/Sep/2025:04:26:57 +0700] "GET /parimatch-onboards-elli-avrram-as-its-new-model-34/ HTTP/1.0" 200 249355 "https://vattusacky.vn/parimatch-onboards-elli-avrram-as-its-new-model-34" "Mozilla/5.0 AppleWebKit/537.36 (KHTML, like Gecko; compatible; ClaudeBot/1.0; +claudebot@anthropic.com)"
216.73.216.162 - - [06/Sep/2025:04:26:59 +0700] "GET /can-you-use-amoxicillin-for-insect-bites/feed HTTP/1.0" 301 588 "-" "Mozilla/5.0 AppleWebKit/537.36 (KHTML, like Gecko; compatible; ClaudeBot/1.0; +claudebot@anthropic.com)"
216.73.216.162 - - [06/Sep/2025:04:27:01 +0700] "GET /can-you-use-amoxicillin-for-insect-bites/feed/ HTTP/1.0" 200 1573 "https://vattusacky.vn/can-you-use-amoxicillin-for-insect-bites/feed" "Mozilla/5.0 AppleWebKit/537.36 (KHTML, like Gecko; compatible; ClaudeBot/1.0; +claudebot@anthropic.com)"
216.73.216.162 - - [06/Sep/2025:04:27:41 +0700] "GET /?p=9747 HTTP/1.0" 301 643 "-" "Mozilla/5.0 AppleWebKit/537.36 (KHTML, like Gecko; compatible; ClaudeBot/1.0; +claudebot@anthropic.com)"
45.117.177.72 - - [06/Sep/2025:04:27:43 +0700] "POST /wp-cron.php?doing_wp_cron=1757107662.8457500934600830078125 HTTP/1.0" 200 416 "-" "WordPress/6.8.1; https://vattusacky.vn"
216.73.216.162 - - [06/Sep/2025:04:27:41 +0700] "GET /adaware-review-does-adaware-really-job/feed HTTP/1.0" 301 732 "-" "Mozilla/5.0 AppleWebKit/537.36 (KHTML, like Gecko; compatible; ClaudeBot/1.0; +claudebot@anthropic.com)"
216.73.216.162 - - [06/Sep/2025:04:27:43 +0700] "GET /best-on-line-casinos-video-games-for-real-money-in-3/ HTTP/1.0" 200 119858 "https://vattusacky.vn/?p=9747" "Mozilla/5.0 AppleWebKit/537.36 (KHTML, like Gecko; compatible; ClaudeBot/1.0; +claudebot@anthropic.com)"
216.73.216.162 - - [06/Sep/2025:04:27:43 +0700] "GET /adaware-review-does-adaware-really-job/feed/ HTTP/1.0" 200 1574 "https://vattusacky.vn/adaware-review-does-adaware-really-job/feed" "Mozilla/5.0 AppleWebKit/537.36 (KHTML, like Gecko; compatible; ClaudeBot/1.0; +claudebot@anthropic.com)"
216.73.216.162 - - [06/Sep/2025:04:27:45 +0700] "GET /folders-sharing-support-review HTTP/1.0" 301 475 "-" "Mozilla/5.0 AppleWebKit/537.36 (KHTML, like Gecko; compatible; ClaudeBot/1.0; +claudebot@anthropic.com)"
216.73.216.162 - - [06/Sep/2025:04:27:46 +0700] "GET /folders-sharing-support-review/ HTTP/1.0" 200 205052 "https://vattusacky.vn/folders-sharing-support-review" "Mozilla/5.0 AppleWebKit/537.36 (KHTML, like Gecko; compatible; ClaudeBot/1.0; +claudebot@anthropic.com)"
216.73.216.162 - - [06/Sep/2025:04:30:14 +0700] "GET /?p=5019 HTTP/1.0" 301 637 "-" "Mozilla/5.0 AppleWebKit/537.36 (KHTML, like Gecko; compatible; ClaudeBot/1.0; +claudebot@anthropic.com)"
45.117.177.72 - - [06/Sep/2025:04:30:16 +0700] "POST /wp-cron.php?doing_wp_cron=1757107815.7520909309387207031250 HTTP/1.0" 200 416 "-" "WordPress/6.8.1; https://vattusacky.vn"
216.73.216.162 - - [06/Sep/2025:04:30:14 +0700] "GET /?p=2868 HTTP/1.0" 301 649 "-" "Mozilla/5.0 AppleWebKit/537.36 (KHTML, like Gecko; compatible; ClaudeBot/1.0; +claudebot@anthropic.com)"
216.73.216.162 - - [06/Sep/2025:04:30:16 +0700] "GET /pin-ap-kazino-oficialnyj-sajt-igrat-v-onlajn-4/ HTTP/1.0" 200 249819 "https://vattusacky.vn/?p=5019" "Mozilla/5.0 AppleWebKit/537.36 (KHTML, like Gecko; compatible; ClaudeBot/1.0; +claudebot@anthropic.com)"
216.73.216.162 - - [06/Sep/2025:04:30:16 +0700] "GET /finding-a-good-absolutely-free-foreign-wedding-brides-site/ HTTP/1.0" 200 205659 "https://vattusacky.vn/?p=2868" "Mozilla/5.0 AppleWebKit/537.36 (KHTML, like Gecko; compatible; ClaudeBot/1.0; +claudebot@anthropic.com)"
216.73.216.162 - - [06/Sep/2025:04:30:18 +0700] "GET /since-1985-red-butte-backyard-has-provided-a-serene-escape-for-daters-in-utah HTTP/1.0" 301 522 "-" "Mozilla/5.0 AppleWebKit/537.36 (KHTML, like Gecko; compatible; ClaudeBot/1.0; +claudebot@anthropic.com)"
216.73.216.162 - - [06/Sep/2025:04:30:19 +0700] "GET /since-1985-red-butte-backyard-has-provided-a-serene-escape-for-daters-in-utah/ HTTP/1.0" 200 215752 "https://vattusacky.vn/since-1985-red-butte-backyard-has-provided-a-serene-escape-for-daters-in-utah" "Mozilla/5.0 AppleWebKit/537.36 (KHTML, like Gecko; compatible; ClaudeBot/1.0; +claudebot@anthropic.com)"
216.73.216.162 - - [06/Sep/2025:04:31:20 +0700] "GET /?p=5193 HTTP/1.0" 301 635 "-" "Mozilla/5.0 AppleWebKit/537.36 (KHTML, like Gecko; compatible; ClaudeBot/1.0; +claudebot@anthropic.com)"
