216.73.216.162 - - [07/Sep/2025:10:03:11 +0700] "GET /benefits-and-drawbacks-of-going-out-with-a-uk-girl/feed/ HTTP/1.0" 200 1601 "https://vattusacky.vn/benefits-and-drawbacks-of-going-out-with-a-uk-girl/feed" "Mozilla/5.0 AppleWebKit/537.36 (KHTML, like Gecko; compatible; ClaudeBot/1.0; +claudebot@anthropic.com)"
45.117.177.72 - - [07/Sep/2025:10:03:45 +0700] "POST /wp-cron.php?doing_wp_cron=1757214224.9905540943145751953125 HTTP/1.0" 200 416 "-" "WordPress/6.8.1; https://vattusacky.vn"
20.171.207.251 - - [07/Sep/2025:10:03:43 +0700] "GET /?p=8001 HTTP/1.0" 301 657 "-" "Mozilla/5.0 AppleWebKit/537.36 (KHTML, like Gecko; compatible; GPTBot/1.2; +https://openai.com/gptbot)"
20.171.207.251 - - [07/Sep/2025:10:03:45 +0700] "GET /omg-you-will-burst-into-laughter-with-these-hilarious-omegle-chats/ HTTP/1.0" 200 85590 "-" "Mozilla/5.0 AppleWebKit/537.36 (KHTML, like Gecko; compatible; GPTBot/1.2; +https://openai.com/gptbot)"
185.191.171.6 - - [07/Sep/2025:10:03:47 +0700] "GET /robots.txt HTTP/1.0" 200 984 "-" "Mozilla/5.0 (compatible; SemrushBot/7~bl; +http://www.semrush.com/bot.html)"
85.208.96.201 - - [07/Sep/2025:10:03:49 +0700] "GET /the/tram-lay-mau-bui-the-tich-lon/page/1/ HTTP/1.0" 301 578 "-" "Mozilla/5.0 (compatible; SemrushBot/7~bl; +http://www.semrush.com/bot.html)"
185.191.171.1 - - [07/Sep/2025:10:03:53 +0700] "GET /the/tram-lay-mau-bui-the-tich-lon/ HTTP/1.0" 200 183958 "-" "Mozilla/5.0 (compatible; SemrushBot/7~bl; +http://www.semrush.com/bot.html)"
45.117.177.72 - - [07/Sep/2025:10:04:20 +0700] "POST /wp-cron.php?doing_wp_cron=1757214260.1481990814208984375000 HTTP/1.0" 200 416 "-" "WordPress/6.8.1; https://vattusacky.vn"
20.171.207.251 - - [07/Sep/2025:10:04:18 +0700] "GET /?p=9159 HTTP/1.0" 301 515 "-" "Mozilla/5.0 AppleWebKit/537.36 (KHTML, like Gecko; compatible; GPTBot/1.2; +https://openai.com/gptbot)"
20.171.207.251 - - [07/Sep/2025:10:04:20 +0700] "GET /unveiling-the-hidden-dangers-of-omegle-and-ometv-what-you-need-to-know/ HTTP/1.0" 200 91594 "-" "Mozilla/5.0 AppleWebKit/537.36 (KHTML, like Gecko; compatible; GPTBot/1.2; +https://openai.com/gptbot)"
167.114.139.154 - - [07/Sep/2025:10:04:30 +0700] "GET /virtual-empathy-a-new-frontier-in-human-connection/ HTTP/1.0" 200 92408 "-" "Mozilla/5.0 (compatible; AhrefsBot/7.0; +http://ahrefs.com/robot/)"
216.73.216.162 - - [07/Sep/2025:10:04:51 +0700] "GET /?p=3215 HTTP/1.0" 301 647 "-" "Mozilla/5.0 AppleWebKit/537.36 (KHTML, like Gecko; compatible; ClaudeBot/1.0; +claudebot@anthropic.com)"
216.73.216.162 - - [07/Sep/2025:10:04:51 +0700] "GET /marital-life-certificate-technique-and-over-the-internet-marriage-organization/feed HTTP/1.0" 301 772 "-" "Mozilla/5.0 AppleWebKit/537.36 (KHTML, like Gecko; compatible; ClaudeBot/1.0; +claudebot@anthropic.com)"
216.73.216.162 - - [07/Sep/2025:10:04:53 +0700] "GET /marital-life-certificate-technique-and-over-the-internet-marriage-organization/feed/ HTTP/1.0" 200 1685 "https://vattusacky.vn/marital-life-certificate-technique-and-over-the-internet-marriage-organization/feed" "Mozilla/5.0 AppleWebKit/537.36 (KHTML, like Gecko; compatible; ClaudeBot/1.0; +claudebot@anthropic.com)"
216.73.216.162 - - [07/Sep/2025:10:04:53 +0700] "GET /how-to-find-a-wedding-dress-thats-right-suitable-for-you/ HTTP/1.0" 200 208819 "https://vattusacky.vn/?p=3215" "Mozilla/5.0 AppleWebKit/537.36 (KHTML, like Gecko; compatible; ClaudeBot/1.0; +claudebot@anthropic.com)"
20.171.207.251 - - [07/Sep/2025:10:04:56 +0700] "GET /?p=8320 HTTP/1.0" 301 515 "-" "Mozilla/5.0 AppleWebKit/537.36 (KHTML, like Gecko; compatible; GPTBot/1.2; +https://openai.com/gptbot)"
20.171.207.251 - - [07/Sep/2025:10:04:57 +0700] "GET /the-art-of-conversation-on-omegle-navigating-the-world-of-random-chats/ HTTP/1.0" 200 91011 "-" "Mozilla/5.0 AppleWebKit/537.36 (KHTML, like Gecko; compatible; GPTBot/1.2; +https://openai.com/gptbot)"
216.73.216.162 - - [07/Sep/2025:10:05:07 +0700] "GET /?p=2984 HTTP/1.0" 301 626 "-" "Mozilla/5.0 AppleWebKit/537.36 (KHTML, like Gecko; compatible; ClaudeBot/1.0; +claudebot@anthropic.com)"
216.73.216.162 - - [07/Sep/2025:10:05:07 +0700] "GET /?p=3466 HTTP/1.0" 301 628 "-" "Mozilla/5.0 AppleWebKit/537.36 (KHTML, like Gecko; compatible; ClaudeBot/1.0; +claudebot@anthropic.com)"
216.73.216.162 - - [07/Sep/2025:10:05:08 +0700] "GET /sweet-and-different-wedding-choices/ HTTP/1.0" 200 206363 "https://vattusacky.vn/?p=2984" "Mozilla/5.0 AppleWebKit/537.36 (KHTML, like Gecko; compatible; ClaudeBot/1.0; +claudebot@anthropic.com)"
216.73.216.162 - - [07/Sep/2025:10:05:09 +0700] "GET /arranging-a-small-wedding-on-a-budget/ HTTP/1.0" 200 207606 "https://vattusacky.vn/?p=3466" "Mozilla/5.0 AppleWebKit/537.36 (KHTML, like Gecko; compatible; ClaudeBot/1.0; +claudebot@anthropic.com)"
45.117.177.72 - - [07/Sep/2025:10:05:26 +0700] "POST /wp-cron.php?doing_wp_cron=1757214326.5565109252929687500000 HTTP/1.0" 200 416 "-" "WordPress/6.8.1; https://vattusacky.vn"
20.171.207.251 - - [07/Sep/2025:10:05:25 +0700] "GET /?p=8899 HTTP/1.0" 301 506 "-" "Mozilla/5.0 AppleWebKit/537.36 (KHTML, like Gecko; compatible; GPTBot/1.2; +https://openai.com/gptbot)"
20.171.207.251 - - [07/Sep/2025:10:05:26 +0700] "GET /the-role-of-omegle-in-shaping-youth-culture-and-online-trends/ HTTP/1.0" 200 89045 "-" "Mozilla/5.0 AppleWebKit/537.36 (KHTML, like Gecko; compatible; GPTBot/1.2; +https://openai.com/gptbot)"
142.44.220.16 - - [07/Sep/2025:10:05:49 +0700] "GET /tag/moi-truong-xung-quanh/ HTTP/1.0" 200 61098 "-" "Mozilla/5.0 (compatible; AhrefsBot/7.0; +http://ahrefs.com/robot/)"
20.171.207.251 - - [07/Sep/2025:10:06:03 +0700] "GET /?p=7057 HTTP/1.0" 301 504 "-" "Mozilla/5.0 AppleWebKit/537.36 (KHTML, like Gecko; compatible; GPTBot/1.2; +https://openai.com/gptbot)"
20.171.207.251 - - [07/Sep/2025:10:06:04 +0700] "GET /how-to-cultivate-empathy-in-a-virtual-environment-on-omegle/ HTTP/1.0" 200 92314 "-" "Mozilla/5.0 AppleWebKit/537.36 (KHTML, like Gecko; compatible; GPTBot/1.2; +https://openai.com/gptbot)"
87.250.224.86 - - [07/Sep/2025:10:06:04 +0700] "GET / HTTP/1.0" 200 60070 "-" "Mozilla/5.0 (compatible; YandexBot/3.0; +http://yandex.com/bots)"
51.161.65.3 - - [07/Sep/2025:10:06:24 +0700] "GET /wp-content/uploads/2018/04/untitled-3.png HTTP/1.0" 200 417 "-" "Mozilla/5.0 (compatible; AhrefsBot/7.0; +http://ahrefs.com/robot/)"
54.39.6.185 - - [07/Sep/2025:10:06:27 +0700] "GET /wp-content/uploads/2018/04/nha-xuong-360-tin-tuc.jpg HTTP/1.0" 200 429 "-" "Mozilla/5.0 (compatible; AhrefsBot/7.0; +http://ahrefs.com/robot/)"
45.117.177.72 - - [07/Sep/2025:10:06:40 +0700] "POST /wp-cron.php?doing_wp_cron=1757214400.3093450069427490234375 HTTP/1.0" 200 416 "-" "WordPress/6.8.1; https://vattusacky.vn"
20.171.207.251 - - [07/Sep/2025:10:06:38 +0700] "GET /?p=7752 HTTP/1.0" 301 510 "-" "Mozilla/5.0 AppleWebKit/537.36 (KHTML, like Gecko; compatible; GPTBot/1.2; +https://openai.com/gptbot)"
20.171.207.251 - - [07/Sep/2025:10:06:40 +0700] "GET /omegle-vs-ometv-moderation-how-effective-are-the-systems-in-place/ HTTP/1.0" 200 92014 "-" "Mozilla/5.0 AppleWebKit/537.36 (KHTML, like Gecko; compatible; GPTBot/1.2; +https://openai.com/gptbot)"
85.208.96.212 - - [07/Sep/2025:10:07:05 +0700] "GET /author/yanz/page/322/ HTTP/1.0" 200 108518 "-" "Mozilla/5.0 (compatible; SemrushBot/7~bl; +http://www.semrush.com/bot.html)"
54.39.203.182 - - [07/Sep/2025:10:07:15 +0700] "GET /what-is-csv-everything-important-about-its-use-in-3/ HTTP/1.0" 200 240359 "-" "Mozilla/5.0 (compatible; AhrefsBot/7.0; +http://ahrefs.com/robot/)"
45.117.177.72 - - [07/Sep/2025:10:07:30 +0700] "POST /wp-cron.php?doing_wp_cron=1757214450.1061921119689941406250 HTTP/1.0" 200 416 "-" "WordPress/6.8.1; https://vattusacky.vn"
20.171.207.251 - - [07/Sep/2025:10:07:28 +0700] "GET /?p=8879 HTTP/1.0" 301 514 "-" "Mozilla/5.0 AppleWebKit/537.36 (KHTML, like Gecko; compatible; GPTBot/1.2; +https://openai.com/gptbot)"
20.171.207.251 - - [07/Sep/2025:10:07:30 +0700] "GET /the-role-of-networking-in-building-self-awareness-on-omegle-and-ometv/ HTTP/1.0" 200 93040 "-" "Mozilla/5.0 AppleWebKit/537.36 (KHTML, like Gecko; compatible; GPTBot/1.2; +https://openai.com/gptbot)"
216.73.216.162 - - [07/Sep/2025:10:07:55 +0700] "GET /?p=2929 HTTP/1.0" 301 625 "-" "Mozilla/5.0 AppleWebKit/537.36 (KHTML, like Gecko; compatible; ClaudeBot/1.0; +claudebot@anthropic.com)"
216.73.216.162 - - [07/Sep/2025:10:07:55 +0700] "GET /arranging-a-small-wedding-on-a-budget/feed HTTP/1.0" 301 731 "-" "Mozilla/5.0 AppleWebKit/537.36 (KHTML, like Gecko; compatible; ClaudeBot/1.0; +claudebot@anthropic.com)"
20.171.207.251 - - [07/Sep/2025:10:07:56 +0700] "GET /the-role-of-networking-in-social-change-on-omegle-and-ometv/ HTTP/1.0" 200 91029 "-" "Mozilla/5.0 AppleWebKit/537.36 (KHTML, like Gecko; compatible; GPTBot/1.2; +https://openai.com/gptbot)"
216.73.216.162 - - [07/Sep/2025:10:07:56 +0700] "GET /arranging-a-small-wedding-on-a-budget/feed/ HTTP/1.0" 200 1562 "https://vattusacky.vn/arranging-a-small-wedding-on-a-budget/feed" "Mozilla/5.0 AppleWebKit/537.36 (KHTML, like Gecko; compatible; ClaudeBot/1.0; +claudebot@anthropic.com)"
216.73.216.162 - - [07/Sep/2025:10:07:56 +0700] "GET /the-risks-of-on-line-relationships/ HTTP/1.0" 200 207974 "https://vattusacky.vn/?p=2929" "Mozilla/5.0 AppleWebKit/537.36 (KHTML, like Gecko; compatible; ClaudeBot/1.0; +claudebot@anthropic.com)"
45.117.177.72 - - [07/Sep/2025:10:08:36 +0700] "POST /wp-cron.php?doing_wp_cron=1757214516.5194790363311767578125 HTTP/1.0" 200 416 "-" "WordPress/6.8.1; https://vattusacky.vn"
157.55.39.222 - - [07/Sep/2025:10:08:35 +0700] "GET /robots.txt HTTP/1.0" 200 984 "-" "Mozilla/5.0 AppleWebKit/537.36 (KHTML, like Gecko; compatible; bingbot/2.0; +http://www.bing.com/bingbot.htm) Chrome/116.0.1938.76 Safari/537.36"
142.44.228.215 - - [07/Sep/2025:10:08:38 +0700] "GET /the-hazards-of-internet-brides/ HTTP/1.0" 200 206731 "-" "Mozilla/5.0 (compatible; AhrefsBot/7.0; +http://ahrefs.com/robot/)"
45.117.177.72 - - [07/Sep/2025:10:08:46 +0700] "POST /wp-cron.php?doing_wp_cron=1757214526.0004780292510986328125 HTTP/1.0" 200 416 "-" "WordPress/6.8.1; https://vattusacky.vn"
20.171.207.251 - - [07/Sep/2025:10:08:44 +0700] "GET /the-psychology-of-chatting-on-omegle-human-connection-in-a-digital-world/ HTTP/1.0" 200 90741 "-" "Mozilla/5.0 AppleWebKit/537.36 (KHTML, like Gecko; compatible; GPTBot/1.2; +https://openai.com/gptbot)"
216.73.216.162 - - [07/Sep/2025:10:09:14 +0700] "GET /how-to-find-a-wedding-dress-thats-right-suitable-for-you/feed HTTP/1.0" 301 750 "-" "Mozilla/5.0 AppleWebKit/537.36 (KHTML, like Gecko; compatible; ClaudeBot/1.0; +claudebot@anthropic.com)"
45.117.177.72 - - [07/Sep/2025:10:09:16 +0700] "POST /wp-cron.php?doing_wp_cron=1757214556.1582119464874267578125 HTTP/1.0" 200 416 "-" "WordPress/6.8.1; https://vattusacky.vn"
216.73.216.162 - - [07/Sep/2025:10:09:14 +0700] "GET /sweet-and-different-wedding-choices/feed HTTP/1.0" 301 729 "-" "Mozilla/5.0 AppleWebKit/537.36 (KHTML, like Gecko; compatible; ClaudeBot/1.0; +claudebot@anthropic.com)"
216.73.216.162 - - [07/Sep/2025:10:09:16 +0700] "GET /how-to-find-a-wedding-dress-thats-right-suitable-for-you/feed/ HTTP/1.0" 200 1626 "https://vattusacky.vn/how-to-find-a-wedding-dress-thats-right-suitable-for-you/feed" "Mozilla/5.0 AppleWebKit/537.36 (KHTML, like Gecko; compatible; ClaudeBot/1.0; +claudebot@anthropic.com)"
216.73.216.162 - - [07/Sep/2025:10:09:16 +0700] "GET /sweet-and-different-wedding-choices/feed/ HTTP/1.0" 200 1556 "https://vattusacky.vn/sweet-and-different-wedding-choices/feed" "Mozilla/5.0 AppleWebKit/537.36 (KHTML, like Gecko; compatible; ClaudeBot/1.0; +claudebot@anthropic.com)"
20.171.207.251 - - [07/Sep/2025:10:09:18 +0700] "GET /?p=8390 HTTP/1.0" 301 648 "-" "Mozilla/5.0 AppleWebKit/537.36 (KHTML, like Gecko; compatible; GPTBot/1.2; +https://openai.com/gptbot)"
20.171.207.251 - - [07/Sep/2025:10:09:20 +0700] "GET /the-dark-side-of-omegle-navigating-risks-and-staying-safe/ HTTP/1.0" 200 92086 "-" "Mozilla/5.0 AppleWebKit/537.36 (KHTML, like Gecko; compatible; GPTBot/1.2; +https://openai.com/gptbot)"
216.73.216.162 - - [07/Sep/2025:10:09:23 +0700] "GET /?p=3710 HTTP/1.0" 301 646 "-" "Mozilla/5.0 AppleWebKit/537.36 (KHTML, like Gecko; compatible; ClaudeBot/1.0; +claudebot@anthropic.com)"
216.73.216.162 - - [07/Sep/2025:10:09:23 +0700] "GET /?p=2384 HTTP/1.0" 301 652 "-" "Mozilla/5.0 AppleWebKit/537.36 (KHTML, like Gecko; compatible; ClaudeBot/1.0; +claudebot@anthropic.com)"
216.73.216.162 - - [07/Sep/2025:10:09:24 +0700] "GET /the-between-criteria-and-expected-values-in-connections/ HTTP/1.0" 200 208785 "https://vattusacky.vn/?p=3710" "Mozilla/5.0 AppleWebKit/537.36 (KHTML, like Gecko; compatible; ClaudeBot/1.0; +claudebot@anthropic.com)"
216.73.216.162 - - [07/Sep/2025:10:09:24 +0700] "GET /sugar-dating-hints-and-tips-mutually-beneficial-online-dating/ HTTP/1.0" 200 207331 "https://vattusacky.vn/?p=2384" "Mozilla/5.0 AppleWebKit/537.36 (KHTML, like Gecko; compatible; ClaudeBot/1.0; +claudebot@anthropic.com)"
216.73.216.162 - - [07/Sep/2025:10:09:26 +0700] "GET /?p=3457 HTTP/1.0" 301 501 "-" "Mozilla/5.0 AppleWebKit/537.36 (KHTML, like Gecko; compatible; ClaudeBot/1.0; +claudebot@anthropic.com)"
216.73.216.162 - - [07/Sep/2025:10:09:28 +0700] "GET /attractive-ways-to-inquire-someone-to-be-your-girlfriend/ HTTP/1.0" 200 208670 "https://vattusacky.vn/?p=3457" "Mozilla/5.0 AppleWebKit/537.36 (KHTML, like Gecko; compatible; ClaudeBot/1.0; +claudebot@anthropic.com)"
20.171.207.251 - - [07/Sep/2025:10:09:50 +0700] "GET /omegle-and-the-benefits-of-stepping-out-of-your-comfort-zone/ HTTP/1.0" 200 85072 "-" "Mozilla/5.0 AppleWebKit/537.36 (KHTML, like Gecko; compatible; GPTBot/1.2; +https://openai.com/gptbot)"
54.39.0.22 - - [07/Sep/2025:10:09:55 +0700] "GET /oficialnyj-sajt-play-fortuna-android-prilozhenie/ HTTP/1.0" 200 233129 "-" "Mozilla/5.0 (compatible; AhrefsBot/7.0; +http://ahrefs.com/robot/)"
185.191.171.15 - - [07/Sep/2025:10:10:09 +0700] "GET /the/tram-lay-mau-bui-pm-10/page/1/ HTTP/1.0" 301 571 "-" "Mozilla/5.0 (compatible; SemrushBot/7~bl; +http://www.semrush.com/bot.html)"
167.114.139.192 - - [07/Sep/2025:10:10:10 +0700] "GET /oficialnyj-sajt-play-fortuna-android-prilozhenie/ HTTP/1.0" 200 233129 "-" "Mozilla/5.0 (compatible; AhrefsBot/7.0; +http://ahrefs.com/robot/)"
85.208.96.202 - - [07/Sep/2025:10:10:14 +0700] "GET /the/tram-lay-mau-bui-pm-10/ HTTP/1.0" 200 183740 "-" "Mozilla/5.0 (compatible; SemrushBot/7~bl; +http://www.semrush.com/bot.html)"
20.171.207.251 - - [07/Sep/2025:10:10:27 +0700] "GET /omegle-and-online-gaming-how-the-platform-has-become-a-hub-for-gamers/ HTTP/1.0" 503 8456 "-" "Mozilla/5.0 AppleWebKit/537.36 (KHTML, like Gecko; compatible; GPTBot/1.2; +https://openai.com/gptbot)"
45.117.177.72 - - [07/Sep/2025:10:11:25 +0700] "POST /wp-cron.php?doing_wp_cron=1757214685.0720279216766357421875 HTTP/1.0" 200 416 "-" "WordPress/6.8.1; https://vattusacky.vn"
54.39.136.164 - - [07/Sep/2025:10:11:23 +0700] "GET /9-races-to-glory-casino-game-connection-with-online-casinos/ HTTP/1.0" 200 89859 "-" "Mozilla/5.0 (compatible; AhrefsBot/7.0; +http://ahrefs.com/robot/)"
20.171.207.251 - - [07/Sep/2025:10:11:31 +0700] "GET /?p=9028 HTTP/1.0" 301 507 "-" "Mozilla/5.0 AppleWebKit/537.36 (KHTML, like Gecko; compatible; GPTBot/1.2; +https://openai.com/gptbot)"
20.171.207.251 - - [07/Sep/2025:10:11:33 +0700] "GET /tips-for-making-the-most-out-of-your-omegle-therapy-experience/ HTTP/1.0" 200 92832 "-" "Mozilla/5.0 AppleWebKit/537.36 (KHTML, like Gecko; compatible; GPTBot/1.2; +https://openai.com/gptbot)"
20.171.207.251 - - [07/Sep/2025:10:11:52 +0700] "GET /omegle-and-its-role-in-connecting-people-from-around-the-world/ HTTP/1.0" 200 89573 "-" "Mozilla/5.0 AppleWebKit/537.36 (KHTML, like Gecko; compatible; GPTBot/1.2; +https://openai.com/gptbot)"
216.73.216.162 - - [07/Sep/2025:10:12:21 +0700] "GET /?p=2943 HTTP/1.0" 301 617 "-" "Mozilla/5.0 AppleWebKit/537.36 (KHTML, like Gecko; compatible; ClaudeBot/1.0; +claudebot@anthropic.com)"
45.117.177.72 - - [07/Sep/2025:10:12:22 +0700] "POST /wp-cron.php?doing_wp_cron=1757214742.2403869628906250000000 HTTP/1.0" 200 416 "-" "WordPress/6.8.1; https://vattusacky.vn"
216.73.216.162 - - [07/Sep/2025:10:12:21 +0700] "GET /attractive-ways-to-inquire-someone-to-be-your-girlfriend/feed HTTP/1.0" 301 750 "-" "Mozilla/5.0 AppleWebKit/537.36 (KHTML, like Gecko; compatible; ClaudeBot/1.0; +claudebot@anthropic.com)"
216.73.216.162 - - [07/Sep/2025:10:12:22 +0700] "GET /mexican-dating-way-of-life/ HTTP/1.0" 200 207806 "https://vattusacky.vn/?p=2943" "Mozilla/5.0 AppleWebKit/537.36 (KHTML, like Gecko; compatible; ClaudeBot/1.0; +claudebot@anthropic.com)"
216.73.216.162 - - [07/Sep/2025:10:12:22 +0700] "GET /attractive-ways-to-inquire-someone-to-be-your-girlfriend/feed/ HTTP/1.0" 200 1619 "https://vattusacky.vn/attractive-ways-to-inquire-someone-to-be-your-girlfriend/feed" "Mozilla/5.0 AppleWebKit/537.36 (KHTML, like Gecko; compatible; ClaudeBot/1.0; +claudebot@anthropic.com)"
85.208.96.204 - - [07/Sep/2025:10:12:46 +0700] "GET /sustanon-250-steroid-tutto-cio-che-devi-sapere-2/ HTTP/1.0" 200 204202 "-" "Mozilla/5.0 (compatible; SemrushBot/7~bl; +http://www.semrush.com/bot.html)"
167.114.139.140 - - [07/Sep/2025:10:12:48 +0700] "GET /the-best-online-casinos-for-zambia-78/ HTTP/1.0" 200 239050 "-" "Mozilla/5.0 (compatible; AhrefsBot/7.0; +http://ahrefs.com/robot/)"
20.171.207.251 - - [07/Sep/2025:10:12:55 +0700] "GET /the-impact-of-anonymity-on-trust-and-credibility-in-omegle-chats/ HTTP/1.0" 200 79467 "-" "Mozilla/5.0 AppleWebKit/537.36 (KHTML, like Gecko; compatible; GPTBot/1.2; +https://openai.com/gptbot)"
216.73.216.162 - - [07/Sep/2025:10:13:10 +0700] "GET /category/dating/feed HTTP/1.0" 301 663 "-" "Mozilla/5.0 AppleWebKit/537.36 (KHTML, like Gecko; compatible; ClaudeBot/1.0; +claudebot@anthropic.com)"
216.73.216.162 - - [07/Sep/2025:10:13:10 +0700] "GET /pomogu-poluchit-kredit-v-dnepropetrovskoj-obl-v/feed HTTP/1.0" 301 741 "-" "Mozilla/5.0 AppleWebKit/537.36 (KHTML, like Gecko; compatible; ClaudeBot/1.0; +claudebot@anthropic.com)"
216.73.216.162 - - [07/Sep/2025:10:13:12 +0700] "GET /pomogu-poluchit-kredit-v-dnepropetrovskoj-obl-v/feed/ HTTP/1.0" 200 1802 "https://vattusacky.vn/pomogu-poluchit-kredit-v-dnepropetrovskoj-obl-v/feed" "Mozilla/5.0 AppleWebKit/537.36 (KHTML, like Gecko; compatible; ClaudeBot/1.0; +claudebot@anthropic.com)"
216.73.216.162 - - [07/Sep/2025:10:13:12 +0700] "GET /category/dating/feed/ HTTP/1.0" 200 148191 "https://vattusacky.vn/category/dating/feed" "Mozilla/5.0 AppleWebKit/537.36 (KHTML, like Gecko; compatible; ClaudeBot/1.0; +claudebot@anthropic.com)"
45.117.177.72 - - [07/Sep/2025:10:13:18 +0700] "POST /wp-cron.php?doing_wp_cron=1757214798.0706911087036132812500 HTTP/1.0" 200 416 "-" "WordPress/6.8.1; https://vattusacky.vn"
54.39.203.60 - - [07/Sep/2025:10:13:16 +0700] "GET /the-best-online-casinos-for-zambia-78/ HTTP/1.0" 200 239050 "-" "Mozilla/5.0 (compatible; AhrefsBot/7.0; +http://ahrefs.com/robot/)"
20.171.207.251 - - [07/Sep/2025:10:13:49 +0700] "GET /omegle-for-activism-using-the-platform-as-a-tool-for-social-change/ HTTP/1.0" 200 93179 "-" "Mozilla/5.0 AppleWebKit/537.36 (KHTML, like Gecko; compatible; GPTBot/1.2; +https://openai.com/gptbot)"
216.73.216.162 - - [07/Sep/2025:10:13:58 +0700] "GET /?p=2846 HTTP/1.0" 301 640 "-" "Mozilla/5.0 AppleWebKit/537.36 (KHTML, like Gecko; compatible; ClaudeBot/1.0; +claudebot@anthropic.com)"
216.73.216.162 - - [07/Sep/2025:10:13:58 +0700] "GET /?p=3234 HTTP/1.0" 301 638 "-" "Mozilla/5.0 AppleWebKit/537.36 (KHTML, like Gecko; compatible; ClaudeBot/1.0; +claudebot@anthropic.com)"
216.73.216.162 - - [07/Sep/2025:10:13:59 +0700] "GET /15-online-dating-etiquette-rules-you-have-to-know/ HTTP/1.0" 200 212306 "https://vattusacky.vn/?p=2846" "Mozilla/5.0 AppleWebKit/537.36 (KHTML, like Gecko; compatible; ClaudeBot/1.0; +claudebot@anthropic.com)"
216.73.216.162 - - [07/Sep/2025:10:13:59 +0700] "GET /pomogu-poluchit-kredit-v-dnepropetrovskoj-obl-v/ HTTP/1.0" 200 287129 "https://vattusacky.vn/?p=3234" "Mozilla/5.0 AppleWebKit/537.36 (KHTML, like Gecko; compatible; ClaudeBot/1.0; +claudebot@anthropic.com)"
148.113.130.54 - - [07/Sep/2025:10:14:02 +0700] "GET /phan-mem-tien-do-truc-tuyen-moi-tien-app-vay-tien-cash24-mat-ngay-lap-tuc-ma-khong-phai-tra-hoa-hong/ HTTP/1.0" 200 213863 "-" "Mozilla/5.0 (compatible; AhrefsBot/7.0; +http://ahrefs.com/robot/)"
45.117.177.72 - - [07/Sep/2025:10:14:36 +0700] "POST /wp-cron.php?doing_wp_cron=1757214876.3450999259948730468750 HTTP/1.0" 200 416 "-" "WordPress/6.8.1; https://vattusacky.vn"
20.171.207.251 - - [07/Sep/2025:10:14:35 +0700] "GET /virtual-reality-and-random-chats-the-future-of-omegle-and-ometv/ HTTP/1.0" 200 93272 "-" "Mozilla/5.0 AppleWebKit/537.36 (KHTML, like Gecko; compatible; GPTBot/1.2; +https://openai.com/gptbot)"
51.161.65.2 - - [07/Sep/2025:10:15:12 +0700] "GET /1xbet-casino-bystraja-versija-1xbet-kazino/ HTTP/1.0" 200 218789 "-" "Mozilla/5.0 (compatible; AhrefsBot/7.0; +http://ahrefs.com/robot/)"
216.73.216.162 - - [07/Sep/2025:10:15:19 +0700] "GET /15-online-dating-etiquette-rules-you-have-to-know/feed HTTP/1.0" 301 743 "-" "Mozilla/5.0 AppleWebKit/537.36 (KHTML, like Gecko; compatible; ClaudeBot/1.0; +claudebot@anthropic.com)"
45.117.177.72 - - [07/Sep/2025:10:15:21 +0700] "POST /wp-cron.php?doing_wp_cron=1757214920.8343551158905029296875 HTTP/1.0" 200 416 "-" "WordPress/6.8.1; https://vattusacky.vn"
216.73.216.162 - - [07/Sep/2025:10:15:19 +0700] "GET /?p=3593 HTTP/1.0" 301 649 "-" "Mozilla/5.0 AppleWebKit/537.36 (KHTML, like Gecko; compatible; ClaudeBot/1.0; +claudebot@anthropic.com)"
216.73.216.162 - - [07/Sep/2025:10:15:22 +0700] "GET /15-online-dating-etiquette-rules-you-have-to-know/feed/ HTTP/1.0" 200 1605 "https://vattusacky.vn/15-online-dating-etiquette-rules-you-have-to-know/feed" "Mozilla/5.0 AppleWebKit/537.36 (KHTML, like Gecko; compatible; ClaudeBot/1.0; +claudebot@anthropic.com)"
216.73.216.162 - - [07/Sep/2025:10:15:22 +0700] "GET /methods-to-navigate-online-dating-services-with-confidence/ HTTP/1.0" 200 208477 "https://vattusacky.vn/?p=3593" "Mozilla/5.0 AppleWebKit/537.36 (KHTML, like Gecko; compatible; ClaudeBot/1.0; +claudebot@anthropic.com)"
20.171.207.251 - - [07/Sep/2025:10:15:43 +0700] "GET /stepping-out-of-the-comfort-zone-embracing-growth-on-omegle/ HTTP/1.0" 200 91509 "-" "Mozilla/5.0 AppleWebKit/537.36 (KHTML, like Gecko; compatible; GPTBot/1.2; +https://openai.com/gptbot)"
45.117.177.72 - - [07/Sep/2025:10:16:21 +0700] "POST /wp-cron.php?doing_wp_cron=1757214980.7822730541229248046875 HTTP/1.0" 200 416 "-" "WordPress/6.8.1; https://vattusacky.vn"
20.171.207.251 - - [07/Sep/2025:10:16:19 +0700] "GET /?p=8882 HTTP/1.0" 301 504 "-" "Mozilla/5.0 AppleWebKit/537.36 (KHTML, like Gecko; compatible; GPTBot/1.2; +https://openai.com/gptbot)"
20.171.207.251 - - [07/Sep/2025:10:16:21 +0700] "GET /the-role-of-networking-in-social-change-on-omegle-and-ometv/ HTTP/1.0" 200 91029 "-" "Mozilla/5.0 AppleWebKit/537.36 (KHTML, like Gecko; compatible; GPTBot/1.2; +https://openai.com/gptbot)"
54.39.6.251 - - [07/Sep/2025:10:16:24 +0700] "GET /web-based-antivirus-scan-for-android-mobile/ HTTP/1.0" 200 205706 "-" "Mozilla/5.0 (compatible; AhrefsBot/7.0; +http://ahrefs.com/robot/)"
216.73.216.162 - - [07/Sep/2025:10:16:27 +0700] "GET /?p=10711 HTTP/1.0" 301 662 "-" "Mozilla/5.0 AppleWebKit/537.36 (KHTML, like Gecko; compatible; ClaudeBot/1.0; +claudebot@anthropic.com)"
216.73.216.162 - - [07/Sep/2025:10:16:27 +0700] "GET /?p=3767 HTTP/1.0" 301 647 "-" "Mozilla/5.0 AppleWebKit/537.36 (KHTML, like Gecko; compatible; ClaudeBot/1.0; +claudebot@anthropic.com)"
216.73.216.162 - - [07/Sep/2025:10:16:29 +0700] "GET /1xbet-bukmekerskaja-kontora-obzor-otzyvy-bonusy-i-rabochee-zerkalo-1xbe/ HTTP/1.0" 200 105793 "https://vattusacky.vn/?p=10711" "Mozilla/5.0 AppleWebKit/537.36 (KHTML, like Gecko; compatible; ClaudeBot/1.0; +claudebot@anthropic.com)"
216.73.216.162 - - [07/Sep/2025:10:16:29 +0700] "GET /how-will-you-make-an-extended-distance-relationship-work/ HTTP/1.0" 200 208157 "https://vattusacky.vn/?p=3767" "Mozilla/5.0 AppleWebKit/537.36 (KHTML, like Gecko; compatible; ClaudeBot/1.0; +claudebot@anthropic.com)"
216.73.216.162 - - [07/Sep/2025:10:16:31 +0700] "GET /?p=10326 HTTP/1.0" 301 505 "-" "Mozilla/5.0 AppleWebKit/537.36 (KHTML, like Gecko; compatible; ClaudeBot/1.0; +claudebot@anthropic.com)"
216.73.216.162 - - [07/Sep/2025:10:16:33 +0700] "GET /1xbet-giri-1xbahis-canl-casino-1x-bet-bahis-yeni-adresi-2023/ HTTP/1.0" 200 98327 "https://vattusacky.vn/?p=10326" "Mozilla/5.0 AppleWebKit/537.36 (KHTML, like Gecko; compatible; ClaudeBot/1.0; +claudebot@anthropic.com)"
20.171.207.251 - - [07/Sep/2025:10:17:02 +0700] "GET /the-influence-of-omegle-how-it-reshapes-the-way-we-communicate/ HTTP/1.0" 200 91029 "-" "Mozilla/5.0 AppleWebKit/537.36 (KHTML, like Gecko; compatible; GPTBot/1.2; +https://openai.com/gptbot)"
216.73.216.162 - - [07/Sep/2025:10:17:32 +0700] "GET /1xbet-giri-1xbahis-canl-casino-1x-bet-bahis-yeni-adresi-2023/feed HTTP/1.0" 301 754 "-" "Mozilla/5.0 AppleWebKit/537.36 (KHTML, like Gecko; compatible; ClaudeBot/1.0; +claudebot@anthropic.com)"
45.117.177.72 - - [07/Sep/2025:10:17:34 +0700] "POST /wp-cron.php?doing_wp_cron=1757215054.0448610782623291015625 HTTP/1.0" 200 416 "-" "WordPress/6.8.1; https://vattusacky.vn"
216.73.216.162 - - [07/Sep/2025:10:17:32 +0700] "GET /1xbet-bukmekerskaja-kontora-obzor-otzyvy-bonusy-i-rabochee-zerkalo-1xbe/feed HTTP/1.0" 301 765 "-" "Mozilla/5.0 AppleWebKit/537.36 (KHTML, like Gecko; compatible; ClaudeBot/1.0; +claudebot@anthropic.com)"
54.39.136.138 - - [07/Sep/2025:10:17:33 +0700] "GET /install-1xbet-app-%E2%AD%90-1xbet-app-acquire-fscore-orguk-6/ HTTP/1.0" 200 240935 "-" "Mozilla/5.0 (compatible; AhrefsBot/7.0; +http://ahrefs.com/robot/)"
216.73.216.162 - - [07/Sep/2025:10:17:34 +0700] "GET /1xbet-giri-1xbahis-canl-casino-1x-bet-bahis-yeni-adresi-2023/feed/ HTTP/1.0" 200 1648 "https://vattusacky.vn/1xbet-giri-1xbahis-canl-casino-1x-bet-bahis-yeni-adresi-2023/feed" "Mozilla/5.0 AppleWebKit/537.36 (KHTML, like Gecko; compatible; ClaudeBot/1.0; +claudebot@anthropic.com)"
216.73.216.162 - - [07/Sep/2025:10:17:34 +0700] "GET /1xbet-bukmekerskaja-kontora-obzor-otzyvy-bonusy-i-rabochee-zerkalo-1xbe/feed/ HTTP/1.0" 200 1717 "https://vattusacky.vn/1xbet-bukmekerskaja-kontora-obzor-otzyvy-bonusy-i-rabochee-zerkalo-1xbe/feed" "Mozilla/5.0 AppleWebKit/537.36 (KHTML, like Gecko; compatible; ClaudeBot/1.0; +claudebot@anthropic.com)"
20.171.207.251 - - [07/Sep/2025:10:17:37 +0700] "GET /reveling-in-the-magic-of-friendship-and-romance-in-omelove/ HTTP/1.0" 200 88841 "-" "Mozilla/5.0 AppleWebKit/537.36 (KHTML, like Gecko; compatible; GPTBot/1.2; +https://openai.com/gptbot)"
216.73.216.162 - - [07/Sep/2025:10:17:59 +0700] "GET /sugar-dating-hints-and-tips-mutually-beneficial-online-dating/feed HTTP/1.0" 301 755 "-" "Mozilla/5.0 AppleWebKit/537.36 (KHTML, like Gecko; compatible; ClaudeBot/1.0; +claudebot@anthropic.com)"
216.73.216.162 - - [07/Sep/2025:10:17:59 +0700] "GET /mexican-dating-way-of-life/feed HTTP/1.0" 301 720 "-" "Mozilla/5.0 AppleWebKit/537.36 (KHTML, like Gecko; compatible; ClaudeBot/1.0; +claudebot@anthropic.com)"
216.73.216.162 - - [07/Sep/2025:10:18:01 +0700] "GET /sugar-dating-hints-and-tips-mutually-beneficial-online-dating/feed/ HTTP/1.0" 200 1642 "https://vattusacky.vn/sugar-dating-hints-and-tips-mutually-beneficial-online-dating/feed" "Mozilla/5.0 AppleWebKit/537.36 (KHTML, like Gecko; compatible; ClaudeBot/1.0; +claudebot@anthropic.com)"
216.73.216.162 - - [07/Sep/2025:10:18:03 +0700] "GET /mexican-dating-way-of-life/feed/ HTTP/1.0" 200 1529 "https://vattusacky.vn/mexican-dating-way-of-life/feed" "Mozilla/5.0 AppleWebKit/537.36 (KHTML, like Gecko; compatible; ClaudeBot/1.0; +claudebot@anthropic.com)"
20.171.207.251 - - [07/Sep/2025:10:18:05 +0700] "GET /the-role-of-reciprocity-in-networking-on-omegle-and-ometv/ HTTP/1.0" 200 86376 "-" "Mozilla/5.0 AppleWebKit/537.36 (KHTML, like Gecko; compatible; GPTBot/1.2; +https://openai.com/gptbot)"
45.117.177.72 - - [07/Sep/2025:10:18:50 +0700] "POST /wp-cron.php?doing_wp_cron=1757215130.4359989166259765625000 HTTP/1.0" 200 416 "-" "WordPress/6.8.1; https://vattusacky.vn"
54.39.6.207 - - [07/Sep/2025:10:18:49 +0700] "GET /pin-ap-kazino-oficialnyj-sajt-pin-up-casino-vhod-v-2/ HTTP/1.0" 200 264513 "-" "Mozilla/5.0 (compatible; AhrefsBot/7.0; +http://ahrefs.com/robot/)"
20.171.207.251 - - [07/Sep/2025:10:19:13 +0700] "GET /?p=7619 HTTP/1.0" 301 511 "-" "Mozilla/5.0 AppleWebKit/537.36 (KHTML, like Gecko; compatible; GPTBot/1.2; +https://openai.com/gptbot)"
20.171.207.251 - - [07/Sep/2025:10:19:15 +0700] "GET /omegle-for-activism-using-the-platform-as-a-tool-for-social-change/ HTTP/1.0" 200 93179 "-" "Mozilla/5.0 AppleWebKit/537.36 (KHTML, like Gecko; compatible; GPTBot/1.2; +https://openai.com/gptbot)"
45.117.177.72 - - [07/Sep/2025:10:19:19 +0700] "POST /wp-cron.php?doing_wp_cron=1757215158.9459640979766845703125 HTTP/1.0" 200 416 "-" "WordPress/6.8.1; https://vattusacky.vn"
216.73.216.162 - - [07/Sep/2025:10:19:17 +0700] "GET /methods-to-navigate-online-dating-services-with-confidence/feed HTTP/1.0" 301 752 "-" "Mozilla/5.0 AppleWebKit/537.36 (KHTML, like Gecko; compatible; ClaudeBot/1.0; +claudebot@anthropic.com)"
216.73.216.162 - - [07/Sep/2025:10:19:17 +0700] "GET /how-will-you-make-an-extended-distance-relationship-work/feed HTTP/1.0" 301 750 "-" "Mozilla/5.0 AppleWebKit/537.36 (KHTML, like Gecko; compatible; ClaudeBot/1.0; +claudebot@anthropic.com)"
216.73.216.162 - - [07/Sep/2025:10:19:19 +0700] "GET /how-will-you-make-an-extended-distance-relationship-work/feed/ HTTP/1.0" 200 1620 "https://vattusacky.vn/how-will-you-make-an-extended-distance-relationship-work/feed" "Mozilla/5.0 AppleWebKit/537.36 (KHTML, like Gecko; compatible; ClaudeBot/1.0; +claudebot@anthropic.com)"
216.73.216.162 - - [07/Sep/2025:10:19:19 +0700] "GET /methods-to-navigate-online-dating-services-with-confidence/feed/ HTTP/1.0" 200 1625 "https://vattusacky.vn/methods-to-navigate-online-dating-services-with-confidence/feed" "Mozilla/5.0 AppleWebKit/537.36 (KHTML, like Gecko; compatible; ClaudeBot/1.0; +claudebot@anthropic.com)"
216.73.216.162 - - [07/Sep/2025:10:19:21 +0700] "GET /the-between-criteria-and-expected-values-in-connections/feed HTTP/1.0" 301 603 "-" "Mozilla/5.0 AppleWebKit/537.36 (KHTML, like Gecko; compatible; ClaudeBot/1.0; +claudebot@anthropic.com)"
216.73.216.162 - - [07/Sep/2025:10:19:22 +0700] "GET /the-between-criteria-and-expected-values-in-connections/feed/ HTTP/1.0" 200 1616 "https://vattusacky.vn/the-between-criteria-and-expected-values-in-connections/feed" "Mozilla/5.0 AppleWebKit/537.36 (KHTML, like Gecko; compatible; ClaudeBot/1.0; +claudebot@anthropic.com)"
218.21.88.170 - - [07/Sep/2025:10:19:45 +0700] "POST /wp-comments-post.php HTTP/1.0" 302 1133 "-" "Mozilla/5.0 (Windows NT 10.0; Win64; x64) AppleWebKit/537.36 (KHTML, like Gecko) Chrome/108.0.0.0 Safari/537.36 Edg/108.0.1462.46"
218.21.88.170 - - [07/Sep/2025:10:19:51 +0700] "GET /looking-for-arrangements-review/?unapproved=1444&moderation-hash=3172a7be14ac7cf51f5c6d414741ae8e HTTP/1.0" 200 208195 "-" "Mozilla/5.0 (Windows NT 10.0; Win64; x64) AppleWebKit/537.36 (KHTML, like Gecko) Chrome/108.0.0.0 Safari/537.36 Edg/108.0.1462.46"
142.44.233.159 - - [07/Sep/2025:10:20:04 +0700] "GET /7-great-spots-to-get-a-significant-other/ HTTP/1.0" 200 208272 "-" "Mozilla/5.0 (compatible; AhrefsBot/7.0; +http://ahrefs.com/robot/)"
45.117.177.72 - - [07/Sep/2025:10:20:53 +0700] "POST /wp-cron.php?doing_wp_cron=1757215253.7310240268707275390625 HTTP/1.0" 200 416 "-" "WordPress/6.8.1; https://vattusacky.vn"
20.171.207.251 - - [07/Sep/2025:10:20:52 +0700] "GET /?p=8247 HTTP/1.0" 301 650 "-" "Mozilla/5.0 AppleWebKit/537.36 (KHTML, like Gecko; compatible; GPTBot/1.2; +https://openai.com/gptbot)"
20.171.207.251 - - [07/Sep/2025:10:20:54 +0700] "GET /stepping-out-of-the-comfort-zone-embracing-growth-on-omegle/ HTTP/1.0" 200 91509 "-" "Mozilla/5.0 AppleWebKit/537.36 (KHTML, like Gecko; compatible; GPTBot/1.2; +https://openai.com/gptbot)"
45.117.177.72 - - [07/Sep/2025:10:21:27 +0700] "POST /wp-cron.php?doing_wp_cron=1757215287.3300900459289550781250 HTTP/1.0" 200 416 "-" "WordPress/6.8.1; https://vattusacky.vn"
54.39.6.222 - - [07/Sep/2025:10:21:26 +0700] "GET /unveiling-the-mysterious-world-of-omegle/ HTTP/1.0" 200 89867 "-" "Mozilla/5.0 (compatible; AhrefsBot/7.0; +http://ahrefs.com/robot/)"
20.171.207.251 - - [07/Sep/2025:10:21:45 +0700] "GET /?p=8759 HTTP/1.0" 301 517 "-" "Mozilla/5.0 AppleWebKit/537.36 (KHTML, like Gecko; compatible; GPTBot/1.2; +https://openai.com/gptbot)"
20.171.207.251 - - [07/Sep/2025:10:21:46 +0700] "GET /the-psychology-of-chatting-on-omegle-human-connection-in-a-digital-world/ HTTP/1.0" 200 90741 "-" "Mozilla/5.0 AppleWebKit/537.36 (KHTML, like Gecko; compatible; GPTBot/1.2; +https://openai.com/gptbot)"
45.117.177.72 - - [07/Sep/2025:10:22:54 +0700] "POST /wp-cron.php?doing_wp_cron=1757215374.6919600963592529296875 HTTP/1.0" 200 416 "-" "WordPress/6.8.1; https://vattusacky.vn"
54.39.89.50 - - [07/Sep/2025:10:22:53 +0700] "GET /research-paper-topics-that-you-should-not-ignore/ HTTP/1.0" 200 208461 "-" "Mozilla/5.0 (compatible; AhrefsBot/7.0; +http://ahrefs.com/robot/)"
87.250.224.94 - - [07/Sep/2025:10:23:02 +0700] "GET /danh-muc/moi-truong-nuoc/buong-dem-dong-vat-phu-du/ HTTP/1.0" 200 60201 "-" "Mozilla/5.0 (compatible; YandexBot/3.0; +http://yandex.com/bots)"
216.73.216.162 - - [07/Sep/2025:10:23:04 +0700] "GET /sitemap_index.xml HTTP/1.0" 200 2426 "-" "Mozilla/5.0 AppleWebKit/537.36 (KHTML, like Gecko; compatible; ClaudeBot/1.0; +claudebot@anthropic.com)"
20.171.207.251 - - [07/Sep/2025:10:23:05 +0700] "GET /?p=7503 HTTP/1.0" 301 505 "-" "Mozilla/5.0 AppleWebKit/537.36 (KHTML, like Gecko; compatible; GPTBot/1.2; +https://openai.com/gptbot)"
20.171.207.251 - - [07/Sep/2025:10:23:07 +0700] "GET /omegle-and-the-benefits-of-stepping-out-of-your-comfort-zone/ HTTP/1.0" 200 85072 "-" "Mozilla/5.0 AppleWebKit/537.36 (KHTML, like Gecko; compatible; GPTBot/1.2; +https://openai.com/gptbot)"
4.227.36.9 - - [07/Sep/2025:10:23:12 +0700] "GET /robots.txt HTTP/1.0" 200 984 "-" "Mozilla/5.0 AppleWebKit/537.36 (KHTML, like Gecko; compatible; GPTBot/1.2; +https://openai.com/gptbot)"
45.117.177.72 - - [07/Sep/2025:10:23:59 +0700] "POST /wp-cron.php?doing_wp_cron=1757215439.7076809406280517578125 HTTP/1.0" 200 416 "-" "WordPress/6.8.1; https://vattusacky.vn"
20.171.207.251 - - [07/Sep/2025:10:23:58 +0700] "GET /the-inner-workings-of-omegle-and-ometv-a-closer-look-at-the-technology/ HTTP/1.0" 200 92719 "-" "Mozilla/5.0 AppleWebKit/537.36 (KHTML, like Gecko; compatible; GPTBot/1.2; +https://openai.com/gptbot)"
85.208.96.202 - - [07/Sep/2025:10:24:12 +0700] "GET /onlinedatingadvice-info-an-extensive-weblog-that-teaches-singles-how-exactly-to-effectively-navigate-online-dating/ HTTP/1.0" 200 213141 "-" "Mozilla/5.0 (compatible; SemrushBot/7~bl; +http://www.semrush.com/bot.html)"
45.117.177.72 - - [07/Sep/2025:10:24:18 +0700] "POST /wp-cron.php?doing_wp_cron=1757215458.0027430057525634765625 HTTP/1.0" 200 416 "-" "WordPress/6.8.1; https://vattusacky.vn"
15.235.96.243 - - [07/Sep/2025:10:24:16 +0700] "GET /tips-for-making-the-most-out-of-your-omegle-therapy-experience/ HTTP/1.0" 200 92978 "-" "Mozilla/5.0 (compatible; AhrefsBot/7.0; +http://ahrefs.com/robot/)"
185.191.171.14 - - [07/Sep/2025:10:24:22 +0700] "GET /the/lay-mau-bui-tsp/page/1/ HTTP/1.0" 301 564 "-" "Mozilla/5.0 (compatible; SemrushBot/7~bl; +http://www.semrush.com/bot.html)"
185.191.171.15 - - [07/Sep/2025:10:24:26 +0700] "GET /the/lay-mau-bui-tsp/ HTTP/1.0" 200 174655 "-" "Mozilla/5.0 (compatible; SemrushBot/7~bl; +http://www.semrush.com/bot.html)"
20.171.207.251 - - [07/Sep/2025:10:24:39 +0700] "GET /?p=7349 HTTP/1.0" 301 507 "-" "Mozilla/5.0 AppleWebKit/537.36 (KHTML, like Gecko; compatible; GPTBot/1.2; +https://openai.com/gptbot)"
20.171.207.251 - - [07/Sep/2025:10:24:40 +0700] "GET /omegle-and-its-role-in-connecting-people-from-around-the-world/ HTTP/1.0" 200 89573 "-" "Mozilla/5.0 AppleWebKit/537.36 (KHTML, like Gecko; compatible; GPTBot/1.2; +https://openai.com/gptbot)"
213.180.203.235 - - [07/Sep/2025:10:24:56 +0700] "GET /purchase-avalide-cheaper-pharmacy/ HTTP/1.0" 200 147740 "-" "Mozilla/5.0 (compatible; YandexBot/3.0; +http://yandex.com/bots)"
95.108.213.179 - - [07/Sep/2025:10:25:14 +0700] "GET /making-a-data-place-choice/ HTTP/1.0" 200 205729 "-" "Mozilla/5.0 (compatible; YandexBot/3.0; +http://yandex.com/bots)"
45.117.177.72 - - [07/Sep/2025:10:25:30 +0700] "POST /wp-cron.php?doing_wp_cron=1757215530.5614171028137207031250 HTTP/1.0" 200 416 "-" "WordPress/6.8.1; https://vattusacky.vn"
20.171.207.251 - - [07/Sep/2025:10:25:29 +0700] "GET /?p=8517 HTTP/1.0" 301 509 "-" "Mozilla/5.0 AppleWebKit/537.36 (KHTML, like Gecko; compatible; GPTBot/1.2; +https://openai.com/gptbot)"
20.171.207.251 - - [07/Sep/2025:10:25:31 +0700] "GET /the-impact-of-anonymity-on-trust-and-credibility-in-omegle-chats/ HTTP/1.0" 200 79467 "-" "Mozilla/5.0 AppleWebKit/537.36 (KHTML, like Gecko; compatible; GPTBot/1.2; +https://openai.com/gptbot)"
171.104.128.24 - - [07/Sep/2025:10:25:40 +0700] "POST /wp-comments-post.php HTTP/1.0" 302 1192 "-" "Mozilla/5.0 (Windows NT 10.0; Win64; x64) AppleWebKit/537.36 (KHTML, like Gecko) Chrome/108.0.0.0 Safari/537.36 Edg/108.0.1462.46"
171.104.128.24 - - [07/Sep/2025:10:25:42 +0700] "GET /marriage-tips-and-advice-how-to-maintain-your-marriage-happy-and-healthy-for-the-long-term/?unapproved=1445&moderation-hash=f967e31d1f07c57624e59a0cb8afa98f HTTP/1.0" 200 210129 "-" "Mozilla/5.0 (Windows NT 10.0; Win64; x64) AppleWebKit/537.36 (KHTML, like Gecko) Chrome/108.0.0.0 Safari/537.36 Edg/108.0.1462.46"
54.39.203.9 - - [07/Sep/2025:10:25:51 +0700] "GET /category/blog/page/4/ HTTP/1.0" 200 74866 "-" "Mozilla/5.0 (compatible; AhrefsBot/7.0; +http://ahrefs.com/robot/)"
45.117.177.72 - - [07/Sep/2025:10:26:19 +0700] "POST /wp-cron.php?doing_wp_cron=1757215579.1836879253387451171875 HTTP/1.0" 200 416 "-" "WordPress/6.8.1; https://vattusacky.vn"
20.171.207.251 - - [07/Sep/2025:10:26:18 +0700] "GET /?p=9207 HTTP/1.0" 301 654 "-" "Mozilla/5.0 AppleWebKit/537.36 (KHTML, like Gecko; compatible; GPTBot/1.2; +https://openai.com/gptbot)"
20.171.207.251 - - [07/Sep/2025:10:26:19 +0700] "GET /virtual-reality-and-random-chats-the-future-of-omegle-and-ometv/ HTTP/1.0" 200 93126 "-" "Mozilla/5.0 AppleWebKit/537.36 (KHTML, like Gecko; compatible; GPTBot/1.2; +https://openai.com/gptbot)"
20.171.207.251 - - [07/Sep/2025:10:26:49 +0700] "GET /?p=8916 HTTP/1.0" 301 502 "-" "Mozilla/5.0 AppleWebKit/537.36 (KHTML, like Gecko; compatible; GPTBot/1.2; +https://openai.com/gptbot)"
20.171.207.251 - - [07/Sep/2025:10:26:50 +0700] "GET /the-role-of-reciprocity-in-networking-on-omegle-and-ometv/ HTTP/1.0" 200 86376 "-" "Mozilla/5.0 AppleWebKit/537.36 (KHTML, like Gecko; compatible; GPTBot/1.2; +https://openai.com/gptbot)"
85.208.96.202 - - [07/Sep/2025:10:26:47 +0700] "GET /category/uncategorized/page/319/ HTTP/1.0" 200 76807 "-" "Mozilla/5.0 (compatible; SemrushBot/7~bl; +http://www.semrush.com/bot.html)"
51.222.168.51 - - [07/Sep/2025:10:27:09 +0700] "GET /1win-oficialnyj-sajt-kazino-i-ego-preimushhestva-13/ HTTP/1.0" 200 231975 "-" "Mozilla/5.0 (compatible; AhrefsBot/7.0; +http://ahrefs.com/robot/)"
20.171.207.251 - - [07/Sep/2025:10:27:21 +0700] "GET /?p=8145 HTTP/1.0" 301 503 "-" "Mozilla/5.0 AppleWebKit/537.36 (KHTML, like Gecko; compatible; GPTBot/1.2; +https://openai.com/gptbot)"
20.171.207.251 - - [07/Sep/2025:10:27:22 +0700] "GET /reveling-in-the-magic-of-friendship-and-romance-in-omelove/ HTTP/1.0" 200 88841 "-" "Mozilla/5.0 AppleWebKit/537.36 (KHTML, like Gecko; compatible; GPTBot/1.2; +https://openai.com/gptbot)"
20.171.207.251 - - [07/Sep/2025:10:27:54 +0700] "GET /?p=8634 HTTP/1.0" 301 515 "-" "Mozilla/5.0 AppleWebKit/537.36 (KHTML, like Gecko; compatible; GPTBot/1.2; +https://openai.com/gptbot)"
20.171.207.251 - - [07/Sep/2025:10:28:01 +0700] "GET /the-inner-workings-of-omegle-and-ometv-a-closer-look-at-the-technology/ HTTP/1.0" 200 92719 "-" "Mozilla/5.0 AppleWebKit/537.36 (KHTML, like Gecko; compatible; GPTBot/1.2; +https://openai.com/gptbot)"
185.191.171.3 - - [07/Sep/2025:10:28:22 +0700] "GET /author/yanz/page/312/ HTTP/1.0" 200 76422 "-" "Mozilla/5.0 (compatible; SemrushBot/7~bl; +http://www.semrush.com/bot.html)"
20.171.207.251 - - [07/Sep/2025:10:28:24 +0700] "GET /the-impact-of-networking-on-self-confidence-on-omegle-and-ometv/ HTTP/1.0" 200 93146 "-" "Mozilla/5.0 AppleWebKit/537.36 (KHTML, like Gecko; compatible; GPTBot/1.2; +https://openai.com/gptbot)"
54.39.0.144 - - [07/Sep/2025:10:28:25 +0700] "GET /pequeno-armenia-evaluacion-pequena-armenia-evaluacion/ HTTP/1.0" 200 221221 "-" "Mozilla/5.0 (compatible; AhrefsBot/7.0; +http://ahrefs.com/robot/)"
20.171.207.251 - - [07/Sep/2025:10:28:49 +0700] "GET /reducing-harmful-content-on-omegle-and-ometv/ HTTP/1.0" 200 92456 "-" "Mozilla/5.0 AppleWebKit/537.36 (KHTML, like Gecko; compatible; GPTBot/1.2; +https://openai.com/gptbot)"
45.117.177.72 - - [07/Sep/2025:10:29:29 +0700] "POST /wp-cron.php?doing_wp_cron=1757215769.2537899017333984375000 HTTP/1.0" 200 416 "-" "WordPress/6.8.1; https://vattusacky.vn"
20.171.207.251 - - [07/Sep/2025:10:29:27 +0700] "GET /the-impact-of-networking-on-social-capital-on-omegle-and-ometv/ HTTP/1.0" 200 90417 "-" "Mozilla/5.0 AppleWebKit/537.36 (KHTML, like Gecko; compatible; GPTBot/1.2; +https://openai.com/gptbot)"
142.44.228.187 - - [07/Sep/2025:10:29:48 +0700] "GET /category/uncategorized/page/17/ HTTP/1.0" 200 76172 "-" "Mozilla/5.0 (compatible; AhrefsBot/7.0; +http://ahrefs.com/robot/)"
20.171.207.251 - - [07/Sep/2025:10:29:54 +0700] "GET /what-to-do-when-friendship-turns-into-flirtation-on-omegle/ HTTP/1.0" 200 90681 "-" "Mozilla/5.0 AppleWebKit/537.36 (KHTML, like Gecko; compatible; GPTBot/1.2; +https://openai.com/gptbot)"
45.117.177.72 - - [07/Sep/2025:10:30:30 +0700] "POST /wp-cron.php?doing_wp_cron=1757215830.4710769653320312500000 HTTP/1.0" 200 416 "-" "WordPress/6.8.1; https://vattusacky.vn"
20.171.207.251 - - [07/Sep/2025:10:30:29 +0700] "GET /?p=8617 HTTP/1.0" 301 507 "-" "Mozilla/5.0 AppleWebKit/537.36 (KHTML, like Gecko; compatible; GPTBot/1.2; +https://openai.com/gptbot)"
20.171.207.251 - - [07/Sep/2025:10:30:30 +0700] "GET /the-influence-of-omegle-how-it-reshapes-the-way-we-communicate/ HTTP/1.0" 200 91029 "-" "Mozilla/5.0 AppleWebKit/537.36 (KHTML, like Gecko; compatible; GPTBot/1.2; +https://openai.com/gptbot)"
45.117.177.72 - - [07/Sep/2025:10:31:18 +0700] "POST /wp-cron.php?doing_wp_cron=1757215877.9875919818878173828125 HTTP/1.0" 200 416 "-" "WordPress/6.8.1; https://vattusacky.vn"
167.114.139.72 - - [07/Sep/2025:10:31:16 +0700] "GET /category/news/page/2/ HTTP/1.0" 200 80550 "-" "Mozilla/5.0 (compatible; AhrefsBot/7.0; +http://ahrefs.com/robot/)"
20.171.207.251 - - [07/Sep/2025:10:31:42 +0700] "GET /omegle-as-a-tool-for-self-expression-and-identity-exploration/ HTTP/1.0" 200 90701 "-" "Mozilla/5.0 AppleWebKit/537.36 (KHTML, like Gecko; compatible; GPTBot/1.2; +https://openai.com/gptbot)"
185.191.171.12 - - [07/Sep/2025:10:31:50 +0700] "GET /sweet-bonanza-primenenie-bonusnyh-vozmozhnostej-3/ HTTP/1.0" 200 95128 "-" "Mozilla/5.0 (compatible; SemrushBot/7~bl; +http://www.semrush.com/bot.html)"
45.117.177.72 - - [07/Sep/2025:10:32:17 +0700] "POST /wp-cron.php?doing_wp_cron=1757215937.2636780738830566406250 HTTP/1.0" 200 416 "-" "WordPress/6.8.1; https://vattusacky.vn"
157.55.39.204 - - [07/Sep/2025:10:32:16 +0700] "GET /omegles-role-in-building-global-connections/feed/ HTTP/1.0" 200 1726 "-" "Mozilla/5.0 AppleWebKit/537.36 (KHTML, like Gecko; compatible; bingbot/2.0; +http://www.bing.com/bingbot.htm) Chrome/116.0.1938.76 Safari/537.36"
57.141.2.54 - - [07/Sep/2025:10:32:27 +0700] "GET /index.html HTTP/1.0" 404 70812 "-" "meta-externalagent/1.1 (+https://developers.facebook.com/docs/sharing/webmasters/crawler)"
54.39.210.155 - - [07/Sep/2025:10:32:38 +0700] "GET /category/onlne-dating-sites/ HTTP/1.0" 200 58987 "-" "Mozilla/5.0 (compatible; AhrefsBot/7.0; +http://ahrefs.com/robot/)"
45.117.177.72 - - [07/Sep/2025:10:33:31 +0700] "POST /wp-cron.php?doing_wp_cron=1757216010.7921559810638427734375 HTTP/1.0" 200 416 "-" "WordPress/6.8.1; https://vattusacky.vn"
20.171.207.251 - - [07/Sep/2025:10:33:29 +0700] "GET /the-role-of-curiosity-in-fostering-cosmic-connections-on-omegle/ HTTP/1.0" 200 91705 "-" "Mozilla/5.0 AppleWebKit/537.36 (KHTML, like Gecko; compatible; GPTBot/1.2; +https://openai.com/gptbot)"
54.39.203.192 - - [07/Sep/2025:10:33:56 +0700] "GET /lichnyj-kabinet-melbet-frispiny-za-vhod-v-kazino/ HTTP/1.0" 200 232272 "-" "Mozilla/5.0 (compatible; AhrefsBot/7.0; +http://ahrefs.com/robot/)"
20.171.207.251 - - [07/Sep/2025:10:34:13 +0700] "GET /how-to-leverage-connections-on-omegle-and-ometv-for-personal-growth/ HTTP/1.0" 200 79350 "-" "Mozilla/5.0 AppleWebKit/537.36 (KHTML, like Gecko; compatible; GPTBot/1.2; +https://openai.com/gptbot)"
45.117.177.72 - - [07/Sep/2025:10:34:18 +0700] "POST /wp-cron.php?doing_wp_cron=1757216058.0005650520324707031250 HTTP/1.0" 200 416 "-" "WordPress/6.8.1; https://vattusacky.vn"
148.113.130.137 - - [07/Sep/2025:10:34:16 +0700] "GET /lichnyj-kabinet-melbet-frispiny-za-vhod-v-kazino/ HTTP/1.0" 200 232272 "-" "Mozilla/5.0 (compatible; AhrefsBot/7.0; +http://ahrefs.com/robot/)"
20.171.207.251 - - [07/Sep/2025:10:34:47 +0700] "GET /?p=8542 HTTP/1.0" 301 507 "-" "Mozilla/5.0 AppleWebKit/537.36 (KHTML, like Gecko; compatible; GPTBot/1.2; +https://openai.com/gptbot)"
20.171.207.251 - - [07/Sep/2025:10:34:48 +0700] "GET /the-impact-of-networking-on-social-capital-on-omegle-and-ometv/ HTTP/1.0" 200 90417 "-" "Mozilla/5.0 AppleWebKit/537.36 (KHTML, like Gecko; compatible; GPTBot/1.2; +https://openai.com/gptbot)"
45.117.177.72 - - [07/Sep/2025:10:35:17 +0700] "POST /wp-cron.php?doing_wp_cron=1757216117.4335079193115234375000 HTTP/1.0" 200 416 "-" "WordPress/6.8.1; https://vattusacky.vn"
142.44.228.70 - - [07/Sep/2025:10:35:16 +0700] "GET /how-to-find-free-casino-games-online/ HTTP/1.0" 200 207671 "-" "Mozilla/5.0 (compatible; AhrefsBot/7.0; +http://ahrefs.com/robot/)"
185.199.223.93 - - [07/Sep/2025:10:35:27 +0700] "POST /xmlrpc.php HTTP/1.0" 200 956 "-" "Mozilla/5.0 (Windows NT 10.0; Win64; x64; rv:85.0) Gecko/20100101 Firefox/85.0"
20.171.207.251 - - [07/Sep/2025:10:35:37 +0700] "GET /the-social-experiment-of-omegle-examining-the-power-of-connection/ HTTP/1.0" 200 92128 "-" "Mozilla/5.0 AppleWebKit/537.36 (KHTML, like Gecko; compatible; GPTBot/1.2; +https://openai.com/gptbot)"
217.113.194.75 - - [07/Sep/2025:10:36:04 +0700] "GET /san-pham/dau-khoan-cat-2-1-4%E2%80%B3-co-ky-hieu-signature-sand-auger/ HTTP/1.0" 200 327861 "-" "Mozilla/5.0 (compatible; Barkrowler/0.9; +https://babbar.tech/crawler)"
45.117.177.72 - - [07/Sep/2025:10:36:43 +0700] "POST /wp-cron.php?doing_wp_cron=1757216202.8886539936065673828125 HTTP/1.0" 200 416 "-" "WordPress/6.8.1; https://vattusacky.vn"
54.39.6.120 - - [07/Sep/2025:10:36:41 +0700] "GET /hinh-thuc-vay-vay-tien-online-chuyen-khoan-tien-mat-tren-mang/ HTTP/1.0" 200 212653 "-" "Mozilla/5.0 (compatible; AhrefsBot/7.0; +http://ahrefs.com/robot/)"
52.167.144.202 - - [07/Sep/2025:10:36:51 +0700] "GET /anonymity-and-authenticity-the-intersection-of-privacy-and-communication-on-omegle/ HTTP/1.0" 200 90545 "-" "Mozilla/5.0 AppleWebKit/537.36 (KHTML, like Gecko; compatible; bingbot/2.0; +http://www.bing.com/bingbot.htm) Chrome/116.0.1938.76 Safari/537.36"
217.113.194.218 - - [07/Sep/2025:10:36:56 +0700] "GET /san-pham/tram-lay-mau-bui-tsp-khong-choi-than-2-cap-microsd-card-2/feed/ HTTP/1.0" 200 1753 "-" "Mozilla/5.0 (compatible; Barkrowler/0.9; +https://babbar.tech/crawler)"
20.171.207.251 - - [07/Sep/2025:10:36:59 +0700] "GET /omegle-and-mental-health-examining-the-emotional-well-being-of-users/ HTTP/1.0" 200 90159 "-" "Mozilla/5.0 AppleWebKit/537.36 (KHTML, like Gecko; compatible; GPTBot/1.2; +https://openai.com/gptbot)"
15.235.98.196 - - [07/Sep/2025:10:37:00 +0700] "GET /hinh-thuc-vay-vay-tien-online-chuyen-khoan-tien-mat-tren-mang/ HTTP/1.0" 200 212653 "-" "Mozilla/5.0 (compatible; AhrefsBot/7.0; +http://ahrefs.com/robot/)"
45.117.177.72 - - [07/Sep/2025:10:37:19 +0700] "POST /wp-cron.php?doing_wp_cron=1757216239.6127688884735107421875 HTTP/1.0" 200 416 "-" "WordPress/6.8.1; https://vattusacky.vn"
217.113.194.72 - - [07/Sep/2025:10:37:18 +0700] "GET /mostbet-kazino-i-bukmekerskaja-kontora-mostbet-kz-igrat-onlajn/feed/ HTTP/1.0" 200 1830 "-" "Mozilla/5.0 (compatible; Barkrowler/0.9; +https://babbar.tech/crawler)"
217.113.194.218 - - [07/Sep/2025:10:37:37 +0700] "GET /lam-the-nao-de-xac-dinh-muc-robocash-app-want-revealed-advance-thap-nhat/feed/ HTTP/1.0" 200 1830 "-" "Mozilla/5.0 (compatible; Barkrowler/0.9; +https://babbar.tech/crawler)"
85.208.96.206 - - [07/Sep/2025:10:37:37 +0700] "GET /shop/page/6/ HTTP/1.0" 200 164881 "-" "Mozilla/5.0 (compatible; SemrushBot/7~bl; +http://www.semrush.com/bot.html)"
20.171.207.251 - - [07/Sep/2025:10:37:38 +0700] "GET /the-role-of-active-listening-in-omegles-social-experiment/ HTTP/1.0" 200 90848 "-" "Mozilla/5.0 AppleWebKit/537.36 (KHTML, like Gecko; compatible; GPTBot/1.2; +https://openai.com/gptbot)"
217.113.194.78 - - [07/Sep/2025:10:37:56 +0700] "GET /bridging-cultural-gaps-through-random-chats-omegle-and-ometv-as-cultural-exchange-platforms/feed/ HTTP/1.0" 200 1870 "-" "Mozilla/5.0 (compatible; Barkrowler/0.9; +https://babbar.tech/crawler)"
45.117.177.72 - - [07/Sep/2025:10:38:18 +0700] "POST /wp-cron.php?doing_wp_cron=1757216297.8916978836059570312500 HTTP/1.0" 200 416 "-" "WordPress/6.8.1; https://vattusacky.vn"
20.171.207.251 - - [07/Sep/2025:10:38:16 +0700] "GET /?p=9219 HTTP/1.0" 301 503 "-" "Mozilla/5.0 AppleWebKit/537.36 (KHTML, like Gecko; compatible; GPTBot/1.2; +https://openai.com/gptbot)"
