45.95.232.85 - - [07/Sep/2025:12:47:56 +0700] "GET /wp-content/uploads/2018/08/untitled-1-2.jpg HTTP/1.0" 200 420 "https://vattusacky.vn/drum/" "Mozilla/5.0 (Windows NT 10.0; Win64; x64) AppleWebKit/537.36 (KHTML, like Gecko) Chrome/138.0.0.0 Safari/537.36"
45.95.232.85 - - [07/Sep/2025:12:47:56 +0700] "GET /wp-content/plugins/woocommerce/assets/css/woocommerce-smallscreen.css?ver=9.8.3 HTTP/1.0" 200 444 "https://vattusacky.vn/drum/" "Mozilla/5.0 (Windows NT 10.0; Win64; x64) AppleWebKit/537.36 (KHTML, like Gecko) Chrome/138.0.0.0 Safari/537.36"
45.95.232.85 - - [07/Sep/2025:12:47:56 +0700] "GET /wp-content/uploads/2018/06/halmilton-logo.jpg HTTP/1.0" 200 422 "https://vattusacky.vn/drum/" "Mozilla/5.0 (Windows NT 10.0; Win64; x64) AppleWebKit/537.36 (KHTML, like Gecko) Chrome/138.0.0.0 Safari/537.36"
45.95.232.85 - - [07/Sep/2025:12:47:56 +0700] "GET /wp-content/uploads/2018/06/evoqua-logo.jpg HTTP/1.0" 200 419 "https://vattusacky.vn/drum/" "Mozilla/5.0 (Windows NT 10.0; Win64; x64) AppleWebKit/537.36 (KHTML, like Gecko) Chrome/138.0.0.0 Safari/537.36"
45.95.232.85 - - [07/Sep/2025:12:47:56 +0700] "GET /wp-content/uploads/2018/06/kruess-logo.png HTTP/1.0" 200 418 "https://vattusacky.vn/drum/" "Mozilla/5.0 (Windows NT 10.0; Win64; x64) AppleWebKit/537.36 (KHTML, like Gecko) Chrome/138.0.0.0 Safari/537.36"
45.95.232.85 - - [07/Sep/2025:12:47:56 +0700] "GET /wp-content/uploads/2018/06/hiq-logo.png HTTP/1.0" 200 415 "https://vattusacky.vn/drum/" "Mozilla/5.0 (Windows NT 10.0; Win64; x64) AppleWebKit/537.36 (KHTML, like Gecko) Chrome/138.0.0.0 Safari/537.36"
45.95.232.85 - - [07/Sep/2025:12:47:56 +0700] "GET /wp-content/uploads/2018/06/evermed-logo.jpg HTTP/1.0" 200 420 "https://vattusacky.vn/drum/" "Mozilla/5.0 (Windows NT 10.0; Win64; x64) AppleWebKit/537.36 (KHTML, like Gecko) Chrome/138.0.0.0 Safari/537.36"
45.95.232.85 - - [07/Sep/2025:12:47:56 +0700] "GET /wp-content/uploads/2016/07/bw-technologies.png HTTP/1.0" 200 422 "https://vattusacky.vn/drum/" "Mozilla/5.0 (Windows NT 10.0; Win64; x64) AppleWebKit/537.36 (KHTML, like Gecko) Chrome/138.0.0.0 Safari/537.36"
45.95.232.85 - - [07/Sep/2025:12:47:56 +0700] "GET /lib/search-button.png HTTP/1.0" 200 397 "https://vattusacky.vn/wp-content/themes/tem_techno_v2/style.css?ver=6.8.1" "Mozilla/5.0 (Windows NT 10.0; Win64; x64) AppleWebKit/537.36 (KHTML, like Gecko) Chrome/138.0.0.0 Safari/537.36"
45.95.232.85 - - [07/Sep/2025:12:47:56 +0700] "GET /wp-content/uploads/2016/07/bandelin-logo.png HTTP/1.0" 200 420 "https://vattusacky.vn/drum/" "Mozilla/5.0 (Windows NT 10.0; Win64; x64) AppleWebKit/537.36 (KHTML, like Gecko) Chrome/138.0.0.0 Safari/537.36"
45.95.232.85 - - [07/Sep/2025:12:47:56 +0700] "GET /wp-content/themes/tem_techno_v2/inc/fonts/fontawesome-webfont.woff?v=4.2.0 HTTP/1.0" 200 454 "https://vattusacky.vn/wp-content/themes/tem_techno_v2/inc/css/font-awesome.min.css?ver=6.8.1" "Mozilla/5.0 (Windows NT 10.0; Win64; x64) AppleWebKit/537.36 (KHTML, like Gecko) Chrome/138.0.0.0 Safari/537.36"
45.95.232.85 - - [07/Sep/2025:12:47:56 +0700] "GET /wp-content/themes/tem_techno_v2/inc/fonts/glyphicons-halflings-regular.woff2 HTTP/1.0" 200 427 "https://vattusacky.vn/wp-content/themes/tem_techno_v2/inc/css/bootstrap.min.css?ver=6.8.1" "Mozilla/5.0 (Windows NT 10.0; Win64; x64) AppleWebKit/537.36 (KHTML, like Gecko) Chrome/138.0.0.0 Safari/537.36"
45.95.232.85 - - [07/Sep/2025:12:47:58 +0700] "GET /wp-includes/js/wp-emoji-release.min.js?ver=6.8.1 HTTP/1.0" 200 427 "https://vattusacky.vn/drum/" "Mozilla/5.0 (Windows NT 10.0; Win64; x64) AppleWebKit/537.36 (KHTML, like Gecko) Chrome/138.0.0.0 Safari/537.36"
45.95.232.85 - - [07/Sep/2025:12:47:58 +0700] "GET /wp-content/themes/tem_techno_v2/images/iconMobile.png HTTP/1.0" 200 429 "https://vattusacky.vn/wp-content/themes/tem_techno_v2/style.css?ver=6.8.1" "Mozilla/5.0 (Windows NT 10.0; Win64; x64) AppleWebKit/537.36 (KHTML, like Gecko) Chrome/138.0.0.0 Safari/537.36"
45.95.232.85 - - [07/Sep/2025:12:47:56 +0700] "GET /images/image004.jpg HTTP/1.0" 404 70666 "https://vattusacky.vn/drum/" "Mozilla/5.0 (Windows NT 10.0; Win64; x64) AppleWebKit/537.36 (KHTML, like Gecko) Chrome/138.0.0.0 Safari/537.36"
31.43.119.8 - - [07/Sep/2025:12:47:56 +0700] "POST /xmlrpc.php HTTP/1.0" 200 956 "-" "Mozilla/5.0 (Windows NT 10.0; Win64; x64; rv:46.0) Gecko/20100101 Firefox/46.0"
45.95.232.85 - - [07/Sep/2025:12:47:56 +0700] "GET /images/image005.jpg HTTP/1.0" 404 70666 "https://vattusacky.vn/drum/" "Mozilla/5.0 (Windows NT 10.0; Win64; x64) AppleWebKit/537.36 (KHTML, like Gecko) Chrome/138.0.0.0 Safari/537.36"
45.95.232.85 - - [07/Sep/2025:12:47:56 +0700] "GET /images/image002.jpg HTTP/1.0" 404 70666 "https://vattusacky.vn/drum/" "Mozilla/5.0 (Windows NT 10.0; Win64; x64) AppleWebKit/537.36 (KHTML, like Gecko) Chrome/138.0.0.0 Safari/537.36"
45.95.232.85 - - [07/Sep/2025:12:47:56 +0700] "GET /images/image003.jpg HTTP/1.0" 404 70666 "https://vattusacky.vn/drum/" "Mozilla/5.0 (Windows NT 10.0; Win64; x64) AppleWebKit/537.36 (KHTML, like Gecko) Chrome/138.0.0.0 Safari/537.36"
45.95.232.85 - - [07/Sep/2025:12:47:56 +0700] "GET /images/logo-vietnguyen.png HTTP/1.0" 404 70666 "https://vattusacky.vn/drum/" "Mozilla/5.0 (Windows NT 10.0; Win64; x64) AppleWebKit/537.36 (KHTML, like Gecko) Chrome/138.0.0.0 Safari/537.36"
45.95.232.85 - - [07/Sep/2025:12:48:07 +0700] "GET /wp-content/uploads/2016/09/cropped-logo-vietnguyen2-192x192.png HTTP/1.0" 200 439 "https://vattusacky.vn/drum/" "Mozilla/5.0 (Windows NT 10.0; Win64; x64) AppleWebKit/537.36 (KHTML, like Gecko) Chrome/138.0.0.0 Safari/537.36"
45.95.232.85 - - [07/Sep/2025:12:48:14 +0700] "GET /drum/index.php HTTP/1.0" 301 515 "-" "Mozilla/5.0 (Windows NT 10.0; Win64; x64) AppleWebKit/537.36 (KHTML, like Gecko) Chrome/138.0.0.0 Safari/537.36"
45.117.177.72 - - [07/Sep/2025:12:48:18 +0700] "POST /wp-cron.php?doing_wp_cron=1757224098.4472219944000244140625 HTTP/1.0" 200 416 "-" "WordPress/6.8.1; https://vattusacky.vn"
20.171.207.251 - - [07/Sep/2025:12:48:15 +0700] "GET /?p=8092 HTTP/1.0" 301 507 "-" "Mozilla/5.0 AppleWebKit/537.36 (KHTML, like Gecko; compatible; GPTBot/1.2; +https://openai.com/gptbot)"
20.171.207.251 - - [07/Sep/2025:12:48:19 +0700] "GET /privacy-concerns-on-omegle-and-protecting-personal-information/ HTTP/1.0" 200 89410 "-" "Mozilla/5.0 AppleWebKit/537.36 (KHTML, like Gecko; compatible; GPTBot/1.2; +https://openai.com/gptbot)"
45.95.232.85 - - [07/Sep/2025:12:48:19 +0700] "GET /drum/ HTTP/1.0" 404 70666 "-" "Mozilla/5.0 (Windows NT 10.0; Win64; x64) AppleWebKit/537.36 (KHTML, like Gecko) Chrome/138.0.0.0 Safari/537.36"
45.95.232.85 - - [07/Sep/2025:12:48:24 +0700] "GET /wp-content/plugins/content-views-query-and-display-post-page/public/assets/css/cv.css?ver=4.1 HTTP/1.0" 200 460 "https://vattusacky.vn/drum/" "Mozilla/5.0 (Windows NT 10.0; Win64; x64) AppleWebKit/537.36 (KHTML, like Gecko) Chrome/138.0.0.0 Safari/537.36"
45.95.232.85 - - [07/Sep/2025:12:48:24 +0700] "GET /wp-includes/css/dist/block-library/style.min.css?ver=6.8.1 HTTP/1.0" 200 423 "https://vattusacky.vn/drum/" "Mozilla/5.0 (Windows NT 10.0; Win64; x64) AppleWebKit/537.36 (KHTML, like Gecko) Chrome/138.0.0.0 Safari/537.36"
45.95.232.85 - - [07/Sep/2025:12:48:24 +0700] "GET /wp-content/plugins/contact-form-7/includes/css/styles.css?ver=6.0.6 HTTP/1.0" 200 432 "https://vattusacky.vn/drum/" "Mozilla/5.0 (Windows NT 10.0; Win64; x64) AppleWebKit/537.36 (KHTML, like Gecko) Chrome/138.0.0.0 Safari/537.36"
45.95.232.85 - - [07/Sep/2025:12:48:24 +0700] "GET /wp-content/plugins/devvn-stickytooltip/stickytooltip.css?ver=1.0.0 HTTP/1.0" 200 431 "https://vattusacky.vn/drum/" "Mozilla/5.0 (Windows NT 10.0; Win64; x64) AppleWebKit/537.36 (KHTML, like Gecko) Chrome/138.0.0.0 Safari/537.36"
45.95.232.85 - - [07/Sep/2025:12:48:24 +0700] "GET /wp-content/plugins/yith-woocommerce-category-accordion-premium/assets/css/ywcca_style.css?ver=1.0.12 HTTP/1.0" 200 464 "https://vattusacky.vn/drum/" "Mozilla/5.0 (Windows NT 10.0; Win64; x64) AppleWebKit/537.36 (KHTML, like Gecko) Chrome/138.0.0.0 Safari/537.36"
45.95.232.85 - - [07/Sep/2025:12:48:24 +0700] "GET /wp-content/themes/tem_techno_v2/inc/css/font-awesome.min.css?ver=6.8.1 HTTP/1.0" 200 435 "https://vattusacky.vn/drum/" "Mozilla/5.0 (Windows NT 10.0; Win64; x64) AppleWebKit/537.36 (KHTML, like Gecko) Chrome/138.0.0.0 Safari/537.36"
45.95.232.85 - - [07/Sep/2025:12:48:24 +0700] "GET /wp-content/plugins/gridlist-view-for-woocommerce/css/shop_lgv.css?ver=1.1.8 HTTP/1.0" 200 440 "https://vattusacky.vn/drum/" "Mozilla/5.0 (Windows NT 10.0; Win64; x64) AppleWebKit/537.36 (KHTML, like Gecko) Chrome/138.0.0.0 Safari/537.36"
45.95.232.85 - - [07/Sep/2025:12:48:24 +0700] "GET /wp-content/plugins/woocommerce/assets/css/brands.css?ver=9.8.3 HTTP/1.0" 200 427 "https://vattusacky.vn/drum/" "Mozilla/5.0 (Windows NT 10.0; Win64; x64) AppleWebKit/537.36 (KHTML, like Gecko) Chrome/138.0.0.0 Safari/537.36"
45.95.232.85 - - [07/Sep/2025:12:48:24 +0700] "GET /wp-content/plugins/gridlist-view-for-woocommerce/berocket/assets/css/font-awesome.min.css?ver=6.8.1 HTTP/1.0" 200 464 "https://vattusacky.vn/drum/" "Mozilla/5.0 (Windows NT 10.0; Win64; x64) AppleWebKit/537.36 (KHTML, like Gecko) Chrome/138.0.0.0 Safari/537.36"
45.95.232.85 - - [07/Sep/2025:12:48:24 +0700] "GET /wp-content/plugins/woocommerce/assets/css/woocommerce.css?ver=9.8.3 HTTP/1.0" 200 432 "https://vattusacky.vn/drum/" "Mozilla/5.0 (Windows NT 10.0; Win64; x64) AppleWebKit/537.36 (KHTML, like Gecko) Chrome/138.0.0.0 Safari/537.36"
45.95.232.85 - - [07/Sep/2025:12:48:24 +0700] "GET /wp-content/plugins/woocommerce/assets/css/woocommerce-layout.css?ver=9.8.3 HTTP/1.0" 200 439 "https://vattusacky.vn/drum/" "Mozilla/5.0 (Windows NT 10.0; Win64; x64) AppleWebKit/537.36 (KHTML, like Gecko) Chrome/138.0.0.0 Safari/537.36"
45.95.232.85 - - [07/Sep/2025:12:48:24 +0700] "GET /wp-content/plugins/yith-woocommerce-category-accordion-premium/cache/ywcca_dynamics.css?ver=6.8.1 HTTP/1.0" 200 462 "https://vattusacky.vn/drum/" "Mozilla/5.0 (Windows NT 10.0; Win64; x64) AppleWebKit/537.36 (KHTML, like Gecko) Chrome/138.0.0.0 Safari/537.36"
45.95.232.85 - - [07/Sep/2025:12:48:24 +0700] "GET /wp-content/themes/tem_techno_v2/inc/css/bootstrap.min.css?ver=6.8.1 HTTP/1.0" 200 432 "https://vattusacky.vn/drum/" "Mozilla/5.0 (Windows NT 10.0; Win64; x64) AppleWebKit/537.36 (KHTML, like Gecko) Chrome/138.0.0.0 Safari/537.36"
45.95.232.85 - - [07/Sep/2025:12:48:24 +0700] "GET /wp-content/plugins/wp-pagenavi/pagenavi-css.css?ver=2.70 HTTP/1.0" 200 823 "https://vattusacky.vn/drum/" "Mozilla/5.0 (Windows NT 10.0; Win64; x64) AppleWebKit/537.36 (KHTML, like Gecko) Chrome/138.0.0.0 Safari/537.36"
45.95.232.85 - - [07/Sep/2025:12:48:24 +0700] "GET /wp-content/themes/tem_techno_v2/slmenu.css HTTP/1.0" 200 417 "https://vattusacky.vn/drum/" "Mozilla/5.0 (Windows NT 10.0; Win64; x64) AppleWebKit/537.36 (KHTML, like Gecko) Chrome/138.0.0.0 Safari/537.36"
45.95.232.85 - - [07/Sep/2025:12:48:24 +0700] "GET /wp-content/themes/tem_techno_v2/style.css?ver=6.8.1 HTTP/1.0" 200 416 "https://vattusacky.vn/drum/" "Mozilla/5.0 (Windows NT 10.0; Win64; x64) AppleWebKit/537.36 (KHTML, like Gecko) Chrome/138.0.0.0 Safari/537.36"
45.95.232.85 - - [07/Sep/2025:12:48:25 +0700] "GET /wp-content/plugins/woocommerce/assets/client/blocks/wc-blocks.css?ver=wc-9.8.3 HTTP/1.0" 200 440 "https://vattusacky.vn/drum/" "Mozilla/5.0 (Windows NT 10.0; Win64; x64) AppleWebKit/537.36 (KHTML, like Gecko) Chrome/138.0.0.0 Safari/537.36"
45.95.232.85 - - [07/Sep/2025:12:48:25 +0700] "GET /wp-content/plugins/woocommerce/assets/css/woocommerce-smallscreen.css?ver=9.8.3 HTTP/1.0" 200 444 "https://vattusacky.vn/drum/" "Mozilla/5.0 (Windows NT 10.0; Win64; x64) AppleWebKit/537.36 (KHTML, like Gecko) Chrome/138.0.0.0 Safari/537.36"
45.95.232.85 - - [07/Sep/2025:12:48:26 +0700] "GET /wp-includes/js/wp-emoji-release.min.js?ver=6.8.1 HTTP/1.0" 200 427 "https://vattusacky.vn/drum/" "Mozilla/5.0 (Windows NT 10.0; Win64; x64) AppleWebKit/537.36 (KHTML, like Gecko) Chrome/138.0.0.0 Safari/537.36"
45.95.232.85 - - [07/Sep/2025:12:48:25 +0700] "GET /images/image003.jpg HTTP/1.0" 404 70666 "https://vattusacky.vn/drum/" "Mozilla/5.0 (Windows NT 10.0; Win64; x64) AppleWebKit/537.36 (KHTML, like Gecko) Chrome/138.0.0.0 Safari/537.36"
45.95.232.85 - - [07/Sep/2025:12:48:25 +0700] "GET /images/logo-vietnguyen.png HTTP/1.0" 404 70666 "https://vattusacky.vn/drum/" "Mozilla/5.0 (Windows NT 10.0; Win64; x64) AppleWebKit/537.36 (KHTML, like Gecko) Chrome/138.0.0.0 Safari/537.36"
45.95.232.85 - - [07/Sep/2025:12:48:25 +0700] "GET /images/image004.jpg HTTP/1.0" 404 70666 "https://vattusacky.vn/drum/" "Mozilla/5.0 (Windows NT 10.0; Win64; x64) AppleWebKit/537.36 (KHTML, like Gecko) Chrome/138.0.0.0 Safari/537.36"
45.95.232.85 - - [07/Sep/2025:12:48:25 +0700] "GET /images/image002.jpg HTTP/1.0" 404 70666 "https://vattusacky.vn/drum/" "Mozilla/5.0 (Windows NT 10.0; Win64; x64) AppleWebKit/537.36 (KHTML, like Gecko) Chrome/138.0.0.0 Safari/537.36"
45.95.232.85 - - [07/Sep/2025:12:48:25 +0700] "GET /images/image005.jpg HTTP/1.0" 404 70666 "https://vattusacky.vn/drum/" "Mozilla/5.0 (Windows NT 10.0; Win64; x64) AppleWebKit/537.36 (KHTML, like Gecko) Chrome/138.0.0.0 Safari/537.36"
45.95.232.85 - - [07/Sep/2025:12:48:36 +0700] "GET /wp-content/uploads/2016/09/cropped-logo-vietnguyen2-192x192.png HTTP/1.0" 200 439 "https://vattusacky.vn/drum/" "Mozilla/5.0 (Windows NT 10.0; Win64; x64) AppleWebKit/537.36 (KHTML, like Gecko) Chrome/138.0.0.0 Safari/537.36"
45.117.177.72 - - [07/Sep/2025:12:49:28 +0700] "POST /wp-cron.php?doing_wp_cron=1757224167.7528879642486572265625 HTTP/1.0" 200 416 "-" "WordPress/6.8.1; https://vattusacky.vn"
20.171.207.251 - - [07/Sep/2025:12:49:22 +0700] "GET /?p=7473 HTTP/1.0" 301 653 "-" "Mozilla/5.0 AppleWebKit/537.36 (KHTML, like Gecko; compatible; GPTBot/1.2; +https://openai.com/gptbot)"
20.171.207.251 - - [07/Sep/2025:12:49:28 +0700] "GET /omegle-and-online-privacy-protecting-your-personal-information/ HTTP/1.0" 200 88946 "-" "Mozilla/5.0 AppleWebKit/537.36 (KHTML, like Gecko; compatible; GPTBot/1.2; +https://openai.com/gptbot)"
45.117.177.72 - - [07/Sep/2025:12:50:52 +0700] "POST /wp-cron.php?doing_wp_cron=1757224251.7165560722351074218750 HTTP/1.0" 200 416 "-" "WordPress/6.8.1; https://vattusacky.vn"
20.171.207.251 - - [07/Sep/2025:12:50:48 +0700] "GET /omegle-and-the-digital-age-of-social-interaction/ HTTP/1.0" 200 91124 "-" "Mozilla/5.0 AppleWebKit/537.36 (KHTML, like Gecko; compatible; GPTBot/1.2; +https://openai.com/gptbot)"
45.117.177.72 - - [07/Sep/2025:12:51:28 +0700] "POST /wp-cron.php?doing_wp_cron=1757224288.2537999153137207031250 HTTP/1.0" 200 416 "-" "WordPress/6.8.1; https://vattusacky.vn"
20.171.207.251 - - [07/Sep/2025:12:51:24 +0700] "GET /the-role-of-omegle-in-online-gaming-communities/ HTTP/1.0" 200 91152 "-" "Mozilla/5.0 AppleWebKit/537.36 (KHTML, like Gecko; compatible; GPTBot/1.2; +https://openai.com/gptbot)"
52.167.144.187 - - [07/Sep/2025:12:51:36 +0700] "GET /omegle-and-ometv-as-therapy-tools-analyzing-the-potential-for-emotional-support-and-connection/feed/ HTTP/1.0" 200 1879 "-" "Mozilla/5.0 AppleWebKit/537.36 (KHTML, like Gecko; compatible; bingbot/2.0; +http://www.bing.com/bingbot.htm) Chrome/116.0.1938.76 Safari/537.36"
17.241.219.142 - - [07/Sep/2025:12:51:53 +0700] "GET /the-ethics-of-anonymity-examining-the-implications-on-omegle/ HTTP/1.0" 200 91941 "-" "Mozilla/5.0 (Macintosh; Intel Mac OS X 10_15_7) AppleWebKit/605.1.15 (KHTML, like Gecko) Version/17.4 Safari/605.1.15 (Applebot/0.1; +http://www.apple.com/go/applebot)"
45.117.177.72 - - [07/Sep/2025:12:52:18 +0700] "POST /wp-cron.php?doing_wp_cron=1757224337.8509280681610107421875 HTTP/1.0" 200 416 "-" "WordPress/6.8.1; https://vattusacky.vn"
20.171.207.251 - - [07/Sep/2025:12:52:14 +0700] "GET /?p=7053 HTTP/1.0" 301 497 "-" "Mozilla/5.0 AppleWebKit/537.36 (KHTML, like Gecko; compatible; GPTBot/1.2; +https://openai.com/gptbot)"
20.171.207.251 - - [07/Sep/2025:12:52:18 +0700] "GET /how-to-avoid-scams-and-malicious-activities-on-ometv/ HTTP/1.0" 200 90927 "-" "Mozilla/5.0 AppleWebKit/537.36 (KHTML, like Gecko; compatible; GPTBot/1.2; +https://openai.com/gptbot)"
20.171.207.251 - - [07/Sep/2025:12:53:17 +0700] "GET /omegle-and-the-role-of-social-media-integration/ HTTP/1.0" 200 88042 "-" "Mozilla/5.0 AppleWebKit/537.36 (KHTML, like Gecko; compatible; GPTBot/1.2; +https://openai.com/gptbot)"
45.117.177.72 - - [07/Sep/2025:12:54:24 +0700] "POST /wp-cron.php?doing_wp_cron=1757224464.3116281032562255859375 HTTP/1.0" 200 416 "-" "WordPress/6.8.1; https://vattusacky.vn"
20.171.207.251 - - [07/Sep/2025:12:54:19 +0700] "GET /the-role-of-emotions-in-omegles-social-experiment/ HTTP/1.0" 200 94808 "-" "Mozilla/5.0 AppleWebKit/537.36 (KHTML, like Gecko; compatible; GPTBot/1.2; +https://openai.com/gptbot)"
20.171.207.251 - - [07/Sep/2025:12:54:50 +0700] "GET /?p=8877 HTTP/1.0" 301 639 "-" "Mozilla/5.0 AppleWebKit/537.36 (KHTML, like Gecko; compatible; GPTBot/1.2; +https://openai.com/gptbot)"
20.171.207.251 - - [07/Sep/2025:12:54:55 +0700] "GET /the-role-of-moderation-in-omegles-global-village/ HTTP/1.0" 200 91185 "-" "Mozilla/5.0 AppleWebKit/537.36 (KHTML, like Gecko; compatible; GPTBot/1.2; +https://openai.com/gptbot)"
45.117.177.72 - - [07/Sep/2025:12:55:56 +0700] "POST /wp-cron.php?doing_wp_cron=1757224556.1594059467315673828125 HTTP/1.0" 200 416 "-" "WordPress/6.8.1; https://vattusacky.vn"
20.171.207.251 - - [07/Sep/2025:12:55:52 +0700] "GET /?p=8493 HTTP/1.0" 301 492 "-" "Mozilla/5.0 AppleWebKit/537.36 (KHTML, like Gecko; compatible; GPTBot/1.2; +https://openai.com/gptbot)"
20.171.207.251 - - [07/Sep/2025:12:55:56 +0700] "GET /the-future-of-serendipity-omegle-sets-the-stage/ HTTP/1.0" 200 74979 "-" "Mozilla/5.0 AppleWebKit/537.36 (KHTML, like Gecko; compatible; GPTBot/1.2; +https://openai.com/gptbot)"
45.117.177.72 - - [07/Sep/2025:12:56:38 +0700] "POST /wp-cron.php?doing_wp_cron=1757224598.0746140480041503906250 HTTP/1.0" 200 416 "-" "WordPress/6.8.1; https://vattusacky.vn"
20.171.207.251 - - [07/Sep/2025:12:56:34 +0700] "GET /?p=9113 HTTP/1.0" 301 513 "-" "Mozilla/5.0 AppleWebKit/537.36 (KHTML, like Gecko; compatible; GPTBot/1.2; +https://openai.com/gptbot)"
20.171.207.251 - - [07/Sep/2025:12:56:38 +0700] "GET /unleashing-the-power-of-omegle-interests-how-to-customize-your-chats/ HTTP/1.0" 200 92146 "-" "Mozilla/5.0 AppleWebKit/537.36 (KHTML, like Gecko; compatible; GPTBot/1.2; +https://openai.com/gptbot)"
185.191.171.14 - - [07/Sep/2025:12:56:58 +0700] "GET /chto-za-igra-dragon-money-besproigryshnaja/ HTTP/1.0" 200 222512 "-" "Mozilla/5.0 (compatible; SemrushBot/7~bl; +http://www.semrush.com/bot.html)"
20.171.207.251 - - [07/Sep/2025:12:57:11 +0700] "GET /the-art-of-finding-meaning-in-coincidences-on-omegle/ HTTP/1.0" 200 91545 "-" "Mozilla/5.0 AppleWebKit/537.36 (KHTML, like Gecko; compatible; GPTBot/1.2; +https://openai.com/gptbot)"
45.117.177.72 - - [07/Sep/2025:12:58:25 +0700] "POST /wp-cron.php?doing_wp_cron=1757224704.7678229808807373046875 HTTP/1.0" 200 416 "-" "WordPress/6.8.1; https://vattusacky.vn"
20.171.207.251 - - [07/Sep/2025:12:58:19 +0700] "GET /the-impact-of-online-friendships-on-self-esteem/ HTTP/1.0" 200 90925 "-" "Mozilla/5.0 AppleWebKit/537.36 (KHTML, like Gecko; compatible; GPTBot/1.2; +https://openai.com/gptbot)"
20.171.207.251 - - [07/Sep/2025:12:59:05 +0700] "GET /?p=8895 HTTP/1.0" 301 492 "-" "Mozilla/5.0 AppleWebKit/537.36 (KHTML, like Gecko; compatible; GPTBot/1.2; +https://openai.com/gptbot)"
20.171.207.251 - - [07/Sep/2025:12:59:10 +0700] "GET /the-role-of-omegle-in-online-gaming-communities/ HTTP/1.0" 200 91152 "-" "Mozilla/5.0 AppleWebKit/537.36 (KHTML, like Gecko; compatible; GPTBot/1.2; +https://openai.com/gptbot)"
45.117.177.72 - - [07/Sep/2025:12:59:55 +0700] "POST /wp-cron.php?doing_wp_cron=1757224795.3613479137420654296875 HTTP/1.0" 200 416 "-" "WordPress/6.8.1; https://vattusacky.vn"
20.171.207.251 - - [07/Sep/2025:12:59:52 +0700] "GET /?p=8845 HTTP/1.0" 301 494 "-" "Mozilla/5.0 AppleWebKit/537.36 (KHTML, like Gecko; compatible; GPTBot/1.2; +https://openai.com/gptbot)"
20.171.207.251 - - [07/Sep/2025:12:59:56 +0700] "GET /the-role-of-emotions-in-omegles-social-experiment/ HTTP/1.0" 200 94954 "-" "Mozilla/5.0 AppleWebKit/537.36 (KHTML, like Gecko; compatible; GPTBot/1.2; +https://openai.com/gptbot)"
45.117.177.72 - - [07/Sep/2025:13:00:44 +0700] "POST /wp-cron.php?doing_wp_cron=1757224844.4742898941040039062500 HTTP/1.0" 200 416 "-" "WordPress/6.8.1; https://vattusacky.vn"
20.171.207.251 - - [07/Sep/2025:13:00:40 +0700] "GET /the-legal-and-ethical-implications-of-omegles-anonymous-platform/ HTTP/1.0" 200 91731 "-" "Mozilla/5.0 AppleWebKit/537.36 (KHTML, like Gecko; compatible; GPTBot/1.2; +https://openai.com/gptbot)"
45.117.177.72 - - [07/Sep/2025:13:01:17 +0700] "POST /wp-cron.php?doing_wp_cron=1757224876.7729310989379882812500 HTTP/1.0" 200 416 "-" "WordPress/6.8.1; https://vattusacky.vn"
20.171.207.251 - - [07/Sep/2025:13:01:12 +0700] "GET /omegle-and-the-role-of-gaming-in-making-connections/ HTTP/1.0" 200 90752 "-" "Mozilla/5.0 AppleWebKit/537.36 (KHTML, like Gecko; compatible; GPTBot/1.2; +https://openai.com/gptbot)"
20.171.207.251 - - [07/Sep/2025:13:01:42 +0700] "GET /omegle-and-the-generation-gap-bridging-the-divide/ HTTP/1.0" 200 90603 "-" "Mozilla/5.0 AppleWebKit/537.36 (KHTML, like Gecko; compatible; GPTBot/1.2; +https://openai.com/gptbot)"
45.117.177.72 - - [07/Sep/2025:13:02:32 +0700] "POST /wp-cron.php?doing_wp_cron=1757224952.2849059104919433593750 HTTP/1.0" 200 416 "-" "WordPress/6.8.1; https://vattusacky.vn"
20.171.207.251 - - [07/Sep/2025:13:02:28 +0700] "GET /?p=7511 HTTP/1.0" 301 493 "-" "Mozilla/5.0 AppleWebKit/537.36 (KHTML, like Gecko; compatible; GPTBot/1.2; +https://openai.com/gptbot)"
20.171.207.251 - - [07/Sep/2025:13:02:33 +0700] "GET /omegle-and-the-digital-age-of-social-interaction/ HTTP/1.0" 200 91124 "-" "Mozilla/5.0 AppleWebKit/537.36 (KHTML, like Gecko; compatible; GPTBot/1.2; +https://openai.com/gptbot)"
45.117.177.72 - - [07/Sep/2025:13:03:33 +0700] "POST /wp-cron.php?doing_wp_cron=1757225013.5535380840301513671875 HTTP/1.0" 200 416 "-" "WordPress/6.8.1; https://vattusacky.vn"
20.171.207.251 - - [07/Sep/2025:13:03:29 +0700] "GET /how-omegle-therapy-can-help-with-mental-health-challenges/ HTTP/1.0" 200 91499 "-" "Mozilla/5.0 AppleWebKit/537.36 (KHTML, like Gecko; compatible; GPTBot/1.2; +https://openai.com/gptbot)"
20.171.207.251 - - [07/Sep/2025:13:04:10 +0700] "GET /?p=8324 HTTP/1.0" 301 497 "-" "Mozilla/5.0 AppleWebKit/537.36 (KHTML, like Gecko; compatible; GPTBot/1.2; +https://openai.com/gptbot)"
45.117.177.72 - - [07/Sep/2025:13:04:19 +0700] "POST /wp-cron.php?doing_wp_cron=1757225058.6740260124206542968750 HTTP/1.0" 200 416 "-" "WordPress/6.8.1; https://vattusacky.vn"
20.171.207.251 - - [07/Sep/2025:13:04:14 +0700] "GET /the-art-of-finding-meaning-in-coincidences-on-omegle/ HTTP/1.0" 200 91545 "-" "Mozilla/5.0 AppleWebKit/537.36 (KHTML, like Gecko; compatible; GPTBot/1.2; +https://openai.com/gptbot)"
20.171.207.251 - - [07/Sep/2025:13:05:06 +0700] "GET /?p=7540 HTTP/1.0" 301 638 "-" "Mozilla/5.0 AppleWebKit/537.36 (KHTML, like Gecko; compatible; GPTBot/1.2; +https://openai.com/gptbot)"
20.171.207.251 - - [07/Sep/2025:13:05:11 +0700] "GET /omegle-and-the-role-of-social-media-integration/ HTTP/1.0" 200 88042 "-" "Mozilla/5.0 AppleWebKit/537.36 (KHTML, like Gecko; compatible; GPTBot/1.2; +https://openai.com/gptbot)"
45.117.177.72 - - [07/Sep/2025:13:05:58 +0700] "POST /wp-cron.php?doing_wp_cron=1757225157.7708749771118164062500 HTTP/1.0" 200 416 "-" "WordPress/6.8.1; https://vattusacky.vn"
20.171.207.251 - - [07/Sep/2025:13:05:53 +0700] "GET /the-dangers-of-omegle-revealed-how-to-stay-secure-online/ HTTP/1.0" 200 90248 "-" "Mozilla/5.0 AppleWebKit/537.36 (KHTML, like Gecko; compatible; GPTBot/1.2; +https://openai.com/gptbot)"
45.117.177.72 - - [07/Sep/2025:13:06:40 +0700] "POST /wp-cron.php?doing_wp_cron=1757225200.4668710231781005859375 HTTP/1.0" 200 416 "-" "WordPress/6.8.1; https://vattusacky.vn"
20.171.207.251 - - [07/Sep/2025:13:06:35 +0700] "GET /the-influence-of-popular-culture-on-chatroulette-and-omegle/ HTTP/1.0" 200 86413 "-" "Mozilla/5.0 AppleWebKit/537.36 (KHTML, like Gecko; compatible; GPTBot/1.2; +https://openai.com/gptbot)"
45.117.177.72 - - [07/Sep/2025:13:07:48 +0700] "POST /wp-cron.php?doing_wp_cron=1757225268.0485329627990722656250 HTTP/1.0" 200 416 "-" "WordPress/6.8.1; https://vattusacky.vn"
20.171.207.251 - - [07/Sep/2025:13:07:44 +0700] "GET /?p=8564 HTTP/1.0" 301 492 "-" "Mozilla/5.0 AppleWebKit/537.36 (KHTML, like Gecko; compatible; GPTBot/1.2; +https://openai.com/gptbot)"
20.171.207.251 - - [07/Sep/2025:13:07:48 +0700] "GET /the-impact-of-online-friendships-on-self-esteem/ HTTP/1.0" 200 90925 "-" "Mozilla/5.0 AppleWebKit/537.36 (KHTML, like Gecko; compatible; GPTBot/1.2; +https://openai.com/gptbot)"
45.117.177.72 - - [07/Sep/2025:13:08:30 +0700] "POST /wp-cron.php?doing_wp_cron=1757225310.2672080993652343750000 HTTP/1.0" 200 416 "-" "WordPress/6.8.1; https://vattusacky.vn"
20.171.207.251 - - [07/Sep/2025:13:08:25 +0700] "GET /the-power-of-first-impressions-in-omegles-social-experiment/ HTTP/1.0" 200 90246 "-" "Mozilla/5.0 AppleWebKit/537.36 (KHTML, like Gecko; compatible; GPTBot/1.2; +https://openai.com/gptbot)"
185.191.171.15 - - [07/Sep/2025:13:08:32 +0700] "GET /asian-games-2026-aichi-84/ HTTP/1.0" 200 90923 "-" "Mozilla/5.0 (compatible; SemrushBot/7~bl; +http://www.semrush.com/bot.html)"
20.171.207.251 - - [07/Sep/2025:13:09:01 +0700] "GET /?p=8380 HTTP/1.0" 301 501 "-" "Mozilla/5.0 AppleWebKit/537.36 (KHTML, like Gecko; compatible; GPTBot/1.2; +https://openai.com/gptbot)"
20.171.207.251 - - [07/Sep/2025:13:09:12 +0700] "GET /the-dangers-of-omegle-revealed-how-to-stay-secure-online/ HTTP/1.0" 200 90248 "-" "Mozilla/5.0 AppleWebKit/537.36 (KHTML, like Gecko; compatible; GPTBot/1.2; +https://openai.com/gptbot)"
20.171.207.251 - - [07/Sep/2025:13:09:58 +0700] "GET /?p=7040 HTTP/1.0" 301 502 "-" "Mozilla/5.0 AppleWebKit/537.36 (KHTML, like Gecko; compatible; GPTBot/1.2; +https://openai.com/gptbot)"
20.171.207.251 - - [07/Sep/2025:13:10:02 +0700] "GET /how-omegle-therapy-can-help-with-mental-health-challenges/ HTTP/1.0" 200 91499 "-" "Mozilla/5.0 AppleWebKit/537.36 (KHTML, like Gecko; compatible; GPTBot/1.2; +https://openai.com/gptbot)"
45.117.177.72 - - [07/Sep/2025:13:10:38 +0700] "POST /wp-cron.php?doing_wp_cron=1757225437.7979099750518798828125 HTTP/1.0" 200 416 "-" "WordPress/6.8.1; https://vattusacky.vn"
104.210.140.136 - - [07/Sep/2025:13:10:33 +0700] "GET /robots.txt HTTP/1.0" 200 984 "-" "Mozilla/5.0 (Macintosh; Intel Mac OS X 10_15_7) AppleWebKit/537.36 (KHTML, like Gecko) Chrome/131.0.0.0 Safari/537.36; compatible; OAI-SearchBot/1.0; +https://openai.com/searchbot"
20.171.207.251 - - [07/Sep/2025:13:10:46 +0700] "GET /the-advantages-and-limitations-of-online-intimacy-on-omegle/ HTTP/1.0" 200 91800 "-" "Mozilla/5.0 AppleWebKit/537.36 (KHTML, like Gecko; compatible; GPTBot/1.2; +https://openai.com/gptbot)"
45.117.177.72 - - [07/Sep/2025:13:11:24 +0700] "POST /wp-cron.php?doing_wp_cron=1757225484.4005279541015625000000 HTTP/1.0" 200 416 "-" "WordPress/6.8.1; https://vattusacky.vn"
17.241.219.170 - - [07/Sep/2025:13:11:19 +0700] "GET /the-role-of-emotions-video-vs-text-on-omegle-and-ometv/ HTTP/1.0" 200 94269 "-" "Mozilla/5.0 (Macintosh; Intel Mac OS X 10_15_7) AppleWebKit/605.1.15 (KHTML, like Gecko) Version/17.4 Safari/605.1.15 (Applebot/0.1; +http://www.apple.com/go/applebot)"
20.171.207.251 - - [07/Sep/2025:13:11:27 +0700] "GET /the-role-of-online-communities-in-omegles-social-experiment/ HTTP/1.0" 200 92469 "-" "Mozilla/5.0 AppleWebKit/537.36 (KHTML, like Gecko; compatible; GPTBot/1.2; +https://openai.com/gptbot)"
20.171.207.251 - - [07/Sep/2025:13:11:52 +0700] "GET /the-ease-of-written-communication-ometvs-text-chat-benefits/ HTTP/1.0" 200 92951 "-" "Mozilla/5.0 AppleWebKit/537.36 (KHTML, like Gecko; compatible; GPTBot/1.2; +https://openai.com/gptbot)"
45.117.177.72 - - [07/Sep/2025:13:12:33 +0700] "POST /wp-cron.php?doing_wp_cron=1757225553.5415649414062500000000 HTTP/1.0" 200 416 "-" "WordPress/6.8.1; https://vattusacky.vn"
20.171.207.251 - - [07/Sep/2025:13:12:29 +0700] "GET /?p=8653 HTTP/1.0" 301 509 "-" "Mozilla/5.0 AppleWebKit/537.36 (KHTML, like Gecko; compatible; GPTBot/1.2; +https://openai.com/gptbot)"
20.171.207.251 - - [07/Sep/2025:13:12:34 +0700] "GET /the-legal-and-ethical-implications-of-omegles-anonymous-platform/ HTTP/1.0" 200 91731 "-" "Mozilla/5.0 AppleWebKit/537.36 (KHTML, like Gecko; compatible; GPTBot/1.2; +https://openai.com/gptbot)"
34.225.243.131 - - [07/Sep/2025:13:13:07 +0700] "GET /som-tien-ve-phia-truoc-doctor-dong-se-giong-nhu-18-nam-cmnd/ HTTP/1.0" 200 212155 "-" "Mozilla/5.0 AppleWebKit/537.36 (KHTML, like Gecko; compatible; Amazonbot/0.1; +https://developer.amazon.com/support/amazonbot) Chrome/119.0.6045.214 Safari/537.36"
45.117.177.72 - - [07/Sep/2025:13:13:40 +0700] "POST /wp-cron.php?doing_wp_cron=1757225619.8785269260406494140625 HTTP/1.0" 200 416 "-" "WordPress/6.8.1; https://vattusacky.vn"
20.171.207.251 - - [07/Sep/2025:13:13:36 +0700] "GET /?p=7521 HTTP/1.0" 301 494 "-" "Mozilla/5.0 AppleWebKit/537.36 (KHTML, like Gecko; compatible; GPTBot/1.2; +https://openai.com/gptbot)"
20.171.207.251 - - [07/Sep/2025:13:13:40 +0700] "GET /omegle-and-the-generation-gap-bridging-the-divide/ HTTP/1.0" 200 90603 "-" "Mozilla/5.0 AppleWebKit/537.36 (KHTML, like Gecko; compatible; GPTBot/1.2; +https://openai.com/gptbot)"
45.117.177.72 - - [07/Sep/2025:13:14:23 +0700] "POST /wp-cron.php?doing_wp_cron=1757225663.5103070735931396484375 HTTP/1.0" 200 416 "-" "WordPress/6.8.1; https://vattusacky.vn"
20.171.207.251 - - [07/Sep/2025:13:14:19 +0700] "GET /?p=7537 HTTP/1.0" 301 496 "-" "Mozilla/5.0 AppleWebKit/537.36 (KHTML, like Gecko; compatible; GPTBot/1.2; +https://openai.com/gptbot)"
20.171.207.251 - - [07/Sep/2025:13:14:24 +0700] "GET /omegle-and-the-role-of-gaming-in-making-connections/ HTTP/1.0" 200 90752 "-" "Mozilla/5.0 AppleWebKit/537.36 (KHTML, like Gecko; compatible; GPTBot/1.2; +https://openai.com/gptbot)"
20.171.207.251 - - [07/Sep/2025:13:15:09 +0700] "GET /?p=8627 HTTP/1.0" 301 504 "-" "Mozilla/5.0 AppleWebKit/537.36 (KHTML, like Gecko; compatible; GPTBot/1.2; +https://openai.com/gptbot)"
20.171.207.251 - - [07/Sep/2025:13:15:13 +0700] "GET /the-influence-of-popular-culture-on-chatroulette-and-omegle/ HTTP/1.0" 200 86413 "-" "Mozilla/5.0 AppleWebKit/537.36 (KHTML, like Gecko; compatible; GPTBot/1.2; +https://openai.com/gptbot)"
216.24.212.49 - - [07/Sep/2025:13:15:28 +0700] "GET /style.php HTTP/1.0" 403 570 "http://vattusacky.vn/style.php" "Go-http-client/2.0"
216.24.212.49 - - [07/Sep/2025:13:15:30 +0700] "GET /wp-content/style.php HTTP/1.0" 403 581 "http://vattusacky.vn/wp-content/style.php" "Go-http-client/2.0"
45.117.177.72 - - [07/Sep/2025:13:15:42 +0700] "POST /wp-cron.php?doing_wp_cron=1757225742.2891941070556640625000 HTTP/1.0" 200 416 "-" "WordPress/6.8.1; https://vattusacky.vn"
17.241.219.121 - - [07/Sep/2025:13:15:39 +0700] "GET /online-bullying-and-anonymity-addressing-the-issue-on-omegle/ HTTP/1.0" 200 92242 "-" "Mozilla/5.0 (Macintosh; Intel Mac OS X 10_15_7) AppleWebKit/605.1.15 (KHTML, like Gecko) Version/17.4 Safari/605.1.15 (Applebot/0.1; +http://www.apple.com/go/applebot)"
20.171.207.251 - - [07/Sep/2025:13:15:58 +0700] "GET /?p=8302 HTTP/1.0" 301 650 "-" "Mozilla/5.0 AppleWebKit/537.36 (KHTML, like Gecko; compatible; GPTBot/1.2; +https://openai.com/gptbot)"
20.171.207.251 - - [07/Sep/2025:13:16:02 +0700] "GET /the-advantages-and-limitations-of-online-intimacy-on-omegle/ HTTP/1.0" 200 91654 "-" "Mozilla/5.0 AppleWebKit/537.36 (KHTML, like Gecko; compatible; GPTBot/1.2; +https://openai.com/gptbot)"
45.117.177.72 - - [07/Sep/2025:13:16:50 +0700] "POST /wp-cron.php?doing_wp_cron=1757225810.4692459106445312500000 HTTP/1.0" 200 416 "-" "WordPress/6.8.1; https://vattusacky.vn"
216.244.66.237 - - [07/Sep/2025:13:16:47 +0700] "GET /robots.txt HTTP/1.0" 200 984 "-" "Mozilla/5.0 (compatible; DotBot/1.2; +https://opensiteexplorer.org/dotbot; help@moz.com)"
20.171.207.251 - - [07/Sep/2025:13:17:07 +0700] "GET /?p=8694 HTTP/1.0" 301 504 "-" "Mozilla/5.0 AppleWebKit/537.36 (KHTML, like Gecko; compatible; GPTBot/1.2; +https://openai.com/gptbot)"
20.171.207.251 - - [07/Sep/2025:13:17:11 +0700] "GET /the-power-of-first-impressions-in-omegles-social-experiment/ HTTP/1.0" 200 90246 "-" "Mozilla/5.0 AppleWebKit/537.36 (KHTML, like Gecko; compatible; GPTBot/1.2; +https://openai.com/gptbot)"
45.117.177.72 - - [07/Sep/2025:13:18:07 +0700] "POST /wp-cron.php?doing_wp_cron=1757225886.8064360618591308593750 HTTP/1.0" 200 416 "-" "WordPress/6.8.1; https://vattusacky.vn"
20.171.207.251 - - [07/Sep/2025:13:18:02 +0700] "GET /the-impact-of-time-on-omegles-social-experiment/ HTTP/1.0" 200 90056 "-" "Mozilla/5.0 AppleWebKit/537.36 (KHTML, like Gecko; compatible; GPTBot/1.2; +https://openai.com/gptbot)"
45.117.177.72 - - [07/Sep/2025:13:18:30 +0700] "POST /wp-cron.php?doing_wp_cron=1757225910.1320369243621826171875 HTTP/1.0" 200 416 "-" "WordPress/6.8.1; https://vattusacky.vn"
95.91.104.195 - - [07/Sep/2025:13:18:28 +0700] "GET /robots.txt HTTP/1.0" 200 984 "-" "Mozilla/5.0 (compatible; MJ12bot/v1.4.8; http://mj12bot.com/)"
95.91.104.195 - - [07/Sep/2025:13:18:32 +0700] "GET /thailander-mail-purchase-brides-and-dates-buy-a-thailander-bride-available/ HTTP/1.0" 200 124075 "-" "Mozilla/5.0 (compatible; MJ12bot/v1.4.8; http://mj12bot.com/)"
20.171.207.251 - - [07/Sep/2025:13:18:47 +0700] "GET /how-to-avoid-scams-and-malicious-activities-on-omegle/ HTTP/1.0" 200 88835 "-" "Mozilla/5.0 AppleWebKit/537.36 (KHTML, like Gecko; compatible; GPTBot/1.2; +https://openai.com/gptbot)"
185.191.171.5 - - [07/Sep/2025:13:19:09 +0700] "GET /danh-muc/moi-truong-nuoc/phan-tich-asen-hien-truong/ HTTP/1.0" 200 68631 "-" "Mozilla/5.0 (compatible; SemrushBot/7~bl; +http://www.semrush.com/bot.html)"
45.117.177.72 - - [07/Sep/2025:13:19:44 +0700] "POST /wp-cron.php?doing_wp_cron=1757225984.4024450778961181640625 HTTP/1.0" 200 416 "-" "WordPress/6.8.1; https://vattusacky.vn"
20.171.207.251 - - [07/Sep/2025:13:19:40 +0700] "GET /?p=8403 HTTP/1.0" 301 504 "-" "Mozilla/5.0 AppleWebKit/537.36 (KHTML, like Gecko; compatible; GPTBot/1.2; +https://openai.com/gptbot)"
20.171.207.251 - - [07/Sep/2025:13:19:45 +0700] "GET /the-ease-of-written-communication-ometvs-text-chat-benefits/ HTTP/1.0" 200 92951 "-" "Mozilla/5.0 AppleWebKit/537.36 (KHTML, like Gecko; compatible; GPTBot/1.2; +https://openai.com/gptbot)"
45.117.177.72 - - [07/Sep/2025:13:20:30 +0700] "POST /wp-cron.php?doing_wp_cron=1757226030.0120561122894287109375 HTTP/1.0" 200 416 "-" "WordPress/6.8.1; https://vattusacky.vn"
20.171.207.251 - - [07/Sep/2025:13:20:27 +0700] "GET /?p=8903 HTTP/1.0" 301 504 "-" "Mozilla/5.0 AppleWebKit/537.36 (KHTML, like Gecko; compatible; GPTBot/1.2; +https://openai.com/gptbot)"
20.171.207.251 - - [07/Sep/2025:13:20:30 +0700] "GET /the-role-of-online-communities-in-omegles-social-experiment/ HTTP/1.0" 200 92469 "-" "Mozilla/5.0 AppleWebKit/537.36 (KHTML, like Gecko; compatible; GPTBot/1.2; +https://openai.com/gptbot)"
217.113.194.78 - - [07/Sep/2025:13:20:43 +0700] "GET /san-pham/bo-giu-ong-impinger-bang-thep-khong-gi-gan-vao-bo-tripod/feed/ HTTP/1.0" 200 1756 "-" "Mozilla/5.0 (compatible; Barkrowler/0.9; +https://babbar.tech/crawler)"
217.113.194.72 - - [07/Sep/2025:13:21:06 +0700] "GET /san-pham/thiet-bi-lay-mau-bun-tram-tich-tang-sau-kieu-gau-van-veen/feed/ HTTP/1.0" 200 1741 "-" "Mozilla/5.0 (compatible; Barkrowler/0.9; +https://babbar.tech/crawler)"
45.117.177.72 - - [07/Sep/2025:13:21:33 +0700] "POST /wp-cron.php?doing_wp_cron=1757226093.3893690109252929687500 HTTP/1.0" 200 416 "-" "WordPress/6.8.1; https://vattusacky.vn"
217.113.194.78 - - [07/Sep/2025:13:21:29 +0700] "GET /san-pham/thiet-bi-lay-mau-bui-puf-58-280-lpm-choi-than-02-cap/feed/ HTTP/1.0" 200 1745 "-" "Mozilla/5.0 (compatible; Barkrowler/0.9; +https://babbar.tech/crawler)"
20.171.207.251 - - [07/Sep/2025:13:21:35 +0700] "GET /how-to-deal-with-attention-seeking-behavior-on-omegle/ HTTP/1.0" 200 78536 "-" "Mozilla/5.0 AppleWebKit/537.36 (KHTML, like Gecko; compatible; GPTBot/1.2; +https://openai.com/gptbot)"
217.113.194.76 - - [07/Sep/2025:13:21:52 +0700] "GET /san-pham/thiet-bi-lay-mau-nuoc-alpha-van-dorn-loai-ngang-3-2-lit-2/feed/ HTTP/1.0" 200 1753 "-" "Mozilla/5.0 (compatible; Barkrowler/0.9; +https://babbar.tech/crawler)"
45.117.177.72 - - [07/Sep/2025:13:22:10 +0700] "POST /wp-cron.php?doing_wp_cron=1757226129.6866040229797363281250 HTTP/1.0" 200 416 "-" "WordPress/6.8.1; https://vattusacky.vn"
20.171.207.251 - - [07/Sep/2025:13:22:07 +0700] "GET /the-impact-of-age-and-maturity-on-online-interactions/ HTTP/1.0" 200 91576 "-" "Mozilla/5.0 AppleWebKit/537.36 (KHTML, like Gecko; compatible; GPTBot/1.2; +https://openai.com/gptbot)"
217.113.194.81 - - [07/Sep/2025:13:22:12 +0700] "GET /san-pham/thiet-bi-lay-mau-nuoc-alpha-van-dorn-loai-ngang-2-2-lit-2/feed/ HTTP/1.0" 200 1775 "-" "Mozilla/5.0 (compatible; Barkrowler/0.9; +https://babbar.tech/crawler)"
45.117.177.72 - - [07/Sep/2025:13:22:41 +0700] "POST /wp-cron.php?doing_wp_cron=1757226160.8215770721435546875000 HTTP/1.0" 200 416 "-" "WordPress/6.8.1; https://vattusacky.vn"
217.113.194.81 - - [07/Sep/2025:13:22:37 +0700] "GET /san-pham/chai-thuy-tinhcho-bo-khuay-tron-chiet-doc-tinh-theo-epa-1311/ HTTP/1.0" 200 106482 "-" "Mozilla/5.0 (compatible; Barkrowler/0.9; +https://babbar.tech/crawler)"
20.171.207.251 - - [07/Sep/2025:13:22:48 +0700] "GET /the-pros-and-cons-of-anonymity-on-omegle-and-ometv/ HTTP/1.0" 200 92777 "-" "Mozilla/5.0 AppleWebKit/537.36 (KHTML, like Gecko; compatible; GPTBot/1.2; +https://openai.com/gptbot)"
217.113.194.76 - - [07/Sep/2025:13:23:07 +0700] "GET /san-pham/dau-khoan-bun-3-1-4%E2%80%B3-co-ky-hieu-signature-mud-auger/feed/ HTTP/1.0" 200 1750 "-" "Mozilla/5.0 (compatible; Barkrowler/0.9; +https://babbar.tech/crawler)"
45.117.177.72 - - [07/Sep/2025:13:23:32 +0700] "POST /wp-cron.php?doing_wp_cron=1757226211.9170739650726318359375 HTTP/1.0" 200 416 "-" "WordPress/6.8.1; https://vattusacky.vn"
217.113.194.217 - - [07/Sep/2025:13:23:29 +0700] "GET /san-pham/dau-khoan-bun-2-1-4%E2%80%B3-co-ky-hieu-signature-mud-auger/feed/ HTTP/1.0" 200 1750 "-" "Mozilla/5.0 (compatible; Barkrowler/0.9; +https://babbar.tech/crawler)"
154.54.249.200 - - [07/Sep/2025:13:23:52 +0700] "GET /san-pham/palintest-_thiet-bi-do-do-dan-dien-ec-tong-chat-ran-hoa-tan-tds/feed/ HTTP/1.0" 200 1783 "-" "Mozilla/5.0 (compatible; Barkrowler/0.9; +https://babbar.tech/crawler)"
217.113.194.79 - - [07/Sep/2025:13:24:14 +0700] "GET /san-pham/waterra-in-situ-_may-do-luu-toc-dong-chay-song-suoi-kenh-ho/feed/ HTTP/1.0" 200 1763 "-" "Mozilla/5.0 (compatible; Barkrowler/0.9; +https://babbar.tech/crawler)"
20.171.207.251 - - [07/Sep/2025:13:24:41 +0700] "GET /the-rise-of-omegle-and-its-unexpected-encounters/ HTTP/1.0" 200 87635 "-" "Mozilla/5.0 AppleWebKit/537.36 (KHTML, like Gecko; compatible; GPTBot/1.2; +https://openai.com/gptbot)"
217.113.194.77 - - [07/Sep/2025:13:24:37 +0700] "GET /skachat-bk-leon-na-android-zhelajuschim-ssylka-na-skachivanie-leonbets-na-android/ HTTP/1.0" 200 218058 "-" "Mozilla/5.0 (compatible; Barkrowler/0.9; +https://babbar.tech/crawler)"
154.54.249.200 - - [07/Sep/2025:13:25:21 +0700] "GET /cach-nhan-don-gian-vay-tra-gop-chi-can-cmnd-tien-len-tu-mot-ngay/feed/ HTTP/1.0" 200 1811 "-" "Mozilla/5.0 (compatible; Barkrowler/0.9; +https://babbar.tech/crawler)"
45.117.177.72 - - [07/Sep/2025:13:25:49 +0700] "POST /wp-cron.php?doing_wp_cron=1757226348.7943348884582519531250 HTTP/1.0" 200 416 "-" "WordPress/6.8.1; https://vattusacky.vn"
217.113.194.218 - - [07/Sep/2025:13:25:44 +0700] "GET /pascual-codere-network-orientata-alle-esigenze-dei-gestori-lancia-giornata-dedicata/feed/ HTTP/1.0" 200 1848 "-" "Mozilla/5.0 (compatible; Barkrowler/0.9; +https://babbar.tech/crawler)"
45.117.177.72 - - [07/Sep/2025:13:25:49 +0700] "POST /wp-cron.php?doing_wp_cron=1757226349.3714029788970947265625 HTTP/1.0" 200 416 "-" "WordPress/6.8.1; https://vattusacky.vn"
20.171.207.251 - - [07/Sep/2025:13:25:45 +0700] "GET /the-evolution-of-love-and-friendship-in-omelove/ HTTP/1.0" 200 91994 "-" "Mozilla/5.0 AppleWebKit/537.36 (KHTML, like Gecko; compatible; GPTBot/1.2; +https://openai.com/gptbot)"
217.113.194.74 - - [07/Sep/2025:13:26:08 +0700] "GET /how-to-erase-leovegas-account-most-recent-news-movies-photos-about-just-how-to-delete-leovegas-account-page-one/ HTTP/1.0" 200 223226 "-" "Mozilla/5.0 (compatible; Barkrowler/0.9; +https://babbar.tech/crawler)"
45.117.177.72 - - [07/Sep/2025:13:26:20 +0700] "POST /wp-cron.php?doing_wp_cron=1757226380.1834840774536132812500 HTTP/1.0" 200 416 "-" "WordPress/6.8.1; https://vattusacky.vn"
20.171.207.251 - - [07/Sep/2025:13:26:18 +0700] "GET /the-hidden-side-unique-stories-from-omegle-and-ometv/ HTTP/1.0" 200 91153 "-" "Mozilla/5.0 AppleWebKit/537.36 (KHTML, like Gecko; compatible; GPTBot/1.2; +https://openai.com/gptbot)"
217.113.194.80 - - [07/Sep/2025:13:26:34 +0700] "GET /vse-pro-stavki-na-sport-onlajn-vidy-stavok-kak-sdelat-stavku-obzory-bk/feed/ HTTP/1.0" 200 1870 "-" "Mozilla/5.0 (compatible; Barkrowler/0.9; +https://babbar.tech/crawler)"
217.113.194.77 - - [07/Sep/2025:13:26:56 +0700] "GET /ll-codigo-promocional-1xbet-%EF%B8%8F-bono-de-bienvenida-1xbet-2023-17/feed/ HTTP/1.0" 200 1799 "-" "Mozilla/5.0 (compatible; Barkrowler/0.9; +https://babbar.tech/crawler)"
20.171.207.251 - - [07/Sep/2025:13:26:59 +0700] "GET /?p=7052 HTTP/1.0" 301 644 "-" "Mozilla/5.0 AppleWebKit/537.36 (KHTML, like Gecko; compatible; GPTBot/1.2; +https://openai.com/gptbot)"
20.171.207.251 - - [07/Sep/2025:13:27:02 +0700] "GET /how-to-avoid-scams-and-malicious-activities-on-omegle/ HTTP/1.0" 200 88835 "-" "Mozilla/5.0 AppleWebKit/537.36 (KHTML, like Gecko; compatible; GPTBot/1.2; +https://openai.com/gptbot)"
45.117.177.72 - - [07/Sep/2025:13:27:22 +0700] "POST /wp-cron.php?doing_wp_cron=1757226441.8211419582366943359375 HTTP/1.0" 200 416 "-" "WordPress/6.8.1; https://vattusacky.vn"
217.113.194.77 - - [07/Sep/2025:13:27:19 +0700] "GET /danh-muc/co-ba%CC%89n-thi-nghie%CC%A3m/bep-cach-thuy%CC%89/feed/ HTTP/1.0" 200 20114 "-" "Mozilla/5.0 (compatible; Barkrowler/0.9; +https://babbar.tech/crawler)"
217.113.194.76 - - [07/Sep/2025:13:27:41 +0700] "GET /danh-muc/phan-tich-thi-nghie%CC%A3m/thiet-bi-do-hoat-do-nuoc/?s= HTTP/1.0" 200 69186 "-" "Mozilla/5.0 (compatible; Barkrowler/0.9; +https://babbar.tech/crawler)"
20.171.207.251 - - [07/Sep/2025:13:27:48 +0700] "GET /the-role-of-mind-body-connection-in-omegle-therapy/ HTTP/1.0" 403 612 "-" "Mozilla/5.0 AppleWebKit/537.36 (KHTML, like Gecko; compatible; GPTBot/1.2; +https://openai.com/gptbot)"
217.113.194.76 - - [07/Sep/2025:13:28:09 +0700] "GET /danh-muc/phan-tich-thi-nghie%CC%A3m/he-thong-chiet-beo-sohlex/?s= HTTP/1.0" 200 68917 "-" "Mozilla/5.0 (compatible; Barkrowler/0.9; +https://babbar.tech/crawler)"
45.117.177.72 - - [07/Sep/2025:13:28:24 +0700] "POST /wp-cron.php?doing_wp_cron=1757226504.4989600181579589843750 HTTP/1.0" 200 416 "-" "WordPress/6.8.1; https://vattusacky.vn"
20.171.207.251 - - [07/Sep/2025:13:28:21 +0700] "GET /?p=8781 HTTP/1.0" 301 493 "-" "Mozilla/5.0 AppleWebKit/537.36 (KHTML, like Gecko; compatible; GPTBot/1.2; +https://openai.com/gptbot)"
20.171.207.251 - - [07/Sep/2025:13:28:25 +0700] "GET /the-rise-of-omegle-and-its-unexpected-encounters/ HTTP/1.0" 200 87635 "-" "Mozilla/5.0 AppleWebKit/537.36 (KHTML, like Gecko; compatible; GPTBot/1.2; +https://openai.com/gptbot)"
217.113.194.81 - - [07/Sep/2025:13:28:35 +0700] "GET /danh-muc/moi-truong-khi/bom-lay-mau-bui-tsp-pm10-pm2-5/page/2/?s HTTP/1.0" 200 183789 "-" "Mozilla/5.0 (compatible; Barkrowler/0.9; +https://babbar.tech/crawler)"
217.113.194.75 - - [07/Sep/2025:13:29:09 +0700] "GET /danh-muc/moi-truong-khi/bom-lay-mau-bui-tsp-pm10-pm2-5/page/3/?s HTTP/1.0" 200 183051 "-" "Mozilla/5.0 (compatible; Barkrowler/0.9; +https://babbar.tech/crawler)"
45.117.177.72 - - [07/Sep/2025:13:29:52 +0700] "POST /wp-cron.php?doing_wp_cron=1757226592.1001279354095458984375 HTTP/1.0" 200 416 "-" "WordPress/6.8.1; https://vattusacky.vn"
217.113.194.73 - - [07/Sep/2025:13:29:49 +0700] "GET /danh-muc/moi-truong-khi/bom-lay-mau-bui-tsp-pm10-pm2-5/page/1/?s HTTP/1.0" 200 171965 "-" "Mozilla/5.0 (compatible; Barkrowler/0.9; +https://babbar.tech/crawler)"
45.117.177.72 - - [07/Sep/2025:13:30:34 +0700] "POST /wp-cron.php?doing_wp_cron=1757226633.7259750366210937500000 HTTP/1.0" 200 416 "-" "WordPress/6.8.1; https://vattusacky.vn"
217.113.194.75 - - [07/Sep/2025:13:30:30 +0700] "GET /danh-muc/moi-truong-khi/tram-lay-mau-bui-tsppm10-pm2-5/page/1/?s HTTP/1.0" 200 184474 "-" "Mozilla/5.0 (compatible; Barkrowler/0.9; +https://babbar.tech/crawler)"
20.171.207.251 - - [07/Sep/2025:13:30:47 +0700] "GET /?p=8582 HTTP/1.0" 301 492 "-" "Mozilla/5.0 AppleWebKit/537.36 (KHTML, like Gecko; compatible; GPTBot/1.2; +https://openai.com/gptbot)"
20.171.207.251 - - [07/Sep/2025:13:30:51 +0700] "GET /the-impact-of-time-on-omegles-social-experiment/ HTTP/1.0" 200 90056 "-" "Mozilla/5.0 AppleWebKit/537.36 (KHTML, like Gecko; compatible; GPTBot/1.2; +https://openai.com/gptbot)"
217.113.194.218 - - [07/Sep/2025:13:31:09 +0700] "GET /agricoltura-la-coesione-sociale-boom-imprese-impegnate-nel-sociale-250-in-ultimi-8-anni/ HTTP/1.0" 200 226545 "-" "Mozilla/5.0 (compatible; Barkrowler/0.9; +https://babbar.tech/crawler)"
45.117.177.72 - - [07/Sep/2025:13:31:45 +0700] "POST /wp-cron.php?doing_wp_cron=1757226705.4051949977874755859375 HTTP/1.0" 200 416 "-" "WordPress/6.8.1; https://vattusacky.vn"
20.171.207.251 - - [07/Sep/2025:13:31:42 +0700] "GET /?p=8722 HTTP/1.0" 301 495 "-" "Mozilla/5.0 AppleWebKit/537.36 (KHTML, like Gecko; compatible; GPTBot/1.2; +https://openai.com/gptbot)"
20.171.207.251 - - [07/Sep/2025:13:31:45 +0700] "GET /the-pros-and-cons-of-anonymity-on-omegle-and-ometv/ HTTP/1.0" 200 92777 "-" "Mozilla/5.0 AppleWebKit/537.36 (KHTML, like Gecko; compatible; GPTBot/1.2; +https://openai.com/gptbot)"
217.113.194.79 - - [07/Sep/2025:13:31:51 +0700] "GET /mass-media-relationship-suggestions-how-to-build-strong-mutually-beneficial-interactions-with-media-and-videos-agencies/ HTTP/1.0" 200 210220 "-" "Mozilla/5.0 (compatible; Barkrowler/0.9; +https://babbar.tech/crawler)"
45.117.177.72 - - [07/Sep/2025:13:32:32 +0700] "POST /wp-cron.php?doing_wp_cron=1757226752.3502109050750732421875 HTTP/1.0" 200 416 "-" "WordPress/6.8.1; https://vattusacky.vn"
217.113.194.80 - - [07/Sep/2025:13:32:29 +0700] "GET /1xbet-mobile-vebsayt-v%C9%99-1x-bet-mobil-uygulama-indir-2023-29/feed/ HTTP/1.0" 200 1784 "-" "Mozilla/5.0 (compatible; Barkrowler/0.9; +https://babbar.tech/crawler)"
217.113.194.74 - - [07/Sep/2025:13:32:52 +0700] "GET /1xbet-bukmekerskaja-kontora-obzor-otzyvy-bonusy-i-rabochee-zerkalo-1xbe/feed/ HTTP/1.0" 200 1863 "-" "Mozilla/5.0 (compatible; Barkrowler/0.9; +https://babbar.tech/crawler)"
20.171.207.251 - - [07/Sep/2025:13:33:01 +0700] "GET /?p=7058 HTTP/1.0" 301 644 "-" "Mozilla/5.0 AppleWebKit/537.36 (KHTML, like Gecko; compatible; GPTBot/1.2; +https://openai.com/gptbot)"
20.171.207.251 - - [07/Sep/2025:13:33:05 +0700] "GET /how-to-deal-with-attention-seeking-behavior-on-omegle/ HTTP/1.0" 200 78390 "-" "Mozilla/5.0 AppleWebKit/537.36 (KHTML, like Gecko; compatible; GPTBot/1.2; +https://openai.com/gptbot)"
45.117.177.72 - - [07/Sep/2025:13:33:18 +0700] "POST /wp-cron.php?doing_wp_cron=1757226797.6271660327911376953125 HTTP/1.0" 200 416 "-" "WordPress/6.8.1; https://vattusacky.vn"
217.113.194.81 - - [07/Sep/2025:13:33:14 +0700] "GET /san-pham/thiet-bi-lay-mau-bun-tram-tich-thong-thuong-kieu-gau-ekman/feed/ HTTP/1.0" 200 1767 "-" "Mozilla/5.0 (compatible; Barkrowler/0.9; +https://babbar.tech/crawler)"
17.241.75.112 - - [07/Sep/2025:13:33:14 +0700] "GET /privacy-concerns-on-omegle-and-protecting-personal-information/ HTTP/1.0" 200 89556 "-" "Mozilla/5.0 (Macintosh; Intel Mac OS X 10_15_7) AppleWebKit/605.1.15 (KHTML, like Gecko) Version/17.4 Safari/605.1.15 (Applebot/0.1; +http://www.apple.com/go/applebot)"
217.113.194.78 - - [07/Sep/2025:13:33:37 +0700] "GET /san-pham/thiet-bi-lay-mau-bui-pm10-pm2-5-15-%C3%B7-35-m3-gio/feed/ HTTP/1.0" 200 1733 "-" "Mozilla/5.0 (compatible; Barkrowler/0.9; +https://babbar.tech/crawler)"
20.171.207.251 - - [07/Sep/2025:13:34:11 +0700] "GET /?p=8511 HTTP/1.0" 301 498 "-" "Mozilla/5.0 AppleWebKit/537.36 (KHTML, like Gecko; compatible; GPTBot/1.2; +https://openai.com/gptbot)"
20.171.207.251 - - [07/Sep/2025:13:34:14 +0700] "GET /the-impact-of-age-and-maturity-on-online-interactions/ HTTP/1.0" 200 91576 "-" "Mozilla/5.0 AppleWebKit/537.36 (KHTML, like Gecko; compatible; GPTBot/1.2; +https://openai.com/gptbot)"
217.113.194.78 - - [07/Sep/2025:13:34:14 +0700] "GET /san-pham/chai-thuy-tinhcho-bo-khuay-tron-chiet-doc-tinh-theo-epa-1311/feed/ HTTP/1.0" 200 1766 "-" "Mozilla/5.0 (compatible; Barkrowler/0.9; +https://babbar.tech/crawler)"
217.113.194.72 - - [07/Sep/2025:13:34:55 +0700] "GET /san-pham/may-do-do-on-do-chinh-xac-cao-co-phan-tich-giai-tan-so-type-6238/feed/ HTTP/1.0" 200 1782 "-" "Mozilla/5.0 (compatible; Barkrowler/0.9; +https://babbar.tech/crawler)"
20.171.207.251 - - [07/Sep/2025:13:35:05 +0700] "GET /the-tech-innovations-that-power-omegle-and-ometv/ HTTP/1.0" 200 90134 "-" "Mozilla/5.0 AppleWebKit/537.36 (KHTML, like Gecko; compatible; GPTBot/1.2; +https://openai.com/gptbot)"
45.117.177.72 - - [07/Sep/2025:13:35:31 +0700] "POST /wp-cron.php?doing_wp_cron=1757226931.3134789466857910156250 HTTP/1.0" 200 416 "-" "WordPress/6.8.1; https://vattusacky.vn"
217.113.194.218 - - [07/Sep/2025:13:35:28 +0700] "GET /lam-the-nao-de-co-duoc-su-vay-tien-fast-fintech-tien-bo-nhanh-chong-ruc-ro/ HTTP/1.0" 200 213270 "-" "Mozilla/5.0 (compatible; Barkrowler/0.9; +https://babbar.tech/crawler)"
