85.208.96.199 - - [07/Sep/2025:20:05:19 +0700] "GET /author/yanz/page/130/ HTTP/1.0" 200 77156 "-" "Mozilla/5.0 (compatible; SemrushBot/7~bl; +http://www.semrush.com/bot.html)"
154.54.249.200 - - [07/Sep/2025:20:05:31 +0700] "GET /mostbet-kz-bukmekerlk-kese-mostbet-azastan-resmi-sajta-kru-sajtty-dl-kshrmes-bonustar/feed/ HTTP/1.0" 200 1939 "-" "Mozilla/5.0 (compatible; Barkrowler/0.9; +https://babbar.tech/crawler)"
154.54.249.200 - - [07/Sep/2025:20:05:51 +0700] "GET /wimbledon-2023-can-certainly-semifinal-television-schedule-start-out-time-live-coverage-info-news-scores-highlights-stats-and-rumors/feed/ HTTP/1.0" 200 2000 "-" "Mozilla/5.0 (compatible; Barkrowler/0.9; +https://babbar.tech/crawler)"
217.113.194.80 - - [07/Sep/2025:20:06:10 +0700] "GET /%D0%BF%D1%80%D0%BE%D0%B5%D0%BA%D1%82%D1%8B-%D0%B4%D0%B5%D1%80%D0%B5%D0%B2%D1%8F%D0%BD%D0%BD%D1%8B%D1%85-%D0%B4%D0%BE%D0%BC%D0%BE%D0%B2-%D0%B7%D0%B0%D0%B3%D0%BE%D1%80%D0%BE%D0%B4%D0%BD%D1%8B%D0%B5/ HTTP/1.0" 200 167031 "-" "Mozilla/5.0 (compatible; Barkrowler/0.9; +https://babbar.tech/crawler)"
45.117.177.72 - - [07/Sep/2025:20:06:31 +0700] "POST /wp-cron.php?doing_wp_cron=1757250391.0945949554443359375000 HTTP/1.0" 200 416 "-" "WordPress/6.8.1; https://vattusacky.vn"
213.180.203.235 - - [07/Sep/2025:20:06:29 +0700] "GET /category/file-extentions-tips/ HTTP/1.0" 200 92675 "-" "Mozilla/5.0 (compatible; YandexBot/3.0; +http://yandex.com/bots)"
213.180.203.66 - - [07/Sep/2025:20:06:30 +0700] "GET /exploring-the-philosophical-implications-of-coincidences-on-omegle/ HTTP/1.0" 200 90668 "-" "Mozilla/5.0 (compatible; YandexBot/3.0; +http://yandex.com/bots)"
217.113.194.80 - - [07/Sep/2025:20:06:35 +0700] "GET /danh-muc/co-ba%CC%89n-thi-nghie%CC%A3m/can-phan-tich-can-ky%CC%83-thua%CC%A3t/feed/ HTTP/1.0" 200 35128 "-" "Mozilla/5.0 (compatible; Barkrowler/0.9; +https://babbar.tech/crawler)"
217.113.194.80 - - [07/Sep/2025:20:06:56 +0700] "GET /danh-muc/moi-truong-dat/du%CC%A3ng-cu%CC%A3-lay-ma%CC%83u-dat-moi-truong-dat/?s= HTTP/1.0" 200 164024 "-" "Mozilla/5.0 (compatible; Barkrowler/0.9; +https://babbar.tech/crawler)"
45.117.177.72 - - [07/Sep/2025:20:07:22 +0700] "POST /wp-cron.php?doing_wp_cron=1757250442.7273120880126953125000 HTTP/1.0" 200 416 "-" "WordPress/6.8.1; https://vattusacky.vn"
217.113.194.77 - - [07/Sep/2025:20:07:21 +0700] "GET /%D0%B4%D0%BE%D0%BC%D0%B0-%D0%B8%D0%B7-%D0%B1%D1%80%D0%B5%D0%B2%D0%BD%D0%B0-%D1%81-%D0%B3%D0%BE%D1%82%D0%BE%D0%B2%D1%8B%D0%BC-%D0%B4%D0%B8%D0%B7%D0%B0%D0%B9%D0%BD%D0%BE%D0%BC/feed/ HTTP/1.0" 200 2004 "-" "Mozilla/5.0 (compatible; Barkrowler/0.9; +https://babbar.tech/crawler)"
217.113.194.72 - - [07/Sep/2025:20:07:41 +0700] "GET /%D0%B4%D0%B5%D1%80%D0%B5%D0%B2%D1%8F%D0%BD%D0%BD%D1%8B%D0%B5-%D0%B4%D0%BE%D0%BC%D0%B0-%D0%B2-%D1%88%D0%B2%D0%B5%D0%B9%D1%86%D0%B0%D1%80%D1%81%D0%BA%D0%BE%D0%BC-%D1%81%D1%82%D0%B8%D0%BB%D0%B5/ HTTP/1.0" 200 187138 "-" "Mozilla/5.0 (compatible; Barkrowler/0.9; +https://babbar.tech/crawler)"
154.54.249.200 - - [07/Sep/2025:20:08:10 +0700] "GET /turkiyede-hangi-bahis-sitelerinde-canli-sohbet-destegi-sunulmaktadir-bet-casino-siteleri-incelemesi/ HTTP/1.0" 200 101015 "-" "Mozilla/5.0 (compatible; Barkrowler/0.9; +https://babbar.tech/crawler)"
45.117.177.72 - - [07/Sep/2025:20:08:18 +0700] "POST /wp-cron.php?doing_wp_cron=1757250498.7048280239105224609375 HTTP/1.0" 200 416 "-" "WordPress/6.8.1; https://vattusacky.vn"
52.187.246.143 - - [07/Sep/2025:20:08:17 +0700] "GET / HTTP/1.0" 200 35265 "-" "Mozilla/5.0 AppleWebKit/537.36 (KHTML, like Gecko); compatible; ChatGPT-User/1.0; +https://openai.com/bot"
217.113.194.77 - - [07/Sep/2025:20:08:36 +0700] "GET /pretend-sugar-daddy-scams-goal-people-left-financially-insecure-by-covid-19-pandemic-south-china-morning-post/feed/ HTTP/1.0" 200 1924 "-" "Mozilla/5.0 (compatible; Barkrowler/0.9; +https://babbar.tech/crawler)"
45.117.177.72 - - [07/Sep/2025:20:09:00 +0700] "POST /wp-cron.php?doing_wp_cron=1757250540.5151560306549072265625 HTTP/1.0" 200 416 "-" "WordPress/6.8.1; https://vattusacky.vn"
217.113.194.78 - - [07/Sep/2025:20:08:59 +0700] "GET /category/1xbet-az%C9%99rbaycan-m%C9%99rc-sayti-1xbet-az-1xbet-mobi-2023-644/feed/ HTTP/1.0" 200 85615 "-" "Mozilla/5.0 (compatible; Barkrowler/0.9; +https://babbar.tech/crawler)"
45.117.177.72 - - [07/Sep/2025:20:09:36 +0700] "POST /wp-cron.php?doing_wp_cron=1757250575.9819989204406738281250 HTTP/1.0" 200 416 "-" "WordPress/6.8.1; https://vattusacky.vn"
154.54.249.200 - - [07/Sep/2025:20:09:34 +0700] "GET /san-pham/may-quang-pho-kha-kien-vis-tach-tia-bo-giu-cell-08-vi-tri-co-phan-mem-uvwin/feed/ HTTP/1.0" 200 1817 "-" "Mozilla/5.0 (compatible; Barkrowler/0.9; +https://babbar.tech/crawler)"
217.113.194.81 - - [07/Sep/2025:20:10:07 +0700] "GET /lam-the-nao-de-co-duoc-mot-https-vaytienuytin24h-com-app-robocash-progress-don-gian-voi-viet-nam/ HTTP/1.0" 200 211223 "-" "Mozilla/5.0 (compatible; Barkrowler/0.9; +https://babbar.tech/crawler)"
45.117.177.72 - - [07/Sep/2025:20:10:42 +0700] "POST /wp-cron.php?doing_wp_cron=1757250642.0400130748748779296875 HTTP/1.0" 200 416 "-" "WordPress/6.8.1; https://vattusacky.vn"
217.113.194.81 - - [07/Sep/2025:20:10:40 +0700] "GET /tin-dung-fintech-khoan-vay-fintech-oncredit-vn-cho-phep-to-chuc-cua-ban-nhanh-nhu-the-nao/ HTTP/1.0" 200 211568 "-" "Mozilla/5.0 (compatible; Barkrowler/0.9; +https://babbar.tech/crawler)"
95.108.213.157 - - [07/Sep/2025:20:10:42 +0700] "GET /1xbet-promo-codes-offers-79/ HTTP/1.0" 200 232056 "-" "Mozilla/5.0 (compatible; YandexBot/3.0; +http://yandex.com/bots)"
3.93.211.16 - - [07/Sep/2025:20:10:58 +0700] "GET /creating-an-effective-online-dating-services-profile/ HTTP/1.0" 200 208916 "-" "Mozilla/5.0 AppleWebKit/537.36 (KHTML, like Gecko; compatible; Amazonbot/0.1; +https://developer.amazon.com/support/amazonbot) Chrome/119.0.6045.214 Safari/537.36"
54.91.122.193 - - [07/Sep/2025:20:11:02 +0700] "GET /category/uncategorized/page/183/ HTTP/1.0" 200 76007 "-" "Mozilla/5.0 AppleWebKit/537.36 (KHTML, like Gecko; compatible; Amazonbot/0.1; +https://developer.amazon.com/support/amazonbot) Chrome/119.0.6045.214 Safari/537.36"
217.113.194.78 - - [07/Sep/2025:20:11:17 +0700] "GET /%D0%BF%D1%80%D0%BE%D0%B5%D0%BA%D1%82%D1%8B-%D0%B4%D0%B5%D1%80%D0%B5%D0%B2%D1%8F%D0%BD%D0%BD%D1%8B%D1%85-%D0%B4%D0%BE%D0%BC%D0%BE%D0%B2-%D0%B7%D0%B0%D0%B3%D0%BE%D1%80%D0%BE%D0%B4%D0%BD%D1%8B%D0%B5/feed/ HTTP/1.0" 200 2054 "-" "Mozilla/5.0 (compatible; Barkrowler/0.9; +https://babbar.tech/crawler)"
217.113.194.78 - - [07/Sep/2025:20:11:53 +0700] "GET /danh-muc/moi-truong-dat/du%CC%A3ng-cu%CC%A3-lay-ma%CC%83u-dat-moi-truong-dat/page/2/ HTTP/1.0" 200 82845 "-" "Mozilla/5.0 (compatible; Barkrowler/0.9; +https://babbar.tech/crawler)"
217.113.194.74 - - [07/Sep/2025:20:12:15 +0700] "GET /codere-sera-el-nuevo-patrocinador-main-del-club-agudo-river-plate-con-logo-en-el-frontal-de-la-camiseta-yogonet-latinoamerica/ HTTP/1.0" 200 225782 "-" "Mozilla/5.0 (compatible; Barkrowler/0.9; +https://babbar.tech/crawler)"
45.117.177.72 - - [07/Sep/2025:20:12:52 +0700] "POST /wp-cron.php?doing_wp_cron=1757250772.7743120193481445312500 HTTP/1.0" 200 416 "-" "WordPress/6.8.1; https://vattusacky.vn"
217.113.194.217 - - [07/Sep/2025:20:12:51 +0700] "GET /%D0%B4%D0%B5%D1%80%D0%B5%D0%B2%D1%8F%D0%BD%D0%BD%D1%8B%D0%B5-%D0%B4%D0%BE%D0%BC%D0%B0-%D0%B2-%D1%88%D0%B2%D0%B5%D0%B9%D1%86%D0%B0%D1%80%D1%81%D0%BA%D0%BE%D0%BC-%D1%81%D1%82%D0%B8%D0%BB%D0%B5/feed/ HTTP/1.0" 200 2043 "-" "Mozilla/5.0 (compatible; Barkrowler/0.9; +https://babbar.tech/crawler)"
217.113.194.77 - - [07/Sep/2025:20:13:13 +0700] "GET /turkiyede-hangi-bahis-sitelerinde-canli-sohbet-destegi-sunulmaktadir-bet-casino-siteleri-incelemesi/feed/ HTTP/1.0" 200 1907 "-" "Mozilla/5.0 (compatible; Barkrowler/0.9; +https://babbar.tech/crawler)"
45.117.177.72 - - [07/Sep/2025:20:13:33 +0700] "POST /wp-cron.php?doing_wp_cron=1757250813.4446890354156494140625 HTTP/1.0" 200 416 "-" "WordPress/6.8.1; https://vattusacky.vn"
217.113.194.218 - - [07/Sep/2025:20:13:32 +0700] "GET /mr-bet-bauernfaengerei-und-ueberhaupt-mr-bet-bonusbedingungen-auf-keinen-fall-nachfolgende-union-erfahrungen-2022/feed/ HTTP/1.0" 200 1947 "-" "Mozilla/5.0 (compatible; Barkrowler/0.9; +https://babbar.tech/crawler)"
217.113.194.76 - - [07/Sep/2025:20:13:53 +0700] "GET /mostbet-online-casino-turkiye-cok-dilli-platform-ve-kullanici-dostu-arayuz-ile-en-iyi-deneyimi-yasayin/feed/ HTTP/1.0" 200 1912 "-" "Mozilla/5.0 (compatible; Barkrowler/0.9; +https://babbar.tech/crawler)"
185.191.171.14 - - [07/Sep/2025:20:14:12 +0700] "GET /virtual-discoveries-exciting-adventures-on-omegle-and-ometv/ HTTP/1.0" 200 91851 "-" "Mozilla/5.0 (compatible; SemrushBot/7~bl; +http://www.semrush.com/bot.html)"
217.113.194.217 - - [07/Sep/2025:20:14:14 +0700] "GET /lam-the-nao-de-co-duoc-mot-khoan-https-vaysite-com-app-vay-tien-tien-gui-cai-thien-tien-dua-tren-web/ HTTP/1.0" 200 212224 "-" "Mozilla/5.0 (compatible; Barkrowler/0.9; +https://babbar.tech/crawler)"
45.117.177.72 - - [07/Sep/2025:20:14:44 +0700] "POST /wp-cron.php?doing_wp_cron=1757250883.9630279541015625000000 HTTP/1.0" 200 416 "-" "WordPress/6.8.1; https://vattusacky.vn"
217.113.194.79 - - [07/Sep/2025:20:14:42 +0700] "GET /khoan-vay-mua-nha-tri-gia-mot-tram-vay-atm-online-ty-thuong-xuyen-co-the-la-bao-nhieu/feed/ HTTP/1.0" 200 1873 "-" "Mozilla/5.0 (compatible; Barkrowler/0.9; +https://babbar.tech/crawler)"
154.54.249.200 - - [07/Sep/2025:20:15:02 +0700] "GET /danh-muc/co-ba%CC%89n-thi-nghie%CC%A3m/bom-chan-khong-bo%CC%A3-lo%CC%A3c-chan-khong/feed/ HTTP/1.0" 200 147433 "-" "Mozilla/5.0 (compatible; Barkrowler/0.9; +https://babbar.tech/crawler)"
45.117.177.72 - - [07/Sep/2025:20:15:31 +0700] "POST /wp-cron.php?doing_wp_cron=1757250931.2646739482879638671875 HTTP/1.0" 200 416 "-" "WordPress/6.8.1; https://vattusacky.vn"
217.113.194.79 - - [07/Sep/2025:20:15:30 +0700] "GET /danh-muc/phan-tich-thi-nghie%CC%A3m/may-quang-pho-tu-ngoai-kha-kien-uv-vis/page/1/?s HTTP/1.0" 200 186309 "-" "Mozilla/5.0 (compatible; Barkrowler/0.9; +https://babbar.tech/crawler)"
216.73.216.162 - - [07/Sep/2025:20:15:47 +0700] "GET /?p=4334 HTTP/1.0" 301 618 "-" "Mozilla/5.0 AppleWebKit/537.36 (KHTML, like Gecko; compatible; ClaudeBot/1.0; +claudebot@anthropic.com)"
216.73.216.162 - - [07/Sep/2025:20:15:48 +0700] "GET /melbet-india-review-2023-57/ HTTP/1.0" 200 235915 "https://vattusacky.vn/?p=4334" "Mozilla/5.0 AppleWebKit/537.36 (KHTML, like Gecko; compatible; ClaudeBot/1.0; +claudebot@anthropic.com)"
217.113.194.72 - - [07/Sep/2025:20:15:55 +0700] "GET /1xbet-azerbaycan-m%C9%99rc-sayti-giris-1xbet-azerbaycan-mobil-uygulama-yukle-248/feed/ HTTP/1.0" 200 1833 "-" "Mozilla/5.0 (compatible; Barkrowler/0.9; +https://babbar.tech/crawler)"
217.113.194.73 - - [07/Sep/2025:20:16:15 +0700] "GET /skachat-mostbet-na-android-besplatno-prilozhenie-bukmekerskoj-kontory-mostbet-dlja-android-na-ofitsialnom-sajte/ HTTP/1.0" 200 231010 "-" "Mozilla/5.0 (compatible; Barkrowler/0.9; +https://babbar.tech/crawler)"
45.117.177.72 - - [07/Sep/2025:20:16:45 +0700] "POST /wp-cron.php?doing_wp_cron=1757251004.8370850086212158203125 HTTP/1.0" 200 416 "-" "WordPress/6.8.1; https://vattusacky.vn"
217.113.194.217 - - [07/Sep/2025:20:16:43 +0700] "GET /cach-tim-cai-thien-https-vaysite-com-tien-tin-dung-vay-nhanh-300trieu-truc-tuyen-nhanh-chong/ HTTP/1.0" 200 210787 "-" "Mozilla/5.0 (compatible; Barkrowler/0.9; +https://babbar.tech/crawler)"
45.117.177.72 - - [07/Sep/2025:20:17:22 +0700] "POST /wp-cron.php?doing_wp_cron=1757251042.3734040260314941406250 HTTP/1.0" 200 416 "-" "WordPress/6.8.1; https://vattusacky.vn"
217.113.194.78 - - [07/Sep/2025:20:17:21 +0700] "GET /co-nen-de-cac-bac-si-khang-vay-tien-bang-can-cuoc-cong-dan-va-bang-lai-xe-dinh-phong-kham-cai-thien/ HTTP/1.0" 200 211094 "-" "Mozilla/5.0 (compatible; Barkrowler/0.9; +https://babbar.tech/crawler)"
216.73.216.162 - - [07/Sep/2025:20:17:32 +0700] "GET /melbet-india-review-2023-57/feed HTTP/1.0" 301 721 "-" "Mozilla/5.0 AppleWebKit/537.36 (KHTML, like Gecko; compatible; ClaudeBot/1.0; +claudebot@anthropic.com)"
216.73.216.162 - - [07/Sep/2025:20:17:33 +0700] "GET /melbet-india-review-2023-57/feed/ HTTP/1.0" 200 1529 "https://vattusacky.vn/melbet-india-review-2023-57/feed" "Mozilla/5.0 AppleWebKit/537.36 (KHTML, like Gecko; compatible; ClaudeBot/1.0; +claudebot@anthropic.com)"
17.241.75.88 - - [07/Sep/2025:20:17:45 +0700] "GET /the-role-of-timing-in-the-manifestation-of-coincidences-on-omegle/ HTTP/1.0" 200 91555 "-" "Mozilla/5.0 (Macintosh; Intel Mac OS X 10_15_7) AppleWebKit/605.1.15 (KHTML, like Gecko) Version/17.4 Safari/605.1.15 (Applebot/0.1; +http://www.apple.com/go/applebot)"
217.113.194.217 - - [07/Sep/2025:20:17:53 +0700] "GET /su-dung-khoan-vay-yeu-cau-lien-he-voi-gapvay-cac-to-chuc-ngan-hang-va-bat-dau-nguoi-vay/ HTTP/1.0" 200 211223 "-" "Mozilla/5.0 (compatible; Barkrowler/0.9; +https://babbar.tech/crawler)"
45.117.177.72 - - [07/Sep/2025:20:18:24 +0700] "POST /wp-cron.php?doing_wp_cron=1757251104.5663020610809326171875 HTTP/1.0" 200 416 "-" "WordPress/6.8.1; https://vattusacky.vn"
154.54.249.200 - - [07/Sep/2025:20:18:23 +0700] "GET /nhung-gi-ban-can-de-loai-cua-https-vaysite-com-app-vay-tien-bat-ky-khoan-tam-ung-tai-chinh-nao/feed/ HTTP/1.0" 200 1909 "-" "Mozilla/5.0 (compatible; Barkrowler/0.9; +https://babbar.tech/crawler)"
217.113.194.79 - - [07/Sep/2025:20:18:43 +0700] "GET /chuong-trinh-chuyen-tiep-nhanh-chong-doctor-dong-tra-truoc-hang-loat-ngay-chi-sau-muoi-phut/feed/ HTTP/1.0" 200 1903 "-" "Mozilla/5.0 (compatible; Barkrowler/0.9; +https://babbar.tech/crawler)"
17.241.219.183 - - [07/Sep/2025:20:18:59 +0700] "GET /the-role-of-body-language-in-online-communication-on-omegle-and-ometv/ HTTP/1.0" 200 76086 "-" "Mozilla/5.0 (Macintosh; Intel Mac OS X 10_15_7) AppleWebKit/605.1.15 (KHTML, like Gecko) Version/17.4 Safari/605.1.15 (Applebot/0.1; +http://www.apple.com/go/applebot)"
217.113.194.81 - - [07/Sep/2025:20:19:04 +0700] "GET /lam-the-nao-de-ban-co-the-du-dieu-https-vaysite-com-vay-gap-kien-nhan-tam-ung-truc-tuyen-ky-han-dai/feed/ HTTP/1.0" 200 1932 "-" "Mozilla/5.0 (compatible; Barkrowler/0.9; +https://babbar.tech/crawler)"
45.117.177.72 - - [07/Sep/2025:20:19:25 +0700] "POST /wp-cron.php?doing_wp_cron=1757251165.4083280563354492187500 HTTP/1.0" 200 416 "-" "WordPress/6.8.1; https://vattusacky.vn"
217.113.194.77 - - [07/Sep/2025:20:19:24 +0700] "GET /lam-the-nao-ban-co-the-kiem-https-vaysite-com-nguoi-cho-vay-vayvnd-tra-cac-khoan-vay-truc-tuyen/ HTTP/1.0" 200 211462 "-" "Mozilla/5.0 (compatible; Barkrowler/0.9; +https://babbar.tech/crawler)"
217.113.194.76 - - [07/Sep/2025:20:19:57 +0700] "GET /lam-the-nao-de-co-duoc-mot-khoan-https-vaysite-com-app-vay-tien-tien-gui-cai-thien-tien-dua-tren-web/feed/ HTTP/1.0" 200 1929 "-" "Mozilla/5.0 (compatible; Barkrowler/0.9; +https://babbar.tech/crawler)"
216.73.216.162 - - [07/Sep/2025:20:20:00 +0700] "GET /search-outcomes-slug-melbet-20-india-e-2-ninety-101 HTTP/1.0" 301 642 "-" "Mozilla/5.0 AppleWebKit/537.36 (KHTML, like Gecko; compatible; ClaudeBot/1.0; +claudebot@anthropic.com)"
216.73.216.162 - - [07/Sep/2025:20:20:01 +0700] "GET /search-outcomes-slug-melbet-20-india-e-2-ninety-101/ HTTP/1.0" 200 233178 "https://vattusacky.vn/search-outcomes-slug-melbet-20-india-e-2-ninety-101" "Mozilla/5.0 AppleWebKit/537.36 (KHTML, like Gecko; compatible; ClaudeBot/1.0; +claudebot@anthropic.com)"
217.113.194.78 - - [07/Sep/2025:20:20:17 +0700] "GET /skachat-mostbet-na-android-besplatno-prilozhenie-bukmekerskoj-kontory-mostbet-dlja-android-na-ofitsialnom-sajte/feed/ HTTP/1.0" 200 2010 "-" "Mozilla/5.0 (compatible; Barkrowler/0.9; +https://babbar.tech/crawler)"
217.113.194.217 - - [07/Sep/2025:20:20:43 +0700] "GET /euskonews-media-gaiak-esteroides-anabolizantes-ii-efectos-secundarios-conocimientos-del-riesgo-y-respuesta-al-problema/feed/ HTTP/1.0" 200 1973 "-" "Mozilla/5.0 (compatible; Barkrowler/0.9; +https://babbar.tech/crawler)"
107.189.3.47 - - [07/Sep/2025:20:20:40 +0700] "GET /wp-login.php HTTP/1.0" 200 11388 "-" "Mozilla/5.0 (Macintosh; Intel Mac OS X 10.9; rv:31.0) Gecko/20100101 Firefox/31.0"
217.113.194.76 - - [07/Sep/2025:20:21:02 +0700] "GET /truc-tuyen-nhanh-chong-https-vaysite-com-app-vay-tien-cash24-app-chuyen-tiep-lua-chon-nhanh/feed/ HTTP/1.0" 200 1886 "-" "Mozilla/5.0 (compatible; Barkrowler/0.9; +https://babbar.tech/crawler)"
185.191.171.15 - - [07/Sep/2025:20:21:04 +0700] "GET /tang-xep-hang-tin-dung-cua-ban-tu-vdong-chuong-trinh-phan-mem-cai-thien-findo/ HTTP/1.0" 200 210237 "-" "Mozilla/5.0 (compatible; SemrushBot/7~bl; +http://www.semrush.com/bot.html)"
45.117.177.72 - - [07/Sep/2025:20:21:24 +0700] "POST /wp-cron.php?doing_wp_cron=1757251284.2679738998413085937500 HTTP/1.0" 200 416 "-" "WordPress/6.8.1; https://vattusacky.vn"
217.113.194.80 - - [07/Sep/2025:20:21:22 +0700] "GET /phan-mem-cash24-move-forward-cach-https-vaytienuytin24h-com-xac-dinh-vi-tri-popped-nhanh-chong/feed/ HTTP/1.0" 200 1903 "-" "Mozilla/5.0 (compatible; Barkrowler/0.9; +https://babbar.tech/crawler)"
217.113.194.79 - - [07/Sep/2025:20:21:42 +0700] "GET /danh-muc/moi-truong-dat/du%CC%A3ng-cu%CC%A3-lay-ma%CC%83u-dat-moi-truong-dat/page/2/?s HTTP/1.0" 200 82841 "-" "Mozilla/5.0 (compatible; Barkrowler/0.9; +https://babbar.tech/crawler)"
217.113.194.72 - - [07/Sep/2025:20:22:05 +0700] "GET /1xbet-giris-%E2%AD%90%EF%B8%8F-1xbahis-canli-casino-%EF%B8%8F-1x-bet-bahis-yeni-adresi-2023/ HTTP/1.0" 200 99134 "-" "Mozilla/5.0 (compatible; Barkrowler/0.9; +https://babbar.tech/crawler)"
45.117.177.72 - - [07/Sep/2025:20:22:23 +0700] "POST /wp-cron.php?doing_wp_cron=1757251343.5018959045410156250000 HTTP/1.0" 200 416 "-" "WordPress/6.8.1; https://vattusacky.vn"
85.208.96.199 - - [07/Sep/2025:20:22:22 +0700] "GET /kingjohnnie-internet-casino-for-aussie-players-111/ HTTP/1.0" 200 77307 "-" "Mozilla/5.0 (compatible; SemrushBot/7~bl; +http://www.semrush.com/bot.html)"
217.113.194.78 - - [07/Sep/2025:20:22:28 +0700] "GET /polnyy-gayd-po-pinap-registratsiya-igry-kak-ispolzovat-mobilnye-prilozheniya-i-popast-na-sayt-cherez-zerkalo/feed/ HTTP/1.0" 200 2017 "-" "Mozilla/5.0 (compatible; Barkrowler/0.9; +https://babbar.tech/crawler)"
217.113.194.217 - - [07/Sep/2025:20:22:48 +0700] "GET /co-nen-de-cac-bac-si-khang-vay-tien-bang-can-cuoc-cong-dan-va-bang-lai-xe-dinh-phong-kham-cai-thien/feed/ HTTP/1.0" 200 1928 "-" "Mozilla/5.0 (compatible; Barkrowler/0.9; +https://babbar.tech/crawler)"
217.113.194.75 - - [07/Sep/2025:20:23:08 +0700] "GET /1xbet-az-r%C9%99smi-sayt-1xbet-az%C9%99rbaycan-bukmeker-kontoru-bonuslar-apk-152/ HTTP/1.0" 200 83573 "-" "Mozilla/5.0 (compatible; Barkrowler/0.9; +https://babbar.tech/crawler)"
45.117.177.72 - - [07/Sep/2025:20:23:31 +0700] "POST /wp-cron.php?doing_wp_cron=1757251411.5063300132751464843750 HTTP/1.0" 200 416 "-" "WordPress/6.8.1; https://vattusacky.vn"
217.113.194.73 - - [07/Sep/2025:20:23:30 +0700] "GET /lam-the-nao-ban-co-the-kiem-https-vaysite-com-nguoi-cho-vay-vayvnd-tra-cac-khoan-vay-truc-tuyen/feed/ HTTP/1.0" 200 1903 "-" "Mozilla/5.0 (compatible; Barkrowler/0.9; +https://babbar.tech/crawler)"
217.113.194.78 - - [07/Sep/2025:20:23:49 +0700] "GET /mencari-kemenangan-maksimal-betcoin88-adalah-pilihan-terbaik-untuk-menyemarakkan-pengalaman-anda/feed/ HTTP/1.0" 200 1888 "-" "Mozilla/5.0 (compatible; Barkrowler/0.9; +https://babbar.tech/crawler)"
217.113.194.217 - - [07/Sep/2025:20:24:10 +0700] "GET /1xbet-vhod-1xbet-aktualnoe-zerkalo-na-den-novosti-igry-obzory-prohozhdenie-video-skrinshoty-obsuzhdenie/feed/ HTTP/1.0" 200 1990 "-" "Mozilla/5.0 (compatible; Barkrowler/0.9; +https://babbar.tech/crawler)"
45.117.177.72 - - [07/Sep/2025:20:24:32 +0700] "POST /wp-cron.php?doing_wp_cron=1757251472.2642419338226318359375 HTTP/1.0" 200 416 "-" "WordPress/6.8.1; https://vattusacky.vn"
217.113.194.74 - - [07/Sep/2025:20:24:31 +0700] "GET /1xbet-az-r%C9%99smi-sayt-1xbet-az%C9%99rbaycan-bukmeker-kontoru-bonuslar-apk-152/feed/ HTTP/1.0" 200 1827 "-" "Mozilla/5.0 (compatible; Barkrowler/0.9; +https://babbar.tech/crawler)"
45.117.177.72 - - [07/Sep/2025:20:24:48 +0700] "POST /wp-cron.php?doing_wp_cron=1757251487.8227629661560058593750 HTTP/1.0" 200 416 "-" "WordPress/6.8.1; https://vattusacky.vn"
20.15.133.165 - - [07/Sep/2025:20:24:46 +0700] "GET /robots.txt HTTP/1.0" 200 984 "-" "Mozilla/5.0 AppleWebKit/537.36 (KHTML, like Gecko; compatible; bingbot/2.0; +http://www.bing.com/bingbot.htm) Chrome/116.0.1938.76 Safari/537.36"
114.122.167.135 - - [07/Sep/2025:20:24:50 +0700] "GET / HTTP/1.0" 200 60071 "-" "Mozilla/5.0 (Linux; Android 10; K) AppleWebKit/537.36 (KHTML, like Gecko) Chrome/139.0.0.0 Mobile Safari/537.36"
217.113.194.78 - - [07/Sep/2025:20:24:51 +0700] "GET /1xbet-giris-%E2%AD%90%EF%B8%8F-1xbahis-canli-casino-%EF%B8%8F-1x-bet-bahis-yeni-adresi-2023/feed/ HTTP/1.0" 200 1856 "-" "Mozilla/5.0 (compatible; Barkrowler/0.9; +https://babbar.tech/crawler)"
20.15.133.191 - - [07/Sep/2025:20:24:55 +0700] "GET /omegles-role-in-supporting-mental-health/ HTTP/1.0" 200 86412 "-" "Mozilla/5.0 AppleWebKit/537.36 (KHTML, like Gecko; compatible; bingbot/2.0; +http://www.bing.com/bingbot.htm) Chrome/116.0.1938.76 Safari/537.36"
45.134.225.130 - - [07/Sep/2025:20:24:54 +0700] "GET /wp-login.php HTTP/1.0" 200 11388 "-" "Mozilla/5.0 (compatible; MSIE 9.0; Windows NT 6.1; Trident/5.0)"
45.134.225.130 - - [07/Sep/2025:20:25:04 +0700] "GET /?author=1 HTTP/1.0" 301 560 "-" "Mozilla/5.0 (compatible; Googlebot/2.1; +http://www.google.com/bot.html)"
45.134.225.130 - - [07/Sep/2025:20:25:05 +0700] "GET /?author=2 HTTP/1.0" 404 70812 "-" "Mozilla/5.0 (compatible; Googlebot/2.1; +http://www.google.com/bot.html)"
45.134.225.130 - - [07/Sep/2025:20:25:09 +0700] "GET /?author=3 HTTP/1.0" 200 57214 "-" "Mozilla/5.0 (compatible; Googlebot/2.1; +http://www.google.com/bot.html)"
45.134.225.130 - - [07/Sep/2025:20:25:11 +0700] "GET /?author=4 HTTP/1.0" 301 556 "-" "Mozilla/5.0 (compatible; Googlebot/2.1; +http://www.google.com/bot.html)"
154.54.249.200 - - [07/Sep/2025:20:25:12 +0700] "GET /chinh-xac-nhung-gi-ban-can-https-vaysite-com-nguoi-cho-vay-takomo-loai-phan-mem-nang-cao-nhanh-chong/ HTTP/1.0" 200 211615 "-" "Mozilla/5.0 (compatible; Barkrowler/0.9; +https://babbar.tech/crawler)"
45.134.225.130 - - [07/Sep/2025:20:25:13 +0700] "GET /?author=5 HTTP/1.0" 200 57157 "-" "Mozilla/5.0 (compatible; Googlebot/2.1; +http://www.google.com/bot.html)"
45.134.225.130 - - [07/Sep/2025:20:25:15 +0700] "GET /?author=6 HTTP/1.0" 200 57128 "-" "Mozilla/5.0 (compatible; Googlebot/2.1; +http://www.google.com/bot.html)"
45.117.177.72 - - [07/Sep/2025:20:25:18 +0700] "POST /wp-cron.php?doing_wp_cron=1757251518.8027811050415039062500 HTTP/1.0" 200 416 "-" "WordPress/6.8.1; https://vattusacky.vn"
45.134.225.130 - - [07/Sep/2025:20:25:17 +0700] "POST /wp-login.php HTTP/1.0" 200 11871 "-" "Mozilla/5.0 (Windows NT 6.1; WOW64) AppleWebKit/537.36 (KHTML, like Gecko) Chrome/56.0.2924.90 Safari/537.36 2345Explorer/9.3.2.17331"
45.134.225.130 - - [07/Sep/2025:20:25:19 +0700] "POST /wp-login.php HTTP/1.0" 200 11876 "-" "Mozilla/5.0 (Windows NT 6.1; WOW64) AppleWebKit/537.36 (KHTML, like Gecko) Chrome/56.0.2924.90 Safari/537.36 2345Explorer/9.3.2.17331"
45.134.225.130 - - [07/Sep/2025:20:25:20 +0700] "POST /wp-login.php HTTP/1.0" 200 11876 "-" "Mozilla/5.0 (Windows NT 6.1; WOW64) AppleWebKit/537.36 (KHTML, like Gecko) Chrome/56.0.2924.90 Safari/537.36 2345Explorer/9.3.2.17331"
45.134.225.130 - - [07/Sep/2025:20:25:22 +0700] "POST /wp-login.php HTTP/1.0" 200 11868 "-" "Mozilla/5.0 (Windows NT 6.1; WOW64) AppleWebKit/537.36 (KHTML, like Gecko) Chrome/56.0.2924.90 Safari/537.36 2345Explorer/9.3.2.17331"
154.54.249.200 - - [07/Sep/2025:20:25:48 +0700] "GET /obtenga-un-recibo-de-hasta-22000-ars-en-su-primer-deposito-cuando-use-este-cupon-1xbet-codigos-descuentos-1xbet/feed/ HTTP/1.0" 200 1933 "-" "Mozilla/5.0 (compatible; Barkrowler/0.9; +https://babbar.tech/crawler)"
52.167.144.206 - - [07/Sep/2025:20:25:59 +0700] "GET /wesman-todd-shaw-on-hubpages/ HTTP/1.0" 200 209341 "-" "Mozilla/5.0 AppleWebKit/537.36 (KHTML, like Gecko; compatible; bingbot/2.0; +http://www.bing.com/bingbot.htm) Chrome/116.0.1938.76 Safari/537.36"
217.113.194.81 - - [07/Sep/2025:20:26:09 +0700] "GET /1win-%D0%BE%D1%84%D0%B8%D1%86%D0%B8%D0%B0%D0%BB%D1%8C%D0%BD%D1%8B%D0%B9-%D1%81%D0%B0%D0%B9%D1%82-%D0%B2%D1%85%D0%BE%D0%B4-1win-%D1%80%D0%B5%D0%B3%D0%B8%D1%81%D1%82%D1%80%D0%B0%D1%86%D0%B8%D1%8F/ HTTP/1.0" 200 110198 "-" "Mozilla/5.0 (compatible; Barkrowler/0.9; +https://babbar.tech/crawler)"
45.117.177.72 - - [07/Sep/2025:20:26:36 +0700] "POST /wp-cron.php?doing_wp_cron=1757251596.3856499195098876953125 HTTP/1.0" 200 416 "-" "WordPress/6.8.1; https://vattusacky.vn"
217.113.194.217 - - [07/Sep/2025:20:26:35 +0700] "GET /%F0%9F%8E%B0-situs-slot-hari-ini-terbaik-terpercaya-2025-gampang-menang-besar-selalu-update-game-terbaru/feed/ HTTP/1.0" 200 1919 "-" "Mozilla/5.0 (compatible; Barkrowler/0.9; +https://babbar.tech/crawler)"
17.241.219.119 - - [07/Sep/2025:20:26:47 +0700] "GET /the-beginnings-of-omegle-how-it-all-started/ HTTP/1.0" 200 92396 "-" "Mozilla/5.0 (Macintosh; Intel Mac OS X 10_15_7) AppleWebKit/605.1.15 (KHTML, like Gecko) Version/17.4 Safari/605.1.15 (Applebot/0.1; +http://www.apple.com/go/applebot)"
217.113.194.77 - - [07/Sep/2025:20:26:58 +0700] "GET /1win-%D0%BE%D1%84%D0%B8%D1%86%D0%B8%D0%B0%D0%BB%D1%8C%D0%BD%D1%8B%D0%B9-%D1%81%D0%B0%D0%B9%D1%82-%D0%B2%D1%85%D0%BE%D0%B4-1win-%D1%80%D0%B5%D0%B3%D0%B8%D1%81%D1%82%D1%80%D0%B0%D1%86%D0%B8%D1%8F/feed/ HTTP/1.0" 200 2056 "-" "Mozilla/5.0 (compatible; Barkrowler/0.9; +https://babbar.tech/crawler)"
45.117.177.72 - - [07/Sep/2025:20:27:19 +0700] "POST /wp-cron.php?doing_wp_cron=1757251639.2668440341949462890625 HTTP/1.0" 200 416 "-" "WordPress/6.8.1; https://vattusacky.vn"
217.113.194.74 - - [07/Sep/2025:20:27:18 +0700] "GET /chinh-xac-nhung-gi-ban-can-https-vaysite-com-nguoi-cho-vay-takomo-loai-phan-mem-nang-cao-nhanh-chong/feed/ HTTP/1.0" 200 1917 "-" "Mozilla/5.0 (compatible; Barkrowler/0.9; +https://babbar.tech/crawler)"
52.167.144.201 - - [07/Sep/2025:20:27:25 +0700] "GET /sitemap_index.xml HTTP/1.0" 200 2426 "-" "Mozilla/5.0 AppleWebKit/537.36 (KHTML, like Gecko; compatible; bingbot/2.0; +http://www.bing.com/bingbot.htm) Chrome/116.0.1938.76 Safari/537.36"
217.113.194.217 - - [07/Sep/2025:20:27:38 +0700] "GET /%D1%81%D0%BA%D0%B0%D1%87%D0%B0%D1%82%D1%8C-1xbet-kz-%D0%BC%D0%BE%D0%B1%D0%B8%D0%BB%D1%8C%D0%BD%D0%B0%D1%8F-%D0%B2%D0%B5%D1%80%D1%81%D0%B8%D1%8F-1%D1%85%D0%B1%D0%B5%D1%82-%D0%BD%D0%B0-%D0%B0%D0%BD/feed/ HTTP/1.0" 200 2093 "-" "Mozilla/5.0 (compatible; Barkrowler/0.9; +https://babbar.tech/crawler)"
217.113.194.217 - - [07/Sep/2025:20:27:58 +0700] "GET /tien-do-truc-tuyen-nhanh-chong-co-vay-nhanh-10-trieu-trong-ngay-the-khac-phuc-su-kho-khan-ve-doanh-thu/feed/ HTTP/1.0" 200 1929 "-" "Mozilla/5.0 (compatible; Barkrowler/0.9; +https://babbar.tech/crawler)"
45.117.177.72 - - [07/Sep/2025:20:28:20 +0700] "POST /wp-cron.php?doing_wp_cron=1757251699.8260118961334228515625 HTTP/1.0" 200 416 "-" "WordPress/6.8.1; https://vattusacky.vn"
217.113.194.79 - - [07/Sep/2025:20:28:18 +0700] "GET /nhanh-chong-tren-internet-tien-ve-phia-truoc-vay-tien-bang-cmnd-18-tuoi-bo-suu-tap-duoc-trung-bay-ben-trong-mins/feed/ HTTP/1.0" 200 1976 "-" "Mozilla/5.0 (compatible; Barkrowler/0.9; +https://babbar.tech/crawler)"
217.113.194.76 - - [07/Sep/2025:20:28:40 +0700] "GET /nhanh-chong-tren-internet-tien-ve-phia-truoc-vay-tien-bang-cmnd-18-tuoi-bo-suu-tap-duoc-trung-bay-ben-trong-mins/ HTTP/1.0" 200 213739 "-" "Mozilla/5.0 (compatible; Barkrowler/0.9; +https://babbar.tech/crawler)"
17.22.245.240 - - [07/Sep/2025:20:28:48 +0700] "GET /wp-content/plugins/contact-form-7/includes/css/styles.css?ver=6.0.6 HTTP/1.0" 200 432 "https://vattusacky.vn/the-role-of-body-language-in-online-communication-on-omegle-and-ometv/" "Mozilla/5.0 (Macintosh; Intel Mac OS X 10_15_7) AppleWebKit/605.1.15 (KHTML, like Gecko) Version/17.4 Safari/605.1.15 (Applebot/0.1; +http://www.apple.com/go/applebot)"
17.22.253.30 - - [07/Sep/2025:20:28:48 +0700] "GET /wp-content/plugins/gridlist-view-for-woocommerce/css/shop_lgv.css?ver=1.1.8 HTTP/1.0" 200 440 "https://vattusacky.vn/the-role-of-body-language-in-online-communication-on-omegle-and-ometv/" "Mozilla/5.0 (Macintosh; Intel Mac OS X 10_15_7) AppleWebKit/605.1.15 (KHTML, like Gecko) Version/17.4 Safari/605.1.15 (Applebot/0.1; +http://www.apple.com/go/applebot)"
17.22.237.87 - - [07/Sep/2025:20:28:49 +0700] "GET /wp-content/plugins/content-views-query-and-display-post-page/public/assets/css/cv.css?ver=4.1 HTTP/1.0" 200 460 "https://vattusacky.vn/the-role-of-body-language-in-online-communication-on-omegle-and-ometv/" "Mozilla/5.0 (Macintosh; Intel Mac OS X 10_15_7) AppleWebKit/605.1.15 (KHTML, like Gecko) Version/17.4 Safari/605.1.15 (Applebot/0.1; +http://www.apple.com/go/applebot)"
17.22.237.95 - - [07/Sep/2025:20:28:49 +0700] "GET /wp-includes/css/dist/block-library/style.min.css?ver=6.8.1 HTTP/1.0" 200 423 "https://vattusacky.vn/the-role-of-body-language-in-online-communication-on-omegle-and-ometv/" "Mozilla/5.0 (Macintosh; Intel Mac OS X 10_15_7) AppleWebKit/605.1.15 (KHTML, like Gecko) Version/17.4 Safari/605.1.15 (Applebot/0.1; +http://www.apple.com/go/applebot)"
17.22.253.91 - - [07/Sep/2025:20:28:50 +0700] "GET /wp-content/plugins/gridlist-view-for-woocommerce/berocket/assets/css/font-awesome.min.css?ver=6.8.1 HTTP/1.0" 200 464 "https://vattusacky.vn/the-role-of-body-language-in-online-communication-on-omegle-and-ometv/" "Mozilla/5.0 (Macintosh; Intel Mac OS X 10_15_7) AppleWebKit/605.1.15 (KHTML, like Gecko) Version/17.4 Safari/605.1.15 (Applebot/0.1; +http://www.apple.com/go/applebot)"
17.22.253.70 - - [07/Sep/2025:20:28:50 +0700] "GET /wp-content/plugins/devvn-stickytooltip/stickytooltip.css?ver=1.0.0 HTTP/1.0" 200 431 "https://vattusacky.vn/the-role-of-body-language-in-online-communication-on-omegle-and-ometv/" "Mozilla/5.0 (Macintosh; Intel Mac OS X 10_15_7) AppleWebKit/605.1.15 (KHTML, like Gecko) Version/17.4 Safari/605.1.15 (Applebot/0.1; +http://www.apple.com/go/applebot)"
17.22.245.75 - - [07/Sep/2025:20:28:51 +0700] "GET /wp-content/plugins/woocommerce/assets/css/woocommerce-layout.css?ver=9.8.3 HTTP/1.0" 200 439 "https://vattusacky.vn/the-role-of-body-language-in-online-communication-on-omegle-and-ometv/" "Mozilla/5.0 (Macintosh; Intel Mac OS X 10_15_7) AppleWebKit/605.1.15 (KHTML, like Gecko) Version/17.4 Safari/605.1.15 (Applebot/0.1; +http://www.apple.com/go/applebot)"
17.22.253.54 - - [07/Sep/2025:20:28:51 +0700] "GET /wp-content/plugins/woocommerce/assets/css/woocommerce.css?ver=9.8.3 HTTP/1.0" 200 432 "https://vattusacky.vn/the-role-of-body-language-in-online-communication-on-omegle-and-ometv/" "Mozilla/5.0 (Macintosh; Intel Mac OS X 10_15_7) AppleWebKit/605.1.15 (KHTML, like Gecko) Version/17.4 Safari/605.1.15 (Applebot/0.1; +http://www.apple.com/go/applebot)"
17.22.253.91 - - [07/Sep/2025:20:28:51 +0700] "GET /wp-content/plugins/yith-woocommerce-category-accordion-premium/cache/ywcca_dynamics.css?ver=6.8.1 HTTP/1.0" 200 462 "https://vattusacky.vn/the-role-of-body-language-in-online-communication-on-omegle-and-ometv/" "Mozilla/5.0 (Macintosh; Intel Mac OS X 10_15_7) AppleWebKit/605.1.15 (KHTML, like Gecko) Version/17.4 Safari/605.1.15 (Applebot/0.1; +http://www.apple.com/go/applebot)"
17.22.245.84 - - [07/Sep/2025:20:28:52 +0700] "GET /wp-content/plugins/yith-woocommerce-category-accordion-premium/assets/css/ywcca_style.css?ver=1.0.12 HTTP/1.0" 200 464 "https://vattusacky.vn/the-role-of-body-language-in-online-communication-on-omegle-and-ometv/" "Mozilla/5.0 (Macintosh; Intel Mac OS X 10_15_7) AppleWebKit/605.1.15 (KHTML, like Gecko) Version/17.4 Safari/605.1.15 (Applebot/0.1; +http://www.apple.com/go/applebot)"
17.22.245.155 - - [07/Sep/2025:20:28:53 +0700] "GET /wp-content/themes/tem_techno_v2/inc/css/bootstrap.min.css?ver=6.8.1 HTTP/1.0" 200 432 "https://vattusacky.vn/the-role-of-body-language-in-online-communication-on-omegle-and-ometv/" "Mozilla/5.0 (Macintosh; Intel Mac OS X 10_15_7) AppleWebKit/605.1.15 (KHTML, like Gecko) Version/17.4 Safari/605.1.15 (Applebot/0.1; +http://www.apple.com/go/applebot)"
17.22.245.199 - - [07/Sep/2025:20:28:53 +0700] "GET /wp-content/plugins/woocommerce/assets/css/brands.css?ver=9.8.3 HTTP/1.0" 200 427 "https://vattusacky.vn/the-role-of-body-language-in-online-communication-on-omegle-and-ometv/" "Mozilla/5.0 (Macintosh; Intel Mac OS X 10_15_7) AppleWebKit/605.1.15 (KHTML, like Gecko) Version/17.4 Safari/605.1.15 (Applebot/0.1; +http://www.apple.com/go/applebot)"
17.22.245.185 - - [07/Sep/2025:20:28:54 +0700] "GET /wp-content/themes/tem_techno_v2/inc/css/font-awesome.min.css?ver=6.8.1 HTTP/1.0" 200 435 "https://vattusacky.vn/the-role-of-body-language-in-online-communication-on-omegle-and-ometv/" "Mozilla/5.0 (Macintosh; Intel Mac OS X 10_15_7) AppleWebKit/605.1.15 (KHTML, like Gecko) Version/17.4 Safari/605.1.15 (Applebot/0.1; +http://www.apple.com/go/applebot)"
17.22.245.84 - - [07/Sep/2025:20:28:54 +0700] "GET /wp-content/plugins/wp-pagenavi/pagenavi-css.css?ver=2.70 HTTP/1.0" 200 823 "https://vattusacky.vn/the-role-of-body-language-in-online-communication-on-omegle-and-ometv/" "Mozilla/5.0 (Macintosh; Intel Mac OS X 10_15_7) AppleWebKit/605.1.15 (KHTML, like Gecko) Version/17.4 Safari/605.1.15 (Applebot/0.1; +http://www.apple.com/go/applebot)"
17.22.245.91 - - [07/Sep/2025:20:28:54 +0700] "GET /wp-content/themes/tem_techno_v2/style.css?ver=6.8.1 HTTP/1.0" 200 416 "https://vattusacky.vn/the-role-of-body-language-in-online-communication-on-omegle-and-ometv/" "Mozilla/5.0 (Macintosh; Intel Mac OS X 10_15_7) AppleWebKit/605.1.15 (KHTML, like Gecko) Version/17.4 Safari/605.1.15 (Applebot/0.1; +http://www.apple.com/go/applebot)"
17.22.253.54 - - [07/Sep/2025:20:28:54 +0700] "GET /wp-includes/js/jquery/jquery.min.js?ver=3.7.1 HTTP/1.0" 200 424 "https://vattusacky.vn/the-role-of-body-language-in-online-communication-on-omegle-and-ometv/" "Mozilla/5.0 (Macintosh; Intel Mac OS X 10_15_7) AppleWebKit/605.1.15 (KHTML, like Gecko) Version/17.4 Safari/605.1.15 (Applebot/0.1; +http://www.apple.com/go/applebot)"
17.22.253.91 - - [07/Sep/2025:20:28:55 +0700] "GET /wp-includes/js/jquery/jquery-migrate.min.js?ver=3.4.1 HTTP/1.0" 200 432 "https://vattusacky.vn/the-role-of-body-language-in-online-communication-on-omegle-and-ometv/" "Mozilla/5.0 (Macintosh; Intel Mac OS X 10_15_7) AppleWebKit/605.1.15 (KHTML, like Gecko) Version/17.4 Safari/605.1.15 (Applebot/0.1; +http://www.apple.com/go/applebot)"
17.22.245.155 - - [07/Sep/2025:20:28:56 +0700] "GET /wp-content/plugins/gridlist-view-for-woocommerce/js/grid_view.js?ver=1.1.8 HTTP/1.0" 200 453 "https://vattusacky.vn/the-role-of-body-language-in-online-communication-on-omegle-and-ometv/" "Mozilla/5.0 (Macintosh; Intel Mac OS X 10_15_7) AppleWebKit/605.1.15 (KHTML, like Gecko) Version/17.4 Safari/605.1.15 (Applebot/0.1; +http://www.apple.com/go/applebot)"
17.22.245.172 - - [07/Sep/2025:20:28:56 +0700] "GET /wp-content/plugins/gridlist-view-for-woocommerce/js/jquery.cookie.js?ver=1.1.8 HTTP/1.0" 200 457 "https://vattusacky.vn/the-role-of-body-language-in-online-communication-on-omegle-and-ometv/" "Mozilla/5.0 (Macintosh; Intel Mac OS X 10_15_7) AppleWebKit/605.1.15 (KHTML, like Gecko) Version/17.4 Safari/605.1.15 (Applebot/0.1; +http://www.apple.com/go/applebot)"
17.22.245.84 - - [07/Sep/2025:20:28:56 +0700] "GET /wp-content/plugins/woocommerce/assets/js/jquery-blockui/jquery.blockUI.min.js?ver=2.7.0-wc.9.8.3 HTTP/1.0" 200 466 "https://vattusacky.vn/the-role-of-body-language-in-online-communication-on-omegle-and-ometv/" "Mozilla/5.0 (Macintosh; Intel Mac OS X 10_15_7) AppleWebKit/605.1.15 (KHTML, like Gecko) Version/17.4 Safari/605.1.15 (Applebot/0.1; +http://www.apple.com/go/applebot)"
17.22.237.213 - - [07/Sep/2025:20:28:58 +0700] "GET /wp-content/plugins/woocommerce/assets/js/frontend/add-to-cart.min.js?ver=9.8.3 HTTP/1.0" 200 457 "https://vattusacky.vn/the-role-of-body-language-in-online-communication-on-omegle-and-ometv/" "Mozilla/5.0 (Macintosh; Intel Mac OS X 10_15_7) AppleWebKit/605.1.15 (KHTML, like Gecko) Version/17.4 Safari/605.1.15 (Applebot/0.1; +http://www.apple.com/go/applebot)"
17.22.253.54 - - [07/Sep/2025:20:28:58 +0700] "GET /wp-content/plugins/woocommerce/assets/js/frontend/woocommerce.min.js?ver=9.8.3 HTTP/1.0" 200 457 "https://vattusacky.vn/the-role-of-body-language-in-online-communication-on-omegle-and-ometv/" "Mozilla/5.0 (Macintosh; Intel Mac OS X 10_15_7) AppleWebKit/605.1.15 (KHTML, like Gecko) Version/17.4 Safari/605.1.15 (Applebot/0.1; +http://www.apple.com/go/applebot)"
17.22.245.35 - - [07/Sep/2025:20:28:58 +0700] "GET /wp-content/plugins/woocommerce/assets/js/js-cookie/js.cookie.min.js?ver=2.1.4-wc.9.8.3 HTTP/1.0" 200 456 "https://vattusacky.vn/the-role-of-body-language-in-online-communication-on-omegle-and-ometv/" "Mozilla/5.0 (Macintosh; Intel Mac OS X 10_15_7) AppleWebKit/605.1.15 (KHTML, like Gecko) Version/17.4 Safari/605.1.15 (Applebot/0.1; +http://www.apple.com/go/applebot)"
17.22.245.172 - - [07/Sep/2025:20:28:59 +0700] "GET /wp-content/themes/tem_techno_v2/inc/js/main.min.js?ver=6.8.1 HTTP/1.0" 200 439 "https://vattusacky.vn/the-role-of-body-language-in-online-communication-on-omegle-and-ometv/" "Mozilla/5.0 (Macintosh; Intel Mac OS X 10_15_7) AppleWebKit/605.1.15 (KHTML, like Gecko) Version/17.4 Safari/605.1.15 (Applebot/0.1; +http://www.apple.com/go/applebot)"
17.22.237.89 - - [07/Sep/2025:20:28:59 +0700] "GET /wp-content/themes/tem_techno_v2/inc/js/bootstrap.min.js?ver=6.8.1 HTTP/1.0" 200 444 "https://vattusacky.vn/the-role-of-body-language-in-online-communication-on-omegle-and-ometv/" "Mozilla/5.0 (Macintosh; Intel Mac OS X 10_15_7) AppleWebKit/605.1.15 (KHTML, like Gecko) Version/17.4 Safari/605.1.15 (Applebot/0.1; +http://www.apple.com/go/applebot)"
17.22.237.213 - - [07/Sep/2025:20:29:00 +0700] "GET /wp-content/themes/tem_techno_v2/js/jquerymenu.js HTTP/1.0" 200 437 "https://vattusacky.vn/the-role-of-body-language-in-online-communication-on-omegle-and-ometv/" "Mozilla/5.0 (Macintosh; Intel Mac OS X 10_15_7) AppleWebKit/605.1.15 (KHTML, like Gecko) Version/17.4 Safari/605.1.15 (Applebot/0.1; +http://www.apple.com/go/applebot)"
17.22.245.206 - - [07/Sep/2025:20:29:00 +0700] "GET /wp-content/themes/tem_techno_v2/slmenu.css HTTP/1.0" 200 417 "https://vattusacky.vn/the-role-of-body-language-in-online-communication-on-omegle-and-ometv/" "Mozilla/5.0 (Macintosh; Intel Mac OS X 10_15_7) AppleWebKit/605.1.15 (KHTML, like Gecko) Version/17.4 Safari/605.1.15 (Applebot/0.1; +http://www.apple.com/go/applebot)"
17.22.253.54 - - [07/Sep/2025:20:29:00 +0700] "GET /wp-content/themes/tem_techno_v2/js/jquery.simplyscroll.min.js HTTP/1.0" 200 450 "https://vattusacky.vn/the-role-of-body-language-in-online-communication-on-omegle-and-ometv/" "Mozilla/5.0 (Macintosh; Intel Mac OS X 10_15_7) AppleWebKit/605.1.15 (KHTML, like Gecko) Version/17.4 Safari/605.1.15 (Applebot/0.1; +http://www.apple.com/go/applebot)"
17.22.245.172 - - [07/Sep/2025:20:29:01 +0700] "GET /wp-content/themes/tem_techno_v2/js/crawler.js HTTP/1.0" 200 434 "https://vattusacky.vn/the-role-of-body-language-in-online-communication-on-omegle-and-ometv/" "Mozilla/5.0 (Macintosh; Intel Mac OS X 10_15_7) AppleWebKit/605.1.15 (KHTML, like Gecko) Version/17.4 Safari/605.1.15 (Applebot/0.1; +http://www.apple.com/go/applebot)"
17.22.237.247 - - [07/Sep/2025:20:29:02 +0700] "GET /wp-content/themes/tem_techno_v2/js/htg.js HTTP/1.0" 200 1342 "https://vattusacky.vn/the-role-of-body-language-in-online-communication-on-omegle-and-ometv/" "Mozilla/5.0 (Macintosh; Intel Mac OS X 10_15_7) AppleWebKit/605.1.15 (KHTML, like Gecko) Version/17.4 Safari/605.1.15 (Applebot/0.1; +http://www.apple.com/go/applebot)"
17.22.237.89 - - [07/Sep/2025:20:29:02 +0700] "GET /wp-content/plugins/woocommerce/assets/client/blocks/wc-blocks.css?ver=wc-9.8.3 HTTP/1.0" 200 440 "https://vattusacky.vn/the-role-of-body-language-in-online-communication-on-omegle-and-ometv/" "Mozilla/5.0 (Macintosh; Intel Mac OS X 10_15_7) AppleWebKit/605.1.15 (KHTML, like Gecko) Version/17.4 Safari/605.1.15 (Applebot/0.1; +http://www.apple.com/go/applebot)"
17.22.237.213 - - [07/Sep/2025:20:29:02 +0700] "GET /wp-includes/js/dist/hooks.min.js?ver=4d63a3d491d11ffd8ac6 HTTP/1.0" 200 421 "https://vattusacky.vn/the-role-of-body-language-in-online-communication-on-omegle-and-ometv/" "Mozilla/5.0 (Macintosh; Intel Mac OS X 10_15_7) AppleWebKit/605.1.15 (KHTML, like Gecko) Version/17.4 Safari/605.1.15 (Applebot/0.1; +http://www.apple.com/go/applebot)"
17.22.253.54 - - [07/Sep/2025:20:29:03 +0700] "GET /wp-includes/js/dist/i18n.min.js?ver=5e580eb46a90c2b997e6 HTTP/1.0" 200 420 "https://vattusacky.vn/the-role-of-body-language-in-online-communication-on-omegle-and-ometv/" "Mozilla/5.0 (Macintosh; Intel Mac OS X 10_15_7) AppleWebKit/605.1.15 (KHTML, like Gecko) Version/17.4 Safari/605.1.15 (Applebot/0.1; +http://www.apple.com/go/applebot)"
17.22.245.214 - - [07/Sep/2025:20:29:04 +0700] "GET /wp-content/plugins/contact-form-7/includes/swv/js/index.js?ver=6.0.6 HTTP/1.0" 200 447 "https://vattusacky.vn/the-role-of-body-language-in-online-communication-on-omegle-and-ometv/" "Mozilla/5.0 (Macintosh; Intel Mac OS X 10_15_7) AppleWebKit/605.1.15 (KHTML, like Gecko) Version/17.4 Safari/605.1.15 (Applebot/0.1; +http://www.apple.com/go/applebot)"
17.22.245.167 - - [07/Sep/2025:20:29:05 +0700] "GET /wp-content/plugins/contact-form-7/includes/js/index.js?ver=6.0.6 HTTP/1.0" 200 443 "https://vattusacky.vn/the-role-of-body-language-in-online-communication-on-omegle-and-ometv/" "Mozilla/5.0 (Macintosh; Intel Mac OS X 10_15_7) AppleWebKit/605.1.15 (KHTML, like Gecko) Version/17.4 Safari/605.1.15 (Applebot/0.1; +http://www.apple.com/go/applebot)"
17.22.237.247 - - [07/Sep/2025:20:29:05 +0700] "GET /wp-content/plugins/devvn-stickytooltip/stickytooltip.js?ver=1.0.0 HTTP/1.0" 200 444 "https://vattusacky.vn/the-role-of-body-language-in-online-communication-on-omegle-and-ometv/" "Mozilla/5.0 (Macintosh; Intel Mac OS X 10_15_7) AppleWebKit/605.1.15 (KHTML, like Gecko) Version/17.4 Safari/605.1.15 (Applebot/0.1; +http://www.apple.com/go/applebot)"
17.22.245.233 - - [07/Sep/2025:20:29:05 +0700] "GET /wp-content/plugins/content-views-query-and-display-post-page/public/assets/js/cv.js?ver=4.1 HTTP/1.0" 200 472 "https://vattusacky.vn/the-role-of-body-language-in-online-communication-on-omegle-and-ometv/" "Mozilla/5.0 (Macintosh; Intel Mac OS X 10_15_7) AppleWebKit/605.1.15 (KHTML, like Gecko) Version/17.4 Safari/605.1.15 (Applebot/0.1; +http://www.apple.com/go/applebot)"
17.22.245.172 - - [07/Sep/2025:20:29:05 +0700] "GET /wp-content/plugins/yith-woocommerce-category-accordion-premium/assets/js/ywcca_accordion.min.js?ver=1.0.12 HTTP/1.0" 200 484 "https://vattusacky.vn/the-role-of-body-language-in-online-communication-on-omegle-and-ometv/" "Mozilla/5.0 (Macintosh; Intel Mac OS X 10_15_7) AppleWebKit/605.1.15 (KHTML, like Gecko) Version/17.4 Safari/605.1.15 (Applebot/0.1; +http://www.apple.com/go/applebot)"
17.22.237.213 - - [07/Sep/2025:20:29:06 +0700] "GET /wp-content/plugins/yith-woocommerce-category-accordion-premium/assets/js/jquery.hoverIntent.min.js?ver=1.0.12 HTTP/1.0" 200 487 "https://vattusacky.vn/the-role-of-body-language-in-online-communication-on-omegle-and-ometv/" "Mozilla/5.0 (Macintosh; Intel Mac OS X 10_15_7) AppleWebKit/605.1.15 (KHTML, like Gecko) Version/17.4 Safari/605.1.15 (Applebot/0.1; +http://www.apple.com/go/applebot)"
17.22.237.89 - - [07/Sep/2025:20:29:06 +0700] "GET /wp-content/plugins/woocommerce/assets/js/sourcebuster/sourcebuster.min.js?ver=9.8.3 HTTP/1.0" 200 462 "https://vattusacky.vn/the-role-of-body-language-in-online-communication-on-omegle-and-ometv/" "Mozilla/5.0 (Macintosh; Intel Mac OS X 10_15_7) AppleWebKit/605.1.15 (KHTML, like Gecko) Version/17.4 Safari/605.1.15 (Applebot/0.1; +http://www.apple.com/go/applebot)"
17.22.237.247 - - [07/Sep/2025:20:29:07 +0700] "GET /wp-content/plugins/woocommerce/assets/js/frontend/order-attribution.min.js?ver=9.8.3 HTTP/1.0" 200 463 "https://vattusacky.vn/the-role-of-body-language-in-online-communication-on-omegle-and-ometv/" "Mozilla/5.0 (Macintosh; Intel Mac OS X 10_15_7) AppleWebKit/605.1.15 (KHTML, like Gecko) Version/17.4 Safari/605.1.15 (Applebot/0.1; +http://www.apple.com/go/applebot)"
17.22.253.54 - - [07/Sep/2025:20:29:07 +0700] "GET /wp-includes/js/comment-reply.min.js?ver=6.8.1 HTTP/1.0" 200 424 "https://vattusacky.vn/the-role-of-body-language-in-online-communication-on-omegle-and-ometv/" "Mozilla/5.0 (Macintosh; Intel Mac OS X 10_15_7) AppleWebKit/605.1.15 (KHTML, like Gecko) Version/17.4 Safari/605.1.15 (Applebot/0.1; +http://www.apple.com/go/applebot)"
17.22.237.128 - - [07/Sep/2025:20:29:09 +0700] "GET /wp-content/plugins/woocommerce/assets/css/woocommerce-smallscreen.css?ver=9.8.3 HTTP/1.0" 200 444 "https://vattusacky.vn/the-role-of-body-language-in-online-communication-on-omegle-and-ometv/" "Mozilla/5.0 (Macintosh; Intel Mac OS X 10_15_7) AppleWebKit/605.1.15 (KHTML, like Gecko) Version/17.4 Safari/605.1.15 (Applebot/0.1; +http://www.apple.com/go/applebot)"
217.113.194.217 - - [07/Sep/2025:20:29:15 +0700] "GET /lam-the-nao-de-tim-mot-cai-tien-https-vaysite-com-app-vay-tien-vamo-app-duoc-tiet-lo-truc-tuyen-ngay-lap-tuc/ HTTP/1.0" 200 210184 "-" "Mozilla/5.0 (compatible; Barkrowler/0.9; +https://babbar.tech/crawler)"
45.117.177.72 - - [07/Sep/2025:20:29:41 +0700] "POST /wp-cron.php?doing_wp_cron=1757251781.3045029640197753906250 HTTP/1.0" 200 416 "-" "WordPress/6.8.1; https://vattusacky.vn"
85.208.96.208 - - [07/Sep/2025:20:29:40 +0700] "GET /choosing-online-slot-machines-for-your-favorite-games/ HTTP/1.0" 200 207108 "-" "Mozilla/5.0 (compatible; SemrushBot/7~bl; +http://www.semrush.com/bot.html)"
154.54.249.200 - - [07/Sep/2025:20:29:50 +0700] "GET /tang-xep-hang-tin-dung-cua-ban-tai-https-vaysite-com-app-vay-tien-senmo-app-chuong-trinh-phan-mem-findo-advance/ HTTP/1.0" 200 210523 "-" "Mozilla/5.0 (compatible; Barkrowler/0.9; +https://babbar.tech/crawler)"
217.113.194.78 - - [07/Sep/2025:20:30:15 +0700] "GET /sweet-bonanza-nasil-oynanir-kolay-para-kazanma-taktigi-slot-casino-slotoyunlar-sweetbonanza-para-kazanma-guendeme-dair-ne-varsa/ HTTP/1.0" 200 222745 "-" "Mozilla/5.0 (compatible; Barkrowler/0.9; +https://babbar.tech/crawler)"
45.117.177.72 - - [07/Sep/2025:20:30:35 +0700] "POST /wp-cron.php?doing_wp_cron=1757251834.7846701145172119140625 HTTP/1.0" 200 416 "-" "WordPress/6.8.1; https://vattusacky.vn"
17.241.227.95 - - [07/Sep/2025:20:30:33 +0700] "GET /omegle-vs-ometv-which-one-has-better-moderation/ HTTP/1.0" 200 89986 "-" "Mozilla/5.0 (Macintosh; Intel Mac OS X 10_15_7) AppleWebKit/605.1.15 (KHTML, like Gecko) Version/17.4 Safari/605.1.15 (Applebot/0.1; +http://www.apple.com/go/applebot)"
217.113.194.75 - - [07/Sep/2025:20:30:51 +0700] "GET /1win-1%D0%B2%D0%B8%D0%BD-75000-%D1%80%D1%83%D0%B1%D0%BB%D0%B5%D0%B9-%D0%B1%D0%BE%D0%BD%D1%83%D1%81-%D0%B2%D1%85%D0%BE%D0%B4-%D0%BD%D0%B0-%D0%BE%D1%84%D0%B8%D1%86%D0%B8%D0%B0%D0%BB%D1%8C%D0%BD%D1%8B/feed/ HTTP/1.0" 200 2086 "-" "Mozilla/5.0 (compatible; Barkrowler/0.9; +https://babbar.tech/crawler)"
217.113.194.80 - - [07/Sep/2025:20:31:15 +0700] "GET /san-pham/hi-q-_-dau-va-cham-dong-hoc-hinh-khuyen-annular-kinetic-impactor-heads-voi-bo-dieu-chinh-khoang-cach-dung/ HTTP/1.0" 200 368400 "-" "Mozilla/5.0 (compatible; Barkrowler/0.9; +https://babbar.tech/crawler)"
45.117.177.72 - - [07/Sep/2025:20:31:39 +0700] "POST /wp-cron.php?doing_wp_cron=1757251899.1072270870208740234375 HTTP/1.0" 200 416 "-" "WordPress/6.8.1; https://vattusacky.vn"
85.208.96.211 - - [07/Sep/2025:20:31:37 +0700] "GET /kaufen-amoxicillin-generika-auf-nachnahme-in-remscheid/ HTTP/1.0" 200 151321 "-" "Mozilla/5.0 (compatible; SemrushBot/7~bl; +http://www.semrush.com/bot.html)"
217.113.194.217 - - [07/Sep/2025:20:31:54 +0700] "GET /so-tien-co-the-la-mot-chuyen-tiep-khoang-https-vaysite-com-vay-tien-nhanh-mot-tram-trieu-thang-nay-sang-thang-khac/ HTTP/1.0" 200 209611 "-" "Mozilla/5.0 (compatible; Barkrowler/0.9; +https://babbar.tech/crawler)"
45.117.177.72 - - [07/Sep/2025:20:32:29 +0700] "POST /wp-cron.php?doing_wp_cron=1757251949.3628559112548828125000 HTTP/1.0" 200 416 "-" "WordPress/6.8.1; https://vattusacky.vn"
217.113.194.78 - - [07/Sep/2025:20:32:28 +0700] "GET /tang-xep-hang-tin-dung-cua-ban-tai-https-vaysite-com-app-vay-tien-senmo-app-chuong-trinh-phan-mem-findo-advance/feed/ HTTP/1.0" 200 1954 "-" "Mozilla/5.0 (compatible; Barkrowler/0.9; +https://babbar.tech/crawler)"
217.113.194.80 - - [07/Sep/2025:20:32:48 +0700] "GET /sweet-bonanza-nasil-oynanir-kolay-para-kazanma-taktigi-slot-casino-slotoyunlar-sweetbonanza-para-kazanma-guendeme-dair-ne-varsa/feed/ HTTP/1.0" 200 1989 "-" "Mozilla/5.0 (compatible; Barkrowler/0.9; +https://babbar.tech/crawler)"
217.113.194.81 - - [07/Sep/2025:20:33:08 +0700] "GET /san-pham/hi-q-_-dau-va-cham-dong-hoc-hinh-khuyen-annular-kinetic-impactor-heads-voi-bo-dieu-chinh-khoang-cach-dung/feed/ HTTP/1.0" 200 1916 "-" "Mozilla/5.0 (compatible; Barkrowler/0.9; +https://babbar.tech/crawler)"
45.117.177.72 - - [07/Sep/2025:20:33:32 +0700] "POST /wp-cron.php?doing_wp_cron=1757252012.0494730472564697265625 HTTP/1.0" 200 416 "-" "WordPress/6.8.1; https://vattusacky.vn"
217.113.194.79 - - [07/Sep/2025:20:33:30 +0700] "GET /san-pham/may-quang-pho-tu-ngoai-kha-kien-uvvis-08-vi-tri-02-chum-tia-khe-0-5-1-2-va-5nm-khong-co-uvwin/ HTTP/1.0" 200 377598 "-" "Mozilla/5.0 (compatible; Barkrowler/0.9; +https://babbar.tech/crawler)"
217.113.194.77 - - [07/Sep/2025:20:34:10 +0700] "GET /san-pham/may-quang-pho-tu-ngoai-kha-kien-uvvis-08-vi-tri-02-chum-tia-khe-0-5-1-2-va-5nm-khong-co-uvwin/feed/ HTTP/1.0" 200 1874 "-" "Mozilla/5.0 (compatible; Barkrowler/0.9; +https://babbar.tech/crawler)"
45.117.177.72 - - [07/Sep/2025:20:34:31 +0700] "POST /wp-cron.php?doing_wp_cron=1757252071.6631801128387451171875 HTTP/1.0" 200 416 "-" "WordPress/6.8.1; https://vattusacky.vn"
