216.73.216.162 - - [07/Sep/2025:07:17:14 +0700] "GET /atlanta-wedding-and-engagement-traditions/ HTTP/1.0" 200 206489 "https://vattusacky.vn/?p=2999" "Mozilla/5.0 AppleWebKit/537.36 (KHTML, like Gecko; compatible; ClaudeBot/1.0; +claudebot@anthropic.com)"
45.117.177.72 - - [07/Sep/2025:07:17:17 +0700] "POST /wp-cron.php?doing_wp_cron=1757204237.4748470783233642578125 HTTP/1.0" 200 416 "-" "WordPress/6.8.1; https://vattusacky.vn"
216.73.216.162 - - [07/Sep/2025:07:17:16 +0700] "GET /turkish-guy-seeing-tips-be-affectionate-with-him/feed HTTP/1.0" 301 596 "-" "Mozilla/5.0 AppleWebKit/537.36 (KHTML, like Gecko; compatible; ClaudeBot/1.0; +claudebot@anthropic.com)"
216.73.216.162 - - [07/Sep/2025:07:17:18 +0700] "GET /turkish-guy-seeing-tips-be-affectionate-with-him/feed/ HTTP/1.0" 200 1604 "https://vattusacky.vn/turkish-guy-seeing-tips-be-affectionate-with-him/feed" "Mozilla/5.0 AppleWebKit/537.36 (KHTML, like Gecko; compatible; ClaudeBot/1.0; +claudebot@anthropic.com)"
217.113.194.79 - - [07/Sep/2025:07:17:22 +0700] "GET /understanding-the-legal-implications-of-omegle-and-ometv-privacy-consent-and-responsibility/feed/ HTTP/1.0" 200 1870 "-" "Mozilla/5.0 (compatible; Barkrowler/0.9; +https://babbar.tech/crawler)"
154.54.249.200 - - [07/Sep/2025:07:17:41 +0700] "GET /logowanie-w-caej-ice-kasyno-nasze-pastwo-opinie-bonusy-2022/feed/ HTTP/1.0" 200 1780 "-" "Mozilla/5.0 (compatible; Barkrowler/0.9; +https://babbar.tech/crawler)"
216.73.216.162 - - [07/Sep/2025:07:17:58 +0700] "GET /rumors-and-stereotypes-about-russian-women/feed HTTP/1.0" 301 736 "-" "Mozilla/5.0 AppleWebKit/537.36 (KHTML, like Gecko; compatible; ClaudeBot/1.0; +claudebot@anthropic.com)"
216.73.216.162 - - [07/Sep/2025:07:17:58 +0700] "GET /1xbet-bonus-2023-136/feed HTTP/1.0" 301 714 "-" "Mozilla/5.0 AppleWebKit/537.36 (KHTML, like Gecko; compatible; ClaudeBot/1.0; +claudebot@anthropic.com)"
216.73.216.162 - - [07/Sep/2025:07:18:00 +0700] "GET /1xbet-bonus-2023-136/feed/ HTTP/1.0" 200 1507 "https://vattusacky.vn/1xbet-bonus-2023-136/feed" "Mozilla/5.0 AppleWebKit/537.36 (KHTML, like Gecko; compatible; ClaudeBot/1.0; +claudebot@anthropic.com)"
216.73.216.162 - - [07/Sep/2025:07:18:00 +0700] "GET /rumors-and-stereotypes-about-russian-women/feed/ HTTP/1.0" 200 1577 "https://vattusacky.vn/rumors-and-stereotypes-about-russian-women/feed" "Mozilla/5.0 AppleWebKit/537.36 (KHTML, like Gecko; compatible; ClaudeBot/1.0; +claudebot@anthropic.com)"
217.113.194.74 - - [07/Sep/2025:07:18:00 +0700] "GET /a-parents-guide-to-omegle-and-ometv-how-to-monitor-and-protect-your-childs-online-activity/feed/ HTTP/1.0" 200 1867 "-" "Mozilla/5.0 (compatible; Barkrowler/0.9; +https://babbar.tech/crawler)"
20.171.207.251 - - [07/Sep/2025:07:18:15 +0700] "GET /?p=8805 HTTP/1.0" 301 507 "-" "Mozilla/5.0 AppleWebKit/537.36 (KHTML, like Gecko; compatible; GPTBot/1.2; +https://openai.com/gptbot)"
45.117.177.72 - - [07/Sep/2025:07:18:18 +0700] "POST /wp-cron.php?doing_wp_cron=1757204297.8299059867858886718750 HTTP/1.0" 200 416 "-" "WordPress/6.8.1; https://vattusacky.vn"
20.171.207.251 - - [07/Sep/2025:07:18:16 +0700] "GET /the-role-of-algorithms-in-connecting-users-on-omegle-and-ometv/ HTTP/1.0" 200 91526 "-" "Mozilla/5.0 AppleWebKit/537.36 (KHTML, like Gecko; compatible; GPTBot/1.2; +https://openai.com/gptbot)"
217.113.194.81 - - [07/Sep/2025:07:18:20 +0700] "GET /serendipity-as-a-driving-force-for-innovation-and-creativity-on-omegle-and-ometv/feed/ HTTP/1.0" 200 1837 "-" "Mozilla/5.0 (compatible; Barkrowler/0.9; +https://babbar.tech/crawler)"
45.117.177.72 - - [07/Sep/2025:07:18:39 +0700] "POST /wp-cron.php?doing_wp_cron=1757204318.9083409309387207031250 HTTP/1.0" 200 416 "-" "WordPress/6.8.1; https://vattusacky.vn"
213.180.203.66 - - [07/Sep/2025:07:18:37 +0700] "GET /category/russian-womens-for-marriage/ HTTP/1.0" 200 59039 "-" "Mozilla/5.0 (compatible; YandexBot/3.0; +http://yandex.com/bots)"
217.113.194.77 - - [07/Sep/2025:07:18:40 +0700] "GET /the-impact-of-anonymity-on-self-esteem-psychological-consequences-of-omegle-experiences/feed/ HTTP/1.0" 200 1858 "-" "Mozilla/5.0 (compatible; Barkrowler/0.9; +https://babbar.tech/crawler)"
217.113.194.78 - - [07/Sep/2025:07:19:00 +0700] "GET /the-dark-web-of-omegle-and-ometv-unveiling-the-hidden-layers-of-online-chats/feed/ HTTP/1.0" 200 1825 "-" "Mozilla/5.0 (compatible; Barkrowler/0.9; +https://babbar.tech/crawler)"
45.117.177.72 - - [07/Sep/2025:07:19:21 +0700] "POST /wp-cron.php?doing_wp_cron=1757204361.4084339141845703125000 HTTP/1.0" 200 416 "-" "WordPress/6.8.1; https://vattusacky.vn"
217.113.194.77 - - [07/Sep/2025:07:19:20 +0700] "GET /kak-snjat%D1%8C-den%D1%8Cgi-s-vklada-v-sberbanke-i-mozhno-li/ HTTP/1.0" 200 232634 "-" "Mozilla/5.0 (compatible; Barkrowler/0.9; +https://babbar.tech/crawler)"
20.171.207.251 - - [07/Sep/2025:07:19:23 +0700] "GET /?p=9011 HTTP/1.0" 301 511 "-" "Mozilla/5.0 AppleWebKit/537.36 (KHTML, like Gecko; compatible; GPTBot/1.2; +https://openai.com/gptbot)"
20.171.207.251 - - [07/Sep/2025:07:19:25 +0700] "GET /tips-and-tricks-for-creating-a-positive-first-impression-on-omegle/ HTTP/1.0" 200 91986 "-" "Mozilla/5.0 AppleWebKit/537.36 (KHTML, like Gecko; compatible; GPTBot/1.2; +https://openai.com/gptbot)"
216.73.216.162 - - [07/Sep/2025:07:19:34 +0700] "GET /atlanta-wedding-and-engagement-traditions/feed HTTP/1.0" 301 735 "-" "Mozilla/5.0 AppleWebKit/537.36 (KHTML, like Gecko; compatible; ClaudeBot/1.0; +claudebot@anthropic.com)"
216.73.216.162 - - [07/Sep/2025:07:19:34 +0700] "GET /kazino-bonusy-zerkalo-kazino-onlajn/feed HTTP/1.0" 301 729 "-" "Mozilla/5.0 AppleWebKit/537.36 (KHTML, like Gecko; compatible; ClaudeBot/1.0; +claudebot@anthropic.com)"
216.73.216.162 - - [07/Sep/2025:07:19:35 +0700] "GET /atlanta-wedding-and-engagement-traditions/feed/ HTTP/1.0" 200 1574 "https://vattusacky.vn/atlanta-wedding-and-engagement-traditions/feed" "Mozilla/5.0 AppleWebKit/537.36 (KHTML, like Gecko; compatible; ClaudeBot/1.0; +claudebot@anthropic.com)"
216.73.216.162 - - [07/Sep/2025:07:19:35 +0700] "GET /kazino-bonusy-zerkalo-kazino-onlajn/feed/ HTTP/1.0" 200 1588 "https://vattusacky.vn/kazino-bonusy-zerkalo-kazino-onlajn/feed" "Mozilla/5.0 AppleWebKit/537.36 (KHTML, like Gecko; compatible; ClaudeBot/1.0; +claudebot@anthropic.com)"
217.113.194.218 - - [07/Sep/2025:07:19:57 +0700] "GET /kak-snjat%D1%8C-den%D1%8Cgi-s-vklada-v-sberbanke-i-mozhno-li/feed/ HTTP/1.0" 200 1828 "-" "Mozilla/5.0 (compatible; Barkrowler/0.9; +https://babbar.tech/crawler)"
45.117.177.72 - - [07/Sep/2025:07:20:18 +0700] "POST /wp-cron.php?doing_wp_cron=1757204418.1642680168151855468750 HTTP/1.0" 200 416 "-" "WordPress/6.8.1; https://vattusacky.vn"
217.113.194.81 - - [07/Sep/2025:07:20:16 +0700] "GET /the-influence-of-body-language-video-chat-on-omegle-vs-text-chat-on-ometv/feed/ HTTP/1.0" 200 1816 "-" "Mozilla/5.0 (compatible; Barkrowler/0.9; +https://babbar.tech/crawler)"
20.171.207.251 - - [07/Sep/2025:07:20:29 +0700] "GET /?p=8942 HTTP/1.0" 301 504 "-" "Mozilla/5.0 AppleWebKit/537.36 (KHTML, like Gecko; compatible; GPTBot/1.2; +https://openai.com/gptbot)"
216.73.216.162 - - [07/Sep/2025:07:20:30 +0700] "GET /mostbet-kazinosu-the-computer-toda/feed HTTP/1.0" 301 728 "-" "Mozilla/5.0 AppleWebKit/537.36 (KHTML, like Gecko; compatible; ClaudeBot/1.0; +claudebot@anthropic.com)"
216.73.216.162 - - [07/Sep/2025:07:20:30 +0700] "GET /lam-the-nao-ban-co-the-kiem-vay-tien-online-nhanh-tra-thoi-gian-nghi-truc-tuyen/feed HTTP/1.0" 301 773 "-" "Mozilla/5.0 AppleWebKit/537.36 (KHTML, like Gecko; compatible; ClaudeBot/1.0; +claudebot@anthropic.com)"
20.171.207.251 - - [07/Sep/2025:07:20:31 +0700] "GET /the-role-of-trust-in-building-lasting-connections-on-omegle/ HTTP/1.0" 200 85794 "-" "Mozilla/5.0 AppleWebKit/537.36 (KHTML, like Gecko; compatible; GPTBot/1.2; +https://openai.com/gptbot)"
216.73.216.162 - - [07/Sep/2025:07:20:32 +0700] "GET /mostbet-kazinosu-the-computer-toda/feed/ HTTP/1.0" 200 1555 "https://vattusacky.vn/mostbet-kazinosu-the-computer-toda/feed" "Mozilla/5.0 AppleWebKit/537.36 (KHTML, like Gecko; compatible; ClaudeBot/1.0; +claudebot@anthropic.com)"
216.73.216.162 - - [07/Sep/2025:07:20:32 +0700] "GET /lam-the-nao-ban-co-the-kiem-vay-tien-online-nhanh-tra-thoi-gian-nghi-truc-tuyen/feed/ HTTP/1.0" 200 1709 "https://vattusacky.vn/lam-the-nao-ban-co-the-kiem-vay-tien-online-nhanh-tra-thoi-gian-nghi-truc-tuyen/feed" "Mozilla/5.0 AppleWebKit/537.36 (KHTML, like Gecko; compatible; ClaudeBot/1.0; +claudebot@anthropic.com)"
217.113.194.77 - - [07/Sep/2025:07:20:36 +0700] "GET /breaking-down-stereotypes-on-omegle-challenging-assumptions-and-biases-through-conversations/ HTTP/1.0" 200 90851 "-" "Mozilla/5.0 (compatible; Barkrowler/0.9; +https://babbar.tech/crawler)"
217.113.194.79 - - [07/Sep/2025:07:20:59 +0700] "GET /rahasia-kemenangan-besar-di-slot-gacor-777-tips-dan-trik-terbaik/feed/ HTTP/1.0" 200 1792 "-" "Mozilla/5.0 (compatible; Barkrowler/0.9; +https://babbar.tech/crawler)"
216.73.216.162 - - [07/Sep/2025:07:21:11 +0700] "GET /why-do-people-get-married/feed HTTP/1.0" 301 719 "-" "Mozilla/5.0 AppleWebKit/537.36 (KHTML, like Gecko; compatible; ClaudeBot/1.0; +claudebot@anthropic.com)"
216.73.216.162 - - [07/Sep/2025:07:21:11 +0700] "GET /hello-world-6/feed HTTP/1.0" 301 707 "-" "Mozilla/5.0 AppleWebKit/537.36 (KHTML, like Gecko; compatible; ClaudeBot/1.0; +claudebot@anthropic.com)"
216.73.216.162 - - [07/Sep/2025:07:21:13 +0700] "GET /why-do-people-get-married/feed/ HTTP/1.0" 200 1527 "https://vattusacky.vn/why-do-people-get-married/feed" "Mozilla/5.0 AppleWebKit/537.36 (KHTML, like Gecko; compatible; ClaudeBot/1.0; +claudebot@anthropic.com)"
216.73.216.162 - - [07/Sep/2025:07:21:13 +0700] "GET /hello-world-6/feed/ HTTP/1.0" 200 1488 "https://vattusacky.vn/hello-world-6/feed" "Mozilla/5.0 AppleWebKit/537.36 (KHTML, like Gecko; compatible; ClaudeBot/1.0; +claudebot@anthropic.com)"
216.73.216.162 - - [07/Sep/2025:07:21:15 +0700] "GET /sitemap_index.xml HTTP/1.0" 200 2280 "-" "Mozilla/5.0 AppleWebKit/537.36 (KHTML, like Gecko; compatible; ClaudeBot/1.0; +claudebot@anthropic.com)"
45.117.177.72 - - [07/Sep/2025:07:21:20 +0700] "POST /wp-cron.php?doing_wp_cron=1757204480.3422429561614990234375 HTTP/1.0" 200 416 "-" "WordPress/6.8.1; https://vattusacky.vn"
154.54.249.200 - - [07/Sep/2025:07:21:19 +0700] "GET /findo-advance-tien-cashberry-loan-app-trinh-di-dong-co-su-khac-biet/feed/ HTTP/1.0" 200 1818 "-" "Mozilla/5.0 (compatible; Barkrowler/0.9; +https://babbar.tech/crawler)"
20.171.207.251 - - [07/Sep/2025:07:21:23 +0700] "GET /making-the-most-of-limited-language-skills-on-omegle-and-ometv/ HTTP/1.0" 200 75651 "-" "Mozilla/5.0 AppleWebKit/537.36 (KHTML, like Gecko; compatible; GPTBot/1.2; +https://openai.com/gptbot)"
57.141.2.42 - - [07/Sep/2025:07:21:27 +0700] "GET /wp-sitemap.xml HTTP/1.0" 301 561 "-" "meta-externalagent/1.1 (+https://developers.facebook.com/docs/sharing/webmasters/crawler)"
217.113.194.75 - - [07/Sep/2025:07:21:37 +0700] "GET /the-role-of-body-language-on-omegle-interpreting-non-verbal-cues-in-virtual-conversations/feed/ HTTP/1.0" 200 1864 "-" "Mozilla/5.0 (compatible; Barkrowler/0.9; +https://babbar.tech/crawler)"
217.113.194.218 - - [07/Sep/2025:07:21:57 +0700] "GET /the-role-of-empathy-in-difficult-conversations-on-omegle-finding-common-ground-and-understanding/ HTTP/1.0" 200 91428 "-" "Mozilla/5.0 (compatible; Barkrowler/0.9; +https://babbar.tech/crawler)"
45.117.177.72 - - [07/Sep/2025:07:22:21 +0700] "POST /wp-cron.php?doing_wp_cron=1757204541.0738289356231689453125 HTTP/1.0" 200 416 "-" "WordPress/6.8.1; https://vattusacky.vn"
217.113.194.77 - - [07/Sep/2025:07:22:19 +0700] "GET /movimentazione-manuale-dei-carichi-come-prevenire-we-rischi-per-los-angeles-salute/feed/ HTTP/1.0" 200 1844 "-" "Mozilla/5.0 (compatible; Barkrowler/0.9; +https://babbar.tech/crawler)"
217.113.194.80 - - [07/Sep/2025:07:22:39 +0700] "GET /omegle-and-ometv-as-therapy-tools-analyzing-the-potential-for-emotional-support-and-connection/ HTTP/1.0" 200 93274 "-" "Mozilla/5.0 (compatible; Barkrowler/0.9; +https://babbar.tech/crawler)"
20.171.207.251 - - [07/Sep/2025:07:22:52 +0700] "GET /mastering-the-art-of-making-a-memorable-first-impression-on-omegle/ HTTP/1.0" 200 91973 "-" "Mozilla/5.0 AppleWebKit/537.36 (KHTML, like Gecko; compatible; GPTBot/1.2; +https://openai.com/gptbot)"
216.73.216.162 - - [07/Sep/2025:07:23:02 +0700] "GET /?p=4634 HTTP/1.0" 301 611 "-" "Mozilla/5.0 AppleWebKit/537.36 (KHTML, like Gecko; compatible; ClaudeBot/1.0; +claudebot@anthropic.com)"
216.73.216.162 - - [07/Sep/2025:07:23:02 +0700] "GET /?p=9348 HTTP/1.0" 301 626 "-" "Mozilla/5.0 AppleWebKit/537.36 (KHTML, like Gecko; compatible; ClaudeBot/1.0; +claudebot@anthropic.com)"
216.73.216.162 - - [07/Sep/2025:07:23:03 +0700] "GET /1xbet-bonus-2023-136/ HTTP/1.0" 200 247429 "https://vattusacky.vn/?p=4634" "Mozilla/5.0 AppleWebKit/537.36 (KHTML, like Gecko; compatible; ClaudeBot/1.0; +claudebot@anthropic.com)"
216.73.216.162 - - [07/Sep/2025:07:23:03 +0700] "GET /kazino-bonusy-zerkalo-kazino-onlajn/ HTTP/1.0" 200 94273 "https://vattusacky.vn/?p=9348" "Mozilla/5.0 AppleWebKit/537.36 (KHTML, like Gecko; compatible; ClaudeBot/1.0; +claudebot@anthropic.com)"
217.113.194.81 - - [07/Sep/2025:07:23:04 +0700] "GET /overcoming-shyness-on-omegle-tips-for-feeling-more-confident-and-comfortable-in-conversations/ HTTP/1.0" 200 94563 "-" "Mozilla/5.0 (compatible; Barkrowler/0.9; +https://babbar.tech/crawler)"
216.73.216.162 - - [07/Sep/2025:07:23:06 +0700] "GET /?p=3621 HTTP/1.0" 301 458 "-" "Mozilla/5.0 AppleWebKit/537.36 (KHTML, like Gecko; compatible; ClaudeBot/1.0; +claudebot@anthropic.com)"
216.73.216.162 - - [07/Sep/2025:07:23:07 +0700] "GET /hello-world-6/ HTTP/1.0" 200 202777 "https://vattusacky.vn/?p=3621" "Mozilla/5.0 AppleWebKit/537.36 (KHTML, like Gecko; compatible; ClaudeBot/1.0; +claudebot@anthropic.com)"
45.117.177.72 - - [07/Sep/2025:07:23:27 +0700] "POST /wp-cron.php?doing_wp_cron=1757204607.1238160133361816406250 HTTP/1.0" 200 416 "-" "WordPress/6.8.1; https://vattusacky.vn"
154.54.249.200 - - [07/Sep/2025:07:23:25 +0700] "GET /the-reason-why-some-girls-triumph-at-lovea%C2%80%C2%A6and-others-you-should-not/feed/ HTTP/1.0" 200 1827 "-" "Mozilla/5.0 (compatible; Barkrowler/0.9; +https://babbar.tech/crawler)"
185.191.171.7 - - [07/Sep/2025:07:23:38 +0700] "GET /how-a-data-space-deals/ HTTP/1.0" 200 205154 "-" "Mozilla/5.0 (compatible; SemrushBot/7~bl; +http://www.semrush.com/bot.html)"
217.113.194.217 - - [07/Sep/2025:07:23:45 +0700] "GET /danh-muc/co-ba%CC%89n-thi-nghie%CC%A3m/may-dong-hoa-mau/feed/ HTTP/1.0" 200 41138 "-" "Mozilla/5.0 (compatible; Barkrowler/0.9; +https://babbar.tech/crawler)"
20.171.207.251 - - [07/Sep/2025:07:24:00 +0700] "GET /the-dark-side-of-omegle-exposed-tips-for-a-safe-online-experience/ HTTP/1.0" 200 92493 "-" "Mozilla/5.0 AppleWebKit/537.36 (KHTML, like Gecko; compatible; GPTBot/1.2; +https://openai.com/gptbot)"
217.113.194.75 - - [07/Sep/2025:07:24:09 +0700] "GET /danh-muc/moi-truong-nuoc/lay-mau-nuoc-beta-van-dorn-kemmerer/feed/ HTTP/1.0" 200 157800 "-" "Mozilla/5.0 (compatible; Barkrowler/0.9; +https://babbar.tech/crawler)"
45.117.177.72 - - [07/Sep/2025:07:24:32 +0700] "POST /wp-cron.php?doing_wp_cron=1757204672.3011860847473144531250 HTTP/1.0" 200 416 "-" "WordPress/6.8.1; https://vattusacky.vn"
217.113.194.76 - - [07/Sep/2025:07:24:31 +0700] "GET /danh-muc/moi-truong-nuoc/lay-mau-nuoc-alphan-van-dor-loai-doc/?s= HTTP/1.0" 200 182666 "-" "Mozilla/5.0 (compatible; Barkrowler/0.9; +https://babbar.tech/crawler)"
20.171.207.251 - - [07/Sep/2025:07:24:59 +0700] "GET /?p=7062 HTTP/1.0" 301 504 "-" "Mozilla/5.0 AppleWebKit/537.36 (KHTML, like Gecko; compatible; GPTBot/1.2; +https://openai.com/gptbot)"
20.171.207.251 - - [07/Sep/2025:07:25:01 +0700] "GET /how-to-deal-with-trolls-and-negative-interactions-on-omegle/ HTTP/1.0" 200 90517 "-" "Mozilla/5.0 AppleWebKit/537.36 (KHTML, like Gecko; compatible; GPTBot/1.2; +https://openai.com/gptbot)"
217.113.194.81 - - [07/Sep/2025:07:25:04 +0700] "GET /danh-muc/moi-truong-nuoc/bo-loc-chan-khong-tss-bo-loc-vi-sinh/ HTTP/1.0" 200 109141 "-" "Mozilla/5.0 (compatible; Barkrowler/0.9; +https://babbar.tech/crawler)"
45.117.177.72 - - [07/Sep/2025:07:25:40 +0700] "POST /wp-cron.php?doing_wp_cron=1757204740.2736699581146240234375 HTTP/1.0" 200 416 "-" "WordPress/6.8.1; https://vattusacky.vn"
217.113.194.75 - - [07/Sep/2025:07:25:38 +0700] "GET /danh-muc/moi-truong-khi/bom-lay-mau-bui-tsp-pm10-pm2-5/ HTTP/1.0" 200 169060 "-" "Mozilla/5.0 (compatible; Barkrowler/0.9; +https://babbar.tech/crawler)"
20.171.207.251 - - [07/Sep/2025:07:26:06 +0700] "GET /omegle-and-the-quest-for-authentic-connections-in-a-digital-age/ HTTP/1.0" 200 92561 "-" "Mozilla/5.0 AppleWebKit/537.36 (KHTML, like Gecko; compatible; GPTBot/1.2; +https://openai.com/gptbot)"
217.113.194.79 - - [07/Sep/2025:07:26:12 +0700] "GET /danh-muc/moi-truong-khi/tram-lay-mau-bui-tsppm10-pm2-5/ HTTP/1.0" 200 184190 "-" "Mozilla/5.0 (compatible; Barkrowler/0.9; +https://babbar.tech/crawler)"
45.117.177.72 - - [07/Sep/2025:07:26:38 +0700] "POST /wp-cron.php?doing_wp_cron=1757204798.5242059230804443359375 HTTP/1.0" 200 416 "-" "WordPress/6.8.1; https://vattusacky.vn"
20.171.207.251 - - [07/Sep/2025:07:26:37 +0700] "GET /?p=8820 HTTP/1.0" 301 660 "-" "Mozilla/5.0 AppleWebKit/537.36 (KHTML, like Gecko; compatible; GPTBot/1.2; +https://openai.com/gptbot)"
20.171.207.251 - - [07/Sep/2025:07:26:39 +0700] "GET /the-role-of-body-language-in-online-communication-on-omegle-and-ometv/ HTTP/1.0" 200 75911 "-" "Mozilla/5.0 AppleWebKit/537.36 (KHTML, like Gecko; compatible; GPTBot/1.2; +https://openai.com/gptbot)"
217.113.194.77 - - [07/Sep/2025:07:26:43 +0700] "GET /the-authenticity-paradox-balancing-honesty-and-self-presentation-in-anonymous-omegle-chats/feed/ HTTP/1.0" 200 1867 "-" "Mozilla/5.0 (compatible; Barkrowler/0.9; +https://babbar.tech/crawler)"
217.113.194.217 - - [07/Sep/2025:07:27:02 +0700] "GET /%D0%B4%D0%BE%D0%BC%D0%B0-%D0%B8%D0%B7-%D0%B1%D1%80%D0%B5%D0%B2%D0%BD%D0%B0-%D1%81-%D1%82%D0%B5%D1%80%D1%80%D0%B0%D1%81%D0%BE%D0%B9/ HTTP/1.0" 200 166028 "-" "Mozilla/5.0 (compatible; Barkrowler/0.9; +https://babbar.tech/crawler)"
45.117.177.72 - - [07/Sep/2025:07:27:27 +0700] "POST /wp-cron.php?doing_wp_cron=1757204846.9917690753936767578125 HTTP/1.0" 200 416 "-" "WordPress/6.8.1; https://vattusacky.vn"
20.171.207.251 - - [07/Sep/2025:07:27:25 +0700] "GET /the-role-of-anonymity-in-uncovering-ones-true-desires-on-omegle/ HTTP/1.0" 200 92268 "-" "Mozilla/5.0 AppleWebKit/537.36 (KHTML, like Gecko; compatible; GPTBot/1.2; +https://openai.com/gptbot)"
217.113.194.218 - - [07/Sep/2025:07:27:32 +0700] "GET /strategies-for-developing-cultural-competence-through-multilingual-conversations-on-omegle-and-ometv/ HTTP/1.0" 200 94819 "-" "Mozilla/5.0 (compatible; Barkrowler/0.9; +https://babbar.tech/crawler)"
85.208.96.200 - - [07/Sep/2025:07:27:38 +0700] "GET /author/yanz/page/283/ HTTP/1.0" 200 77592 "-" "Mozilla/5.0 (compatible; SemrushBot/7~bl; +http://www.semrush.com/bot.html)"
217.113.194.79 - - [07/Sep/2025:07:27:57 +0700] "GET /najlepsze-stare-gry-hazardowe-za-darmo-automaty-bez-rejestracji/feed/ HTTP/1.0" 200 1788 "-" "Mozilla/5.0 (compatible; Barkrowler/0.9; +https://babbar.tech/crawler)"
20.171.207.251 - - [07/Sep/2025:07:28:14 +0700] "GET /the-role-of-confidence-in-making-a-strong-first-impression-on-omegle/ HTTP/1.0" 200 90979 "-" "Mozilla/5.0 AppleWebKit/537.36 (KHTML, like Gecko; compatible; GPTBot/1.2; +https://openai.com/gptbot)"
45.117.177.72 - - [07/Sep/2025:07:28:17 +0700] "POST /wp-cron.php?doing_wp_cron=1757204897.1561419963836669921875 HTTP/1.0" 200 416 "-" "WordPress/6.8.1; https://vattusacky.vn"
217.113.194.81 - - [07/Sep/2025:07:28:16 +0700] "GET /the-art-of-active-questioning-on-omegle-encouraging-detailed-and-thought-provoking-responses/feed/ HTTP/1.0" 200 1873 "-" "Mozilla/5.0 (compatible; Barkrowler/0.9; +https://babbar.tech/crawler)"
154.54.249.200 - - [07/Sep/2025:07:28:35 +0700] "GET /san-pham/bo-lay-mau-hoi-khi-trong-dat-khong-co-khoan-gvp-kit/ HTTP/1.0" 200 329041 "-" "Mozilla/5.0 (compatible; Barkrowler/0.9; +https://babbar.tech/crawler)"
20.171.207.251 - - [07/Sep/2025:07:28:40 +0700] "GET /omegle-as-a-source-of-inspiration-for-artists-and-writers/ HTTP/1.0" 200 90373 "-" "Mozilla/5.0 AppleWebKit/537.36 (KHTML, like Gecko; compatible; GPTBot/1.2; +https://openai.com/gptbot)"
95.108.213.157 - - [07/Sep/2025:07:28:46 +0700] "GET /the-role-of-anonymity-in-serendipitous-moments-on-omegle-and-ometv/ HTTP/1.0" 200 93356 "-" "Mozilla/5.0 (compatible; YandexBot/3.0; +http://yandex.com/bots)"
100.28.133.214 - - [07/Sep/2025:07:29:15 +0700] "GET /internet-magazin-akkumuljatorov-delta-battery-12/ HTTP/1.0" 200 232439 "-" "Mozilla/5.0 AppleWebKit/537.36 (KHTML, like Gecko; compatible; Amazonbot/0.1; +https://developer.amazon.com/support/amazonbot) Chrome/119.0.6045.214 Safari/537.36"
45.117.177.72 - - [07/Sep/2025:07:29:19 +0700] "POST /wp-cron.php?doing_wp_cron=1757204959.1858570575714111328125 HTTP/1.0" 200 416 "-" "WordPress/6.8.1; https://vattusacky.vn"
217.113.194.80 - - [07/Sep/2025:07:29:18 +0700] "GET /san-pham/bom-lay-mau-bui-tsp-200-800-lpm-khong-choi-than-2/feed/ HTTP/1.0" 200 1730 "-" "Mozilla/5.0 (compatible; Barkrowler/0.9; +https://babbar.tech/crawler)"
20.171.207.251 - - [07/Sep/2025:07:29:26 +0700] "GET /omegle-as-a-tool-for-language-learning-and-cultural-exchange/ HTTP/1.0" 200 90518 "-" "Mozilla/5.0 AppleWebKit/537.36 (KHTML, like Gecko; compatible; GPTBot/1.2; +https://openai.com/gptbot)"
217.113.194.79 - - [07/Sep/2025:07:29:38 +0700] "GET /san-pham/thiet-bi-lay-mau-bui-isokinetic-epa-5-thu-cong-2/feed/ HTTP/1.0" 200 1740 "-" "Mozilla/5.0 (compatible; Barkrowler/0.9; +https://babbar.tech/crawler)"
51.68.236.70 - - [07/Sep/2025:07:29:38 +0700] "GET /robots.txt HTTP/1.0" 200 984 "-" "Mozilla/5.0 (compatible; MJ12bot/v2.0.4; http://mj12bot.com/)"
51.68.236.70 - - [07/Sep/2025:07:29:39 +0700] "GET / HTTP/1.0" 200 60070 "-" "Mozilla/5.0 (compatible; MJ12bot/v2.0.4; http://mj12bot.com/)"
217.113.194.77 - - [07/Sep/2025:07:30:00 +0700] "GET /san-pham/thiet-bi-lay-mau-nuoc-alpha-van-dorn-loai-doc-2-2-lit/ HTTP/1.0" 200 371847 "-" "Mozilla/5.0 (compatible; Barkrowler/0.9; +https://babbar.tech/crawler)"
45.117.177.72 - - [07/Sep/2025:07:30:18 +0700] "POST /wp-cron.php?doing_wp_cron=1757205018.0779271125793457031250 HTTP/1.0" 200 416 "-" "WordPress/6.8.1; https://vattusacky.vn"
20.171.207.251 - - [07/Sep/2025:07:30:16 +0700] "GET /?p=7533 HTTP/1.0" 301 508 "-" "Mozilla/5.0 AppleWebKit/537.36 (KHTML, like Gecko; compatible; GPTBot/1.2; +https://openai.com/gptbot)"
20.171.207.251 - - [07/Sep/2025:07:30:18 +0700] "GET /omegle-and-the-quest-for-authentic-connections-in-a-digital-age/ HTTP/1.0" 200 92561 "-" "Mozilla/5.0 AppleWebKit/537.36 (KHTML, like Gecko; compatible; GPTBot/1.2; +https://openai.com/gptbot)"
45.117.177.72 - - [07/Sep/2025:07:31:46 +0700] "POST /wp-cron.php?doing_wp_cron=1757205105.9003469944000244140625 HTTP/1.0" 200 416 "-" "WordPress/6.8.1; https://vattusacky.vn"
20.171.207.251 - - [07/Sep/2025:07:31:44 +0700] "GET /omegle-vs-ometv-a-closer-look-at-chat-filters-and-moderation/ HTTP/1.0" 200 91920 "-" "Mozilla/5.0 AppleWebKit/537.36 (KHTML, like Gecko; compatible; GPTBot/1.2; +https://openai.com/gptbot)"
213.180.203.222 - - [07/Sep/2025:07:32:08 +0700] "GET /the-role-of-serendipity-in-discovering-shared-interests-on-omegle/ HTTP/1.0" 200 91150 "-" "Mozilla/5.0 (compatible; YandexBot/3.0; +http://yandex.com/bots)"
45.117.177.72 - - [07/Sep/2025:07:32:42 +0700] "POST /wp-cron.php?doing_wp_cron=1757205162.7636001110076904296875 HTTP/1.0" 200 416 "-" "WordPress/6.8.1; https://vattusacky.vn"
20.171.207.251 - - [07/Sep/2025:07:32:41 +0700] "GET /the-art-of-small-talk-mastering-conversation-on-omegle-and-ometv/ HTTP/1.0" 200 93641 "-" "Mozilla/5.0 AppleWebKit/537.36 (KHTML, like Gecko; compatible; GPTBot/1.2; +https://openai.com/gptbot)"
45.117.177.72 - - [07/Sep/2025:07:33:24 +0700] "POST /wp-cron.php?doing_wp_cron=1757205204.1145000457763671875000 HTTP/1.0" 200 416 "-" "WordPress/6.8.1; https://vattusacky.vn"
20.171.207.251 - - [07/Sep/2025:07:33:22 +0700] "GET /?p=7205 HTTP/1.0" 301 511 "-" "Mozilla/5.0 AppleWebKit/537.36 (KHTML, like Gecko; compatible; GPTBot/1.2; +https://openai.com/gptbot)"
20.171.207.251 - - [07/Sep/2025:07:33:24 +0700] "GET /mastering-the-art-of-making-a-memorable-first-impression-on-omegle/ HTTP/1.0" 200 91973 "-" "Mozilla/5.0 AppleWebKit/537.36 (KHTML, like Gecko; compatible; GPTBot/1.2; +https://openai.com/gptbot)"
45.117.177.72 - - [07/Sep/2025:07:34:24 +0700] "POST /wp-cron.php?doing_wp_cron=1757205264.4054379463195800781250 HTTP/1.0" 200 416 "-" "WordPress/6.8.1; https://vattusacky.vn"
185.191.171.13 - - [07/Sep/2025:07:34:23 +0700] "GET /category/uncategorized/page/309/ HTTP/1.0" 200 76503 "-" "Mozilla/5.0 (compatible; SemrushBot/7~bl; +http://www.semrush.com/bot.html)"
20.171.207.251 - - [07/Sep/2025:07:34:28 +0700] "GET /omegle-and-the-concept-of-blind-dating-in-the-online-world/ HTTP/1.0" 200 91141 "-" "Mozilla/5.0 AppleWebKit/537.36 (KHTML, like Gecko; compatible; GPTBot/1.2; +https://openai.com/gptbot)"
185.191.171.18 - - [07/Sep/2025:07:35:03 +0700] "GET /the/tsp/page/1/ HTTP/1.0" 301 552 "-" "Mozilla/5.0 (compatible; SemrushBot/7~bl; +http://www.semrush.com/bot.html)"
85.208.96.202 - - [07/Sep/2025:07:35:07 +0700] "GET /the/tsp/ HTTP/1.0" 200 183237 "-" "Mozilla/5.0 (compatible; SemrushBot/7~bl; +http://www.semrush.com/bot.html)"
20.171.207.251 - - [07/Sep/2025:07:35:11 +0700] "GET /?p=7194 HTTP/1.0" 301 507 "-" "Mozilla/5.0 AppleWebKit/537.36 (KHTML, like Gecko; compatible; GPTBot/1.2; +https://openai.com/gptbot)"
20.171.207.251 - - [07/Sep/2025:07:35:12 +0700] "GET /making-the-most-of-limited-language-skills-on-omegle-and-ometv/ HTTP/1.0" 200 75505 "-" "Mozilla/5.0 AppleWebKit/537.36 (KHTML, like Gecko; compatible; GPTBot/1.2; +https://openai.com/gptbot)"
45.117.177.72 - - [07/Sep/2025:07:36:09 +0700] "POST /wp-cron.php?doing_wp_cron=1757205368.8894069194793701171875 HTTP/1.0" 200 416 "-" "WordPress/6.8.1; https://vattusacky.vn"
20.171.207.251 - - [07/Sep/2025:07:36:07 +0700] "GET /?p=8387 HTTP/1.0" 301 510 "-" "Mozilla/5.0 AppleWebKit/537.36 (KHTML, like Gecko; compatible; GPTBot/1.2; +https://openai.com/gptbot)"
20.171.207.251 - - [07/Sep/2025:07:36:09 +0700] "GET /the-dark-side-of-omegle-exposed-tips-for-a-safe-online-experience/ HTTP/1.0" 200 92493 "-" "Mozilla/5.0 AppleWebKit/537.36 (KHTML, like Gecko; compatible; GPTBot/1.2; +https://openai.com/gptbot)"
45.117.177.72 - - [07/Sep/2025:07:36:50 +0700] "POST /wp-cron.php?doing_wp_cron=1757205410.2753870487213134765625 HTTP/1.0" 200 416 "-" "WordPress/6.8.1; https://vattusacky.vn"
20.171.207.251 - - [07/Sep/2025:07:36:48 +0700] "GET /?p=7574 HTTP/1.0" 301 648 "-" "Mozilla/5.0 AppleWebKit/537.36 (KHTML, like Gecko; compatible; GPTBot/1.2; +https://openai.com/gptbot)"
20.171.207.251 - - [07/Sep/2025:07:36:50 +0700] "GET /omegle-as-a-source-of-inspiration-for-artists-and-writers/ HTTP/1.0" 200 90373 "-" "Mozilla/5.0 AppleWebKit/537.36 (KHTML, like Gecko; compatible; GPTBot/1.2; +https://openai.com/gptbot)"
45.117.177.72 - - [07/Sep/2025:07:37:17 +0700] "POST /wp-cron.php?doing_wp_cron=1757205437.6623289585113525390625 HTTP/1.0" 200 416 "-" "WordPress/6.8.1; https://vattusacky.vn"
40.77.167.17 - - [07/Sep/2025:07:37:16 +0700] "GET /noi-de-tim-mot-tien-do-zaimoo-dai-han-tren-internet/ HTTP/1.0" 200 210122 "-" "Mozilla/5.0 AppleWebKit/537.36 (KHTML, like Gecko; compatible; bingbot/2.0; +http://www.bing.com/bingbot.htm) Chrome/116.0.1938.76 Safari/537.36"
20.171.207.251 - - [07/Sep/2025:07:37:36 +0700] "GET /?p=8813 HTTP/1.0" 301 508 "-" "Mozilla/5.0 AppleWebKit/537.36 (KHTML, like Gecko; compatible; GPTBot/1.2; +https://openai.com/gptbot)"
20.171.207.251 - - [07/Sep/2025:07:37:38 +0700] "GET /the-role-of-anonymity-in-uncovering-ones-true-desires-on-omegle/ HTTP/1.0" 200 92268 "-" "Mozilla/5.0 AppleWebKit/537.36 (KHTML, like Gecko; compatible; GPTBot/1.2; +https://openai.com/gptbot)"
185.191.171.19 - - [07/Sep/2025:07:37:49 +0700] "GET /the/do-nhanh-kim-loai/ HTTP/1.0" 200 82682 "-" "Mozilla/5.0 (compatible; SemrushBot/7~bl; +http://www.semrush.com/bot.html)"
45.117.177.72 - - [07/Sep/2025:07:38:18 +0700] "POST /wp-cron.php?doing_wp_cron=1757205498.2929480075836181640625 HTTP/1.0" 200 416 "-" "WordPress/6.8.1; https://vattusacky.vn"
20.171.207.251 - - [07/Sep/2025:07:38:17 +0700] "GET /the-impact-of-omegle-on-mental-health-and-well-being/ HTTP/1.0" 200 89502 "-" "Mozilla/5.0 AppleWebKit/537.36 (KHTML, like Gecko; compatible; GPTBot/1.2; +https://openai.com/gptbot)"
85.208.96.206 - - [07/Sep/2025:07:38:55 +0700] "GET /author/yanz/page/275/ HTTP/1.0" 200 78204 "-" "Mozilla/5.0 (compatible; SemrushBot/7~bl; +http://www.semrush.com/bot.html)"
20.171.207.251 - - [07/Sep/2025:07:39:06 +0700] "GET /?p=8835 HTTP/1.0" 301 513 "-" "Mozilla/5.0 AppleWebKit/537.36 (KHTML, like Gecko; compatible; GPTBot/1.2; +https://openai.com/gptbot)"
20.171.207.251 - - [07/Sep/2025:07:39:08 +0700] "GET /the-role-of-confidence-in-making-a-strong-first-impression-on-omegle/ HTTP/1.0" 200 90979 "-" "Mozilla/5.0 AppleWebKit/537.36 (KHTML, like Gecko; compatible; GPTBot/1.2; +https://openai.com/gptbot)"
45.117.177.72 - - [07/Sep/2025:07:40:01 +0700] "POST /wp-cron.php?doing_wp_cron=1757205600.8162100315093994140625 HTTP/1.0" 200 416 "-" "WordPress/6.8.1; https://vattusacky.vn"
20.171.207.251 - - [07/Sep/2025:07:39:59 +0700] "GET /the-role-of-chance-in-making-meaningful-connections-on-omegle-and-ometv/ HTTP/1.0" 200 93299 "-" "Mozilla/5.0 AppleWebKit/537.36 (KHTML, like Gecko; compatible; GPTBot/1.2; +https://openai.com/gptbot)"
45.117.177.72 - - [07/Sep/2025:07:40:39 +0700] "POST /wp-cron.php?doing_wp_cron=1757205639.6398708820343017578125 HTTP/1.0" 200 416 "-" "WordPress/6.8.1; https://vattusacky.vn"
20.171.207.251 - - [07/Sep/2025:07:40:38 +0700] "GET /?p=7505 HTTP/1.0" 301 503 "-" "Mozilla/5.0 AppleWebKit/537.36 (KHTML, like Gecko; compatible; GPTBot/1.2; +https://openai.com/gptbot)"
20.171.207.251 - - [07/Sep/2025:07:40:40 +0700] "GET /omegle-and-the-concept-of-blind-dating-in-the-online-world/ HTTP/1.0" 200 91141 "-" "Mozilla/5.0 AppleWebKit/537.36 (KHTML, like Gecko; compatible; GPTBot/1.2; +https://openai.com/gptbot)"
185.191.171.4 - - [07/Sep/2025:07:40:49 +0700] "GET /the/pm-2-5/page/1/ HTTP/1.0" 301 555 "-" "Mozilla/5.0 (compatible; SemrushBot/7~bl; +http://www.semrush.com/bot.html)"
85.208.96.197 - - [07/Sep/2025:07:40:52 +0700] "GET /the/pm-2-5/ HTTP/1.0" 200 183309 "-" "Mozilla/5.0 (compatible; SemrushBot/7~bl; +http://www.semrush.com/bot.html)"
45.117.177.72 - - [07/Sep/2025:07:42:02 +0700] "POST /wp-cron.php?doing_wp_cron=1757205722.1379110813140869140625 HTTP/1.0" 200 416 "-" "WordPress/6.8.1; https://vattusacky.vn"
20.171.207.251 - - [07/Sep/2025:07:42:00 +0700] "GET /?p=7732 HTTP/1.0" 301 651 "-" "Mozilla/5.0 AppleWebKit/537.36 (KHTML, like Gecko; compatible; GPTBot/1.2; +https://openai.com/gptbot)"
20.171.207.251 - - [07/Sep/2025:07:42:02 +0700] "GET /omegle-vs-ometv-a-closer-look-at-chat-filters-and-moderation/ HTTP/1.0" 200 91774 "-" "Mozilla/5.0 AppleWebKit/537.36 (KHTML, like Gecko; compatible; GPTBot/1.2; +https://openai.com/gptbot)"
45.117.177.72 - - [07/Sep/2025:07:43:17 +0700] "POST /wp-cron.php?doing_wp_cron=1757205797.2397499084472656250000 HTTP/1.0" 200 416 "-" "WordPress/6.8.1; https://vattusacky.vn"
20.171.207.251 - - [07/Sep/2025:07:43:15 +0700] "GET /?p=8331 HTTP/1.0" 301 509 "-" "Mozilla/5.0 AppleWebKit/537.36 (KHTML, like Gecko; compatible; GPTBot/1.2; +https://openai.com/gptbot)"
20.171.207.251 - - [07/Sep/2025:07:43:17 +0700] "GET /the-art-of-small-talk-mastering-conversation-on-omegle-and-ometv/ HTTP/1.0" 200 93641 "-" "Mozilla/5.0 AppleWebKit/537.36 (KHTML, like Gecko; compatible; GPTBot/1.2; +https://openai.com/gptbot)"
20.171.207.251 - - [07/Sep/2025:07:43:59 +0700] "GET /the-role-of-empathy-in-creating-a-lasting-impression-on-omegle/ HTTP/1.0" 200 89936 "-" "Mozilla/5.0 AppleWebKit/537.36 (KHTML, like Gecko; compatible; GPTBot/1.2; +https://openai.com/gptbot)"
45.117.177.72 - - [07/Sep/2025:07:44:58 +0700] "POST /wp-cron.php?doing_wp_cron=1757205898.6995348930358886718750 HTTP/1.0" 200 416 "-" "WordPress/6.8.1; https://vattusacky.vn"
20.171.207.251 - - [07/Sep/2025:07:44:57 +0700] "GET /the-role-of-chance-in-the-cosmic-connections-on-omegle/ HTTP/1.0" 200 90698 "-" "Mozilla/5.0 AppleWebKit/537.36 (KHTML, like Gecko; compatible; GPTBot/1.2; +https://openai.com/gptbot)"
45.117.177.72 - - [07/Sep/2025:07:45:19 +0700] "POST /wp-cron.php?doing_wp_cron=1757205919.7384231090545654296875 HTTP/1.0" 200 416 "-" "WordPress/6.8.1; https://vattusacky.vn"
20.171.207.251 - - [07/Sep/2025:07:45:18 +0700] "GET /?p=8549 HTTP/1.0" 301 497 "-" "Mozilla/5.0 AppleWebKit/537.36 (KHTML, like Gecko; compatible; GPTBot/1.2; +https://openai.com/gptbot)"
20.171.207.251 - - [07/Sep/2025:07:45:20 +0700] "GET /the-impact-of-omegle-on-mental-health-and-well-being/ HTTP/1.0" 200 89502 "-" "Mozilla/5.0 AppleWebKit/537.36 (KHTML, like Gecko; compatible; GPTBot/1.2; +https://openai.com/gptbot)"
185.191.171.6 - - [07/Sep/2025:07:45:24 +0700] "GET /author/yanz/page/332/ HTTP/1.0" 200 77916 "-" "Mozilla/5.0 (compatible; SemrushBot/7~bl; +http://www.semrush.com/bot.html)"
45.117.177.72 - - [07/Sep/2025:07:46:21 +0700] "POST /wp-cron.php?doing_wp_cron=1757205980.9957840442657470703125 HTTP/1.0" 200 416 "-" "WordPress/6.8.1; https://vattusacky.vn"
20.171.207.251 - - [07/Sep/2025:07:46:19 +0700] "GET /slot-gacor-rahasia-menang-besar-di-dunia-permainan-slot-online/ HTTP/1.0" 200 81809 "-" "Mozilla/5.0 AppleWebKit/537.36 (KHTML, like Gecko; compatible; GPTBot/1.2; +https://openai.com/gptbot)"
45.117.177.72 - - [07/Sep/2025:07:46:56 +0700] "POST /wp-cron.php?doing_wp_cron=1757206016.7079188823699951171875 HTTP/1.0" 200 416 "-" "WordPress/6.8.1; https://vattusacky.vn"
20.171.207.251 - - [07/Sep/2025:07:46:55 +0700] "GET /serendipity-as-a-driving-force-for-innovation-and-creativity-on-omegle-and-ometv/ HTTP/1.0" 200 94975 "-" "Mozilla/5.0 AppleWebKit/537.36 (KHTML, like Gecko; compatible; GPTBot/1.2; +https://openai.com/gptbot)"
45.117.177.72 - - [07/Sep/2025:07:47:45 +0700] "POST /wp-cron.php?doing_wp_cron=1757206065.6927709579467773437500 HTTP/1.0" 200 416 "-" "WordPress/6.8.1; https://vattusacky.vn"
20.171.207.251 - - [07/Sep/2025:07:47:44 +0700] "GET /omegles-next-phase-charting-a-new-course-for-random-chats/ HTTP/1.0" 200 90872 "-" "Mozilla/5.0 AppleWebKit/537.36 (KHTML, like Gecko; compatible; GPTBot/1.2; +https://openai.com/gptbot)"
45.117.177.72 - - [07/Sep/2025:07:48:49 +0700] "POST /wp-cron.php?doing_wp_cron=1757206128.5536470413208007812500 HTTP/1.0" 200 416 "-" "WordPress/6.8.1; https://vattusacky.vn"
20.171.207.251 - - [07/Sep/2025:07:48:47 +0700] "GET /laugh-out-loud-the-funniest-moments-on-omegle-and-ometv/ HTTP/1.0" 200 86759 "-" "Mozilla/5.0 AppleWebKit/537.36 (KHTML, like Gecko; compatible; GPTBot/1.2; +https://openai.com/gptbot)"
45.117.177.72 - - [07/Sep/2025:07:49:41 +0700] "POST /wp-cron.php?doing_wp_cron=1757206181.2503149509429931640625 HTTP/1.0" 200 416 "-" "WordPress/6.8.1; https://vattusacky.vn"
20.171.207.251 - - [07/Sep/2025:07:49:39 +0700] "GET /tetap-aman-dan-nyaman-bermain-togel-online-di-situs-terpercaya/ HTTP/1.0" 200 65717 "-" "Mozilla/5.0 AppleWebKit/537.36 (KHTML, like Gecko; compatible; GPTBot/1.2; +https://openai.com/gptbot)"
213.180.203.66 - - [07/Sep/2025:07:49:52 +0700] "GET /the-influence-of-cultural-norms-on-omegle-conversations-navigating-differences-with-respect/ HTTP/1.0" 200 91926 "-" "Mozilla/5.0 (compatible; YandexBot/3.0; +http://yandex.com/bots)"
45.117.177.72 - - [07/Sep/2025:07:50:25 +0700] "POST /wp-cron.php?doing_wp_cron=1757206224.9742999076843261718750 HTTP/1.0" 200 416 "-" "WordPress/6.8.1; https://vattusacky.vn"
20.171.207.251 - - [07/Sep/2025:07:50:23 +0700] "GET /?p=8848 HTTP/1.0" 301 507 "-" "Mozilla/5.0 AppleWebKit/537.36 (KHTML, like Gecko; compatible; GPTBot/1.2; +https://openai.com/gptbot)"
20.171.207.251 - - [07/Sep/2025:07:50:25 +0700] "GET /the-role-of-empathy-in-creating-a-lasting-impression-on-omegle/ HTTP/1.0" 200 89936 "-" "Mozilla/5.0 AppleWebKit/537.36 (KHTML, like Gecko; compatible; GPTBot/1.2; +https://openai.com/gptbot)"
20.171.207.251 - - [07/Sep/2025:07:51:06 +0700] "GET /the-role-of-etiquette-in-networking-on-omegle-and-ometv/ HTTP/1.0" 200 88649 "-" "Mozilla/5.0 AppleWebKit/537.36 (KHTML, like Gecko; compatible; GPTBot/1.2; +https://openai.com/gptbot)"
45.117.177.72 - - [07/Sep/2025:07:51:54 +0700] "POST /wp-cron.php?doing_wp_cron=1757206314.4719860553741455078125 HTTP/1.0" 200 416 "-" "WordPress/6.8.1; https://vattusacky.vn"
20.171.207.251 - - [07/Sep/2025:07:51:53 +0700] "GET /?p=8828 HTTP/1.0" 301 516 "-" "Mozilla/5.0 AppleWebKit/537.36 (KHTML, like Gecko; compatible; GPTBot/1.2; +https://openai.com/gptbot)"
20.171.207.251 - - [07/Sep/2025:07:51:54 +0700] "GET /the-role-of-chance-in-making-meaningful-connections-on-omegle-and-ometv/ HTTP/1.0" 200 93299 "-" "Mozilla/5.0 AppleWebKit/537.36 (KHTML, like Gecko; compatible; GPTBot/1.2; +https://openai.com/gptbot)"
45.117.177.72 - - [07/Sep/2025:07:52:28 +0700] "POST /wp-cron.php?doing_wp_cron=1757206348.5864429473876953125000 HTTP/1.0" 200 416 "-" "WordPress/6.8.1; https://vattusacky.vn"
20.171.207.251 - - [07/Sep/2025:07:52:27 +0700] "GET /how-to-report-privacy-violations-on-omegle/ HTTP/1.0" 200 89211 "-" "Mozilla/5.0 AppleWebKit/537.36 (KHTML, like Gecko; compatible; GPTBot/1.2; +https://openai.com/gptbot)"
45.117.177.72 - - [07/Sep/2025:07:53:47 +0700] "POST /wp-cron.php?doing_wp_cron=1757206427.2670669555664062500000 HTTP/1.0" 200 416 "-" "WordPress/6.8.1; https://vattusacky.vn"
20.171.207.251 - - [07/Sep/2025:07:53:46 +0700] "GET /?p=8829 HTTP/1.0" 301 645 "-" "Mozilla/5.0 AppleWebKit/537.36 (KHTML, like Gecko; compatible; GPTBot/1.2; +https://openai.com/gptbot)"
20.171.207.251 - - [07/Sep/2025:07:53:47 +0700] "GET /the-role-of-chance-in-the-cosmic-connections-on-omegle/ HTTP/1.0" 200 90698 "-" "Mozilla/5.0 AppleWebKit/537.36 (KHTML, like Gecko; compatible; GPTBot/1.2; +https://openai.com/gptbot)"
45.117.177.72 - - [07/Sep/2025:07:54:54 +0700] "POST /wp-cron.php?doing_wp_cron=1757206494.2225320339202880859375 HTTP/1.0" 200 416 "-" "WordPress/6.8.1; https://vattusacky.vn"
20.171.207.251 - - [07/Sep/2025:07:54:53 +0700] "GET /?p=7085 HTTP/1.0" 301 487 "-" "Mozilla/5.0 AppleWebKit/537.36 (KHTML, like Gecko; compatible; GPTBot/1.2; +https://openai.com/gptbot)"
20.171.207.251 - - [07/Sep/2025:07:54:54 +0700] "GET /how-to-report-privacy-violations-on-omegle/ HTTP/1.0" 200 89211 "-" "Mozilla/5.0 AppleWebKit/537.36 (KHTML, like Gecko; compatible; GPTBot/1.2; +https://openai.com/gptbot)"
45.117.177.72 - - [07/Sep/2025:07:55:35 +0700] "POST /wp-cron.php?doing_wp_cron=1757206535.5986819267272949218750 HTTP/1.0" 200 416 "-" "WordPress/6.8.1; https://vattusacky.vn"
20.171.207.251 - - [07/Sep/2025:07:55:34 +0700] "GET /?p=8858 HTTP/1.0" 301 500 "-" "Mozilla/5.0 AppleWebKit/537.36 (KHTML, like Gecko; compatible; GPTBot/1.2; +https://openai.com/gptbot)"
20.171.207.251 - - [07/Sep/2025:07:55:36 +0700] "GET /the-role-of-etiquette-in-networking-on-omegle-and-ometv/ HTTP/1.0" 200 88649 "-" "Mozilla/5.0 AppleWebKit/537.36 (KHTML, like Gecko; compatible; GPTBot/1.2; +https://openai.com/gptbot)"
8.219.64.236 - - [07/Sep/2025:07:55:35 +0700] "GET /benefits-of-using-testosterone-cypionate/ HTTP/1.0" 200 102116 "https://vattusacky.vn/benefits-of-using-testosterone-cypionate/" "Mozilla/5.0 (Windows NT 10.0; Win64; x64) AppleWebKit/537.36 (KHTML, like Gecko) Chrome/130.0.0.0 Safari/537.36"
20.171.207.251 - - [07/Sep/2025:07:56:11 +0700] "GET /omegle-and-the-rise-of-virtual-events-connecting-people-across-the-globe/ HTTP/1.0" 200 92106 "-" "Mozilla/5.0 AppleWebKit/537.36 (KHTML, like Gecko; compatible; GPTBot/1.2; +https://openai.com/gptbot)"
185.191.171.10 - - [07/Sep/2025:07:56:15 +0700] "GET /robots.txt HTTP/1.0" 200 984 "-" "Mozilla/5.0 (compatible; SemrushBot/7~bl; +http://www.semrush.com/bot.html)"
45.117.177.72 - - [07/Sep/2025:07:56:21 +0700] "POST /wp-cron.php?doing_wp_cron=1757206580.9342489242553710937500 HTTP/1.0" 200 416 "-" "WordPress/6.8.1; https://vattusacky.vn"
185.191.171.19 - - [07/Sep/2025:07:56:19 +0700] "GET /the/tsp/page/2/ HTTP/1.0" 200 92315 "-" "Mozilla/5.0 (compatible; SemrushBot/7~bl; +http://www.semrush.com/bot.html)"
85.208.96.206 - - [07/Sep/2025:07:56:44 +0700] "GET /the/bom-lay-mau-bui-lon/page/2/ HTTP/1.0" 200 125816 "-" "Mozilla/5.0 (compatible; SemrushBot/7~bl; +http://www.semrush.com/bot.html)"
20.171.207.251 - - [07/Sep/2025:07:57:04 +0700] "GET /the-power-of-words-how-conversation-on-omegle-and-ometv-can-impact-lives/ HTTP/1.0" 200 92700 "-" "Mozilla/5.0 AppleWebKit/537.36 (KHTML, like Gecko; compatible; GPTBot/1.2; +https://openai.com/gptbot)"
45.117.177.72 - - [07/Sep/2025:07:57:41 +0700] "POST /wp-cron.php?doing_wp_cron=1757206661.5694289207458496093750 HTTP/1.0" 200 416 "-" "WordPress/6.8.1; https://vattusacky.vn"
20.171.207.251 - - [07/Sep/2025:07:57:40 +0700] "GET /how-to-create-a-strong-network-on-omegle-and-ometv/ HTTP/1.0" 200 90545 "-" "Mozilla/5.0 AppleWebKit/537.36 (KHTML, like Gecko; compatible; GPTBot/1.2; +https://openai.com/gptbot)"
45.117.177.72 - - [07/Sep/2025:07:58:19 +0700] "POST /wp-cron.php?doing_wp_cron=1757206699.5701549053192138671875 HTTP/1.0" 200 416 "-" "WordPress/6.8.1; https://vattusacky.vn"
20.171.207.251 - - [07/Sep/2025:07:58:18 +0700] "GET /?p=11106 HTTP/1.0" 301 1919 "-" "Mozilla/5.0 AppleWebKit/537.36 (KHTML, like Gecko; compatible; GPTBot/1.2; +https://openai.com/gptbot)"
20.171.207.251 - - [07/Sep/2025:07:58:20 +0700] "GET /slot-gacor-rahasia-menang-besar-di-dunia-permainan-slot-online/ HTTP/1.0" 200 81809 "-" "Mozilla/5.0 AppleWebKit/537.36 (KHTML, like Gecko; compatible; GPTBot/1.2; +https://openai.com/gptbot)"
85.208.96.196 - - [07/Sep/2025:07:58:34 +0700] "GET /is-boldenone-undecylenate-legal/ HTTP/1.0" 200 98011 "-" "Mozilla/5.0 (compatible; SemrushBot/7~bl; +http://www.semrush.com/bot.html)"
216.73.216.162 - - [07/Sep/2025:07:58:46 +0700] "GET /robots.txt HTTP/1.0" 200 984 "-" "Mozilla/5.0 AppleWebKit/537.36 (KHTML, like Gecko; compatible; ClaudeBot/1.0; +claudebot@anthropic.com)"
45.117.177.72 - - [07/Sep/2025:07:59:44 +0700] "POST /wp-cron.php?doing_wp_cron=1757206784.7866179943084716796875 HTTP/1.0" 200 416 "-" "WordPress/6.8.1; https://vattusacky.vn"
20.171.207.251 - - [07/Sep/2025:07:59:43 +0700] "GET /?p=7160 HTTP/1.0" 301 646 "-" "Mozilla/5.0 AppleWebKit/537.36 (KHTML, like Gecko; compatible; GPTBot/1.2; +https://openai.com/gptbot)"
20.171.207.251 - - [07/Sep/2025:07:59:46 +0700] "GET /laugh-out-loud-the-funniest-moments-on-omegle-and-ometv/ HTTP/1.0" 200 86759 "-" "Mozilla/5.0 AppleWebKit/537.36 (KHTML, like Gecko; compatible; GPTBot/1.2; +https://openai.com/gptbot)"
45.117.177.72 - - [07/Sep/2025:08:00:20 +0700] "POST /wp-cron.php?doing_wp_cron=1757206820.4115300178527832031250 HTTP/1.0" 200 416 "-" "WordPress/6.8.1; https://vattusacky.vn"
20.171.207.251 - - [07/Sep/2025:08:00:19 +0700] "GET /?p=11065 HTTP/1.0" 301 507 "-" "Mozilla/5.0 AppleWebKit/537.36 (KHTML, like Gecko; compatible; GPTBot/1.2; +https://openai.com/gptbot)"
20.171.207.251 - - [07/Sep/2025:08:00:20 +0700] "GET /tetap-aman-dan-nyaman-bermain-togel-online-di-situs-terpercaya/ HTTP/1.0" 200 65717 "-" "Mozilla/5.0 AppleWebKit/537.36 (KHTML, like Gecko; compatible; GPTBot/1.2; +https://openai.com/gptbot)"
45.117.177.72 - - [07/Sep/2025:08:01:18 +0700] "POST /wp-cron.php?doing_wp_cron=1757206878.7127089500427246093750 HTTP/1.0" 200 416 "-" "WordPress/6.8.1; https://vattusacky.vn"
20.171.207.251 - - [07/Sep/2025:08:01:17 +0700] "GET /?p=8201 HTTP/1.0" 301 525 "-" "Mozilla/5.0 AppleWebKit/537.36 (KHTML, like Gecko; compatible; GPTBot/1.2; +https://openai.com/gptbot)"
20.171.207.251 - - [07/Sep/2025:08:01:19 +0700] "GET /serendipity-as-a-driving-force-for-innovation-and-creativity-on-omegle-and-ometv/ HTTP/1.0" 200 94975 "-" "Mozilla/5.0 AppleWebKit/537.36 (KHTML, like Gecko; compatible; GPTBot/1.2; +https://openai.com/gptbot)"
20.171.207.251 - - [07/Sep/2025:08:01:55 +0700] "GET /?p=7908 HTTP/1.0" 301 502 "-" "Mozilla/5.0 AppleWebKit/537.36 (KHTML, like Gecko; compatible; GPTBot/1.2; +https://openai.com/gptbot)"
20.171.207.251 - - [07/Sep/2025:08:01:57 +0700] "GET /omegles-next-phase-charting-a-new-course-for-random-chats/ HTTP/1.0" 200 90726 "-" "Mozilla/5.0 AppleWebKit/537.36 (KHTML, like Gecko; compatible; GPTBot/1.2; +https://openai.com/gptbot)"
45.117.177.72 - - [07/Sep/2025:08:03:00 +0700] "POST /wp-cron.php?doing_wp_cron=1757206980.6125888824462890625000 HTTP/1.0" 200 416 "-" "WordPress/6.8.1; https://vattusacky.vn"
20.171.207.251 - - [07/Sep/2025:08:02:59 +0700] "GET /the-dark-side-of-omegle-risks-and-dangers-for-users/ HTTP/1.0" 200 90418 "-" "Mozilla/5.0 AppleWebKit/537.36 (KHTML, like Gecko; compatible; GPTBot/1.2; +https://openai.com/gptbot)"
45.117.177.72 - - [07/Sep/2025:08:03:43 +0700] "POST /wp-cron.php?doing_wp_cron=1757207023.3046500682830810546875 HTTP/1.0" 200 416 "-" "WordPress/6.8.1; https://vattusacky.vn"
23.105.145.249 - - [07/Sep/2025:08:03:36 +0700] "GET / HTTP/1.0" 200 60070 "-" "Mozilla/5.0 (Macintosh; Intel Mac OS X 10_15_7) AppleWebKit/537.36 (KHTML, like Gecko) Chrome/131.0.0.0 Safari/537.36"
23.105.145.249 - - [07/Sep/2025:08:03:44 +0700] "GET /san-pham/ HTTP/1.0" 200 136366 "-" "Mozilla/5.0 (Macintosh; Intel Mac OS X 10_15_7) AppleWebKit/537.36 (KHTML, like Gecko) Chrome/131.0.0.0 Safari/537.36"
23.105.145.249 - - [07/Sep/2025:08:03:46 +0700] "GET /wp-content/plugins/gridlist-view-for-woocommerce/js/grid_view.js?ver=1.1.8 HTTP/1.0" 200 453 "-" "Mozilla/5.0 (Macintosh; Intel Mac OS X 10_15_7) AppleWebKit/537.36 (KHTML, like Gecko) Chrome/131.0.0.0 Safari/537.36"
23.105.145.249 - - [07/Sep/2025:08:03:46 +0700] "GET /wp-content/plugins/woocommerce/assets/js/frontend/add-to-cart.min.js?ver=9.8.3 HTTP/1.0" 200 457 "-" "Mozilla/5.0 (Macintosh; Intel Mac OS X 10_15_7) AppleWebKit/537.36 (KHTML, like Gecko) Chrome/131.0.0.0 Safari/537.36"
23.105.145.249 - - [07/Sep/2025:08:03:47 +0700] "GET /wp-content/themes/tem_techno_v2/inc/js/main.min.js?ver=6.8.1 HTTP/1.0" 200 439 "-" "Mozilla/5.0 (Macintosh; Intel Mac OS X 10_15_7) AppleWebKit/537.36 (KHTML, like Gecko) Chrome/131.0.0.0 Safari/537.36"
23.105.145.249 - - [07/Sep/2025:08:03:47 +0700] "GET /wp-content/themes/tem_techno_v2/js/jquerymenu.js HTTP/1.0" 200 437 "-" "Mozilla/5.0 (Macintosh; Intel Mac OS X 10_15_7) AppleWebKit/537.36 (KHTML, like Gecko) Chrome/131.0.0.0 Safari/537.36"
20.171.207.251 - - [07/Sep/2025:08:03:46 +0700] "GET /the-rise-of-omegle-an-in-depth-look-at-its-appeal/ HTTP/1.0" 200 90508 "-" "Mozilla/5.0 AppleWebKit/537.36 (KHTML, like Gecko; compatible; GPTBot/1.2; +https://openai.com/gptbot)"
23.105.145.249 - - [07/Sep/2025:08:03:47 +0700] "GET /wp-content/themes/tem_techno_v2/js/htg.js HTTP/1.0" 200 1342 "-" "Mozilla/5.0 (Macintosh; Intel Mac OS X 10_15_7) AppleWebKit/537.36 (KHTML, like Gecko) Chrome/131.0.0.0 Safari/537.36"
45.117.177.72 - - [07/Sep/2025:08:04:43 +0700] "POST /wp-cron.php?doing_wp_cron=1757207083.1769471168518066406250 HTTP/1.0" 200 416 "-" "WordPress/6.8.1; https://vattusacky.vn"
217.113.194.73 - - [07/Sep/2025:08:04:42 +0700] "GET /san-pham/thiet-bi-lay-mau-tsp-pm10-pm2-5-pm1-pm4/feed/ HTTP/1.0" 200 1704 "-" "Mozilla/5.0 (compatible; Barkrowler/0.9; +https://babbar.tech/crawler)"
20.171.207.251 - - [07/Sep/2025:08:04:56 +0700] "GET /making-serendipity-part-of-your-online-routine-on-omegle-and-ometv/ HTTP/1.0" 200 94103 "-" "Mozilla/5.0 AppleWebKit/537.36 (KHTML, like Gecko; compatible; GPTBot/1.2; +https://openai.com/gptbot)"
154.54.249.200 - - [07/Sep/2025:08:05:02 +0700] "GET /san-pham/may-tong-cacbon-toc-theo-phuong-phap-uv-persulfate/feed/ HTTP/1.0" 200 1732 "-" "Mozilla/5.0 (compatible; Barkrowler/0.9; +https://babbar.tech/crawler)"
45.117.177.72 - - [07/Sep/2025:08:05:23 +0700] "POST /wp-cron.php?doing_wp_cron=1757207122.9069519042968750000000 HTTP/1.0" 200 416 "-" "WordPress/6.8.1; https://vattusacky.vn"
154.54.249.200 - - [07/Sep/2025:08:05:21 +0700] "GET /san-pham/may-tong-cacbon-toc-theo-phuong-phap-uv-persulfate/ HTTP/1.0" 200 229727 "-" "Mozilla/5.0 (compatible; Barkrowler/0.9; +https://babbar.tech/crawler)"
52.167.144.206 - - [07/Sep/2025:08:05:30 +0700] "GET /the-role-of-authenticity-in-omegle-conversations-being-genuine-and-true-to-yourself/feed/ HTTP/1.0" 200 1846 "-" "Mozilla/5.0 AppleWebKit/537.36 (KHTML, like Gecko; compatible; bingbot/2.0; +http://www.bing.com/bingbot.htm) Chrome/116.0.1938.76 Safari/537.36"
217.113.194.74 - - [07/Sep/2025:08:06:02 +0700] "GET /san-pham/may-quang-pho-tu-ngoai-kha-kien-uvvis-08-vi-tri/feed/ HTTP/1.0" 200 1782 "-" "Mozilla/5.0 (compatible; Barkrowler/0.9; +https://babbar.tech/crawler)"
45.117.177.72 - - [07/Sep/2025:08:06:23 +0700] "POST /wp-cron.php?doing_wp_cron=1757207183.3871419429779052734375 HTTP/1.0" 200 416 "-" "WordPress/6.8.1; https://vattusacky.vn"
217.113.194.73 - - [07/Sep/2025:08:06:22 +0700] "GET /san-pham/may-quang-pho-tu-ngoai-kha-kien-uvvis-08-vi-tri/ HTTP/1.0" 200 375713 "-" "Mozilla/5.0 (compatible; Barkrowler/0.9; +https://babbar.tech/crawler)"
20.171.207.251 - - [07/Sep/2025:08:06:36 +0700] "GET /omegle-captcha-what-it-is-and-how-to-solve-it/ HTTP/1.0" 200 90415 "-" "Mozilla/5.0 AppleWebKit/537.36 (KHTML, like Gecko; compatible; GPTBot/1.2; +https://openai.com/gptbot)"
85.208.96.201 - - [07/Sep/2025:08:07:00 +0700] "GET /author/yanz/page/286/ HTTP/1.0" 200 77714 "-" "Mozilla/5.0 (compatible; SemrushBot/7~bl; +http://www.semrush.com/bot.html)"
217.113.194.74 - - [07/Sep/2025:08:07:08 +0700] "GET /san-pham/may-quang-pho-tu-ngoai-kha-kien-uvvis-05-vi-tri/feed/ HTTP/1.0" 200 1771 "-" "Mozilla/5.0 (compatible; Barkrowler/0.9; +https://babbar.tech/crawler)"
45.117.177.72 - - [07/Sep/2025:08:07:29 +0700] "POST /wp-cron.php?doing_wp_cron=1757207248.9213669300079345703125 HTTP/1.0" 200 416 "-" "WordPress/6.8.1; https://vattusacky.vn"
