217.113.194.74 - - [07/Sep/2025:04:17:35 +0700] "GET /san-pham/may-quang-pho-kha-kien-vis-tach-tia-05-vi-tri/feed/ HTTP/1.0" 200 1758 "-" "Mozilla/5.0 (compatible; Barkrowler/0.9; +https://babbar.tech/crawler)"
217.113.194.80 - - [07/Sep/2025:04:17:55 +0700] "GET /san-pham/dau-lay-mau-bui-pm-10-pm-2-5-cho-thiet-bi-tsp/feed/ HTTP/1.0" 200 1718 "-" "Mozilla/5.0 (compatible; Barkrowler/0.9; +https://babbar.tech/crawler)"
217.113.194.78 - - [07/Sep/2025:04:18:14 +0700] "GET /san-pham/palintest-_thiet-bi-do-oxy-hoa-tan-do-hien-truong/feed/ HTTP/1.0" 200 1730 "-" "Mozilla/5.0 (compatible; Barkrowler/0.9; +https://babbar.tech/crawler)"
154.54.249.200 - - [07/Sep/2025:04:18:33 +0700] "GET /san-pham/bep-cach-thuy-be-on-nhiet-22-lit-wnb22-memmert/feed/ HTTP/1.0" 200 1733 "-" "Mozilla/5.0 (compatible; Barkrowler/0.9; +https://babbar.tech/crawler)"
217.113.194.78 - - [07/Sep/2025:04:18:57 +0700] "GET /san-pham/globalw-_thiet-bi-do-luu-toc-dong-chay-kenh-ho/feed/ HTTP/1.0" 200 1723 "-" "Mozilla/5.0 (compatible; Barkrowler/0.9; +https://babbar.tech/crawler)"
154.54.249.200 - - [07/Sep/2025:04:19:19 +0700] "GET /mostbet-tr-yuklab-olish-kompyuterde-sizi-aptal-gosteren-3-hata/ HTTP/1.0" 200 228914 "-" "Mozilla/5.0 (compatible; Barkrowler/0.9; +https://babbar.tech/crawler)"
45.117.177.72 - - [07/Sep/2025:04:19:49 +0700] "POST /wp-cron.php?doing_wp_cron=1757193589.0419468879699707031250 HTTP/1.0" 200 416 "-" "WordPress/6.8.1; https://vattusacky.vn"
217.113.194.78 - - [07/Sep/2025:04:19:47 +0700] "GET /the-world-at-your-fingertips-exploring-global-diversity-on-omegle-and-ometv/feed/ HTTP/1.0" 200 1822 "-" "Mozilla/5.0 (compatible; Barkrowler/0.9; +https://babbar.tech/crawler)"
45.117.177.72 - - [07/Sep/2025:04:20:26 +0700] "POST /wp-cron.php?doing_wp_cron=1757193625.7932100296020507812500 HTTP/1.0" 200 416 "-" "WordPress/6.8.1; https://vattusacky.vn"
217.113.194.78 - - [07/Sep/2025:04:20:24 +0700] "GET /lakukan-analisis-dan-prediksi-tepat-sebelum-bermain-royale168-online/feed/ HTTP/1.0" 200 1803 "-" "Mozilla/5.0 (compatible; Barkrowler/0.9; +https://babbar.tech/crawler)"
216.244.66.237 - - [07/Sep/2025:04:20:29 +0700] "GET /the-effects-of-omegle-on-self-esteem-and-self-perception/ HTTP/1.0" 200 90076 "-" "Mozilla/5.0 (compatible; DotBot/1.2; +https://opensiteexplorer.org/dotbot; help@moz.com)"
216.244.66.237 - - [07/Sep/2025:04:20:42 +0700] "GET /the-evolution-of-omegle-from-casual-chat-to-meaningful-connection/ HTTP/1.0" 200 91669 "-" "Mozilla/5.0 (compatible; DotBot/1.2; +https://opensiteexplorer.org/dotbot; help@moz.com)"
45.117.177.72 - - [07/Sep/2025:04:22:05 +0700] "POST /wp-cron.php?doing_wp_cron=1757193725.3015830516815185546875 HTTP/1.0" 200 416 "-" "WordPress/6.8.1; https://vattusacky.vn"
20.171.207.34 - - [07/Sep/2025:04:22:04 +0700] "GET /?p=11173 HTTP/1.0" 301 638 "-" "Mozilla/5.0 AppleWebKit/537.36 (KHTML, like Gecko; compatible; GPTBot/1.2; +https://openai.com/gptbot)"
20.171.207.34 - - [07/Sep/2025:04:22:05 +0700] "GET /slot-gacor-hari-ini-daftar-game-yang-sedang-hot/ HTTP/1.0" 200 64993 "-" "Mozilla/5.0 AppleWebKit/537.36 (KHTML, like Gecko; compatible; GPTBot/1.2; +https://openai.com/gptbot)"
4.227.36.11 - - [07/Sep/2025:04:22:06 +0700] "GET /robots.txt HTTP/1.0" 200 984 "-" "Mozilla/5.0 AppleWebKit/537.36 (KHTML, like Gecko; compatible; GPTBot/1.2; +https://openai.com/gptbot)"
45.117.177.72 - - [07/Sep/2025:04:25:22 +0700] "POST /wp-cron.php?doing_wp_cron=1757193922.0325489044189453125000 HTTP/1.0" 200 416 "-" "WordPress/6.8.1; https://vattusacky.vn"
216.73.216.162 - - [07/Sep/2025:04:25:20 +0700] "GET /robots.txt HTTP/1.0" 200 984 "-" "Mozilla/5.0 AppleWebKit/537.36 (KHTML, like Gecko; compatible; ClaudeBot/1.0; +claudebot@anthropic.com)"
216.73.216.162 - - [07/Sep/2025:04:25:22 +0700] "GET /sitemap_index.xml HTTP/1.0" 200 2280 "-" "Mozilla/5.0 AppleWebKit/537.36 (KHTML, like Gecko; compatible; ClaudeBot/1.0; +claudebot@anthropic.com)"
45.117.177.72 - - [07/Sep/2025:04:26:43 +0700] "POST /wp-cron.php?doing_wp_cron=1757194003.5991981029510498046875 HTTP/1.0" 200 416 "-" "WordPress/6.8.1; https://vattusacky.vn"
20.171.207.34 - - [07/Sep/2025:04:26:42 +0700] "GET /taking-control-of-your-online-privacy-on-ometv/ HTTP/1.0" 200 90930 "-" "Mozilla/5.0 AppleWebKit/537.36 (KHTML, like Gecko; compatible; GPTBot/1.2; +https://openai.com/gptbot)"
45.117.177.72 - - [07/Sep/2025:04:27:24 +0700] "POST /wp-cron.php?doing_wp_cron=1757194044.6027920246124267578125 HTTP/1.0" 200 416 "-" "WordPress/6.8.1; https://vattusacky.vn"
44.196.118.6 - - [07/Sep/2025:04:27:23 +0700] "GET /looking-for-arrangements-review/ HTTP/1.0" 200 208321 "-" "Mozilla/5.0 AppleWebKit/537.36 (KHTML, like Gecko; compatible; Amazonbot/0.1; +https://developer.amazon.com/support/amazonbot) Chrome/119.0.6045.214 Safari/537.36"
98.82.38.120 - - [07/Sep/2025:04:27:29 +0700] "GET /offer-room-technologies-for-protect-document-posting/ HTTP/1.0" 200 205837 "-" "Mozilla/5.0 AppleWebKit/537.36 (KHTML, like Gecko; compatible; Amazonbot/0.1; +https://developer.amazon.com/support/amazonbot) Chrome/119.0.6045.214 Safari/537.36"
54.87.62.248 - - [07/Sep/2025:04:27:31 +0700] "GET /1win-bukmekerskaja-kontora-ofitsialnyj-sajt-bk-1vin-bet-zerkalo-na-segodnja/ HTTP/1.0" 200 109254 "-" "Mozilla/5.0 AppleWebKit/537.36 (KHTML, like Gecko; compatible; Amazonbot/0.1; +https://developer.amazon.com/support/amazonbot) Chrome/119.0.6045.214 Safari/537.36"
52.22.87.224 - - [07/Sep/2025:04:27:35 +0700] "GET /small-wedding-suggestions-to-make-your-working-day-memorable-and-special/ HTTP/1.0" 200 206620 "-" "Mozilla/5.0 AppleWebKit/537.36 (KHTML, like Gecko; compatible; Amazonbot/0.1; +https://developer.amazon.com/support/amazonbot) Chrome/119.0.6045.214 Safari/537.36"
3.221.50.71 - - [07/Sep/2025:04:27:39 +0700] "GET /lam-the-nao-ban-co-the-vay-vaytienvn-com-tien-mat-truc-tuyen-xxiv-hai-chuc/ HTTP/1.0" 200 212756 "-" "Mozilla/5.0 AppleWebKit/537.36 (KHTML, like Gecko; compatible; Amazonbot/0.1; +https://developer.amazon.com/support/amazonbot) Chrome/119.0.6045.214 Safari/537.36"
54.235.125.129 - - [07/Sep/2025:04:27:44 +0700] "GET /is-tristyn-lee-natural-or-on-steroids-truth-exposed-bodyly/ HTTP/1.0" 200 209098 "-" "Mozilla/5.0 AppleWebKit/537.36 (KHTML, like Gecko; compatible; Amazonbot/0.1; +https://developer.amazon.com/support/amazonbot) Chrome/119.0.6045.214 Safari/537.36"
20.171.207.34 - - [07/Sep/2025:04:28:26 +0700] "GET /?p=7168 HTTP/1.0" 301 638 "-" "Mozilla/5.0 AppleWebKit/537.36 (KHTML, like Gecko; compatible; GPTBot/1.2; +https://openai.com/gptbot)"
20.171.207.34 - - [07/Sep/2025:04:28:33 +0700] "GET /legal-considerations-and-jurisdiction-on-omegle/ HTTP/1.0" 200 90996 "-" "Mozilla/5.0 AppleWebKit/537.36 (KHTML, like Gecko; compatible; GPTBot/1.2; +https://openai.com/gptbot)"
45.117.177.72 - - [07/Sep/2025:04:29:45 +0700] "POST /wp-cron.php?doing_wp_cron=1757194185.2243669033050537109375 HTTP/1.0" 200 416 "-" "WordPress/6.8.1; https://vattusacky.vn"
20.171.207.34 - - [07/Sep/2025:04:29:43 +0700] "GET /parental-guide-preventing-and-addressing-omegle-addiction-in-teens/ HTTP/1.0" 200 93660 "-" "Mozilla/5.0 AppleWebKit/537.36 (KHTML, like Gecko; compatible; GPTBot/1.2; +https://openai.com/gptbot)"
45.117.177.72 - - [07/Sep/2025:04:30:40 +0700] "POST /wp-cron.php?doing_wp_cron=1757194239.8279340267181396484375 HTTP/1.0" 200 416 "-" "WordPress/6.8.1; https://vattusacky.vn"
20.171.207.34 - - [07/Sep/2025:04:30:38 +0700] "GET /?p=8721 HTTP/1.0" 301 490 "-" "Mozilla/5.0 AppleWebKit/537.36 (KHTML, like Gecko; compatible; GPTBot/1.2; +https://openai.com/gptbot)"
20.171.207.34 - - [07/Sep/2025:04:30:40 +0700] "GET /the-privacy-paradox-sharing-secrets-on-omegle/ HTTP/1.0" 200 78603 "-" "Mozilla/5.0 AppleWebKit/537.36 (KHTML, like Gecko; compatible; GPTBot/1.2; +https://openai.com/gptbot)"
45.117.177.72 - - [07/Sep/2025:04:33:19 +0700] "POST /wp-cron.php?doing_wp_cron=1757194399.3775019645690917968750 HTTP/1.0" 200 416 "-" "WordPress/6.8.1; https://vattusacky.vn"
20.171.207.34 - - [07/Sep/2025:04:33:18 +0700] "GET /the-privacy-paradox-sharing-secrets-on-omegle/feed/ HTTP/1.0" 200 1586 "-" "Mozilla/5.0 AppleWebKit/537.36 (KHTML, like Gecko; compatible; GPTBot/1.2; +https://openai.com/gptbot)"
20.171.207.34 - - [07/Sep/2025:04:34:04 +0700] "GET /omegle-and-online-privacy-understanding-the-risks/ HTTP/1.0" 200 89622 "-" "Mozilla/5.0 AppleWebKit/537.36 (KHTML, like Gecko; compatible; GPTBot/1.2; +https://openai.com/gptbot)"
45.117.177.72 - - [07/Sep/2025:04:34:55 +0700] "POST /wp-cron.php?doing_wp_cron=1757194495.5550379753112792968750 HTTP/1.0" 200 416 "-" "WordPress/6.8.1; https://vattusacky.vn"
20.171.207.34 - - [07/Sep/2025:04:34:54 +0700] "GET /?p=1269 HTTP/1.0" 301 549 "-" "Mozilla/5.0 AppleWebKit/537.36 (KHTML, like Gecko; compatible; GPTBot/1.2; +https://openai.com/gptbot)"
20.171.207.34 - - [07/Sep/2025:04:34:55 +0700] "GET /san-pham/bo-trung-hoa-hoi-doc-velp-sms/ HTTP/1.0" 200 254495 "-" "Mozilla/5.0 AppleWebKit/537.36 (KHTML, like Gecko; compatible; GPTBot/1.2; +https://openai.com/gptbot)"
45.117.177.72 - - [07/Sep/2025:04:35:59 +0700] "POST /wp-cron.php?doing_wp_cron=1757194559.5264840126037597656250 HTTP/1.0" 200 416 "-" "WordPress/6.8.1; https://vattusacky.vn"
20.171.207.34 - - [07/Sep/2025:04:35:58 +0700] "GET /the-rise-of-paranormal-activity-on-omegle-privacy-concerns/feed/ HTTP/1.0" 200 1625 "-" "Mozilla/5.0 AppleWebKit/537.36 (KHTML, like Gecko; compatible; GPTBot/1.2; +https://openai.com/gptbot)"
45.117.177.72 - - [07/Sep/2025:04:36:30 +0700] "POST /wp-cron.php?doing_wp_cron=1757194590.7743968963623046875000 HTTP/1.0" 200 416 "-" "WordPress/6.8.1; https://vattusacky.vn"
52.167.144.21 - - [07/Sep/2025:04:36:29 +0700] "GET /category/slide1/ HTTP/1.0" 200 75621 "-" "Mozilla/5.0 AppleWebKit/537.36 (KHTML, like Gecko; compatible; bingbot/2.0; +http://www.bing.com/bingbot.htm) Chrome/116.0.1938.76 Safari/537.36"
20.171.207.34 - - [07/Sep/2025:04:37:11 +0700] "GET /reporting-inappropriate-behavior-on-omegle-a-guide/ HTTP/1.0" 200 90523 "-" "Mozilla/5.0 AppleWebKit/537.36 (KHTML, like Gecko; compatible; GPTBot/1.2; +https://openai.com/gptbot)"
45.117.177.72 - - [07/Sep/2025:04:37:49 +0700] "POST /wp-cron.php?doing_wp_cron=1757194669.7635540962219238281250 HTTP/1.0" 200 416 "-" "WordPress/6.8.1; https://vattusacky.vn"
85.208.96.194 - - [07/Sep/2025:04:37:48 +0700] "GET /robots.txt HTTP/1.0" 200 984 "-" "Mozilla/5.0 (compatible; SemrushBot/7~bl; +http://www.semrush.com/bot.html)"
85.208.96.200 - - [07/Sep/2025:04:37:51 +0700] "GET /how-to-cope-with-the-quick-break-up-of-your-long-term-romantic-relationship/ HTTP/1.0" 200 207485 "-" "Mozilla/5.0 (compatible; SemrushBot/7~bl; +http://www.semrush.com/bot.html)"
45.117.177.72 - - [07/Sep/2025:04:38:29 +0700] "POST /wp-cron.php?doing_wp_cron=1757194709.2926590442657470703125 HTTP/1.0" 200 416 "-" "WordPress/6.8.1; https://vattusacky.vn"
216.244.66.237 - - [07/Sep/2025:04:38:28 +0700] "GET /the-dark-secrets-of-omegle-uncovering-the-truth/ HTTP/1.0" 200 88454 "-" "Mozilla/5.0 (compatible; DotBot/1.2; +https://opensiteexplorer.org/dotbot; help@moz.com)"
20.171.207.34 - - [07/Sep/2025:04:38:28 +0700] "GET /omegle-chatrooms-are-they-really-private/ HTTP/1.0" 200 88877 "-" "Mozilla/5.0 AppleWebKit/537.36 (KHTML, like Gecko; compatible; GPTBot/1.2; +https://openai.com/gptbot)"
85.208.96.197 - - [07/Sep/2025:04:39:06 +0700] "GET /how-to-choose-an-official-web-design-for-your-administration/ HTTP/1.0" 200 205944 "-" "Mozilla/5.0 (compatible; SemrushBot/7~bl; +http://www.semrush.com/bot.html)"
216.244.66.237 - - [07/Sep/2025:04:40:08 +0700] "GET /the-role-of-trust-in-creating-authentic-connections-on-omegle/ HTTP/1.0" 200 82338 "-" "Mozilla/5.0 (compatible; DotBot/1.2; +https://opensiteexplorer.org/dotbot; help@moz.com)"
45.117.177.72 - - [07/Sep/2025:04:42:06 +0700] "POST /wp-cron.php?doing_wp_cron=1757194926.1849520206451416015625 HTTP/1.0" 200 416 "-" "WordPress/6.8.1; https://vattusacky.vn"
85.208.96.204 - - [07/Sep/2025:04:42:04 +0700] "GET /the/lay-mau-bui-tsp/page/3/ HTTP/1.0" 200 125806 "-" "Mozilla/5.0 (compatible; SemrushBot/7~bl; +http://www.semrush.com/bot.html)"
45.117.177.72 - - [07/Sep/2025:04:46:36 +0700] "POST /wp-cron.php?doing_wp_cron=1757195196.6189579963684082031250 HTTP/1.0" 200 416 "-" "WordPress/6.8.1; https://vattusacky.vn"
62.3.58.146 - - [07/Sep/2025:04:46:35 +0700] "GET /where-can-i-buy-viagra-over-the-counter-in-the-usa/ HTTP/1.0" 200 225090 "https://vattusacky.vn/where-can-i-buy-viagra-over-the-counter-in-the-usa/" "Mozilla/5.0 (Windows NT 10.0; Win64; x64) AppleWebKit/537.36 (KHTML, like Gecko) Chrome/130.0.0.0 Safari/537.36"
52.167.144.160 - - [07/Sep/2025:04:50:38 +0700] "GET /wp-content/uploads/2019/12/dscf2712.jpg HTTP/1.0" 200 416 "-" "Mozilla/5.0 AppleWebKit/537.36 (KHTML, like Gecko; compatible; bingbot/2.0; +http://www.bing.com/bingbot.htm) Chrome/116.0.1938.76 Safari/537.36"
45.117.177.72 - - [07/Sep/2025:04:52:01 +0700] "POST /wp-cron.php?doing_wp_cron=1757195521.2613270282745361328125 HTTP/1.0" 200 416 "-" "WordPress/6.8.1; https://vattusacky.vn"
154.54.249.200 - - [07/Sep/2025:04:51:59 +0700] "GET /nurturing-empathy-on-omegle-fostering-understanding-and-compassion-in-conversations/ HTTP/1.0" 200 91785 "-" "Mozilla/5.0 (compatible; Barkrowler/0.9; +https://babbar.tech/crawler)"
45.117.177.72 - - [07/Sep/2025:04:52:27 +0700] "POST /wp-cron.php?doing_wp_cron=1757195547.1628479957580566406250 HTTP/1.0" 200 416 "-" "WordPress/6.8.1; https://vattusacky.vn"
217.113.194.81 - - [07/Sep/2025:04:52:26 +0700] "GET /serendipity-and-collective-wisdom-in-online-communities-on-omegle-and-ometv/feed/ HTTP/1.0" 200 1822 "-" "Mozilla/5.0 (compatible; Barkrowler/0.9; +https://babbar.tech/crawler)"
217.113.194.75 - - [07/Sep/2025:04:52:46 +0700] "GET /the-impact-of-user-interface-design-on-user-satisfaction-in-omegle-and-ometv/feed/ HTTP/1.0" 200 1825 "-" "Mozilla/5.0 (compatible; Barkrowler/0.9; +https://babbar.tech/crawler)"
217.113.194.76 - - [07/Sep/2025:04:53:05 +0700] "GET /kriterien-die-jene-uber-ukrainische-frauen-fur-ehe-wissensstand-sollten/feed/ HTTP/1.0" 200 1813 "-" "Mozilla/5.0 (compatible; Barkrowler/0.9; +https://babbar.tech/crawler)"
45.117.177.72 - - [07/Sep/2025:04:53:26 +0700] "POST /wp-cron.php?doing_wp_cron=1757195605.8795340061187744140625 HTTP/1.0" 200 416 "-" "WordPress/6.8.1; https://vattusacky.vn"
217.113.194.77 - - [07/Sep/2025:04:53:24 +0700] "GET /install-1xbet-app-%E2%AD%90-1xbet-app-acquire-fscore-orguk-6/feed/ HTTP/1.0" 200 1769 "-" "Mozilla/5.0 (compatible; Barkrowler/0.9; +https://babbar.tech/crawler)"
217.113.194.81 - - [07/Sep/2025:04:53:44 +0700] "GET /slushayte-svoikh-klientov-oni-rasskazhut-vam-vse-o-1-vin/feed/ HTTP/1.0" 200 1806 "-" "Mozilla/5.0 (compatible; Barkrowler/0.9; +https://babbar.tech/crawler)"
217.113.194.73 - - [07/Sep/2025:04:54:04 +0700] "GET /sijoittamiskohteena-rahapeleihin-liittyvaet-osakkeet/feed/ HTTP/1.0" 200 1753 "-" "Mozilla/5.0 (compatible; Barkrowler/0.9; +https://babbar.tech/crawler)"
45.117.177.72 - - [07/Sep/2025:04:54:27 +0700] "POST /wp-cron.php?doing_wp_cron=1757195667.1256270408630371093750 HTTP/1.0" 200 416 "-" "WordPress/6.8.1; https://vattusacky.vn"
217.113.194.77 - - [07/Sep/2025:04:54:25 +0700] "GET /the-transformative-potential-of-serendipitous-connections-on-omegle-and-ometv/feed/ HTTP/1.0" 200 1828 "-" "Mozilla/5.0 (compatible; Barkrowler/0.9; +https://babbar.tech/crawler)"
40.77.167.67 - - [07/Sep/2025:04:54:27 +0700] "GET /sitemap_index.xml HTTP/1.0" 200 2426 "-" "Mozilla/5.0 AppleWebKit/537.36 (KHTML, like Gecko; compatible; bingbot/2.0; +http://www.bing.com/bingbot.htm) Chrome/116.0.1938.76 Safari/537.36"
207.46.13.102 - - [07/Sep/2025:04:54:31 +0700] "GET /finding-a-sugardaddy-in-australia/ HTTP/1.0" 200 208037 "-" "Mozilla/5.0 AppleWebKit/537.36 (KHTML, like Gecko; compatible; bingbot/2.0; +http://www.bing.com/bingbot.htm) Chrome/116.0.1938.76 Safari/537.36"
217.113.194.75 - - [07/Sep/2025:04:54:45 +0700] "GET /selecting-an-malware-replacement-that-gives-edr-endpoint-detection-and-response-capacities/feed/ HTTP/1.0" 200 1869 "-" "Mozilla/5.0 (compatible; Barkrowler/0.9; +https://babbar.tech/crawler)"
154.54.249.200 - - [07/Sep/2025:04:55:05 +0700] "GET /exploring-the-generational-divide-how-omegle-and-ometv-appeal-to-different-age-groups/feed/ HTTP/1.0" 200 1852 "-" "Mozilla/5.0 (compatible; Barkrowler/0.9; +https://babbar.tech/crawler)"
45.117.177.72 - - [07/Sep/2025:04:55:26 +0700] "POST /wp-cron.php?doing_wp_cron=1757195725.9427690505981445312500 HTTP/1.0" 200 416 "-" "WordPress/6.8.1; https://vattusacky.vn"
217.113.194.78 - - [07/Sep/2025:04:55:24 +0700] "GET /exploring-the-global-reach-of-omegle-and-ometv-cross-cultural-experiences-in-anonymous-chats/feed/ HTTP/1.0" 200 1873 "-" "Mozilla/5.0 (compatible; Barkrowler/0.9; +https://babbar.tech/crawler)"
217.113.194.76 - - [07/Sep/2025:04:55:45 +0700] "GET /exploring-privacy-concerns-on-omegle-and-ometv-how-much-do-users-actually-know/feed/ HTTP/1.0" 200 1831 "-" "Mozilla/5.0 (compatible; Barkrowler/0.9; +https://babbar.tech/crawler)"
216.73.216.162 - - [07/Sep/2025:04:55:51 +0700] "GET /?p=10421 HTTP/1.0" 301 637 "-" "Mozilla/5.0 AppleWebKit/537.36 (KHTML, like Gecko; compatible; ClaudeBot/1.0; +claudebot@anthropic.com)"
216.73.216.162 - - [07/Sep/2025:04:55:51 +0700] "GET /daddy-casino-akcii-i-bonusy-ot-kazino-rabochee/feed HTTP/1.0" 301 740 "-" "Mozilla/5.0 AppleWebKit/537.36 (KHTML, like Gecko; compatible; ClaudeBot/1.0; +claudebot@anthropic.com)"
216.73.216.162 - - [07/Sep/2025:04:55:53 +0700] "GET /daddy-casino-akcii-i-bonusy-ot-kazino-rabochee/feed/ HTTP/1.0" 200 1650 "https://vattusacky.vn/daddy-casino-akcii-i-bonusy-ot-kazino-rabochee/feed" "Mozilla/5.0 AppleWebKit/537.36 (KHTML, like Gecko; compatible; ClaudeBot/1.0; +claudebot@anthropic.com)"
216.73.216.162 - - [07/Sep/2025:04:55:53 +0700] "GET /daddy-casino-akcii-i-bonusy-ot-kazino-rabochee/ HTTP/1.0" 200 97024 "https://vattusacky.vn/?p=10421" "Mozilla/5.0 AppleWebKit/537.36 (KHTML, like Gecko; compatible; ClaudeBot/1.0; +claudebot@anthropic.com)"
154.54.249.200 - - [07/Sep/2025:04:56:05 +0700] "GET /the-privacy-debate-balancing-anonymity-and-user-safety-on-omegle-and-ometv/feed/ HTTP/1.0" 200 1819 "-" "Mozilla/5.0 (compatible; Barkrowler/0.9; +https://babbar.tech/crawler)"
45.117.177.72 - - [07/Sep/2025:04:56:26 +0700] "POST /wp-cron.php?doing_wp_cron=1757195786.1665270328521728515625 HTTP/1.0" 200 416 "-" "WordPress/6.8.1; https://vattusacky.vn"
217.113.194.81 - - [07/Sep/2025:04:56:25 +0700] "GET /mengapa-slot-thailand-menjadi-primadona-di-kalangan-pecinta-slot/feed/ HTTP/1.0" 200 1791 "-" "Mozilla/5.0 (compatible; Barkrowler/0.9; +https://babbar.tech/crawler)"
217.113.194.77 - - [07/Sep/2025:04:56:48 +0700] "GET /mosquitoes-traveling-by-air-100-free-as-well-being-sectors-concentrate-on-virus/feed/ HTTP/1.0" 200 1836 "-" "Mozilla/5.0 (compatible; Barkrowler/0.9; +https://babbar.tech/crawler)"
154.54.249.200 - - [07/Sep/2025:04:57:08 +0700] "GET /i-have-a-summary-of-desirable-qualities-exactly-why-is-it-hard-for-females-to-commit/feed/ HTTP/1.0" 200 1851 "-" "Mozilla/5.0 (compatible; Barkrowler/0.9; +https://babbar.tech/crawler)"
45.117.177.72 - - [07/Sep/2025:04:57:30 +0700] "POST /wp-cron.php?doing_wp_cron=1757195850.0429279804229736328125 HTTP/1.0" 200 416 "-" "WordPress/6.8.1; https://vattusacky.vn"
217.113.194.80 - - [07/Sep/2025:04:57:28 +0700] "GET /cach-tim-bat-ngo-tren-https-vaysite-com-web-tien-ve-phia-truoc/ HTTP/1.0" 200 209107 "-" "Mozilla/5.0 (compatible; Barkrowler/0.9; +https://babbar.tech/crawler)"
217.113.194.72 - - [07/Sep/2025:04:58:04 +0700] "GET /cach-tim-bat-ngo-tren-https-vaysite-com-web-tien-ve-phia-truoc/feed/ HTTP/1.0" 200 1801 "-" "Mozilla/5.0 (compatible; Barkrowler/0.9; +https://babbar.tech/crawler)"
45.117.177.72 - - [07/Sep/2025:04:58:23 +0700] "POST /wp-cron.php?doing_wp_cron=1757195903.3534340858459472656250 HTTP/1.0" 200 416 "-" "WordPress/6.8.1; https://vattusacky.vn"
52.167.144.157 - - [07/Sep/2025:04:58:22 +0700] "GET /overcoming-online-disinhibition-on-omegle-navigating-anonymity-and-promoting-respectful-interactions/ HTTP/1.0" 200 92977 "-" "Mozilla/5.0 AppleWebKit/537.36 (KHTML, like Gecko; compatible; bingbot/2.0; +http://www.bing.com/bingbot.htm) Chrome/116.0.1938.76 Safari/537.36"
217.113.194.80 - - [07/Sep/2025:04:58:24 +0700] "GET /gunbot-trading-bot-with-136-exchanges-available/how%20to%20solo%20mine%20litecoin HTTP/1.0" 404 70812 "-" "Mozilla/5.0 (compatible; Barkrowler/0.9; +https://babbar.tech/crawler)"
5.255.231.61 - - [07/Sep/2025:04:58:45 +0700] "GET /from-strangers-to-collaborators-creative-partnerships-on-omegle-and-ometv/ HTTP/1.0" 200 94481 "-" "Mozilla/5.0 (compatible; YandexBot/3.0; +http://yandex.com/bots)"
217.113.194.218 - - [07/Sep/2025:04:58:47 +0700] "GET /gaming-on-omegle-and-ometv-how-virtual-communities-have-transformed-the-gaming-landscape/ HTTP/1.0" 200 91944 "-" "Mozilla/5.0 (compatible; Barkrowler/0.9; +https://babbar.tech/crawler)"
217.113.194.76 - - [07/Sep/2025:04:59:09 +0700] "GET /finding-meaningful-connections-in-a-digital-world-insights-from-omegle-and-ometv-users/ HTTP/1.0" 200 92289 "-" "Mozilla/5.0 (compatible; Barkrowler/0.9; +https://babbar.tech/crawler)"
45.117.177.72 - - [07/Sep/2025:04:59:18 +0700] "POST /wp-cron.php?doing_wp_cron=1757195958.5525920391082763671875 HTTP/1.0" 200 416 "-" "WordPress/6.8.1; https://vattusacky.vn"
216.73.216.162 - - [07/Sep/2025:04:59:17 +0700] "GET /sitemap_index.xml HTTP/1.0" 200 2426 "-" "Mozilla/5.0 AppleWebKit/537.36 (KHTML, like Gecko; compatible; ClaudeBot/1.0; +claudebot@anthropic.com)"
217.113.194.80 - - [07/Sep/2025:04:59:31 +0700] "GET /domicilio-interpersonal-y-sucursales-codere-apuestas-valencia-organizacion-anonima-en-valencia/ HTTP/1.0" 200 95536 "-" "Mozilla/5.0 (compatible; Barkrowler/0.9; +https://babbar.tech/crawler)"
217.113.194.79 - - [07/Sep/2025:04:59:57 +0700] "GET /the-battle-for-individuality-on-omegle-understanding-the-psychological-impact-of-anonymity/feed/ HTTP/1.0" 200 1867 "-" "Mozilla/5.0 (compatible; Barkrowler/0.9; +https://babbar.tech/crawler)"
45.117.177.72 - - [07/Sep/2025:05:00:20 +0700] "POST /wp-cron.php?doing_wp_cron=1757196020.3414280414581298828125 HTTP/1.0" 200 416 "-" "WordPress/6.8.1; https://vattusacky.vn"
217.113.194.74 - - [07/Sep/2025:05:00:19 +0700] "GET /jolly-me-is-actually-performing-overtime-to-swindle-anybody-who-joins-their-site/feed/ HTTP/1.0" 200 1837 "-" "Mozilla/5.0 (compatible; Barkrowler/0.9; +https://babbar.tech/crawler)"
217.113.194.74 - - [07/Sep/2025:05:00:41 +0700] "GET /the-influence-of-language-skills-on-intercultural-empathy-through-omegle-and-ometv/feed/ HTTP/1.0" 200 1843 "-" "Mozilla/5.0 (compatible; Barkrowler/0.9; +https://babbar.tech/crawler)"
45.117.177.72 - - [07/Sep/2025:05:01:03 +0700] "POST /wp-cron.php?doing_wp_cron=1757196063.6632800102233886718750 HTTP/1.0" 200 416 "-" "WordPress/6.8.1; https://vattusacky.vn"
217.113.194.79 - - [07/Sep/2025:05:01:02 +0700] "GET /leovegas-esports-vedonlyoenti-100-ilmaisveto-uusille-pelaajille/feed/ HTTP/1.0" 200 1787 "-" "Mozilla/5.0 (compatible; Barkrowler/0.9; +https://babbar.tech/crawler)"
45.117.177.72 - - [07/Sep/2025:05:01:24 +0700] "POST /wp-cron.php?doing_wp_cron=1757196084.0723760128021240234375 HTTP/1.0" 200 416 "-" "WordPress/6.8.1; https://vattusacky.vn"
217.113.194.81 - - [07/Sep/2025:05:01:22 +0700] "GET /findo-advance-tien-cashberry-loan-app-trinh-di-dong-co-su-khac-biet/ HTTP/1.0" 200 207761 "-" "Mozilla/5.0 (compatible; Barkrowler/0.9; +https://babbar.tech/crawler)"
154.54.249.200 - - [07/Sep/2025:05:01:58 +0700] "GET /the-role-of-user-interface-in-encouraging-active-participation-on-omegle-and-ometv/feed/ HTTP/1.0" 200 1843 "-" "Mozilla/5.0 (compatible; Barkrowler/0.9; +https://babbar.tech/crawler)"
52.167.144.157 - - [07/Sep/2025:05:02:02 +0700] "GET /omegles-role-in-combating-social-isolation-among-seniors/feed/ HTTP/1.0" 200 1765 "-" "Mozilla/5.0 AppleWebKit/537.36 (KHTML, like Gecko; compatible; bingbot/2.0; +http://www.bing.com/bingbot.htm) Chrome/116.0.1938.76 Safari/537.36"
45.117.177.72 - - [07/Sep/2025:05:02:18 +0700] "POST /wp-cron.php?doing_wp_cron=1757196138.7427859306335449218750 HTTP/1.0" 200 416 "-" "WordPress/6.8.1; https://vattusacky.vn"
217.113.194.78 - - [07/Sep/2025:05:02:17 +0700] "GET /the-role-of-random-chatting-in-the-digital-age-an-analysis-of-omegle-and-ometv/feed/ HTTP/1.0" 200 1831 "-" "Mozilla/5.0 (compatible; Barkrowler/0.9; +https://babbar.tech/crawler)"
216.73.216.162 - - [07/Sep/2025:05:02:37 +0700] "GET /?p=10568 HTTP/1.0" 301 641 "-" "Mozilla/5.0 AppleWebKit/537.36 (KHTML, like Gecko; compatible; ClaudeBot/1.0; +claudebot@anthropic.com)"
217.113.194.76 - - [07/Sep/2025:05:02:38 +0700] "GET /the-role-of-technology-in-enhancing-serendipitous-moments-on-omegle-and-ometv/feed/ HTTP/1.0" 200 1828 "-" "Mozilla/5.0 (compatible; Barkrowler/0.9; +https://babbar.tech/crawler)"
216.73.216.162 - - [07/Sep/2025:05:02:39 +0700] "GET /master-the-art-of-cs-id-obstawianie-i-zwiksz-swoje/ HTTP/1.0" 200 76702 "https://vattusacky.vn/?p=10568" "Mozilla/5.0 AppleWebKit/537.36 (KHTML, like Gecko; compatible; ClaudeBot/1.0; +claudebot@anthropic.com)"
185.191.171.1 - - [07/Sep/2025:05:02:41 +0700] "GET /the/tram-lay-mau-bui-tsp/page/1/ HTTP/1.0" 301 569 "-" "Mozilla/5.0 (compatible; SemrushBot/7~bl; +http://www.semrush.com/bot.html)"
85.208.96.211 - - [07/Sep/2025:05:02:45 +0700] "GET /the/tram-lay-mau-bui-tsp/ HTTP/1.0" 200 183692 "-" "Mozilla/5.0 (compatible; SemrushBot/7~bl; +http://www.semrush.com/bot.html)"
217.113.194.80 - - [07/Sep/2025:05:02:57 +0700] "GET /omegle-and-online-harassment-recognizing-and-protecting-yourself-against-harassment-on-the-platform/feed/ HTTP/1.0" 200 1894 "-" "Mozilla/5.0 (compatible; Barkrowler/0.9; +https://babbar.tech/crawler)"
45.117.177.72 - - [07/Sep/2025:05:03:19 +0700] "POST /wp-cron.php?doing_wp_cron=1757196199.6923890113830566406250 HTTP/1.0" 200 416 "-" "WordPress/6.8.1; https://vattusacky.vn"
217.113.194.74 - - [07/Sep/2025:05:03:18 +0700] "GET /danh-muc/co-ba%CC%89n-thi-nghie%CC%A3m/noi-hap-tiet-trung/ HTTP/1.0" 200 96725 "-" "Mozilla/5.0 (compatible; Barkrowler/0.9; +https://babbar.tech/crawler)"
44.212.131.50 - - [07/Sep/2025:05:03:39 +0700] "GET /stavki-na-kibersport-vysokie-kojefficienty-stavki-5/ HTTP/1.0" 200 267552 "-" "Mozilla/5.0 AppleWebKit/537.36 (KHTML, like Gecko; compatible; Amazonbot/0.1; +https://developer.amazon.com/support/amazonbot) Chrome/119.0.6045.214 Safari/537.36"
217.113.194.218 - - [07/Sep/2025:05:03:42 +0700] "GET /danh-muc/co-ba%CC%89n-thi-nghie%CC%A3m/may-dong-hoa-mau/ HTTP/1.0" 200 100398 "-" "Mozilla/5.0 (compatible; Barkrowler/0.9; +https://babbar.tech/crawler)"
54.221.203.24 - - [07/Sep/2025:05:03:43 +0700] "GET /the-ultimate-way-to-hook-up-the-gc30s8cba-stove-top/ HTTP/1.0" 200 206919 "-" "Mozilla/5.0 AppleWebKit/537.36 (KHTML, like Gecko; compatible; Amazonbot/0.1; +https://developer.amazon.com/support/amazonbot) Chrome/119.0.6045.214 Safari/537.36"
52.200.54.136 - - [07/Sep/2025:05:03:48 +0700] "GET /what-exactly-virtual-info-room-2/ HTTP/1.0" 200 205492 "-" "Mozilla/5.0 AppleWebKit/537.36 (KHTML, like Gecko; compatible; Amazonbot/0.1; +https://developer.amazon.com/support/amazonbot) Chrome/119.0.6045.214 Safari/537.36"
3.93.98.99 - - [07/Sep/2025:05:03:52 +0700] "GET /sources-of-tech-news/ HTTP/1.0" 200 205200 "-" "Mozilla/5.0 AppleWebKit/537.36 (KHTML, like Gecko; compatible; Amazonbot/0.1; +https://developer.amazon.com/support/amazonbot) Chrome/119.0.6045.214 Safari/537.36"
100.28.44.58 - - [07/Sep/2025:05:03:56 +0700] "GET /ethereum-classic-price-etc-usd-live-value/ HTTP/1.0" 200 304383 "-" "Mozilla/5.0 AppleWebKit/537.36 (KHTML, like Gecko; compatible; Amazonbot/0.1; +https://developer.amazon.com/support/amazonbot) Chrome/119.0.6045.214 Safari/537.36"
98.82.38.120 - - [07/Sep/2025:05:03:59 +0700] "GET /basic-attention-token-usd-bat-usd-price-value-news/1btc%20to%20usd HTTP/1.0" 404 70812 "-" "Mozilla/5.0 AppleWebKit/537.36 (KHTML, like Gecko; compatible; Amazonbot/0.1; +https://developer.amazon.com/support/amazonbot) Chrome/119.0.6045.214 Safari/537.36"
44.197.76.210 - - [07/Sep/2025:05:04:04 +0700] "GET /romance-therapists-disclose-the-top-evidence-a-romantic-relationship-is-over/ HTTP/1.0" 200 207989 "-" "Mozilla/5.0 AppleWebKit/537.36 (KHTML, like Gecko; compatible; Amazonbot/0.1; +https://developer.amazon.com/support/amazonbot) Chrome/119.0.6045.214 Safari/537.36"
217.113.194.74 - - [07/Sep/2025:05:04:06 +0700] "GET /danh-muc/co-ba%CC%89n-thi-nghie%CC%A3m/tu-cay-vi-sinh/feed/ HTTP/1.0" 200 48966 "-" "Mozilla/5.0 (compatible; Barkrowler/0.9; +https://babbar.tech/crawler)"
44.212.106.171 - - [07/Sep/2025:05:04:08 +0700] "GET /author/yanz/page/385/ HTTP/1.0" 200 98584 "-" "Mozilla/5.0 AppleWebKit/537.36 (KHTML, like Gecko; compatible; Amazonbot/0.1; +https://developer.amazon.com/support/amazonbot) Chrome/119.0.6045.214 Safari/537.36"
216.73.216.162 - - [07/Sep/2025:05:04:14 +0700] "GET /master-the-art-of-cs-id-obstawianie-i-zwiksz-swoje/feed HTTP/1.0" 301 744 "-" "Mozilla/5.0 AppleWebKit/537.36 (KHTML, like Gecko; compatible; ClaudeBot/1.0; +claudebot@anthropic.com)"
213.180.203.230 - - [07/Sep/2025:05:04:14 +0700] "GET /funny-reactions-laughing-together-on-omegle-and-ometv/ HTTP/1.0" 200 84600 "-" "Mozilla/5.0 (compatible; YandexBot/3.0; +http://yandex.com/bots)"
216.73.216.162 - - [07/Sep/2025:05:04:15 +0700] "GET /master-the-art-of-cs-id-obstawianie-i-zwiksz-swoje/feed/ HTTP/1.0" 200 1616 "https://vattusacky.vn/master-the-art-of-cs-id-obstawianie-i-zwiksz-swoje/feed" "Mozilla/5.0 AppleWebKit/537.36 (KHTML, like Gecko; compatible; ClaudeBot/1.0; +claudebot@anthropic.com)"
45.117.177.72 - - [07/Sep/2025:05:04:29 +0700] "POST /wp-cron.php?doing_wp_cron=1757196269.6142220497131347656250 HTTP/1.0" 200 416 "-" "WordPress/6.8.1; https://vattusacky.vn"
217.113.194.78 - - [07/Sep/2025:05:04:28 +0700] "GET /danh-muc/thiet-bi%CC%A3-do-luong/may-do-nhiet-do-do-am/?s= HTTP/1.0" 200 69593 "-" "Mozilla/5.0 (compatible; Barkrowler/0.9; +https://babbar.tech/crawler)"
217.113.194.72 - - [07/Sep/2025:05:04:53 +0700] "GET /danh-muc/moi-truong-nuoc/lay-mau-nuoc-beta-van-dorn-kemmerer/ HTTP/1.0" 200 75765 "-" "Mozilla/5.0 (compatible; Barkrowler/0.9; +https://babbar.tech/crawler)"
45.117.177.72 - - [07/Sep/2025:05:05:18 +0700] "POST /wp-cron.php?doing_wp_cron=1757196318.3632578849792480468750 HTTP/1.0" 200 416 "-" "WordPress/6.8.1; https://vattusacky.vn"
217.113.194.75 - - [07/Sep/2025:05:05:17 +0700] "GET /danh-muc/moi-truong-nuoc/lay-mau-nuoc-alphan-van-dor-loai-doc/ HTTP/1.0" 200 182728 "-" "Mozilla/5.0 (compatible; Barkrowler/0.9; +https://babbar.tech/crawler)"
217.113.194.74 - - [07/Sep/2025:05:05:45 +0700] "GET /danh-muc/moi-truong-nuoc/may-do-nuoc-da-chi-tieu-hien-truong/ HTTP/1.0" 200 154624 "-" "Mozilla/5.0 (compatible; Barkrowler/0.9; +https://babbar.tech/crawler)"
217.113.194.81 - - [07/Sep/2025:05:06:14 +0700] "GET /danh-muc/moi-truong-khi/bom-lay-mau-khi-ca-nhan-iaq/?s= HTTP/1.0" 200 162263 "-" "Mozilla/5.0 (compatible; Barkrowler/0.9; +https://babbar.tech/crawler)"
45.117.177.72 - - [07/Sep/2025:05:06:39 +0700] "POST /wp-cron.php?doing_wp_cron=1757196399.1574509143829345703125 HTTP/1.0" 200 416 "-" "WordPress/6.8.1; https://vattusacky.vn"
17.241.219.137 - - [07/Sep/2025:05:06:37 +0700] "GET /exploring-identities-omegles-cross-cultural-experiences/ HTTP/1.0" 200 91683 "-" "Mozilla/5.0 (Macintosh; Intel Mac OS X 10_15_7) AppleWebKit/605.1.15 (KHTML, like Gecko) Version/17.4 Safari/605.1.15 (Applebot/0.1; +http://www.apple.com/go/applebot)"
217.113.194.217 - - [07/Sep/2025:05:06:45 +0700] "GET /danh-muc/moi-truong-khi/bom-lay-mau-khi-ca-nhan-iaq/page/2/ HTTP/1.0" 200 76493 "-" "Mozilla/5.0 (compatible; Barkrowler/0.9; +https://babbar.tech/crawler)"
217.113.194.76 - - [07/Sep/2025:05:07:06 +0700] "GET /danh-muc/moi-truong-khi/bom-lay-mau-khi-ca-nhan-iaq/feed/ HTTP/1.0" 200 87081 "-" "Mozilla/5.0 (compatible; Barkrowler/0.9; +https://babbar.tech/crawler)"
45.117.177.72 - - [07/Sep/2025:05:07:29 +0700] "POST /wp-cron.php?doing_wp_cron=1757196449.7374639511108398437500 HTTP/1.0" 200 416 "-" "WordPress/6.8.1; https://vattusacky.vn"
217.113.194.79 - - [07/Sep/2025:05:07:28 +0700] "GET /the-psychology-behind-virtual-masks-why-do-we-feel-the-need-to-hide-our-true-identities/feed/ HTTP/1.0" 200 1858 "-" "Mozilla/5.0 (compatible; Barkrowler/0.9; +https://babbar.tech/crawler)"
217.113.194.72 - - [07/Sep/2025:05:07:48 +0700] "GET /the-psychology-of-random-connections-analyzing-user-behavior-on-omegle-and-ometv/ HTTP/1.0" 200 93320 "-" "Mozilla/5.0 (compatible; Barkrowler/0.9; +https://babbar.tech/crawler)"
217.113.194.81 - - [07/Sep/2025:05:08:12 +0700] "GET /the-authenticity-paradox-balancing-honesty-and-self-presentation-in-anonymous-omegle-chats/ HTTP/1.0" 200 83213 "-" "Mozilla/5.0 (compatible; Barkrowler/0.9; +https://babbar.tech/crawler)"
45.117.177.72 - - [07/Sep/2025:05:08:47 +0700] "POST /wp-cron.php?doing_wp_cron=1757196527.3459520339965820312500 HTTP/1.0" 200 416 "-" "WordPress/6.8.1; https://vattusacky.vn"
217.113.194.217 - - [07/Sep/2025:05:08:46 +0700] "GET /the-art-of-active-questioning-on-omegle-encouraging-detailed-and-thought-provoking-responses/ HTTP/1.0" 200 93628 "-" "Mozilla/5.0 (compatible; Barkrowler/0.9; +https://babbar.tech/crawler)"
45.117.177.72 - - [07/Sep/2025:05:09:11 +0700] "POST /wp-cron.php?doing_wp_cron=1757196551.2856619358062744140625 HTTP/1.0" 200 416 "-" "WordPress/6.8.1; https://vattusacky.vn"
217.113.194.76 - - [07/Sep/2025:05:09:10 +0700] "GET /unmasking-the-ethical-dilemmas-of-anonymity-on-omegle-a-psychological-perspective/feed/ HTTP/1.0" 200 1840 "-" "Mozilla/5.0 (compatible; Barkrowler/0.9; +https://babbar.tech/crawler)"
45.117.177.72 - - [07/Sep/2025:05:09:31 +0700] "POST /wp-cron.php?doing_wp_cron=1757196571.6044449806213378906250 HTTP/1.0" 200 416 "-" "WordPress/6.8.1; https://vattusacky.vn"
217.113.194.217 - - [07/Sep/2025:05:09:30 +0700] "GET /san-pham/gau-ponar-lay-mau-bun-tram-tich-dien-tich-232cm2/feed/ HTTP/1.0" 200 1730 "-" "Mozilla/5.0 (compatible; Barkrowler/0.9; +https://babbar.tech/crawler)"
217.113.194.73 - - [07/Sep/2025:05:09:55 +0700] "GET /san-pham/bo-lay-mau-hoi-khi-trong-dat-co-khoan-gvp-kit/feed/ HTTP/1.0" 200 1720 "-" "Mozilla/5.0 (compatible; Barkrowler/0.9; +https://babbar.tech/crawler)"
154.54.249.200 - - [07/Sep/2025:05:10:15 +0700] "GET /san-pham/bom-lay-mau-khi-bui-luu-luong-thap-1-5-5-lpm/feed/ HTTP/1.0" 200 1722 "-" "Mozilla/5.0 (compatible; Barkrowler/0.9; +https://babbar.tech/crawler)"
45.117.177.72 - - [07/Sep/2025:05:10:38 +0700] "POST /wp-cron.php?doing_wp_cron=1757196638.6092069149017333984375 HTTP/1.0" 200 416 "-" "WordPress/6.8.1; https://vattusacky.vn"
217.113.194.81 - - [07/Sep/2025:05:10:37 +0700] "GET /san-pham/bom-lay-mau-bui-tsp-200-800-lpm-khong-choi-than-2/ HTTP/1.0" 200 511949 "-" "Mozilla/5.0 (compatible; Barkrowler/0.9; +https://babbar.tech/crawler)"
45.117.177.72 - - [07/Sep/2025:05:11:46 +0700] "POST /wp-cron.php?doing_wp_cron=1757196705.6931419372558593750000 HTTP/1.0" 200 416 "-" "WordPress/6.8.1; https://vattusacky.vn"
87.250.224.21 - - [07/Sep/2025:05:11:44 +0700] "GET /the-global-community-on-omegle-connecting-beyond-borders/ HTTP/1.0" 200 89539 "-" "Mozilla/5.0 (compatible; YandexBot/3.0; +http://yandex.com/bots)"
45.117.177.72 - - [07/Sep/2025:05:13:17 +0700] "POST /wp-cron.php?doing_wp_cron=1757196797.6481840610504150390625 HTTP/1.0" 200 416 "-" "WordPress/6.8.1; https://vattusacky.vn"
20.171.207.27 - - [07/Sep/2025:05:13:16 +0700] "GET /privacy-and-security-features-on-omegle/ HTTP/1.0" 200 91043 "-" "Mozilla/5.0 AppleWebKit/537.36 (KHTML, like Gecko; compatible; GPTBot/1.2; +https://openai.com/gptbot)"
20.171.207.27 - - [07/Sep/2025:05:13:22 +0700] "GET /?p=8810 HTTP/1.0" 301 493 "-" "Mozilla/5.0 AppleWebKit/537.36 (KHTML, like Gecko; compatible; GPTBot/1.2; +https://openai.com/gptbot)"
20.171.207.27 - - [07/Sep/2025:05:13:23 +0700] "GET /the-role-of-anonymity-in-omegles-chat-experience/ HTTP/1.0" 200 91645 "-" "Mozilla/5.0 AppleWebKit/537.36 (KHTML, like Gecko; compatible; GPTBot/1.2; +https://openai.com/gptbot)"
20.171.207.27 - - [07/Sep/2025:05:13:40 +0700] "GET /the/do-gio/ HTTP/1.0" 200 67616 "-" "Mozilla/5.0 AppleWebKit/537.36 (KHTML, like Gecko; compatible; GPTBot/1.2; +https://openai.com/gptbot)"
4.227.36.9 - - [07/Sep/2025:05:13:49 +0700] "GET /robots.txt HTTP/1.0" 200 984 "http://vattusacky.vn/robots.txt" "Mozilla/5.0 AppleWebKit/537.36 (KHTML, like Gecko; compatible; GPTBot/1.2; +https://openai.com/gptbot)"
85.208.96.198 - - [07/Sep/2025:05:14:01 +0700] "GET /shop/page/5/ HTTP/1.0" 200 159037 "-" "Mozilla/5.0 (compatible; SemrushBot/7~bl; +http://www.semrush.com/bot.html)"
45.117.177.72 - - [07/Sep/2025:05:14:24 +0700] "POST /wp-cron.php?doing_wp_cron=1757196864.4104990959167480468750 HTTP/1.0" 200 416 "-" "WordPress/6.8.1; https://vattusacky.vn"
20.171.207.27 - - [07/Sep/2025:05:14:23 +0700] "GET /?p=8283 HTTP/1.0" 301 491 "-" "Mozilla/5.0 AppleWebKit/537.36 (KHTML, like Gecko; compatible; GPTBot/1.2; +https://openai.com/gptbot)"
20.171.207.27 - - [07/Sep/2025:05:14:24 +0700] "GET /taking-control-of-your-online-privacy-on-ometv/ HTTP/1.0" 200 90930 "-" "Mozilla/5.0 AppleWebKit/537.36 (KHTML, like Gecko; compatible; GPTBot/1.2; +https://openai.com/gptbot)"
46.105.38.210 - - [07/Sep/2025:05:14:25 +0700] "GET /robots.txt HTTP/1.0" 200 984 "-" "Mozilla/5.0 (compatible; MJ12bot/v2.0.4; http://mj12bot.com/)"
46.105.38.210 - - [07/Sep/2025:05:14:26 +0700] "GET / HTTP/1.0" 200 60070 "-" "Mozilla/5.0 (compatible; MJ12bot/v2.0.4; http://mj12bot.com/)"
185.191.171.11 - - [07/Sep/2025:05:14:56 +0700] "GET /author/yanz/page/309/ HTTP/1.0" 200 77761 "-" "Mozilla/5.0 (compatible; SemrushBot/7~bl; +http://www.semrush.com/bot.html)"
45.117.177.72 - - [07/Sep/2025:05:15:21 +0700] "POST /wp-cron.php?doing_wp_cron=1757196921.5020449161529541015625 HTTP/1.0" 200 416 "-" "WordPress/6.8.1; https://vattusacky.vn"
20.171.207.27 - - [07/Sep/2025:05:15:20 +0700] "GET /?p=7595 HTTP/1.0" 301 485 "-" "Mozilla/5.0 AppleWebKit/537.36 (KHTML, like Gecko; compatible; GPTBot/1.2; +https://openai.com/gptbot)"
20.171.207.27 - - [07/Sep/2025:05:15:21 +0700] "GET /omegle-chatrooms-are-they-really-private/ HTTP/1.0" 200 88877 "-" "Mozilla/5.0 AppleWebKit/537.36 (KHTML, like Gecko; compatible; GPTBot/1.2; +https://openai.com/gptbot)"
20.171.207.27 - - [07/Sep/2025:05:16:10 +0700] "GET /privacy-concerns-on-omegle-and-ometv/ HTTP/1.0" 200 91408 "-" "Mozilla/5.0 AppleWebKit/537.36 (KHTML, like Gecko; compatible; GPTBot/1.2; +https://openai.com/gptbot)"
45.117.177.72 - - [07/Sep/2025:05:17:04 +0700] "POST /wp-cron.php?doing_wp_cron=1757197024.3003740310668945312500 HTTP/1.0" 200 416 "-" "WordPress/6.8.1; https://vattusacky.vn"
52.167.144.195 - - [07/Sep/2025:05:17:02 +0700] "GET /category/piabet/ HTTP/1.0" 200 58560 "-" "Mozilla/5.0 AppleWebKit/537.36 (KHTML, like Gecko; compatible; bingbot/2.0; +http://www.bing.com/bingbot.htm) Chrome/116.0.1938.76 Safari/537.36"
45.117.177.72 - - [07/Sep/2025:05:18:06 +0700] "POST /wp-cron.php?doing_wp_cron=1757197086.5711960792541503906250 HTTP/1.0" 200 416 "-" "WordPress/6.8.1; https://vattusacky.vn"
20.171.207.27 - - [07/Sep/2025:05:18:05 +0700] "GET /?p=7475 HTTP/1.0" 301 494 "-" "Mozilla/5.0 AppleWebKit/537.36 (KHTML, like Gecko; compatible; GPTBot/1.2; +https://openai.com/gptbot)"
20.171.207.27 - - [07/Sep/2025:05:18:07 +0700] "GET /omegle-and-online-privacy-understanding-the-risks/ HTTP/1.0" 200 89476 "-" "Mozilla/5.0 AppleWebKit/537.36 (KHTML, like Gecko; compatible; GPTBot/1.2; +https://openai.com/gptbot)"
45.117.177.72 - - [07/Sep/2025:05:18:44 +0700] "POST /wp-cron.php?doing_wp_cron=1757197124.6645820140838623046875 HTTP/1.0" 200 416 "-" "WordPress/6.8.1; https://vattusacky.vn"
87.250.224.86 - - [07/Sep/2025:05:18:43 +0700] "GET /tienda-de-deportes-en-linea-welivesports/ HTTP/1.0" 200 89860 "-" "Mozilla/5.0 (compatible; YandexBot/3.0; +http://yandex.com/bots)"
207.46.13.54 - - [07/Sep/2025:05:18:45 +0700] "GET /the-role-of-networking-in-expanding-cultural-awareness-on-omegle-and-ometv/ HTTP/1.0" 200 93452 "-" "Mozilla/5.0 AppleWebKit/537.36 (KHTML, like Gecko; compatible; bingbot/2.0; +http://www.bing.com/bingbot.htm) Chrome/116.0.1938.76 Safari/537.36"
45.117.177.72 - - [07/Sep/2025:05:19:33 +0700] "POST /wp-cron.php?doing_wp_cron=1757197172.9601230621337890625000 HTTP/1.0" 200 416 "-" "WordPress/6.8.1; https://vattusacky.vn"
20.171.207.27 - - [07/Sep/2025:05:19:31 +0700] "GET /?p=8066 HTTP/1.0" 301 657 "-" "Mozilla/5.0 AppleWebKit/537.36 (KHTML, like Gecko; compatible; GPTBot/1.2; +https://openai.com/gptbot)"
20.171.207.27 - - [07/Sep/2025:05:19:33 +0700] "GET /parental-guide-preventing-and-addressing-omegle-addiction-in-teens/ HTTP/1.0" 200 93660 "-" "Mozilla/5.0 AppleWebKit/537.36 (KHTML, like Gecko; compatible; GPTBot/1.2; +https://openai.com/gptbot)"
213.180.203.222 - - [07/Sep/2025:05:19:53 +0700] "GET /1xbet-cell-app-for-ios-and-android-61/ HTTP/1.0" 200 115709 "-" "Mozilla/5.0 (compatible; YandexBot/3.0; +http://yandex.com/bots)"
45.117.177.72 - - [07/Sep/2025:05:20:27 +0700] "POST /wp-cron.php?doing_wp_cron=1757197227.5808160305023193359375 HTTP/1.0" 200 416 "-" "WordPress/6.8.1; https://vattusacky.vn"
20.171.207.27 - - [07/Sep/2025:05:20:26 +0700] "GET /?p=8140 HTTP/1.0" 301 495 "-" "Mozilla/5.0 AppleWebKit/537.36 (KHTML, like Gecko; compatible; GPTBot/1.2; +https://openai.com/gptbot)"
20.171.207.27 - - [07/Sep/2025:05:20:27 +0700] "GET /reporting-inappropriate-behavior-on-omegle-a-guide/ HTTP/1.0" 200 90523 "-" "Mozilla/5.0 AppleWebKit/537.36 (KHTML, like Gecko; compatible; GPTBot/1.2; +https://openai.com/gptbot)"
20.171.207.27 - - [07/Sep/2025:05:21:02 +0700] "GET /wp-json/oembed/1.0/embed?url=https%3A%2F%2Fvattusacky.vn%2Ftaking-control-of-your-online-privacy-on-ometv%2F HTTP/1.0" 200 3424 "-" "Mozilla/5.0 AppleWebKit/537.36 (KHTML, like Gecko; compatible; GPTBot/1.2; +https://openai.com/gptbot)"
40.77.167.71 - - [07/Sep/2025:05:21:32 +0700] "GET /wp-content/uploads/2017/11/t110-t112-003.png HTTP/1.0" 200 420 "-" "Mozilla/5.0 AppleWebKit/537.36 (KHTML, like Gecko; compatible; bingbot/2.0; +http://www.bing.com/bingbot.htm) Chrome/116.0.1938.76 Safari/537.36"
45.117.177.72 - - [07/Sep/2025:05:21:41 +0700] "POST /wp-cron.php?doing_wp_cron=1757197301.7838959693908691406250 HTTP/1.0" 200 416 "-" "WordPress/6.8.1; https://vattusacky.vn"
20.171.207.27 - - [07/Sep/2025:05:21:40 +0700] "GET /omegles-impact-on-mental-health-support-and-resources/ HTTP/1.0" 200 92436 "-" "Mozilla/5.0 AppleWebKit/537.36 (KHTML, like Gecko; compatible; GPTBot/1.2; +https://openai.com/gptbot)"
45.117.177.72 - - [07/Sep/2025:05:22:47 +0700] "POST /wp-cron.php?doing_wp_cron=1757197367.1896150112152099609375 HTTP/1.0" 200 416 "-" "WordPress/6.8.1; https://vattusacky.vn"
20.171.207.27 - - [07/Sep/2025:05:22:45 +0700] "GET /omegles-impact-on-online-privacy-discussions/ HTTP/1.0" 200 77164 "-" "Mozilla/5.0 AppleWebKit/537.36 (KHTML, like Gecko; compatible; GPTBot/1.2; +https://openai.com/gptbot)"
85.208.96.202 - - [07/Sep/2025:05:23:15 +0700] "GET /can-you-take-atorvastatin-and-propranolol-together/ HTTP/1.0" 200 82129 "-" "Mozilla/5.0 (compatible; SemrushBot/7~bl; +http://www.semrush.com/bot.html)"
45.117.177.72 - - [07/Sep/2025:05:23:36 +0700] "POST /wp-cron.php?doing_wp_cron=1757197416.7054369449615478515625 HTTP/1.0" 200 416 "-" "WordPress/6.8.1; https://vattusacky.vn"
18.205.91.101 - - [07/Sep/2025:05:23:35 +0700] "GET /just-what-mutually-beneficial-arrangement/ HTTP/1.0" 200 208802 "-" "Mozilla/5.0 AppleWebKit/537.36 (KHTML, like Gecko; compatible; Amazonbot/0.1; +https://developer.amazon.com/support/amazonbot) Chrome/119.0.6045.214 Safari/537.36"
52.3.155.146 - - [07/Sep/2025:05:23:39 +0700] "GET /onlinedatingadvice-info-an-extensive-weblog-that-teaches-singles-how-exactly-to-effectively-navigate-online-dating/ HTTP/1.0" 200 213141 "-" "Mozilla/5.0 AppleWebKit/537.36 (KHTML, like Gecko; compatible; Amazonbot/0.1; +https://developer.amazon.com/support/amazonbot) Chrome/119.0.6045.214 Safari/537.36"
34.224.9.144 - - [07/Sep/2025:05:23:43 +0700] "GET /foreign-dating-how-to-find-somebody-overseas/ HTTP/1.0" 200 208970 "-" "Mozilla/5.0 AppleWebKit/537.36 (KHTML, like Gecko; compatible; Amazonbot/0.1; +https://developer.amazon.com/support/amazonbot) Chrome/119.0.6045.214 Safari/537.36"
54.157.84.74 - - [07/Sep/2025:05:23:44 +0700] "GET /category/uncategorized/page/88/ HTTP/1.0" 200 77112 "-" "Mozilla/5.0 AppleWebKit/537.36 (KHTML, like Gecko; compatible; Amazonbot/0.1; +https://developer.amazon.com/support/amazonbot) Chrome/119.0.6045.214 Safari/537.36"
18.205.127.11 - - [07/Sep/2025:05:23:45 +0700] "GET /category/uncategorized/page/220/ HTTP/1.0" 200 76770 "-" "Mozilla/5.0 AppleWebKit/537.36 (KHTML, like Gecko; compatible; Amazonbot/0.1; +https://developer.amazon.com/support/amazonbot) Chrome/119.0.6045.214 Safari/537.36"
20.171.207.27 - - [07/Sep/2025:05:23:55 +0700] "GET /omegle-and-emotional-support-finding-solace-and-understanding-in-anonymous-interactions/ HTTP/1.0" 200 90551 "-" "Mozilla/5.0 AppleWebKit/537.36 (KHTML, like Gecko; compatible; GPTBot/1.2; +https://openai.com/gptbot)"
216.73.216.162 - - [07/Sep/2025:05:24:12 +0700] "GET /sitemap_index.xml HTTP/1.0" 200 2426 "-" "Mozilla/5.0 AppleWebKit/537.36 (KHTML, like Gecko; compatible; ClaudeBot/1.0; +claudebot@anthropic.com)"
45.117.177.72 - - [07/Sep/2025:05:25:20 +0700] "POST /wp-cron.php?doing_wp_cron=1757197520.4093320369720458984375 HTTP/1.0" 200 416 "-" "WordPress/6.8.1; https://vattusacky.vn"
20.171.207.27 - - [07/Sep/2025:05:25:19 +0700] "GET /understanding-the-legal-implications-of-omegle-and-ometv-privacy-consent-and-responsibility/ HTTP/1.0" 200 91247 "-" "Mozilla/5.0 AppleWebKit/537.36 (KHTML, like Gecko; compatible; GPTBot/1.2; +https://openai.com/gptbot)"
87.250.224.233 - - [07/Sep/2025:05:25:46 +0700] "GET /connecting-across-borders-exploring-cultural-diversity-on-omegle-vs-ometv/ HTTP/1.0" 200 92261 "-" "Mozilla/5.0 (compatible; YandexBot/3.0; +http://yandex.com/bots)"
20.171.207.27 - - [07/Sep/2025:05:26:06 +0700] "GET /privacy-features-on-omegle-and-ometv/ HTTP/1.0" 200 79417 "-" "Mozilla/5.0 AppleWebKit/537.36 (KHTML, like Gecko; compatible; GPTBot/1.2; +https://openai.com/gptbot)"
45.117.177.72 - - [07/Sep/2025:05:27:14 +0700] "POST /wp-cron.php?doing_wp_cron=1757197634.3946380615234375000000 HTTP/1.0" 200 416 "-" "WordPress/6.8.1; https://vattusacky.vn"
20.171.207.27 - - [07/Sep/2025:05:27:13 +0700] "GET /user-control-and-privacy-settings-on-omegle-and-ometv/ HTTP/1.0" 200 90140 "-" "Mozilla/5.0 AppleWebKit/537.36 (KHTML, like Gecko; compatible; GPTBot/1.2; +https://openai.com/gptbot)"
45.117.177.72 - - [07/Sep/2025:05:27:37 +0700] "POST /wp-cron.php?doing_wp_cron=1757197657.6925818920135498046875 HTTP/1.0" 200 416 "-" "WordPress/6.8.1; https://vattusacky.vn"
66.249.70.192 - - [07/Sep/2025:05:27:36 +0700] "GET /omegles-role-in-combating-social-isolation-and-loneliness/ HTTP/1.0" 200 90982 "-" "Mozilla/5.0 (Linux; Android 6.0.1; Nexus 5X Build/MMB29P) AppleWebKit/537.36 (KHTML, like Gecko) Chrome/138.0.7204.183 Mobile Safari/537.36 (compatible; Googlebot/2.1; +http://www.google.com/bot.html)"
51.75.157.203 - - [07/Sep/2025:05:28:02 +0700] "GET /about.php?520 HTTP/1.0" 403 570 "-" "Mozilla/5.0 (Windows NT 10.0; Win64; x64) AppleWebKit/537.36 (KHTML, like Gecko) Chrome/127.0.0.0 Safari/537.36"
51.75.157.203 - - [07/Sep/2025:05:28:02 +0700] "GET /admin.php?520 HTTP/1.0" 404 70812 "-" "Mozilla/5.0 (Windows NT 10.0; Win64; x64) AppleWebKit/537.36 (KHTML, like Gecko) Chrome/127.0.0.0 Safari/537.36"
20.171.207.27 - - [07/Sep/2025:05:28:04 +0700] "GET /?p=8087 HTTP/1.0" 301 484 "-" "Mozilla/5.0 AppleWebKit/537.36 (KHTML, like Gecko; compatible; GPTBot/1.2; +https://openai.com/gptbot)"
20.171.207.27 - - [07/Sep/2025:05:28:06 +0700] "GET /privacy-and-security-features-on-omegle/ HTTP/1.0" 200 90897 "-" "Mozilla/5.0 AppleWebKit/537.36 (KHTML, like Gecko; compatible; GPTBot/1.2; +https://openai.com/gptbot)"
45.117.177.72 - - [07/Sep/2025:05:29:15 +0700] "POST /wp-cron.php?doing_wp_cron=1757197754.7021789550781250000000 HTTP/1.0" 200 416 "-" "WordPress/6.8.1; https://vattusacky.vn"
20.171.207.27 - - [07/Sep/2025:05:29:13 +0700] "GET /?p=8091 HTTP/1.0" 301 481 "-" "Mozilla/5.0 AppleWebKit/537.36 (KHTML, like Gecko; compatible; GPTBot/1.2; +https://openai.com/gptbot)"
20.171.207.27 - - [07/Sep/2025:05:29:15 +0700] "GET /privacy-concerns-on-omegle-and-ometv/ HTTP/1.0" 200 91408 "-" "Mozilla/5.0 AppleWebKit/537.36 (KHTML, like Gecko; compatible; GPTBot/1.2; +https://openai.com/gptbot)"
45.117.177.72 - - [07/Sep/2025:05:32:05 +0700] "POST /wp-cron.php?doing_wp_cron=1757197924.8239910602569580078125 HTTP/1.0" 200 416 "-" "WordPress/6.8.1; https://vattusacky.vn"
52.167.144.183 - - [07/Sep/2025:05:32:03 +0700] "GET /omegle-and-ometv-revolutionizing-the-way-we-make-new-connections/feed/ HTTP/1.0" 200 1789 "-" "Mozilla/5.0 AppleWebKit/537.36 (KHTML, like Gecko; compatible; bingbot/2.0; +http://www.bing.com/bingbot.htm) Chrome/116.0.1938.76 Safari/537.36"
45.117.177.72 - - [07/Sep/2025:05:37:46 +0700] "POST /wp-cron.php?doing_wp_cron=1757198266.5198969841003417968750 HTTP/1.0" 200 416 "-" "WordPress/6.8.1; https://vattusacky.vn"
207.46.13.155 - - [07/Sep/2025:05:37:45 +0700] "GET /the/bom-lay-mau-bui-the-tich-lon-hiq/ HTTP/1.0" 200 158797 "-" "Mozilla/5.0 AppleWebKit/537.36 (KHTML, like Gecko; compatible; bingbot/2.0; +http://www.bing.com/bingbot.htm) Chrome/116.0.1938.76 Safari/537.36"
45.117.177.72 - - [07/Sep/2025:05:39:15 +0700] "POST /wp-cron.php?doing_wp_cron=1757198355.5039350986480712890625 HTTP/1.0" 200 416 "-" "WordPress/6.8.1; https://vattusacky.vn"
213.180.203.222 - - [07/Sep/2025:05:39:14 +0700] "GET /tag/lay-mau-dat/ HTTP/1.0" 200 59421 "-" "Mozilla/5.0 (compatible; YandexBot/3.0; +http://yandex.com/bots)"
45.117.177.72 - - [07/Sep/2025:05:40:49 +0700] "POST /wp-cron.php?doing_wp_cron=1757198448.9327740669250488281250 HTTP/1.0" 200 416 "-" "WordPress/6.8.1; https://vattusacky.vn"
