194.42.196.29 - - [07/Sep/2025:14:33:26 +0700] "GET /etc/passwd HTTP/1.0" 301 674 "http://www.vattusacky.vn/etc/passwd" "-"
194.42.196.29 - - [07/Sep/2025:14:33:28 +0700] "GET /etc/passwd HTTP/1.0" 404 70812 "https://www.vattusacky.vn/etc/passwd" "-"
194.42.196.29 - - [07/Sep/2025:14:33:30 +0700] "GET / HTTP/1.0" 301 598 "-" "-"
194.42.196.29 - - [07/Sep/2025:14:33:32 +0700] "GET / HTTP/1.0" 200 60070 "https://www.vattusacky.vn/" "-"
194.42.196.29 - - [07/Sep/2025:14:33:35 +0700] "GET /laravel-filemanager HTTP/1.0" 301 683 "-" "-"
194.42.196.29 - - [07/Sep/2025:14:33:36 +0700] "GET /laravel-filemanager HTTP/1.0" 404 70812 "https://www.vattusacky.vn/laravel-filemanager" "-"
194.42.196.29 - - [07/Sep/2025:14:33:38 +0700] "GET /CHANGELOG.txt HTTP/1.0" 301 677 "-" "-"
85.208.96.202 - - [07/Sep/2025:14:33:40 +0700] "GET /author/yanz/page/119/ HTTP/1.0" 200 77831 "-" "Mozilla/5.0 (compatible; SemrushBot/7~bl; +http://www.semrush.com/bot.html)"
194.42.196.29 - - [07/Sep/2025:14:33:40 +0700] "GET /CHANGELOG.txt HTTP/1.0" 404 70812 "https://www.vattusacky.vn/CHANGELOG.txt" "-"
194.42.196.29 - - [07/Sep/2025:14:33:42 +0700] "GET /Telerik.Web.UI.WebResource.axd?type=rau HTTP/1.0" 301 703 "-" "-"
194.42.196.29 - - [07/Sep/2025:14:33:44 +0700] "GET /Telerik.Web.UI.WebResource.axd?type=rau HTTP/1.0" 404 70812 "https://www.vattusacky.vn/Telerik.Web.UI.WebResource.axd?type=rau" "-"
194.42.196.29 - - [07/Sep/2025:14:33:46 +0700] "GET /etc/passwd HTTP/1.0" 301 674 "-" "-"
194.42.196.29 - - [07/Sep/2025:14:33:49 +0700] "GET /etc/passwd HTTP/1.0" 404 70812 "https://www.vattusacky.vn/etc/passwd" "-"
194.42.196.29 - - [07/Sep/2025:14:33:51 +0700] "GET /etc/passwd HTTP/1.0" 301 674 "-" "-"
194.42.196.29 - - [07/Sep/2025:14:33:54 +0700] "GET /etc/passwd HTTP/1.0" 404 70812 "https://www.vattusacky.vn/etc/passwd" "-"
194.42.196.29 - - [07/Sep/2025:14:33:57 +0700] "GET / HTTP/1.0" 301 598 "http://www.vattusacky.vn/" "-"
194.42.196.29 - - [07/Sep/2025:14:33:59 +0700] "GET / HTTP/1.0" 200 60070 "https://www.vattusacky.vn/" "-"
194.42.196.29 - - [07/Sep/2025:14:34:01 +0700] "GET /laravel-filemanager HTTP/1.0" 301 683 "http://www.vattusacky.vn/laravel-filemanager" "-"
194.42.196.29 - - [07/Sep/2025:14:34:03 +0700] "GET /laravel-filemanager HTTP/1.0" 404 70812 "https://www.vattusacky.vn/laravel-filemanager" "-"
185.191.171.1 - - [07/Sep/2025:14:34:03 +0700] "GET /4893-2/ HTTP/1.0" 200 206817 "-" "Mozilla/5.0 (compatible; SemrushBot/7~bl; +http://www.semrush.com/bot.html)"
194.42.196.29 - - [07/Sep/2025:14:34:06 +0700] "GET /CHANGELOG.txt HTTP/1.0" 301 677 "http://www.vattusacky.vn/CHANGELOG.txt" "-"
194.42.196.29 - - [07/Sep/2025:14:34:08 +0700] "GET /CHANGELOG.txt HTTP/1.0" 404 70812 "https://www.vattusacky.vn/CHANGELOG.txt" "-"
194.42.196.29 - - [07/Sep/2025:14:34:10 +0700] "GET /Telerik.Web.UI.WebResource.axd?type=rau HTTP/1.0" 301 703 "http://www.vattusacky.vn/Telerik.Web.UI.WebResource.axd?type=rau" "-"
194.42.196.29 - - [07/Sep/2025:14:34:13 +0700] "GET /Telerik.Web.UI.WebResource.axd?type=rau HTTP/1.0" 404 70812 "https://www.vattusacky.vn/Telerik.Web.UI.WebResource.axd?type=rau" "-"
194.42.196.29 - - [07/Sep/2025:14:34:15 +0700] "GET /etc/passwd HTTP/1.0" 301 674 "http://www.vattusacky.vn/etc/passwd" "-"
45.117.177.72 - - [07/Sep/2025:14:34:19 +0700] "POST /wp-cron.php?doing_wp_cron=1757230459.3125929832458496093750 HTTP/1.0" 200 416 "-" "WordPress/6.8.1; https://vattusacky.vn"
194.42.196.29 - - [07/Sep/2025:14:34:17 +0700] "GET /etc/passwd HTTP/1.0" 404 70812 "https://www.vattusacky.vn/etc/passwd" "-"
194.42.196.29 - - [07/Sep/2025:14:34:20 +0700] "GET /etc/passwd HTTP/1.0" 301 674 "http://www.vattusacky.vn/etc/passwd" "-"
20.171.207.251 - - [07/Sep/2025:14:34:21 +0700] "GET /the-role-of-storytelling-in-fostering-empathy-on-omegle/ HTTP/1.0" 200 90483 "-" "Mozilla/5.0 AppleWebKit/537.36 (KHTML, like Gecko; compatible; GPTBot/1.2; +https://openai.com/gptbot)"
194.42.196.29 - - [07/Sep/2025:14:34:22 +0700] "GET /etc/passwd HTTP/1.0" 404 70812 "https://www.vattusacky.vn/etc/passwd" "-"
194.42.196.29 - - [07/Sep/2025:14:34:25 +0700] "GET / HTTP/1.0" 301 598 "-" "-"
194.42.196.29 - - [07/Sep/2025:14:34:27 +0700] "GET / HTTP/1.0" 200 60070 "https://www.vattusacky.vn/" "-"
194.42.196.29 - - [07/Sep/2025:14:34:30 +0700] "GET /laravel-filemanager HTTP/1.0" 301 683 "-" "-"
194.42.196.29 - - [07/Sep/2025:14:34:32 +0700] "GET /laravel-filemanager HTTP/1.0" 404 70812 "https://www.vattusacky.vn/laravel-filemanager" "-"
194.42.196.29 - - [07/Sep/2025:14:34:34 +0700] "GET /CHANGELOG.txt HTTP/1.0" 301 677 "-" "-"
194.42.196.29 - - [07/Sep/2025:14:34:36 +0700] "GET /CHANGELOG.txt HTTP/1.0" 404 70812 "https://www.vattusacky.vn/CHANGELOG.txt" "-"
194.42.196.29 - - [07/Sep/2025:14:34:37 +0700] "GET /Telerik.Web.UI.WebResource.axd?type=rau HTTP/1.0" 301 703 "-" "-"
194.42.196.29 - - [07/Sep/2025:14:34:40 +0700] "GET /Telerik.Web.UI.WebResource.axd?type=rau HTTP/1.0" 404 70812 "https://www.vattusacky.vn/Telerik.Web.UI.WebResource.axd?type=rau" "-"
194.42.196.29 - - [07/Sep/2025:14:34:41 +0700] "GET /etc/passwd HTTP/1.0" 301 674 "-" "-"
194.42.196.29 - - [07/Sep/2025:14:34:45 +0700] "GET /etc/passwd HTTP/1.0" 404 70812 "https://www.vattusacky.vn/etc/passwd" "-"
194.42.196.29 - - [07/Sep/2025:14:34:47 +0700] "GET /etc/passwd HTTP/1.0" 301 674 "-" "-"
194.42.196.29 - - [07/Sep/2025:14:34:49 +0700] "GET /etc/passwd HTTP/1.0" 404 70812 "https://www.vattusacky.vn/etc/passwd" "-"
20.171.207.251 - - [07/Sep/2025:14:35:04 +0700] "GET /the-next-step-for-random-chats-omegles-evolution/ HTTP/1.0" 200 88486 "-" "Mozilla/5.0 AppleWebKit/537.36 (KHTML, like Gecko; compatible; GPTBot/1.2; +https://openai.com/gptbot)"
45.117.177.72 - - [07/Sep/2025:14:35:27 +0700] "POST /wp-cron.php?doing_wp_cron=1757230527.4968669414520263671875 HTTP/1.0" 200 416 "-" "WordPress/6.8.1; https://vattusacky.vn"
185.191.171.14 - - [07/Sep/2025:14:35:25 +0700] "GET /category/uncategorized/page/277/ HTTP/1.0" 200 74839 "-" "Mozilla/5.0 (compatible; SemrushBot/7~bl; +http://www.semrush.com/bot.html)"
20.171.207.251 - - [07/Sep/2025:14:35:50 +0700] "GET /the-role-of-anonymity-in-fostering-compassion-on-omegle/ HTTP/1.0" 200 92388 "-" "Mozilla/5.0 AppleWebKit/537.36 (KHTML, like Gecko; compatible; GPTBot/1.2; +https://openai.com/gptbot)"
45.117.177.72 - - [07/Sep/2025:14:36:58 +0700] "POST /wp-cron.php?doing_wp_cron=1757230617.7099568843841552734375 HTTP/1.0" 200 416 "-" "WordPress/6.8.1; https://vattusacky.vn"
20.171.207.251 - - [07/Sep/2025:14:36:54 +0700] "GET /?p=7832 HTTP/1.0" 301 501 "-" "Mozilla/5.0 AppleWebKit/537.36 (KHTML, like Gecko; compatible; GPTBot/1.2; +https://openai.com/gptbot)"
20.171.207.251 - - [07/Sep/2025:14:36:58 +0700] "GET /omegles-impact-on-mental-health-and-emotional-well-being/ HTTP/1.0" 200 90483 "-" "Mozilla/5.0 AppleWebKit/537.36 (KHTML, like Gecko; compatible; GPTBot/1.2; +https://openai.com/gptbot)"
45.117.177.72 - - [07/Sep/2025:14:37:40 +0700] "POST /wp-cron.php?doing_wp_cron=1757230659.5715529918670654296875 HTTP/1.0" 200 416 "-" "WordPress/6.8.1; https://vattusacky.vn"
20.171.207.251 - - [07/Sep/2025:14:37:37 +0700] "GET /the-impact-of-authentic-connections-on-omegle-and-ometv/ HTTP/1.0" 200 91811 "-" "Mozilla/5.0 AppleWebKit/537.36 (KHTML, like Gecko; compatible; GPTBot/1.2; +https://openai.com/gptbot)"
85.208.96.208 - - [07/Sep/2025:14:37:48 +0700] "GET /robots.txt HTTP/1.0" 200 984 "-" "Mozilla/5.0 (compatible; SemrushBot/7~bl; +http://www.semrush.com/bot.html)"
85.208.96.210 - - [07/Sep/2025:14:37:52 +0700] "GET /the/lay-mau-vi-sinh/ HTTP/1.0" 200 68298 "-" "Mozilla/5.0 (compatible; SemrushBot/7~bl; +http://www.semrush.com/bot.html)"
185.191.171.9 - - [07/Sep/2025:14:38:01 +0700] "GET /how-do-you-get-cash-without-deposit-poker-bonuses-online/ HTTP/1.0" 200 208287 "-" "Mozilla/5.0 (compatible; SemrushBot/7~bl; +http://www.semrush.com/bot.html)"
45.117.177.72 - - [07/Sep/2025:14:39:51 +0700] "POST /wp-cron.php?doing_wp_cron=1757230791.4586570262908935546875 HTTP/1.0" 200 416 "-" "WordPress/6.8.1; https://vattusacky.vn"
20.171.207.251 - - [07/Sep/2025:14:39:49 +0700] "GET /?p=8437 HTTP/1.0" 301 647 "-" "Mozilla/5.0 AppleWebKit/537.36 (KHTML, like Gecko; compatible; GPTBot/1.2; +https://openai.com/gptbot)"
20.171.207.251 - - [07/Sep/2025:14:39:52 +0700] "GET /the-evolution-of-love-and-friendship-in-omeloves-stories/ HTTP/1.0" 200 89939 "-" "Mozilla/5.0 AppleWebKit/537.36 (KHTML, like Gecko; compatible; GPTBot/1.2; +https://openai.com/gptbot)"
45.117.177.72 - - [07/Sep/2025:14:40:39 +0700] "POST /wp-cron.php?doing_wp_cron=1757230838.7849268913269042968750 HTTP/1.0" 200 416 "-" "WordPress/6.8.1; https://vattusacky.vn"
20.171.207.251 - - [07/Sep/2025:14:40:37 +0700] "GET /?p=8866 HTTP/1.0" 301 507 "-" "Mozilla/5.0 AppleWebKit/537.36 (KHTML, like Gecko; compatible; GPTBot/1.2; +https://openai.com/gptbot)"
20.171.207.251 - - [07/Sep/2025:14:40:39 +0700] "GET /the-role-of-intention-in-creating-cosmic-connections-on-omegle/ HTTP/1.0" 200 93817 "-" "Mozilla/5.0 AppleWebKit/537.36 (KHTML, like Gecko; compatible; GPTBot/1.2; +https://openai.com/gptbot)"
45.117.177.72 - - [07/Sep/2025:14:41:40 +0700] "POST /wp-cron.php?doing_wp_cron=1757230900.5362839698791503906250 HTTP/1.0" 200 416 "-" "WordPress/6.8.1; https://vattusacky.vn"
20.171.207.251 - - [07/Sep/2025:14:41:38 +0700] "GET /?p=8870 HTTP/1.0" 301 510 "-" "Mozilla/5.0 AppleWebKit/537.36 (KHTML, like Gecko; compatible; GPTBot/1.2; +https://openai.com/gptbot)"
20.171.207.251 - - [07/Sep/2025:14:41:41 +0700] "GET /the-role-of-intuition-in-recognizing-cosmic-connections-on-omegle/ HTTP/1.0" 200 89737 "-" "Mozilla/5.0 AppleWebKit/537.36 (KHTML, like Gecko; compatible; GPTBot/1.2; +https://openai.com/gptbot)"
45.117.177.72 - - [07/Sep/2025:14:42:17 +0700] "POST /wp-cron.php?doing_wp_cron=1757230937.4669630527496337890625 HTTP/1.0" 200 416 "-" "WordPress/6.8.1; https://vattusacky.vn"
194.58.100.38 - - [07/Sep/2025:14:42:15 +0700] "POST /xmlrpc.php HTTP/1.0" 200 956 "-" "Mozilla/5.0 (Windows NT 10.0; Win64; x64; rv:51.0) Gecko/20100101 Firefox/51.0"
20.171.207.251 - - [07/Sep/2025:14:42:18 +0700] "GET /?p=7857 HTTP/1.0" 301 508 "-" "Mozilla/5.0 AppleWebKit/537.36 (KHTML, like Gecko; compatible; GPTBot/1.2; +https://openai.com/gptbot)"
20.171.207.251 - - [07/Sep/2025:14:42:20 +0700] "GET /omegles-impact-on-the-concept-of-consent-in-online-interactions/ HTTP/1.0" 200 88858 "-" "Mozilla/5.0 AppleWebKit/537.36 (KHTML, like Gecko; compatible; GPTBot/1.2; +https://openai.com/gptbot)"
20.171.207.251 - - [07/Sep/2025:14:42:51 +0700] "GET /?p=8807 HTTP/1.0" 301 500 "-" "Mozilla/5.0 AppleWebKit/537.36 (KHTML, like Gecko; compatible; GPTBot/1.2; +https://openai.com/gptbot)"
20.171.207.251 - - [07/Sep/2025:14:42:53 +0700] "GET /the-role-of-anonymity-in-fostering-compassion-on-omegle/ HTTP/1.0" 200 92388 "-" "Mozilla/5.0 AppleWebKit/537.36 (KHTML, like Gecko; compatible; GPTBot/1.2; +https://openai.com/gptbot)"
45.117.177.72 - - [07/Sep/2025:14:43:23 +0700] "POST /wp-cron.php?doing_wp_cron=1757231003.3734560012817382812500 HTTP/1.0" 200 416 "-" "WordPress/6.8.1; https://vattusacky.vn"
20.171.207.251 - - [07/Sep/2025:14:43:21 +0700] "GET /?p=8671 HTTP/1.0" 301 493 "-" "Mozilla/5.0 AppleWebKit/537.36 (KHTML, like Gecko; compatible; GPTBot/1.2; +https://openai.com/gptbot)"
20.171.207.251 - - [07/Sep/2025:14:43:23 +0700] "GET /the-next-step-for-random-chats-omegles-evolution/ HTTP/1.0" 200 88486 "-" "Mozilla/5.0 AppleWebKit/537.36 (KHTML, like Gecko; compatible; GPTBot/1.2; +https://openai.com/gptbot)"
20.171.207.251 - - [07/Sep/2025:14:43:49 +0700] "GET /omegle-and-mental-health-exploring-the-impact-of-online-intimacy/ HTTP/1.0" 200 93107 "-" "Mozilla/5.0 AppleWebKit/537.36 (KHTML, like Gecko; compatible; GPTBot/1.2; +https://openai.com/gptbot)"
192.99.13.69 - - [07/Sep/2025:14:44:05 +0700] "GET /robots.txt HTTP/1.0" 200 984 "-" "Mozilla/5.0 (compatible; MJ12bot/v1.4.8; http://mj12bot.com/)"
192.99.13.69 - - [07/Sep/2025:14:44:08 +0700] "GET /danh-muc/moi-truong-khi/bom-lay-mau-bui-tsp-pm10-pm2-5/feed/ HTTP/1.0" 200 1186533 "-" "Mozilla/5.0 (compatible; MJ12bot/v1.4.8; http://mj12bot.com/)"
20.171.207.251 - - [07/Sep/2025:14:44:10 +0700] "GET /omegles-next-step-a-refined-approach-to-random-chats/ HTTP/1.0" 200 91074 "-" "Mozilla/5.0 AppleWebKit/537.36 (KHTML, like Gecko; compatible; GPTBot/1.2; +https://openai.com/gptbot)"
18.205.213.231 - - [07/Sep/2025:14:44:14 +0700] "GET /is-normally-cbd-secure/ HTTP/1.0" 200 205326 "-" "Mozilla/5.0 AppleWebKit/537.36 (KHTML, like Gecko; compatible; Amazonbot/0.1; +https://developer.amazon.com/support/amazonbot) Chrome/119.0.6045.214 Safari/537.36"
44.223.116.149 - - [07/Sep/2025:14:44:18 +0700] "GET /category/uncategorized/page/176/ HTTP/1.0" 200 76018 "-" "Mozilla/5.0 AppleWebKit/537.36 (KHTML, like Gecko; compatible; Amazonbot/0.1; +https://developer.amazon.com/support/amazonbot) Chrome/119.0.6045.214 Safari/537.36"
20.171.207.251 - - [07/Sep/2025:14:44:41 +0700] "GET /omegle-as-a-platform-for-political-discourse-and-activism/ HTTP/1.0" 200 92760 "-" "Mozilla/5.0 AppleWebKit/537.36 (KHTML, like Gecko; compatible; GPTBot/1.2; +https://openai.com/gptbot)"
45.117.177.72 - - [07/Sep/2025:14:45:35 +0700] "POST /wp-cron.php?doing_wp_cron=1757231135.2309250831604003906250 HTTP/1.0" 200 416 "-" "WordPress/6.8.1; https://vattusacky.vn"
20.171.207.251 - - [07/Sep/2025:14:45:33 +0700] "GET /?p=8518 HTTP/1.0" 301 646 "-" "Mozilla/5.0 AppleWebKit/537.36 (KHTML, like Gecko; compatible; GPTBot/1.2; +https://openai.com/gptbot)"
20.171.207.251 - - [07/Sep/2025:14:45:35 +0700] "GET /the-impact-of-authentic-connections-on-omegle-and-ometv/ HTTP/1.0" 200 91811 "-" "Mozilla/5.0 AppleWebKit/537.36 (KHTML, like Gecko; compatible; GPTBot/1.2; +https://openai.com/gptbot)"
45.117.177.72 - - [07/Sep/2025:14:46:37 +0700] "POST /wp-cron.php?doing_wp_cron=1757231196.8954060077667236328125 HTTP/1.0" 200 416 "-" "WordPress/6.8.1; https://vattusacky.vn"
20.171.207.251 - - [07/Sep/2025:14:46:35 +0700] "GET /raising-the-bar-for-random-chats-omegles-next-phase/ HTTP/1.0" 200 90483 "-" "Mozilla/5.0 AppleWebKit/537.36 (KHTML, like Gecko; compatible; GPTBot/1.2; +https://openai.com/gptbot)"
157.55.39.50 - - [07/Sep/2025:14:47:11 +0700] "GET /omegle-for-entertainment/ HTTP/1.0" 200 89341 "-" "Mozilla/5.0 AppleWebKit/537.36 (KHTML, like Gecko; compatible; bingbot/2.0; +http://www.bing.com/bingbot.htm) Chrome/116.0.1938.76 Safari/537.36"
45.117.177.72 - - [07/Sep/2025:14:47:27 +0700] "POST /wp-cron.php?doing_wp_cron=1757231247.5056889057159423828125 HTTP/1.0" 200 416 "-" "WordPress/6.8.1; https://vattusacky.vn"
20.171.207.251 - - [07/Sep/2025:14:47:26 +0700] "GET /?p=8414 HTTP/1.0" 301 500 "-" "Mozilla/5.0 AppleWebKit/537.36 (KHTML, like Gecko; compatible; GPTBot/1.2; +https://openai.com/gptbot)"
20.171.207.251 - - [07/Sep/2025:14:47:27 +0700] "GET /the-enigma-of-omegle-delving-into-its-intriguing-nature/ HTTP/1.0" 200 91357 "-" "Mozilla/5.0 AppleWebKit/537.36 (KHTML, like Gecko; compatible; GPTBot/1.2; +https://openai.com/gptbot)"
5.255.231.61 - - [07/Sep/2025:14:48:06 +0700] "GET /robots.txt HTTP/1.0" 200 984 "-" "Mozilla/5.0 (compatible; YandexBot/3.0; +http://yandex.com/bots)"
20.171.207.251 - - [07/Sep/2025:14:48:14 +0700] "GET /hidden-gems-discovering-unique-talents-on-omegle-and-ometv/ HTTP/1.0" 200 90354 "-" "Mozilla/5.0 AppleWebKit/537.36 (KHTML, like Gecko; compatible; GPTBot/1.2; +https://openai.com/gptbot)"
45.117.177.72 - - [07/Sep/2025:14:48:47 +0700] "POST /wp-cron.php?doing_wp_cron=1757231327.5233380794525146484375 HTTP/1.0" 200 416 "-" "WordPress/6.8.1; https://vattusacky.vn"
20.171.207.251 - - [07/Sep/2025:14:48:46 +0700] "GET /?p=8925 HTTP/1.0" 301 500 "-" "Mozilla/5.0 AppleWebKit/537.36 (KHTML, like Gecko; compatible; GPTBot/1.2; +https://openai.com/gptbot)"
20.171.207.251 - - [07/Sep/2025:14:48:47 +0700] "GET /the-role-of-storytelling-in-fostering-empathy-on-omegle/ HTTP/1.0" 200 90483 "-" "Mozilla/5.0 AppleWebKit/537.36 (KHTML, like Gecko; compatible; GPTBot/1.2; +https://openai.com/gptbot)"
216.244.66.237 - - [07/Sep/2025:14:49:13 +0700] "GET /robots.txt HTTP/1.0" 200 984 "-" "Mozilla/5.0 (compatible; DotBot/1.2; +https://opensiteexplorer.org/dotbot; help@moz.com)"
45.117.177.72 - - [07/Sep/2025:14:49:23 +0700] "POST /wp-cron.php?doing_wp_cron=1757231363.6621179580688476562500 HTTP/1.0" 200 416 "-" "WordPress/6.8.1; https://vattusacky.vn"
20.171.207.251 - - [07/Sep/2025:14:49:22 +0700] "GET /reveling-in-the-beauty-of-unbreakable-bonds-in-omelove-stories/ HTTP/1.0" 200 92017 "-" "Mozilla/5.0 AppleWebKit/537.36 (KHTML, like Gecko; compatible; GPTBot/1.2; +https://openai.com/gptbot)"
45.117.177.72 - - [07/Sep/2025:14:50:46 +0700] "POST /wp-cron.php?doing_wp_cron=1757231445.8315150737762451171875 HTTP/1.0" 200 416 "-" "WordPress/6.8.1; https://vattusacky.vn"
20.171.207.251 - - [07/Sep/2025:14:50:44 +0700] "GET /?p=7360 HTTP/1.0" 301 655 "-" "Mozilla/5.0 AppleWebKit/537.36 (KHTML, like Gecko; compatible; GPTBot/1.2; +https://openai.com/gptbot)"
20.171.207.251 - - [07/Sep/2025:14:50:46 +0700] "GET /omegle-and-mental-health-exploring-the-impact-of-online-intimacy/ HTTP/1.0" 200 93107 "-" "Mozilla/5.0 AppleWebKit/537.36 (KHTML, like Gecko; compatible; GPTBot/1.2; +https://openai.com/gptbot)"
45.117.177.72 - - [07/Sep/2025:14:51:55 +0700] "POST /wp-cron.php?doing_wp_cron=1757231514.8415319919586181640625 HTTP/1.0" 200 416 "-" "WordPress/6.8.1; https://vattusacky.vn"
20.171.207.251 - - [07/Sep/2025:14:51:53 +0700] "GET /?p=7911 HTTP/1.0" 301 497 "-" "Mozilla/5.0 AppleWebKit/537.36 (KHTML, like Gecko; compatible; GPTBot/1.2; +https://openai.com/gptbot)"
20.171.207.251 - - [07/Sep/2025:14:51:55 +0700] "GET /omegles-next-step-a-refined-approach-to-random-chats/ HTTP/1.0" 200 91074 "-" "Mozilla/5.0 AppleWebKit/537.36 (KHTML, like Gecko; compatible; GPTBot/1.2; +https://openai.com/gptbot)"
143.110.253.167 - - [07/Sep/2025:14:52:13 +0700] "GET /wp-admin/css/ HTTP/1.0" 403 574 "binance.com" "Mozilla/5.0 (Windows NT 10.0; Win64; x64) AppleWebKit/537.36 (KHTML, like Gecko) Chrome/90.0.4430.85 Safari/537.36"
45.117.177.72 - - [07/Sep/2025:14:53:19 +0700] "POST /wp-cron.php?doing_wp_cron=1757231599.0667889118194580078125 HTTP/1.0" 200 416 "-" "WordPress/6.8.1; https://vattusacky.vn"
216.73.216.162 - - [07/Sep/2025:14:53:17 +0700] "GET /robots.txt HTTP/1.0" 200 984 "-" "Mozilla/5.0 AppleWebKit/537.36 (KHTML, like Gecko; compatible; ClaudeBot/1.0; +claudebot@anthropic.com)"
216.73.216.162 - - [07/Sep/2025:14:53:19 +0700] "GET /leovegas-reviews-go-through-customer-support-reviews-of-leovegas-com-12-15-of-89/feed HTTP/1.0" 301 628 "-" "Mozilla/5.0 AppleWebKit/537.36 (KHTML, like Gecko; compatible; ClaudeBot/1.0; +claudebot@anthropic.com)"
216.73.216.162 - - [07/Sep/2025:14:53:20 +0700] "GET /sitemap_index.xml HTTP/1.0" 200 2280 "-" "Mozilla/5.0 AppleWebKit/537.36 (KHTML, like Gecko; compatible; ClaudeBot/1.0; +claudebot@anthropic.com)"
216.73.216.162 - - [07/Sep/2025:14:53:21 +0700] "GET /leovegas-reviews-go-through-customer-support-reviews-of-leovegas-com-12-15-of-89/feed/ HTTP/1.0" 200 1691 "https://vattusacky.vn/leovegas-reviews-go-through-customer-support-reviews-of-leovegas-com-12-15-of-89/feed" "Mozilla/5.0 AppleWebKit/537.36 (KHTML, like Gecko; compatible; ClaudeBot/1.0; +claudebot@anthropic.com)"
20.171.207.251 - - [07/Sep/2025:14:53:22 +0700] "GET /?p=8118 HTTP/1.0" 301 496 "-" "Mozilla/5.0 AppleWebKit/537.36 (KHTML, like Gecko; compatible; GPTBot/1.2; +https://openai.com/gptbot)"
20.171.207.251 - - [07/Sep/2025:14:53:24 +0700] "GET /raising-the-bar-for-random-chats-omegles-next-phase/ HTTP/1.0" 200 90483 "-" "Mozilla/5.0 AppleWebKit/537.36 (KHTML, like Gecko; compatible; GPTBot/1.2; +https://openai.com/gptbot)"
216.73.216.162 - - [07/Sep/2025:14:54:13 +0700] "GET /?p=3164 HTTP/1.0" 301 634 "-" "Mozilla/5.0 AppleWebKit/537.36 (KHTML, like Gecko; compatible; ClaudeBot/1.0; +claudebot@anthropic.com)"
216.73.216.162 - - [07/Sep/2025:14:54:14 +0700] "GET /web-based-antivirus-scan-for-android-mobile/ HTTP/1.0" 200 205560 "https://vattusacky.vn/?p=3164" "Mozilla/5.0 AppleWebKit/537.36 (KHTML, like Gecko; compatible; ClaudeBot/1.0; +claudebot@anthropic.com)"
45.117.177.72 - - [07/Sep/2025:14:55:31 +0700] "POST /wp-cron.php?doing_wp_cron=1757231731.5346179008483886718750 HTTP/1.0" 200 416 "-" "WordPress/6.8.1; https://vattusacky.vn"
20.171.207.251 - - [07/Sep/2025:14:55:30 +0700] "GET /revealing-the-dangers-of-omegle-strategies-for-a-secure-online-journey/ HTTP/1.0" 200 90692 "-" "Mozilla/5.0 AppleWebKit/537.36 (KHTML, like Gecko; compatible; GPTBot/1.2; +https://openai.com/gptbot)"
20.171.207.251 - - [07/Sep/2025:14:56:12 +0700] "GET /?p=7566 HTTP/1.0" 301 648 "-" "Mozilla/5.0 AppleWebKit/537.36 (KHTML, like Gecko; compatible; GPTBot/1.2; +https://openai.com/gptbot)"
20.171.207.251 - - [07/Sep/2025:14:56:14 +0700] "GET /omegle-as-a-platform-for-political-discourse-and-activism/ HTTP/1.0" 200 92760 "-" "Mozilla/5.0 AppleWebKit/537.36 (KHTML, like Gecko; compatible; GPTBot/1.2; +https://openai.com/gptbot)"
45.117.177.72 - - [07/Sep/2025:14:56:54 +0700] "POST /wp-cron.php?doing_wp_cron=1757231814.5416350364685058593750 HTTP/1.0" 200 416 "-" "WordPress/6.8.1; https://vattusacky.vn"
20.171.207.251 - - [07/Sep/2025:14:56:53 +0700] "GET /omegle-a-world-of-mystery-and-surprise-for-anonymous-explorers/ HTTP/1.0" 200 90753 "-" "Mozilla/5.0 AppleWebKit/537.36 (KHTML, like Gecko; compatible; GPTBot/1.2; +https://openai.com/gptbot)"
217.113.194.75 - - [07/Sep/2025:14:57:14 +0700] "GET /san-pham/palintest-_may-do-ammonia-nh3-va-ammonium-nh4no3-cam-tay/feed/ HTTP/1.0" 200 1746 "-" "Mozilla/5.0 (compatible; Barkrowler/0.9; +https://babbar.tech/crawler)"
45.117.177.72 - - [07/Sep/2025:14:57:35 +0700] "POST /wp-cron.php?doing_wp_cron=1757231855.2287580966949462890625 HTTP/1.0" 200 416 "-" "WordPress/6.8.1; https://vattusacky.vn"
217.113.194.77 - - [07/Sep/2025:14:57:33 +0700] "GET /skachat-bk-leon-na-android-zhelajuschim-ssylka-na-skachivanie-leonbets-na-android/feed/ HTTP/1.0" 200 1886 "-" "Mozilla/5.0 (compatible; Barkrowler/0.9; +https://babbar.tech/crawler)"
216.73.216.162 - - [07/Sep/2025:14:57:48 +0700] "GET /web-based-antivirus-scan-for-android-mobile/feed HTTP/1.0" 301 737 "-" "Mozilla/5.0 AppleWebKit/537.36 (KHTML, like Gecko; compatible; ClaudeBot/1.0; +claudebot@anthropic.com)"
216.73.216.162 - - [07/Sep/2025:14:57:48 +0700] "GET /?p=4852 HTTP/1.0" 301 671 "-" "Mozilla/5.0 AppleWebKit/537.36 (KHTML, like Gecko; compatible; ClaudeBot/1.0; +claudebot@anthropic.com)"
216.73.216.162 - - [07/Sep/2025:14:57:50 +0700] "GET /leovegas-reviews-go-through-customer-support-reviews-of-leovegas-com-12-15-of-89/ HTTP/1.0" 200 221653 "https://vattusacky.vn/?p=4852" "Mozilla/5.0 AppleWebKit/537.36 (KHTML, like Gecko; compatible; ClaudeBot/1.0; +claudebot@anthropic.com)"
216.73.216.162 - - [07/Sep/2025:14:57:50 +0700] "GET /web-based-antivirus-scan-for-android-mobile/feed/ HTTP/1.0" 200 1580 "https://vattusacky.vn/web-based-antivirus-scan-for-android-mobile/feed" "Mozilla/5.0 AppleWebKit/537.36 (KHTML, like Gecko; compatible; ClaudeBot/1.0; +claudebot@anthropic.com)"
20.171.207.251 - - [07/Sep/2025:14:57:52 +0700] "GET /the-thrill-of-the-unknown-omegle-tales-from-anonymous-explorers/ HTTP/1.0" 200 92051 "-" "Mozilla/5.0 AppleWebKit/537.36 (KHTML, like Gecko; compatible; GPTBot/1.2; +https://openai.com/gptbot)"
154.54.249.200 - - [07/Sep/2025:14:57:54 +0700] "GET /tien-bo-phan-mem-nhanh-chong-tienapps-com-chung-co-phu-hop-voi-ban-khong/feed/ HTTP/1.0" 200 1841 "-" "Mozilla/5.0 (compatible; Barkrowler/0.9; +https://babbar.tech/crawler)"
85.208.96.196 - - [07/Sep/2025:14:58:09 +0700] "GET /category/uncategorized/page/275/ HTTP/1.0" 200 75107 "-" "Mozilla/5.0 (compatible; SemrushBot/7~bl; +http://www.semrush.com/bot.html)"
45.117.177.72 - - [07/Sep/2025:14:58:19 +0700] "POST /wp-cron.php?doing_wp_cron=1757231899.3668670654296875000000 HTTP/1.0" 200 416 "-" "WordPress/6.8.1; https://vattusacky.vn"
217.113.194.74 - - [07/Sep/2025:14:58:18 +0700] "GET /the-portland-museum-of-art-maines-greatest-market-art-organization-has-taken-visitors-closer-with-each-other-since-1882/feed/ HTTP/1.0" 200 1962 "-" "Mozilla/5.0 (compatible; Barkrowler/0.9; +https://babbar.tech/crawler)"
20.171.207.251 - - [07/Sep/2025:14:58:19 +0700] "GET /?p=6995 HTTP/1.0" 301 503 "-" "Mozilla/5.0 AppleWebKit/537.36 (KHTML, like Gecko; compatible; GPTBot/1.2; +https://openai.com/gptbot)"
20.171.207.251 - - [07/Sep/2025:14:58:21 +0700] "GET /hidden-gems-discovering-unique-talents-on-omegle-and-ometv/ HTTP/1.0" 200 90354 "-" "Mozilla/5.0 AppleWebKit/537.36 (KHTML, like Gecko; compatible; GPTBot/1.2; +https://openai.com/gptbot)"
217.113.194.77 - - [07/Sep/2025:14:58:39 +0700] "GET /menelusuri-keunggulan-betcoinasia-dalam-menawarkan-kemenangan-yang-memikat/ HTTP/1.0" 200 67855 "-" "Mozilla/5.0 (compatible; Barkrowler/0.9; +https://babbar.tech/crawler)"
20.171.207.251 - - [07/Sep/2025:14:58:47 +0700] "GET /the-future-of-omegle-innovations-and-improvements-on-the-horizon/ HTTP/1.0" 200 90592 "-" "Mozilla/5.0 AppleWebKit/537.36 (KHTML, like Gecko; compatible; GPTBot/1.2; +https://openai.com/gptbot)"
217.113.194.81 - - [07/Sep/2025:14:58:59 +0700] "GET /menelusuri-keunggulan-betcoinasia-dalam-menawarkan-kemenangan-yang-memikat/feed/ HTTP/1.0" 200 1821 "-" "Mozilla/5.0 (compatible; Barkrowler/0.9; +https://babbar.tech/crawler)"
45.117.177.72 - - [07/Sep/2025:14:59:20 +0700] "POST /wp-cron.php?doing_wp_cron=1757231960.4166009426116943359375 HTTP/1.0" 200 416 "-" "WordPress/6.8.1; https://vattusacky.vn"
217.113.194.72 - - [07/Sep/2025:14:59:19 +0700] "GET /cach-so-sanh-tin-https-vaysite-com-nguoi-cho-vay-credy-dung-truc-tuyen/ HTTP/1.0" 200 210753 "-" "Mozilla/5.0 (compatible; Barkrowler/0.9; +https://babbar.tech/crawler)"
20.171.207.251 - - [07/Sep/2025:14:59:26 +0700] "GET /serendipity-as-a-form-of-exploration-and-adventure-online/ HTTP/1.0" 200 91656 "-" "Mozilla/5.0 AppleWebKit/537.36 (KHTML, like Gecko; compatible; GPTBot/1.2; +https://openai.com/gptbot)"
185.191.171.1 - - [07/Sep/2025:14:59:48 +0700] "GET /skachat-dragon-mani-igra-novaja-taktika-s-chestnym/ HTTP/1.0" 200 217475 "-" "Mozilla/5.0 (compatible; SemrushBot/7~bl; +http://www.semrush.com/bot.html)"
217.113.194.79 - - [07/Sep/2025:15:00:02 +0700] "GET /how-to-erase-leovegas-account-most-recent-news-movies-photos-about-just-how-to-delete-leovegas-account-page-one/feed/ HTTP/1.0" 200 1939 "-" "Mozilla/5.0 (compatible; Barkrowler/0.9; +https://babbar.tech/crawler)"
20.171.207.251 - - [07/Sep/2025:15:00:05 +0700] "GET /?p=8144 HTTP/1.0" 301 507 "-" "Mozilla/5.0 AppleWebKit/537.36 (KHTML, like Gecko; compatible; GPTBot/1.2; +https://openai.com/gptbot)"
20.171.207.251 - - [07/Sep/2025:15:00:10 +0700] "GET /reveling-in-the-beauty-of-unbreakable-bonds-in-omelove-stories/ HTTP/1.0" 200 92017 "-" "Mozilla/5.0 AppleWebKit/537.36 (KHTML, like Gecko; compatible; GPTBot/1.2; +https://openai.com/gptbot)"
45.117.177.72 - - [07/Sep/2025:15:00:29 +0700] "POST /wp-cron.php?doing_wp_cron=1757232028.8071510791778564453125 HTTP/1.0" 200 416 "-" "WordPress/6.8.1; https://vattusacky.vn"
154.54.249.200 - - [07/Sep/2025:15:00:24 +0700] "GET /casinoland-examine-2022-%EF%B8%8F-popped-place-with-regard-to-united-kingdom-competitors-%EF%B8%8F/ HTTP/1.0" 200 210362 "-" "Mozilla/5.0 (compatible; Barkrowler/0.9; +https://babbar.tech/crawler)"
20.171.207.251 - - [07/Sep/2025:15:00:50 +0700] "GET /the-benefits-of-anonymity-on-omegle-for-exploring-taboo-topics/ HTTP/1.0" 200 89342 "-" "Mozilla/5.0 AppleWebKit/537.36 (KHTML, like Gecko; compatible; GPTBot/1.2; +https://openai.com/gptbot)"
45.117.177.72 - - [07/Sep/2025:15:01:00 +0700] "POST /wp-cron.php?doing_wp_cron=1757232059.6743459701538085937500 HTTP/1.0" 200 416 "-" "WordPress/6.8.1; https://vattusacky.vn"
217.113.194.79 - - [07/Sep/2025:15:00:56 +0700] "GET /oncredit-cai-thien-nha-cung-vay-tien-online-cap-tai-chinh-truc-tuyen-hop-phap/feed/ HTTP/1.0" 200 1853 "-" "Mozilla/5.0 (compatible; Barkrowler/0.9; +https://babbar.tech/crawler)"
45.117.177.72 - - [07/Sep/2025:15:01:23 +0700] "POST /wp-cron.php?doing_wp_cron=1757232082.8016149997711181640625 HTTP/1.0" 200 416 "-" "WordPress/6.8.1; https://vattusacky.vn"
20.171.207.251 - - [07/Sep/2025:15:01:20 +0700] "GET /?p=8474 HTTP/1.0" 301 655 "-" "Mozilla/5.0 AppleWebKit/537.36 (KHTML, like Gecko; compatible; GPTBot/1.2; +https://openai.com/gptbot)"
217.113.194.74 - - [07/Sep/2025:15:01:18 +0700] "GET /danh-muc/phan-tich-thi-nghie%CC%A3m/quang-pho-phat-xa-plasma-icpoes/?s= HTTP/1.0" 200 69074 "-" "Mozilla/5.0 (compatible; Barkrowler/0.9; +https://babbar.tech/crawler)"
20.171.207.251 - - [07/Sep/2025:15:01:24 +0700] "GET /the-future-of-omegle-innovations-and-improvements-on-the-horizon/ HTTP/1.0" 200 90592 "-" "Mozilla/5.0 AppleWebKit/537.36 (KHTML, like Gecko; compatible; GPTBot/1.2; +https://openai.com/gptbot)"
154.54.249.200 - - [07/Sep/2025:15:01:44 +0700] "GET /danh-muc/phan-tich-thi-nghie%CC%A3m/quang-pho-phat-xa-plasma-icpoes/feed/ HTTP/1.0" 200 17292 "-" "Mozilla/5.0 (compatible; Barkrowler/0.9; +https://babbar.tech/crawler)"
20.171.207.251 - - [07/Sep/2025:15:01:52 +0700] "GET /the-influence-of-social-norms-on-anonymity-and-authenticity-on-omegle/ HTTP/1.0" 200 88885 "-" "Mozilla/5.0 AppleWebKit/537.36 (KHTML, like Gecko; compatible; GPTBot/1.2; +https://openai.com/gptbot)"
217.113.194.76 - - [07/Sep/2025:15:02:09 +0700] "GET /danh-muc/phan-tich-thi-nghie%CC%A3m/he-thong-chung-cat-dam-kjeldahl/?s= HTTP/1.0" 200 105598 "-" "Mozilla/5.0 (compatible; Barkrowler/0.9; +https://babbar.tech/crawler)"
45.117.177.72 - - [07/Sep/2025:15:02:37 +0700] "POST /wp-cron.php?doing_wp_cron=1757232157.0218629837036132812500 HTTP/1.0" 200 416 "-" "WordPress/6.8.1; https://vattusacky.vn"
217.113.194.73 - - [07/Sep/2025:15:02:35 +0700] "GET /danh-muc/moi-truong-nuoc/lay-mau-nuoc-alpha-van-dorn-loai-ngang/page/1/?s HTTP/1.0" 200 183267 "-" "Mozilla/5.0 (compatible; Barkrowler/0.9; +https://babbar.tech/crawler)"
20.171.207.251 - - [07/Sep/2025:15:02:43 +0700] "GET /?p=8141 HTTP/1.0" 301 515 "-" "Mozilla/5.0 AppleWebKit/537.36 (KHTML, like Gecko; compatible; GPTBot/1.2; +https://openai.com/gptbot)"
20.171.207.251 - - [07/Sep/2025:15:02:45 +0700] "GET /revealing-the-dangers-of-omegle-strategies-for-a-secure-online-journey/ HTTP/1.0" 200 90692 "-" "Mozilla/5.0 AppleWebKit/537.36 (KHTML, like Gecko; compatible; GPTBot/1.2; +https://openai.com/gptbot)"
217.113.194.79 - - [07/Sep/2025:15:03:06 +0700] "GET /danh-muc/moi-truong-khi/thiet-bi-lay-mau-khi-thai-isokinetic-non-isokinetic/ HTTP/1.0" 200 85208 "-" "Mozilla/5.0 (compatible; Barkrowler/0.9; +https://babbar.tech/crawler)"
45.117.177.72 - - [07/Sep/2025:15:03:24 +0700] "POST /wp-cron.php?doing_wp_cron=1757232204.6726219654083251953125 HTTP/1.0" 200 416 "-" "WordPress/6.8.1; https://vattusacky.vn"
20.171.207.251 - - [07/Sep/2025:15:03:22 +0700] "GET /small-acts-of-kindness-heartwarming-stories-from-omegle-and-ometv/ HTTP/1.0" 200 91392 "-" "Mozilla/5.0 AppleWebKit/537.36 (KHTML, like Gecko; compatible; GPTBot/1.2; +https://openai.com/gptbot)"
217.113.194.72 - - [07/Sep/2025:15:03:29 +0700] "GET /codere-apostando-lanza-su-version-pc-y-movedizo-permitiendo-acceder-s-mercado-online-y-presencial/ HTTP/1.0" 200 226134 "-" "Mozilla/5.0 (compatible; Barkrowler/0.9; +https://babbar.tech/crawler)"
217.113.194.217 - - [07/Sep/2025:15:04:02 +0700] "GET /hayatinizdan-daha-fazlasini-mi-istiyorsunuz-mostbet-mostbet-mostbet/feed/ HTTP/1.0" 200 1808 "-" "Mozilla/5.0 (compatible; Barkrowler/0.9; +https://babbar.tech/crawler)"
85.208.96.196 - - [07/Sep/2025:15:04:03 +0700] "GET /author/yanz/page/424/ HTTP/1.0" 200 108561 "-" "Mozilla/5.0 (compatible; SemrushBot/7~bl; +http://www.semrush.com/bot.html)"
20.171.207.251 - - [07/Sep/2025:15:04:14 +0700] "GET /?p=8991 HTTP/1.0" 301 508 "-" "Mozilla/5.0 AppleWebKit/537.36 (KHTML, like Gecko; compatible; GPTBot/1.2; +https://openai.com/gptbot)"
20.171.207.251 - - [07/Sep/2025:15:04:15 +0700] "GET /the-thrill-of-the-unknown-omegle-tales-from-anonymous-explorers/ HTTP/1.0" 200 92051 "-" "Mozilla/5.0 AppleWebKit/537.36 (KHTML, like Gecko; compatible; GPTBot/1.2; +https://openai.com/gptbot)"
45.117.177.72 - - [07/Sep/2025:15:04:23 +0700] "POST /wp-cron.php?doing_wp_cron=1757232263.3239738941192626953125 HTTP/1.0" 200 416 "-" "WordPress/6.8.1; https://vattusacky.vn"
217.113.194.72 - - [07/Sep/2025:15:04:21 +0700] "GET /ung-dung-tien-do-tien-mat-vay-300-trieu-mua-xe-h5-hoat-dong-nhu-the-nao/ HTTP/1.0" 200 210845 "-" "Mozilla/5.0 (compatible; Barkrowler/0.9; +https://babbar.tech/crawler)"
20.171.207.251 - - [07/Sep/2025:15:04:44 +0700] "GET /the-hidden-gem-of-online-conversations-unlocking-the-appeal-of-omegle/ HTTP/1.0" 200 82145 "-" "Mozilla/5.0 AppleWebKit/537.36 (KHTML, like Gecko; compatible; GPTBot/1.2; +https://openai.com/gptbot)"
217.113.194.81 - - [07/Sep/2025:15:04:56 +0700] "GET /san-pham/bo-dung-cu-lay-mau-dat-2%C2%BC-co-ky-hieu-signature-soil-sampler-kit/ HTTP/1.0" 200 329846 "-" "Mozilla/5.0 (compatible; Barkrowler/0.9; +https://babbar.tech/crawler)"
45.117.177.72 - - [07/Sep/2025:15:05:24 +0700] "POST /wp-cron.php?doing_wp_cron=1757232324.1022510528564453125000 HTTP/1.0" 200 416 "-" "WordPress/6.8.1; https://vattusacky.vn"
20.171.207.251 - - [07/Sep/2025:15:05:22 +0700] "GET /omegle-and-cybersecurity-staying-safe-in-the-digital-space/ HTTP/1.0" 200 89217 "-" "Mozilla/5.0 AppleWebKit/537.36 (KHTML, like Gecko; compatible; GPTBot/1.2; +https://openai.com/gptbot)"
85.208.96.200 - - [07/Sep/2025:15:05:34 +0700] "GET /overcoming-the-challenges-of-building-empathy-through-a-screen/ HTTP/1.0" 200 91286 "-" "Mozilla/5.0 (compatible; SemrushBot/7~bl; +http://www.semrush.com/bot.html)"
217.113.194.81 - - [07/Sep/2025:15:05:42 +0700] "GET /san-pham/bo-loc-chan-khong-06-vi-tri-bang-inox-khong-bao-gom-bom-chan-khong/feed/ HTTP/1.0" 200 1788 "-" "Mozilla/5.0 (compatible; Barkrowler/0.9; +https://babbar.tech/crawler)"
20.171.207.251 - - [07/Sep/2025:15:05:52 +0700] "GET /?p=7293 HTTP/1.0" 301 507 "-" "Mozilla/5.0 AppleWebKit/537.36 (KHTML, like Gecko; compatible; GPTBot/1.2; +https://openai.com/gptbot)"
20.171.207.251 - - [07/Sep/2025:15:05:54 +0700] "GET /omegle-a-world-of-mystery-and-surprise-for-anonymous-explorers/ HTTP/1.0" 200 90753 "-" "Mozilla/5.0 AppleWebKit/537.36 (KHTML, like Gecko; compatible; GPTBot/1.2; +https://openai.com/gptbot)"
217.113.194.217 - - [07/Sep/2025:15:06:01 +0700] "GET /san-pham/bom-lay-mau-khi-sibata-mp-sigma30nii-0-050-den-0-500l-phut/feed/ HTTP/1.0" 200 1759 "-" "Mozilla/5.0 (compatible; Barkrowler/0.9; +https://babbar.tech/crawler)"
45.117.177.72 - - [07/Sep/2025:15:06:25 +0700] "POST /wp-cron.php?doing_wp_cron=1757232385.5889139175415039062500 HTTP/1.0" 200 416 "-" "WordPress/6.8.1; https://vattusacky.vn"
217.113.194.76 - - [07/Sep/2025:15:06:23 +0700] "GET /san-pham/thiet-bi-lay-mau-nuoc-alpha-van-dorn-loai-ngang-nhan-hang-wildco/ HTTP/1.0" 200 369441 "-" "Mozilla/5.0 (compatible; Barkrowler/0.9; +https://babbar.tech/crawler)"
20.171.207.251 - - [07/Sep/2025:15:06:38 +0700] "GET /unleashing-the-potential-of-love-and-friendship-in-omelove/ HTTP/1.0" 200 88836 "-" "Mozilla/5.0 AppleWebKit/537.36 (KHTML, like Gecko; compatible; GPTBot/1.2; +https://openai.com/gptbot)"
20.171.207.251 - - [07/Sep/2025:15:07:09 +0700] "GET /?p=8630 HTTP/1.0" 301 514 "-" "Mozilla/5.0 AppleWebKit/537.36 (KHTML, like Gecko; compatible; GPTBot/1.2; +https://openai.com/gptbot)"
20.171.207.251 - - [07/Sep/2025:15:07:12 +0700] "GET /the-influence-of-social-norms-on-anonymity-and-authenticity-on-omegle/ HTTP/1.0" 200 88885 "-" "Mozilla/5.0 AppleWebKit/537.36 (KHTML, like Gecko; compatible; GPTBot/1.2; +https://openai.com/gptbot)"
45.117.177.72 - - [07/Sep/2025:15:07:56 +0700] "POST /wp-cron.php?doing_wp_cron=1757232476.1188509464263916015625 HTTP/1.0" 200 416 "-" "WordPress/6.8.1; https://vattusacky.vn"
20.171.207.251 - - [07/Sep/2025:15:07:54 +0700] "GET /?p=8504 HTTP/1.0" 301 514 "-" "Mozilla/5.0 AppleWebKit/537.36 (KHTML, like Gecko; compatible; GPTBot/1.2; +https://openai.com/gptbot)"
20.171.207.251 - - [07/Sep/2025:15:07:56 +0700] "GET /the-hidden-gem-of-online-conversations-unlocking-the-appeal-of-omegle/ HTTP/1.0" 200 82145 "-" "Mozilla/5.0 AppleWebKit/537.36 (KHTML, like Gecko; compatible; GPTBot/1.2; +https://openai.com/gptbot)"
45.117.177.72 - - [07/Sep/2025:15:08:36 +0700] "POST /wp-cron.php?doing_wp_cron=1757232515.8155438899993896484375 HTTP/1.0" 200 416 "-" "WordPress/6.8.1; https://vattusacky.vn"
20.171.207.251 - - [07/Sep/2025:15:08:34 +0700] "GET /the-risks-of-sharing-personal-information-on-omegle-and-ometv/ HTTP/1.0" 200 91092 "-" "Mozilla/5.0 AppleWebKit/537.36 (KHTML, like Gecko; compatible; GPTBot/1.2; +https://openai.com/gptbot)"
45.117.177.72 - - [07/Sep/2025:15:09:38 +0700] "POST /wp-cron.php?doing_wp_cron=1757232578.0979690551757812500000 HTTP/1.0" 200 416 "-" "WordPress/6.8.1; https://vattusacky.vn"
20.171.207.251 - - [07/Sep/2025:15:09:36 +0700] "GET /tips-for-having-a-positive-experience-on-chatroulette-and-omegle/ HTTP/1.0" 200 90590 "-" "Mozilla/5.0 AppleWebKit/537.36 (KHTML, like Gecko; compatible; GPTBot/1.2; +https://openai.com/gptbot)"
45.117.177.72 - - [07/Sep/2025:15:10:25 +0700] "POST /wp-cron.php?doing_wp_cron=1757232625.3024230003356933593750 HTTP/1.0" 200 416 "-" "WordPress/6.8.1; https://vattusacky.vn"
20.171.207.251 - - [07/Sep/2025:15:10:23 +0700] "GET /?p=8341 HTTP/1.0" 301 507 "-" "Mozilla/5.0 AppleWebKit/537.36 (KHTML, like Gecko; compatible; GPTBot/1.2; +https://openai.com/gptbot)"
20.171.207.251 - - [07/Sep/2025:15:10:25 +0700] "GET /the-benefits-of-anonymity-on-omegle-for-exploring-taboo-topics/ HTTP/1.0" 200 89342 "-" "Mozilla/5.0 AppleWebKit/537.36 (KHTML, like Gecko; compatible; GPTBot/1.2; +https://openai.com/gptbot)"
20.171.207.251 - - [07/Sep/2025:15:11:01 +0700] "GET /?p=8203 HTTP/1.0" 301 502 "-" "Mozilla/5.0 AppleWebKit/537.36 (KHTML, like Gecko; compatible; GPTBot/1.2; +https://openai.com/gptbot)"
20.171.207.251 - - [07/Sep/2025:15:11:02 +0700] "GET /serendipity-as-a-form-of-exploration-and-adventure-online/ HTTP/1.0" 200 91656 "-" "Mozilla/5.0 AppleWebKit/537.36 (KHTML, like Gecko; compatible; GPTBot/1.2; +https://openai.com/gptbot)"
45.117.177.72 - - [07/Sep/2025:15:11:43 +0700] "POST /wp-cron.php?doing_wp_cron=1757232702.9283540248870849609375 HTTP/1.0" 200 416 "-" "WordPress/6.8.1; https://vattusacky.vn"
20.171.207.251 - - [07/Sep/2025:15:11:41 +0700] "GET /omegle-and-ometv-a-comparative-study-on-identity-discovery/ HTTP/1.0" 200 93929 "-" "Mozilla/5.0 AppleWebKit/537.36 (KHTML, like Gecko; compatible; GPTBot/1.2; +https://openai.com/gptbot)"
20.171.207.251 - - [07/Sep/2025:15:12:15 +0700] "GET /?p=8235 HTTP/1.0" 301 510 "-" "Mozilla/5.0 AppleWebKit/537.36 (KHTML, like Gecko; compatible; GPTBot/1.2; +https://openai.com/gptbot)"
45.117.177.72 - - [07/Sep/2025:15:12:18 +0700] "POST /wp-cron.php?doing_wp_cron=1757232738.3293509483337402343750 HTTP/1.0" 200 416 "-" "WordPress/6.8.1; https://vattusacky.vn"
20.171.207.251 - - [07/Sep/2025:15:12:17 +0700] "GET /small-acts-of-kindness-heartwarming-stories-from-omegle-and-ometv/ HTTP/1.0" 200 91392 "-" "Mozilla/5.0 AppleWebKit/537.36 (KHTML, like Gecko; compatible; GPTBot/1.2; +https://openai.com/gptbot)"
185.191.171.6 - - [07/Sep/2025:15:12:18 +0700] "GET /category/uncategorized/page/328/ HTTP/1.0" 200 76556 "-" "Mozilla/5.0 (compatible; SemrushBot/7~bl; +http://www.semrush.com/bot.html)"
216.244.66.237 - - [07/Sep/2025:15:12:32 +0700] "GET /omegle-bots-identifying-and-interacting-with-automated-users/ HTTP/1.0" 200 90689 "-" "Mozilla/5.0 (compatible; DotBot/1.2; +https://opensiteexplorer.org/dotbot; help@moz.com)"
20.171.207.251 - - [07/Sep/2025:15:12:59 +0700] "GET /?p=7335 HTTP/1.0" 301 503 "-" "Mozilla/5.0 AppleWebKit/537.36 (KHTML, like Gecko; compatible; GPTBot/1.2; +https://openai.com/gptbot)"
20.171.207.251 - - [07/Sep/2025:15:13:01 +0700] "GET /omegle-and-cybersecurity-staying-safe-in-the-digital-space/ HTTP/1.0" 200 89217 "-" "Mozilla/5.0 AppleWebKit/537.36 (KHTML, like Gecko; compatible; GPTBot/1.2; +https://openai.com/gptbot)"
45.117.177.72 - - [07/Sep/2025:15:13:25 +0700] "POST /wp-cron.php?doing_wp_cron=1757232805.4264590740203857421875 HTTP/1.0" 200 416 "-" "WordPress/6.8.1; https://vattusacky.vn"
20.171.207.251 - - [07/Sep/2025:15:13:24 +0700] "GET /omegle-artistry-and-the-digital-renaissance-shaping-the-future-of-art/ HTTP/1.0" 200 91331 "-" "Mozilla/5.0 AppleWebKit/537.36 (KHTML, like Gecko; compatible; GPTBot/1.2; +https://openai.com/gptbot)"
20.171.207.251 - - [07/Sep/2025:15:13:50 +0700] "GET /?p=7375 HTTP/1.0" 301 503 "-" "Mozilla/5.0 AppleWebKit/537.36 (KHTML, like Gecko; compatible; GPTBot/1.2; +https://openai.com/gptbot)"
20.171.207.251 - - [07/Sep/2025:15:13:51 +0700] "GET /omegle-and-ometv-a-comparative-study-on-identity-discovery/ HTTP/1.0" 200 93783 "-" "Mozilla/5.0 AppleWebKit/537.36 (KHTML, like Gecko; compatible; GPTBot/1.2; +https://openai.com/gptbot)"
85.208.96.210 - - [07/Sep/2025:15:13:57 +0700] "GET /unlocking-artistic-potential-how-omegle-fosters-creative-growth/ HTTP/1.0" 200 92593 "-" "Mozilla/5.0 (compatible; SemrushBot/7~bl; +http://www.semrush.com/bot.html)"
52.255.111.9 - - [07/Sep/2025:15:14:07 +0700] "GET / HTTP/1.0" 503 8085 "-" "Mozilla/5.0 AppleWebKit/537.36 (KHTML, like Gecko); compatible; ChatGPT-User/1.0; +https://openai.com/bot"
45.117.177.72 - - [07/Sep/2025:15:14:28 +0700] "POST /wp-cron.php?doing_wp_cron=1757232868.1427559852600097656250 HTTP/1.0" 200 416 "-" "WordPress/6.8.1; https://vattusacky.vn"
213.180.203.230 - - [07/Sep/2025:15:14:26 +0700] "GET /22bet-india-27/ HTTP/1.0" 200 107008 "-" "Mozilla/5.0 (compatible; YandexBot/3.0; +http://yandex.com/bots)"
20.171.207.251 - - [07/Sep/2025:15:14:34 +0700] "GET /omegle-and-the-role-of-personal-branding-in-virtual-interactions/ HTTP/1.0" 200 92374 "-" "Mozilla/5.0 AppleWebKit/537.36 (KHTML, like Gecko; compatible; GPTBot/1.2; +https://openai.com/gptbot)"
216.244.66.237 - - [07/Sep/2025:15:14:55 +0700] "GET /empathy-and-understanding-in-omegle-connections-lessons-from-omegle-chronicles/feed/ HTTP/1.0" 200 1831 "-" "Mozilla/5.0 (compatible; DotBot/1.2; +https://opensiteexplorer.org/dotbot; help@moz.com)"
20.171.207.251 - - [07/Sep/2025:15:15:14 +0700] "GET /?p=8793 HTTP/1.0" 301 506 "-" "Mozilla/5.0 AppleWebKit/537.36 (KHTML, like Gecko; compatible; GPTBot/1.2; +https://openai.com/gptbot)"
216.244.66.237 - - [07/Sep/2025:15:15:14 +0700] "GET /how-to-improve-communication-skills-on-omegle-and-ometv/ HTTP/1.0" 200 92620 "-" "Mozilla/5.0 (compatible; DotBot/1.2; +https://opensiteexplorer.org/dotbot; help@moz.com)"
20.171.207.251 - - [07/Sep/2025:15:15:15 +0700] "GET /the-risks-of-sharing-personal-information-on-omegle-and-ometv/ HTTP/1.0" 200 91092 "-" "Mozilla/5.0 AppleWebKit/537.36 (KHTML, like Gecko; compatible; GPTBot/1.2; +https://openai.com/gptbot)"
45.117.177.72 - - [07/Sep/2025:15:15:52 +0700] "POST /wp-cron.php?doing_wp_cron=1757232952.1265599727630615234375 HTTP/1.0" 200 416 "-" "WordPress/6.8.1; https://vattusacky.vn"
20.171.207.251 - - [07/Sep/2025:15:15:50 +0700] "GET /managing-boundaries-on-omegle-knowing-when-and-how-to-disconnect/ HTTP/1.0" 200 90456 "-" "Mozilla/5.0 AppleWebKit/537.36 (KHTML, like Gecko; compatible; GPTBot/1.2; +https://openai.com/gptbot)"
85.208.96.200 - - [07/Sep/2025:15:15:53 +0700] "GET /the/do-da-chi-tieu/ HTTP/1.0" 200 68383 "-" "Mozilla/5.0 (compatible; SemrushBot/7~bl; +http://www.semrush.com/bot.html)"
45.117.177.72 - - [07/Sep/2025:15:16:23 +0700] "POST /wp-cron.php?doing_wp_cron=1757232982.8080239295959472656250 HTTP/1.0" 200 416 "-" "WordPress/6.8.1; https://vattusacky.vn"
20.171.207.251 - - [07/Sep/2025:15:16:21 +0700] "GET /?p=9111 HTTP/1.0" 301 503 "-" "Mozilla/5.0 AppleWebKit/537.36 (KHTML, like Gecko; compatible; GPTBot/1.2; +https://openai.com/gptbot)"
20.171.207.251 - - [07/Sep/2025:15:16:23 +0700] "GET /unleashing-the-potential-of-love-and-friendship-in-omelove/ HTTP/1.0" 200 88690 "-" "Mozilla/5.0 AppleWebKit/537.36 (KHTML, like Gecko; compatible; GPTBot/1.2; +https://openai.com/gptbot)"
20.171.207.251 - - [07/Sep/2025:15:16:48 +0700] "GET /?p=9023 HTTP/1.0" 301 655 "-" "Mozilla/5.0 AppleWebKit/537.36 (KHTML, like Gecko; compatible; GPTBot/1.2; +https://openai.com/gptbot)"
20.171.207.251 - - [07/Sep/2025:15:16:50 +0700] "GET /tips-for-having-a-positive-experience-on-chatroulette-and-omegle/ HTTP/1.0" 200 90590 "-" "Mozilla/5.0 AppleWebKit/537.36 (KHTML, like Gecko; compatible; GPTBot/1.2; +https://openai.com/gptbot)"
23.22.59.87 - - [07/Sep/2025:15:17:11 +0700] "GET /category/uncategorized/page/177/ HTTP/1.0" 200 76373 "-" "Mozilla/5.0 AppleWebKit/537.36 (KHTML, like Gecko; compatible; Amazonbot/0.1; +https://developer.amazon.com/support/amazonbot) Chrome/119.0.6045.214 Safari/537.36"
45.117.177.72 - - [07/Sep/2025:15:17:27 +0700] "POST /wp-cron.php?doing_wp_cron=1757233047.3979430198669433593750 HTTP/1.0" 200 416 "-" "WordPress/6.8.1; https://vattusacky.vn"
20.171.207.251 - - [07/Sep/2025:15:17:26 +0700] "GET /how-to-connect-with-supportive-communities-on-omegle-and-ometv/ HTTP/1.0" 200 78612 "-" "Mozilla/5.0 AppleWebKit/537.36 (KHTML, like Gecko; compatible; GPTBot/1.2; +https://openai.com/gptbot)"
20.171.207.251 - - [07/Sep/2025:15:17:52 +0700] "GET /serendipity-and-the-power-of-unexpected-connections-in-the-digital-age/ HTTP/1.0" 200 93418 "-" "Mozilla/5.0 AppleWebKit/537.36 (KHTML, like Gecko; compatible; GPTBot/1.2; +https://openai.com/gptbot)"
45.117.177.72 - - [07/Sep/2025:15:18:28 +0700] "POST /wp-cron.php?doing_wp_cron=1757233108.1996259689331054687500 HTTP/1.0" 200 416 "-" "WordPress/6.8.1; https://vattusacky.vn"
20.171.207.251 - - [07/Sep/2025:15:18:26 +0700] "GET /the-impact-of-chatroulette-and-omegle-on-traditional-dating-apps/ HTTP/1.0" 200 93080 "-" "Mozilla/5.0 AppleWebKit/537.36 (KHTML, like Gecko; compatible; GPTBot/1.2; +https://openai.com/gptbot)"
20.171.207.251 - - [07/Sep/2025:15:18:45 +0700] "GET /the-impact-of-social-media-integration-on-safety-measures/ HTTP/1.0" 200 95190 "-" "Mozilla/5.0 AppleWebKit/537.36 (KHTML, like Gecko; compatible; GPTBot/1.2; +https://openai.com/gptbot)"
17.241.227.76 - - [07/Sep/2025:15:18:59 +0700] "GET /omegle-and-online-learning-supplementing-education-through-virtual-conversations/ HTTP/1.0" 200 93104 "-" "Mozilla/5.0 (Macintosh; Intel Mac OS X 10_15_7) AppleWebKit/605.1.15 (KHTML, like Gecko) Version/17.4 Safari/605.1.15 (Applebot/0.1; +http://www.apple.com/go/applebot)"
20.171.207.251 - - [07/Sep/2025:15:19:06 +0700] "GET /the-inner-workings-deciphering-the-secrets-of-omegles-random-chat/ HTTP/1.0" 200 90325 "-" "Mozilla/5.0 AppleWebKit/537.36 (KHTML, like Gecko; compatible; GPTBot/1.2; +https://openai.com/gptbot)"
45.117.177.72 - - [07/Sep/2025:15:19:42 +0700] "POST /wp-cron.php?doing_wp_cron=1757233182.4797959327697753906250 HTTP/1.0" 200 416 "-" "WordPress/6.8.1; https://vattusacky.vn"
20.171.207.251 - - [07/Sep/2025:15:19:40 +0700] "GET /?p=7539 HTTP/1.0" 301 509 "-" "Mozilla/5.0 AppleWebKit/537.36 (KHTML, like Gecko; compatible; GPTBot/1.2; +https://openai.com/gptbot)"
20.171.207.251 - - [07/Sep/2025:15:19:42 +0700] "GET /omegle-and-the-role-of-personal-branding-in-virtual-interactions/ HTTP/1.0" 200 92374 "-" "Mozilla/5.0 AppleWebKit/537.36 (KHTML, like Gecko; compatible; GPTBot/1.2; +https://openai.com/gptbot)"
45.117.177.72 - - [07/Sep/2025:15:20:23 +0700] "POST /wp-cron.php?doing_wp_cron=1757233223.4419679641723632812500 HTTP/1.0" 200 416 "-" "WordPress/6.8.1; https://vattusacky.vn"
20.171.207.251 - - [07/Sep/2025:15:20:22 +0700] "GET /navigating-the-unknown-omegle-and-the-art-of-conversations/ HTTP/1.0" 200 90853 "-" "Mozilla/5.0 AppleWebKit/537.36 (KHTML, like Gecko; compatible; GPTBot/1.2; +https://openai.com/gptbot)"
216.244.66.237 - - [07/Sep/2025:15:20:24 +0700] "GET /mostbet-onlajn-mobilnaja-versija-kazino-demo/ HTTP/1.0" 200 97801 "-" "Mozilla/5.0 (compatible; DotBot/1.2; +https://opensiteexplorer.org/dotbot; help@moz.com)"
20.171.207.251 - - [07/Sep/2025:15:21:08 +0700] "GET /?p=8521 HTTP/1.0" 301 509 "-" "Mozilla/5.0 AppleWebKit/537.36 (KHTML, like Gecko; compatible; GPTBot/1.2; +https://openai.com/gptbot)"
185.191.171.16 - - [07/Sep/2025:15:21:08 +0700] "GET /category/uncategorized/page/322/ HTTP/1.0" 200 77827 "-" "Mozilla/5.0 (compatible; SemrushBot/7~bl; +http://www.semrush.com/bot.html)"
20.171.207.251 - - [07/Sep/2025:15:21:09 +0700] "GET /the-impact-of-chatroulette-and-omegle-on-traditional-dating-apps/ HTTP/1.0" 200 93080 "-" "Mozilla/5.0 AppleWebKit/537.36 (KHTML, like Gecko; compatible; GPTBot/1.2; +https://openai.com/gptbot)"
45.117.177.72 - - [07/Sep/2025:15:21:22 +0700] "POST /wp-cron.php?doing_wp_cron=1757233282.5695281028747558593750 HTTP/1.0" 200 416 "-" "WordPress/6.8.1; https://vattusacky.vn"
40.77.167.60 - - [07/Sep/2025:15:21:21 +0700] "GET /the-art-of-finding-meaning-in-coincidences-on-omegle/ HTTP/1.0" 200 91691 "-" "Mozilla/5.0 AppleWebKit/537.36 (KHTML, like Gecko; compatible; bingbot/2.0; +http://www.bing.com/bingbot.htm) Chrome/116.0.1938.76 Safari/537.36"
20.171.207.251 - - [07/Sep/2025:15:22:09 +0700] "GET /?p=7197 HTTP/1.0" 301 655 "-" "Mozilla/5.0 AppleWebKit/537.36 (KHTML, like Gecko; compatible; GPTBot/1.2; +https://openai.com/gptbot)"
20.171.207.251 - - [07/Sep/2025:15:22:10 +0700] "GET /managing-boundaries-on-omegle-knowing-when-and-how-to-disconnect/ HTTP/1.0" 200 90456 "-" "Mozilla/5.0 AppleWebKit/537.36 (KHTML, like Gecko; compatible; GPTBot/1.2; +https://openai.com/gptbot)"
45.117.177.72 - - [07/Sep/2025:15:23:13 +0700] "POST /wp-cron.php?doing_wp_cron=1757233393.7662050724029541015625 HTTP/1.0" 200 416 "-" "WordPress/6.8.1; https://vattusacky.vn"
20.171.207.251 - - [07/Sep/2025:15:23:12 +0700] "GET /?p=7558 HTTP/1.0" 301 514 "-" "Mozilla/5.0 AppleWebKit/537.36 (KHTML, like Gecko; compatible; GPTBot/1.2; +https://openai.com/gptbot)"
