52.167.144.55 - - [07/Sep/2025:05:40:47 +0700] "GET /robots.txt HTTP/1.0" 301 562 "-" "Mozilla/5.0 AppleWebKit/537.36 (KHTML, like Gecko; compatible; bingbot/2.0; +http://www.bing.com/bingbot.htm) Chrome/116.0.1938.76 Safari/537.36"
52.167.144.55 - - [07/Sep/2025:05:40:50 +0700] "GET /robots.txt HTTP/1.0" 200 984 "-" "Mozilla/5.0 AppleWebKit/537.36 (KHTML, like Gecko; compatible; bingbot/2.0; +http://www.bing.com/bingbot.htm) Chrome/116.0.1938.76 Safari/537.36"
157.55.39.8 - - [07/Sep/2025:05:40:56 +0700] "GET /blog/sme-khong-hien-dien-truc-tuyen-kho-noi-den-chuyen-doi-so HTTP/1.0" 301 725 "-" "Mozilla/5.0 AppleWebKit/537.36 (KHTML, like Gecko; compatible; bingbot/2.0; +http://www.bing.com/bingbot.htm) Chrome/116.0.1938.76 Safari/537.36"
85.208.96.198 - - [07/Sep/2025:05:41:01 +0700] "GET /robots.txt HTTP/1.0" 200 984 "-" "Mozilla/5.0 (compatible; SemrushBot/7~bl; +http://www.semrush.com/bot.html)"
85.208.96.207 - - [07/Sep/2025:05:41:03 +0700] "GET /danh-muc/co-ba%CC%89n-thi-nghie%CC%A3m/tu-cay-vi-sinh/ HTTP/1.0" 200 95069 "-" "Mozilla/5.0 (compatible; SemrushBot/7~bl; +http://www.semrush.com/bot.html)"
45.117.177.72 - - [07/Sep/2025:05:42:10 +0700] "POST /wp-cron.php?doing_wp_cron=1757198530.0765089988708496093750 HTTP/1.0" 200 416 "-" "WordPress/6.8.1; https://vattusacky.vn"
85.208.96.201 - - [07/Sep/2025:05:42:08 +0700] "GET /the/lay-mau-bui-cong-suat-lon/page/2/ HTTP/1.0" 200 125991 "-" "Mozilla/5.0 (compatible; SemrushBot/7~bl; +http://www.semrush.com/bot.html)"
45.117.177.72 - - [07/Sep/2025:05:43:43 +0700] "POST /wp-cron.php?doing_wp_cron=1757198623.5892500877380371093750 HTTP/1.0" 200 416 "-" "WordPress/6.8.1; https://vattusacky.vn"
185.191.171.16 - - [07/Sep/2025:05:43:42 +0700] "GET /delving-into-the-world-of-omegle-chatting-what-lies-beneath/ HTTP/1.0" 200 90462 "-" "Mozilla/5.0 (compatible; SemrushBot/7~bl; +http://www.semrush.com/bot.html)"
45.117.177.72 - - [07/Sep/2025:05:45:03 +0700] "POST /wp-cron.php?doing_wp_cron=1757198703.3386631011962890625000 HTTP/1.0" 200 416 "-" "WordPress/6.8.1; https://vattusacky.vn"
216.244.66.237 - - [07/Sep/2025:05:45:02 +0700] "GET /robots.txt HTTP/1.0" 200 984 "-" "Mozilla/5.0 (compatible; DotBot/1.2; +https://opensiteexplorer.org/dotbot; help@moz.com)"
45.117.177.72 - - [07/Sep/2025:05:46:09 +0700] "POST /wp-cron.php?doing_wp_cron=1757198769.6555459499359130859375 HTTP/1.0" 200 416 "-" "WordPress/6.8.1; https://vattusacky.vn"
185.162.54.30 - - [07/Sep/2025:05:46:08 +0700] "GET /wp-login.php;yanz;yanz; HTTP/1.0" 301 678 "-" "WordPress/6.8.2; https://coe.uog.edu.et"
185.162.54.30 - - [07/Sep/2025:05:46:11 +0700] "GET /wp-login.php;yanz;yanz HTTP/1.0" 404 70666 "-" "WordPress/6.8.2; https://coe.uog.edu.et"
45.117.177.72 - - [07/Sep/2025:05:51:03 +0700] "POST /wp-cron.php?doing_wp_cron=1757199063.4774549007415771484375 HTTP/1.0" 200 416 "-" "WordPress/6.8.1; https://vattusacky.vn"
85.208.96.204 - - [07/Sep/2025:05:51:02 +0700] "GET /author/yanz/page/304/ HTTP/1.0" 200 77012 "-" "Mozilla/5.0 (compatible; SemrushBot/7~bl; +http://www.semrush.com/bot.html)"
45.117.177.72 - - [07/Sep/2025:05:52:52 +0700] "POST /wp-cron.php?doing_wp_cron=1757199172.6048190593719482421875 HTTP/1.0" 200 416 "-" "WordPress/6.8.1; https://vattusacky.vn"
217.113.194.80 - - [07/Sep/2025:05:52:51 +0700] "GET /san-pham/bom-lay-mau-bui-tsp-200-800-lpm-khong-choi-than/feed/ HTTP/1.0" 200 1726 "-" "Mozilla/5.0 (compatible; Barkrowler/0.9; +https://babbar.tech/crawler)"
217.113.194.218 - - [07/Sep/2025:05:53:12 +0700] "GET /san-pham/bom-lay-mau-bui-tsp-60-230-lpm-khong-choi-than-2/feed/ HTTP/1.0" 200 1727 "-" "Mozilla/5.0 (compatible; Barkrowler/0.9; +https://babbar.tech/crawler)"
45.117.177.72 - - [07/Sep/2025:05:53:34 +0700] "POST /wp-cron.php?doing_wp_cron=1757199213.7901279926300048828125 HTTP/1.0" 200 416 "-" "WordPress/6.8.1; https://vattusacky.vn"
217.113.194.74 - - [07/Sep/2025:05:53:32 +0700] "GET /san-pham/bom-lay-mau-bui-tsp-400-1400lpm-khong-choi-than/feed/ HTTP/1.0" 200 1726 "-" "Mozilla/5.0 (compatible; Barkrowler/0.9; +https://babbar.tech/crawler)"
217.113.194.79 - - [07/Sep/2025:05:53:51 +0700] "GET /san-pham/thiet-bi-lay-mau-tsp-pm10-pm2-5-pm1-pm4/ HTTP/1.0" 200 509933 "-" "Mozilla/5.0 (compatible; Barkrowler/0.9; +https://babbar.tech/crawler)"
45.117.177.72 - - [07/Sep/2025:05:55:16 +0700] "POST /wp-cron.php?doing_wp_cron=1757199316.2590780258178710937500 HTTP/1.0" 200 416 "-" "WordPress/6.8.1; https://vattusacky.vn"
20.171.207.30 - - [07/Sep/2025:05:55:14 +0700] "GET /seeking-emotional-support-unveiling-the-therapeutic-potential-of-omegle/ HTTP/1.0" 200 80281 "-" "Mozilla/5.0 AppleWebKit/537.36 (KHTML, like Gecko; compatible; GPTBot/1.2; +https://openai.com/gptbot)"
20.171.207.30 - - [07/Sep/2025:05:55:37 +0700] "GET /privacy-and-security-features-on-omegle/feed/ HTTP/1.0" 200 1568 "-" "Mozilla/5.0 AppleWebKit/537.36 (KHTML, like Gecko; compatible; GPTBot/1.2; +https://openai.com/gptbot)"
20.171.207.30 - - [07/Sep/2025:05:56:10 +0700] "GET /?p=8099 HTTP/1.0" 301 481 "-" "Mozilla/5.0 AppleWebKit/537.36 (KHTML, like Gecko; compatible; GPTBot/1.2; +https://openai.com/gptbot)"
20.171.207.30 - - [07/Sep/2025:05:56:11 +0700] "GET /privacy-features-on-omegle-and-ometv/ HTTP/1.0" 200 79417 "-" "Mozilla/5.0 AppleWebKit/537.36 (KHTML, like Gecko; compatible; GPTBot/1.2; +https://openai.com/gptbot)"
45.117.177.72 - - [07/Sep/2025:05:56:37 +0700] "POST /wp-cron.php?doing_wp_cron=1757199396.8844799995422363281250 HTTP/1.0" 200 416 "-" "WordPress/6.8.1; https://vattusacky.vn"
20.171.207.30 - - [07/Sep/2025:05:56:35 +0700] "GET /?p=9177 HTTP/1.0" 301 498 "-" "Mozilla/5.0 AppleWebKit/537.36 (KHTML, like Gecko; compatible; GPTBot/1.2; +https://openai.com/gptbot)"
20.171.207.30 - - [07/Sep/2025:05:56:37 +0700] "GET /user-control-and-privacy-settings-on-omegle-and-ometv/ HTTP/1.0" 200 90140 "-" "Mozilla/5.0 AppleWebKit/537.36 (KHTML, like Gecko; compatible; GPTBot/1.2; +https://openai.com/gptbot)"
20.171.207.30 - - [07/Sep/2025:05:56:49 +0700] "GET /?p=7840 HTTP/1.0" 301 489 "-" "Mozilla/5.0 AppleWebKit/537.36 (KHTML, like Gecko; compatible; GPTBot/1.2; +https://openai.com/gptbot)"
20.171.207.30 - - [07/Sep/2025:05:56:51 +0700] "GET /omegles-impact-on-online-privacy-discussions/ HTTP/1.0" 200 77164 "-" "Mozilla/5.0 AppleWebKit/537.36 (KHTML, like Gecko; compatible; GPTBot/1.2; +https://openai.com/gptbot)"
20.171.207.30 - - [07/Sep/2025:05:57:00 +0700] "GET /?p=9070 HTTP/1.0" 301 536 "-" "Mozilla/5.0 AppleWebKit/537.36 (KHTML, like Gecko; compatible; GPTBot/1.2; +https://openai.com/gptbot)"
20.171.207.30 - - [07/Sep/2025:05:57:01 +0700] "GET /understanding-the-legal-implications-of-omegle-and-ometv-privacy-consent-and-responsibility/ HTTP/1.0" 200 91101 "-" "Mozilla/5.0 AppleWebKit/537.36 (KHTML, like Gecko; compatible; GPTBot/1.2; +https://openai.com/gptbot)"
45.117.177.72 - - [07/Sep/2025:05:57:29 +0700] "POST /wp-cron.php?doing_wp_cron=1757199448.8622269630432128906250 HTTP/1.0" 200 416 "-" "WordPress/6.8.1; https://vattusacky.vn"
3.224.104.67 - - [07/Sep/2025:05:57:27 +0700] "GET /category/konvektors-kiev-ua/ HTTP/1.0" 200 59275 "-" "Mozilla/5.0 AppleWebKit/537.36 (KHTML, like Gecko; compatible; Amazonbot/0.1; +https://developer.amazon.com/support/amazonbot) Chrome/119.0.6045.214 Safari/537.36"
3.89.170.186 - - [07/Sep/2025:05:57:31 +0700] "GET /the-therapy-relationship-in-multicultural-psychotherapy/ HTTP/1.0" 403 617 "-" "Mozilla/5.0 AppleWebKit/537.36 (KHTML, like Gecko; compatible; Amazonbot/0.1; +https://developer.amazon.com/support/amazonbot) Chrome/119.0.6045.214 Safari/537.36"
20.171.207.30 - - [07/Sep/2025:05:57:31 +0700] "GET /omegles-next-chapter-revolutionizing-random-chats/ HTTP/1.0" 200 84227 "-" "Mozilla/5.0 AppleWebKit/537.36 (KHTML, like Gecko; compatible; GPTBot/1.2; +https://openai.com/gptbot)"
54.166.104.83 - - [07/Sep/2025:05:57:36 +0700] "GET /adquiriendo-mas-alla-de-primero-fecha/ HTTP/1.0" 200 207438 "-" "Mozilla/5.0 AppleWebKit/537.36 (KHTML, like Gecko; compatible; Amazonbot/0.1; +https://developer.amazon.com/support/amazonbot) Chrome/119.0.6045.214 Safari/537.36"
52.167.144.225 - - [07/Sep/2025:05:57:36 +0700] "GET /xbox-pool-party/ HTTP/1.0" 200 206282 "-" "Mozilla/5.0 AppleWebKit/537.36 (KHTML, like Gecko; compatible; bingbot/2.0; +http://www.bing.com/bingbot.htm) Chrome/116.0.1938.76 Safari/537.36"
100.24.167.60 - - [07/Sep/2025:05:57:39 +0700] "GET /the-dating-guidance-woman-how-empowerment-coach-erin-tillman-works-singles-devise-tips-conducive-on-the-grateful-relations-they-need/ HTTP/1.0" 200 216580 "-" "Mozilla/5.0 AppleWebKit/537.36 (KHTML, like Gecko; compatible; Amazonbot/0.1; +https://developer.amazon.com/support/amazonbot) Chrome/119.0.6045.214 Safari/537.36"
3.209.174.110 - - [07/Sep/2025:05:57:43 +0700] "GET /crescent-a-free-muslim-friendly-dating-app-connects-30000-consumers-internationally/ HTTP/1.0" 200 215828 "-" "Mozilla/5.0 AppleWebKit/537.36 (KHTML, like Gecko; compatible; Amazonbot/0.1; +https://developer.amazon.com/support/amazonbot) Chrome/119.0.6045.214 Safari/537.36"
98.80.130.239 - - [07/Sep/2025:05:57:47 +0700] "GET /category/uncategorized/page/93/ HTTP/1.0" 200 76179 "-" "Mozilla/5.0 AppleWebKit/537.36 (KHTML, like Gecko; compatible; Amazonbot/0.1; +https://developer.amazon.com/support/amazonbot) Chrome/119.0.6045.214 Safari/537.36"
20.171.207.30 - - [07/Sep/2025:05:58:05 +0700] "GET /omegle-and-mental-health-support-finding-understanding-strangers/ HTTP/1.0" 200 91094 "-" "Mozilla/5.0 AppleWebKit/537.36 (KHTML, like Gecko; compatible; GPTBot/1.2; +https://openai.com/gptbot)"
45.117.177.72 - - [07/Sep/2025:05:59:57 +0700] "POST /wp-cron.php?doing_wp_cron=1757199596.9311659336090087890625 HTTP/1.0" 200 416 "-" "WordPress/6.8.1; https://vattusacky.vn"
20.171.207.30 - - [07/Sep/2025:05:59:55 +0700] "GET /?p=7337 HTTP/1.0" 301 532 "-" "Mozilla/5.0 AppleWebKit/537.36 (KHTML, like Gecko; compatible; GPTBot/1.2; +https://openai.com/gptbot)"
20.171.207.30 - - [07/Sep/2025:05:59:57 +0700] "GET /omegle-and-emotional-support-finding-solace-and-understanding-in-anonymous-interactions/ HTTP/1.0" 200 90551 "-" "Mozilla/5.0 AppleWebKit/537.36 (KHTML, like Gecko; compatible; GPTBot/1.2; +https://openai.com/gptbot)"
45.117.177.72 - - [07/Sep/2025:06:01:30 +0700] "POST /wp-cron.php?doing_wp_cron=1757199690.4101231098175048828125 HTTP/1.0" 200 416 "-" "WordPress/6.8.1; https://vattusacky.vn"
20.171.207.30 - - [07/Sep/2025:06:01:29 +0700] "GET /?p=8176 HTTP/1.0" 301 662 "-" "Mozilla/5.0 AppleWebKit/537.36 (KHTML, like Gecko; compatible; GPTBot/1.2; +https://openai.com/gptbot)"
20.171.207.30 - - [07/Sep/2025:06:01:30 +0700] "GET /seeking-emotional-support-unveiling-the-therapeutic-potential-of-omegle/ HTTP/1.0" 200 80135 "-" "Mozilla/5.0 AppleWebKit/537.36 (KHTML, like Gecko; compatible; GPTBot/1.2; +https://openai.com/gptbot)"
45.117.177.72 - - [07/Sep/2025:06:02:46 +0700] "POST /wp-cron.php?doing_wp_cron=1757199765.8647749423980712890625 HTTP/1.0" 200 416 "-" "WordPress/6.8.1; https://vattusacky.vn"
20.171.207.30 - - [07/Sep/2025:06:02:44 +0700] "GET /the-cons-of-omegle-privacy-and-safety-concerns/ HTTP/1.0" 200 91440 "-" "Mozilla/5.0 AppleWebKit/537.36 (KHTML, like Gecko; compatible; GPTBot/1.2; +https://openai.com/gptbot)"
45.117.177.72 - - [07/Sep/2025:06:03:18 +0700] "POST /wp-cron.php?doing_wp_cron=1757199798.5715639591217041015625 HTTP/1.0" 200 416 "-" "WordPress/6.8.1; https://vattusacky.vn"
20.171.207.30 - - [07/Sep/2025:06:03:17 +0700] "GET /?p=7368 HTTP/1.0" 301 509 "-" "Mozilla/5.0 AppleWebKit/537.36 (KHTML, like Gecko; compatible; GPTBot/1.2; +https://openai.com/gptbot)"
20.171.207.30 - - [07/Sep/2025:06:03:19 +0700] "GET /omegle-and-mental-health-support-finding-understanding-strangers/ HTTP/1.0" 200 91094 "-" "Mozilla/5.0 AppleWebKit/537.36 (KHTML, like Gecko; compatible; GPTBot/1.2; +https://openai.com/gptbot)"
20.171.207.30 - - [07/Sep/2025:06:04:05 +0700] "GET /how-does-ometv-ensure-privacy-for-its-users/ HTTP/1.0" 200 84326 "-" "Mozilla/5.0 AppleWebKit/537.36 (KHTML, like Gecko; compatible; GPTBot/1.2; +https://openai.com/gptbot)"
45.117.177.72 - - [07/Sep/2025:06:04:54 +0700] "POST /wp-cron.php?doing_wp_cron=1757199894.5620660781860351562500 HTTP/1.0" 200 416 "-" "WordPress/6.8.1; https://vattusacky.vn"
20.171.207.30 - - [07/Sep/2025:06:04:53 +0700] "GET /the-role-of-technology-in-shaping-the-new-age-of-pen-pals/ HTTP/1.0" 200 90801 "-" "Mozilla/5.0 AppleWebKit/537.36 (KHTML, like Gecko; compatible; GPTBot/1.2; +https://openai.com/gptbot)"
45.117.177.72 - - [07/Sep/2025:06:06:10 +0700] "POST /wp-cron.php?doing_wp_cron=1757199970.1861159801483154296875 HTTP/1.0" 200 416 "-" "WordPress/6.8.1; https://vattusacky.vn"
20.171.207.30 - - [07/Sep/2025:06:06:08 +0700] "GET /?p=7835 HTTP/1.0" 301 498 "-" "Mozilla/5.0 AppleWebKit/537.36 (KHTML, like Gecko; compatible; GPTBot/1.2; +https://openai.com/gptbot)"
20.171.207.30 - - [07/Sep/2025:06:06:10 +0700] "GET /omegles-impact-on-mental-health-support-and-resources/ HTTP/1.0" 200 92436 "-" "Mozilla/5.0 AppleWebKit/537.36 (KHTML, like Gecko; compatible; GPTBot/1.2; +https://openai.com/gptbot)"
45.117.177.72 - - [07/Sep/2025:06:06:21 +0700] "POST /wp-cron.php?doing_wp_cron=1757199981.5090630054473876953125 HTTP/1.0" 200 416 "-" "WordPress/6.8.1; https://vattusacky.vn"
87.250.224.86 - - [07/Sep/2025:06:06:20 +0700] "GET /safe-and-secure-chat-platforms-like-omegle/ HTTP/1.0" 200 91988 "-" "Mozilla/5.0 (compatible; YandexBot/3.0; +http://yandex.com/bots)"
216.244.66.237 - - [07/Sep/2025:06:06:34 +0700] "GET /betwinner-4403/feed/ HTTP/1.0" 200 1634 "-" "Mozilla/5.0 (compatible; DotBot/1.2; +https://opensiteexplorer.org/dotbot; help@moz.com)"
20.171.207.30 - - [07/Sep/2025:06:07:12 +0700] "GET /innovation-in-random-chat-omegles-path-to-the-future/ HTTP/1.0" 200 91060 "-" "Mozilla/5.0 AppleWebKit/537.36 (KHTML, like Gecko; compatible; GPTBot/1.2; +https://openai.com/gptbot)"
45.117.177.72 - - [07/Sep/2025:06:08:22 +0700] "POST /wp-cron.php?doing_wp_cron=1757200102.1857988834381103515625 HTTP/1.0" 200 416 "-" "WordPress/6.8.1; https://vattusacky.vn"
20.171.207.251 - - [07/Sep/2025:06:08:21 +0700] "GET /?p=7904 HTTP/1.0" 301 640 "-" "Mozilla/5.0 AppleWebKit/537.36 (KHTML, like Gecko; compatible; GPTBot/1.2; +https://openai.com/gptbot)"
20.171.207.251 - - [07/Sep/2025:06:08:22 +0700] "GET /omegles-next-chapter-revolutionizing-random-chats/ HTTP/1.0" 200 84227 "-" "Mozilla/5.0 AppleWebKit/537.36 (KHTML, like Gecko; compatible; GPTBot/1.2; +https://openai.com/gptbot)"
45.117.177.72 - - [07/Sep/2025:06:08:50 +0700] "POST /wp-cron.php?doing_wp_cron=1757200130.2837929725646972656250 HTTP/1.0" 200 416 "-" "WordPress/6.8.1; https://vattusacky.vn"
20.171.207.251 - - [07/Sep/2025:06:08:49 +0700] "GET /privacy-and-security-concerns-with-omegles-algorithm/ HTTP/1.0" 200 88295 "-" "Mozilla/5.0 AppleWebKit/537.36 (KHTML, like Gecko; compatible; GPTBot/1.2; +https://openai.com/gptbot)"
45.117.177.72 - - [07/Sep/2025:06:09:11 +0700] "POST /wp-cron.php?doing_wp_cron=1757200150.9131240844726562500000 HTTP/1.0" 200 416 "-" "WordPress/6.8.1; https://vattusacky.vn"
20.171.207.251 - - [07/Sep/2025:06:09:09 +0700] "GET /legal-considerations-and-jurisdiction-on-ometv/ HTTP/1.0" 200 91301 "-" "Mozilla/5.0 AppleWebKit/537.36 (KHTML, like Gecko; compatible; GPTBot/1.2; +https://openai.com/gptbot)"
216.244.66.237 - - [07/Sep/2025:06:09:12 +0700] "GET /analyzing-the-psychological-strategies-on-omegle-mind-games-unraveled/ HTTP/1.0" 200 91113 "-" "Mozilla/5.0 (compatible; DotBot/1.2; +https://opensiteexplorer.org/dotbot; help@moz.com)"
45.117.177.72 - - [07/Sep/2025:06:09:24 +0700] "POST /wp-cron.php?doing_wp_cron=1757200163.9286189079284667968750 HTTP/1.0" 200 416 "-" "WordPress/6.8.1; https://vattusacky.vn"
185.191.171.8 - - [07/Sep/2025:06:09:22 +0700] "GET /the/lay-mau-bui-the-tich-lon/page/3/ HTTP/1.0" 200 152224 "-" "Mozilla/5.0 (compatible; SemrushBot/7~bl; +http://www.semrush.com/bot.html)"
20.171.207.251 - - [07/Sep/2025:06:09:32 +0700] "GET /omegles-next-phase-enhancing-user-privacy-and-safety/ HTTP/1.0" 200 91163 "-" "Mozilla/5.0 AppleWebKit/537.36 (KHTML, like Gecko; compatible; GPTBot/1.2; +https://openai.com/gptbot)"
20.171.207.251 - - [07/Sep/2025:06:09:52 +0700] "GET /omegle-for-book-lovers-discussing-literature-with-fellow-readers/ HTTP/1.0" 200 85934 "-" "Mozilla/5.0 AppleWebKit/537.36 (KHTML, like Gecko; compatible; GPTBot/1.2; +https://openai.com/gptbot)"
212.102.37.172 - - [07/Sep/2025:06:09:51 +0700] "GET /benefits-of-using-testosterone-cypionate/ HTTP/1.0" 200 102116 "-" "Mozilla/5.0 (Macintosh; Intel Mac OS X 10_15_7) AppleWebKit/537.36 (KHTML, like Gecko) Chrome/114.0.0.0 Safari/537.36 OPR/100.0.0.0"
20.171.207.251 - - [07/Sep/2025:06:10:10 +0700] "GET /?p=8086 HTTP/1.0" 301 497 "-" "Mozilla/5.0 AppleWebKit/537.36 (KHTML, like Gecko; compatible; GPTBot/1.2; +https://openai.com/gptbot)"
20.171.207.251 - - [07/Sep/2025:06:10:11 +0700] "GET /privacy-and-security-concerns-with-omegles-algorithm/ HTTP/1.0" 200 88295 "-" "Mozilla/5.0 AppleWebKit/537.36 (KHTML, like Gecko; compatible; GPTBot/1.2; +https://openai.com/gptbot)"
45.117.177.72 - - [07/Sep/2025:06:10:46 +0700] "POST /wp-cron.php?doing_wp_cron=1757200246.1735870838165283203125 HTTP/1.0" 200 416 "-" "WordPress/6.8.1; https://vattusacky.vn"
85.208.96.200 - - [07/Sep/2025:06:10:44 +0700] "GET /advantages-of-data-computer-software/ HTTP/1.0" 200 205935 "-" "Mozilla/5.0 (compatible; SemrushBot/7~bl; +http://www.semrush.com/bot.html)"
85.208.96.200 - - [07/Sep/2025:06:10:52 +0700] "GET /one-on-one-coaching-market-talk-live/ HTTP/1.0" 200 215613 "-" "Mozilla/5.0 (compatible; SemrushBot/7~bl; +http://www.semrush.com/bot.html)"
20.171.207.251 - - [07/Sep/2025:06:11:01 +0700] "GET /?p=8368 HTTP/1.0" 301 491 "-" "Mozilla/5.0 AppleWebKit/537.36 (KHTML, like Gecko; compatible; GPTBot/1.2; +https://openai.com/gptbot)"
20.171.207.251 - - [07/Sep/2025:06:11:02 +0700] "GET /the-cons-of-omegle-privacy-and-safety-concerns/ HTTP/1.0" 200 91440 "-" "Mozilla/5.0 AppleWebKit/537.36 (KHTML, like Gecko; compatible; GPTBot/1.2; +https://openai.com/gptbot)"
45.117.177.72 - - [07/Sep/2025:06:11:35 +0700] "POST /wp-cron.php?doing_wp_cron=1757200295.5112950801849365234375 HTTP/1.0" 200 416 "-" "WordPress/6.8.1; https://vattusacky.vn"
194.42.196.29 - - [07/Sep/2025:06:11:34 +0700] "GET / HTTP/1.0" 301 598 "http://www.vattusacky.vn/" "-"
194.42.196.29 - - [07/Sep/2025:06:11:36 +0700] "GET / HTTP/1.0" 200 60070 "https://www.vattusacky.vn/" "-"
194.42.196.29 - - [07/Sep/2025:06:11:38 +0700] "GET /laravel-filemanager HTTP/1.0" 301 683 "http://www.vattusacky.vn/laravel-filemanager" "-"
194.42.196.29 - - [07/Sep/2025:06:11:40 +0700] "GET /laravel-filemanager HTTP/1.0" 404 70812 "https://www.vattusacky.vn/laravel-filemanager" "-"
194.42.196.29 - - [07/Sep/2025:06:11:42 +0700] "GET /CHANGELOG.txt HTTP/1.0" 301 677 "http://www.vattusacky.vn/CHANGELOG.txt" "-"
194.42.196.29 - - [07/Sep/2025:06:11:44 +0700] "GET /CHANGELOG.txt HTTP/1.0" 404 70812 "https://www.vattusacky.vn/CHANGELOG.txt" "-"
194.42.196.29 - - [07/Sep/2025:06:11:45 +0700] "GET /Telerik.Web.UI.WebResource.axd?type=rau HTTP/1.0" 301 703 "http://www.vattusacky.vn/Telerik.Web.UI.WebResource.axd?type=rau" "-"
194.42.196.29 - - [07/Sep/2025:06:11:47 +0700] "GET /Telerik.Web.UI.WebResource.axd?type=rau HTTP/1.0" 404 70812 "https://www.vattusacky.vn/Telerik.Web.UI.WebResource.axd?type=rau" "-"
194.42.196.29 - - [07/Sep/2025:06:11:49 +0700] "GET /etc/passwd HTTP/1.0" 301 674 "http://www.vattusacky.vn/etc/passwd" "-"
194.42.196.29 - - [07/Sep/2025:06:11:51 +0700] "GET /etc/passwd HTTP/1.0" 404 70812 "https://www.vattusacky.vn/etc/passwd" "-"
194.42.196.29 - - [07/Sep/2025:06:11:53 +0700] "GET /etc/passwd HTTP/1.0" 301 674 "http://www.vattusacky.vn/etc/passwd" "-"
194.42.196.29 - - [07/Sep/2025:06:11:55 +0700] "GET /etc/passwd HTTP/1.0" 404 70812 "https://www.vattusacky.vn/etc/passwd" "-"
194.42.196.29 - - [07/Sep/2025:06:11:57 +0700] "GET / HTTP/1.0" 301 598 "-" "-"
194.42.196.29 - - [07/Sep/2025:06:11:59 +0700] "GET / HTTP/1.0" 200 60070 "https://www.vattusacky.vn/" "-"
194.42.196.29 - - [07/Sep/2025:06:12:01 +0700] "GET /laravel-filemanager HTTP/1.0" 301 683 "-" "-"
194.42.196.29 - - [07/Sep/2025:06:12:02 +0700] "GET /laravel-filemanager HTTP/1.0" 404 70812 "https://www.vattusacky.vn/laravel-filemanager" "-"
194.42.196.29 - - [07/Sep/2025:06:12:03 +0700] "GET /CHANGELOG.txt HTTP/1.0" 301 677 "-" "-"
194.42.196.29 - - [07/Sep/2025:06:12:05 +0700] "GET /CHANGELOG.txt HTTP/1.0" 404 70812 "https://www.vattusacky.vn/CHANGELOG.txt" "-"
194.42.196.29 - - [07/Sep/2025:06:12:07 +0700] "GET /Telerik.Web.UI.WebResource.axd?type=rau HTTP/1.0" 301 703 "-" "-"
194.42.196.29 - - [07/Sep/2025:06:12:09 +0700] "GET /Telerik.Web.UI.WebResource.axd?type=rau HTTP/1.0" 404 70812 "https://www.vattusacky.vn/Telerik.Web.UI.WebResource.axd?type=rau" "-"
142.44.220.129 - - [07/Sep/2025:06:12:10 +0700] "GET /sitemap_index.xml HTTP/1.0" 200 2426 "-" "Mozilla/5.0 (compatible; AhrefsBot/7.0; +http://ahrefs.com/robot/)"
194.42.196.29 - - [07/Sep/2025:06:12:10 +0700] "GET /etc/passwd HTTP/1.0" 301 674 "-" "-"
194.42.196.29 - - [07/Sep/2025:06:12:12 +0700] "GET /etc/passwd HTTP/1.0" 404 70812 "https://www.vattusacky.vn/etc/passwd" "-"
194.42.196.29 - - [07/Sep/2025:06:12:14 +0700] "GET /etc/passwd HTTP/1.0" 301 674 "-" "-"
45.117.177.72 - - [07/Sep/2025:06:12:17 +0700] "POST /wp-cron.php?doing_wp_cron=1757200337.4379279613494873046875 HTTP/1.0" 200 416 "-" "WordPress/6.8.1; https://vattusacky.vn"
194.42.196.29 - - [07/Sep/2025:06:12:16 +0700] "GET /etc/passwd HTTP/1.0" 404 70812 "https://www.vattusacky.vn/etc/passwd" "-"
194.42.196.29 - - [07/Sep/2025:06:12:19 +0700] "GET / HTTP/1.0" 301 598 "http://www.vattusacky.vn/" "-"
194.42.196.29 - - [07/Sep/2025:06:12:21 +0700] "GET / HTTP/1.0" 200 60070 "https://www.vattusacky.vn/" "-"
54.39.203.166 - - [07/Sep/2025:06:12:16 +0700] "GET /post-sitemap.xml HTTP/1.0" 500 3278 "-" "Mozilla/5.0 (compatible; AhrefsBot/7.0; +http://ahrefs.com/robot/)"
194.42.196.29 - - [07/Sep/2025:06:12:23 +0700] "GET /laravel-filemanager HTTP/1.0" 301 683 "http://www.vattusacky.vn/laravel-filemanager" "-"
194.42.196.29 - - [07/Sep/2025:06:12:25 +0700] "GET /laravel-filemanager HTTP/1.0" 404 70812 "https://www.vattusacky.vn/laravel-filemanager" "-"
194.42.196.29 - - [07/Sep/2025:06:12:27 +0700] "GET /CHANGELOG.txt HTTP/1.0" 301 677 "http://www.vattusacky.vn/CHANGELOG.txt" "-"
194.42.196.29 - - [07/Sep/2025:06:12:29 +0700] "GET /CHANGELOG.txt HTTP/1.0" 404 70812 "https://www.vattusacky.vn/CHANGELOG.txt" "-"
194.42.196.29 - - [07/Sep/2025:06:12:31 +0700] "GET /Telerik.Web.UI.WebResource.axd?type=rau HTTP/1.0" 301 703 "http://www.vattusacky.vn/Telerik.Web.UI.WebResource.axd?type=rau" "-"
54.39.0.210 - - [07/Sep/2025:06:12:26 +0700] "GET /post-sitemap2.xml HTTP/1.0" 200 158032 "-" "Mozilla/5.0 (compatible; AhrefsBot/7.0; +http://ahrefs.com/robot/)"
194.42.196.29 - - [07/Sep/2025:06:12:32 +0700] "GET /Telerik.Web.UI.WebResource.axd?type=rau HTTP/1.0" 404 70812 "https://www.vattusacky.vn/Telerik.Web.UI.WebResource.axd?type=rau" "-"
194.42.196.29 - - [07/Sep/2025:06:12:34 +0700] "GET /etc/passwd HTTP/1.0" 301 674 "http://www.vattusacky.vn/etc/passwd" "-"
194.42.196.29 - - [07/Sep/2025:06:12:36 +0700] "GET /etc/passwd HTTP/1.0" 404 70812 "https://www.vattusacky.vn/etc/passwd" "-"
54.39.203.15 - - [07/Sep/2025:06:12:35 +0700] "GET /post-sitemap3.xml HTTP/1.0" 200 155802 "-" "Mozilla/5.0 (compatible; AhrefsBot/7.0; +http://ahrefs.com/robot/)"
194.42.196.29 - - [07/Sep/2025:06:12:38 +0700] "GET /etc/passwd HTTP/1.0" 301 674 "http://www.vattusacky.vn/etc/passwd" "-"
194.42.196.29 - - [07/Sep/2025:06:12:40 +0700] "GET /etc/passwd HTTP/1.0" 404 70812 "https://www.vattusacky.vn/etc/passwd" "-"
54.39.0.215 - - [07/Sep/2025:06:12:40 +0700] "GET /post-sitemap4.xml HTTP/1.0" 200 157863 "-" "Mozilla/5.0 (compatible; AhrefsBot/7.0; +http://ahrefs.com/robot/)"
194.42.196.29 - - [07/Sep/2025:06:12:42 +0700] "GET / HTTP/1.0" 301 598 "-" "-"
194.42.196.29 - - [07/Sep/2025:06:12:44 +0700] "GET / HTTP/1.0" 200 60070 "https://www.vattusacky.vn/" "-"
194.42.196.29 - - [07/Sep/2025:06:12:46 +0700] "GET /laravel-filemanager HTTP/1.0" 301 683 "-" "-"
148.113.130.59 - - [07/Sep/2025:06:12:45 +0700] "GET /post-sitemap5.xml HTTP/1.0" 200 159938 "-" "Mozilla/5.0 (compatible; AhrefsBot/7.0; +http://ahrefs.com/robot/)"
194.42.196.29 - - [07/Sep/2025:06:12:47 +0700] "GET /laravel-filemanager HTTP/1.0" 404 70812 "https://www.vattusacky.vn/laravel-filemanager" "-"
194.42.196.29 - - [07/Sep/2025:06:12:49 +0700] "GET /CHANGELOG.txt HTTP/1.0" 301 677 "-" "-"
20.171.207.251 - - [07/Sep/2025:06:12:49 +0700] "GET /the-role-of-timing-in-the-manifestation-of-coincidences-on-omegle/ HTTP/1.0" 200 91409 "-" "Mozilla/5.0 AppleWebKit/537.36 (KHTML, like Gecko; compatible; GPTBot/1.2; +https://openai.com/gptbot)"
142.44.233.124 - - [07/Sep/2025:06:12:50 +0700] "GET /post-sitemap6.xml HTTP/1.0" 200 42210 "-" "Mozilla/5.0 (compatible; AhrefsBot/7.0; +http://ahrefs.com/robot/)"
194.42.196.29 - - [07/Sep/2025:06:12:51 +0700] "GET /CHANGELOG.txt HTTP/1.0" 404 70812 "https://www.vattusacky.vn/CHANGELOG.txt" "-"
194.42.196.29 - - [07/Sep/2025:06:12:52 +0700] "GET /Telerik.Web.UI.WebResource.axd?type=rau HTTP/1.0" 301 703 "-" "-"
142.44.233.39 - - [07/Sep/2025:06:12:53 +0700] "GET /page-sitemap.xml HTTP/1.0" 200 1873 "-" "Mozilla/5.0 (compatible; AhrefsBot/7.0; +http://ahrefs.com/robot/)"
194.42.196.29 - - [07/Sep/2025:06:12:54 +0700] "GET /Telerik.Web.UI.WebResource.axd?type=rau HTTP/1.0" 404 70812 "https://www.vattusacky.vn/Telerik.Web.UI.WebResource.axd?type=rau" "-"
194.42.196.29 - - [07/Sep/2025:06:12:56 +0700] "GET /etc/passwd HTTP/1.0" 301 674 "-" "-"
194.42.196.29 - - [07/Sep/2025:06:12:58 +0700] "GET /etc/passwd HTTP/1.0" 404 70812 "https://www.vattusacky.vn/etc/passwd" "-"
194.42.196.29 - - [07/Sep/2025:06:13:00 +0700] "GET /etc/passwd HTTP/1.0" 301 674 "-" "-"
194.42.196.29 - - [07/Sep/2025:06:13:02 +0700] "GET /etc/passwd HTTP/1.0" 404 70812 "https://www.vattusacky.vn/etc/passwd" "-"
15.235.27.89 - - [07/Sep/2025:06:12:56 +0700] "GET /attachment-sitemap.xml HTTP/1.0" 200 72345 "-" "Mozilla/5.0 (compatible; AhrefsBot/7.0; +http://ahrefs.com/robot/)"
54.39.0.255 - - [07/Sep/2025:06:13:06 +0700] "GET /product-sitemap.xml HTTP/1.0" 200 51048 "-" "Mozilla/5.0 (compatible; AhrefsBot/7.0; +http://ahrefs.com/robot/)"
54.39.136.78 - - [07/Sep/2025:06:13:12 +0700] "GET /category-sitemap.xml HTTP/1.0" 200 24564 "-" "Mozilla/5.0 (compatible; AhrefsBot/7.0; +http://ahrefs.com/robot/)"
15.235.96.133 - - [07/Sep/2025:06:13:15 +0700] "GET /post_tag-sitemap.xml HTTP/1.0" 200 12903 "-" "Mozilla/5.0 (compatible; AhrefsBot/7.0; +http://ahrefs.com/robot/)"
45.117.177.72 - - [07/Sep/2025:06:13:19 +0700] "POST /wp-cron.php?doing_wp_cron=1757200398.8912661075592041015625 HTTP/1.0" 200 416 "-" "WordPress/6.8.1; https://vattusacky.vn"
148.113.128.38 - - [07/Sep/2025:06:13:17 +0700] "GET /product_cat-sitemap.xml HTTP/1.0" 200 8595 "-" "Mozilla/5.0 (compatible; AhrefsBot/7.0; +http://ahrefs.com/robot/)"
142.44.220.171 - - [07/Sep/2025:06:13:20 +0700] "GET /product_tag-sitemap.xml HTTP/1.0" 200 28520 "-" "Mozilla/5.0 (compatible; AhrefsBot/7.0; +http://ahrefs.com/robot/)"
45.117.177.72 - - [07/Sep/2025:06:14:29 +0700] "POST /wp-cron.php?doing_wp_cron=1757200469.1415851116180419921875 HTTP/1.0" 200 416 "-" "WordPress/6.8.1; https://vattusacky.vn"
20.171.207.251 - - [07/Sep/2025:06:14:27 +0700] "GET /?p=8937 HTTP/1.0" 301 648 "-" "Mozilla/5.0 AppleWebKit/537.36 (KHTML, like Gecko; compatible; GPTBot/1.2; +https://openai.com/gptbot)"
20.171.207.251 - - [07/Sep/2025:06:14:29 +0700] "GET /the-role-of-technology-in-shaping-the-new-age-of-pen-pals/ HTTP/1.0" 200 90801 "-" "Mozilla/5.0 AppleWebKit/537.36 (KHTML, like Gecko; compatible; GPTBot/1.2; +https://openai.com/gptbot)"
45.117.177.72 - - [07/Sep/2025:06:15:35 +0700] "POST /wp-cron.php?doing_wp_cron=1757200535.1525549888610839843750 HTTP/1.0" 200 416 "-" "WordPress/6.8.1; https://vattusacky.vn"
20.171.207.251 - - [07/Sep/2025:06:15:34 +0700] "GET /?p=7169 HTTP/1.0" 301 491 "-" "Mozilla/5.0 AppleWebKit/537.36 (KHTML, like Gecko; compatible; GPTBot/1.2; +https://openai.com/gptbot)"
20.171.207.251 - - [07/Sep/2025:06:15:35 +0700] "GET /legal-considerations-and-jurisdiction-on-ometv/ HTTP/1.0" 200 91301 "-" "Mozilla/5.0 AppleWebKit/537.36 (KHTML, like Gecko; compatible; GPTBot/1.2; +https://openai.com/gptbot)"
45.117.177.72 - - [07/Sep/2025:06:16:18 +0700] "POST /wp-cron.php?doing_wp_cron=1757200578.0835649967193603515625 HTTP/1.0" 200 416 "-" "WordPress/6.8.1; https://vattusacky.vn"
185.191.171.4 - - [07/Sep/2025:06:16:16 +0700] "GET /the/bui-tsp/page/2/ HTTP/1.0" 200 190380 "-" "Mozilla/5.0 (compatible; SemrushBot/7~bl; +http://www.semrush.com/bot.html)"
20.171.207.251 - - [07/Sep/2025:06:16:24 +0700] "GET /?p=7016 HTTP/1.0" 301 488 "-" "Mozilla/5.0 AppleWebKit/537.36 (KHTML, like Gecko; compatible; GPTBot/1.2; +https://openai.com/gptbot)"
20.171.207.251 - - [07/Sep/2025:06:16:25 +0700] "GET /how-does-ometv-ensure-privacy-for-its-users/ HTTP/1.0" 200 84326 "-" "Mozilla/5.0 AppleWebKit/537.36 (KHTML, like Gecko; compatible; GPTBot/1.2; +https://openai.com/gptbot)"
20.171.207.251 - - [07/Sep/2025:06:17:03 +0700] "GET /wp-content/uploads/2018/06/halmilton-logo.jpg HTTP/1.0" 200 422 "-" "Mozilla/5.0 AppleWebKit/537.36 (KHTML, like Gecko; compatible; GPTBot/1.2; +https://openai.com/gptbot)"
45.117.177.72 - - [07/Sep/2025:06:18:33 +0700] "POST /wp-cron.php?doing_wp_cron=1757200713.0708758831024169921875 HTTP/1.0" 200 416 "-" "WordPress/6.8.1; https://vattusacky.vn"
20.171.207.251 - - [07/Sep/2025:06:18:31 +0700] "GET /?p=7114 HTTP/1.0" 301 497 "-" "Mozilla/5.0 AppleWebKit/537.36 (KHTML, like Gecko; compatible; GPTBot/1.2; +https://openai.com/gptbot)"
20.171.207.251 - - [07/Sep/2025:06:18:33 +0700] "GET /innovation-in-random-chat-omegles-path-to-the-future/ HTTP/1.0" 200 90914 "-" "Mozilla/5.0 AppleWebKit/537.36 (KHTML, like Gecko; compatible; GPTBot/1.2; +https://openai.com/gptbot)"
45.117.177.72 - - [07/Sep/2025:06:20:33 +0700] "POST /wp-cron.php?doing_wp_cron=1757200833.2991149425506591796875 HTTP/1.0" 200 416 "-" "WordPress/6.8.1; https://vattusacky.vn"
20.171.207.251 - - [07/Sep/2025:06:20:32 +0700] "GET /omegles-role-in-the-age-of-social-distancing-and-isolation/ HTTP/1.0" 200 91924 "-" "Mozilla/5.0 AppleWebKit/537.36 (KHTML, like Gecko; compatible; GPTBot/1.2; +https://openai.com/gptbot)"
185.191.171.3 - - [07/Sep/2025:06:21:06 +0700] "GET /1xbet-app-download-xbet-login-and-promocode-2023-37-2/ HTTP/1.0" 200 97717 "-" "Mozilla/5.0 (compatible; SemrushBot/7~bl; +http://www.semrush.com/bot.html)"
45.117.177.72 - - [07/Sep/2025:06:21:44 +0700] "POST /wp-cron.php?doing_wp_cron=1757200904.5822780132293701171875 HTTP/1.0" 200 416 "-" "WordPress/6.8.1; https://vattusacky.vn"
20.171.207.251 - - [07/Sep/2025:06:21:43 +0700] "GET /the-role-of-intention-in-creating-serendipity-on-omegle-and-ometv/ HTTP/1.0" 200 90666 "-" "Mozilla/5.0 AppleWebKit/537.36 (KHTML, like Gecko; compatible; GPTBot/1.2; +https://openai.com/gptbot)"
45.117.177.72 - - [07/Sep/2025:06:22:25 +0700] "POST /wp-cron.php?doing_wp_cron=1757200944.7605710029602050781250 HTTP/1.0" 200 416 "-" "WordPress/6.8.1; https://vattusacky.vn"
157.10.42.214 - - [07/Sep/2025:06:22:23 +0700] "POST /xmlrpc.php HTTP/1.0" 200 956 "-" "Mozilla/5.0 (Windows NT 10.0; Win64; x64; rv:93.0) Gecko/20100101 Firefox/93.0"
20.171.207.251 - - [07/Sep/2025:06:22:41 +0700] "GET /?p=8938 HTTP/1.0" 301 510 "-" "Mozilla/5.0 AppleWebKit/537.36 (KHTML, like Gecko; compatible; GPTBot/1.2; +https://openai.com/gptbot)"
20.171.207.251 - - [07/Sep/2025:06:22:42 +0700] "GET /the-role-of-timing-in-the-manifestation-of-coincidences-on-omegle/ HTTP/1.0" 200 91409 "-" "Mozilla/5.0 AppleWebKit/537.36 (KHTML, like Gecko; compatible; GPTBot/1.2; +https://openai.com/gptbot)"
85.208.96.199 - - [07/Sep/2025:06:23:09 +0700] "GET /can-be-cbd-secure-to-consume/ HTTP/1.0" 200 205371 "-" "Mozilla/5.0 (compatible; SemrushBot/7~bl; +http://www.semrush.com/bot.html)"
45.117.177.72 - - [07/Sep/2025:06:23:38 +0700] "POST /wp-cron.php?doing_wp_cron=1757201017.8378040790557861328125 HTTP/1.0" 200 416 "-" "WordPress/6.8.1; https://vattusacky.vn"
20.171.207.251 - - [07/Sep/2025:06:23:36 +0700] "GET /?p=7622 HTTP/1.0" 301 509 "-" "Mozilla/5.0 AppleWebKit/537.36 (KHTML, like Gecko; compatible; GPTBot/1.2; +https://openai.com/gptbot)"
20.171.207.251 - - [07/Sep/2025:06:23:38 +0700] "GET /omegle-for-book-lovers-discussing-literature-with-fellow-readers/ HTTP/1.0" 200 85934 "-" "Mozilla/5.0 AppleWebKit/537.36 (KHTML, like Gecko; compatible; GPTBot/1.2; +https://openai.com/gptbot)"
45.117.177.72 - - [07/Sep/2025:06:24:17 +0700] "POST /wp-cron.php?doing_wp_cron=1757201057.5343539714813232421875 HTTP/1.0" 200 416 "-" "WordPress/6.8.1; https://vattusacky.vn"
18.232.12.157 - - [07/Sep/2025:06:24:16 +0700] "GET /aion-wallet-secure-your-aion-aion-assets/ HTTP/1.0" 200 329532 "-" "Mozilla/5.0 AppleWebKit/537.36 (KHTML, like Gecko; compatible; Amazonbot/0.1; +https://developer.amazon.com/support/amazonbot) Chrome/119.0.6045.214 Safari/537.36"
23.21.179.27 - - [07/Sep/2025:06:24:20 +0700] "GET /zhitomir-info-dajdzhest-ot-futbolista-maksima-123/ HTTP/1.0" 200 231829 "-" "Mozilla/5.0 AppleWebKit/537.36 (KHTML, like Gecko; compatible; Amazonbot/0.1; +https://developer.amazon.com/support/amazonbot) Chrome/119.0.6045.214 Safari/537.36"
34.226.89.140 - - [07/Sep/2025:06:24:23 +0700] "GET /secrets-to-long-term-happiness-in-a-marriage/ HTTP/1.0" 200 209082 "-" "Mozilla/5.0 AppleWebKit/537.36 (KHTML, like Gecko; compatible; Amazonbot/0.1; +https://developer.amazon.com/support/amazonbot) Chrome/119.0.6045.214 Safari/537.36"
20.171.207.251 - - [07/Sep/2025:06:25:12 +0700] "GET /?p=7910 HTTP/1.0" 301 497 "-" "Mozilla/5.0 AppleWebKit/537.36 (KHTML, like Gecko; compatible; GPTBot/1.2; +https://openai.com/gptbot)"
20.171.207.251 - - [07/Sep/2025:06:25:13 +0700] "GET /omegles-next-phase-enhancing-user-privacy-and-safety/ HTTP/1.0" 200 91163 "-" "Mozilla/5.0 AppleWebKit/537.36 (KHTML, like Gecko; compatible; GPTBot/1.2; +https://openai.com/gptbot)"
45.117.177.72 - - [07/Sep/2025:06:26:05 +0700] "POST /wp-cron.php?doing_wp_cron=1757201165.7473599910736083984375 HTTP/1.0" 200 416 "-" "WordPress/6.8.1; https://vattusacky.vn"
20.171.207.251 - - [07/Sep/2025:06:26:04 +0700] "GET /the-role-of-gender-and-identity-on-chatroulette-and-omegle/ HTTP/1.0" 200 92311 "-" "Mozilla/5.0 AppleWebKit/537.36 (KHTML, like Gecko; compatible; GPTBot/1.2; +https://openai.com/gptbot)"
45.117.177.72 - - [07/Sep/2025:06:26:52 +0700] "POST /wp-cron.php?doing_wp_cron=1757201211.8280448913574218750000 HTTP/1.0" 200 416 "-" "WordPress/6.8.1; https://vattusacky.vn"
207.46.13.6 - - [07/Sep/2025:06:26:50 +0700] "GET /broadening-cultural-awareness-omegles-effect-on-user-perspectives/ HTTP/1.0" 200 91143 "-" "Mozilla/5.0 AppleWebKit/537.36 (KHTML, like Gecko; compatible; bingbot/2.0; +http://www.bing.com/bingbot.htm) Chrome/116.0.1938.76 Safari/537.36"
20.171.207.251 - - [07/Sep/2025:06:27:13 +0700] "GET /the-role-of-moderation-in-maintaining-a-safe-environment-on-omegle/ HTTP/1.0" 200 91700 "-" "Mozilla/5.0 AppleWebKit/537.36 (KHTML, like Gecko; compatible; GPTBot/1.2; +https://openai.com/gptbot)"
45.117.177.72 - - [07/Sep/2025:06:27:27 +0700] "POST /wp-cron.php?doing_wp_cron=1757201246.8705239295959472656250 HTTP/1.0" 200 416 "-" "WordPress/6.8.1; https://vattusacky.vn"
185.191.171.4 - - [07/Sep/2025:06:27:25 +0700] "GET /how-foreign-internet-dating-sites-can-help-you-fulfill-singles-all-over-the-world/ HTTP/1.0" 200 206284 "-" "Mozilla/5.0 (compatible; SemrushBot/7~bl; +http://www.semrush.com/bot.html)"
20.171.207.251 - - [07/Sep/2025:06:28:13 +0700] "GET /the-role-of-chance-and-randomness-in-forming-connections-on-omegle/ HTTP/1.0" 200 91907 "-" "Mozilla/5.0 AppleWebKit/537.36 (KHTML, like Gecko; compatible; GPTBot/1.2; +https://openai.com/gptbot)"
45.117.177.72 - - [07/Sep/2025:06:29:04 +0700] "POST /wp-cron.php?doing_wp_cron=1757201344.7464370727539062500000 HTTP/1.0" 200 416 "-" "WordPress/6.8.1; https://vattusacky.vn"
51.68.111.205 - - [07/Sep/2025:06:29:03 +0700] "GET /robots.txt HTTP/1.0" 200 984 "-" "Mozilla/5.0 (compatible; MJ12bot/v2.0.4; http://mj12bot.com/)"
51.68.111.205 - - [07/Sep/2025:06:29:05 +0700] "GET / HTTP/1.0" 200 60070 "-" "Mozilla/5.0 (compatible; MJ12bot/v2.0.4; http://mj12bot.com/)"
20.171.207.251 - - [07/Sep/2025:06:29:14 +0700] "GET /privacy-concerns-video-vs-text-communication-on-omegle-and-ometv/ HTTP/1.0" 200 93298 "-" "Mozilla/5.0 AppleWebKit/537.36 (KHTML, like Gecko; compatible; GPTBot/1.2; +https://openai.com/gptbot)"
45.117.177.72 - - [07/Sep/2025:06:29:29 +0700] "POST /wp-cron.php?doing_wp_cron=1757201369.1589939594268798828125 HTTP/1.0" 200 416 "-" "WordPress/6.8.1; https://vattusacky.vn"
85.208.96.209 - - [07/Sep/2025:06:29:27 +0700] "GET /the/bom-lay-mau-bui-tsp-the-tich-lon/page/1/ HTTP/1.0" 301 581 "-" "Mozilla/5.0 (compatible; SemrushBot/7~bl; +http://www.semrush.com/bot.html)"
85.208.96.209 - - [07/Sep/2025:06:29:31 +0700] "GET /the/bom-lay-mau-bui-tsp-the-tich-lon/ HTTP/1.0" 200 190464 "-" "Mozilla/5.0 (compatible; SemrushBot/7~bl; +http://www.semrush.com/bot.html)"
20.171.207.251 - - [07/Sep/2025:06:29:50 +0700] "GET /the-essence-of-friendship-in-omelove-stories-of-love-and-romance/ HTTP/1.0" 200 74743 "-" "Mozilla/5.0 AppleWebKit/537.36 (KHTML, like Gecko; compatible; GPTBot/1.2; +https://openai.com/gptbot)"
45.117.177.72 - - [07/Sep/2025:06:31:04 +0700] "POST /wp-cron.php?doing_wp_cron=1757201463.9783849716186523437500 HTTP/1.0" 200 416 "-" "WordPress/6.8.1; https://vattusacky.vn"
20.171.207.251 - - [07/Sep/2025:06:31:02 +0700] "GET /?p=8876 HTTP/1.0" 301 511 "-" "Mozilla/5.0 AppleWebKit/537.36 (KHTML, like Gecko; compatible; GPTBot/1.2; +https://openai.com/gptbot)"
20.171.207.251 - - [07/Sep/2025:06:31:04 +0700] "GET /the-role-of-moderation-in-maintaining-a-safe-environment-on-omegle/ HTTP/1.0" 200 91700 "-" "Mozilla/5.0 AppleWebKit/537.36 (KHTML, like Gecko; compatible; GPTBot/1.2; +https://openai.com/gptbot)"
85.208.96.211 - - [07/Sep/2025:06:31:14 +0700] "GET /category/uncategorized/page/303/ HTTP/1.0" 200 76274 "-" "Mozilla/5.0 (compatible; SemrushBot/7~bl; +http://www.semrush.com/bot.html)"
45.117.177.72 - - [07/Sep/2025:06:32:08 +0700] "POST /wp-cron.php?doing_wp_cron=1757201528.4244029521942138671875 HTTP/1.0" 200 416 "-" "WordPress/6.8.1; https://vattusacky.vn"
202.61.203.27 - - [07/Sep/2025:06:32:06 +0700] "GET /tag/quan-trac-khong-khi/ HTTP/1.0" 200 59589 "-" "Mozilla/5.0 (Windows NT 10.0; Win64; x64) AppleWebKit/537.36 (KHTML, like Gecko) Chrome/100.0.6126.797 Safari/537.36"
45.117.177.72 - - [07/Sep/2025:06:32:39 +0700] "POST /wp-cron.php?doing_wp_cron=1757201559.5396039485931396484375 HTTP/1.0" 200 416 "-" "WordPress/6.8.1; https://vattusacky.vn"
20.171.207.251 - - [07/Sep/2025:06:32:38 +0700] "GET /?p=8863 HTTP/1.0" 301 649 "-" "Mozilla/5.0 AppleWebKit/537.36 (KHTML, like Gecko; compatible; GPTBot/1.2; +https://openai.com/gptbot)"
20.171.207.251 - - [07/Sep/2025:06:32:39 +0700] "GET /the-role-of-gender-and-identity-on-chatroulette-and-omegle/ HTTP/1.0" 200 92165 "-" "Mozilla/5.0 AppleWebKit/537.36 (KHTML, like Gecko; compatible; GPTBot/1.2; +https://openai.com/gptbot)"
45.117.177.72 - - [07/Sep/2025:06:33:47 +0700] "POST /wp-cron.php?doing_wp_cron=1757201627.5021541118621826171875 HTTP/1.0" 200 416 "-" "WordPress/6.8.1; https://vattusacky.vn"
217.113.194.76 - - [07/Sep/2025:06:33:46 +0700] "GET /san-pham/may-quang-pho-aqualytic-duc-phan-tich-nuoc-al800/feed/ HTTP/1.0" 200 1734 "-" "Mozilla/5.0 (compatible; Barkrowler/0.9; +https://babbar.tech/crawler)"
20.171.207.251 - - [07/Sep/2025:06:33:57 +0700] "GET /the-role-of-anonymity-in-serendipitous-moments-on-omegle-and-ometv/ HTTP/1.0" 200 93210 "-" "Mozilla/5.0 AppleWebKit/537.36 (KHTML, like Gecko; compatible; GPTBot/1.2; +https://openai.com/gptbot)"
138.3.242.176 - - [07/Sep/2025:06:34:03 +0700] "GET /wp-json/wp/v2/posts?per_page=1&_fields=id,slug,comment_status HTTP/1.0" 200 1018 "-" "-"
138.3.242.176 - - [07/Sep/2025:06:34:03 +0700] "GET /wp-json/wp/v2/posts?per_page=1&_fields=id,slug,comment_status HTTP/1.0" 200 1018 "-" "-"
217.113.194.78 - - [07/Sep/2025:06:34:05 +0700] "GET /san-pham/may-quang-pho-kha-kien-vis-cam-tay-hieu-nang-cao/feed/ HTTP/1.0" 200 1726 "-" "Mozilla/5.0 (compatible; Barkrowler/0.9; +https://babbar.tech/crawler)"
138.3.242.176 - - [07/Sep/2025:06:34:11 +0700] "POST /wp-comments-post.php HTTP/1.0" 429 3223 "-" "-"
138.3.242.176 - - [07/Sep/2025:06:34:09 +0700] "POST /wp-comments-post.php HTTP/1.0" 302 1157 "-" "-"
45.117.177.72 - - [07/Sep/2025:06:34:21 +0700] "POST /wp-cron.php?doing_wp_cron=1757201661.3105781078338623046875 HTTP/1.0" 200 416 "-" "WordPress/6.8.1; https://vattusacky.vn"
207.46.13.6 - - [07/Sep/2025:06:34:20 +0700] "GET /how-to-mine-ethereum-step-by-step-guide-updated/ HTTP/1.0" 200 352687 "-" "Mozilla/5.0 AppleWebKit/537.36 (KHTML, like Gecko; compatible; bingbot/2.0; +http://www.bing.com/bingbot.htm) Chrome/116.0.1938.76 Safari/537.36"
217.113.194.217 - - [07/Sep/2025:06:34:26 +0700] "GET /san-pham/may-quang-pho-kha-kien-vis-tach-tia-bo-giu-cell-08/feed/ HTTP/1.0" 200 1774 "-" "Mozilla/5.0 (compatible; Barkrowler/0.9; +https://babbar.tech/crawler)"
217.113.194.75 - - [07/Sep/2025:06:34:46 +0700] "GET /san-pham/may-quang-pho-tu-ngoai-kha-kien-uvvis-pgi-anh/ HTTP/1.0" 200 377011 "-" "Mozilla/5.0 (compatible; Barkrowler/0.9; +https://babbar.tech/crawler)"
138.3.242.176 - - [07/Sep/2025:06:34:49 +0700] "GET /wp-json/wp/v2/posts?per_page=1&_fields=id,slug,comment_status HTTP/1.0" 200 1018 "-" "-"
138.3.242.176 - - [07/Sep/2025:06:34:52 +0700] "POST /wp-comments-post.php HTTP/1.0" 302 1157 "-" "-"
138.3.242.176 - - [07/Sep/2025:06:34:54 +0700] "GET /slot-gacor-hari-ini-game-slot-dengan-volatilitas-tinggi/?unapproved=1429&moderation-hash=ba32a0b1d19c7a0dea4b1e75222a6ee9 HTTP/1.0" 200 65035 "https://vattusacky.vn/wp-comments-post.php" "-"
20.171.207.251 - - [07/Sep/2025:06:35:05 +0700] "GET /privacy-matters-video-vs-text-communication-on-omegle-and-ometv/ HTTP/1.0" 200 91745 "-" "Mozilla/5.0 AppleWebKit/537.36 (KHTML, like Gecko; compatible; GPTBot/1.2; +https://openai.com/gptbot)"
45.117.177.72 - - [07/Sep/2025:06:35:19 +0700] "POST /wp-cron.php?doing_wp_cron=1757201719.5719969272613525390625 HTTP/1.0" 200 416 "-" "WordPress/6.8.1; https://vattusacky.vn"
138.3.242.176 - - [07/Sep/2025:06:35:18 +0700] "GET /wp-json/wp/v2/posts?per_page=1&_fields=id,slug,comment_status HTTP/1.0" 200 1018 "-" "-"
185.191.171.5 - - [07/Sep/2025:06:35:27 +0700] "GET /author/yanz/page/294/ HTTP/1.0" 200 114415 "-" "Mozilla/5.0 (compatible; SemrushBot/7~bl; +http://www.semrush.com/bot.html)"
138.3.242.176 - - [07/Sep/2025:06:35:22 +0700] "POST /wp-comments-post.php HTTP/1.0" 302 1157 "-" "-"
85.208.96.207 - - [07/Sep/2025:06:35:32 +0700] "GET /unmasking-the-mystery-behind-the-scenes-of-omegle-and-ometv-algorithms/ HTTP/1.0" 200 93216 "-" "Mozilla/5.0 (compatible; SemrushBot/7~bl; +http://www.semrush.com/bot.html)"
138.3.242.176 - - [07/Sep/2025:06:36:01 +0700] "GET /wp-json/wp/v2/posts?per_page=1&_fields=id,slug,comment_status HTTP/1.0" 200 1018 "-" "-"
138.3.242.176 - - [07/Sep/2025:06:36:06 +0700] "POST /wp-comments-post.php HTTP/1.0" 302 1157 "-" "-"
138.3.242.176 - - [07/Sep/2025:06:36:08 +0700] "GET /slot-gacor-hari-ini-game-slot-dengan-volatilitas-tinggi/?unapproved=1431&moderation-hash=b84f951b3ac918e87728ef4fb8c369ba HTTP/1.0" 200 65035 "https://vattusacky.vn/wp-comments-post.php" "-"
45.117.177.72 - - [07/Sep/2025:06:36:52 +0700] "POST /wp-cron.php?doing_wp_cron=1757201812.1924040317535400390625 HTTP/1.0" 200 416 "-" "WordPress/6.8.1; https://vattusacky.vn"
138.3.242.176 - - [07/Sep/2025:06:36:51 +0700] "GET /wp-json/wp/v2/posts?per_page=1&_fields=id,slug,comment_status HTTP/1.0" 200 1018 "-" "-"
138.3.242.176 - - [07/Sep/2025:06:36:54 +0700] "POST /wp-comments-post.php HTTP/1.0" 302 1157 "-" "-"
138.3.242.176 - - [07/Sep/2025:06:36:56 +0700] "GET /slot-gacor-hari-ini-game-slot-dengan-volatilitas-tinggi/?unapproved=1432&moderation-hash=d1a1e816de72bc8d7a61a97fa2704133 HTTP/1.0" 200 65035 "https://vattusacky.vn/wp-comments-post.php" "-"
45.117.177.72 - - [07/Sep/2025:06:37:47 +0700] "POST /wp-cron.php?doing_wp_cron=1757201867.5674591064453125000000 HTTP/1.0" 200 416 "-" "WordPress/6.8.1; https://vattusacky.vn"
20.171.207.251 - - [07/Sep/2025:06:37:46 +0700] "GET /the-dark-side-of-omegle-exposed-tips-for-safe-internet-usage/ HTTP/1.0" 200 90101 "-" "Mozilla/5.0 AppleWebKit/537.36 (KHTML, like Gecko; compatible; GPTBot/1.2; +https://openai.com/gptbot)"
138.3.242.176 - - [07/Sep/2025:06:38:09 +0700] "GET /wp-json/wp/v2/posts?per_page=1&_fields=id,slug,comment_status HTTP/1.0" 200 1018 "-" "-"
138.3.242.176 - - [07/Sep/2025:06:38:14 +0700] "POST /wp-comments-post.php HTTP/1.0" 302 1157 "-" "-"
45.117.177.72 - - [07/Sep/2025:06:38:18 +0700] "POST /wp-cron.php?doing_wp_cron=1757201898.0309538841247558593750 HTTP/1.0" 200 416 "-" "WordPress/6.8.1; https://vattusacky.vn"
138.3.242.176 - - [07/Sep/2025:06:38:16 +0700] "GET /slot-gacor-hari-ini-game-slot-dengan-volatilitas-tinggi/?unapproved=1433&moderation-hash=e92699e77f768c7f787cad5aaf405dab HTTP/1.0" 200 65035 "https://vattusacky.vn/wp-comments-post.php" "-"
213.180.203.66 - - [07/Sep/2025:06:38:50 +0700] "GET /addressing-postpartum-depression-in-omegle-therapy/ HTTP/1.0" 403 612 "-" "Mozilla/5.0 (compatible; YandexBot/3.0; +http://yandex.com/bots)"
20.171.207.251 - - [07/Sep/2025:06:38:56 +0700] "GET /?p=8825 HTTP/1.0" 301 511 "-" "Mozilla/5.0 AppleWebKit/537.36 (KHTML, like Gecko; compatible; GPTBot/1.2; +https://openai.com/gptbot)"
20.171.207.251 - - [07/Sep/2025:06:38:58 +0700] "GET /the-role-of-chance-and-randomness-in-forming-connections-on-omegle/ HTTP/1.0" 200 91907 "-" "Mozilla/5.0 AppleWebKit/537.36 (KHTML, like Gecko; compatible; GPTBot/1.2; +https://openai.com/gptbot)"
138.3.242.176 - - [07/Sep/2025:06:39:05 +0700] "GET /wp-json/wp/v2/posts?per_page=1&_fields=id,slug,comment_status HTTP/1.0" 200 1018 "-" "-"
138.3.242.176 - - [07/Sep/2025:06:39:09 +0700] "POST /wp-comments-post.php HTTP/1.0" 302 1157 "-" "-"
138.3.242.176 - - [07/Sep/2025:06:39:11 +0700] "GET /slot-gacor-hari-ini-game-slot-dengan-volatilitas-tinggi/?unapproved=1434&moderation-hash=f84e5a312ca02e15ab09caa0b761e855 HTTP/1.0" 200 65035 "https://vattusacky.vn/wp-comments-post.php" "-"
45.117.177.72 - - [07/Sep/2025:06:39:36 +0700] "POST /wp-cron.php?doing_wp_cron=1757201975.8863639831542968750000 HTTP/1.0" 200 416 "-" "WordPress/6.8.1; https://vattusacky.vn"
20.171.207.251 - - [07/Sep/2025:06:39:34 +0700] "GET /?p=7977 HTTP/1.0" 301 503 "-" "Mozilla/5.0 AppleWebKit/537.36 (KHTML, like Gecko; compatible; GPTBot/1.2; +https://openai.com/gptbot)"
20.171.207.251 - - [07/Sep/2025:06:39:36 +0700] "GET /omegles-role-in-the-age-of-social-distancing-and-isolation/ HTTP/1.0" 200 91778 "-" "Mozilla/5.0 AppleWebKit/537.36 (KHTML, like Gecko; compatible; GPTBot/1.2; +https://openai.com/gptbot)"
138.3.242.176 - - [07/Sep/2025:06:39:55 +0700] "GET /wp-json/wp/v2/posts?per_page=1&_fields=id,slug,comment_status HTTP/1.0" 200 1018 "-" "-"
138.3.242.176 - - [07/Sep/2025:06:40:00 +0700] "POST /wp-comments-post.php HTTP/1.0" 302 1157 "-" "-"
138.3.242.176 - - [07/Sep/2025:06:40:03 +0700] "GET /slot-gacor-hari-ini-game-slot-dengan-volatilitas-tinggi/?unapproved=1435&moderation-hash=868fdf6da0ffa20146e8d2f80f5845db HTTP/1.0" 200 65035 "https://vattusacky.vn/wp-comments-post.php" "-"
45.117.177.72 - - [07/Sep/2025:06:40:29 +0700] "POST /wp-cron.php?doing_wp_cron=1757202028.9134769439697265625000 HTTP/1.0" 200 416 "-" "WordPress/6.8.1; https://vattusacky.vn"
54.221.203.24 - - [07/Sep/2025:06:40:27 +0700] "GET /euro-ladies-world-wide-dating-company/ HTTP/1.0" 200 206809 "-" "Mozilla/5.0 AppleWebKit/537.36 (KHTML, like Gecko; compatible; Amazonbot/0.1; +https://developer.amazon.com/support/amazonbot) Chrome/119.0.6045.214 Safari/537.36"
138.3.242.176 - - [07/Sep/2025:06:40:28 +0700] "GET /wp-json/wp/v2/posts?per_page=1&_fields=id,slug,comment_status HTTP/1.0" 200 1018 "-" "-"
3.93.211.16 - - [07/Sep/2025:06:40:31 +0700] "GET /45-tips-for-a-happy-marriage/ HTTP/1.0" 200 208114 "-" "Mozilla/5.0 AppleWebKit/537.36 (KHTML, like Gecko; compatible; Amazonbot/0.1; +https://developer.amazon.com/support/amazonbot) Chrome/119.0.6045.214 Safari/537.36"
3.235.215.92 - - [07/Sep/2025:06:40:35 +0700] "GET /advise-for-successful-sugars-daddies-and-babies-interactions/ HTTP/1.0" 200 209308 "-" "Mozilla/5.0 AppleWebKit/537.36 (KHTML, like Gecko; compatible; Amazonbot/0.1; +https://developer.amazon.com/support/amazonbot) Chrome/119.0.6045.214 Safari/537.36"
138.3.242.176 - - [07/Sep/2025:06:40:32 +0700] "POST /wp-comments-post.php HTTP/1.0" 302 1157 "-" "-"
98.84.200.43 - - [07/Sep/2025:06:40:39 +0700] "GET /millionairedatingguide-com-features-a-great-deal-of-all-about-the-absolute-most-praiseworthy-millionaire-internet-dating-sites-applications/ HTTP/1.0" 200 214659 "-" "Mozilla/5.0 AppleWebKit/537.36 (KHTML, like Gecko; compatible; Amazonbot/0.1; +https://developer.amazon.com/support/amazonbot) Chrome/119.0.6045.214 Safari/537.36"
5.255.231.15 - - [07/Sep/2025:06:40:45 +0700] "GET /category/chinese-dating-sites/ HTTP/1.0" 200 58925 "-" "Mozilla/5.0 (compatible; YandexBot/3.0; +http://yandex.com/bots)"
138.3.242.176 - - [07/Sep/2025:06:41:04 +0700] "GET /wp-json/wp/v2/posts?per_page=1&_fields=id,slug,comment_status HTTP/1.0" 200 1018 "-" "-"
138.3.242.176 - - [07/Sep/2025:06:41:06 +0700] "POST /wp-comments-post.php HTTP/1.0" 302 1157 "-" "-"
138.3.242.176 - - [07/Sep/2025:06:41:08 +0700] "GET /slot-gacor-hari-ini-game-slot-dengan-volatilitas-tinggi/?unapproved=1437&moderation-hash=6b5bbe1ee1b96a8c20703aedef0d8450 HTTP/1.0" 200 65035 "https://vattusacky.vn/wp-comments-post.php" "-"
