217.113.194.79 - - [07/Sep/2025:18:12:46 +0700] "GET /danh-muc/phan-tich-thi-nghie%CC%A3m/may-quang-pho-tu-ngoai-kha-kien-uv-vis/ HTTP/1.0" 200 186975 "-" "Mozilla/5.0 (compatible; Barkrowler/0.9; +https://babbar.tech/crawler)"
20.171.207.251 - - [07/Sep/2025:18:13:01 +0700] "GET /?p=8494 HTTP/1.0" 301 495 "-" "Mozilla/5.0 AppleWebKit/537.36 (KHTML, like Gecko; compatible; GPTBot/1.2; +https://openai.com/gptbot)"
216.73.216.162 - - [07/Sep/2025:18:13:01 +0700] "GET /?p=7030 HTTP/1.0" 301 641 "-" "Mozilla/5.0 AppleWebKit/537.36 (KHTML, like Gecko; compatible; ClaudeBot/1.0; +claudebot@anthropic.com)"
216.73.216.162 - - [07/Sep/2025:18:13:01 +0700] "GET /how-omegle-has-impacted-online-social-interactions/feed HTTP/1.0" 301 744 "-" "Mozilla/5.0 AppleWebKit/537.36 (KHTML, like Gecko; compatible; ClaudeBot/1.0; +claudebot@anthropic.com)"
20.171.207.251 - - [07/Sep/2025:18:13:02 +0700] "GET /the-future-of-virtual-empathy-on-omegle-and-beyond/ HTTP/1.0" 200 92181 "-" "Mozilla/5.0 AppleWebKit/537.36 (KHTML, like Gecko; compatible; GPTBot/1.2; +https://openai.com/gptbot)"
216.73.216.162 - - [07/Sep/2025:18:13:03 +0700] "GET /how-omegle-has-impacted-online-social-interactions/ HTTP/1.0" 200 90644 "https://vattusacky.vn/?p=7030" "Mozilla/5.0 AppleWebKit/537.36 (KHTML, like Gecko; compatible; ClaudeBot/1.0; +claudebot@anthropic.com)"
216.73.216.162 - - [07/Sep/2025:18:13:03 +0700] "GET /how-omegle-has-impacted-online-social-interactions/feed/ HTTP/1.0" 200 1601 "https://vattusacky.vn/how-omegle-has-impacted-online-social-interactions/feed" "Mozilla/5.0 AppleWebKit/537.36 (KHTML, like Gecko; compatible; ClaudeBot/1.0; +claudebot@anthropic.com)"
45.117.177.72 - - [07/Sep/2025:18:13:17 +0700] "POST /wp-cron.php?doing_wp_cron=1757243597.6754560470581054687500 HTTP/1.0" 200 416 "-" "WordPress/6.8.1; https://vattusacky.vn"
217.113.194.79 - - [07/Sep/2025:18:13:16 +0700] "GET /worldcoin-ya-regala-dinero-por-registrarse-sam-altman-aspira-a-que-2000-millones-de-humanos-se-apunten-935/feed/ HTTP/1.0" 200 1913 "-" "Mozilla/5.0 (compatible; Barkrowler/0.9; +https://babbar.tech/crawler)"
154.54.249.200 - - [07/Sep/2025:18:13:36 +0700] "GET /legalny-hazard-w-polsce-na-przykadzie-feuer-speiender-berg-umgangssprachlich-vegas-i-innych-kasyn/ HTTP/1.0" 200 87925 "-" "Mozilla/5.0 (compatible; Barkrowler/0.9; +https://babbar.tech/crawler)"
20.171.207.251 - - [07/Sep/2025:18:13:49 +0700] "GET /omegle-and-ometv-the-pros-and-cons-of-random-chatting/ HTTP/1.0" 200 92106 "-" "Mozilla/5.0 AppleWebKit/537.36 (KHTML, like Gecko; compatible; GPTBot/1.2; +https://openai.com/gptbot)"
217.113.194.76 - - [07/Sep/2025:18:14:01 +0700] "GET /san-pham/bo-lay-mau-loi-1-1-2%E2%80%B3-x-6%E2%80%B3-co-ky-hieu-signature-scs-complete/feed/ HTTP/1.0" 200 1798 "-" "Mozilla/5.0 (compatible; Barkrowler/0.9; +https://babbar.tech/crawler)"
45.117.177.72 - - [07/Sep/2025:18:14:21 +0700] "POST /wp-cron.php?doing_wp_cron=1757243661.3997530937194824218750 HTTP/1.0" 200 416 "-" "WordPress/6.8.1; https://vattusacky.vn"
5.39.109.167 - - [07/Sep/2025:18:14:20 +0700] "GET /phan-mem-tien-do-truc-tuyen-moi-tien-app-vay-tien-cash24-mat-ngay-lap-tuc-ma-khong-phai-tra-hoa-hong/ HTTP/1.0" 200 213863 "-" "Mozilla/5.0 (compatible; AhrefsBot/7.0; +http://ahrefs.com/robot/)"
217.113.194.80 - - [07/Sep/2025:18:14:20 +0700] "GET /san-pham/bo-kit-lay-mau-bun-va-tram-tich-voi-tank-chua-bang-nhom-aluminum-tank-sampling-kit/ HTTP/1.0" 200 329593 "-" "Mozilla/5.0 (compatible; Barkrowler/0.9; +https://babbar.tech/crawler)"
20.171.207.251 - - [07/Sep/2025:18:14:36 +0700] "GET /?p=7990 HTTP/1.0" 301 639 "-" "Mozilla/5.0 AppleWebKit/537.36 (KHTML, like Gecko; compatible; GPTBot/1.2; +https://openai.com/gptbot)"
20.171.207.251 - - [07/Sep/2025:18:14:37 +0700] "GET /ometv-a-rising-star-in-the-world-of-random-chats/ HTTP/1.0" 200 80066 "-" "Mozilla/5.0 AppleWebKit/537.36 (KHTML, like Gecko; compatible; GPTBot/1.2; +https://openai.com/gptbot)"
217.113.194.74 - - [07/Sep/2025:18:15:06 +0700] "GET /san-pham/thiet-bi-lay-mau-bui-pm10-pm2-5-pm1-0-1-5-%C3%B7-5-5-m3h-2/feed/ HTTP/1.0" 200 1751 "-" "Mozilla/5.0 (compatible; Barkrowler/0.9; +https://babbar.tech/crawler)"
45.117.177.72 - - [07/Sep/2025:18:15:27 +0700] "POST /wp-cron.php?doing_wp_cron=1757243726.8694210052490234375000 HTTP/1.0" 200 416 "-" "WordPress/6.8.1; https://vattusacky.vn"
154.54.249.200 - - [07/Sep/2025:18:15:25 +0700] "GET /san-pham/thiet-bi-lay-mau-nuoc-alpha-van-dorn-loai-ngang-3-2-lit-nhan-hang-wildco/ HTTP/1.0" 200 370411 "-" "Mozilla/5.0 (compatible; Barkrowler/0.9; +https://babbar.tech/crawler)"
37.59.204.146 - - [07/Sep/2025:18:15:37 +0700] "GET /the-best-online-casinos-for-zambia-78/ HTTP/1.0" 200 239050 "-" "Mozilla/5.0 (compatible; AhrefsBot/7.0; +http://ahrefs.com/robot/)"
45.117.177.72 - - [07/Sep/2025:18:16:15 +0700] "POST /wp-cron.php?doing_wp_cron=1757243775.7527298927307128906250 HTTP/1.0" 200 416 "-" "WordPress/6.8.1; https://vattusacky.vn"
217.113.194.81 - - [07/Sep/2025:18:16:14 +0700] "GET /san-pham/thiet-bi-lay-mau-nuoc-alpha-van-dorn-loai-ngang-4-2-lit-nhan-hang-wildco/ HTTP/1.0" 200 372276 "-" "Mozilla/5.0 (compatible; Barkrowler/0.9; +https://babbar.tech/crawler)"
95.108.213.179 - - [07/Sep/2025:18:16:18 +0700] "GET /category/paribahis/ HTTP/1.0" 200 131988 "-" "Mozilla/5.0 (compatible; YandexBot/3.0; +http://yandex.com/bots)"
154.54.249.200 - - [07/Sep/2025:18:17:01 +0700] "GET /san-pham/thiet-bi-lay-mau-nuoc-alpha-van-dorn-loai-ngang-6-2-lit-nhan-hang-wildco-2/ HTTP/1.0" 200 369979 "-" "Mozilla/5.0 (compatible; Barkrowler/0.9; +https://babbar.tech/crawler)"
185.191.171.2 - - [07/Sep/2025:18:17:01 +0700] "GET /purchase-avalide-cheaper-pharmacy/ HTTP/1.0" 200 147740 "-" "Mozilla/5.0 (compatible; SemrushBot/7~bl; +http://www.semrush.com/bot.html)"
51.68.247.216 - - [07/Sep/2025:18:17:09 +0700] "GET /1xbet-casino-bystraja-versija-1xbet-kazino/ HTTP/1.0" 200 218789 "-" "Mozilla/5.0 (compatible; AhrefsBot/7.0; +http://ahrefs.com/robot/)"
45.117.177.72 - - [07/Sep/2025:18:17:52 +0700] "POST /wp-cron.php?doing_wp_cron=1757243871.9470670223236083984375 HTTP/1.0" 200 416 "-" "WordPress/6.8.1; https://vattusacky.vn"
217.113.194.75 - - [07/Sep/2025:18:17:50 +0700] "GET /san-pham/thiet-bi-lay-mau-nuoc-alpha-van-dorn-loai-ngang-6-2-lit-nhan-hang-wildco/feed/ HTTP/1.0" 200 1805 "-" "Mozilla/5.0 (compatible; Barkrowler/0.9; +https://babbar.tech/crawler)"
217.113.194.77 - - [07/Sep/2025:18:18:09 +0700] "GET /san-pham/thiet-bi-lay-mau-nuoc-alpha-van-dorn-loai-ngang-2-2-lit-nhan-hang-wildco/ HTTP/1.0" 200 372257 "-" "Mozilla/5.0 (compatible; Barkrowler/0.9; +https://babbar.tech/crawler)"
45.117.177.72 - - [07/Sep/2025:18:18:43 +0700] "POST /wp-cron.php?doing_wp_cron=1757243923.7431750297546386718750 HTTP/1.0" 200 416 "-" "WordPress/6.8.1; https://vattusacky.vn"
37.59.204.157 - - [07/Sep/2025:18:18:42 +0700] "GET /install-1xbet-app-%E2%AD%90-1xbet-app-acquire-fscore-orguk-6/ HTTP/1.0" 200 240935 "-" "Mozilla/5.0 (compatible; AhrefsBot/7.0; +http://ahrefs.com/robot/)"
217.113.194.76 - - [07/Sep/2025:18:18:58 +0700] "GET /san-pham/thiet-bi-lay-mau-nuoc-alpha-van-dorn-loai-ngang-8-2-lit-nhan-hang-wildco/ HTTP/1.0" 200 372293 "-" "Mozilla/5.0 (compatible; Barkrowler/0.9; +https://babbar.tech/crawler)"
45.117.177.72 - - [07/Sep/2025:18:19:42 +0700] "POST /wp-cron.php?doing_wp_cron=1757243982.3556990623474121093750 HTTP/1.0" 200 416 "-" "WordPress/6.8.1; https://vattusacky.vn"
217.113.194.81 - - [07/Sep/2025:18:19:41 +0700] "GET /san-pham/thiet-bi-lay-mau-nuoc-alpha-van-dorn-loai-doc-3-2-lit-nhan-hang-wildco-2/feed/ HTTP/1.0" 200 1805 "-" "Mozilla/5.0 (compatible; Barkrowler/0.9; +https://babbar.tech/crawler)"
217.113.194.218 - - [07/Sep/2025:18:20:00 +0700] "GET /san-pham/thiet-bi-lay-mau-nuoc-alpha-van-dorn-loai-doc-3-2-lit-nhan-hang-wildco-4/ HTTP/1.0" 200 369665 "-" "Mozilla/5.0 (compatible; Barkrowler/0.9; +https://babbar.tech/crawler)"
45.117.177.72 - - [07/Sep/2025:18:20:26 +0700] "POST /wp-cron.php?doing_wp_cron=1757244026.0556139945983886718750 HTTP/1.0" 200 416 "-" "WordPress/6.8.1; https://vattusacky.vn"
92.222.104.207 - - [07/Sep/2025:18:20:24 +0700] "GET /pin-ap-kazino-oficialnyj-sajt-pin-up-casino-vhod-v-2/ HTTP/1.0" 200 264513 "-" "Mozilla/5.0 (compatible; AhrefsBot/7.0; +http://ahrefs.com/robot/)"
217.113.194.81 - - [07/Sep/2025:18:20:44 +0700] "GET /san-pham/thiet-bi-lay-mau-nuoc-alpha-van-dorn-loai-doc-2-2-lit-nhan-hang-wildco-2/feed/ HTTP/1.0" 200 1805 "-" "Mozilla/5.0 (compatible; Barkrowler/0.9; +https://babbar.tech/crawler)"
185.191.171.11 - - [07/Sep/2025:18:20:47 +0700] "GET /the/do-nhanh-kim-loai-nang/ HTTP/1.0" 200 89701 "-" "Mozilla/5.0 (compatible; SemrushBot/7~bl; +http://www.semrush.com/bot.html)"
217.113.194.81 - - [07/Sep/2025:18:21:05 +0700] "GET /5-chuong-trinh-tien-bo-vay-tien-nhanh-tot-nhat-tu-%E2%80%8B%E2%80%8B%E2%80%8B%E2%80%8Ban-do/feed/ HTTP/1.0" 200 1866 "-" "Mozilla/5.0 (compatible; Barkrowler/0.9; +https://babbar.tech/crawler)"
45.117.177.72 - - [07/Sep/2025:18:21:27 +0700] "POST /wp-cron.php?doing_wp_cron=1757244086.8794209957122802734375 HTTP/1.0" 200 416 "-" "WordPress/6.8.1; https://vattusacky.vn"
217.113.194.217 - - [07/Sep/2025:18:21:25 +0700] "GET /priznaki-togo-chto-vy-okazali-bolshoe-vliyanie-na-kak-vyvesti-dengi-s-dzhoker-kazino/ HTTP/1.0" 200 254374 "-" "Mozilla/5.0 (compatible; Barkrowler/0.9; +https://babbar.tech/crawler)"
85.208.96.197 - - [07/Sep/2025:18:21:28 +0700] "GET /unveiling-omegles-magic-how-it-captivates-users-worldwide/ HTTP/1.0" 200 90478 "-" "Mozilla/5.0 (compatible; SemrushBot/7~bl; +http://www.semrush.com/bot.html)"
37.59.204.155 - - [07/Sep/2025:18:21:55 +0700] "GET /web-based-antivirus-scan-for-android-mobile/ HTTP/1.0" 200 205706 "-" "Mozilla/5.0 (compatible; AhrefsBot/7.0; +http://ahrefs.com/robot/)"
51.75.236.135 - - [07/Sep/2025:18:22:02 +0700] "GET /web-based-antivirus-scan-for-android-mobile/ HTTP/1.0" 200 205706 "-" "Mozilla/5.0 (compatible; AhrefsBot/7.0; +http://ahrefs.com/robot/)"
217.113.194.79 - - [07/Sep/2025:18:22:14 +0700] "GET /cach-nhanh-chong-tien-len-truc-tuyen-oncredit-vn-co-the-giup-noi-ve-hoa-don-dot-ngot/ HTTP/1.0" 200 241765 "-" "Mozilla/5.0 (compatible; Barkrowler/0.9; +https://babbar.tech/crawler)"
45.117.177.72 - - [07/Sep/2025:18:22:30 +0700] "POST /wp-cron.php?doing_wp_cron=1757244150.3463490009307861328125 HTTP/1.0" 200 416 "-" "WordPress/6.8.1; https://vattusacky.vn"
17.241.75.161 - - [07/Sep/2025:18:22:29 +0700] "GET /which-random-chat-platform-reigns-supreme-omegle-or-ometv/ HTTP/1.0" 200 91664 "-" "Mozilla/5.0 (Macintosh; Intel Mac OS X 10_15_7) AppleWebKit/605.1.15 (KHTML, like Gecko) Version/17.4 Safari/605.1.15 (Applebot/0.1; +http://www.apple.com/go/applebot)"
216.244.66.237 - - [07/Sep/2025:18:22:29 +0700] "GET /how-omegle-and-ometv-use-algorithms-to-match-users/ HTTP/1.0" 200 90110 "-" "Mozilla/5.0 (compatible; DotBot/1.2; +https://opensiteexplorer.org/dotbot; help@moz.com)"
217.113.194.72 - - [07/Sep/2025:18:22:52 +0700] "GET /bukmekerskaya-kontora-i-kazino-1-vin-vash-portal-v-mir-azarta-i-zakhvatyvayushchikh-momentov/ HTTP/1.0" 200 112554 "-" "Mozilla/5.0 (compatible; Barkrowler/0.9; +https://babbar.tech/crawler)"
217.113.194.75 - - [07/Sep/2025:18:23:13 +0700] "GET /legalny-hazard-w-polsce-na-przykadzie-feuer-speiender-berg-umgangssprachlich-vegas-i-innych-kasyn/feed/ HTTP/1.0" 200 1894 "-" "Mozilla/5.0 (compatible; Barkrowler/0.9; +https://babbar.tech/crawler)"
45.117.177.72 - - [07/Sep/2025:18:23:32 +0700] "POST /wp-cron.php?doing_wp_cron=1757244212.0524690151214599609375 HTTP/1.0" 200 416 "-" "WordPress/6.8.1; https://vattusacky.vn"
54.37.118.69 - - [07/Sep/2025:18:23:30 +0700] "GET /category/blog/page/4/ HTTP/1.0" 200 74866 "-" "Mozilla/5.0 (compatible; AhrefsBot/7.0; +http://ahrefs.com/robot/)"
45.117.177.72 - - [07/Sep/2025:18:23:35 +0700] "POST /wp-cron.php?doing_wp_cron=1757244215.4433419704437255859375 HTTP/1.0" 200 416 "-" "WordPress/6.8.1; https://vattusacky.vn"
217.113.194.79 - - [07/Sep/2025:18:23:34 +0700] "GET /san-pham/thiet-bi-lay-mau-nuoc-alpha-van-dorn-loai-ngang-3-2-lit-nhan-hang-wildco-2/ HTTP/1.0" 200 372391 "-" "Mozilla/5.0 (compatible; Barkrowler/0.9; +https://babbar.tech/crawler)"
87.250.224.86 - - [07/Sep/2025:18:23:51 +0700] "GET /1xbet-app-download-for-android-apk-ios-free-2023-47/ HTTP/1.0" 200 222348 "-" "Mozilla/5.0 (compatible; YandexBot/3.0; +http://yandex.com/bots)"
45.117.177.72 - - [07/Sep/2025:18:24:18 +0700] "POST /wp-cron.php?doing_wp_cron=1757244258.1805651187896728515625 HTTP/1.0" 200 416 "-" "WordPress/6.8.1; https://vattusacky.vn"
217.113.194.78 - - [07/Sep/2025:18:24:16 +0700] "GET /san-pham/thiet-bi-lay-mau-nuoc-alpha-van-dorn-loai-ngang-3-2-lit-nhan-hang-wildco/feed/ HTTP/1.0" 200 1805 "-" "Mozilla/5.0 (compatible; Barkrowler/0.9; +https://babbar.tech/crawler)"
89.44.58.112 - - [07/Sep/2025:18:24:18 +0700] "GET /wp-json/wp/v2/posts?slug=/how-you-can-date-delightful-single-latina-women/ HTTP/1.0" 200 183295 "-" "-"
89.44.58.112 - - [07/Sep/2025:18:24:23 +0700] "POST /wp-comments-post.php HTTP/1.0" 302 1149 "-" "-"
89.44.58.112 - - [07/Sep/2025:18:24:25 +0700] "GET /how-you-can-date-delightful-single-latina-women/?unapproved=1450&moderation-hash=8b83c6fb2e135a4a8d01821daa2b9fce HTTP/1.0" 200 208543 "-" "-"
217.113.194.217 - - [07/Sep/2025:18:24:36 +0700] "GET /san-pham/thiet-bi-lay-mau-nuoc-alpha-van-dorn-loai-ngang-4-2-lit-nhan-hang-wildco-2/ HTTP/1.0" 200 372391 "-" "Mozilla/5.0 (compatible; Barkrowler/0.9; +https://babbar.tech/crawler)"
94.23.188.194 - - [07/Sep/2025:18:25:01 +0700] "GET /tips-for-making-the-most-out-of-your-omegle-therapy-experience/ HTTP/1.0" 200 92978 "-" "Mozilla/5.0 (compatible; AhrefsBot/7.0; +http://ahrefs.com/robot/)"
45.117.177.72 - - [07/Sep/2025:18:25:25 +0700] "POST /wp-cron.php?doing_wp_cron=1757244324.8477799892425537109375 HTTP/1.0" 200 416 "-" "WordPress/6.8.1; https://vattusacky.vn"
217.113.194.80 - - [07/Sep/2025:18:25:23 +0700] "GET /san-pham/thiet-bi-lay-mau-nuoc-alpha-van-dorn-loai-ngang-4-2-lit-nhan-hang-wildco-3/ HTTP/1.0" 200 370054 "-" "Mozilla/5.0 (compatible; Barkrowler/0.9; +https://babbar.tech/crawler)"
40.77.167.20 - - [07/Sep/2025:18:25:25 +0700] "GET /the-enchantment-of-omegle-exploring-its-unique-attraction/ HTTP/1.0" 200 89796 "-" "Mozilla/5.0 AppleWebKit/537.36 (KHTML, like Gecko; compatible; bingbot/2.0; +http://www.bing.com/bingbot.htm) Chrome/116.0.1938.76 Safari/537.36"
216.73.216.162 - - [07/Sep/2025:18:25:31 +0700] "GET /how-to-deal-with-attention-seeking-behavior-on-omegle/feed HTTP/1.0" 301 747 "-" "Mozilla/5.0 AppleWebKit/537.36 (KHTML, like Gecko; compatible; ClaudeBot/1.0; +claudebot@anthropic.com)"
216.73.216.162 - - [07/Sep/2025:18:25:31 +0700] "GET /how-to-deal-with-inappropriate-content-on-ometv/feed HTTP/1.0" 301 741 "-" "Mozilla/5.0 AppleWebKit/537.36 (KHTML, like Gecko; compatible; ClaudeBot/1.0; +claudebot@anthropic.com)"
216.73.216.162 - - [07/Sep/2025:18:25:33 +0700] "GET /how-to-deal-with-inappropriate-content-on-ometv/feed/ HTTP/1.0" 200 1592 "https://vattusacky.vn/how-to-deal-with-inappropriate-content-on-ometv/feed" "Mozilla/5.0 AppleWebKit/537.36 (KHTML, like Gecko; compatible; ClaudeBot/1.0; +claudebot@anthropic.com)"
216.73.216.162 - - [07/Sep/2025:18:25:33 +0700] "GET /how-to-deal-with-attention-seeking-behavior-on-omegle/feed/ HTTP/1.0" 200 1610 "https://vattusacky.vn/how-to-deal-with-attention-seeking-behavior-on-omegle/feed" "Mozilla/5.0 AppleWebKit/537.36 (KHTML, like Gecko; compatible; ClaudeBot/1.0; +claudebot@anthropic.com)"
216.73.216.162 - - [07/Sep/2025:18:25:34 +0700] "GET /how-to-deal-with-trolls-and-negative-interactions-on-omegle/feed HTTP/1.0" 301 607 "-" "Mozilla/5.0 AppleWebKit/537.36 (KHTML, like Gecko; compatible; ClaudeBot/1.0; +claudebot@anthropic.com)"
216.73.216.162 - - [07/Sep/2025:18:25:35 +0700] "GET /malware-review-which-antivirus-security-software-software-if-you-undertake/feed HTTP/1.0" 301 622 "-" "Mozilla/5.0 AppleWebKit/537.36 (KHTML, like Gecko; compatible; ClaudeBot/1.0; +claudebot@anthropic.com)"
216.73.216.162 - - [07/Sep/2025:18:25:36 +0700] "GET /how-to-deal-with-trolls-and-negative-interactions-on-omegle/feed/ HTTP/1.0" 200 1628 "https://vattusacky.vn/how-to-deal-with-trolls-and-negative-interactions-on-omegle/feed" "Mozilla/5.0 AppleWebKit/537.36 (KHTML, like Gecko; compatible; ClaudeBot/1.0; +claudebot@anthropic.com)"
216.73.216.162 - - [07/Sep/2025:18:25:36 +0700] "GET /malware-review-which-antivirus-security-software-software-if-you-undertake/feed/ HTTP/1.0" 200 1684 "https://vattusacky.vn/malware-review-which-antivirus-security-software-software-if-you-undertake/feed" "Mozilla/5.0 AppleWebKit/537.36 (KHTML, like Gecko; compatible; ClaudeBot/1.0; +claudebot@anthropic.com)"
216.73.216.162 - - [07/Sep/2025:18:25:38 +0700] "GET /how-to-recognize-and-avoid-online-scams-on-omegle HTTP/1.0" 301 494 "-" "Mozilla/5.0 AppleWebKit/537.36 (KHTML, like Gecko; compatible; ClaudeBot/1.0; +claudebot@anthropic.com)"
216.73.216.162 - - [07/Sep/2025:18:25:38 +0700] "GET /what-types-of-documents-ought-to-be-housed-in-data-rooms/feed HTTP/1.0" 301 604 "-" "Mozilla/5.0 AppleWebKit/537.36 (KHTML, like Gecko; compatible; ClaudeBot/1.0; +claudebot@anthropic.com)"
216.73.216.162 - - [07/Sep/2025:18:25:39 +0700] "GET /how-to-recognize-and-avoid-online-scams-on-omegle/ HTTP/1.0" 200 92323 "https://vattusacky.vn/how-to-recognize-and-avoid-online-scams-on-omegle" "Mozilla/5.0 AppleWebKit/537.36 (KHTML, like Gecko; compatible; ClaudeBot/1.0; +claudebot@anthropic.com)"
216.73.216.162 - - [07/Sep/2025:18:25:40 +0700] "GET /what-types-of-documents-ought-to-be-housed-in-data-rooms/feed/ HTTP/1.0" 200 1622 "https://vattusacky.vn/what-types-of-documents-ought-to-be-housed-in-data-rooms/feed" "Mozilla/5.0 AppleWebKit/537.36 (KHTML, like Gecko; compatible; ClaudeBot/1.0; +claudebot@anthropic.com)"
216.73.216.162 - - [07/Sep/2025:18:25:41 +0700] "GET /how-to-network-effectively-on-omegle-and-ometv HTTP/1.0" 301 491 "-" "Mozilla/5.0 AppleWebKit/537.36 (KHTML, like Gecko; compatible; ClaudeBot/1.0; +claudebot@anthropic.com)"
216.73.216.162 - - [07/Sep/2025:18:25:43 +0700] "GET /how-to-network-effectively-on-omegle-and-ometv/ HTTP/1.0" 200 93330 "https://vattusacky.vn/how-to-network-effectively-on-omegle-and-ometv" "Mozilla/5.0 AppleWebKit/537.36 (KHTML, like Gecko; compatible; ClaudeBot/1.0; +claudebot@anthropic.com)"
216.73.216.162 - - [07/Sep/2025:18:26:02 +0700] "GET /how-to-handle-catfishing-on-omegle-and-ometv/feed HTTP/1.0" 301 738 "-" "Mozilla/5.0 AppleWebKit/537.36 (KHTML, like Gecko; compatible; ClaudeBot/1.0; +claudebot@anthropic.com)"
216.73.216.162 - - [07/Sep/2025:18:26:03 +0700] "GET /how-to-handle-catfishing-on-omegle-and-ometv/feed/ HTTP/1.0" 200 1583 "https://vattusacky.vn/how-to-handle-catfishing-on-omegle-and-ometv/feed" "Mozilla/5.0 AppleWebKit/537.36 (KHTML, like Gecko; compatible; ClaudeBot/1.0; +claudebot@anthropic.com)"
216.73.216.162 - - [07/Sep/2025:18:26:05 +0700] "GET /how-to-protect-yourself-from-scams-on-ometv HTTP/1.0" 301 488 "-" "Mozilla/5.0 AppleWebKit/537.36 (KHTML, like Gecko; compatible; ClaudeBot/1.0; +claudebot@anthropic.com)"
216.73.216.162 - - [07/Sep/2025:18:26:07 +0700] "GET /how-to-protect-yourself-from-scams-on-ometv/ HTTP/1.0" 200 90873 "https://vattusacky.vn/how-to-protect-yourself-from-scams-on-ometv" "Mozilla/5.0 AppleWebKit/537.36 (KHTML, like Gecko; compatible; ClaudeBot/1.0; +claudebot@anthropic.com)"
217.113.194.72 - - [07/Sep/2025:18:26:08 +0700] "GET /san-pham/thiet-bi-lay-mau-nuoc-alpha-van-dorn-loai-ngang-4-2-lit-nhan-hang-wildco/feed/ HTTP/1.0" 200 1805 "-" "Mozilla/5.0 (compatible; Barkrowler/0.9; +https://babbar.tech/crawler)"
216.73.216.162 - - [07/Sep/2025:18:26:09 +0700] "GET /bridging-distances-video-vs-text-on-omegle-and-ometv/feed HTTP/1.0" 301 600 "-" "Mozilla/5.0 AppleWebKit/537.36 (KHTML, like Gecko; compatible; ClaudeBot/1.0; +claudebot@anthropic.com)"
216.73.216.162 - - [07/Sep/2025:18:26:10 +0700] "GET /bridging-distances-video-vs-text-on-omegle-and-ometv/feed/ HTTP/1.0" 200 1607 "https://vattusacky.vn/bridging-distances-video-vs-text-on-omegle-and-ometv/feed" "Mozilla/5.0 AppleWebKit/537.36 (KHTML, like Gecko; compatible; ClaudeBot/1.0; +claudebot@anthropic.com)"
216.73.216.162 - - [07/Sep/2025:18:26:12 +0700] "GET /how-to-stay-safe-and-protect-your-privacy-while-using-omegle-and-ometv HTTP/1.0" 301 515 "-" "Mozilla/5.0 AppleWebKit/537.36 (KHTML, like Gecko; compatible; ClaudeBot/1.0; +claudebot@anthropic.com)"
216.73.216.162 - - [07/Sep/2025:18:26:14 +0700] "GET /how-to-stay-safe-and-protect-your-privacy-while-using-omegle-and-ometv/ HTTP/1.0" 200 81034 "https://vattusacky.vn/how-to-stay-safe-and-protect-your-privacy-while-using-omegle-and-ometv" "Mozilla/5.0 AppleWebKit/537.36 (KHTML, like Gecko; compatible; ClaudeBot/1.0; +claudebot@anthropic.com)"
45.117.177.72 - - [07/Sep/2025:18:26:17 +0700] "POST /wp-cron.php?doing_wp_cron=1757244377.5139799118041992187500 HTTP/1.0" 200 416 "-" "WordPress/6.8.1; https://vattusacky.vn"
216.73.216.162 - - [07/Sep/2025:18:26:16 +0700] "GET /how-to-enhance-your-ometv-experience/feed HTTP/1.0" 301 584 "-" "Mozilla/5.0 AppleWebKit/537.36 (KHTML, like Gecko; compatible; ClaudeBot/1.0; +claudebot@anthropic.com)"
216.73.216.162 - - [07/Sep/2025:18:26:18 +0700] "GET /how-to-enhance-your-ometv-experience/feed/ HTTP/1.0" 200 1559 "https://vattusacky.vn/how-to-enhance-your-ometv-experience/feed" "Mozilla/5.0 AppleWebKit/537.36 (KHTML, like Gecko; compatible; ClaudeBot/1.0; +claudebot@anthropic.com)"
216.73.216.162 - - [07/Sep/2025:18:26:19 +0700] "GET /how-to-navigating-awkward-situations-on-omegle-and-ometv HTTP/1.0" 301 501 "-" "Mozilla/5.0 AppleWebKit/537.36 (KHTML, like Gecko; compatible; ClaudeBot/1.0; +claudebot@anthropic.com)"
37.59.204.144 - - [07/Sep/2025:18:26:20 +0700] "GET /7-great-spots-to-get-a-significant-other/ HTTP/1.0" 200 208272 "-" "Mozilla/5.0 (compatible; AhrefsBot/7.0; +http://ahrefs.com/robot/)"
216.73.216.162 - - [07/Sep/2025:18:26:21 +0700] "GET /how-to-navigating-awkward-situations-on-omegle-and-ometv/ HTTP/1.0" 200 91018 "https://vattusacky.vn/how-to-navigating-awkward-situations-on-omegle-and-ometv" "Mozilla/5.0 AppleWebKit/537.36 (KHTML, like Gecko; compatible; ClaudeBot/1.0; +claudebot@anthropic.com)"
217.113.194.77 - - [07/Sep/2025:18:26:28 +0700] "GET /san-pham/thiet-bi-lay-mau-nuoc-alpha-van-dorn-loai-ngang-6-2-lit-nhan-hang-wildco-2/feed/ HTTP/1.0" 200 1809 "-" "Mozilla/5.0 (compatible; Barkrowler/0.9; +https://babbar.tech/crawler)"
217.113.194.72 - - [07/Sep/2025:18:26:47 +0700] "GET /san-pham/thiet-bi-lay-mau-nuoc-alpha-van-dorn-loai-ngang-6-2-lit-nhan-hang-wildco-3/ HTTP/1.0" 200 372292 "-" "Mozilla/5.0 (compatible; Barkrowler/0.9; +https://babbar.tech/crawler)"
45.117.177.72 - - [07/Sep/2025:18:27:53 +0700] "POST /wp-cron.php?doing_wp_cron=1757244473.0412859916687011718750 HTTP/1.0" 200 416 "-" "WordPress/6.8.1; https://vattusacky.vn"
216.244.66.237 - - [07/Sep/2025:18:27:51 +0700] "GET /how-to-identify-and-avoid-predators-on-ometv/ HTTP/1.0" 200 90622 "-" "Mozilla/5.0 (compatible; DotBot/1.2; +https://opensiteexplorer.org/dotbot; help@moz.com)"
94.23.188.221 - - [07/Sep/2025:18:27:57 +0700] "GET /research-paper-topics-that-you-should-not-ignore/ HTTP/1.0" 200 208461 "-" "Mozilla/5.0 (compatible; AhrefsBot/7.0; +http://ahrefs.com/robot/)"
216.73.216.162 - - [07/Sep/2025:18:28:08 +0700] "GET /?p=7060 HTTP/1.0" 301 638 "-" "Mozilla/5.0 AppleWebKit/537.36 (KHTML, like Gecko; compatible; ClaudeBot/1.0; +claudebot@anthropic.com)"
216.73.216.162 - - [07/Sep/2025:18:28:09 +0700] "GET /how-to-deal-with-inappropriate-content-on-ometv/ HTTP/1.0" 200 88948 "https://vattusacky.vn/?p=7060" "Mozilla/5.0 AppleWebKit/537.36 (KHTML, like Gecko; compatible; ClaudeBot/1.0; +claudebot@anthropic.com)"
216.73.216.162 - - [07/Sep/2025:18:28:12 +0700] "GET /how-to-begin-omegle-therapy-a-step-by-step-guide HTTP/1.0" 301 493 "-" "Mozilla/5.0 AppleWebKit/537.36 (KHTML, like Gecko; compatible; ClaudeBot/1.0; +claudebot@anthropic.com)"
216.73.216.162 - - [07/Sep/2025:18:28:13 +0700] "GET /how-to-begin-omegle-therapy-a-step-by-step-guide/ HTTP/1.0" 200 92681 "https://vattusacky.vn/how-to-begin-omegle-therapy-a-step-by-step-guide" "Mozilla/5.0 AppleWebKit/537.36 (KHTML, like Gecko; compatible; ClaudeBot/1.0; +claudebot@anthropic.com)"
138.3.242.176 - - [07/Sep/2025:18:28:14 +0700] "GET /wp-json/wp/v2/posts?per_page=1&_fields=id,slug,comment_status HTTP/1.0" 200 1018 "-" "-"
216.73.216.162 - - [07/Sep/2025:18:28:15 +0700] "GET /types-of-organization-innovations/feed HTTP/1.0" 301 581 "-" "Mozilla/5.0 AppleWebKit/537.36 (KHTML, like Gecko; compatible; ClaudeBot/1.0; +claudebot@anthropic.com)"
45.117.177.72 - - [07/Sep/2025:18:28:18 +0700] "POST /wp-cron.php?doing_wp_cron=1757244498.1480369567871093750000 HTTP/1.0" 200 416 "-" "WordPress/6.8.1; https://vattusacky.vn"
216.73.216.162 - - [07/Sep/2025:18:28:17 +0700] "GET /types-of-organization-innovations/feed/ HTTP/1.0" 200 1552 "https://vattusacky.vn/types-of-organization-innovations/feed" "Mozilla/5.0 AppleWebKit/537.36 (KHTML, like Gecko; compatible; ClaudeBot/1.0; +claudebot@anthropic.com)"
216.73.216.162 - - [07/Sep/2025:18:28:19 +0700] "GET /?p=6253 HTTP/1.0" 301 536 "-" "Mozilla/5.0 AppleWebKit/537.36 (KHTML, like Gecko; compatible; ClaudeBot/1.0; +claudebot@anthropic.com)"
216.73.216.162 - - [07/Sep/2025:18:28:20 +0700] "GET /bridging-cultural-gaps-through-random-chats-omegle-and-ometv-as-cultural-exchange-platforms/ HTTP/1.0" 200 93301 "https://vattusacky.vn/?p=6253" "Mozilla/5.0 AppleWebKit/537.36 (KHTML, like Gecko; compatible; ClaudeBot/1.0; +claudebot@anthropic.com)"
138.3.242.176 - - [07/Sep/2025:18:28:20 +0700] "POST /wp-comments-post.php HTTP/1.0" 302 1157 "-" "-"
138.3.242.176 - - [07/Sep/2025:18:28:21 +0700] "GET /wp-json/wp/v2/posts?per_page=1&_fields=id,slug,comment_status HTTP/1.0" 200 1018 "-" "-"
138.3.242.176 - - [07/Sep/2025:18:28:22 +0700] "GET /slot-gacor-hari-ini-game-slot-dengan-volatilitas-tinggi/?unapproved=1451&moderation-hash=67e491fe88dce47cf9f90e0f0a1dcfbb HTTP/1.0" 200 65035 "https://vattusacky.vn/wp-comments-post.php" "-"
216.73.216.162 - - [07/Sep/2025:18:28:22 +0700] "GET /how-to-stay-safe-on-omegle-tips-and-tricks HTTP/1.0" 301 487 "-" "Mozilla/5.0 AppleWebKit/537.36 (KHTML, like Gecko; compatible; ClaudeBot/1.0; +claudebot@anthropic.com)"
216.73.216.162 - - [07/Sep/2025:18:28:24 +0700] "GET /how-to-stay-safe-on-omegle-tips-and-tricks/ HTTP/1.0" 200 88650 "https://vattusacky.vn/how-to-stay-safe-on-omegle-tips-and-tricks" "Mozilla/5.0 AppleWebKit/537.36 (KHTML, like Gecko; compatible; ClaudeBot/1.0; +claudebot@anthropic.com)"
216.73.216.162 - - [07/Sep/2025:18:28:27 +0700] "GET /how-to-report-privacy-violations-on-omegle HTTP/1.0" 301 487 "-" "Mozilla/5.0 AppleWebKit/537.36 (KHTML, like Gecko; compatible; ClaudeBot/1.0; +claudebot@anthropic.com)"
216.73.216.162 - - [07/Sep/2025:18:28:28 +0700] "GET /how-to-report-privacy-violations-on-omegle/ HTTP/1.0" 200 89211 "https://vattusacky.vn/how-to-report-privacy-violations-on-omegle" "Mozilla/5.0 AppleWebKit/537.36 (KHTML, like Gecko; compatible; ClaudeBot/1.0; +claudebot@anthropic.com)"
216.73.216.162 - - [07/Sep/2025:18:28:30 +0700] "GET /how-to-protect-yourself-from-scams-on-omegle HTTP/1.0" 301 489 "-" "Mozilla/5.0 AppleWebKit/537.36 (KHTML, like Gecko; compatible; ClaudeBot/1.0; +claudebot@anthropic.com)"
216.73.216.162 - - [07/Sep/2025:18:28:32 +0700] "GET /how-to-protect-yourself-from-scams-on-omegle/ HTTP/1.0" 200 89859 "https://vattusacky.vn/how-to-protect-yourself-from-scams-on-omegle" "Mozilla/5.0 AppleWebKit/537.36 (KHTML, like Gecko; compatible; ClaudeBot/1.0; +claudebot@anthropic.com)"
138.3.242.176 - - [07/Sep/2025:18:28:36 +0700] "GET /wp-json/wp/v2/posts?per_page=1&_fields=id,slug,comment_status HTTP/1.0" 200 1018 "-" "-"
138.3.242.176 - - [07/Sep/2025:18:28:40 +0700] "GET /wp-json/wp/v2/posts?per_page=1&_fields=id,slug,comment_status HTTP/1.0" 200 1018 "-" "-"
138.3.242.176 - - [07/Sep/2025:18:28:40 +0700] "POST /wp-comments-post.php HTTP/1.0" 302 1157 "-" "-"
138.3.242.176 - - [07/Sep/2025:18:28:42 +0700] "GET /slot-gacor-hari-ini-game-slot-dengan-volatilitas-tinggi/?unapproved=1452&moderation-hash=c9c3b7faa4aacaad7c58b96579451511 HTTP/1.0" 200 65035 "https://vattusacky.vn/wp-comments-post.php" "-"
138.3.242.176 - - [07/Sep/2025:18:28:45 +0700] "POST /wp-comments-post.php HTTP/1.0" 429 3223 "-" "-"
45.117.177.72 - - [07/Sep/2025:18:29:18 +0700] "POST /wp-cron.php?doing_wp_cron=1757244557.9222579002380371093750 HTTP/1.0" 200 416 "-" "WordPress/6.8.1; https://vattusacky.vn"
37.59.204.154 - - [07/Sep/2025:18:29:16 +0700] "GET /9-races-to-glory-casino-game-connection-with-online-casinos/ HTTP/1.0" 200 89859 "-" "Mozilla/5.0 (compatible; AhrefsBot/7.0; +http://ahrefs.com/robot/)"
45.117.177.72 - - [07/Sep/2025:18:30:20 +0700] "POST /wp-cron.php?doing_wp_cron=1757244619.8351399898529052734375 HTTP/1.0" 200 416 "-" "WordPress/6.8.1; https://vattusacky.vn"
216.73.216.162 - - [07/Sep/2025:18:30:18 +0700] "GET /?p=7065 HTTP/1.0" 301 635 "-" "Mozilla/5.0 AppleWebKit/537.36 (KHTML, like Gecko; compatible; ClaudeBot/1.0; +claudebot@anthropic.com)"
216.73.216.162 - - [07/Sep/2025:18:30:20 +0700] "GET /how-to-handle-catfishing-on-omegle-and-ometv/ HTTP/1.0" 200 86520 "https://vattusacky.vn/?p=7065" "Mozilla/5.0 AppleWebKit/537.36 (KHTML, like Gecko; compatible; ClaudeBot/1.0; +claudebot@anthropic.com)"
216.73.216.162 - - [07/Sep/2025:18:30:22 +0700] "GET /how-to-stay-safe-on-omegle-and-ometv HTTP/1.0" 301 481 "-" "Mozilla/5.0 AppleWebKit/537.36 (KHTML, like Gecko; compatible; ClaudeBot/1.0; +claudebot@anthropic.com)"
216.73.216.162 - - [07/Sep/2025:18:30:24 +0700] "GET /how-to-stay-safe-on-omegle-and-ometv/ HTTP/1.0" 200 90308 "https://vattusacky.vn/how-to-stay-safe-on-omegle-and-ometv" "Mozilla/5.0 AppleWebKit/537.36 (KHTML, like Gecko; compatible; ClaudeBot/1.0; +claudebot@anthropic.com)"
216.73.216.162 - - [07/Sep/2025:18:30:26 +0700] "GET /?p=6251 HTTP/1.0" 301 517 "-" "Mozilla/5.0 AppleWebKit/537.36 (KHTML, like Gecko; compatible; ClaudeBot/1.0; +claudebot@anthropic.com)"
216.73.216.162 - - [07/Sep/2025:18:30:27 +0700] "GET /breaking-the-mold-omegles-role-in-challenging-traditional-art-boundaries/ HTTP/1.0" 200 89815 "https://vattusacky.vn/?p=6251" "Mozilla/5.0 AppleWebKit/537.36 (KHTML, like Gecko; compatible; ClaudeBot/1.0; +claudebot@anthropic.com)"
216.73.216.162 - - [07/Sep/2025:18:30:30 +0700] "GET /?p=7066 HTTP/1.0" 301 520 "-" "Mozilla/5.0 AppleWebKit/537.36 (KHTML, like Gecko; compatible; ClaudeBot/1.0; +claudebot@anthropic.com)"
216.73.216.162 - - [07/Sep/2025:18:30:31 +0700] "GET /how-to-handle-rejection-and-negative-experiences-on-chatroulette-and-omegle/ HTTP/1.0" 200 91298 "https://vattusacky.vn/?p=7066" "Mozilla/5.0 AppleWebKit/537.36 (KHTML, like Gecko; compatible; ClaudeBot/1.0; +claudebot@anthropic.com)"
216.73.216.162 - - [07/Sep/2025:18:30:34 +0700] "GET /?p=10679 HTTP/1.0" 301 495 "-" "Mozilla/5.0 AppleWebKit/537.36 (KHTML, like Gecko; compatible; ClaudeBot/1.0; +claudebot@anthropic.com)"
216.73.216.162 - - [07/Sep/2025:18:30:35 +0700] "GET /gay-kopija-10-kopija-kopija-kopija-kopija-kopija-2/ HTTP/1.0" 200 73922 "https://vattusacky.vn/?p=10679" "Mozilla/5.0 AppleWebKit/537.36 (KHTML, like Gecko; compatible; ClaudeBot/1.0; +claudebot@anthropic.com)"
216.73.216.162 - - [07/Sep/2025:18:30:37 +0700] "GET /?p=7059 HTTP/1.0" 301 493 "-" "Mozilla/5.0 AppleWebKit/537.36 (KHTML, like Gecko; compatible; ClaudeBot/1.0; +claudebot@anthropic.com)"
216.73.216.162 - - [07/Sep/2025:18:30:39 +0700] "GET /how-to-deal-with-inappropriate-content-on-omegle/ HTTP/1.0" 200 88694 "https://vattusacky.vn/?p=7059" "Mozilla/5.0 AppleWebKit/537.36 (KHTML, like Gecko; compatible; ClaudeBot/1.0; +claudebot@anthropic.com)"
216.73.216.162 - - [07/Sep/2025:18:30:41 +0700] "GET /?p=6252 HTTP/1.0" 301 505 "-" "Mozilla/5.0 AppleWebKit/537.36 (KHTML, like Gecko; compatible; ClaudeBot/1.0; +claudebot@anthropic.com)"
216.73.216.162 - - [07/Sep/2025:18:30:43 +0700] "GET /bridging-cultural-gaps-omegles-role-in-fostering-connections/ HTTP/1.0" 200 91591 "https://vattusacky.vn/?p=6252" "Mozilla/5.0 AppleWebKit/537.36 (KHTML, like Gecko; compatible; ClaudeBot/1.0; +claudebot@anthropic.com)"
5.39.109.166 - - [07/Sep/2025:18:30:45 +0700] "GET /unveiling-the-mysterious-world-of-omegle/ HTTP/1.0" 200 89867 "-" "Mozilla/5.0 (compatible; AhrefsBot/7.0; +http://ahrefs.com/robot/)"
45.117.177.72 - - [07/Sep/2025:18:31:29 +0700] "POST /wp-cron.php?doing_wp_cron=1757244688.7103450298309326171875 HTTP/1.0" 200 416 "-" "WordPress/6.8.1; https://vattusacky.vn"
216.73.216.162 - - [07/Sep/2025:18:31:27 +0700] "GET /?p=7056 HTTP/1.0" 301 641 "-" "Mozilla/5.0 AppleWebKit/537.36 (KHTML, like Gecko; compatible; ClaudeBot/1.0; +claudebot@anthropic.com)"
216.73.216.162 - - [07/Sep/2025:18:31:29 +0700] "GET /how-to-create-a-strong-network-on-omegle-and-ometv/ HTTP/1.0" 200 90545 "https://vattusacky.vn/?p=7056" "Mozilla/5.0 AppleWebKit/537.36 (KHTML, like Gecko; compatible; ClaudeBot/1.0; +claudebot@anthropic.com)"
216.73.216.162 - - [07/Sep/2025:18:31:31 +0700] "GET /?p=7055 HTTP/1.0" 301 507 "-" "Mozilla/5.0 AppleWebKit/537.36 (KHTML, like Gecko; compatible; ClaudeBot/1.0; +claudebot@anthropic.com)"
138.3.242.176 - - [07/Sep/2025:18:31:32 +0700] "GET /wp-json/wp/v2/posts?per_page=1&_fields=id,slug,comment_status HTTP/1.0" 200 1018 "-" "-"
216.73.216.162 - - [07/Sep/2025:18:31:33 +0700] "GET /how-to-connect-with-supportive-communities-on-omegle-and-ometv/ HTTP/1.0" 200 78612 "https://vattusacky.vn/?p=7055" "Mozilla/5.0 AppleWebKit/537.36 (KHTML, like Gecko; compatible; ClaudeBot/1.0; +claudebot@anthropic.com)"
216.73.216.162 - - [07/Sep/2025:18:31:35 +0700] "GET /?p=7058 HTTP/1.0" 301 498 "-" "Mozilla/5.0 AppleWebKit/537.36 (KHTML, like Gecko; compatible; ClaudeBot/1.0; +claudebot@anthropic.com)"
216.73.216.162 - - [07/Sep/2025:18:31:36 +0700] "GET /how-to-deal-with-attention-seeking-behavior-on-omegle/ HTTP/1.0" 200 78390 "https://vattusacky.vn/?p=7058" "Mozilla/5.0 AppleWebKit/537.36 (KHTML, like Gecko; compatible; ClaudeBot/1.0; +claudebot@anthropic.com)"
216.73.216.162 - - [07/Sep/2025:18:31:39 +0700] "GET /bridging-cultural-gaps-through-random-chats-omegle-and-ometv-as-cultural-exchange-platforms/feed HTTP/1.0" 301 639 "-" "Mozilla/5.0 AppleWebKit/537.36 (KHTML, like Gecko; compatible; ClaudeBot/1.0; +claudebot@anthropic.com)"
216.73.216.162 - - [07/Sep/2025:18:31:40 +0700] "GET /bridging-cultural-gaps-through-random-chats-omegle-and-ometv-as-cultural-exchange-platforms/feed/ HTTP/1.0" 200 1724 "https://vattusacky.vn/bridging-cultural-gaps-through-random-chats-omegle-and-ometv-as-cultural-exchange-platforms/feed" "Mozilla/5.0 AppleWebKit/537.36 (KHTML, like Gecko; compatible; ClaudeBot/1.0; +claudebot@anthropic.com)"
216.73.216.162 - - [07/Sep/2025:18:31:43 +0700] "GET /?p=6254 HTTP/1.0" 301 497 "-" "Mozilla/5.0 AppleWebKit/537.36 (KHTML, like Gecko; compatible; ClaudeBot/1.0; +claudebot@anthropic.com)"
216.73.216.162 - - [07/Sep/2025:18:31:44 +0700] "GET /bridging-distances-video-vs-text-on-omegle-and-ometv/ HTTP/1.0" 200 93865 "https://vattusacky.vn/?p=6254" "Mozilla/5.0 AppleWebKit/537.36 (KHTML, like Gecko; compatible; ClaudeBot/1.0; +claudebot@anthropic.com)"
216.73.216.162 - - [07/Sep/2025:18:31:47 +0700] "GET /?p=10709 HTTP/1.0" 301 519 "-" "Mozilla/5.0 AppleWebKit/537.36 (KHTML, like Gecko; compatible; ClaudeBot/1.0; +claudebot@anthropic.com)"
216.73.216.162 - - [07/Sep/2025:18:31:48 +0700] "GET /malware-review-which-antivirus-security-software-software-if-you-undertake/ HTTP/1.0" 200 73275 "https://vattusacky.vn/?p=10709" "Mozilla/5.0 AppleWebKit/537.36 (KHTML, like Gecko; compatible; ClaudeBot/1.0; +claudebot@anthropic.com)"
185.191.171.13 - - [07/Sep/2025:18:32:06 +0700] "GET /your-five-ways-to-cope-with-first-time-frame-compliments/ HTTP/1.0" 200 73610 "-" "Mozilla/5.0 (compatible; SemrushBot/7~bl; +http://www.semrush.com/bot.html)"
45.117.177.72 - - [07/Sep/2025:18:32:20 +0700] "POST /wp-cron.php?doing_wp_cron=1757244740.5635299682617187500000 HTTP/1.0" 200 416 "-" "WordPress/6.8.1; https://vattusacky.vn"
176.31.139.14 - - [07/Sep/2025:18:32:19 +0700] "GET /1win-oficialnyj-sajt-kazino-i-ego-preimushhestva-13/ HTTP/1.0" 200 231975 "-" "Mozilla/5.0 (compatible; AhrefsBot/7.0; +http://ahrefs.com/robot/)"
138.3.242.176 - - [07/Sep/2025:18:32:23 +0700] "GET /wp-json/wp/v2/posts?per_page=1&_fields=id,slug,comment_status HTTP/1.0" 200 1018 "-" "-"
85.208.96.194 - - [07/Sep/2025:18:32:37 +0700] "GET /which-random-chat-platform-is-better-omegle-or-ometv/ HTTP/1.0" 200 89295 "-" "Mozilla/5.0 (compatible; SemrushBot/7~bl; +http://www.semrush.com/bot.html)"
216.73.216.162 - - [07/Sep/2025:18:32:49 +0700] "GET /broadening-cultural-awareness-omegles-effect-on-user-perspectives/feed HTTP/1.0" 301 759 "-" "Mozilla/5.0 AppleWebKit/537.36 (KHTML, like Gecko; compatible; ClaudeBot/1.0; +claudebot@anthropic.com)"
216.73.216.162 - - [07/Sep/2025:18:32:51 +0700] "GET /broadening-cultural-awareness-omegles-effect-on-user-perspectives/feed/ HTTP/1.0" 200 1646 "https://vattusacky.vn/broadening-cultural-awareness-omegles-effect-on-user-perspectives/feed" "Mozilla/5.0 AppleWebKit/537.36 (KHTML, like Gecko; compatible; ClaudeBot/1.0; +claudebot@anthropic.com)"
216.73.216.162 - - [07/Sep/2025:18:32:53 +0700] "GET /?p=7057 HTTP/1.0" 301 504 "-" "Mozilla/5.0 AppleWebKit/537.36 (KHTML, like Gecko; compatible; ClaudeBot/1.0; +claudebot@anthropic.com)"
216.73.216.162 - - [07/Sep/2025:18:32:54 +0700] "GET /how-to-cultivate-empathy-in-a-virtual-environment-on-omegle/ HTTP/1.0" 200 92314 "https://vattusacky.vn/?p=7057" "Mozilla/5.0 AppleWebKit/537.36 (KHTML, like Gecko; compatible; ClaudeBot/1.0; +claudebot@anthropic.com)"
216.73.216.162 - - [07/Sep/2025:18:32:57 +0700] "GET /?p=10700 HTTP/1.0" 301 478 "-" "Mozilla/5.0 AppleWebKit/537.36 (KHTML, like Gecko; compatible; ClaudeBot/1.0; +claudebot@anthropic.com)"
216.73.216.162 - - [07/Sep/2025:18:32:58 +0700] "GET /types-of-organization-innovations/ HTTP/1.0" 200 72024 "https://vattusacky.vn/?p=10700" "Mozilla/5.0 AppleWebKit/537.36 (KHTML, like Gecko; compatible; ClaudeBot/1.0; +claudebot@anthropic.com)"
216.73.216.162 - - [07/Sep/2025:18:33:01 +0700] "GET /how-to-stay-safe-on-omegle-tips-and-precautions HTTP/1.0" 301 492 "-" "Mozilla/5.0 AppleWebKit/537.36 (KHTML, like Gecko; compatible; ClaudeBot/1.0; +claudebot@anthropic.com)"
216.73.216.162 - - [07/Sep/2025:18:33:02 +0700] "GET /how-to-stay-safe-on-omegle-tips-and-precautions/ HTTP/1.0" 200 89677 "https://vattusacky.vn/how-to-stay-safe-on-omegle-tips-and-precautions" "Mozilla/5.0 AppleWebKit/537.36 (KHTML, like Gecko; compatible; ClaudeBot/1.0; +claudebot@anthropic.com)"
216.73.216.162 - - [07/Sep/2025:18:33:05 +0700] "GET /?p=7018 HTTP/1.0" 301 464 "-" "Mozilla/5.0 AppleWebKit/537.36 (KHTML, like Gecko; compatible; ClaudeBot/1.0; +claudebot@anthropic.com)"
216.73.216.162 - - [07/Sep/2025:18:33:06 +0700] "GET /how-does-ometv-work/ HTTP/1.0" 200 77813 "https://vattusacky.vn/?p=7018" "Mozilla/5.0 AppleWebKit/537.36 (KHTML, like Gecko; compatible; ClaudeBot/1.0; +claudebot@anthropic.com)"
45.117.177.72 - - [07/Sep/2025:18:33:43 +0700] "POST /wp-cron.php?doing_wp_cron=1757244823.6773068904876708984375 HTTP/1.0" 200 416 "-" "WordPress/6.8.1; https://vattusacky.vn"
51.68.247.214 - - [07/Sep/2025:18:33:41 +0700] "GET /category/uncategorized/page/17/ HTTP/1.0" 200 76172 "-" "Mozilla/5.0 (compatible; AhrefsBot/7.0; +http://ahrefs.com/robot/)"
45.117.177.72 - - [07/Sep/2025:18:34:22 +0700] "POST /wp-cron.php?doing_wp_cron=1757244862.5323789119720458984375 HTTP/1.0" 200 416 "-" "WordPress/6.8.1; https://vattusacky.vn"
216.73.216.162 - - [07/Sep/2025:18:34:21 +0700] "GET /?p=10643 HTTP/1.0" 301 624 "-" "Mozilla/5.0 AppleWebKit/537.36 (KHTML, like Gecko; compatible; ClaudeBot/1.0; +claudebot@anthropic.com)"
216.73.216.162 - - [07/Sep/2025:18:34:23 +0700] "GET /piabet-bahis-analizleri-ve-puclar/ HTTP/1.0" 200 82129 "https://vattusacky.vn/?p=10643" "Mozilla/5.0 AppleWebKit/537.36 (KHTML, like Gecko; compatible; ClaudeBot/1.0; +claudebot@anthropic.com)"
216.73.216.162 - - [07/Sep/2025:18:34:25 +0700] "GET /bridging-cultural-gaps-omegles-role-in-fostering-connections/feed HTTP/1.0" 301 608 "-" "Mozilla/5.0 AppleWebKit/537.36 (KHTML, like Gecko; compatible; ClaudeBot/1.0; +claudebot@anthropic.com)"
216.73.216.162 - - [07/Sep/2025:18:34:27 +0700] "GET /bridging-cultural-gaps-omegles-role-in-fostering-connections/feed/ HTTP/1.0" 200 1631 "https://vattusacky.vn/bridging-cultural-gaps-omegles-role-in-fostering-connections/feed" "Mozilla/5.0 AppleWebKit/537.36 (KHTML, like Gecko; compatible; ClaudeBot/1.0; +claudebot@anthropic.com)"
216.73.216.162 - - [07/Sep/2025:18:34:29 +0700] "GET /author/yanz/page/178 HTTP/1.0" 301 419 "-" "Mozilla/5.0 AppleWebKit/537.36 (KHTML, like Gecko; compatible; ClaudeBot/1.0; +claudebot@anthropic.com)"
216.73.216.162 - - [07/Sep/2025:18:34:31 +0700] "GET /author/yanz/page/178/ HTTP/1.0" 200 75886 "https://vattusacky.vn/author/yanz/page/178" "Mozilla/5.0 AppleWebKit/537.36 (KHTML, like Gecko; compatible; ClaudeBot/1.0; +claudebot@anthropic.com)"
216.73.216.162 - - [07/Sep/2025:18:34:33 +0700] "GET /how-to-stay-safe-on-chatroulette HTTP/1.0" 301 477 "-" "Mozilla/5.0 AppleWebKit/537.36 (KHTML, like Gecko; compatible; ClaudeBot/1.0; +claudebot@anthropic.com)"
216.73.216.162 - - [07/Sep/2025:18:34:34 +0700] "GET /how-to-stay-safe-on-chatroulette/ HTTP/1.0" 200 90312 "https://vattusacky.vn/how-to-stay-safe-on-chatroulette" "Mozilla/5.0 AppleWebKit/537.36 (KHTML, like Gecko; compatible; ClaudeBot/1.0; +claudebot@anthropic.com)"
216.73.216.162 - - [07/Sep/2025:18:34:37 +0700] "GET /category/piabet/feed HTTP/1.0" 301 517 "-" "Mozilla/5.0 AppleWebKit/537.36 (KHTML, like Gecko; compatible; ClaudeBot/1.0; +claudebot@anthropic.com)"
216.73.216.162 - - [07/Sep/2025:18:34:38 +0700] "GET /category/piabet/feed/ HTTP/1.0" 200 22651 "https://vattusacky.vn/category/piabet/feed" "Mozilla/5.0 AppleWebKit/537.36 (KHTML, like Gecko; compatible; ClaudeBot/1.0; +claudebot@anthropic.com)"
216.73.216.162 - - [07/Sep/2025:18:34:41 +0700] "GET /?p=10696 HTTP/1.0" 301 501 "-" "Mozilla/5.0 AppleWebKit/537.36 (KHTML, like Gecko; compatible; ClaudeBot/1.0; +claudebot@anthropic.com)"
216.73.216.162 - - [07/Sep/2025:18:34:42 +0700] "GET /what-types-of-documents-ought-to-be-housed-in-data-rooms/ HTTP/1.0" 200 72536 "https://vattusacky.vn/?p=10696" "Mozilla/5.0 AppleWebKit/537.36 (KHTML, like Gecko; compatible; ClaudeBot/1.0; +claudebot@anthropic.com)"
216.73.216.162 - - [07/Sep/2025:18:34:45 +0700] "GET /?p=7062 HTTP/1.0" 301 504 "-" "Mozilla/5.0 AppleWebKit/537.36 (KHTML, like Gecko; compatible; ClaudeBot/1.0; +claudebot@anthropic.com)"
216.73.216.162 - - [07/Sep/2025:18:34:46 +0700] "GET /how-to-deal-with-trolls-and-negative-interactions-on-omegle/ HTTP/1.0" 200 90517 "https://vattusacky.vn/?p=7062" "Mozilla/5.0 AppleWebKit/537.36 (KHTML, like Gecko; compatible; ClaudeBot/1.0; +claudebot@anthropic.com)"
138.3.242.176 - - [07/Sep/2025:18:35:13 +0700] "GET /wp-json/wp/v2/posts?per_page=1&_fields=id,slug,comment_status HTTP/1.0" 200 1018 "-" "-"
45.117.177.72 - - [07/Sep/2025:18:35:18 +0700] "POST /wp-cron.php?doing_wp_cron=1757244918.1794168949127197265625 HTTP/1.0" 200 416 "-" "WordPress/6.8.1; https://vattusacky.vn"
176.31.139.9 - - [07/Sep/2025:18:35:17 +0700] "GET /pequeno-armenia-evaluacion-pequena-armenia-evaluacion/ HTTP/1.0" 200 221221 "-" "Mozilla/5.0 (compatible; AhrefsBot/7.0; +http://ahrefs.com/robot/)"
138.3.242.176 - - [07/Sep/2025:18:35:17 +0700] "POST /wp-comments-post.php HTTP/1.0" 302 1157 "-" "-"
216.244.66.237 - - [07/Sep/2025:18:35:32 +0700] "GET /inappropriate-content-on-omegle/feed/ HTTP/1.0" 200 1690 "-" "Mozilla/5.0 (compatible; DotBot/1.2; +https://opensiteexplorer.org/dotbot; help@moz.com)"
45.117.177.72 - - [07/Sep/2025:18:36:20 +0700] "POST /wp-cron.php?doing_wp_cron=1757244980.4916729927062988281250 HTTP/1.0" 200 416 "-" "WordPress/6.8.1; https://vattusacky.vn"
216.73.216.162 - - [07/Sep/2025:18:36:19 +0700] "GET /gay-kopija-10-kopija-kopija-kopija-kopija-kopija/feed HTTP/1.0" 301 742 "-" "Mozilla/5.0 AppleWebKit/537.36 (KHTML, like Gecko; compatible; ClaudeBot/1.0; +claudebot@anthropic.com)"
216.73.216.162 - - [07/Sep/2025:18:36:21 +0700] "GET /gay-kopija-10-kopija-kopija-kopija-kopija-kopija/feed/ HTTP/1.0" 200 1737 "https://vattusacky.vn/gay-kopija-10-kopija-kopija-kopija-kopija-kopija/feed" "Mozilla/5.0 AppleWebKit/537.36 (KHTML, like Gecko; compatible; ClaudeBot/1.0; +claudebot@anthropic.com)"
216.73.216.162 - - [07/Sep/2025:18:36:23 +0700] "GET /piabet-bahis-analizleri-ve-puclar/feed HTTP/1.0" 301 581 "-" "Mozilla/5.0 AppleWebKit/537.36 (KHTML, like Gecko; compatible; ClaudeBot/1.0; +claudebot@anthropic.com)"
216.73.216.162 - - [07/Sep/2025:18:36:24 +0700] "GET /piabet-bahis-analizleri-ve-puclar/feed/ HTTP/1.0" 200 1557 "https://vattusacky.vn/piabet-bahis-analizleri-ve-puclar/feed" "Mozilla/5.0 AppleWebKit/537.36 (KHTML, like Gecko; compatible; ClaudeBot/1.0; +claudebot@anthropic.com)"
216.73.216.162 - - [07/Sep/2025:18:36:27 +0700] "GET /gay-kopija-10-kopija-kopija-kopija-kopija-kopija-2/feed HTTP/1.0" 301 598 "-" "Mozilla/5.0 AppleWebKit/537.36 (KHTML, like Gecko; compatible; ClaudeBot/1.0; +claudebot@anthropic.com)"
216.73.216.162 - - [07/Sep/2025:18:36:28 +0700] "GET /gay-kopija-10-kopija-kopija-kopija-kopija-kopija-2/feed/ HTTP/1.0" 200 1741 "https://vattusacky.vn/gay-kopija-10-kopija-kopija-kopija-kopija-kopija-2/feed" "Mozilla/5.0 AppleWebKit/537.36 (KHTML, like Gecko; compatible; ClaudeBot/1.0; +claudebot@anthropic.com)"
216.73.216.162 - - [07/Sep/2025:18:36:30 +0700] "GET /10868-2 HTTP/1.0" 301 406 "-" "Mozilla/5.0 AppleWebKit/537.36 (KHTML, like Gecko; compatible; ClaudeBot/1.0; +claudebot@anthropic.com)"
216.73.216.162 - - [07/Sep/2025:18:36:32 +0700] "GET /10868-2/ HTTP/1.0" 200 72848 "https://vattusacky.vn/10868-2" "Mozilla/5.0 AppleWebKit/537.36 (KHTML, like Gecko; compatible; ClaudeBot/1.0; +claudebot@anthropic.com)"
216.73.216.162 - - [07/Sep/2025:18:36:34 +0700] "GET /category/txt/feed HTTP/1.0" 301 514 "-" "Mozilla/5.0 AppleWebKit/537.36 (KHTML, like Gecko; compatible; ClaudeBot/1.0; +claudebot@anthropic.com)"
216.73.216.162 - - [07/Sep/2025:18:36:36 +0700] "GET /category/txt/feed/ HTTP/1.0" 200 23058 "https://vattusacky.vn/category/txt/feed" "Mozilla/5.0 AppleWebKit/537.36 (KHTML, like Gecko; compatible; ClaudeBot/1.0; +claudebot@anthropic.com)"
216.73.216.162 - - [07/Sep/2025:18:36:38 +0700] "GET /breaking-the-mold-omegles-role-in-challenging-traditional-art-boundaries/feed HTTP/1.0" 301 620 "-" "Mozilla/5.0 AppleWebKit/537.36 (KHTML, like Gecko; compatible; ClaudeBot/1.0; +claudebot@anthropic.com)"
216.73.216.162 - - [07/Sep/2025:18:36:40 +0700] "GET /breaking-the-mold-omegles-role-in-challenging-traditional-art-boundaries/feed/ HTTP/1.0" 200 1667 "https://vattusacky.vn/breaking-the-mold-omegles-role-in-challenging-traditional-art-boundaries/feed" "Mozilla/5.0 AppleWebKit/537.36 (KHTML, like Gecko; compatible; ClaudeBot/1.0; +claudebot@anthropic.com)"
216.73.216.162 - - [07/Sep/2025:18:36:42 +0700] "GET /author/yanz/page/177 HTTP/1.0" 301 419 "-" "Mozilla/5.0 AppleWebKit/537.36 (KHTML, like Gecko; compatible; ClaudeBot/1.0; +claudebot@anthropic.com)"
216.73.216.162 - - [07/Sep/2025:18:36:44 +0700] "GET /author/yanz/page/177/ HTTP/1.0" 200 77040 "https://vattusacky.vn/author/yanz/page/177" "Mozilla/5.0 AppleWebKit/537.36 (KHTML, like Gecko; compatible; ClaudeBot/1.0; +claudebot@anthropic.com)"
51.75.236.151 - - [07/Sep/2025:18:36:45 +0700] "GET /category/news/page/2/ HTTP/1.0" 200 80550 "-" "Mozilla/5.0 (compatible; AhrefsBot/7.0; +http://ahrefs.com/robot/)"
138.3.242.176 - - [07/Sep/2025:18:36:55 +0700] "GET /wp-json/wp/v2/posts?per_page=1&_fields=id,slug,comment_status HTTP/1.0" 200 1018 "-" "-"
138.3.242.176 - - [07/Sep/2025:18:36:55 +0700] "GET /wp-json/wp/v2/posts?per_page=1&_fields=id,slug,comment_status HTTP/1.0" 200 1018 "-" "-"
138.3.242.176 - - [07/Sep/2025:18:37:00 +0700] "POST /wp-comments-post.php HTTP/1.0" 302 1157 "-" "-"
138.3.242.176 - - [07/Sep/2025:18:37:01 +0700] "POST /wp-comments-post.php HTTP/1.0" 429 3223 "-" "-"
138.3.242.176 - - [07/Sep/2025:18:37:02 +0700] "GET /slot-gacor-hari-ini-game-slot-dengan-volatilitas-tinggi/?unapproved=1454&moderation-hash=d66187df5e6ebc0d6fb84812380674b6 HTTP/1.0" 200 65035 "https://vattusacky.vn/wp-comments-post.php" "-"
45.117.177.72 - - [07/Sep/2025:18:38:01 +0700] "POST /wp-cron.php?doing_wp_cron=1757245080.8595519065856933593750 HTTP/1.0" 200 416 "-" "WordPress/6.8.1; https://vattusacky.vn"
216.73.216.162 - - [07/Sep/2025:18:37:59 +0700] "GET /how-to-deal-with-inappropriate-content-on-omegle/feed HTTP/1.0" 301 742 "-" "Mozilla/5.0 AppleWebKit/537.36 (KHTML, like Gecko; compatible; ClaudeBot/1.0; +claudebot@anthropic.com)"
216.73.216.162 - - [07/Sep/2025:18:38:01 +0700] "GET /how-to-deal-with-inappropriate-content-on-omegle/feed/ HTTP/1.0" 200 1595 "https://vattusacky.vn/how-to-deal-with-inappropriate-content-on-omegle/feed" "Mozilla/5.0 AppleWebKit/537.36 (KHTML, like Gecko; compatible; ClaudeBot/1.0; +claudebot@anthropic.com)"
216.73.216.162 - - [07/Sep/2025:18:38:03 +0700] "GET /how-does-ometv-work/feed HTTP/1.0" 301 567 "-" "Mozilla/5.0 AppleWebKit/537.36 (KHTML, like Gecko; compatible; ClaudeBot/1.0; +claudebot@anthropic.com)"
216.73.216.162 - - [07/Sep/2025:18:38:05 +0700] "GET /how-does-ometv-work/feed/ HTTP/1.0" 200 1508 "https://vattusacky.vn/how-does-ometv-work/feed" "Mozilla/5.0 AppleWebKit/537.36 (KHTML, like Gecko; compatible; ClaudeBot/1.0; +claudebot@anthropic.com)"
216.73.216.162 - - [07/Sep/2025:18:38:07 +0700] "GET /how-to-make-the-most-out-of-random-video-chats HTTP/1.0" 301 491 "-" "Mozilla/5.0 AppleWebKit/537.36 (KHTML, like Gecko; compatible; ClaudeBot/1.0; +claudebot@anthropic.com)"
