20.171.207.251 - - [07/Sep/2025:15:23:14 +0700] "GET /omegle-artistry-and-the-digital-renaissance-shaping-the-future-of-art/ HTTP/1.0" 200 91331 "-" "Mozilla/5.0 AppleWebKit/537.36 (KHTML, like Gecko; compatible; GPTBot/1.2; +https://openai.com/gptbot)"
45.117.177.72 - - [07/Sep/2025:15:23:55 +0700] "POST /wp-cron.php?doing_wp_cron=1757233434.9043979644775390625000 HTTP/1.0" 200 416 "-" "WordPress/6.8.1; https://vattusacky.vn"
20.171.207.251 - - [07/Sep/2025:15:23:53 +0700] "GET /the-allure-of-serendipity-in-an-age-of-deliberate-connections/ HTTP/1.0" 200 92977 "-" "Mozilla/5.0 AppleWebKit/537.36 (KHTML, like Gecko; compatible; GPTBot/1.2; +https://openai.com/gptbot)"
45.117.177.72 - - [07/Sep/2025:15:24:26 +0700] "POST /wp-cron.php?doing_wp_cron=1757233466.1035099029541015625000 HTTP/1.0" 200 416 "-" "WordPress/6.8.1; https://vattusacky.vn"
20.171.207.251 - - [07/Sep/2025:15:24:24 +0700] "GET /real-or-illusion-examining-the-authenticity-of-intimacy-on-omegle/ HTTP/1.0" 200 93228 "-" "Mozilla/5.0 AppleWebKit/537.36 (KHTML, like Gecko; compatible; GPTBot/1.2; +https://openai.com/gptbot)"
20.171.207.251 - - [07/Sep/2025:15:25:02 +0700] "GET /?p=7055 HTTP/1.0" 301 507 "-" "Mozilla/5.0 AppleWebKit/537.36 (KHTML, like Gecko; compatible; GPTBot/1.2; +https://openai.com/gptbot)"
20.171.207.251 - - [07/Sep/2025:15:25:03 +0700] "GET /how-to-connect-with-supportive-communities-on-omegle-and-ometv/ HTTP/1.0" 200 78612 "-" "Mozilla/5.0 AppleWebKit/537.36 (KHTML, like Gecko; compatible; GPTBot/1.2; +https://openai.com/gptbot)"
45.117.177.72 - - [07/Sep/2025:15:26:31 +0700] "POST /wp-cron.php?doing_wp_cron=1757233590.8322780132293701171875 HTTP/1.0" 200 416 "-" "WordPress/6.8.1; https://vattusacky.vn"
216.73.216.162 - - [07/Sep/2025:15:26:29 +0700] "GET /top-ten-most-popular-business-applications/feed HTTP/1.0" 301 736 "-" "Mozilla/5.0 AppleWebKit/537.36 (KHTML, like Gecko; compatible; ClaudeBot/1.0; +claudebot@anthropic.com)"
216.73.216.162 - - [07/Sep/2025:15:26:31 +0700] "GET /top-ten-most-popular-business-applications/feed/ HTTP/1.0" 200 1577 "https://vattusacky.vn/top-ten-most-popular-business-applications/feed" "Mozilla/5.0 AppleWebKit/537.36 (KHTML, like Gecko; compatible; ClaudeBot/1.0; +claudebot@anthropic.com)"
40.77.167.6 - - [07/Sep/2025:15:27:00 +0700] "GET /danh-muc/co-ba%CC%89n-thi-nghie%CC%A3m/may-dong-hoa-mau/feed/ HTTP/1.0" 200 41138 "-" "Mozilla/5.0 AppleWebKit/537.36 (KHTML, like Gecko; compatible; bingbot/2.0; +http://www.bing.com/bingbot.htm) Chrome/116.0.1938.76 Safari/537.36"
45.117.177.72 - - [07/Sep/2025:15:27:49 +0700] "POST /wp-cron.php?doing_wp_cron=1757233669.6961979866027832031250 HTTP/1.0" 200 416 "-" "WordPress/6.8.1; https://vattusacky.vn"
20.171.207.251 - - [07/Sep/2025:15:27:47 +0700] "GET /?p=8121 HTTP/1.0" 301 656 "-" "Mozilla/5.0 AppleWebKit/537.36 (KHTML, like Gecko; compatible; GPTBot/1.2; +https://openai.com/gptbot)"
20.171.207.251 - - [07/Sep/2025:15:27:50 +0700] "GET /real-or-illusion-examining-the-authenticity-of-intimacy-on-omegle/ HTTP/1.0" 200 93228 "-" "Mozilla/5.0 AppleWebKit/537.36 (KHTML, like Gecko; compatible; GPTBot/1.2; +https://openai.com/gptbot)"
45.117.177.72 - - [07/Sep/2025:15:28:49 +0700] "POST /wp-cron.php?doing_wp_cron=1757233728.8904058933258056640625 HTTP/1.0" 200 416 "-" "WordPress/6.8.1; https://vattusacky.vn"
20.171.207.251 - - [07/Sep/2025:15:28:45 +0700] "GET /?p=8633 HTTP/1.0" 301 510 "-" "Mozilla/5.0 AppleWebKit/537.36 (KHTML, like Gecko; compatible; GPTBot/1.2; +https://openai.com/gptbot)"
20.171.207.251 - - [07/Sep/2025:15:28:49 +0700] "GET /the-inner-workings-deciphering-the-secrets-of-omegles-random-chat/ HTTP/1.0" 200 90325 "-" "Mozilla/5.0 AppleWebKit/537.36 (KHTML, like Gecko; compatible; GPTBot/1.2; +https://openai.com/gptbot)"
20.171.207.251 - - [07/Sep/2025:15:29:12 +0700] "GET /?p=8571 HTTP/1.0" 301 502 "-" "Mozilla/5.0 AppleWebKit/537.36 (KHTML, like Gecko; compatible; GPTBot/1.2; +https://openai.com/gptbot)"
45.117.177.72 - - [07/Sep/2025:15:29:18 +0700] "POST /wp-cron.php?doing_wp_cron=1757233757.9330589771270751953125 HTTP/1.0" 200 416 "-" "WordPress/6.8.1; https://vattusacky.vn"
20.171.207.251 - - [07/Sep/2025:15:29:14 +0700] "GET /the-impact-of-social-media-integration-on-safety-measures/ HTTP/1.0" 200 95190 "-" "Mozilla/5.0 AppleWebKit/537.36 (KHTML, like Gecko; compatible; GPTBot/1.2; +https://openai.com/gptbot)"
216.73.216.162 - - [07/Sep/2025:15:29:19 +0700] "GET /kakovy-5-osnovnykh-preimushchestv-1win/feed HTTP/1.0" 301 732 "-" "Mozilla/5.0 AppleWebKit/537.36 (KHTML, like Gecko; compatible; ClaudeBot/1.0; +claudebot@anthropic.com)"
216.73.216.162 - - [07/Sep/2025:15:29:22 +0700] "GET /kakovy-5-osnovnykh-preimushchestv-1win/feed/ HTTP/1.0" 200 1586 "https://vattusacky.vn/kakovy-5-osnovnykh-preimushchestv-1win/feed" "Mozilla/5.0 AppleWebKit/537.36 (KHTML, like Gecko; compatible; ClaudeBot/1.0; +claudebot@anthropic.com)"
20.171.207.251 - - [07/Sep/2025:15:29:54 +0700] "GET /the-evolution-of-creative-partnerships-omegles-role-in-the-art-world/ HTTP/1.0" 200 92633 "-" "Mozilla/5.0 AppleWebKit/537.36 (KHTML, like Gecko; compatible; GPTBot/1.2; +https://openai.com/gptbot)"
45.117.177.72 - - [07/Sep/2025:15:30:22 +0700] "POST /wp-cron.php?doing_wp_cron=1757233822.0361740589141845703125 HTTP/1.0" 200 416 "-" "WordPress/6.8.1; https://vattusacky.vn"
20.171.207.251 - - [07/Sep/2025:15:30:19 +0700] "GET /heartwarming-laughter-bringing-joy-to-people-on-omegle-and-ometv/ HTTP/1.0" 200 88728 "-" "Mozilla/5.0 AppleWebKit/537.36 (KHTML, like Gecko; compatible; GPTBot/1.2; +https://openai.com/gptbot)"
20.171.207.251 - - [07/Sep/2025:15:31:09 +0700] "GET /?p=8308 HTTP/1.0" 301 506 "-" "Mozilla/5.0 AppleWebKit/537.36 (KHTML, like Gecko; compatible; GPTBot/1.2; +https://openai.com/gptbot)"
20.171.207.251 - - [07/Sep/2025:15:31:13 +0700] "GET /the-allure-of-serendipity-in-an-age-of-deliberate-connections/ HTTP/1.0" 200 92977 "-" "Mozilla/5.0 AppleWebKit/537.36 (KHTML, like Gecko; compatible; GPTBot/1.2; +https://openai.com/gptbot)"
45.117.177.72 - - [07/Sep/2025:15:31:44 +0700] "POST /wp-cron.php?doing_wp_cron=1757233903.8961861133575439453125 HTTP/1.0" 200 416 "-" "WordPress/6.8.1; https://vattusacky.vn"
185.191.171.5 - - [07/Sep/2025:15:31:42 +0700] "GET /analyzing-the-statistical-probabilities-of-coincidences-on-omegle/ HTTP/1.0" 200 91733 "-" "Mozilla/5.0 (compatible; SemrushBot/7~bl; +http://www.semrush.com/bot.html)"
45.117.177.72 - - [07/Sep/2025:15:32:20 +0700] "POST /wp-cron.php?doing_wp_cron=1757233940.1000709533691406250000 HTTP/1.0" 200 416 "-" "WordPress/6.8.1; https://vattusacky.vn"
216.73.216.162 - - [07/Sep/2025:15:32:18 +0700] "GET /?p=5976 HTTP/1.0" 301 629 "-" "Mozilla/5.0 AppleWebKit/537.36 (KHTML, like Gecko; compatible; ClaudeBot/1.0; +claudebot@anthropic.com)"
216.73.216.162 - - [07/Sep/2025:15:32:20 +0700] "GET /kakovy-5-osnovnykh-preimushchestv-1win/ HTTP/1.0" 200 111279 "https://vattusacky.vn/?p=5976" "Mozilla/5.0 AppleWebKit/537.36 (KHTML, like Gecko; compatible; ClaudeBot/1.0; +claudebot@anthropic.com)"
20.171.207.251 - - [07/Sep/2025:15:33:12 +0700] "GET /?p=7261 HTTP/1.0" 301 649 "-" "Mozilla/5.0 AppleWebKit/537.36 (KHTML, like Gecko; compatible; GPTBot/1.2; +https://openai.com/gptbot)"
20.171.207.251 - - [07/Sep/2025:15:33:13 +0700] "GET /navigating-the-unknown-omegle-and-the-art-of-conversations/ HTTP/1.0" 200 90853 "-" "Mozilla/5.0 AppleWebKit/537.36 (KHTML, like Gecko; compatible; GPTBot/1.2; +https://openai.com/gptbot)"
45.117.177.72 - - [07/Sep/2025:15:34:38 +0700] "POST /wp-cron.php?doing_wp_cron=1757234078.4091958999633789062500 HTTP/1.0" 200 416 "-" "WordPress/6.8.1; https://vattusacky.vn"
20.171.207.251 - - [07/Sep/2025:15:34:36 +0700] "GET /the-power-of-randomness-embracing-serendipity-on-omegle-and-ometv/ HTTP/1.0" 200 93034 "-" "Mozilla/5.0 AppleWebKit/537.36 (KHTML, like Gecko; compatible; GPTBot/1.2; +https://openai.com/gptbot)"
216.244.66.237 - - [07/Sep/2025:15:34:51 +0700] "GET /robots.txt HTTP/1.0" 200 984 "-" "Mozilla/5.0 (compatible; DotBot/1.2; +https://opensiteexplorer.org/dotbot; help@moz.com)"
216.73.216.162 - - [07/Sep/2025:15:35:13 +0700] "GET /?p=5995 HTTP/1.0" 301 633 "-" "Mozilla/5.0 AppleWebKit/537.36 (KHTML, like Gecko; compatible; ClaudeBot/1.0; +claudebot@anthropic.com)"
216.73.216.162 - - [07/Sep/2025:15:35:15 +0700] "GET /top-ten-most-popular-business-applications/ HTTP/1.0" 200 72302 "https://vattusacky.vn/?p=5995" "Mozilla/5.0 AppleWebKit/537.36 (KHTML, like Gecko; compatible; ClaudeBot/1.0; +claudebot@anthropic.com)"
45.117.177.72 - - [07/Sep/2025:15:35:20 +0700] "POST /wp-cron.php?doing_wp_cron=1757234120.1146759986877441406250 HTTP/1.0" 200 416 "-" "WordPress/6.8.1; https://vattusacky.vn"
20.171.207.251 - - [07/Sep/2025:15:35:18 +0700] "GET /the-role-of-omegle-in-overcoming-social-barriers-and-stereotypes/ HTTP/1.0" 200 78979 "-" "Mozilla/5.0 AppleWebKit/537.36 (KHTML, like Gecko; compatible; GPTBot/1.2; +https://openai.com/gptbot)"
20.171.207.251 - - [07/Sep/2025:15:36:02 +0700] "GET /the-role-of-kindness-and-compassion-in-omegles-social-experiment/ HTTP/1.0" 200 90696 "-" "Mozilla/5.0 AppleWebKit/537.36 (KHTML, like Gecko; compatible; GPTBot/1.2; +https://openai.com/gptbot)"
185.191.171.3 - - [07/Sep/2025:15:36:10 +0700] "GET /author/yanz/page/371/ HTTP/1.0" 200 82621 "-" "Mozilla/5.0 (compatible; SemrushBot/7~bl; +http://www.semrush.com/bot.html)"
45.117.177.72 - - [07/Sep/2025:15:36:31 +0700] "POST /wp-cron.php?doing_wp_cron=1757234191.3944621086120605468750 HTTP/1.0" 200 416 "-" "WordPress/6.8.1; https://vattusacky.vn"
20.171.207.251 - - [07/Sep/2025:15:36:29 +0700] "GET /?p=8704 HTTP/1.0" 301 510 "-" "Mozilla/5.0 AppleWebKit/537.36 (KHTML, like Gecko; compatible; GPTBot/1.2; +https://openai.com/gptbot)"
20.171.207.251 - - [07/Sep/2025:15:36:31 +0700] "GET /the-power-of-randomness-embracing-serendipity-on-omegle-and-ometv/ HTTP/1.0" 200 93034 "-" "Mozilla/5.0 AppleWebKit/537.36 (KHTML, like Gecko; compatible; GPTBot/1.2; +https://openai.com/gptbot)"
20.171.207.251 - - [07/Sep/2025:15:36:58 +0700] "GET /how-to-deal-with-language-barriers-on-chatroulette-and-omegle/ HTTP/1.0" 200 91872 "-" "Mozilla/5.0 AppleWebKit/537.36 (KHTML, like Gecko; compatible; GPTBot/1.2; +https://openai.com/gptbot)"
45.117.177.72 - - [07/Sep/2025:15:37:41 +0700] "POST /wp-cron.php?doing_wp_cron=1757234261.3839681148529052734375 HTTP/1.0" 200 416 "-" "WordPress/6.8.1; https://vattusacky.vn"
17.241.227.235 - - [07/Sep/2025:15:37:39 +0700] "GET /the-role-of-active-listening-in-virtual-empathy-on-omegle/ HTTP/1.0" 200 92607 "-" "Mozilla/5.0 (Macintosh; Intel Mac OS X 10_15_7) AppleWebKit/605.1.15 (KHTML, like Gecko) Version/17.4 Safari/605.1.15 (Applebot/0.1; +http://www.apple.com/go/applebot)"
20.171.207.251 - - [07/Sep/2025:15:37:40 +0700] "GET /?p=8435 HTTP/1.0" 301 513 "-" "Mozilla/5.0 AppleWebKit/537.36 (KHTML, like Gecko; compatible; GPTBot/1.2; +https://openai.com/gptbot)"
20.171.207.251 - - [07/Sep/2025:15:37:42 +0700] "GET /the-evolution-of-creative-partnerships-omegles-role-in-the-art-world/ HTTP/1.0" 200 92633 "-" "Mozilla/5.0 AppleWebKit/537.36 (KHTML, like Gecko; compatible; GPTBot/1.2; +https://openai.com/gptbot)"
45.117.177.72 - - [07/Sep/2025:15:38:37 +0700] "POST /wp-cron.php?doing_wp_cron=1757234317.3573861122131347656250 HTTP/1.0" 200 416 "-" "WordPress/6.8.1; https://vattusacky.vn"
20.171.207.251 - - [07/Sep/2025:15:38:36 +0700] "GET /omegle-and-ometv-understanding-the-motivations-and-goals-of-users/ HTTP/1.0" 200 91975 "-" "Mozilla/5.0 AppleWebKit/537.36 (KHTML, like Gecko; compatible; GPTBot/1.2; +https://openai.com/gptbot)"
20.171.207.251 - - [07/Sep/2025:15:39:11 +0700] "GET /?p=8897 HTTP/1.0" 301 509 "-" "Mozilla/5.0 AppleWebKit/537.36 (KHTML, like Gecko; compatible; GPTBot/1.2; +https://openai.com/gptbot)"
20.171.207.251 - - [07/Sep/2025:15:39:13 +0700] "GET /the-role-of-omegle-in-overcoming-social-barriers-and-stereotypes/ HTTP/1.0" 200 78979 "-" "Mozilla/5.0 AppleWebKit/537.36 (KHTML, like Gecko; compatible; GPTBot/1.2; +https://openai.com/gptbot)"
45.117.177.72 - - [07/Sep/2025:15:39:50 +0700] "POST /wp-cron.php?doing_wp_cron=1757234390.4410529136657714843750 HTTP/1.0" 200 416 "-" "WordPress/6.8.1; https://vattusacky.vn"
20.171.207.251 - - [07/Sep/2025:15:39:49 +0700] "GET /omegle-where-borders-fade-connecting-people-from-across-the-globe/ HTTP/1.0" 200 89122 "-" "Mozilla/5.0 AppleWebKit/537.36 (KHTML, like Gecko; compatible; GPTBot/1.2; +https://openai.com/gptbot)"
87.250.224.21 - - [07/Sep/2025:15:40:03 +0700] "GET /die-broken-heart-die-kunst-des-loslassens-wie-man/ HTTP/1.0" 200 104287 "-" "Mozilla/5.0 (compatible; YandexBot/3.0; +http://yandex.com/bots)"
45.117.177.72 - - [07/Sep/2025:15:40:17 +0700] "POST /wp-cron.php?doing_wp_cron=1757234417.4618310928344726562500 HTTP/1.0" 200 416 "-" "WordPress/6.8.1; https://vattusacky.vn"
20.171.207.251 - - [07/Sep/2025:15:40:16 +0700] "GET /the-power-of-collaboration-insights-from-artists-on-omegle/ HTTP/1.0" 200 90885 "-" "Mozilla/5.0 AppleWebKit/537.36 (KHTML, like Gecko; compatible; GPTBot/1.2; +https://openai.com/gptbot)"
17.241.219.188 - - [07/Sep/2025:15:40:35 +0700] "GET /omegle-music-chat-discussing-and-sharing-music-interests/ HTTP/1.0" 200 91038 "-" "Mozilla/5.0 (Macintosh; Intel Mac OS X 10_15_7) AppleWebKit/605.1.15 (KHTML, like Gecko) Version/17.4 Safari/605.1.15 (Applebot/0.1; +http://www.apple.com/go/applebot)"
43.153.74.75 - - [07/Sep/2025:15:40:38 +0700] "GET / HTTP/1.0" 301 598 "http://www.vattusacky.vn" "Mozilla/5.0 (iPhone; CPU iPhone OS 13_2_3 like Mac OS X) AppleWebKit/605.1.15 (KHTML, like Gecko) Version/13.0.3 Mobile/15E148 Safari/604.1"
43.153.74.75 - - [07/Sep/2025:15:40:41 +0700] "GET / HTTP/1.0" 200 60071 "https://www.vattusacky.vn/" "Mozilla/5.0 (iPhone; CPU iPhone OS 13_2_3 like Mac OS X) AppleWebKit/605.1.15 (KHTML, like Gecko) Version/13.0.3 Mobile/15E148 Safari/604.1"
20.171.207.251 - - [07/Sep/2025:15:40:50 +0700] "GET /the-beauty-of-collaboration-omegle-as-a-platform-for-artistic-synergy/ HTTP/1.0" 200 80035 "-" "Mozilla/5.0 AppleWebKit/537.36 (KHTML, like Gecko; compatible; GPTBot/1.2; +https://openai.com/gptbot)"
185.191.171.8 - - [07/Sep/2025:15:41:08 +0700] "GET /robots.txt HTTP/1.0" 200 984 "-" "Mozilla/5.0 (compatible; SemrushBot/7~bl; +http://www.semrush.com/bot.html)"
20.171.207.251 - - [07/Sep/2025:15:41:10 +0700] "GET /?p=6993 HTTP/1.0" 301 509 "-" "Mozilla/5.0 AppleWebKit/537.36 (KHTML, like Gecko; compatible; GPTBot/1.2; +https://openai.com/gptbot)"
185.191.171.1 - - [07/Sep/2025:15:41:10 +0700] "GET /codere-wikipedia-la-enciclopedia-libre-272/ HTTP/1.0" 200 82914 "-" "Mozilla/5.0 (compatible; SemrushBot/7~bl; +http://www.semrush.com/bot.html)"
20.171.207.251 - - [07/Sep/2025:15:41:12 +0700] "GET /heartwarming-laughter-bringing-joy-to-people-on-omegle-and-ometv/ HTTP/1.0" 200 88728 "-" "Mozilla/5.0 AppleWebKit/537.36 (KHTML, like Gecko; compatible; GPTBot/1.2; +https://openai.com/gptbot)"
45.117.177.72 - - [07/Sep/2025:15:41:49 +0700] "POST /wp-cron.php?doing_wp_cron=1757234509.4275219440460205078125 HTTP/1.0" 200 416 "-" "WordPress/6.8.1; https://vattusacky.vn"
20.171.207.251 - - [07/Sep/2025:15:41:47 +0700] "GET /unraveling-the-enigma-the-technology-of-omegle-vs-ometv-exposed/ HTTP/1.0" 200 92256 "-" "Mozilla/5.0 AppleWebKit/537.36 (KHTML, like Gecko; compatible; GPTBot/1.2; +https://openai.com/gptbot)"
45.117.177.72 - - [07/Sep/2025:15:42:20 +0700] "POST /wp-cron.php?doing_wp_cron=1757234540.5089209079742431640625 HTTP/1.0" 200 416 "-" "WordPress/6.8.1; https://vattusacky.vn"
20.171.207.251 - - [07/Sep/2025:15:42:18 +0700] "GET /?p=8871 HTTP/1.0" 301 509 "-" "Mozilla/5.0 AppleWebKit/537.36 (KHTML, like Gecko; compatible; GPTBot/1.2; +https://openai.com/gptbot)"
20.171.207.251 - - [07/Sep/2025:15:42:21 +0700] "GET /the-role-of-kindness-and-compassion-in-omegles-social-experiment/ HTTP/1.0" 200 90696 "-" "Mozilla/5.0 AppleWebKit/537.36 (KHTML, like Gecko; compatible; GPTBot/1.2; +https://openai.com/gptbot)"
40.77.167.3 - - [07/Sep/2025:15:43:02 +0700] "GET /san-pham/dau-khoan-bun-3-1-4%E2%80%B3-co-ky-hieu-signature-mud-auger/ HTTP/1.0" 200 328102 "-" "Mozilla/5.0 AppleWebKit/537.36 (KHTML, like Gecko; compatible; bingbot/2.0; +http://www.bing.com/bingbot.htm) Chrome/116.0.1938.76 Safari/537.36"
45.117.177.72 - - [07/Sep/2025:15:43:27 +0700] "POST /wp-cron.php?doing_wp_cron=1757234607.3283619880676269531250 HTTP/1.0" 200 416 "-" "WordPress/6.8.1; https://vattusacky.vn"
20.171.207.251 - - [07/Sep/2025:15:43:25 +0700] "GET /?p=7061 HTTP/1.0" 301 506 "-" "Mozilla/5.0 AppleWebKit/537.36 (KHTML, like Gecko; compatible; GPTBot/1.2; +https://openai.com/gptbot)"
20.171.207.251 - - [07/Sep/2025:15:43:27 +0700] "GET /how-to-deal-with-language-barriers-on-chatroulette-and-omegle/ HTTP/1.0" 200 91872 "-" "Mozilla/5.0 AppleWebKit/537.36 (KHTML, like Gecko; compatible; GPTBot/1.2; +https://openai.com/gptbot)"
20.171.207.251 - - [07/Sep/2025:15:44:02 +0700] "GET /?p=9143 HTTP/1.0" 301 654 "-" "Mozilla/5.0 AppleWebKit/537.36 (KHTML, like Gecko; compatible; GPTBot/1.2; +https://openai.com/gptbot)"
20.171.207.251 - - [07/Sep/2025:15:44:04 +0700] "GET /unraveling-the-enigma-the-technology-of-omegle-vs-ometv-exposed/ HTTP/1.0" 200 92256 "-" "Mozilla/5.0 AppleWebKit/537.36 (KHTML, like Gecko; compatible; GPTBot/1.2; +https://openai.com/gptbot)"
45.117.177.72 - - [07/Sep/2025:15:45:20 +0700] "POST /wp-cron.php?doing_wp_cron=1757234720.3170430660247802734375 HTTP/1.0" 200 416 "-" "WordPress/6.8.1; https://vattusacky.vn"
185.191.171.11 - - [07/Sep/2025:15:45:18 +0700] "GET /pin-ap-kazino-oficialnyj-sajt-igrat-v-onlajn/ HTTP/1.0" 200 267080 "-" "Mozilla/5.0 (compatible; SemrushBot/7~bl; +http://www.semrush.com/bot.html)"
20.171.207.251 - - [07/Sep/2025:15:45:22 +0700] "GET /?p=8691 HTTP/1.0" 301 503 "-" "Mozilla/5.0 AppleWebKit/537.36 (KHTML, like Gecko; compatible; GPTBot/1.2; +https://openai.com/gptbot)"
20.171.207.251 - - [07/Sep/2025:15:45:24 +0700] "GET /the-power-of-collaboration-insights-from-artists-on-omegle/ HTTP/1.0" 200 90885 "-" "Mozilla/5.0 AppleWebKit/537.36 (KHTML, like Gecko; compatible; GPTBot/1.2; +https://openai.com/gptbot)"
89.44.58.112 - - [07/Sep/2025:15:45:44 +0700] "GET /wp-json/wp/v2/posts?slug=/how-you-can-date-delightful-single-latina-women/ HTTP/1.0" 200 183295 "-" "-"
89.44.58.112 - - [07/Sep/2025:15:45:47 +0700] "POST /wp-comments-post.php HTTP/1.0" 302 1149 "-" "-"
89.44.58.112 - - [07/Sep/2025:15:45:55 +0700] "GET /how-you-can-date-delightful-single-latina-women/?unapproved=1447&moderation-hash=0beffbf225f9f8d3b23b83076ad540b9 HTTP/1.0" 200 208543 "-" "-"
216.73.216.162 - - [07/Sep/2025:15:46:13 +0700] "GET /exploring-the-gambling-opportunities-at-ruby-fortune-nz/feed HTTP/1.0" 301 749 "-" "Mozilla/5.0 AppleWebKit/537.36 (KHTML, like Gecko; compatible; ClaudeBot/1.0; +claudebot@anthropic.com)"
216.73.216.162 - - [07/Sep/2025:15:46:13 +0700] "GET /sitemap_index.xml HTTP/1.0" 200 2426 "-" "Mozilla/5.0 AppleWebKit/537.36 (KHTML, like Gecko; compatible; ClaudeBot/1.0; +claudebot@anthropic.com)"
216.73.216.162 - - [07/Sep/2025:15:46:15 +0700] "GET /exploring-the-gambling-opportunities-at-ruby-fortune-nz/feed/ HTTP/1.0" 200 1616 "https://vattusacky.vn/exploring-the-gambling-opportunities-at-ruby-fortune-nz/feed" "Mozilla/5.0 AppleWebKit/537.36 (KHTML, like Gecko; compatible; ClaudeBot/1.0; +claudebot@anthropic.com)"
45.117.177.72 - - [07/Sep/2025:15:46:37 +0700] "POST /wp-cron.php?doing_wp_cron=1757234796.8194959163665771484375 HTTP/1.0" 200 416 "-" "WordPress/6.8.1; https://vattusacky.vn"
20.171.207.251 - - [07/Sep/2025:15:46:35 +0700] "GET /how-to-maintain-and-nurture-relationships-on-omegle-and-ometv/ HTTP/1.0" 200 93287 "-" "Mozilla/5.0 AppleWebKit/537.36 (KHTML, like Gecko; compatible; GPTBot/1.2; +https://openai.com/gptbot)"
45.117.177.72 - - [07/Sep/2025:15:47:44 +0700] "POST /wp-cron.php?doing_wp_cron=1757234864.3786499500274658203125 HTTP/1.0" 200 416 "-" "WordPress/6.8.1; https://vattusacky.vn"
20.171.207.251 - - [07/Sep/2025:15:47:42 +0700] "GET /?p=7456 HTTP/1.0" 301 510 "-" "Mozilla/5.0 AppleWebKit/537.36 (KHTML, like Gecko; compatible; GPTBot/1.2; +https://openai.com/gptbot)"
20.171.207.251 - - [07/Sep/2025:15:47:44 +0700] "GET /omegle-and-ometv-understanding-the-motivations-and-goals-of-users/ HTTP/1.0" 200 91829 "-" "Mozilla/5.0 AppleWebKit/537.36 (KHTML, like Gecko; compatible; GPTBot/1.2; +https://openai.com/gptbot)"
20.171.207.251 - - [07/Sep/2025:15:48:14 +0700] "GET /?p=7801 HTTP/1.0" 301 510 "-" "Mozilla/5.0 AppleWebKit/537.36 (KHTML, like Gecko; compatible; GPTBot/1.2; +https://openai.com/gptbot)"
45.117.177.72 - - [07/Sep/2025:15:48:18 +0700] "POST /wp-cron.php?doing_wp_cron=1757234898.5108990669250488281250 HTTP/1.0" 200 416 "-" "WordPress/6.8.1; https://vattusacky.vn"
20.171.207.251 - - [07/Sep/2025:15:48:16 +0700] "GET /omegle-where-borders-fade-connecting-people-from-across-the-globe/ HTTP/1.0" 200 89122 "-" "Mozilla/5.0 AppleWebKit/537.36 (KHTML, like Gecko; compatible; GPTBot/1.2; +https://openai.com/gptbot)"
216.73.216.162 - - [07/Sep/2025:15:48:20 +0700] "GET /?p=5980 HTTP/1.0" 301 646 "-" "Mozilla/5.0 AppleWebKit/537.36 (KHTML, like Gecko; compatible; ClaudeBot/1.0; +claudebot@anthropic.com)"
216.73.216.162 - - [07/Sep/2025:15:48:22 +0700] "GET /exploring-the-gambling-opportunities-at-ruby-fortune-nz/ HTTP/1.0" 200 76861 "https://vattusacky.vn/?p=5980" "Mozilla/5.0 AppleWebKit/537.36 (KHTML, like Gecko; compatible; ClaudeBot/1.0; +claudebot@anthropic.com)"
20.171.207.251 - - [07/Sep/2025:15:48:35 +0700] "GET /omegle-and-ometv-how-anonymous-chatting-apps-affect-mental-health/ HTTP/1.0" 200 90875 "-" "Mozilla/5.0 AppleWebKit/537.36 (KHTML, like Gecko; compatible; GPTBot/1.2; +https://openai.com/gptbot)"
98.82.39.241 - - [07/Sep/2025:15:49:12 +0700] "GET /the-risks-of-on-line-relationships/ HTTP/1.0" 200 208120 "-" "Mozilla/5.0 AppleWebKit/537.36 (KHTML, like Gecko; compatible; Amazonbot/0.1; +https://developer.amazon.com/support/amazonbot) Chrome/119.0.6045.214 Safari/537.36"
45.117.177.72 - - [07/Sep/2025:15:49:19 +0700] "POST /wp-cron.php?doing_wp_cron=1757234958.7442219257354736328125 HTTP/1.0" 200 416 "-" "WordPress/6.8.1; https://vattusacky.vn"
20.171.207.251 - - [07/Sep/2025:15:49:17 +0700] "GET /the-social-impact-of-omegle-and-ometv-connecting-people-worldwide/ HTTP/1.0" 200 94284 "-" "Mozilla/5.0 AppleWebKit/537.36 (KHTML, like Gecko; compatible; GPTBot/1.2; +https://openai.com/gptbot)"
107.22.208.39 - - [07/Sep/2025:15:49:20 +0700] "GET /ethereum-to-dollar-eth-to-usd-exchange-rate-find/ HTTP/1.0" 200 311886 "-" "Mozilla/5.0 AppleWebKit/537.36 (KHTML, like Gecko; compatible; Amazonbot/0.1; +https://developer.amazon.com/support/amazonbot) Chrome/119.0.6045.214 Safari/537.36"
54.157.84.74 - - [07/Sep/2025:15:49:21 +0700] "GET /points-to-know-about-asian-women/ HTTP/1.0" 200 209891 "-" "Mozilla/5.0 AppleWebKit/537.36 (KHTML, like Gecko; compatible; Amazonbot/0.1; +https://developer.amazon.com/support/amazonbot) Chrome/119.0.6045.214 Safari/537.36"
86.98.139.89 - - [07/Sep/2025:15:50:28 +0700] "GET /wp-json/wp/v2/posts?slug=/how-you-can-date-delightful-single-latina-women/ HTTP/1.0" 200 183295 "-" "-"
20.171.207.251 - - [07/Sep/2025:15:50:24 +0700] "GET /the-dark-side-of-omegle-dealing-with-inappropriate-and-offensive-chats/ HTTP/1.0" 200 89974 "-" "Mozilla/5.0 AppleWebKit/537.36 (KHTML, like Gecko; compatible; GPTBot/1.2; +https://openai.com/gptbot)"
86.98.139.89 - - [07/Sep/2025:15:50:31 +0700] "POST /wp-comments-post.php HTTP/1.0" 302 1149 "-" "-"
86.98.139.89 - - [07/Sep/2025:15:50:34 +0700] "GET /how-you-can-date-delightful-single-latina-women/?unapproved=1448&moderation-hash=58df86c46e6222a53733cef3c67067c0 HTTP/1.0" 200 208543 "-" "-"
20.171.207.251 - - [07/Sep/2025:15:51:22 +0700] "GET /?p=8336 HTTP/1.0" 301 514 "-" "Mozilla/5.0 AppleWebKit/537.36 (KHTML, like Gecko; compatible; GPTBot/1.2; +https://openai.com/gptbot)"
20.171.207.251 - - [07/Sep/2025:15:51:24 +0700] "GET /the-beauty-of-collaboration-omegle-as-a-platform-for-artistic-synergy/ HTTP/1.0" 200 80035 "-" "Mozilla/5.0 AppleWebKit/537.36 (KHTML, like Gecko; compatible; GPTBot/1.2; +https://openai.com/gptbot)"
45.117.177.72 - - [07/Sep/2025:15:52:15 +0700] "POST /wp-cron.php?doing_wp_cron=1757235135.6723210811614990234375 HTTP/1.0" 200 416 "-" "WordPress/6.8.1; https://vattusacky.vn"
20.171.207.251 - - [07/Sep/2025:15:52:14 +0700] "GET /the-importance-of-resilience-in-networking-on-omegle-and-ometv/ HTTP/1.0" 200 92087 "-" "Mozilla/5.0 AppleWebKit/537.36 (KHTML, like Gecko; compatible; GPTBot/1.2; +https://openai.com/gptbot)"
85.208.96.202 - - [07/Sep/2025:15:52:40 +0700] "GET /category/uncategorized/page/255/ HTTP/1.0" 200 76809 "-" "Mozilla/5.0 (compatible; SemrushBot/7~bl; +http://www.semrush.com/bot.html)"
20.171.207.251 - - [07/Sep/2025:15:52:41 +0700] "GET /?p=8384 HTTP/1.0" 301 515 "-" "Mozilla/5.0 AppleWebKit/537.36 (KHTML, like Gecko; compatible; GPTBot/1.2; +https://openai.com/gptbot)"
20.171.207.251 - - [07/Sep/2025:15:52:42 +0700] "GET /the-dark-side-of-omegle-dealing-with-inappropriate-and-offensive-chats/ HTTP/1.0" 200 89974 "-" "Mozilla/5.0 AppleWebKit/537.36 (KHTML, like Gecko; compatible; GPTBot/1.2; +https://openai.com/gptbot)"
20.171.207.251 - - [07/Sep/2025:15:53:13 +0700] "GET /?p=8972 HTTP/1.0" 301 510 "-" "Mozilla/5.0 AppleWebKit/537.36 (KHTML, like Gecko; compatible; GPTBot/1.2; +https://openai.com/gptbot)"
20.171.207.251 - - [07/Sep/2025:15:53:15 +0700] "GET /the-social-impact-of-omegle-and-ometv-connecting-people-worldwide/ HTTP/1.0" 200 94138 "-" "Mozilla/5.0 AppleWebKit/537.36 (KHTML, like Gecko; compatible; GPTBot/1.2; +https://openai.com/gptbot)"
45.117.177.72 - - [07/Sep/2025:15:54:04 +0700] "POST /wp-cron.php?doing_wp_cron=1757235243.8888390064239501953125 HTTP/1.0" 200 416 "-" "WordPress/6.8.1; https://vattusacky.vn"
20.171.207.251 - - [07/Sep/2025:15:54:02 +0700] "GET /unlocking-the-secrets-of-omegle-lesser-known-features-and-tricks/ HTTP/1.0" 200 88501 "-" "Mozilla/5.0 AppleWebKit/537.36 (KHTML, like Gecko; compatible; GPTBot/1.2; +https://openai.com/gptbot)"
45.117.177.72 - - [07/Sep/2025:15:54:29 +0700] "POST /wp-cron.php?doing_wp_cron=1757235269.3348009586334228515625 HTTP/1.0" 200 416 "-" "WordPress/6.8.1; https://vattusacky.vn"
20.171.207.251 - - [07/Sep/2025:15:54:28 +0700] "GET /the-impact-of-omegle-on-societal-norms-and-traditional-values/ HTTP/1.0" 200 91726 "-" "Mozilla/5.0 AppleWebKit/537.36 (KHTML, like Gecko; compatible; GPTBot/1.2; +https://openai.com/gptbot)"
85.208.96.199 - - [07/Sep/2025:15:55:14 +0700] "GET /igra-luckyjet-2023-kak-rabotaet-taktika-igry/ HTTP/1.0" 200 222475 "-" "Mozilla/5.0 (compatible; SemrushBot/7~bl; +http://www.semrush.com/bot.html)"
45.117.177.72 - - [07/Sep/2025:15:55:22 +0700] "POST /wp-cron.php?doing_wp_cron=1757235322.1292738914489746093750 HTTP/1.0" 200 416 "-" "WordPress/6.8.1; https://vattusacky.vn"
20.171.207.251 - - [07/Sep/2025:15:55:20 +0700] "GET /omegle-and-the-impact-of-gender-dynamics-in-online-conversations/ HTTP/1.0" 200 90883 "-" "Mozilla/5.0 AppleWebKit/537.36 (KHTML, like Gecko; compatible; GPTBot/1.2; +https://openai.com/gptbot)"
45.117.177.72 - - [07/Sep/2025:15:56:19 +0700] "POST /wp-cron.php?doing_wp_cron=1757235379.1691229343414306640625 HTTP/1.0" 200 416 "-" "WordPress/6.8.1; https://vattusacky.vn"
20.171.207.251 - - [07/Sep/2025:15:56:17 +0700] "GET /?p=7442 HTTP/1.0" 301 510 "-" "Mozilla/5.0 AppleWebKit/537.36 (KHTML, like Gecko; compatible; GPTBot/1.2; +https://openai.com/gptbot)"
20.171.207.251 - - [07/Sep/2025:15:56:19 +0700] "GET /omegle-and-ometv-how-anonymous-chatting-apps-affect-mental-health/ HTTP/1.0" 200 90875 "-" "Mozilla/5.0 AppleWebKit/537.36 (KHTML, like Gecko; compatible; GPTBot/1.2; +https://openai.com/gptbot)"
45.117.177.72 - - [07/Sep/2025:15:57:24 +0700] "POST /wp-cron.php?doing_wp_cron=1757235444.4896728992462158203125 HTTP/1.0" 200 416 "-" "WordPress/6.8.1; https://vattusacky.vn"
20.171.207.251 - - [07/Sep/2025:15:57:22 +0700] "GET /?p=7074 HTTP/1.0" 301 506 "-" "Mozilla/5.0 AppleWebKit/537.36 (KHTML, like Gecko; compatible; GPTBot/1.2; +https://openai.com/gptbot)"
20.171.207.251 - - [07/Sep/2025:15:57:25 +0700] "GET /how-to-maintain-and-nurture-relationships-on-omegle-and-ometv/ HTTP/1.0" 200 93287 "-" "Mozilla/5.0 AppleWebKit/537.36 (KHTML, like Gecko; compatible; GPTBot/1.2; +https://openai.com/gptbot)"
20.171.207.251 - - [07/Sep/2025:15:58:02 +0700] "GET /omegles-impact-on-mental-well-being-positive-and-negative-effects/ HTTP/1.0" 200 92425 "-" "Mozilla/5.0 AppleWebKit/537.36 (KHTML, like Gecko; compatible; GPTBot/1.2; +https://openai.com/gptbot)"
45.117.177.72 - - [07/Sep/2025:15:58:43 +0700] "POST /wp-cron.php?doing_wp_cron=1757235523.5351750850677490234375 HTTP/1.0" 200 416 "-" "WordPress/6.8.1; https://vattusacky.vn"
20.171.207.251 - - [07/Sep/2025:15:58:42 +0700] "GET /how-omegle-and-ometv-are-reshaping-communication-in-the-digital-age/ HTTP/1.0" 200 93114 "-" "Mozilla/5.0 AppleWebKit/537.36 (KHTML, like Gecko; compatible; GPTBot/1.2; +https://openai.com/gptbot)"
216.73.216.162 - - [07/Sep/2025:15:59:13 +0700] "GET /robots.txt HTTP/1.0" 200 984 "-" "Mozilla/5.0 AppleWebKit/537.36 (KHTML, like Gecko; compatible; ClaudeBot/1.0; +claudebot@anthropic.com)"
216.73.216.162 - - [07/Sep/2025:15:59:16 +0700] "GET /?p=2095 HTTP/1.0" 301 474 "-" "Mozilla/5.0 AppleWebKit/537.36 (KHTML, like Gecko; compatible; ClaudeBot/1.0; +claudebot@anthropic.com)"
216.73.216.162 - - [07/Sep/2025:15:59:16 +0700] "GET /?p=3647 HTTP/1.0" 301 494 "-" "Mozilla/5.0 AppleWebKit/537.36 (KHTML, like Gecko; compatible; ClaudeBot/1.0; +claudebot@anthropic.com)"
20.171.207.251 - - [07/Sep/2025:15:59:18 +0700] "GET /?p=9125 HTTP/1.0" 301 509 "-" "Mozilla/5.0 AppleWebKit/537.36 (KHTML, like Gecko; compatible; GPTBot/1.2; +https://openai.com/gptbot)"
216.73.216.162 - - [07/Sep/2025:15:59:22 +0700] "GET /best-bollinger-bands-settings/ HTTP/1.0" 503 33095 "https://vattusacky.vn/?p=2095" "Mozilla/5.0 AppleWebKit/537.36 (KHTML, like Gecko; compatible; ClaudeBot/1.0; +claudebot@anthropic.com)"
216.73.216.162 - - [07/Sep/2025:15:59:22 +0700] "GET /fedor-smolov-vstrechaetsja-s-karinoj-istominoj-16/ HTTP/1.0" 503 8456 "https://vattusacky.vn/?p=3647" "Mozilla/5.0 AppleWebKit/537.36 (KHTML, like Gecko; compatible; ClaudeBot/1.0; +claudebot@anthropic.com)"
20.171.207.251 - - [07/Sep/2025:15:59:24 +0700] "GET /unlocking-the-secrets-of-omegle-lesser-known-features-and-tricks/ HTTP/1.0" 200 88501 "-" "Mozilla/5.0 AppleWebKit/537.36 (KHTML, like Gecko; compatible; GPTBot/1.2; +https://openai.com/gptbot)"
20.171.207.251 - - [07/Sep/2025:15:59:52 +0700] "GET /?p=8553 HTTP/1.0" 301 652 "-" "Mozilla/5.0 AppleWebKit/537.36 (KHTML, like Gecko; compatible; GPTBot/1.2; +https://openai.com/gptbot)"
20.171.207.251 - - [07/Sep/2025:15:59:56 +0700] "GET /the-impact-of-omegle-on-societal-norms-and-traditional-values/ HTTP/1.0" 200 91580 "-" "Mozilla/5.0 AppleWebKit/537.36 (KHTML, like Gecko; compatible; GPTBot/1.2; +https://openai.com/gptbot)"
216.73.216.162 - - [07/Sep/2025:15:59:57 +0700] "GET /maksim-krippa-strategija-bystrogo-i-bezopasnogo-1445/feed HTTP/1.0" 301 746 "-" "Mozilla/5.0 AppleWebKit/537.36 (KHTML, like Gecko; compatible; ClaudeBot/1.0; +claudebot@anthropic.com)"
216.73.216.162 - - [07/Sep/2025:15:59:57 +0700] "GET /most-intimate-thing-you-actually-ever-done HTTP/1.0" 301 633 "-" "Mozilla/5.0 AppleWebKit/537.36 (KHTML, like Gecko; compatible; ClaudeBot/1.0; +claudebot@anthropic.com)"
216.73.216.162 - - [07/Sep/2025:16:00:01 +0700] "GET /maksim-krippa-strategija-bystrogo-i-bezopasnogo-1445/feed/ HTTP/1.0" 200 1661 "https://vattusacky.vn/maksim-krippa-strategija-bystrogo-i-bezopasnogo-1445/feed" "Mozilla/5.0 AppleWebKit/537.36 (KHTML, like Gecko; compatible; ClaudeBot/1.0; +claudebot@anthropic.com)"
216.73.216.162 - - [07/Sep/2025:16:00:04 +0700] "GET /most-intimate-thing-you-actually-ever-done/ HTTP/1.0" 200 204791 "https://vattusacky.vn/most-intimate-thing-you-actually-ever-done" "Mozilla/5.0 AppleWebKit/537.36 (KHTML, like Gecko; compatible; ClaudeBot/1.0; +claudebot@anthropic.com)"
45.117.177.72 - - [07/Sep/2025:16:00:58 +0700] "POST /wp-cron.php?doing_wp_cron=1757235658.7145760059356689453125 HTTP/1.0" 200 416 "-" "WordPress/6.8.1; https://vattusacky.vn"
20.171.207.251 - - [07/Sep/2025:16:00:56 +0700] "GET /the-art-of-flirting-on-omegle-tips-for-building-romantic-connections/ HTTP/1.0" 200 92908 "-" "Mozilla/5.0 AppleWebKit/537.36 (KHTML, like Gecko; compatible; GPTBot/1.2; +https://openai.com/gptbot)"
216.73.216.162 - - [07/Sep/2025:16:01:29 +0700] "GET /fedor-smolov-vstrechaetsja-s-karinoj-istominoj-16/feed HTTP/1.0" 301 743 "-" "Mozilla/5.0 AppleWebKit/537.36 (KHTML, like Gecko; compatible; ClaudeBot/1.0; +claudebot@anthropic.com)"
45.117.177.72 - - [07/Sep/2025:16:01:33 +0700] "POST /wp-cron.php?doing_wp_cron=1757235693.0815949440002441406250 HTTP/1.0" 200 416 "-" "WordPress/6.8.1; https://vattusacky.vn"
216.73.216.162 - - [07/Sep/2025:16:01:29 +0700] "GET /online-you-can-make-real-money HTTP/1.0" 301 575 "-" "Mozilla/5.0 AppleWebKit/537.36 (KHTML, like Gecko; compatible; ClaudeBot/1.0; +claudebot@anthropic.com)"
216.73.216.162 - - [07/Sep/2025:16:01:33 +0700] "GET /online-you-can-make-real-money/ HTTP/1.0" 200 207147 "https://vattusacky.vn/online-you-can-make-real-money" "Mozilla/5.0 AppleWebKit/537.36 (KHTML, like Gecko; compatible; ClaudeBot/1.0; +claudebot@anthropic.com)"
216.73.216.162 - - [07/Sep/2025:16:01:33 +0700] "GET /fedor-smolov-vstrechaetsja-s-karinoj-istominoj-16/feed/ HTTP/1.0" 200 1737 "https://vattusacky.vn/fedor-smolov-vstrechaetsja-s-karinoj-istominoj-16/feed" "Mozilla/5.0 AppleWebKit/537.36 (KHTML, like Gecko; compatible; ClaudeBot/1.0; +claudebot@anthropic.com)"
20.171.207.251 - - [07/Sep/2025:16:02:05 +0700] "GET /?p=8607 HTTP/1.0" 301 507 "-" "Mozilla/5.0 AppleWebKit/537.36 (KHTML, like Gecko; compatible; GPTBot/1.2; +https://openai.com/gptbot)"
20.171.207.251 - - [07/Sep/2025:16:02:07 +0700] "GET /the-importance-of-resilience-in-networking-on-omegle-and-ometv/ HTTP/1.0" 200 92087 "-" "Mozilla/5.0 AppleWebKit/537.36 (KHTML, like Gecko; compatible; GPTBot/1.2; +https://openai.com/gptbot)"
45.117.177.72 - - [07/Sep/2025:16:02:22 +0700] "POST /wp-cron.php?doing_wp_cron=1757235741.7154769897460937500000 HTTP/1.0" 200 416 "-" "WordPress/6.8.1; https://vattusacky.vn"
216.73.216.162 - - [07/Sep/2025:16:02:18 +0700] "GET /tin-dung-24-tienoi-gio-tren-internet/feed HTTP/1.0" 301 730 "-" "Mozilla/5.0 AppleWebKit/537.36 (KHTML, like Gecko; compatible; ClaudeBot/1.0; +claudebot@anthropic.com)"
216.73.216.162 - - [07/Sep/2025:16:02:18 +0700] "GET /best-bollinger-bands-settings/feed HTTP/1.0" 301 723 "-" "Mozilla/5.0 AppleWebKit/537.36 (KHTML, like Gecko; compatible; ClaudeBot/1.0; +claudebot@anthropic.com)"
216.73.216.162 - - [07/Sep/2025:16:02:22 +0700] "GET /tin-dung-24-tienoi-gio-tren-internet/feed/ HTTP/1.0" 200 1565 "https://vattusacky.vn/tin-dung-24-tienoi-gio-tren-internet/feed" "Mozilla/5.0 AppleWebKit/537.36 (KHTML, like Gecko; compatible; ClaudeBot/1.0; +claudebot@anthropic.com)"
216.73.216.162 - - [07/Sep/2025:16:02:23 +0700] "GET /best-bollinger-bands-settings/feed/ HTTP/1.0" 200 1538 "https://vattusacky.vn/best-bollinger-bands-settings/feed" "Mozilla/5.0 AppleWebKit/537.36 (KHTML, like Gecko; compatible; ClaudeBot/1.0; +claudebot@anthropic.com)"
216.244.66.237 - - [07/Sep/2025:16:02:50 +0700] "GET /omegle-and-ometv-investigating-the-impact-on-self-esteem-and-social-anxiety/feed/ HTTP/1.0" 200 1822 "-" "Mozilla/5.0 (compatible; DotBot/1.2; +https://opensiteexplorer.org/dotbot; help@moz.com)"
20.171.207.251 - - [07/Sep/2025:16:02:55 +0700] "GET /strategies-for-building-an-engaged-network-on-omegle-and-ometv/ HTTP/1.0" 200 91696 "-" "Mozilla/5.0 AppleWebKit/537.36 (KHTML, like Gecko; compatible; GPTBot/1.2; +https://openai.com/gptbot)"
45.117.177.72 - - [07/Sep/2025:16:03:50 +0700] "POST /wp-cron.php?doing_wp_cron=1757235830.5333209037780761718750 HTTP/1.0" 200 416 "-" "WordPress/6.8.1; https://vattusacky.vn"
216.73.216.162 - - [07/Sep/2025:16:03:46 +0700] "GET /6-symptoms-you-and-your-spouse-are-ready-for-a-pet/feed HTTP/1.0" 301 744 "-" "Mozilla/5.0 AppleWebKit/537.36 (KHTML, like Gecko; compatible; ClaudeBot/1.0; +claudebot@anthropic.com)"
20.171.207.251 - - [07/Sep/2025:16:03:47 +0700] "GET /the-psychology-behind-mind-games-on-omegle-unveiling-the-secrets/ HTTP/1.0" 200 94395 "-" "Mozilla/5.0 AppleWebKit/537.36 (KHTML, like Gecko; compatible; GPTBot/1.2; +https://openai.com/gptbot)"
216.73.216.162 - - [07/Sep/2025:16:03:51 +0700] "GET /6-symptoms-you-and-your-spouse-are-ready-for-a-pet/feed/ HTTP/1.0" 200 1601 "https://vattusacky.vn/6-symptoms-you-and-your-spouse-are-ready-for-a-pet/feed" "Mozilla/5.0 AppleWebKit/537.36 (KHTML, like Gecko; compatible; ClaudeBot/1.0; +claudebot@anthropic.com)"
45.117.177.72 - - [07/Sep/2025:16:04:24 +0700] "POST /wp-cron.php?doing_wp_cron=1757235863.8689839839935302734375 HTTP/1.0" 200 416 "-" "WordPress/6.8.1; https://vattusacky.vn"
20.171.207.251 - - [07/Sep/2025:16:04:21 +0700] "GET /how-do-omegle-and-ometv-pair-users-together-an-algorithmic-perspective/ HTTP/1.0" 200 91150 "-" "Mozilla/5.0 AppleWebKit/537.36 (KHTML, like Gecko; compatible; GPTBot/1.2; +https://openai.com/gptbot)"
216.73.216.162 - - [07/Sep/2025:16:04:42 +0700] "GET /troubleshoot-and-fix-device-driver-problems-for HTTP/1.0" 301 638 "-" "Mozilla/5.0 AppleWebKit/537.36 (KHTML, like Gecko; compatible; ClaudeBot/1.0; +claudebot@anthropic.com)"
216.73.216.162 - - [07/Sep/2025:16:04:42 +0700] "GET /?p=3432 HTTP/1.0" 301 643 "-" "Mozilla/5.0 AppleWebKit/537.36 (KHTML, like Gecko; compatible; ClaudeBot/1.0; +claudebot@anthropic.com)"
216.73.216.162 - - [07/Sep/2025:16:04:44 +0700] "GET /troubleshoot-and-fix-device-driver-problems-for/ HTTP/1.0" 200 224909 "https://vattusacky.vn/troubleshoot-and-fix-device-driver-problems-for" "Mozilla/5.0 AppleWebKit/537.36 (KHTML, like Gecko; compatible; ClaudeBot/1.0; +claudebot@anthropic.com)"
216.73.216.162 - - [07/Sep/2025:16:04:48 +0700] "GET /maksim-krippa-strategija-bystrogo-i-bezopasnogo-1445/ HTTP/1.0" 200 263578 "https://vattusacky.vn/?p=3432" "Mozilla/5.0 AppleWebKit/537.36 (KHTML, like Gecko; compatible; ClaudeBot/1.0; +claudebot@anthropic.com)"
20.171.207.251 - - [07/Sep/2025:16:05:06 +0700] "GET /the-role-of-omegle-in-combating-social-alienation-and-exclusion/ HTTP/1.0" 200 92826 "-" "Mozilla/5.0 AppleWebKit/537.36 (KHTML, like Gecko; compatible; GPTBot/1.2; +https://openai.com/gptbot)"
45.117.177.72 - - [07/Sep/2025:16:05:35 +0700] "POST /wp-cron.php?doing_wp_cron=1757235934.7207090854644775390625 HTTP/1.0" 200 416 "-" "WordPress/6.8.1; https://vattusacky.vn"
216.73.216.162 - - [07/Sep/2025:16:05:32 +0700] "GET /?p=3145 HTTP/1.0" 301 641 "-" "Mozilla/5.0 AppleWebKit/537.36 (KHTML, like Gecko; compatible; ClaudeBot/1.0; +claudebot@anthropic.com)"
216.73.216.162 - - [07/Sep/2025:16:05:32 +0700] "GET /?p=2672 HTTP/1.0" 301 627 "-" "Mozilla/5.0 AppleWebKit/537.36 (KHTML, like Gecko; compatible; ClaudeBot/1.0; +claudebot@anthropic.com)"
216.73.216.162 - - [07/Sep/2025:16:05:35 +0700] "GET /6-symptoms-you-and-your-spouse-are-ready-for-a-pet/ HTTP/1.0" 200 210551 "https://vattusacky.vn/?p=3145" "Mozilla/5.0 AppleWebKit/537.36 (KHTML, like Gecko; compatible; ClaudeBot/1.0; +claudebot@anthropic.com)"
216.73.216.162 - - [07/Sep/2025:16:05:36 +0700] "GET /tin-dung-24-tienoi-gio-tren-internet/ HTTP/1.0" 200 211868 "https://vattusacky.vn/?p=2672" "Mozilla/5.0 AppleWebKit/537.36 (KHTML, like Gecko; compatible; ClaudeBot/1.0; +claudebot@anthropic.com)"
20.171.207.251 - - [07/Sep/2025:16:06:03 +0700] "GET /?p=7836 HTTP/1.0" 301 510 "-" "Mozilla/5.0 AppleWebKit/537.36 (KHTML, like Gecko; compatible; GPTBot/1.2; +https://openai.com/gptbot)"
20.171.207.251 - - [07/Sep/2025:16:06:05 +0700] "GET /omegles-impact-on-mental-well-being-positive-and-negative-effects/ HTTP/1.0" 200 92425 "-" "Mozilla/5.0 AppleWebKit/537.36 (KHTML, like Gecko; compatible; GPTBot/1.2; +https://openai.com/gptbot)"
45.117.177.72 - - [07/Sep/2025:16:06:29 +0700] "POST /wp-cron.php?doing_wp_cron=1757235988.9659280776977539062500 HTTP/1.0" 200 416 "-" "WordPress/6.8.1; https://vattusacky.vn"
185.191.171.11 - - [07/Sep/2025:16:06:25 +0700] "GET /mostbet-top-kazino-kazino-bonusy-igrovye-demo-2/ HTTP/1.0" 200 103806 "-" "Mozilla/5.0 (compatible; SemrushBot/7~bl; +http://www.semrush.com/bot.html)"
216.73.216.162 - - [07/Sep/2025:16:07:07 +0700] "GET /internet-dating-report-females-wish-the-younger-men HTTP/1.0" 301 642 "-" "Mozilla/5.0 AppleWebKit/537.36 (KHTML, like Gecko; compatible; ClaudeBot/1.0; +claudebot@anthropic.com)"
216.73.216.162 - - [07/Sep/2025:16:07:11 +0700] "GET /internet-dating-report-females-wish-the-younger-men/ HTTP/1.0" 200 206767 "https://vattusacky.vn/internet-dating-report-females-wish-the-younger-men" "Mozilla/5.0 AppleWebKit/537.36 (KHTML, like Gecko; compatible; ClaudeBot/1.0; +claudebot@anthropic.com)"
52.167.144.188 - - [07/Sep/2025:16:07:13 +0700] "GET /the-psychological-benefits-of-anonymous-chatting-on-omegle/ HTTP/1.0" 200 93406 "-" "Mozilla/5.0 AppleWebKit/537.36 (KHTML, like Gecko; compatible; bingbot/2.0; +http://www.bing.com/bingbot.htm) Chrome/116.0.1938.76 Safari/537.36"
45.117.177.72 - - [07/Sep/2025:16:07:21 +0700] "POST /wp-cron.php?doing_wp_cron=1757236041.0225880146026611328125 HTTP/1.0" 200 416 "-" "WordPress/6.8.1; https://vattusacky.vn"
20.171.207.251 - - [07/Sep/2025:16:07:18 +0700] "GET /?p=7522 HTTP/1.0" 301 509 "-" "Mozilla/5.0 AppleWebKit/537.36 (KHTML, like Gecko; compatible; GPTBot/1.2; +https://openai.com/gptbot)"
20.171.207.251 - - [07/Sep/2025:16:07:21 +0700] "GET /omegle-and-the-impact-of-gender-dynamics-in-online-conversations/ HTTP/1.0" 200 90883 "-" "Mozilla/5.0 AppleWebKit/537.36 (KHTML, like Gecko; compatible; GPTBot/1.2; +https://openai.com/gptbot)"
20.171.207.251 - - [07/Sep/2025:16:08:00 +0700] "GET /?p=7021 HTTP/1.0" 301 512 "-" "Mozilla/5.0 AppleWebKit/537.36 (KHTML, like Gecko; compatible; GPTBot/1.2; +https://openai.com/gptbot)"
20.171.207.251 - - [07/Sep/2025:16:08:02 +0700] "GET /how-omegle-and-ometv-are-reshaping-communication-in-the-digital-age/ HTTP/1.0" 200 93114 "-" "Mozilla/5.0 AppleWebKit/537.36 (KHTML, like Gecko; compatible; GPTBot/1.2; +https://openai.com/gptbot)"
45.117.177.72 - - [07/Sep/2025:16:08:51 +0700] "POST /wp-cron.php?doing_wp_cron=1757236130.8769900798797607421875 HTTP/1.0" 200 416 "-" "WordPress/6.8.1; https://vattusacky.vn"
20.171.207.251 - - [07/Sep/2025:16:08:47 +0700] "GET /?p=8326 HTTP/1.0" 301 513 "-" "Mozilla/5.0 AppleWebKit/537.36 (KHTML, like Gecko; compatible; GPTBot/1.2; +https://openai.com/gptbot)"
20.171.207.251 - - [07/Sep/2025:16:08:51 +0700] "GET /the-art-of-flirting-on-omegle-tips-for-building-romantic-connections/ HTTP/1.0" 200 92908 "-" "Mozilla/5.0 AppleWebKit/537.36 (KHTML, like Gecko; compatible; GPTBot/1.2; +https://openai.com/gptbot)"
45.117.177.72 - - [07/Sep/2025:16:09:29 +0700] "POST /wp-cron.php?doing_wp_cron=1757236168.9744770526885986328125 HTTP/1.0" 200 416 "-" "WordPress/6.8.1; https://vattusacky.vn"
20.171.207.251 - - [07/Sep/2025:16:09:26 +0700] "GET /summary-and-conclusion-safety-measures-on-omegle-and-ometv/ HTTP/1.0" 200 91616 "-" "Mozilla/5.0 AppleWebKit/537.36 (KHTML, like Gecko; compatible; GPTBot/1.2; +https://openai.com/gptbot)"
98.84.70.201 - - [07/Sep/2025:16:09:35 +0700] "GET /category/uncategorized/page/198/ HTTP/1.0" 200 76939 "-" "Mozilla/5.0 AppleWebKit/537.36 (KHTML, like Gecko; compatible; Amazonbot/0.1; +https://developer.amazon.com/support/amazonbot) Chrome/119.0.6045.214 Safari/537.36"
44.215.235.20 - - [07/Sep/2025:16:09:40 +0700] "GET /category/uncategorized/page/193/ HTTP/1.0" 200 76624 "-" "Mozilla/5.0 AppleWebKit/537.36 (KHTML, like Gecko; compatible; Amazonbot/0.1; +https://developer.amazon.com/support/amazonbot) Chrome/119.0.6045.214 Safari/537.36"
20.171.207.251 - - [07/Sep/2025:16:09:51 +0700] "GET /the-role-of-parental-guidance-in-navigating-omegle-for-younger-users/ HTTP/1.0" 200 91358 "-" "Mozilla/5.0 AppleWebKit/537.36 (KHTML, like Gecko; compatible; GPTBot/1.2; +https://openai.com/gptbot)"
45.117.177.72 - - [07/Sep/2025:16:10:27 +0700] "POST /wp-cron.php?doing_wp_cron=1757236227.6718900203704833984375 HTTP/1.0" 200 416 "-" "WordPress/6.8.1; https://vattusacky.vn"
20.171.207.251 - - [07/Sep/2025:16:10:25 +0700] "GET /the-joy-of-randomness-exploring-the-power-of-omegles-connections/ HTTP/1.0" 200 89403 "-" "Mozilla/5.0 AppleWebKit/537.36 (KHTML, like Gecko; compatible; GPTBot/1.2; +https://openai.com/gptbot)"
20.171.207.251 - - [07/Sep/2025:16:10:57 +0700] "GET /omegle-vs-ometv-which-platform-offers-better-gender-and-age-filtering/ HTTP/1.0" 200 89249 "-" "Mozilla/5.0 AppleWebKit/537.36 (KHTML, like Gecko; compatible; GPTBot/1.2; +https://openai.com/gptbot)"
45.117.177.72 - - [07/Sep/2025:16:11:31 +0700] "POST /wp-cron.php?doing_wp_cron=1757236291.4217619895935058593750 HTTP/1.0" 200 416 "-" "WordPress/6.8.1; https://vattusacky.vn"
20.171.207.251 - - [07/Sep/2025:16:11:28 +0700] "GET /?p=8254 HTTP/1.0" 301 507 "-" "Mozilla/5.0 AppleWebKit/537.36 (KHTML, like Gecko; compatible; GPTBot/1.2; +https://openai.com/gptbot)"
20.171.207.251 - - [07/Sep/2025:16:11:31 +0700] "GET /strategies-for-building-an-engaged-network-on-omegle-and-ometv/ HTTP/1.0" 200 91696 "-" "Mozilla/5.0 AppleWebKit/537.36 (KHTML, like Gecko; compatible; GPTBot/1.2; +https://openai.com/gptbot)"
20.171.207.251 - - [07/Sep/2025:16:11:55 +0700] "GET /?p=7007 HTTP/1.0" 301 515 "-" "Mozilla/5.0 AppleWebKit/537.36 (KHTML, like Gecko; compatible; GPTBot/1.2; +https://openai.com/gptbot)"
20.171.207.251 - - [07/Sep/2025:16:11:57 +0700] "GET /how-do-omegle-and-ometv-pair-users-together-an-algorithmic-perspective/ HTTP/1.0" 200 91150 "-" "Mozilla/5.0 AppleWebKit/537.36 (KHTML, like Gecko; compatible; GPTBot/1.2; +https://openai.com/gptbot)"
45.117.177.72 - - [07/Sep/2025:16:12:34 +0700] "POST /wp-cron.php?doing_wp_cron=1757236354.2004749774932861328125 HTTP/1.0" 200 416 "-" "WordPress/6.8.1; https://vattusacky.vn"
20.171.207.251 - - [07/Sep/2025:16:12:32 +0700] "GET /?p=8888 HTTP/1.0" 301 508 "-" "Mozilla/5.0 AppleWebKit/537.36 (KHTML, like Gecko; compatible; GPTBot/1.2; +https://openai.com/gptbot)"
20.171.207.251 - - [07/Sep/2025:16:12:34 +0700] "GET /the-role-of-omegle-in-combating-social-alienation-and-exclusion/ HTTP/1.0" 200 92680 "-" "Mozilla/5.0 AppleWebKit/537.36 (KHTML, like Gecko; compatible; GPTBot/1.2; +https://openai.com/gptbot)"
45.89.63.132 - - [07/Sep/2025:16:12:53 +0700] "GET /benefits-of-using-testosterone-cypionate/ HTTP/1.0" 200 102116 "https://vattusacky.vn/benefits-of-using-testosterone-cypionate/" "Mozilla/5.0 (Windows NT 10.0; Win64; x64) AppleWebKit/537.36 (KHTML, like Gecko) Chrome/129.0.0.0 Safari/537.36"
20.171.207.251 - - [07/Sep/2025:16:13:03 +0700] "GET /omegle-and-ometv-revolutionizing-the-way-we-make-new-connections/ HTTP/1.0" 200 86360 "-" "Mozilla/5.0 AppleWebKit/537.36 (KHTML, like Gecko; compatible; GPTBot/1.2; +https://openai.com/gptbot)"
185.191.171.4 - - [07/Sep/2025:16:13:07 +0700] "GET /category/uncategorized/page/329/ HTTP/1.0" 200 76129 "-" "Mozilla/5.0 (compatible; SemrushBot/7~bl; +http://www.semrush.com/bot.html)"
45.117.177.72 - - [07/Sep/2025:16:13:25 +0700] "POST /wp-cron.php?doing_wp_cron=1757236405.0311350822448730468750 HTTP/1.0" 200 416 "-" "WordPress/6.8.1; https://vattusacky.vn"
20.171.207.251 - - [07/Sep/2025:16:13:23 +0700] "GET /?p=8740 HTTP/1.0" 301 509 "-" "Mozilla/5.0 AppleWebKit/537.36 (KHTML, like Gecko; compatible; GPTBot/1.2; +https://openai.com/gptbot)"
20.171.207.251 - - [07/Sep/2025:16:13:25 +0700] "GET /the-psychology-behind-mind-games-on-omegle-unveiling-the-secrets/ HTTP/1.0" 200 94395 "-" "Mozilla/5.0 AppleWebKit/537.36 (KHTML, like Gecko; compatible; GPTBot/1.2; +https://openai.com/gptbot)"
20.171.207.251 - - [07/Sep/2025:16:13:58 +0700] "GET /?p=8650 HTTP/1.0" 301 509 "-" "Mozilla/5.0 AppleWebKit/537.36 (KHTML, like Gecko; compatible; GPTBot/1.2; +https://openai.com/gptbot)"
20.171.207.251 - - [07/Sep/2025:16:14:01 +0700] "GET /the-joy-of-randomness-exploring-the-power-of-omegles-connections/ HTTP/1.0" 200 89257 "-" "Mozilla/5.0 AppleWebKit/537.36 (KHTML, like Gecko; compatible; GPTBot/1.2; +https://openai.com/gptbot)"
45.117.177.72 - - [07/Sep/2025:16:14:34 +0700] "POST /wp-cron.php?doing_wp_cron=1757236473.8760139942169189453125 HTTP/1.0" 200 416 "-" "WordPress/6.8.1; https://vattusacky.vn"
20.171.207.251 - - [07/Sep/2025:16:14:32 +0700] "GET /the-role-of-networking-in-expanding-opportunities-on-omegle-and-ometv/ HTTP/1.0" 200 93379 "-" "Mozilla/5.0 AppleWebKit/537.36 (KHTML, like Gecko; compatible; GPTBot/1.2; +https://openai.com/gptbot)"
20.171.207.251 - - [07/Sep/2025:16:15:04 +0700] "GET /?p=8275 HTTP/1.0" 301 503 "-" "Mozilla/5.0 AppleWebKit/537.36 (KHTML, like Gecko; compatible; GPTBot/1.2; +https://openai.com/gptbot)"
20.171.207.251 - - [07/Sep/2025:16:15:07 +0700] "GET /summary-and-conclusion-safety-measures-on-omegle-and-ometv/ HTTP/1.0" 200 91616 "-" "Mozilla/5.0 AppleWebKit/537.36 (KHTML, like Gecko; compatible; GPTBot/1.2; +https://openai.com/gptbot)"
45.117.177.72 - - [07/Sep/2025:16:15:51 +0700] "POST /wp-cron.php?doing_wp_cron=1757236551.2144820690155029296875 HTTP/1.0" 200 416 "-" "WordPress/6.8.1; https://vattusacky.vn"
20.171.207.251 - - [07/Sep/2025:16:15:47 +0700] "GET /omegles-role-in-shaping-the-future-of-online-communication/ HTTP/1.0" 200 90346 "-" "Mozilla/5.0 AppleWebKit/537.36 (KHTML, like Gecko; compatible; GPTBot/1.2; +https://openai.com/gptbot)"
85.208.96.203 - - [07/Sep/2025:16:15:56 +0700] "GET /category/uncategorized/page/318/ HTTP/1.0" 200 76109 "-" "Mozilla/5.0 (compatible; SemrushBot/7~bl; +http://www.semrush.com/bot.html)"
45.117.177.72 - - [07/Sep/2025:16:16:19 +0700] "POST /wp-cron.php?doing_wp_cron=1757236579.2673099040985107421875 HTTP/1.0" 200 416 "-" "WordPress/6.8.1; https://vattusacky.vn"
