217.113.194.76 - - [07/Sep/2025:08:07:27 +0700] "GET /san-pham/may-quang-pho-tu-ngoai-kha-kien-uvvis-05-vi-tri/ HTTP/1.0" 200 380287 "-" "Mozilla/5.0 (compatible; Barkrowler/0.9; +https://babbar.tech/crawler)"
20.171.207.251 - - [07/Sep/2025:08:08:05 +0700] "GET /?p=8718 HTTP/1.0" 301 517 "-" "Mozilla/5.0 AppleWebKit/537.36 (KHTML, like Gecko; compatible; GPTBot/1.2; +https://openai.com/gptbot)"
20.171.207.251 - - [07/Sep/2025:08:08:06 +0700] "GET /the-power-of-words-how-conversation-on-omegle-and-ometv-can-impact-lives/ HTTP/1.0" 200 92700 "-" "Mozilla/5.0 AppleWebKit/537.36 (KHTML, like Gecko; compatible; GPTBot/1.2; +https://openai.com/gptbot)"
45.117.177.72 - - [07/Sep/2025:08:09:16 +0700] "POST /wp-cron.php?doing_wp_cron=1757207356.0874419212341308593750 HTTP/1.0" 200 416 "-" "WordPress/6.8.1; https://vattusacky.vn"
20.171.207.251 - - [07/Sep/2025:08:09:14 +0700] "GET /the-influence-of-omegle-and-ometv-on-mainstream-media-and-entertainment/ HTTP/1.0" 200 92661 "-" "Mozilla/5.0 AppleWebKit/537.36 (KHTML, like Gecko; compatible; GPTBot/1.2; +https://openai.com/gptbot)"
157.55.39.52 - - [07/Sep/2025:08:10:13 +0700] "GET /the-impact-of-serendipitous-connections-on-mental-health-and-well-being/feed/ HTTP/1.0" 200 1810 "-" "Mozilla/5.0 AppleWebKit/537.36 (KHTML, like Gecko; compatible; bingbot/2.0; +http://www.bing.com/bingbot.htm) Chrome/116.0.1938.76 Safari/537.36"
45.117.177.72 - - [07/Sep/2025:08:11:11 +0700] "POST /wp-cron.php?doing_wp_cron=1757207471.0991010665893554687500 HTTP/1.0" 200 416 "-" "WordPress/6.8.1; https://vattusacky.vn"
20.171.207.251 - - [07/Sep/2025:08:11:09 +0700] "GET /?p=7056 HTTP/1.0" 301 641 "-" "Mozilla/5.0 AppleWebKit/537.36 (KHTML, like Gecko; compatible; GPTBot/1.2; +https://openai.com/gptbot)"
20.171.207.251 - - [07/Sep/2025:08:11:11 +0700] "GET /how-to-create-a-strong-network-on-omegle-and-ometv/ HTTP/1.0" 200 90545 "-" "Mozilla/5.0 AppleWebKit/537.36 (KHTML, like Gecko; compatible; GPTBot/1.2; +https://openai.com/gptbot)"
45.117.177.72 - - [07/Sep/2025:08:11:39 +0700] "POST /wp-cron.php?doing_wp_cron=1757207499.3191239833831787109375 HTTP/1.0" 200 416 "-" "WordPress/6.8.1; https://vattusacky.vn"
40.77.167.123 - - [07/Sep/2025:08:11:38 +0700] "GET /san-pham/may-quang-pho-tu-ngoai-kha-kien/ HTTP/1.0" 200 260281 "-" "Mozilla/5.0 AppleWebKit/537.36 (KHTML, like Gecko; compatible; bingbot/2.0; +http://www.bing.com/bingbot.htm) Chrome/116.0.1938.76 Safari/537.36"
85.208.96.203 - - [07/Sep/2025:08:12:10 +0700] "GET /the/pm-2-5/page/2/ HTTP/1.0" 200 92393 "-" "Mozilla/5.0 (compatible; SemrushBot/7~bl; +http://www.semrush.com/bot.html)"
45.117.177.72 - - [07/Sep/2025:08:12:39 +0700] "POST /wp-cron.php?doing_wp_cron=1757207558.9901421070098876953125 HTTP/1.0" 200 416 "-" "WordPress/6.8.1; https://vattusacky.vn"
20.171.207.251 - - [07/Sep/2025:08:12:37 +0700] "GET /?p=7536 HTTP/1.0" 301 517 "-" "Mozilla/5.0 AppleWebKit/537.36 (KHTML, like Gecko; compatible; GPTBot/1.2; +https://openai.com/gptbot)"
20.171.207.251 - - [07/Sep/2025:08:12:39 +0700] "GET /omegle-and-the-rise-of-virtual-events-connecting-people-across-the-globe/ HTTP/1.0" 200 92106 "-" "Mozilla/5.0 AppleWebKit/537.36 (KHTML, like Gecko; compatible; GPTBot/1.2; +https://openai.com/gptbot)"
85.208.96.202 - - [07/Sep/2025:08:13:09 +0700] "GET /the/lay-mau-bui-tsp/page/2/ HTTP/1.0" 200 190621 "-" "Mozilla/5.0 (compatible; SemrushBot/7~bl; +http://www.semrush.com/bot.html)"
20.171.207.251 - - [07/Sep/2025:08:13:14 +0700] "GET /the-dos-and-donts-of-staying-anonymous-on-omegle/ HTTP/1.0" 200 90296 "-" "Mozilla/5.0 AppleWebKit/537.36 (KHTML, like Gecko; compatible; GPTBot/1.2; +https://openai.com/gptbot)"
85.208.96.200 - - [07/Sep/2025:08:13:17 +0700] "GET /1xbet-app-obtain-xbet-login-and-promocode-2023-117/ HTTP/1.0" 200 109431 "-" "Mozilla/5.0 (compatible; SemrushBot/7~bl; +http://www.semrush.com/bot.html)"
20.171.207.251 - - [07/Sep/2025:08:13:57 +0700] "GET /the-pros-and-cons-of-using-omegle-for-global-conversations/ HTTP/1.0" 200 90508 "-" "Mozilla/5.0 AppleWebKit/537.36 (KHTML, like Gecko; compatible; GPTBot/1.2; +https://openai.com/gptbot)"
85.208.96.207 - - [07/Sep/2025:08:14:06 +0700] "GET /shop/page/12/ HTTP/1.0" 200 176348 "-" "Mozilla/5.0 (compatible; SemrushBot/7~bl; +http://www.semrush.com/bot.html)"
45.117.177.72 - - [07/Sep/2025:08:14:44 +0700] "POST /wp-cron.php?doing_wp_cron=1757207684.6976490020751953125000 HTTP/1.0" 200 416 "-" "WordPress/6.8.1; https://vattusacky.vn"
20.171.207.251 - - [07/Sep/2025:08:14:43 +0700] "GET /omegle-and-social-impact-addressing-the-good-and-the-bad/ HTTP/1.0" 200 93245 "-" "Mozilla/5.0 AppleWebKit/537.36 (KHTML, like Gecko; compatible; GPTBot/1.2; +https://openai.com/gptbot)"
45.117.177.72 - - [07/Sep/2025:08:15:18 +0700] "POST /wp-cron.php?doing_wp_cron=1757207718.0613620281219482421875 HTTP/1.0" 200 416 "-" "WordPress/6.8.1; https://vattusacky.vn"
20.171.207.251 - - [07/Sep/2025:08:15:16 +0700] "GET /?p=7193 HTTP/1.0" 301 511 "-" "Mozilla/5.0 AppleWebKit/537.36 (KHTML, like Gecko; compatible; GPTBot/1.2; +https://openai.com/gptbot)"
20.171.207.251 - - [07/Sep/2025:08:15:18 +0700] "GET /making-serendipity-part-of-your-online-routine-on-omegle-and-ometv/ HTTP/1.0" 200 93957 "-" "Mozilla/5.0 AppleWebKit/537.36 (KHTML, like Gecko; compatible; GPTBot/1.2; +https://openai.com/gptbot)"
20.171.207.251 - - [07/Sep/2025:08:16:08 +0700] "GET /?p=8400 HTTP/1.0" 301 493 "-" "Mozilla/5.0 AppleWebKit/537.36 (KHTML, like Gecko; compatible; GPTBot/1.2; +https://openai.com/gptbot)"
20.171.207.251 - - [07/Sep/2025:08:16:09 +0700] "GET /the-dos-and-donts-of-staying-anonymous-on-omegle/ HTTP/1.0" 200 90296 "-" "Mozilla/5.0 AppleWebKit/537.36 (KHTML, like Gecko; compatible; GPTBot/1.2; +https://openai.com/gptbot)"
216.244.66.237 - - [07/Sep/2025:08:17:17 +0700] "GET /robots.txt HTTP/1.0" 200 984 "-" "Mozilla/5.0 (compatible; DotBot/1.2; +https://opensiteexplorer.org/dotbot; help@moz.com)"
20.171.207.251 - - [07/Sep/2025:08:17:32 +0700] "GET /?p=8727 HTTP/1.0" 301 649 "-" "Mozilla/5.0 AppleWebKit/537.36 (KHTML, like Gecko; compatible; GPTBot/1.2; +https://openai.com/gptbot)"
20.171.207.251 - - [07/Sep/2025:08:17:33 +0700] "GET /the-pros-and-cons-of-using-omegle-for-global-conversations/ HTTP/1.0" 200 90508 "-" "Mozilla/5.0 AppleWebKit/537.36 (KHTML, like Gecko; compatible; GPTBot/1.2; +https://openai.com/gptbot)"
45.117.177.72 - - [07/Sep/2025:08:19:41 +0700] "POST /wp-cron.php?doing_wp_cron=1757207981.1443979740142822265625 HTTP/1.0" 200 416 "-" "WordPress/6.8.1; https://vattusacky.vn"
20.171.207.251 - - [07/Sep/2025:08:19:39 +0700] "GET /?p=8393 HTTP/1.0" 301 496 "-" "Mozilla/5.0 AppleWebKit/537.36 (KHTML, like Gecko; compatible; GPTBot/1.2; +https://openai.com/gptbot)"
20.171.207.251 - - [07/Sep/2025:08:19:41 +0700] "GET /the-dark-side-of-omegle-risks-and-dangers-for-users/ HTTP/1.0" 200 90418 "-" "Mozilla/5.0 AppleWebKit/537.36 (KHTML, like Gecko; compatible; GPTBot/1.2; +https://openai.com/gptbot)"
45.117.177.72 - - [07/Sep/2025:08:20:58 +0700] "POST /wp-cron.php?doing_wp_cron=1757208058.6649610996246337890625 HTTP/1.0" 200 416 "-" "WordPress/6.8.1; https://vattusacky.vn"
20.171.207.251 - - [07/Sep/2025:08:20:57 +0700] "GET /serendipity-and-the-thrill-of-the-unknown-on-omegle-and-ometv/ HTTP/1.0" 200 90402 "-" "Mozilla/5.0 AppleWebKit/537.36 (KHTML, like Gecko; compatible; GPTBot/1.2; +https://openai.com/gptbot)"
45.117.177.72 - - [07/Sep/2025:08:22:00 +0700] "POST /wp-cron.php?doing_wp_cron=1757208120.5670089721679687500000 HTTP/1.0" 200 416 "-" "WordPress/6.8.1; https://vattusacky.vn"
20.171.207.251 - - [07/Sep/2025:08:21:59 +0700] "GET /?p=8780 HTTP/1.0" 301 494 "-" "Mozilla/5.0 AppleWebKit/537.36 (KHTML, like Gecko; compatible; GPTBot/1.2; +https://openai.com/gptbot)"
20.171.207.251 - - [07/Sep/2025:08:22:01 +0700] "GET /the-rise-of-omegle-an-in-depth-look-at-its-appeal/ HTTP/1.0" 200 90508 "-" "Mozilla/5.0 AppleWebKit/537.36 (KHTML, like Gecko; compatible; GPTBot/1.2; +https://openai.com/gptbot)"
45.117.177.72 - - [07/Sep/2025:08:22:34 +0700] "POST /wp-cron.php?doing_wp_cron=1757208153.7823929786682128906250 HTTP/1.0" 200 416 "-" "WordPress/6.8.1; https://vattusacky.vn"
20.171.207.251 - - [07/Sep/2025:08:22:32 +0700] "GET /?p=8616 HTTP/1.0" 301 516 "-" "Mozilla/5.0 AppleWebKit/537.36 (KHTML, like Gecko; compatible; GPTBot/1.2; +https://openai.com/gptbot)"
20.171.207.251 - - [07/Sep/2025:08:22:34 +0700] "GET /the-influence-of-omegle-and-ometv-on-mainstream-media-and-entertainment/ HTTP/1.0" 200 92807 "-" "Mozilla/5.0 AppleWebKit/537.36 (KHTML, like Gecko; compatible; GPTBot/1.2; +https://openai.com/gptbot)"
207.46.13.111 - - [07/Sep/2025:08:22:51 +0700] "GET /wp-content/uploads/2018/07/kjeldahl_distillation_velp_udk_139_-1.jpg HTTP/1.0" 200 445 "-" "Mozilla/5.0 AppleWebKit/537.36 (KHTML, like Gecko; compatible; bingbot/2.0; +http://www.bing.com/bingbot.htm) Chrome/116.0.1938.76 Safari/537.36"
207.46.13.111 - - [07/Sep/2025:08:22:52 +0700] "GET /category/dll-missing-errors/ HTTP/1.0" 200 58765 "-" "Mozilla/5.0 AppleWebKit/537.36 (KHTML, like Gecko; compatible; bingbot/2.0; +http://www.bing.com/bingbot.htm) Chrome/116.0.1938.76 Safari/537.36"
45.117.177.72 - - [07/Sep/2025:08:23:18 +0700] "POST /wp-cron.php?doing_wp_cron=1757208198.3499660491943359375000 HTTP/1.0" 200 416 "-" "WordPress/6.8.1; https://vattusacky.vn"
20.171.207.251 - - [07/Sep/2025:08:23:17 +0700] "GET /?p=7593 HTTP/1.0" 301 490 "-" "Mozilla/5.0 AppleWebKit/537.36 (KHTML, like Gecko; compatible; GPTBot/1.2; +https://openai.com/gptbot)"
20.171.207.251 - - [07/Sep/2025:08:23:18 +0700] "GET /omegle-captcha-what-it-is-and-how-to-solve-it/ HTTP/1.0" 200 90415 "-" "Mozilla/5.0 AppleWebKit/537.36 (KHTML, like Gecko; compatible; GPTBot/1.2; +https://openai.com/gptbot)"
20.171.207.251 - - [07/Sep/2025:08:23:59 +0700] "GET /the-role-of-active-listening-in-virtual-empathy-on-omegle/ HTTP/1.0" 200 92461 "-" "Mozilla/5.0 AppleWebKit/537.36 (KHTML, like Gecko; compatible; GPTBot/1.2; +https://openai.com/gptbot)"
45.117.177.72 - - [07/Sep/2025:08:24:28 +0700] "POST /wp-cron.php?doing_wp_cron=1757208268.4881238937377929687500 HTTP/1.0" 200 416 "-" "WordPress/6.8.1; https://vattusacky.vn"
20.171.207.251 - - [07/Sep/2025:08:24:27 +0700] "GET /the-allure-of-anonymity-exploring-the-appeal-of-omegle-and-ometv/ HTTP/1.0" 200 91304 "-" "Mozilla/5.0 AppleWebKit/537.36 (KHTML, like Gecko; compatible; GPTBot/1.2; +https://openai.com/gptbot)"
45.117.177.72 - - [07/Sep/2025:08:26:24 +0700] "POST /wp-cron.php?doing_wp_cron=1757208384.0602250099182128906250 HTTP/1.0" 200 416 "-" "WordPress/6.8.1; https://vattusacky.vn"
20.171.207.251 - - [07/Sep/2025:08:26:22 +0700] "GET /the-role-of-omegle-in-overcoming-shyness-and-social-anxiety/ HTTP/1.0" 200 93687 "-" "Mozilla/5.0 AppleWebKit/537.36 (KHTML, like Gecko; compatible; GPTBot/1.2; +https://openai.com/gptbot)"
67.205.159.76 - - [07/Sep/2025:08:27:09 +0700] "POST /xmlrpc.php HTTP/1.0" 200 956 "-" "Mozilla/5.0 (Windows NT 10.0; Win64; x64; rv:64.0) Gecko/20100101 Firefox/64.0"
20.171.207.251 - - [07/Sep/2025:08:27:12 +0700] "GET /omegle-and-romance-scams-staying-safe-in-the-world-of-online-dating/ HTTP/1.0" 200 89610 "-" "Mozilla/5.0 AppleWebKit/537.36 (KHTML, like Gecko; compatible; GPTBot/1.2; +https://openai.com/gptbot)"
20.171.207.251 - - [07/Sep/2025:08:28:34 +0700] "GET /the-fascination-with-omegle-a-closer-look-at-its-alluring-charm/ HTTP/1.0" 200 89992 "-" "Mozilla/5.0 AppleWebKit/537.36 (KHTML, like Gecko; compatible; GPTBot/1.2; +https://openai.com/gptbot)"
20.171.207.251 - - [07/Sep/2025:08:29:31 +0700] "GET /utilizing-humor-to-make-a-lasting-first-impression-on-omegle/ HTTP/1.0" 200 90642 "-" "Mozilla/5.0 AppleWebKit/537.36 (KHTML, like Gecko; compatible; GPTBot/1.2; +https://openai.com/gptbot)"
45.117.177.72 - - [07/Sep/2025:08:30:11 +0700] "POST /wp-cron.php?doing_wp_cron=1757208611.6315350532531738281250 HTTP/1.0" 200 416 "-" "WordPress/6.8.1; https://vattusacky.vn"
17.241.219.199 - - [07/Sep/2025:08:30:10 +0700] "GET /robots.txt HTTP/1.0" 200 984 "-" "Mozilla/5.0 (Macintosh; Intel Mac OS X 10_15_7) AppleWebKit/605.1.15 (KHTML, like Gecko) Version/17.4 Safari/605.1.15 (Applebot/0.1; +http://www.apple.com/go/applebot)"
17.241.219.199 - - [07/Sep/2025:08:30:12 +0700] "GET /serendipity-and-the-power-of-unexpected-connections-in-the-digital-age/ HTTP/1.0" 200 93564 "-" "Mozilla/5.0 (Macintosh; Intel Mac OS X 10_15_7) AppleWebKit/605.1.15 (KHTML, like Gecko) Version/17.4 Safari/605.1.15 (Applebot/0.1; +http://www.apple.com/go/applebot)"
45.117.177.72 - - [07/Sep/2025:08:30:30 +0700] "POST /wp-cron.php?doing_wp_cron=1757208630.3547780513763427734375 HTTP/1.0" 200 416 "-" "WordPress/6.8.1; https://vattusacky.vn"
20.171.207.251 - - [07/Sep/2025:08:30:29 +0700] "GET /omegle-and-technology-how-the-platform-has-evolved-over-time/ HTTP/1.0" 200 92212 "-" "Mozilla/5.0 AppleWebKit/537.36 (KHTML, like Gecko; compatible; GPTBot/1.2; +https://openai.com/gptbot)"
20.171.207.251 - - [07/Sep/2025:08:31:13 +0700] "GET /serendipity-and-the-power-of-random-encounters-on-omegle-and-ometv/ HTTP/1.0" 200 88613 "-" "Mozilla/5.0 AppleWebKit/537.36 (KHTML, like Gecko; compatible; GPTBot/1.2; +https://openai.com/gptbot)"
45.117.177.72 - - [07/Sep/2025:08:32:02 +0700] "POST /wp-cron.php?doing_wp_cron=1757208722.0732600688934326171875 HTTP/1.0" 200 416 "-" "WordPress/6.8.1; https://vattusacky.vn"
20.171.207.251 - - [07/Sep/2025:08:32:00 +0700] "GET /?p=7498 HTTP/1.0" 301 501 "-" "Mozilla/5.0 AppleWebKit/537.36 (KHTML, like Gecko; compatible; GPTBot/1.2; +https://openai.com/gptbot)"
20.171.207.251 - - [07/Sep/2025:08:32:02 +0700] "GET /omegle-and-social-impact-addressing-the-good-and-the-bad/ HTTP/1.0" 200 93245 "-" "Mozilla/5.0 AppleWebKit/537.36 (KHTML, like Gecko; compatible; GPTBot/1.2; +https://openai.com/gptbot)"
45.117.177.72 - - [07/Sep/2025:08:32:51 +0700] "POST /wp-cron.php?doing_wp_cron=1757208771.2010800838470458984375 HTTP/1.0" 200 416 "-" "WordPress/6.8.1; https://vattusacky.vn"
20.171.207.251 - - [07/Sep/2025:08:32:50 +0700] "GET /?p=8199 HTTP/1.0" 301 506 "-" "Mozilla/5.0 AppleWebKit/537.36 (KHTML, like Gecko; compatible; GPTBot/1.2; +https://openai.com/gptbot)"
20.171.207.251 - - [07/Sep/2025:08:32:51 +0700] "GET /serendipity-and-the-thrill-of-the-unknown-on-omegle-and-ometv/ HTTP/1.0" 200 90402 "-" "Mozilla/5.0 AppleWebKit/537.36 (KHTML, like Gecko; compatible; GPTBot/1.2; +https://openai.com/gptbot)"
20.171.207.251 - - [07/Sep/2025:08:33:14 +0700] "GET /the-power-of-connection-on-omegle-how-users-form-meaningful-bonds/ HTTP/1.0" 200 92303 "-" "Mozilla/5.0 AppleWebKit/537.36 (KHTML, like Gecko; compatible; GPTBot/1.2; +https://openai.com/gptbot)"
45.117.177.72 - - [07/Sep/2025:08:33:57 +0700] "POST /wp-cron.php?doing_wp_cron=1757208837.2769811153411865234375 HTTP/1.0" 200 416 "-" "WordPress/6.8.1; https://vattusacky.vn"
85.208.96.201 - - [07/Sep/2025:08:33:56 +0700] "GET /the/tram-lay-mau-bui-hiq/page/1/ HTTP/1.0" 301 569 "-" "Mozilla/5.0 (compatible; SemrushBot/7~bl; +http://www.semrush.com/bot.html)"
85.208.96.195 - - [07/Sep/2025:08:33:59 +0700] "GET /the/tram-lay-mau-bui-hiq/ HTTP/1.0" 200 183692 "-" "Mozilla/5.0 (compatible; SemrushBot/7~bl; +http://www.semrush.com/bot.html)"
45.117.177.72 - - [07/Sep/2025:08:34:32 +0700] "POST /wp-cron.php?doing_wp_cron=1757208871.9500210285186767578125 HTTP/1.0" 200 416 "-" "WordPress/6.8.1; https://vattusacky.vn"
85.208.96.193 - - [07/Sep/2025:08:34:30 +0700] "GET /shop/page/10/ HTTP/1.0" 200 183726 "-" "Mozilla/5.0 (compatible; SemrushBot/7~bl; +http://www.semrush.com/bot.html)"
45.117.177.72 - - [07/Sep/2025:08:36:09 +0700] "POST /wp-cron.php?doing_wp_cron=1757208969.4454810619354248046875 HTTP/1.0" 200 416 "-" "WordPress/6.8.1; https://vattusacky.vn"
20.171.207.251 - - [07/Sep/2025:08:36:08 +0700] "GET /the-role-of-trust-in-embracing-serendipity-on-omegle-and-ometv/ HTTP/1.0" 200 79390 "-" "Mozilla/5.0 AppleWebKit/537.36 (KHTML, like Gecko; compatible; GPTBot/1.2; +https://openai.com/gptbot)"
45.117.177.72 - - [07/Sep/2025:08:36:39 +0700] "POST /wp-cron.php?doing_wp_cron=1757208999.6349449157714843750000 HTTP/1.0" 200 416 "-" "WordPress/6.8.1; https://vattusacky.vn"
216.244.66.237 - - [07/Sep/2025:08:36:38 +0700] "GET /empathy-and-understanding-through-omegle-connections/ HTTP/1.0" 200 90402 "-" "Mozilla/5.0 (compatible; DotBot/1.2; +https://opensiteexplorer.org/dotbot; help@moz.com)"
20.171.207.251 - - [07/Sep/2025:08:37:00 +0700] "GET /?p=7491 HTTP/1.0" 301 512 "-" "Mozilla/5.0 AppleWebKit/537.36 (KHTML, like Gecko; compatible; GPTBot/1.2; +https://openai.com/gptbot)"
20.171.207.251 - - [07/Sep/2025:08:37:02 +0700] "GET /omegle-and-romance-scams-staying-safe-in-the-world-of-online-dating/ HTTP/1.0" 200 89610 "-" "Mozilla/5.0 AppleWebKit/537.36 (KHTML, like Gecko; compatible; GPTBot/1.2; +https://openai.com/gptbot)"
45.117.177.72 - - [07/Sep/2025:08:37:43 +0700] "POST /wp-cron.php?doing_wp_cron=1757209063.6381158828735351562500 HTTP/1.0" 200 416 "-" "WordPress/6.8.1; https://vattusacky.vn"
20.171.207.251 - - [07/Sep/2025:08:37:42 +0700] "GET /?p=8197 HTTP/1.0" 301 511 "-" "Mozilla/5.0 AppleWebKit/537.36 (KHTML, like Gecko; compatible; GPTBot/1.2; +https://openai.com/gptbot)"
20.171.207.251 - - [07/Sep/2025:08:37:44 +0700] "GET /serendipity-and-the-power-of-random-encounters-on-omegle-and-ometv/ HTTP/1.0" 200 88613 "-" "Mozilla/5.0 AppleWebKit/537.36 (KHTML, like Gecko; compatible; GPTBot/1.2; +https://openai.com/gptbot)"
57.141.2.41 - - [07/Sep/2025:08:37:58 +0700] "GET /unmasking-the-benefits-and-risks-of-anonymity-on-omegle/ HTTP/1.0" 200 91396 "-" "meta-externalagent/1.1 (+https://developers.facebook.com/docs/sharing/webmasters/crawler)"
45.117.177.72 - - [07/Sep/2025:08:38:21 +0700] "POST /wp-cron.php?doing_wp_cron=1757209101.2881169319152832031250 HTTP/1.0" 200 416 "-" "WordPress/6.8.1; https://vattusacky.vn"
20.171.207.251 - - [07/Sep/2025:08:38:20 +0700] "GET /?p=8303 HTTP/1.0" 301 509 "-" "Mozilla/5.0 AppleWebKit/537.36 (KHTML, like Gecko; compatible; GPTBot/1.2; +https://openai.com/gptbot)"
20.171.207.251 - - [07/Sep/2025:08:38:21 +0700] "GET /the-allure-of-anonymity-exploring-the-appeal-of-omegle-and-ometv/ HTTP/1.0" 200 91304 "-" "Mozilla/5.0 AppleWebKit/537.36 (KHTML, like Gecko; compatible; GPTBot/1.2; +https://openai.com/gptbot)"
216.244.66.237 - - [07/Sep/2025:08:39:07 +0700] "GET /the-art-of-finding-meaning-in-coincidences-on-omegle/ HTTP/1.0" 200 91691 "-" "Mozilla/5.0 (compatible; DotBot/1.2; +https://opensiteexplorer.org/dotbot; help@moz.com)"
20.171.207.251 - - [07/Sep/2025:08:39:09 +0700] "GET /?p=7501 HTTP/1.0" 301 505 "-" "Mozilla/5.0 AppleWebKit/537.36 (KHTML, like Gecko; compatible; GPTBot/1.2; +https://openai.com/gptbot)"
20.171.207.251 - - [07/Sep/2025:08:39:11 +0700] "GET /omegle-and-technology-how-the-platform-has-evolved-over-time/ HTTP/1.0" 200 92212 "-" "Mozilla/5.0 AppleWebKit/537.36 (KHTML, like Gecko; compatible; GPTBot/1.2; +https://openai.com/gptbot)"
45.117.177.72 - - [07/Sep/2025:08:41:29 +0700] "POST /wp-cron.php?doing_wp_cron=1757209289.4083418846130371093750 HTTP/1.0" 200 416 "-" "WordPress/6.8.1; https://vattusacky.vn"
20.171.207.251 - - [07/Sep/2025:08:41:28 +0700] "GET /the-role-of-omegle-in-combating-social-anxiety-and-shyness/ HTTP/1.0" 200 92284 "-" "Mozilla/5.0 AppleWebKit/537.36 (KHTML, like Gecko; compatible; GPTBot/1.2; +https://openai.com/gptbot)"
45.117.177.72 - - [07/Sep/2025:08:43:03 +0700] "POST /wp-cron.php?doing_wp_cron=1757209383.5741848945617675781250 HTTP/1.0" 200 416 "-" "WordPress/6.8.1; https://vattusacky.vn"
20.171.207.251 - - [07/Sep/2025:08:43:02 +0700] "GET /omegle-vs-ometv-a-closer-look-at-features-and-functionality/ HTTP/1.0" 200 91693 "-" "Mozilla/5.0 AppleWebKit/537.36 (KHTML, like Gecko; compatible; GPTBot/1.2; +https://openai.com/gptbot)"
45.117.177.72 - - [07/Sep/2025:08:43:45 +0700] "POST /wp-cron.php?doing_wp_cron=1757209425.5199549198150634765625 HTTP/1.0" 200 416 "-" "WordPress/6.8.1; https://vattusacky.vn"
57.141.2.27 - - [07/Sep/2025:08:43:44 +0700] "GET /understanding-the-randomness-in-omegles-algorithm/ HTTP/1.0" 200 89254 "-" "meta-externalagent/1.1 (+https://developers.facebook.com/docs/sharing/webmasters/crawler)"
45.117.177.72 - - [07/Sep/2025:08:44:39 +0700] "POST /wp-cron.php?doing_wp_cron=1757209478.9463150501251220703125 HTTP/1.0" 200 416 "-" "WordPress/6.8.1; https://vattusacky.vn"
20.171.207.251 - - [07/Sep/2025:08:44:37 +0700] "GET /?p=8801 HTTP/1.0" 301 502 "-" "Mozilla/5.0 AppleWebKit/537.36 (KHTML, like Gecko; compatible; GPTBot/1.2; +https://openai.com/gptbot)"
20.171.207.251 - - [07/Sep/2025:08:44:39 +0700] "GET /the-role-of-active-listening-in-virtual-empathy-on-omegle/ HTTP/1.0" 200 92461 "-" "Mozilla/5.0 AppleWebKit/537.36 (KHTML, like Gecko; compatible; GPTBot/1.2; +https://openai.com/gptbot)"
45.117.177.72 - - [07/Sep/2025:08:45:22 +0700] "POST /wp-cron.php?doing_wp_cron=1757209521.9469149112701416015625 HTTP/1.0" 200 416 "-" "WordPress/6.8.1; https://vattusacky.vn"
20.171.207.251 - - [07/Sep/2025:08:45:20 +0700] "GET /?p=8456 HTTP/1.0" 301 508 "-" "Mozilla/5.0 AppleWebKit/537.36 (KHTML, like Gecko; compatible; GPTBot/1.2; +https://openai.com/gptbot)"
20.171.207.251 - - [07/Sep/2025:08:45:22 +0700] "GET /the-fascination-with-omegle-a-closer-look-at-its-alluring-charm/ HTTP/1.0" 200 89846 "-" "Mozilla/5.0 AppleWebKit/537.36 (KHTML, like Gecko; compatible; GPTBot/1.2; +https://openai.com/gptbot)"
45.117.177.72 - - [07/Sep/2025:08:47:16 +0700] "POST /wp-cron.php?doing_wp_cron=1757209635.8347060680389404296875 HTTP/1.0" 200 416 "-" "WordPress/6.8.1; https://vattusacky.vn"
20.171.207.251 - - [07/Sep/2025:08:47:14 +0700] "GET /?p=9193 HTTP/1.0" 301 651 "-" "Mozilla/5.0 AppleWebKit/537.36 (KHTML, like Gecko; compatible; GPTBot/1.2; +https://openai.com/gptbot)"
20.171.207.251 - - [07/Sep/2025:08:47:16 +0700] "GET /utilizing-humor-to-make-a-lasting-first-impression-on-omegle/ HTTP/1.0" 200 90642 "-" "Mozilla/5.0 AppleWebKit/537.36 (KHTML, like Gecko; compatible; GPTBot/1.2; +https://openai.com/gptbot)"
185.191.171.7 - - [07/Sep/2025:08:48:12 +0700] "GET /avast-review-home-windows-defender/ HTTP/1.0" 200 204180 "-" "Mozilla/5.0 (compatible; SemrushBot/7~bl; +http://www.semrush.com/bot.html)"
45.117.177.72 - - [07/Sep/2025:08:49:15 +0700] "POST /wp-cron.php?doing_wp_cron=1757209754.8736989498138427734375 HTTP/1.0" 200 416 "-" "WordPress/6.8.1; https://vattusacky.vn"
217.113.194.72 - - [07/Sep/2025:08:49:13 +0700] "GET /san-pham/may-quang-pho-tu-ngoai-kha-kien-uvvis-pgi-anh/feed/ HTTP/1.0" 200 1787 "-" "Mozilla/5.0 (compatible; Barkrowler/0.9; +https://babbar.tech/crawler)"
45.117.177.72 - - [07/Sep/2025:08:49:29 +0700] "POST /wp-cron.php?doing_wp_cron=1757209768.8951730728149414062500 HTTP/1.0" 200 416 "-" "WordPress/6.8.1; https://vattusacky.vn"
20.171.207.251 - - [07/Sep/2025:08:49:27 +0700] "GET /?p=8692 HTTP/1.0" 301 510 "-" "Mozilla/5.0 AppleWebKit/537.36 (KHTML, like Gecko; compatible; GPTBot/1.2; +https://openai.com/gptbot)"
20.171.207.251 - - [07/Sep/2025:08:49:29 +0700] "GET /the-power-of-connection-on-omegle-how-users-form-meaningful-bonds/ HTTP/1.0" 200 92303 "-" "Mozilla/5.0 AppleWebKit/537.36 (KHTML, like Gecko; compatible; GPTBot/1.2; +https://openai.com/gptbot)"
217.113.194.78 - - [07/Sep/2025:08:49:32 +0700] "GET /san-pham/may-quang-pho-uvvis-tu-ngoai-kha-kien-tach-tia/feed/ HTTP/1.0" 200 1777 "-" "Mozilla/5.0 (compatible; Barkrowler/0.9; +https://babbar.tech/crawler)"
217.113.194.78 - - [07/Sep/2025:08:49:52 +0700] "GET /san-pham/do-nhanh-kim-loai-trong-nuoc-12-chi-tieu-hm2000/feed/ HTTP/1.0" 200 1749 "-" "Mozilla/5.0 (compatible; Barkrowler/0.9; +https://babbar.tech/crawler)"
217.113.194.79 - - [07/Sep/2025:08:50:11 +0700] "GET /san-pham/lo-nung-naberther-phong-thi-nghiem-06-lit-1-1000c/feed/ HTTP/1.0" 200 1726 "-" "Mozilla/5.0 (compatible; Barkrowler/0.9; +https://babbar.tech/crawler)"
45.117.177.72 - - [07/Sep/2025:08:50:32 +0700] "POST /wp-cron.php?doing_wp_cron=1757209831.9582540988922119140625 HTTP/1.0" 200 416 "-" "WordPress/6.8.1; https://vattusacky.vn"
217.113.194.75 - - [07/Sep/2025:08:50:30 +0700] "GET /san-pham/palintest-_may-do-chat-luong-nuoc-da-chi-tieu-cam-tay/feed/ HTTP/1.0" 200 1745 "-" "Mozilla/5.0 (compatible; Barkrowler/0.9; +https://babbar.tech/crawler)"
20.171.207.251 - - [07/Sep/2025:08:50:40 +0700] "GET /?p=8945 HTTP/1.0" 301 507 "-" "Mozilla/5.0 AppleWebKit/537.36 (KHTML, like Gecko; compatible; GPTBot/1.2; +https://openai.com/gptbot)"
20.171.207.251 - - [07/Sep/2025:08:50:41 +0700] "GET /the-role-of-trust-in-embracing-serendipity-on-omegle-and-ometv/ HTTP/1.0" 200 79244 "-" "Mozilla/5.0 AppleWebKit/537.36 (KHTML, like Gecko; compatible; GPTBot/1.2; +https://openai.com/gptbot)"
217.113.194.76 - - [07/Sep/2025:08:50:50 +0700] "GET /san-pham/palintest-_may-do-ph-do-dan-tds-va-t0c-hien-truong/feed/ HTTP/1.0" 200 1735 "-" "Mozilla/5.0 (compatible; Barkrowler/0.9; +https://babbar.tech/crawler)"
217.113.194.79 - - [07/Sep/2025:08:51:09 +0700] "GET /mostbet-kazino-i-bukmekerskaja-kontora-mostbet-kz-igrat-onlajn/ HTTP/1.0" 200 94385 "-" "Mozilla/5.0 (compatible; Barkrowler/0.9; +https://babbar.tech/crawler)"
45.117.177.72 - - [07/Sep/2025:08:51:33 +0700] "POST /wp-cron.php?doing_wp_cron=1757209893.1386570930480957031250 HTTP/1.0" 200 416 "-" "WordPress/6.8.1; https://vattusacky.vn"
217.113.194.77 - - [07/Sep/2025:08:51:32 +0700] "GET /embracing-emotional-intelligence-on-omegle-nurturing-empathy-and-understanding-in-conversations/ HTTP/1.0" 200 93045 "-" "Mozilla/5.0 (compatible; Barkrowler/0.9; +https://babbar.tech/crawler)"
20.171.207.251 - - [07/Sep/2025:08:51:44 +0700] "GET /the-funniest-omegle-chats-that-went-viral-on-social-media/ HTTP/1.0" 200 88704 "-" "Mozilla/5.0 AppleWebKit/537.36 (KHTML, like Gecko; compatible; GPTBot/1.2; +https://openai.com/gptbot)"
217.113.194.77 - - [07/Sep/2025:08:51:55 +0700] "GET /mastering-the-art-of-empathy-on-omegle-understanding-and-validating-others-perspectives/feed/ HTTP/1.0" 200 1858 "-" "Mozilla/5.0 (compatible; Barkrowler/0.9; +https://babbar.tech/crawler)"
45.117.177.72 - - [07/Sep/2025:08:52:19 +0700] "POST /wp-cron.php?doing_wp_cron=1757209939.0620460510253906250000 HTTP/1.0" 200 416 "-" "WordPress/6.8.1; https://vattusacky.vn"
217.113.194.217 - - [07/Sep/2025:08:52:17 +0700] "GET /robots.txt HTTP/1.0" 200 984 "-" "Mozilla/5.0 (compatible; Barkrowler/0.9; +https://babbar.tech/crawler)"
217.113.194.77 - - [07/Sep/2025:08:52:37 +0700] "GET /the-impact-of-user-interface-design-on-user-loyalty-in-omegle-and-ometv/feed/ HTTP/1.0" 200 1810 "-" "Mozilla/5.0 (compatible; Barkrowler/0.9; +https://babbar.tech/crawler)"
217.113.194.72 - - [07/Sep/2025:08:52:56 +0700] "GET /the-impact-of-intuitive-search-features-on-user-interface-of-omegle-and-ometv/feed/ HTTP/1.0" 200 1828 "-" "Mozilla/5.0 (compatible; Barkrowler/0.9; +https://babbar.tech/crawler)"
85.208.96.211 - - [07/Sep/2025:08:52:59 +0700] "GET /the/pm-10/page/1/ HTTP/1.0" 301 554 "-" "Mozilla/5.0 (compatible; SemrushBot/7~bl; +http://www.semrush.com/bot.html)"
85.208.96.210 - - [07/Sep/2025:08:53:03 +0700] "GET /the/pm-10/ HTTP/1.0" 200 183285 "-" "Mozilla/5.0 (compatible; SemrushBot/7~bl; +http://www.semrush.com/bot.html)"
217.113.194.81 - - [07/Sep/2025:08:53:15 +0700] "GET /kak-nayti-vremya-dlya-pin-up-kazino-vkhod-v-facebook-v-2021-godu/feed/ HTTP/1.0" 200 1818 "-" "Mozilla/5.0 (compatible; Barkrowler/0.9; +https://babbar.tech/crawler)"
45.117.177.72 - - [07/Sep/2025:08:53:18 +0700] "POST /wp-cron.php?doing_wp_cron=1757209998.2613089084625244140625 HTTP/1.0" 200 416 "-" "WordPress/6.8.1; https://vattusacky.vn"
20.171.207.251 - - [07/Sep/2025:08:53:16 +0700] "GET /hilarious-omegle-chats-that-will-leave-you-rolling-on-the-floor/ HTTP/1.0" 200 94623 "-" "Mozilla/5.0 AppleWebKit/537.36 (KHTML, like Gecko; compatible; GPTBot/1.2; +https://openai.com/gptbot)"
217.113.194.80 - - [07/Sep/2025:08:53:35 +0700] "GET /exploring-pronunciation-challenges-in-cross-language-communication-on-omegle-and-ometv/feed/ HTTP/1.0" 200 1855 "-" "Mozilla/5.0 (compatible; Barkrowler/0.9; +https://babbar.tech/crawler)"
217.113.194.74 - - [07/Sep/2025:08:53:54 +0700] "GET /exploring-different-perspectives-on-omegle-broadening-your-worldview-through-conversations/feed/ HTTP/1.0" 200 1867 "-" "Mozilla/5.0 (compatible; Barkrowler/0.9; +https://babbar.tech/crawler)"
20.171.207.251 - - [07/Sep/2025:08:54:07 +0700] "GET /?p=8889 HTTP/1.0" 301 503 "-" "Mozilla/5.0 AppleWebKit/537.36 (KHTML, like Gecko; compatible; GPTBot/1.2; +https://openai.com/gptbot)"
20.171.207.251 - - [07/Sep/2025:08:54:08 +0700] "GET /the-role-of-omegle-in-combating-social-anxiety-and-shyness/ HTTP/1.0" 200 92138 "-" "Mozilla/5.0 AppleWebKit/537.36 (KHTML, like Gecko; compatible; GPTBot/1.2; +https://openai.com/gptbot)"
217.113.194.81 - - [07/Sep/2025:08:54:13 +0700] "GET /betwinner-yeni-giris-adresi-guevenilir-mi-hizli-gir-bahis-siteleri/ HTTP/1.0" 200 219485 "-" "Mozilla/5.0 (compatible; Barkrowler/0.9; +https://babbar.tech/crawler)"
45.117.177.72 - - [07/Sep/2025:08:54:49 +0700] "POST /wp-cron.php?doing_wp_cron=1757210089.3878359794616699218750 HTTP/1.0" 200 416 "-" "WordPress/6.8.1; https://vattusacky.vn"
20.171.207.251 - - [07/Sep/2025:08:54:48 +0700] "GET /the-role-of-anonymity-in-fear-and-empathy-insights-from-omegle-and-ometv/ HTTP/1.0" 200 90268 "-" "Mozilla/5.0 AppleWebKit/537.36 (KHTML, like Gecko; compatible; GPTBot/1.2; +https://openai.com/gptbot)"
217.113.194.77 - - [07/Sep/2025:08:54:58 +0700] "GET /betwinner-yeni-giris-adresi-guevenilir-mi-hizli-gir-bahis-siteleri/feed/ HTTP/1.0" 200 1811 "-" "Mozilla/5.0 (compatible; Barkrowler/0.9; +https://babbar.tech/crawler)"
45.117.177.72 - - [07/Sep/2025:08:55:18 +0700] "POST /wp-cron.php?doing_wp_cron=1757210118.1756711006164550781250 HTTP/1.0" 200 416 "-" "WordPress/6.8.1; https://vattusacky.vn"
20.171.207.251 - - [07/Sep/2025:08:55:16 +0700] "GET /the-importance-of-algorithms-in-pairing-users-on-omegle-and-ometv/ HTTP/1.0" 200 92404 "-" "Mozilla/5.0 AppleWebKit/537.36 (KHTML, like Gecko; compatible; GPTBot/1.2; +https://openai.com/gptbot)"
217.113.194.81 - - [07/Sep/2025:08:55:19 +0700] "GET /loantiennhanh-nop-don-vay-findo-loantiennhanh-chinh-xac-la-gi/ HTTP/1.0" 200 211147 "-" "Mozilla/5.0 (compatible; Barkrowler/0.9; +https://babbar.tech/crawler)"
217.113.194.74 - - [07/Sep/2025:08:55:58 +0700] "GET /som-tien-ve-phia-truoc-doctor-dong-se-giong-nhu-18-nam-cmnd/ HTTP/1.0" 200 212097 "-" "Mozilla/5.0 (compatible; Barkrowler/0.9; +https://babbar.tech/crawler)"
20.171.207.251 - - [07/Sep/2025:08:56:11 +0700] "GET /?p=7734 HTTP/1.0" 301 504 "-" "Mozilla/5.0 AppleWebKit/537.36 (KHTML, like Gecko; compatible; GPTBot/1.2; +https://openai.com/gptbot)"
20.171.207.251 - - [07/Sep/2025:08:56:12 +0700] "GET /omegle-vs-ometv-a-closer-look-at-features-and-functionality/ HTTP/1.0" 200 91693 "-" "Mozilla/5.0 AppleWebKit/537.36 (KHTML, like Gecko; compatible; GPTBot/1.2; +https://openai.com/gptbot)"
45.117.177.72 - - [07/Sep/2025:08:56:32 +0700] "POST /wp-cron.php?doing_wp_cron=1757210192.1094241142272949218750 HTTP/1.0" 200 416 "-" "WordPress/6.8.1; https://vattusacky.vn"
217.113.194.81 - - [07/Sep/2025:08:56:30 +0700] "GET /som-tien-ve-phia-truoc-doctor-dong-se-giong-nhu-18-nam-cmnd/feed/ HTTP/1.0" 200 1790 "-" "Mozilla/5.0 (compatible; Barkrowler/0.9; +https://babbar.tech/crawler)"
20.171.207.251 - - [07/Sep/2025:08:56:36 +0700] "GET /the-importance-of-follow-up-in-networking-on-omegle-and-ometv/ HTTP/1.0" 200 90046 "-" "Mozilla/5.0 AppleWebKit/537.36 (KHTML, like Gecko; compatible; GPTBot/1.2; +https://openai.com/gptbot)"
217.113.194.76 - - [07/Sep/2025:08:56:49 +0700] "GET /louisville-slugger-museum-factory-gives-lovers-the-opportunity-to-hit-a-romantic-date-out-of-the-park/feed/ HTTP/1.0" 200 1907 "-" "Mozilla/5.0 (compatible; Barkrowler/0.9; +https://babbar.tech/crawler)"
154.54.249.200 - - [07/Sep/2025:08:57:08 +0700] "GET /aviator-oyunu-kazandiriyor-nasil-oynanir-hilesi-taktikleri-995/ HTTP/1.0" 200 85867 "-" "Mozilla/5.0 (compatible; Barkrowler/0.9; +https://babbar.tech/crawler)"
45.117.177.72 - - [07/Sep/2025:08:57:32 +0700] "POST /wp-cron.php?doing_wp_cron=1757210251.8111550807952880859375 HTTP/1.0" 200 416 "-" "WordPress/6.8.1; https://vattusacky.vn"
217.113.194.74 - - [07/Sep/2025:08:57:30 +0700] "GET /az%C9%99rbaycanda-mostbet-bukmeker-kontorunun-icmali-790/feed/ HTTP/1.0" 200 1758 "-" "Mozilla/5.0 (compatible; Barkrowler/0.9; +https://babbar.tech/crawler)"
20.171.207.251 - - [07/Sep/2025:08:57:33 +0700] "GET /the-allure-of-the-unknown-embracing-the-mystery-on-omegle/ HTTP/1.0" 200 91869 "-" "Mozilla/5.0 AppleWebKit/537.36 (KHTML, like Gecko; compatible; GPTBot/1.2; +https://openai.com/gptbot)"
154.54.249.200 - - [07/Sep/2025:08:57:50 +0700] "GET /leo-vegas-leonia-holistic-destination-thimmaipally-hyderabad-finger-food-july-2023/ HTTP/1.0" 200 223447 "-" "Mozilla/5.0 (compatible; Barkrowler/0.9; +https://babbar.tech/crawler)"
45.117.177.72 - - [07/Sep/2025:08:58:21 +0700] "POST /wp-cron.php?doing_wp_cron=1757210301.5054380893707275390625 HTTP/1.0" 200 416 "-" "WordPress/6.8.1; https://vattusacky.vn"
217.113.194.76 - - [07/Sep/2025:08:58:20 +0700] "GET /breaking-down-stereotypes-on-omegle-challenging-assumptions-and-biases-through-conversations/feed/ HTTP/1.0" 200 1873 "-" "Mozilla/5.0 (compatible; Barkrowler/0.9; +https://babbar.tech/crawler)"
217.113.194.75 - - [07/Sep/2025:08:58:40 +0700] "GET /pikakasinot-uudet-ja-parhaat-2023-corruzione-pikakasino-kokemuksia/ HTTP/1.0" 200 89964 "-" "Mozilla/5.0 (compatible; Barkrowler/0.9; +https://babbar.tech/crawler)"
217.113.194.74 - - [07/Sep/2025:08:59:01 +0700] "GET /omegles-impact-on-societal-norms-examining-the-influence-of-anonymous-chats-on-social-interactions/ HTTP/1.0" 200 94224 "-" "Mozilla/5.0 (compatible; Barkrowler/0.9; +https://babbar.tech/crawler)"
217.113.194.76 - - [07/Sep/2025:08:59:22 +0700] "GET /overcoming-shyness-on-omegle-tips-for-feeling-more-confident-and-comfortable-in-conversations/feed/ HTTP/1.0" 200 1876 "-" "Mozilla/5.0 (compatible; Barkrowler/0.9; +https://babbar.tech/crawler)"
20.171.207.251 - - [07/Sep/2025:08:59:17 +0700] "GET /the-dark-side-of-anonymity-exploring-the-risks-on-omegle-and-ometv/ HTTP/1.0" 200 92315 "-" "Mozilla/5.0 AppleWebKit/537.36 (KHTML, like Gecko; compatible; GPTBot/1.2; +https://openai.com/gptbot)"
217.113.194.77 - - [07/Sep/2025:08:59:40 +0700] "GET /danh-muc/co-ba%CC%89n-thi-nghie%CC%A3m/noi-hap-tiet-trung/feed/ HTTP/1.0" 200 52820 "-" "Mozilla/5.0 (compatible; Barkrowler/0.9; +https://babbar.tech/crawler)"
217.113.194.76 - - [07/Sep/2025:09:00:02 +0700] "GET /danh-muc/thiet-bi%CC%A3-do-luong/do-phong-xa-dien-tu-truong/ HTTP/1.0" 200 98160 "-" "Mozilla/5.0 (compatible; Barkrowler/0.9; +https://babbar.tech/crawler)"
45.117.177.72 - - [07/Sep/2025:09:00:19 +0700] "POST /wp-cron.php?doing_wp_cron=1757210419.4807310104370117187500 HTTP/1.0" 200 416 "-" "WordPress/6.8.1; https://vattusacky.vn"
213.180.203.66 - - [07/Sep/2025:09:00:18 +0700] "GET /category/dating-sex/ HTTP/1.0" 200 58730 "-" "Mozilla/5.0 (compatible; YandexBot/3.0; +http://yandex.com/bots)"
217.113.194.81 - - [07/Sep/2025:09:00:27 +0700] "GET /danh-muc/phan-tich-thi-nghie%CC%A3m/may-phan-tich-toctnb/feed/ HTTP/1.0" 200 308047 "-" "Mozilla/5.0 (compatible; Barkrowler/0.9; +https://babbar.tech/crawler)"
20.171.207.251 - - [07/Sep/2025:09:00:40 +0700] "GET /the-allure-of-serendipity-in-a-highly-curated-online-world/ HTTP/1.0" 200 92436 "-" "Mozilla/5.0 AppleWebKit/537.36 (KHTML, like Gecko; compatible; GPTBot/1.2; +https://openai.com/gptbot)"
45.117.177.72 - - [07/Sep/2025:09:00:58 +0700] "POST /wp-cron.php?doing_wp_cron=1757210458.2058770656585693359375 HTTP/1.0" 200 416 "-" "WordPress/6.8.1; https://vattusacky.vn"
216.73.216.162 - - [07/Sep/2025:09:00:57 +0700] "GET /robots.txt HTTP/1.0" 200 984 "-" "Mozilla/5.0 AppleWebKit/537.36 (KHTML, like Gecko; compatible; ClaudeBot/1.0; +claudebot@anthropic.com)"
216.73.216.162 - - [07/Sep/2025:09:00:58 +0700] "GET /?p=6137 HTTP/1.0" 301 494 "-" "Mozilla/5.0 AppleWebKit/537.36 (KHTML, like Gecko; compatible; ClaudeBot/1.0; +claudebot@anthropic.com)"
216.73.216.162 - - [07/Sep/2025:09:01:00 +0700] "GET /analyzing-the-data-from-omegles-social-experiment/ HTTP/1.0" 200 91795 "https://vattusacky.vn/?p=6137" "Mozilla/5.0 AppleWebKit/537.36 (KHTML, like Gecko; compatible; ClaudeBot/1.0; +claudebot@anthropic.com)"
45.117.177.72 - - [07/Sep/2025:09:01:22 +0700] "POST /wp-cron.php?doing_wp_cron=1757210482.4951229095458984375000 HTTP/1.0" 200 416 "-" "WordPress/6.8.1; https://vattusacky.vn"
217.113.194.81 - - [07/Sep/2025:09:01:21 +0700] "GET /danh-muc/moi-truong-nuoc/lay-mau-nuoc-alpha-van-dorn-loai-ngang/ HTTP/1.0" 200 182982 "-" "Mozilla/5.0 (compatible; Barkrowler/0.9; +https://babbar.tech/crawler)"
20.171.207.251 - - [07/Sep/2025:09:01:36 +0700] "GET /the-dark-side-of-omegle-uncovering-online-scams-and-frauds/ HTTP/1.0" 200 91131 "-" "Mozilla/5.0 AppleWebKit/537.36 (KHTML, like Gecko; compatible; GPTBot/1.2; +https://openai.com/gptbot)"
217.113.194.74 - - [07/Sep/2025:09:01:54 +0700] "GET /danh-muc/moi-truong-nuoc/bo-loc-chan-khong-tss-bo-loc-vi-sinh/feed/ HTTP/1.0" 200 203738 "-" "Mozilla/5.0 (compatible; Barkrowler/0.9; +https://babbar.tech/crawler)"
20.171.207.251 - - [07/Sep/2025:09:02:13 +0700] "GET /?p=8806 HTTP/1.0" 301 517 "-" "Mozilla/5.0 AppleWebKit/537.36 (KHTML, like Gecko; compatible; GPTBot/1.2; +https://openai.com/gptbot)"
20.171.207.251 - - [07/Sep/2025:09:02:14 +0700] "GET /the-role-of-anonymity-in-fear-and-empathy-insights-from-omegle-and-ometv/ HTTP/1.0" 200 90268 "-" "Mozilla/5.0 AppleWebKit/537.36 (KHTML, like Gecko; compatible; GPTBot/1.2; +https://openai.com/gptbot)"
85.208.96.210 - - [07/Sep/2025:09:02:15 +0700] "GET /robots.txt HTTP/1.0" 200 984 "-" "Mozilla/5.0 (compatible; SemrushBot/7~bl; +http://www.semrush.com/bot.html)"
45.117.177.72 - - [07/Sep/2025:09:02:18 +0700] "POST /wp-cron.php?doing_wp_cron=1757210538.5266621112823486328125 HTTP/1.0" 200 416 "-" "WordPress/6.8.1; https://vattusacky.vn"
85.208.96.212 - - [07/Sep/2025:09:02:17 +0700] "GET /inside-the-event-you-kiss-the-date-over-a-first-particular-date/ HTTP/1.0" 200 74237 "-" "Mozilla/5.0 (compatible; SemrushBot/7~bl; +http://www.semrush.com/bot.html)"
52.3.26.180 - - [07/Sep/2025:09:02:19 +0700] "GET /haitian-wedding-traditions/ HTTP/1.0" 200 206139 "-" "Mozilla/5.0 AppleWebKit/537.36 (KHTML, like Gecko; compatible; Amazonbot/0.1; +https://developer.amazon.com/support/amazonbot) Chrome/119.0.6045.214 Safari/537.36"
217.113.194.72 - - [07/Sep/2025:09:02:36 +0700] "GET /codere-apuestas-resena-de-una-sobre-las-mejores-viviendas-de-apuestas-para-mexico/feed/ HTTP/1.0" 200 1843 "-" "Mozilla/5.0 (compatible; Barkrowler/0.9; +https://babbar.tech/crawler)"
20.171.207.251 - - [07/Sep/2025:09:02:41 +0700] "GET /?p=8309 HTTP/1.0" 301 502 "-" "Mozilla/5.0 AppleWebKit/537.36 (KHTML, like Gecko; compatible; GPTBot/1.2; +https://openai.com/gptbot)"
20.171.207.251 - - [07/Sep/2025:09:02:43 +0700] "GET /the-allure-of-the-unknown-embracing-the-mystery-on-omegle/ HTTP/1.0" 200 91869 "-" "Mozilla/5.0 AppleWebKit/537.36 (KHTML, like Gecko; compatible; GPTBot/1.2; +https://openai.com/gptbot)"
217.113.194.217 - - [07/Sep/2025:09:02:59 +0700] "GET /jak-predejit-vycitkam-kupujiciho-pri-nakupu-novych-hodinek/feed/ HTTP/1.0" 200 1781 "-" "Mozilla/5.0 (compatible; Barkrowler/0.9; +https://babbar.tech/crawler)"
45.117.177.72 - - [07/Sep/2025:09:03:20 +0700] "POST /wp-cron.php?doing_wp_cron=1757210600.5139980316162109375000 HTTP/1.0" 200 416 "-" "WordPress/6.8.1; https://vattusacky.vn"
20.171.207.251 - - [07/Sep/2025:09:03:19 +0700] "GET /?p=8597 HTTP/1.0" 301 510 "-" "Mozilla/5.0 AppleWebKit/537.36 (KHTML, like Gecko; compatible; GPTBot/1.2; +https://openai.com/gptbot)"
20.171.207.251 - - [07/Sep/2025:09:03:20 +0700] "GET /the-importance-of-algorithms-in-pairing-users-on-omegle-and-ometv/ HTTP/1.0" 200 92404 "-" "Mozilla/5.0 AppleWebKit/537.36 (KHTML, like Gecko; compatible; GPTBot/1.2; +https://openai.com/gptbot)"
154.54.249.200 - - [07/Sep/2025:09:03:21 +0700] "GET /osvoenie-metoda-pokerdom-igrat-eto-ne-sluchaynost-eto-iskusstvo/feed/ HTTP/1.0" 200 1859 "-" "Mozilla/5.0 (compatible; Barkrowler/0.9; +https://babbar.tech/crawler)"
217.113.194.81 - - [07/Sep/2025:09:03:44 +0700] "GET /luchshie-bukmekerskie-kontory-dlja-stavok-na-sport-sostavit-iz-13-bk/feed/ HTTP/1.0" 200 1854 "-" "Mozilla/5.0 (compatible; Barkrowler/0.9; +https://babbar.tech/crawler)"
20.171.207.251 - - [07/Sep/2025:09:03:57 +0700] "GET /what-is-the-new-direction-for-omegle-perspectives-on-the-future/ HTTP/1.0" 200 91893 "-" "Mozilla/5.0 AppleWebKit/537.36 (KHTML, like Gecko; compatible; GPTBot/1.2; +https://openai.com/gptbot)"
217.113.194.78 - - [07/Sep/2025:09:04:03 +0700] "GET /bon-ung-dung-dang-tin-app-vay-tien-uy-tin-cay-su-dung-tai-viet-nam/feed/ HTTP/1.0" 200 1816 "-" "Mozilla/5.0 (compatible; Barkrowler/0.9; +https://babbar.tech/crawler)"
45.117.177.72 - - [07/Sep/2025:09:04:24 +0700] "POST /wp-cron.php?doing_wp_cron=1757210664.2487258911132812500000 HTTP/1.0" 200 416 "-" "WordPress/6.8.1; https://vattusacky.vn"
217.113.194.76 - - [07/Sep/2025:09:04:23 +0700] "GET /1win-1vin-75000-rublej-bonus-vhod-na-ofitsialnyj-sajt-1win/feed/ HTTP/1.0" 200 1808 "-" "Mozilla/5.0 (compatible; Barkrowler/0.9; +https://babbar.tech/crawler)"
217.113.194.217 - - [07/Sep/2025:09:04:43 +0700] "GET /san-pham/bo-giu-ong-impinger-bang-thep-khong-gi-gan-vao-bo-tripod/ HTTP/1.0" 200 177496 "-" "Mozilla/5.0 (compatible; Barkrowler/0.9; +https://babbar.tech/crawler)"
51.222.168.124 - - [07/Sep/2025:09:05:02 +0700] "GET /sitemap_index.xml HTTP/1.0" 200 2426 "-" "Mozilla/5.0 (compatible; AhrefsBot/7.0; +http://ahrefs.com/robot/)"
142.44.225.247 - - [07/Sep/2025:09:05:05 +0700] "GET /post-sitemap.xml HTTP/1.0" 500 3278 "-" "Mozilla/5.0 (compatible; AhrefsBot/7.0; +http://ahrefs.com/robot/)"
217.113.194.217 - - [07/Sep/2025:09:05:10 +0700] "GET /san-pham/thiet-bi-lay-mau-bui-puf-58-280-lpm-choi-than-02-cap/ HTTP/1.0" 200 372070 "-" "Mozilla/5.0 (compatible; Barkrowler/0.9; +https://babbar.tech/crawler)"
15.235.96.85 - - [07/Sep/2025:09:05:12 +0700] "GET /post-sitemap2.xml HTTP/1.0" 200 158032 "-" "Mozilla/5.0 (compatible; AhrefsBot/7.0; +http://ahrefs.com/robot/)"
45.117.177.72 - - [07/Sep/2025:09:05:21 +0700] "POST /wp-cron.php?doing_wp_cron=1757210721.5208680629730224609375 HTTP/1.0" 200 416 "-" "WordPress/6.8.1; https://vattusacky.vn"
54.39.136.210 - - [07/Sep/2025:09:05:20 +0700] "GET /post-sitemap3.xml HTTP/1.0" 200 155802 "-" "Mozilla/5.0 (compatible; AhrefsBot/7.0; +http://ahrefs.com/robot/)"
15.235.27.56 - - [07/Sep/2025:09:05:25 +0700] "GET /post-sitemap4.xml HTTP/1.0" 200 157863 "-" "Mozilla/5.0 (compatible; AhrefsBot/7.0; +http://ahrefs.com/robot/)"
20.171.207.251 - - [07/Sep/2025:09:05:27 +0700] "GET /how-omegle-and-ometv-are-changing-the-way-we-socialize-online/ HTTP/1.0" 200 94407 "-" "Mozilla/5.0 AppleWebKit/537.36 (KHTML, like Gecko; compatible; GPTBot/1.2; +https://openai.com/gptbot)"
148.113.130.93 - - [07/Sep/2025:09:05:30 +0700] "GET /post-sitemap5.xml HTTP/1.0" 200 159938 "-" "Mozilla/5.0 (compatible; AhrefsBot/7.0; +http://ahrefs.com/robot/)"
216.244.66.237 - - [07/Sep/2025:09:05:34 +0700] "GET /robots.txt HTTP/1.0" 200 984 "-" "Mozilla/5.0 (compatible; DotBot/1.2; +https://opensiteexplorer.org/dotbot; help@moz.com)"
54.39.0.75 - - [07/Sep/2025:09:05:34 +0700] "GET /post-sitemap6.xml HTTP/1.0" 200 42210 "-" "Mozilla/5.0 (compatible; AhrefsBot/7.0; +http://ahrefs.com/robot/)"
54.39.136.216 - - [07/Sep/2025:09:05:38 +0700] "GET /page-sitemap.xml HTTP/1.0" 200 1873 "-" "Mozilla/5.0 (compatible; AhrefsBot/7.0; +http://ahrefs.com/robot/)"
142.44.225.135 - - [07/Sep/2025:09:05:41 +0700] "GET /attachment-sitemap.xml HTTP/1.0" 200 72345 "-" "Mozilla/5.0 (compatible; AhrefsBot/7.0; +http://ahrefs.com/robot/)"
217.113.194.73 - - [07/Sep/2025:09:05:51 +0700] "GET /san-pham/thiet-bi-lay-mau-nuoc-alpha-van-dorn-loai-doc-8-2-lit/ HTTP/1.0" 200 369412 "-" "Mozilla/5.0 (compatible; Barkrowler/0.9; +https://babbar.tech/crawler)"
51.222.95.53 - - [07/Sep/2025:09:05:49 +0700] "GET /product-sitemap.xml HTTP/1.0" 200 51048 "-" "Mozilla/5.0 (compatible; AhrefsBot/7.0; +http://ahrefs.com/robot/)"
148.113.128.224 - - [07/Sep/2025:09:05:55 +0700] "GET /category-sitemap.xml HTTP/1.0" 200 24564 "-" "Mozilla/5.0 (compatible; AhrefsBot/7.0; +http://ahrefs.com/robot/)"
54.39.203.249 - - [07/Sep/2025:09:05:58 +0700] "GET /post_tag-sitemap.xml HTTP/1.0" 200 12903 "-" "Mozilla/5.0 (compatible; AhrefsBot/7.0; +http://ahrefs.com/robot/)"
54.39.6.157 - - [07/Sep/2025:09:06:01 +0700] "GET /product_cat-sitemap.xml HTTP/1.0" 200 8595 "-" "Mozilla/5.0 (compatible; AhrefsBot/7.0; +http://ahrefs.com/robot/)"
54.39.0.15 - - [07/Sep/2025:09:06:04 +0700] "GET /product_tag-sitemap.xml HTTP/1.0" 200 28520 "-" "Mozilla/5.0 (compatible; AhrefsBot/7.0; +http://ahrefs.com/robot/)"
45.117.177.72 - - [07/Sep/2025:09:07:31 +0700] "POST /wp-cron.php?doing_wp_cron=1757210851.5408239364624023437500 HTTP/1.0" 200 416 "-" "WordPress/6.8.1; https://vattusacky.vn"
85.208.96.201 - - [07/Sep/2025:09:07:30 +0700] "GET /1xbet-mobile-vebsayt-v%C9%99-1x-bet-mobil-uygulama-indir-2023-617/ HTTP/1.0" 200 81927 "-" "Mozilla/5.0 (compatible; SemrushBot/7~bl; +http://www.semrush.com/bot.html)"
20.171.207.251 - - [07/Sep/2025:09:07:36 +0700] "GET /the-role-of-serendipity-in-breaking-out-of-online-echo-chambers/ HTTP/1.0" 200 92223 "-" "Mozilla/5.0 AppleWebKit/537.36 (KHTML, like Gecko; compatible; GPTBot/1.2; +https://openai.com/gptbot)"
45.117.177.72 - - [07/Sep/2025:09:08:25 +0700] "POST /wp-cron.php?doing_wp_cron=1757210905.2209050655364990234375 HTTP/1.0" 200 416 "-" "WordPress/6.8.1; https://vattusacky.vn"
213.180.203.230 - - [07/Sep/2025:09:08:24 +0700] "GET /best-online-slots/ HTTP/1.0" 200 206379 "-" "Mozilla/5.0 (compatible; YandexBot/3.0; +http://yandex.com/bots)"
45.117.177.72 - - [07/Sep/2025:09:08:54 +0700] "POST /wp-cron.php?doing_wp_cron=1757210934.3257620334625244140625 HTTP/1.0" 200 416 "-" "WordPress/6.8.1; https://vattusacky.vn"
20.171.207.251 - - [07/Sep/2025:09:08:53 +0700] "GET /?p=8461 HTTP/1.0" 301 502 "-" "Mozilla/5.0 AppleWebKit/537.36 (KHTML, like Gecko; compatible; GPTBot/1.2; +https://openai.com/gptbot)"
20.171.207.251 - - [07/Sep/2025:09:08:54 +0700] "GET /the-funniest-omegle-chats-that-went-viral-on-social-media/ HTTP/1.0" 200 88704 "-" "Mozilla/5.0 AppleWebKit/537.36 (KHTML, like Gecko; compatible; GPTBot/1.2; +https://openai.com/gptbot)"
157.55.39.204 - - [07/Sep/2025:09:09:47 +0700] "GET /wp-content/uploads/2018/07/kjeldahl_distillation_velp_udk_139_-1.jpg HTTP/1.0" 200 445 "-" "Mozilla/5.0 AppleWebKit/537.36 (KHTML, like Gecko; compatible; bingbot/2.0; +http://www.bing.com/bingbot.htm) Chrome/116.0.1938.76 Safari/537.36"
45.117.177.72 - - [07/Sep/2025:09:09:50 +0700] "POST /wp-cron.php?doing_wp_cron=1757210989.7590570449829101562500 HTTP/1.0" 200 416 "-" "WordPress/6.8.1; https://vattusacky.vn"
20.171.207.251 - - [07/Sep/2025:09:09:48 +0700] "GET /?p=8604 HTTP/1.0" 301 506 "-" "Mozilla/5.0 AppleWebKit/537.36 (KHTML, like Gecko; compatible; GPTBot/1.2; +https://openai.com/gptbot)"
20.171.207.251 - - [07/Sep/2025:09:09:50 +0700] "GET /the-importance-of-follow-up-in-networking-on-omegle-and-ometv/ HTTP/1.0" 200 90046 "-" "Mozilla/5.0 AppleWebKit/537.36 (KHTML, like Gecko; compatible; GPTBot/1.2; +https://openai.com/gptbot)"
45.117.177.72 - - [07/Sep/2025:09:10:56 +0700] "POST /wp-cron.php?doing_wp_cron=1757211055.8931291103363037109375 HTTP/1.0" 200 416 "-" "WordPress/6.8.1; https://vattusacky.vn"
85.208.96.202 - - [07/Sep/2025:09:10:54 +0700] "GET /the/tram-lay-mau-bui-hiq/page/2/ HTTP/1.0" 200 92833 "-" "Mozilla/5.0 (compatible; SemrushBot/7~bl; +http://www.semrush.com/bot.html)"
20.171.207.251 - - [07/Sep/2025:09:11:01 +0700] "GET /?p=6998 HTTP/1.0" 301 654 "-" "Mozilla/5.0 AppleWebKit/537.36 (KHTML, like Gecko; compatible; GPTBot/1.2; +https://openai.com/gptbot)"
20.171.207.251 - - [07/Sep/2025:09:11:02 +0700] "GET /hilarious-omegle-chats-that-will-leave-you-rolling-on-the-floor/ HTTP/1.0" 200 94477 "-" "Mozilla/5.0 AppleWebKit/537.36 (KHTML, like Gecko; compatible; GPTBot/1.2; +https://openai.com/gptbot)"
45.117.177.72 - - [07/Sep/2025:09:11:53 +0700] "POST /wp-cron.php?doing_wp_cron=1757211112.9291830062866210937500 HTTP/1.0" 200 416 "-" "WordPress/6.8.1; https://vattusacky.vn"
51.68.236.95 - - [07/Sep/2025:09:11:51 +0700] "GET /robots.txt HTTP/1.0" 200 984 "-" "Mozilla/5.0 (compatible; MJ12bot/v2.0.4; http://mj12bot.com/)"
51.68.236.95 - - [07/Sep/2025:09:11:53 +0700] "GET / HTTP/1.0" 200 60070 "-" "Mozilla/5.0 (compatible; MJ12bot/v2.0.4; http://mj12bot.com/)"
20.171.207.251 - - [07/Sep/2025:09:12:06 +0700] "GET /?p=8307 HTTP/1.0" 301 503 "-" "Mozilla/5.0 AppleWebKit/537.36 (KHTML, like Gecko; compatible; GPTBot/1.2; +https://openai.com/gptbot)"
20.171.207.251 - - [07/Sep/2025:09:12:08 +0700] "GET /the-allure-of-serendipity-in-a-highly-curated-online-world/ HTTP/1.0" 200 92436 "-" "Mozilla/5.0 AppleWebKit/537.36 (KHTML, like Gecko; compatible; GPTBot/1.2; +https://openai.com/gptbot)"
45.117.177.72 - - [07/Sep/2025:09:12:39 +0700] "POST /wp-cron.php?doing_wp_cron=1757211158.7295050621032714843750 HTTP/1.0" 200 416 "-" "WordPress/6.8.1; https://vattusacky.vn"
185.191.171.18 - - [07/Sep/2025:09:12:37 +0700] "GET /danh-muc/moi-truong-nuoc/may-quang-pho-phan-tich-nuoc/ HTTP/1.0" 200 107350 "-" "Mozilla/5.0 (compatible; SemrushBot/7~bl; +http://www.semrush.com/bot.html)"
20.171.207.251 - - [07/Sep/2025:09:13:08 +0700] "GET /?p=8382 HTTP/1.0" 301 511 "-" "Mozilla/5.0 AppleWebKit/537.36 (KHTML, like Gecko; compatible; GPTBot/1.2; +https://openai.com/gptbot)"
85.208.96.195 - - [07/Sep/2025:09:13:10 +0700] "GET /category/uncategorized/page/304/ HTTP/1.0" 200 138438 "-" "Mozilla/5.0 (compatible; SemrushBot/7~bl; +http://www.semrush.com/bot.html)"
20.171.207.251 - - [07/Sep/2025:09:13:10 +0700] "GET /the-dark-side-of-anonymity-exploring-the-risks-on-omegle-and-ometv/ HTTP/1.0" 200 92169 "-" "Mozilla/5.0 AppleWebKit/537.36 (KHTML, like Gecko; compatible; GPTBot/1.2; +https://openai.com/gptbot)"
