198.55.98.93 - - [07/Sep/2025:06:41:13 +0700] "GET /.git/config HTTP/1.0" 404 70812 "-" "Mozilla/5.0 (Windows NT 10.0; WOW64) AppleWebKit/537.36 (KHTML, like Gecko) Chrome/72.0.3626.121 Safari/537.36"
45.117.177.72 - - [07/Sep/2025:06:42:43 +0700] "POST /wp-cron.php?doing_wp_cron=1757202163.6464889049530029296875 HTTP/1.0" 200 416 "-" "WordPress/6.8.1; https://vattusacky.vn"
20.171.207.251 - - [07/Sep/2025:06:42:42 +0700] "GET /?p=8096 HTTP/1.0" 301 509 "-" "Mozilla/5.0 AppleWebKit/537.36 (KHTML, like Gecko; compatible; GPTBot/1.2; +https://openai.com/gptbot)"
20.171.207.251 - - [07/Sep/2025:06:42:44 +0700] "GET /privacy-concerns-video-vs-text-communication-on-omegle-and-ometv/ HTTP/1.0" 200 93298 "-" "Mozilla/5.0 AppleWebKit/537.36 (KHTML, like Gecko; compatible; GPTBot/1.2; +https://openai.com/gptbot)"
45.117.177.72 - - [07/Sep/2025:06:43:41 +0700] "POST /wp-cron.php?doing_wp_cron=1757202221.6223409175872802734375 HTTP/1.0" 200 416 "-" "WordPress/6.8.1; https://vattusacky.vn"
20.171.207.251 - - [07/Sep/2025:06:43:40 +0700] "GET /online-etiquette-on-omegle-dos-and-donts-for-a-positive-experience/ HTTP/1.0" 200 90261 "-" "Mozilla/5.0 AppleWebKit/537.36 (KHTML, like Gecko; compatible; GPTBot/1.2; +https://openai.com/gptbot)"
45.117.177.72 - - [07/Sep/2025:06:44:24 +0700] "POST /wp-cron.php?doing_wp_cron=1757202264.4142069816589355468750 HTTP/1.0" 200 416 "-" "WordPress/6.8.1; https://vattusacky.vn"
20.171.207.251 - - [07/Sep/2025:06:44:22 +0700] "GET /?p=8416 HTTP/1.0" 301 509 "-" "Mozilla/5.0 AppleWebKit/537.36 (KHTML, like Gecko; compatible; GPTBot/1.2; +https://openai.com/gptbot)"
20.171.207.251 - - [07/Sep/2025:06:44:24 +0700] "GET /the-essence-of-friendship-in-omelove-stories-of-love-and-romance/ HTTP/1.0" 200 74743 "-" "Mozilla/5.0 AppleWebKit/537.36 (KHTML, like Gecko; compatible; GPTBot/1.2; +https://openai.com/gptbot)"
138.3.242.176 - - [07/Sep/2025:06:44:42 +0700] "GET /wp-json/wp/v2/posts?per_page=1&_fields=id,slug,comment_status HTTP/1.0" 200 1018 "-" "-"
138.3.242.176 - - [07/Sep/2025:06:44:45 +0700] "POST /wp-comments-post.php HTTP/1.0" 302 1157 "-" "-"
45.117.177.72 - - [07/Sep/2025:06:45:33 +0700] "POST /wp-cron.php?doing_wp_cron=1757202333.4689440727233886718750 HTTP/1.0" 200 416 "-" "WordPress/6.8.1; https://vattusacky.vn"
20.171.207.251 - - [07/Sep/2025:06:45:32 +0700] "GET /omegle-and-ometv-a-new-era-of-online-friendships-and-connections/ HTTP/1.0" 200 94037 "-" "Mozilla/5.0 AppleWebKit/537.36 (KHTML, like Gecko; compatible; GPTBot/1.2; +https://openai.com/gptbot)"
216.73.216.162 - - [07/Sep/2025:06:45:35 +0700] "GET /robots.txt HTTP/1.0" 200 984 "-" "Mozilla/5.0 AppleWebKit/537.36 (KHTML, like Gecko; compatible; ClaudeBot/1.0; +claudebot@anthropic.com)"
216.73.216.162 - - [07/Sep/2025:06:45:36 +0700] "GET /1xbet-app-download-for-android-apk-and-ios-for-31 HTTP/1.0" 301 494 "-" "Mozilla/5.0 AppleWebKit/537.36 (KHTML, like Gecko; compatible; ClaudeBot/1.0; +claudebot@anthropic.com)"
216.73.216.162 - - [07/Sep/2025:06:45:38 +0700] "GET /1xbet-app-download-for-android-apk-and-ios-for-31/ HTTP/1.0" 200 91101 "https://vattusacky.vn/1xbet-app-download-for-android-apk-and-ios-for-31" "Mozilla/5.0 AppleWebKit/537.36 (KHTML, like Gecko; compatible; ClaudeBot/1.0; +claudebot@anthropic.com)"
85.208.96.210 - - [07/Sep/2025:06:45:40 +0700] "GET /robots.txt HTTP/1.0" 200 984 "-" "Mozilla/5.0 (compatible; SemrushBot/7~bl; +http://www.semrush.com/bot.html)"
185.191.171.17 - - [07/Sep/2025:06:45:45 +0700] "GET /shop/page/15/ HTTP/1.0" 200 182695 "-" "Mozilla/5.0 (compatible; SemrushBot/7~bl; +http://www.semrush.com/bot.html)"
185.191.171.10 - - [07/Sep/2025:06:45:55 +0700] "GET /category/uncategorized/page/74/ HTTP/1.0" 200 76603 "-" "Mozilla/5.0 (compatible; SemrushBot/7~bl; +http://www.semrush.com/bot.html)"
216.73.216.162 - - [07/Sep/2025:06:46:12 +0700] "GET /?p=5673 HTTP/1.0" 301 617 "-" "Mozilla/5.0 AppleWebKit/537.36 (KHTML, like Gecko; compatible; ClaudeBot/1.0; +claudebot@anthropic.com)"
216.73.216.162 - - [07/Sep/2025:06:46:12 +0700] "GET /4rabet-official-website-28/feed HTTP/1.0" 301 720 "-" "Mozilla/5.0 AppleWebKit/537.36 (KHTML, like Gecko; compatible; ClaudeBot/1.0; +claudebot@anthropic.com)"
216.73.216.162 - - [07/Sep/2025:06:46:14 +0700] "GET /4rabet-official-website-28/feed/ HTTP/1.0" 200 1526 "https://vattusacky.vn/4rabet-official-website-28/feed" "Mozilla/5.0 AppleWebKit/537.36 (KHTML, like Gecko; compatible; ClaudeBot/1.0; +claudebot@anthropic.com)"
216.73.216.162 - - [07/Sep/2025:06:46:14 +0700] "GET /4rabet-official-website-28/ HTTP/1.0" 200 104327 "https://vattusacky.vn/?p=5673" "Mozilla/5.0 AppleWebKit/537.36 (KHTML, like Gecko; compatible; ClaudeBot/1.0; +claudebot@anthropic.com)"
45.117.177.72 - - [07/Sep/2025:06:46:17 +0700] "POST /wp-cron.php?doing_wp_cron=1757202377.4785380363464355468750 HTTP/1.0" 200 416 "-" "WordPress/6.8.1; https://vattusacky.vn"
20.171.207.251 - - [07/Sep/2025:06:46:16 +0700] "GET /the-role-of-chance-encounters-in-personal-growth-on-omegle/ HTTP/1.0" 200 91534 "-" "Mozilla/5.0 AppleWebKit/537.36 (KHTML, like Gecko; compatible; GPTBot/1.2; +https://openai.com/gptbot)"
45.117.177.72 - - [07/Sep/2025:06:46:35 +0700] "POST /wp-cron.php?doing_wp_cron=1757202395.1907370090484619140625 HTTP/1.0" 200 416 "-" "WordPress/6.8.1; https://vattusacky.vn"
87.250.224.86 - - [07/Sep/2025:06:46:34 +0700] "GET /powerful-corporate-governance-software/ HTTP/1.0" 200 205507 "-" "Mozilla/5.0 (compatible; YandexBot/3.0; +http://yandex.com/bots)"
45.117.177.72 - - [07/Sep/2025:06:48:08 +0700] "POST /wp-cron.php?doing_wp_cron=1757202488.0320699214935302734375 HTTP/1.0" 200 416 "-" "WordPress/6.8.1; https://vattusacky.vn"
5.255.231.15 - - [07/Sep/2025:06:48:06 +0700] "GET /robots.txt HTTP/1.0" 200 984 "-" "Mozilla/5.0 (compatible; YandexBot/3.0; +http://yandex.com/bots)"
45.117.177.72 - - [07/Sep/2025:06:48:36 +0700] "POST /wp-cron.php?doing_wp_cron=1757202516.1257319450378417968750 HTTP/1.0" 200 416 "-" "WordPress/6.8.1; https://vattusacky.vn"
20.171.207.251 - - [07/Sep/2025:06:48:34 +0700] "GET /?p=8100 HTTP/1.0" 301 508 "-" "Mozilla/5.0 AppleWebKit/537.36 (KHTML, like Gecko; compatible; GPTBot/1.2; +https://openai.com/gptbot)"
20.171.207.251 - - [07/Sep/2025:06:48:36 +0700] "GET /privacy-matters-video-vs-text-communication-on-omegle-and-ometv/ HTTP/1.0" 200 91745 "-" "Mozilla/5.0 AppleWebKit/537.36 (KHTML, like Gecko; compatible; GPTBot/1.2; +https://openai.com/gptbot)"
45.117.177.72 - - [07/Sep/2025:06:49:20 +0700] "POST /wp-cron.php?doing_wp_cron=1757202560.3351430892944335937500 HTTP/1.0" 200 416 "-" "WordPress/6.8.1; https://vattusacky.vn"
185.191.171.4 - - [07/Sep/2025:06:49:18 +0700] "GET /category/uncategorized/page/287/ HTTP/1.0" 200 75254 "-" "Mozilla/5.0 (compatible; SemrushBot/7~bl; +http://www.semrush.com/bot.html)"
45.117.177.72 - - [07/Sep/2025:06:51:39 +0700] "POST /wp-cron.php?doing_wp_cron=1757202698.9567689895629882812500 HTTP/1.0" 200 416 "-" "WordPress/6.8.1; https://vattusacky.vn"
20.171.207.251 - - [07/Sep/2025:06:51:37 +0700] "GET /?p=8005 HTTP/1.0" 301 657 "-" "Mozilla/5.0 AppleWebKit/537.36 (KHTML, like Gecko; compatible; GPTBot/1.2; +https://openai.com/gptbot)"
20.171.207.251 - - [07/Sep/2025:06:51:39 +0700] "GET /online-etiquette-on-omegle-dos-and-donts-for-a-positive-experience/ HTTP/1.0" 200 90115 "-" "Mozilla/5.0 AppleWebKit/537.36 (KHTML, like Gecko; compatible; GPTBot/1.2; +https://openai.com/gptbot)"
45.117.177.72 - - [07/Sep/2025:06:53:13 +0700] "POST /wp-cron.php?doing_wp_cron=1757202792.8201088905334472656250 HTTP/1.0" 200 416 "-" "WordPress/6.8.1; https://vattusacky.vn"
20.171.207.251 - - [07/Sep/2025:06:53:11 +0700] "GET /omegle-vs-ometv-a-battle-for-the-best-random-chat-platform/ HTTP/1.0" 200 92347 "-" "Mozilla/5.0 AppleWebKit/537.36 (KHTML, like Gecko; compatible; GPTBot/1.2; +https://openai.com/gptbot)"
45.117.177.72 - - [07/Sep/2025:06:53:28 +0700] "POST /wp-cron.php?doing_wp_cron=1757202808.6221039295196533203125 HTTP/1.0" 200 416 "-" "WordPress/6.8.1; https://vattusacky.vn"
95.91.104.195 - - [07/Sep/2025:06:53:27 +0700] "GET /robots.txt HTTP/1.0" 200 984 "-" "Mozilla/5.0 (compatible; MJ12bot/v1.4.8; http://mj12bot.com/)"
95.91.104.195 - - [07/Sep/2025:06:53:30 +0700] "GET /1xbet-az-r%C9%99smi-sayt-1xbet-az%C9%99rbaycan-bukmeker-kontoru-bonuslar-apk-105/ HTTP/1.0" 200 82212 "-" "Mozilla/5.0 (compatible; MJ12bot/v1.4.8; http://mj12bot.com/)"
95.91.104.195 - - [07/Sep/2025:06:53:34 +0700] "GET /1xbet-az-r%C9%99smi-sayt-1xbet-az%C9%99rbaycan-bukmeker-kontoru-bonuslar-apk-152/ HTTP/1.0" 200 83573 "-" "Mozilla/5.0 (compatible; MJ12bot/v1.4.8; http://mj12bot.com/)"
95.91.104.195 - - [07/Sep/2025:06:53:38 +0700] "GET /1xbet-azerbaycan-m%C9%99rc-sayti-giris-1xbet-azerbaycan-mobil-uygulama-yukle-248/ HTTP/1.0" 200 84086 "-" "Mozilla/5.0 (compatible; MJ12bot/v1.4.8; http://mj12bot.com/)"
95.91.104.195 - - [07/Sep/2025:06:53:42 +0700] "GET /1xbet-az%C9%99rbaycan-idman-v%C9%99-kazino-uzr%C9%99-m%C9%99rcl%C9%99r-839/ HTTP/1.0" 200 84242 "-" "Mozilla/5.0 (compatible; MJ12bot/v1.4.8; http://mj12bot.com/)"
95.91.104.195 - - [07/Sep/2025:06:53:46 +0700] "GET /888-casino-evaluate-2023-%EF%B8%8F-play-actual-cash-5/ HTTP/1.0" 200 246522 "-" "Mozilla/5.0 (compatible; MJ12bot/v1.4.8; http://mj12bot.com/)"
95.91.104.195 - - [07/Sep/2025:06:53:50 +0700] "GET /aviatordan-pul-qazanmaq-2022-yeni-x%C9%99st%C9%99lik-aviator-casino-mostbet-910/ HTTP/1.0" 200 87020 "-" "Mozilla/5.0 (compatible; MJ12bot/v1.4.8; http://mj12bot.com/)"
95.91.104.195 - - [07/Sep/2025:06:53:54 +0700] "GET /az%C9%99rbaycanda-mostbet-bukmeker-kontorunun-icmali-313/ HTTP/1.0" 200 82755 "-" "Mozilla/5.0 (compatible; MJ12bot/v1.4.8; http://mj12bot.com/)"
95.91.104.195 - - [07/Sep/2025:06:53:59 +0700] "GET /az%C9%99rbaycanda-mostbet-bukmeker-kontorunun-icmali-790/ HTTP/1.0" 200 85545 "-" "Mozilla/5.0 (compatible; MJ12bot/v1.4.8; http://mj12bot.com/)"
40.77.167.243 - - [07/Sep/2025:06:54:02 +0700] "GET /omegle-vs-ometv-pros-and-cons-of-each-platform/feed/ HTTP/1.0" 200 1735 "-" "Mozilla/5.0 AppleWebKit/537.36 (KHTML, like Gecko; compatible; bingbot/2.0; +http://www.bing.com/bingbot.htm) Chrome/116.0.1938.76 Safari/537.36"
95.91.104.195 - - [07/Sep/2025:06:54:03 +0700] "GET /casinoland-examine-2022-%EF%B8%8F-popped-place-with-regard-to-united-kingdom-competitors-%EF%B8%8F/ HTTP/1.0" 200 210304 "-" "Mozilla/5.0 (compatible; MJ12bot/v1.4.8; http://mj12bot.com/)"
95.91.104.195 - - [07/Sep/2025:06:54:07 +0700] "GET /category/1win-az-bonuslar-mobil-t%C9%99tbiq-v%C9%99-m%C9%99rc-marketl%C9%99ri-119/ HTTP/1.0" 200 64293 "-" "Mozilla/5.0 (compatible; MJ12bot/v1.4.8; http://mj12bot.com/)"
95.91.104.195 - - [07/Sep/2025:06:54:10 +0700] "GET /danh-muc/co-ba%CC%89n-thi-nghie%CC%A3m/ HTTP/1.0" 200 67804 "-" "Mozilla/5.0 (compatible; MJ12bot/v1.4.8; http://mj12bot.com/)"
95.91.104.195 - - [07/Sep/2025:06:54:13 +0700] "GET /danh-muc/co-ba%CC%89n-thi-nghie%CC%A3m/be-o%CC%89n-nhie%CC%A3t-tuan-hoan/ HTTP/1.0" 200 60379 "-" "Mozilla/5.0 (compatible; MJ12bot/v1.4.8; http://mj12bot.com/)"
45.117.177.72 - - [07/Sep/2025:06:54:36 +0700] "POST /wp-cron.php?doing_wp_cron=1757202875.9753448963165283203125 HTTP/1.0" 200 416 "-" "WordPress/6.8.1; https://vattusacky.vn"
20.171.207.251 - - [07/Sep/2025:06:54:34 +0700] "GET /the-pros-and-cons-of-using-omegle-for-online-social-interaction/ HTTP/1.0" 200 90908 "-" "Mozilla/5.0 AppleWebKit/537.36 (KHTML, like Gecko; compatible; GPTBot/1.2; +https://openai.com/gptbot)"
95.91.104.195 - - [07/Sep/2025:06:54:34 +0700] "GET /danh-muc/co-ba%CC%89n-thi-nghie%CC%A3m/be-rua-sieu-am/ HTTP/1.0" 200 60088 "-" "Mozilla/5.0 (compatible; MJ12bot/v1.4.8; http://mj12bot.com/)"
95.91.104.195 - - [07/Sep/2025:06:54:39 +0700] "GET /danh-muc/co-ba%CC%89n-thi-nghie%CC%A3m/bep-cach-thuy%CC%89/ HTTP/1.0" 200 74690 "-" "Mozilla/5.0 (compatible; MJ12bot/v1.4.8; http://mj12bot.com/)"
95.91.104.195 - - [07/Sep/2025:06:54:43 +0700] "GET /danh-muc/co-ba%CC%89n-thi-nghie%CC%A3m/bom-chan-khong-bo%CC%A3-lo%CC%A3c-chan-khong/ HTTP/1.0" 200 69859 "-" "Mozilla/5.0 (compatible; MJ12bot/v1.4.8; http://mj12bot.com/)"
95.91.104.195 - - [07/Sep/2025:06:54:46 +0700] "GET /danh-muc/co-ba%CC%89n-thi-nghie%CC%A3m/can-phan-tich-can-ky%CC%83-thua%CC%A3t/ HTTP/1.0" 200 99802 "-" "Mozilla/5.0 (compatible; MJ12bot/v1.4.8; http://mj12bot.com/)"
95.91.104.195 - - [07/Sep/2025:06:54:51 +0700] "GET /danh-muc/co-ba%CC%89n-thi-nghie%CC%A3m/can-say-a%CC%89m/ HTTP/1.0" 200 60076 "-" "Mozilla/5.0 (compatible; MJ12bot/v1.4.8; http://mj12bot.com/)"
95.91.104.195 - - [07/Sep/2025:06:54:55 +0700] "GET /danh-muc/co-ba%CC%89n-thi-nghie%CC%A3m/khuc-xa-ke/ HTTP/1.0" 200 60004 "-" "Mozilla/5.0 (compatible; MJ12bot/v1.4.8; http://mj12bot.com/)"
95.91.104.195 - - [07/Sep/2025:06:55:00 +0700] "GET /danh-muc/co-ba%CC%89n-thi-nghie%CC%A3m/kinh-hien-vi/ HTTP/1.0" 200 60021 "-" "Mozilla/5.0 (compatible; MJ12bot/v1.4.8; http://mj12bot.com/)"
95.91.104.195 - - [07/Sep/2025:06:55:04 +0700] "GET /danh-muc/co-ba%CC%89n-thi-nghie%CC%A3m/lo-nung/ HTTP/1.0" 200 74157 "-" "Mozilla/5.0 (compatible; MJ12bot/v1.4.8; http://mj12bot.com/)"
95.91.104.195 - - [07/Sep/2025:06:55:08 +0700] "GET /danh-muc/co-ba%CC%89n-thi-nghie%CC%A3m/may-cat-nuoc/ HTTP/1.0" 200 60052 "-" "Mozilla/5.0 (compatible; MJ12bot/v1.4.8; http://mj12bot.com/)"
95.91.104.195 - - [07/Sep/2025:06:55:12 +0700] "GET /danh-muc/co-ba%CC%89n-thi-nghie%CC%A3m/may-cay-dia-petri/ HTTP/1.0" 200 60135 "-" "Mozilla/5.0 (compatible; MJ12bot/v1.4.8; http://mj12bot.com/)"
45.117.177.72 - - [07/Sep/2025:06:55:17 +0700] "POST /wp-cron.php?doing_wp_cron=1757202917.7012910842895507812500 HTTP/1.0" 200 416 "-" "WordPress/6.8.1; https://vattusacky.vn"
95.91.104.195 - - [07/Sep/2025:06:55:16 +0700] "GET /danh-muc/co-ba%CC%89n-thi-nghie%CC%A3m/may-co-quay-chan-khong/ HTTP/1.0" 200 60218 "-" "Mozilla/5.0 (compatible; MJ12bot/v1.4.8; http://mj12bot.com/)"
95.91.104.195 - - [07/Sep/2025:06:55:20 +0700] "GET /danh-muc/co-ba%CC%89n-thi-nghie%CC%A3m/may-dap-mau-vi-sinh/ HTTP/1.0" 200 60166 "-" "Mozilla/5.0 (compatible; MJ12bot/v1.4.8; http://mj12bot.com/)"
95.91.104.195 - - [07/Sep/2025:06:55:24 +0700] "GET /danh-muc/co-ba%CC%89n-thi-nghie%CC%A3m/may-dem-khuan-lac/ HTTP/1.0" 200 60161 "-" "Mozilla/5.0 (compatible; MJ12bot/v1.4.8; http://mj12bot.com/)"
95.91.104.195 - - [07/Sep/2025:06:55:27 +0700] "GET /danh-muc/co-ba%CC%89n-thi-nghie%CC%A3m/may-do-do-nhot/ HTTP/1.0" 200 60100 "-" "Mozilla/5.0 (compatible; MJ12bot/v1.4.8; http://mj12bot.com/)"
20.171.207.251 - - [07/Sep/2025:06:55:29 +0700] "GET /the-role-of-omegle-and-ometv-in-the-age-of-social-distancing/ HTTP/1.0" 200 89797 "-" "Mozilla/5.0 AppleWebKit/537.36 (KHTML, like Gecko; compatible; GPTBot/1.2; +https://openai.com/gptbot)"
95.91.104.195 - - [07/Sep/2025:06:55:33 +0700] "GET /danh-muc/co-ba%CC%89n-thi-nghie%CC%A3m/may-dong-hoa-mau/ HTTP/1.0" 200 100398 "-" "Mozilla/5.0 (compatible; MJ12bot/v1.4.8; http://mj12bot.com/)"
95.91.104.195 - - [07/Sep/2025:06:55:39 +0700] "GET /danh-muc/co-ba%CC%89n-thi-nghie%CC%A3m/may-dong-kho/ HTTP/1.0" 200 60038 "-" "Mozilla/5.0 (compatible; MJ12bot/v1.4.8; http://mj12bot.com/)"
95.91.104.195 - - [07/Sep/2025:06:55:43 +0700] "GET /danh-muc/co-ba%CC%89n-thi-nghie%CC%A3m/may-khuay-dua/ HTTP/1.0" 200 60063 "-" "Mozilla/5.0 (compatible; MJ12bot/v1.4.8; http://mj12bot.com/)"
95.91.104.195 - - [07/Sep/2025:06:55:46 +0700] "GET /danh-muc/co-ba%CC%89n-thi-nghie%CC%A3m/may-khuay-tu-gia-nhiet-va-lam-lanh/ HTTP/1.0" 200 60506 "-" "Mozilla/5.0 (compatible; MJ12bot/v1.4.8; http://mj12bot.com/)"
95.91.104.195 - - [07/Sep/2025:06:55:51 +0700] "GET /danh-muc/co-ba%CC%89n-thi-nghie%CC%A3m/may-lac-lac-vortex/ HTTP/1.0" 200 60196 "-" "Mozilla/5.0 (compatible; MJ12bot/v1.4.8; http://mj12bot.com/)"
95.91.104.195 - - [07/Sep/2025:06:55:55 +0700] "GET /danh-muc/co-ba%CC%89n-thi-nghie%CC%A3m/may-loc-nuoc-sieu-sach/ HTTP/1.0" 200 60263 "-" "Mozilla/5.0 (compatible; MJ12bot/v1.4.8; http://mj12bot.com/)"
95.91.104.195 - - [07/Sep/2025:06:55:59 +0700] "GET /danh-muc/co-ba%CC%89n-thi-nghie%CC%A3m/may-ly-tam/ HTTP/1.0" 200 59978 "-" "Mozilla/5.0 (compatible; MJ12bot/v1.4.8; http://mj12bot.com/)"
95.91.104.195 - - [07/Sep/2025:06:56:03 +0700] "GET /danh-muc/co-ba%CC%89n-thi-nghie%CC%A3m/may-nghien-ma%CC%83u/ HTTP/1.0" 200 60156 "-" "Mozilla/5.0 (compatible; MJ12bot/v1.4.8; http://mj12bot.com/)"
87.250.224.221 - - [07/Sep/2025:06:56:06 +0700] "GET /category/mostbet-kazinosu/ HTTP/1.0" 200 101480 "-" "Mozilla/5.0 (compatible; YandexBot/3.0; +http://yandex.com/bots)"
95.91.104.195 - - [07/Sep/2025:06:56:06 +0700] "GET /danh-muc/co-ba%CC%89n-thi-nghie%CC%A3m/may-pha-loang-mau-trong-luong/ HTTP/1.0" 200 60389 "-" "Mozilla/5.0 (compatible; MJ12bot/v1.4.8; http://mj12bot.com/)"
95.91.104.195 - - [07/Sep/2025:06:56:10 +0700] "GET /danh-muc/co-ba%CC%89n-thi-nghie%CC%A3m/noi-hap-tiet-trung/ HTTP/1.0" 200 96725 "-" "Mozilla/5.0 (compatible; MJ12bot/v1.4.8; http://mj12bot.com/)"
20.171.207.251 - - [07/Sep/2025:06:56:10 +0700] "GET /?p=8812 HTTP/1.0" 301 511 "-" "Mozilla/5.0 AppleWebKit/537.36 (KHTML, like Gecko; compatible; GPTBot/1.2; +https://openai.com/gptbot)"
20.171.207.251 - - [07/Sep/2025:06:56:11 +0700] "GET /the-role-of-anonymity-in-serendipitous-moments-on-omegle-and-ometv/ HTTP/1.0" 200 93210 "-" "Mozilla/5.0 AppleWebKit/537.36 (KHTML, like Gecko; compatible; GPTBot/1.2; +https://openai.com/gptbot)"
95.91.104.195 - - [07/Sep/2025:06:56:13 +0700] "GET /danh-muc/co-ba%CC%89n-thi-nghie%CC%A3m/page/2/ HTTP/1.0" 200 154607 "-" "Mozilla/5.0 (compatible; MJ12bot/v1.4.8; http://mj12bot.com/)"
45.117.177.72 - - [07/Sep/2025:06:56:18 +0700] "POST /wp-cron.php?doing_wp_cron=1757202978.7297790050506591796875 HTTP/1.0" 200 416 "-" "WordPress/6.8.1; https://vattusacky.vn"
95.91.104.195 - - [07/Sep/2025:06:56:17 +0700] "GET /danh-muc/co-ba%CC%89n-thi-nghie%CC%A3m/phan-cu%CC%A3c-ke/ HTTP/1.0" 200 60094 "-" "Mozilla/5.0 (compatible; MJ12bot/v1.4.8; http://mj12bot.com/)"
95.91.104.195 - - [07/Sep/2025:06:56:21 +0700] "GET /danh-muc/co-ba%CC%89n-thi-nghie%CC%A3m/sang-ray/ HTTP/1.0" 200 59938 "-" "Mozilla/5.0 (compatible; MJ12bot/v1.4.8; http://mj12bot.com/)"
95.91.104.195 - - [07/Sep/2025:06:56:25 +0700] "GET /danh-muc/moi-truong-dat/du%CC%A3ng-cu%CC%A3-lay-ma%CC%83u-dat-moi-truong-dat/feed/ HTTP/1.0" 200 1749544 "-" "Mozilla/5.0 (compatible; MJ12bot/v1.4.8; http://mj12bot.com/)"
185.191.171.11 - - [07/Sep/2025:06:56:30 +0700] "GET /utilizing-humor-to-make-a-lasting-first-impression-on-omegle/ HTTP/1.0" 200 90788 "-" "Mozilla/5.0 (compatible; SemrushBot/7~bl; +http://www.semrush.com/bot.html)"
95.91.104.195 - - [07/Sep/2025:06:56:37 +0700] "GET /danh-muc/phan-tich-thi-nghie%CC%A3m/feed/ HTTP/1.0" 200 1367102 "-" "Mozilla/5.0 (compatible; MJ12bot/v1.4.8; http://mj12bot.com/)"
95.91.104.195 - - [07/Sep/2025:06:56:55 +0700] "GET /danh-muc/phan-tich-thi-nghie%CC%A3m/he-thong-chung-cat-dam-kjeldahl/feed/ HTTP/1.0" 200 1035841 "-" "Mozilla/5.0 (compatible; MJ12bot/v1.4.8; http://mj12bot.com/)"
216.73.216.162 - - [07/Sep/2025:06:57:00 +0700] "GET /how-to-fix-a-relationship-3-basic-ways-to-keep-your-relationship/feed HTTP/1.0" 301 758 "-" "Mozilla/5.0 AppleWebKit/537.36 (KHTML, like Gecko; compatible; ClaudeBot/1.0; +claudebot@anthropic.com)"
216.73.216.162 - - [07/Sep/2025:06:57:00 +0700] "GET /ways-to-date-successfully/feed HTTP/1.0" 301 719 "-" "Mozilla/5.0 AppleWebKit/537.36 (KHTML, like Gecko; compatible; ClaudeBot/1.0; +claudebot@anthropic.com)"
95.91.104.195 - - [07/Sep/2025:06:57:01 +0700] "GET /danh-muc/phan-tich-thi-nghie%CC%A3m/may-quang-pho-tu-ngoai-kha-kien-uv-vis/feed/ HTTP/1.0" 200 1763203 "-" "Mozilla/5.0 (compatible; MJ12bot/v1.4.8; http://mj12bot.com/)"
216.73.216.162 - - [07/Sep/2025:06:57:02 +0700] "GET /how-to-fix-a-relationship-3-basic-ways-to-keep-your-relationship/feed/ HTTP/1.0" 200 1651 "https://vattusacky.vn/how-to-fix-a-relationship-3-basic-ways-to-keep-your-relationship/feed" "Mozilla/5.0 AppleWebKit/537.36 (KHTML, like Gecko; compatible; ClaudeBot/1.0; +claudebot@anthropic.com)"
216.73.216.162 - - [07/Sep/2025:06:57:03 +0700] "GET /ways-to-date-successfully/feed/ HTTP/1.0" 200 1526 "https://vattusacky.vn/ways-to-date-successfully/feed" "Mozilla/5.0 AppleWebKit/537.36 (KHTML, like Gecko; compatible; ClaudeBot/1.0; +claudebot@anthropic.com)"
95.91.104.195 - - [07/Sep/2025:06:57:14 +0700] "GET /danh-muc/thiet-bi%CC%A3-do-luong/feed/ HTTP/1.0" 200 1612816 "-" "Mozilla/5.0 (compatible; MJ12bot/v1.4.8; http://mj12bot.com/)"
45.117.177.72 - - [07/Sep/2025:06:57:22 +0700] "POST /wp-cron.php?doing_wp_cron=1757203042.0381569862365722656250 HTTP/1.0" 200 416 "-" "WordPress/6.8.1; https://vattusacky.vn"
95.91.104.195 - - [07/Sep/2025:06:57:20 +0700] "GET /danh-muc/thiet-bi%CC%A3-do-luong/do-chat-luong-khi-trong-phong-iaq/ HTTP/1.0" 200 60371 "-" "Mozilla/5.0 (compatible; MJ12bot/v1.4.8; http://mj12bot.com/)"
95.91.104.195 - - [07/Sep/2025:06:57:24 +0700] "GET /danh-muc/thiet-bi%CC%A3-do-luong/do-phong-xa-dien-tu-truong/ HTTP/1.0" 200 98160 "-" "Mozilla/5.0 (compatible; MJ12bot/v1.4.8; http://mj12bot.com/)"
95.91.104.195 - - [07/Sep/2025:06:57:27 +0700] "GET /danh-muc/thiet-bi%CC%A3-do-luong/khuc-xa-ke-do-do-man/ HTTP/1.0" 200 60179 "-" "Mozilla/5.0 (compatible; MJ12bot/v1.4.8; http://mj12bot.com/)"
95.91.104.195 - - [07/Sep/2025:06:57:31 +0700] "GET /danh-muc/thiet-bi%CC%A3-do-luong/kiem-tra-bang-hat-tu/ HTTP/1.0" 200 60127 "-" "Mozilla/5.0 (compatible; MJ12bot/v1.4.8; http://mj12bot.com/)"
95.91.104.195 - - [07/Sep/2025:06:57:35 +0700] "GET /danh-muc/thiet-bi%CC%A3-do-luong/kiem-tra-khuyet-tat-bang-x-ray/ HTTP/1.0" 200 60307 "-" "Mozilla/5.0 (compatible; MJ12bot/v1.4.8; http://mj12bot.com/)"
95.91.104.195 - - [07/Sep/2025:06:57:39 +0700] "GET /danh-muc/thiet-bi%CC%A3-do-luong/kiem-tra-khuyet-tat-sieu-am/ HTTP/1.0" 200 60258 "-" "Mozilla/5.0 (compatible; MJ12bot/v1.4.8; http://mj12bot.com/)"
95.91.104.195 - - [07/Sep/2025:06:57:42 +0700] "GET /danh-muc/thiet-bi%CC%A3-do-luong/may-do-buc-xa-nhiet/ HTTP/1.0" 200 60114 "-" "Mozilla/5.0 (compatible; MJ12bot/v1.4.8; http://mj12bot.com/)"
205.210.31.23 - - [07/Sep/2025:06:57:44 +0700] "GET / HTTP/1.0" 200 60070 "http://45.117.177.72:80/" "-"
95.91.104.195 - - [07/Sep/2025:06:57:45 +0700] "GET /danh-muc/thiet-bi%CC%A3-do-luong/may-do-do-bong/ HTTP/1.0" 200 60010 "-" "Mozilla/5.0 (compatible; MJ12bot/v1.4.8; http://mj12bot.com/)"
95.91.104.195 - - [07/Sep/2025:06:57:49 +0700] "GET /danh-muc/thiet-bi%CC%A3-do-luong/may-do-do-cung-cam-tay/ HTTP/1.0" 200 60180 "-" "Mozilla/5.0 (compatible; MJ12bot/v1.4.8; http://mj12bot.com/)"
95.91.104.195 - - [07/Sep/2025:06:58:01 +0700] "GET /danh-muc/thiet-bi%CC%A3-do-luong/may-do-do-day-bang-sieu-am/ HTTP/1.0" 200 60269 "-" "Mozilla/5.0 (compatible; MJ12bot/v1.4.8; http://mj12bot.com/)"
95.91.104.195 - - [07/Sep/2025:06:58:06 +0700] "GET /danh-muc/thiet-bi%CC%A3-do-luong/may-do-do-day-lop-phu/ HTTP/1.0" 200 60174 "-" "Mozilla/5.0 (compatible; MJ12bot/v1.4.8; http://mj12bot.com/)"
95.91.104.195 - - [07/Sep/2025:06:58:10 +0700] "GET /danh-muc/thiet-bi%CC%A3-do-luong/may-do-do-nham-be-mat/ HTTP/1.0" 200 60174 "-" "Mozilla/5.0 (compatible; MJ12bot/v1.4.8; http://mj12bot.com/)"
95.91.104.195 - - [07/Sep/2025:06:58:13 +0700] "GET /danh-muc/thiet-bi%CC%A3-do-luong/may-do-do-on/ HTTP/1.0" 200 110024 "-" "Mozilla/5.0 (compatible; MJ12bot/v1.4.8; http://mj12bot.com/)"
45.117.177.72 - - [07/Sep/2025:06:58:18 +0700] "POST /wp-cron.php?doing_wp_cron=1757203098.0836229324340820312500 HTTP/1.0" 200 416 "-" "WordPress/6.8.1; https://vattusacky.vn"
20.171.207.251 - - [07/Sep/2025:06:58:16 +0700] "GET /?p=8388 HTTP/1.0" 301 651 "-" "Mozilla/5.0 AppleWebKit/537.36 (KHTML, like Gecko; compatible; GPTBot/1.2; +https://openai.com/gptbot)"
95.91.104.195 - - [07/Sep/2025:06:58:17 +0700] "GET /danh-muc/thiet-bi%CC%A3-do-luong/may-do-do-rung/ HTTP/1.0" 200 74665 "-" "Mozilla/5.0 (compatible; MJ12bot/v1.4.8; http://mj12bot.com/)"
20.171.207.251 - - [07/Sep/2025:06:58:18 +0700] "GET /the-dark-side-of-omegle-exposed-tips-for-safe-internet-usage/ HTTP/1.0" 200 89955 "-" "Mozilla/5.0 AppleWebKit/537.36 (KHTML, like Gecko; compatible; GPTBot/1.2; +https://openai.com/gptbot)"
95.91.104.195 - - [07/Sep/2025:06:58:21 +0700] "GET /danh-muc/thiet-bi%CC%A3-do-luong/may-do-khuyet-tat-lop-son/ HTTP/1.0" 200 60234 "-" "Mozilla/5.0 (compatible; MJ12bot/v1.4.8; http://mj12bot.com/)"
216.73.216.162 - - [07/Sep/2025:06:58:23 +0700] "GET /?p=2114 HTTP/1.0" 301 633 "-" "Mozilla/5.0 AppleWebKit/537.36 (KHTML, like Gecko; compatible; ClaudeBot/1.0; +claudebot@anthropic.com)"
216.73.216.162 - - [07/Sep/2025:06:58:23 +0700] "GET /just-how-is-cbd-made/feed HTTP/1.0" 301 714 "-" "Mozilla/5.0 AppleWebKit/537.36 (KHTML, like Gecko; compatible; ClaudeBot/1.0; +claudebot@anthropic.com)"
95.91.104.195 - - [07/Sep/2025:06:58:25 +0700] "GET /danh-muc/thiet-bi%CC%A3-do-luong/may-do-kiem-tra-do-cung/ HTTP/1.0" 200 60233 "-" "Mozilla/5.0 (compatible; MJ12bot/v1.4.8; http://mj12bot.com/)"
216.73.216.162 - - [07/Sep/2025:06:58:25 +0700] "GET /best-foreign-country-to-find-a-better-half/ HTTP/1.0" 200 206451 "https://vattusacky.vn/?p=2114" "Mozilla/5.0 AppleWebKit/537.36 (KHTML, like Gecko; compatible; ClaudeBot/1.0; +claudebot@anthropic.com)"
216.73.216.162 - - [07/Sep/2025:06:58:25 +0700] "GET /just-how-is-cbd-made/feed/ HTTP/1.0" 200 1512 "https://vattusacky.vn/just-how-is-cbd-made/feed" "Mozilla/5.0 AppleWebKit/537.36 (KHTML, like Gecko; compatible; ClaudeBot/1.0; +claudebot@anthropic.com)"
95.91.104.195 - - [07/Sep/2025:06:58:28 +0700] "GET /danh-muc/thiet-bi%CC%A3-do-luong/may-do-nhiet-do-do-am/ HTTP/1.0" 200 69476 "-" "Mozilla/5.0 (compatible; MJ12bot/v1.4.8; http://mj12bot.com/)"
95.91.104.195 - - [07/Sep/2025:06:58:32 +0700] "GET /danh-muc/thiet-bi%CC%A3-do-luong/may-do-toc-do-gio/ HTTP/1.0" 200 60083 "-" "Mozilla/5.0 (compatible; MJ12bot/v1.4.8; http://mj12bot.com/)"
95.91.104.195 - - [07/Sep/2025:06:58:36 +0700] "GET /danh-muc/thiet-bi%CC%A3-do-luong/may-do-vi-khi-hau/ HTTP/1.0" 200 60052 "-" "Mozilla/5.0 (compatible; MJ12bot/v1.4.8; http://mj12bot.com/)"
95.91.104.195 - - [07/Sep/2025:06:58:40 +0700] "GET /danh-muc/thiet-bi%CC%A3-do-luong/nhiet-ke-hong-ngoai/ HTTP/1.0" 200 60109 "-" "Mozilla/5.0 (compatible; MJ12bot/v1.4.8; http://mj12bot.com/)"
95.91.104.195 - - [07/Sep/2025:06:58:44 +0700] "GET /danh-muc/thiet-bi%CC%A3-do-luong/sung-ban-be-tong-sung-bat-nay/ HTTP/1.0" 200 60353 "-" "Mozilla/5.0 (compatible; MJ12bot/v1.4.8; http://mj12bot.com/)"
95.91.104.195 - - [07/Sep/2025:06:58:47 +0700] "GET /indikatory-billa-vil%D1%8Cjamsa-indikatory-indikatory-i/ HTTP/1.0" 200 261954 "-" "Mozilla/5.0 (compatible; MJ12bot/v1.4.8; http://mj12bot.com/)"
95.91.104.195 - - [07/Sep/2025:06:58:51 +0700] "GET /kak-snjat%D1%8C-den%D1%8Cgi-s-vklada-v-sberbanke-i-mozhno-li/ HTTP/1.0" 200 232634 "-" "Mozilla/5.0 (compatible; MJ12bot/v1.4.8; http://mj12bot.com/)"
95.91.104.195 - - [07/Sep/2025:06:58:55 +0700] "GET /kak-sozdat%D1%8C-ideal%D1%8Cnoe-cv-dlja-it-specialista/ HTTP/1.0" 200 351595 "-" "Mozilla/5.0 (compatible; MJ12bot/v1.4.8; http://mj12bot.com/)"
95.91.104.195 - - [07/Sep/2025:06:59:02 +0700] "GET /ll-codigo-promocional-1xbet-%EF%B8%8F-bono-de-bienvenida-1xbet-2023-17/ HTTP/1.0" 200 88859 "-" "Mozilla/5.0 (compatible; MJ12bot/v1.4.8; http://mj12bot.com/)"
95.91.104.195 - - [07/Sep/2025:06:59:05 +0700] "GET /missija-kompanii-kak-ejo-sozdat%D1%8C-primery-izvestnyh/ HTTP/1.0" 200 282739 "-" "Mozilla/5.0 (compatible; MJ12bot/v1.4.8; http://mj12bot.com/)"
95.91.104.195 - - [07/Sep/2025:06:59:11 +0700] "GET /mobil%D1%8Cnye-kriptokoshel%D1%8Cki-top-10-luchshih/ HTTP/1.0" 200 216618 "-" "Mozilla/5.0 (compatible; MJ12bot/v1.4.8; http://mj12bot.com/)"
216.73.216.162 - - [07/Sep/2025:06:59:17 +0700] "GET /the-right-way-to-hookup-in-tiktok/feed HTTP/1.0" 301 727 "-" "Mozilla/5.0 AppleWebKit/537.36 (KHTML, like Gecko; compatible; ClaudeBot/1.0; +claudebot@anthropic.com)"
45.117.177.72 - - [07/Sep/2025:06:59:18 +0700] "POST /wp-cron.php?doing_wp_cron=1757203158.5198040008544921875000 HTTP/1.0" 200 416 "-" "WordPress/6.8.1; https://vattusacky.vn"
216.73.216.162 - - [07/Sep/2025:06:59:17 +0700] "GET /best-foreign-country-to-find-a-better-half/feed HTTP/1.0" 301 736 "-" "Mozilla/5.0 AppleWebKit/537.36 (KHTML, like Gecko; compatible; ClaudeBot/1.0; +claudebot@anthropic.com)"
95.91.104.195 - - [07/Sep/2025:06:59:17 +0700] "GET /refused-by-every-lady-tips-change-situations-arounda%C2%80%C2%A6/ HTTP/1.0" 200 211636 "-" "Mozilla/5.0 (compatible; MJ12bot/v1.4.8; http://mj12bot.com/)"
216.73.216.162 - - [07/Sep/2025:06:59:18 +0700] "GET /the-right-way-to-hookup-in-tiktok/feed/ HTTP/1.0" 200 1550 "https://vattusacky.vn/the-right-way-to-hookup-in-tiktok/feed" "Mozilla/5.0 AppleWebKit/537.36 (KHTML, like Gecko; compatible; ClaudeBot/1.0; +claudebot@anthropic.com)"
216.73.216.162 - - [07/Sep/2025:06:59:19 +0700] "GET /best-foreign-country-to-find-a-better-half/feed/ HTTP/1.0" 200 1577 "https://vattusacky.vn/best-foreign-country-to-find-a-better-half/feed" "Mozilla/5.0 AppleWebKit/537.36 (KHTML, like Gecko; compatible; ClaudeBot/1.0; +claudebot@anthropic.com)"
95.91.104.195 - - [07/Sep/2025:06:59:21 +0700] "GET /san-pham/bo-dung-cu-lay-mau-dat-2%C2%BC-co-ky-hieu-signature-soil-sampler-kit/ HTTP/1.0" 200 329817 "-" "Mozilla/5.0 (compatible; MJ12bot/v1.4.8; http://mj12bot.com/)"
95.91.104.195 - - [07/Sep/2025:06:59:26 +0700] "GET /san-pham/bo-dung-cu-lay-mau-dat-3%C2%BC-soil-sampler-kit/ HTTP/1.0" 200 329177 "-" "Mozilla/5.0 (compatible; MJ12bot/v1.4.8; http://mj12bot.com/)"
95.91.104.195 - - [07/Sep/2025:06:59:32 +0700] "GET /san-pham/thiet-bi-lay-mau-bui-pm10-pm2-5-pm1-0-1-5-%C3%B7-5-5-m3h/ HTTP/1.0" 200 513658 "-" "Mozilla/5.0 (compatible; MJ12bot/v1.4.8; http://mj12bot.com/)"
95.91.104.195 - - [07/Sep/2025:06:59:38 +0700] "GET /san-pham/thiet-bi-lay-mau-bui-pm10-pm2-5-pm1-0-1-5-%C3%B7-5-5-m3h-2/ HTTP/1.0" 200 511255 "-" "Mozilla/5.0 (compatible; MJ12bot/v1.4.8; http://mj12bot.com/)"
95.91.104.195 - - [07/Sep/2025:06:59:42 +0700] "GET /skil%D1%8Cki-zarobljae-programist-v-ukraini/ HTTP/1.0" 200 180216 "-" "Mozilla/5.0 (compatible; MJ12bot/v1.4.8; http://mj12bot.com/)"
95.91.104.195 - - [07/Sep/2025:06:59:47 +0700] "GET /svechnye-patterny-kak-povysit%D1%8C-tochnost%D1%8C-svechnyh/ HTTP/1.0" 200 228241 "-" "Mozilla/5.0 (compatible; MJ12bot/v1.4.8; http://mj12bot.com/)"
95.91.104.195 - - [07/Sep/2025:06:59:51 +0700] "GET /trader-perevod-na-russkij-slovar%D1%8C-ital%D1%8Cjanskij/ HTTP/1.0" 200 227964 "-" "Mozilla/5.0 (compatible; MJ12bot/v1.4.8; http://mj12bot.com/)"
95.91.104.195 - - [07/Sep/2025:06:59:55 +0700] "GET /%D0%B0%D0%BF%D0%BF%D0%B0%D1%80%D0%B0%D1%82-%D1%81-%D0%B2%D1%8B%D0%B4%D0%B0%D1%87%D0%B5%D0%B9-%D0%BF%D1%80%D0%B8%D0%B7%D0%BE%D0%B2-lucky-streak-unis-%D0%BA%D0%B8%D1%82%D0%B0%D0%B9-%D0%BA%D1%83%D0%BF/ HTTP/1.0" 200 224772 "-" "Mozilla/5.0 (compatible; MJ12bot/v1.4.8; http://mj12bot.com/)"
45.117.177.72 - - [07/Sep/2025:07:00:00 +0700] "POST /wp-cron.php?doing_wp_cron=1757203200.2233870029449462890625 HTTP/1.0" 200 416 "-" "WordPress/6.8.1; https://vattusacky.vn"
95.91.104.195 - - [07/Sep/2025:06:59:59 +0700] "GET /%D0%BF%D1%80%D0%BE%D0%B5%D0%BA%D1%82%D1%8B-%D0%B4%D0%B5%D1%80%D0%B5%D0%B2%D1%8F%D0%BD%D0%BD%D1%8B%D1%85-%D0%B4%D0%BE%D0%BC%D0%BE%D0%B2-%D0%B7%D0%B0%D0%B3%D0%BE%D1%80%D0%BE%D0%B4%D0%BD%D1%8B%D0%B5/ HTTP/1.0" 200 167031 "-" "Mozilla/5.0 (compatible; MJ12bot/v1.4.8; http://mj12bot.com/)"
20.171.207.251 - - [07/Sep/2025:07:00:06 +0700] "GET /online-intimacy-as-a-form-of-escape-exploring-the-appeal-of-omegle/ HTTP/1.0" 200 88126 "-" "Mozilla/5.0 AppleWebKit/537.36 (KHTML, like Gecko; compatible; GPTBot/1.2; +https://openai.com/gptbot)"
95.91.104.195 - - [07/Sep/2025:07:00:07 +0700] "GET /%D1%81%D0%BA%D0%B0%D1%87%D0%B0%D1%82%D1%8C-1xbet-kz-%D0%BC%D0%BE%D0%B1%D0%B8%D0%BB%D1%8C%D0%BD%D0%B0%D1%8F-%D0%B2%D0%B5%D1%80%D1%81%D0%B8%D1%8F-1%D1%85%D0%B1%D0%B5%D1%82-%D0%BD%D0%B0-%D0%B0%D0%BD/ HTTP/1.0" 200 114086 "-" "Mozilla/5.0 (compatible; MJ12bot/v1.4.8; http://mj12bot.com/)"
95.91.104.195 - - [07/Sep/2025:07:00:11 +0700] "GET /%F0%9F%8E%B0-situs-slot-hari-ini-terbaik-terpercaya-2025-gampang-menang-besar-selalu-update-game-terbaru/ HTTP/1.0" 200 70119 "-" "Mozilla/5.0 (compatible; MJ12bot/v1.4.8; http://mj12bot.com/)"
216.73.216.162 - - [07/Sep/2025:07:00:55 +0700] "GET /?p=3402 HTTP/1.0" 301 611 "-" "Mozilla/5.0 AppleWebKit/537.36 (KHTML, like Gecko; compatible; ClaudeBot/1.0; +claudebot@anthropic.com)"
45.117.177.72 - - [07/Sep/2025:07:00:56 +0700] "POST /wp-cron.php?doing_wp_cron=1757203256.4412391185760498046875 HTTP/1.0" 200 416 "-" "WordPress/6.8.1; https://vattusacky.vn"
216.73.216.162 - - [07/Sep/2025:07:00:55 +0700] "GET /?p=2497 HTTP/1.0" 301 655 "-" "Mozilla/5.0 AppleWebKit/537.36 (KHTML, like Gecko; compatible; ClaudeBot/1.0; +claudebot@anthropic.com)"
216.73.216.162 - - [07/Sep/2025:07:00:57 +0700] "GET /just-how-is-cbd-made/ HTTP/1.0" 200 205452 "https://vattusacky.vn/?p=3402" "Mozilla/5.0 AppleWebKit/537.36 (KHTML, like Gecko; compatible; ClaudeBot/1.0; +claudebot@anthropic.com)"
216.73.216.162 - - [07/Sep/2025:07:00:58 +0700] "GET /how-to-fix-a-relationship-3-basic-ways-to-keep-your-relationship/ HTTP/1.0" 200 207022 "https://vattusacky.vn/?p=2497" "Mozilla/5.0 AppleWebKit/537.36 (KHTML, like Gecko; compatible; ClaudeBot/1.0; +claudebot@anthropic.com)"
45.117.177.72 - - [07/Sep/2025:07:01:41 +0700] "POST /wp-cron.php?doing_wp_cron=1757203300.9833140373229980468750 HTTP/1.0" 200 416 "-" "WordPress/6.8.1; https://vattusacky.vn"
20.171.207.251 - - [07/Sep/2025:07:01:39 +0700] "GET /?p=7729 HTTP/1.0" 301 503 "-" "Mozilla/5.0 AppleWebKit/537.36 (KHTML, like Gecko; compatible; GPTBot/1.2; +https://openai.com/gptbot)"
20.171.207.251 - - [07/Sep/2025:07:01:41 +0700] "GET /omegle-vs-ometv-a-battle-for-the-best-random-chat-platform/ HTTP/1.0" 200 92347 "-" "Mozilla/5.0 AppleWebKit/537.36 (KHTML, like Gecko; compatible; GPTBot/1.2; +https://openai.com/gptbot)"
216.73.216.162 - - [07/Sep/2025:07:01:56 +0700] "GET /?p=2165 HTTP/1.0" 301 624 "-" "Mozilla/5.0 AppleWebKit/537.36 (KHTML, like Gecko; compatible; ClaudeBot/1.0; +claudebot@anthropic.com)"
216.73.216.162 - - [07/Sep/2025:07:01:56 +0700] "GET /?p=4800 HTTP/1.0" 301 637 "-" "Mozilla/5.0 AppleWebKit/537.36 (KHTML, like Gecko; compatible; ClaudeBot/1.0; +claudebot@anthropic.com)"
216.73.216.162 - - [07/Sep/2025:07:01:57 +0700] "GET /the-right-way-to-hookup-in-tiktok/ HTTP/1.0" 200 206220 "https://vattusacky.vn/?p=2165" "Mozilla/5.0 AppleWebKit/537.36 (KHTML, like Gecko; compatible; ClaudeBot/1.0; +claudebot@anthropic.com)"
216.73.216.162 - - [07/Sep/2025:07:01:57 +0700] "GET /techniques-persons-gain-a-advantage-at-casinos/ HTTP/1.0" 200 210167 "https://vattusacky.vn/?p=4800" "Mozilla/5.0 AppleWebKit/537.36 (KHTML, like Gecko; compatible; ClaudeBot/1.0; +claudebot@anthropic.com)"
68.221.67.167 - - [07/Sep/2025:07:02:07 +0700] "GET / HTTP/1.0" 503 8085 "-" "Mozilla/5.0 AppleWebKit/537.36 (KHTML, like Gecko); compatible; ChatGPT-User/1.0; +https://openai.com/bot"
216.73.216.162 - - [07/Sep/2025:07:02:47 +0700] "GET /?p=3440 HTTP/1.0" 301 616 "-" "Mozilla/5.0 AppleWebKit/537.36 (KHTML, like Gecko; compatible; ClaudeBot/1.0; +claudebot@anthropic.com)"
45.117.177.72 - - [07/Sep/2025:07:02:49 +0700] "POST /wp-cron.php?doing_wp_cron=1757203368.8756840229034423828125 HTTP/1.0" 200 416 "-" "WordPress/6.8.1; https://vattusacky.vn"
216.73.216.162 - - [07/Sep/2025:07:02:47 +0700] "GET /lam-the-nao-de-co-duoc-mot-khoan-ung-truoc-nhanh-vaytienuytin24h-com-chong-lien-quan-den-mot-trieu-do-la-cho-nganh-cong-nghiep/feed HTTP/1.0" 301 820 "-" "Mozilla/5.0 AppleWebKit/537.36 (KHTML, like Gecko; compatible; ClaudeBot/1.0; +claudebot@anthropic.com)"
216.73.216.162 - - [07/Sep/2025:07:02:49 +0700] "GET /lam-the-nao-de-co-duoc-mot-khoan-ung-truoc-nhanh-vaytienuytin24h-com-chong-lien-quan-den-mot-trieu-do-la-cho-nganh-cong-nghiep/feed/ HTTP/1.0" 200 1865 "https://vattusacky.vn/lam-the-nao-de-co-duoc-mot-khoan-ung-truoc-nhanh-vaytienuytin24h-com-chong-lien-quan-den-mot-trieu-do-la-cho-nganh-cong-nghiep/feed" "Mozilla/5.0 AppleWebKit/537.36 (KHTML, like Gecko; compatible; ClaudeBot/1.0; +claudebot@anthropic.com)"
216.73.216.162 - - [07/Sep/2025:07:02:49 +0700] "GET /ways-to-date-successfully/ HTTP/1.0" 200 206080 "https://vattusacky.vn/?p=3440" "Mozilla/5.0 AppleWebKit/537.36 (KHTML, like Gecko; compatible; ClaudeBot/1.0; +claudebot@anthropic.com)"
20.171.207.251 - - [07/Sep/2025:07:03:01 +0700] "GET /?p=8827 HTTP/1.0" 301 503 "-" "Mozilla/5.0 AppleWebKit/537.36 (KHTML, like Gecko; compatible; GPTBot/1.2; +https://openai.com/gptbot)"
20.171.207.251 - - [07/Sep/2025:07:03:03 +0700] "GET /the-role-of-chance-encounters-in-personal-growth-on-omegle/ HTTP/1.0" 200 91534 "-" "Mozilla/5.0 AppleWebKit/537.36 (KHTML, like Gecko; compatible; GPTBot/1.2; +https://openai.com/gptbot)"
213.180.203.230 - - [07/Sep/2025:07:03:03 +0700] "GET /arimidex-high-blood-pressure/ HTTP/1.0" 200 102382 "-" "Mozilla/5.0 (compatible; YandexBot/3.0; +http://yandex.com/bots)"
45.117.177.72 - - [07/Sep/2025:07:04:00 +0700] "POST /wp-cron.php?doing_wp_cron=1757203440.4126110076904296875000 HTTP/1.0" 200 416 "-" "WordPress/6.8.1; https://vattusacky.vn"
20.171.207.251 - - [07/Sep/2025:07:03:59 +0700] "GET /?p=8728 HTTP/1.0" 301 654 "-" "Mozilla/5.0 AppleWebKit/537.36 (KHTML, like Gecko; compatible; GPTBot/1.2; +https://openai.com/gptbot)"
20.171.207.251 - - [07/Sep/2025:07:04:00 +0700] "GET /the-pros-and-cons-of-using-omegle-for-online-social-interaction/ HTTP/1.0" 200 90908 "-" "Mozilla/5.0 AppleWebKit/537.36 (KHTML, like Gecko; compatible; GPTBot/1.2; +https://openai.com/gptbot)"
216.73.216.162 - - [07/Sep/2025:07:04:11 +0700] "GET /techniques-persons-gain-a-advantage-at-casinos/feed HTTP/1.0" 301 740 "-" "Mozilla/5.0 AppleWebKit/537.36 (KHTML, like Gecko; compatible; ClaudeBot/1.0; +claudebot@anthropic.com)"
216.73.216.162 - - [07/Sep/2025:07:04:11 +0700] "GET /methods-to-meet-a-russian-nice-woman/feed HTTP/1.0" 301 730 "-" "Mozilla/5.0 AppleWebKit/537.36 (KHTML, like Gecko; compatible; ClaudeBot/1.0; +claudebot@anthropic.com)"
216.73.216.162 - - [07/Sep/2025:07:04:12 +0700] "GET /techniques-persons-gain-a-advantage-at-casinos/feed/ HTTP/1.0" 200 1589 "https://vattusacky.vn/techniques-persons-gain-a-advantage-at-casinos/feed" "Mozilla/5.0 AppleWebKit/537.36 (KHTML, like Gecko; compatible; ClaudeBot/1.0; +claudebot@anthropic.com)"
216.73.216.162 - - [07/Sep/2025:07:04:12 +0700] "GET /methods-to-meet-a-russian-nice-woman/feed/ HTTP/1.0" 200 1559 "https://vattusacky.vn/methods-to-meet-a-russian-nice-woman/feed" "Mozilla/5.0 AppleWebKit/537.36 (KHTML, like Gecko; compatible; ClaudeBot/1.0; +claudebot@anthropic.com)"
216.73.216.162 - - [07/Sep/2025:07:05:15 +0700] "GET /?p=2535 HTTP/1.0" 301 627 "-" "Mozilla/5.0 AppleWebKit/537.36 (KHTML, like Gecko; compatible; ClaudeBot/1.0; +claudebot@anthropic.com)"
45.117.177.72 - - [07/Sep/2025:07:05:17 +0700] "POST /wp-cron.php?doing_wp_cron=1757203517.1626870632171630859375 HTTP/1.0" 200 416 "-" "WordPress/6.8.1; https://vattusacky.vn"
216.73.216.162 - - [07/Sep/2025:07:05:15 +0700] "GET /?p=2336 HTTP/1.0" 301 717 "-" "Mozilla/5.0 AppleWebKit/537.36 (KHTML, like Gecko; compatible; ClaudeBot/1.0; +claudebot@anthropic.com)"
216.73.216.162 - - [07/Sep/2025:07:05:17 +0700] "GET /methods-to-meet-a-russian-nice-woman/ HTTP/1.0" 200 207679 "https://vattusacky.vn/?p=2535" "Mozilla/5.0 AppleWebKit/537.36 (KHTML, like Gecko; compatible; ClaudeBot/1.0; +claudebot@anthropic.com)"
216.73.216.162 - - [07/Sep/2025:07:05:17 +0700] "GET /lam-the-nao-de-co-duoc-mot-khoan-ung-truoc-nhanh-vaytienuytin24h-com-chong-lien-quan-den-mot-trieu-do-la-cho-nganh-cong-nghiep/ HTTP/1.0" 200 214283 "https://vattusacky.vn/?p=2336" "Mozilla/5.0 AppleWebKit/537.36 (KHTML, like Gecko; compatible; ClaudeBot/1.0; +claudebot@anthropic.com)"
45.117.177.72 - - [07/Sep/2025:07:06:22 +0700] "POST /wp-cron.php?doing_wp_cron=1757203582.0712039470672607421875 HTTP/1.0" 200 416 "-" "WordPress/6.8.1; https://vattusacky.vn"
216.73.216.162 - - [07/Sep/2025:07:06:20 +0700] "GET /?p=2914 HTTP/1.0" 301 679 "-" "Mozilla/5.0 AppleWebKit/537.36 (KHTML, like Gecko; compatible; ClaudeBot/1.0; +claudebot@anthropic.com)"
216.73.216.162 - - [07/Sep/2025:07:06:22 +0700] "GET /lam-the-nao-de-xac-dinh-vi-tri-https-vaytienuytin24h-com-tra-truoc-tra-gop-75-dem-bat-ky/ HTTP/1.0" 200 210979 "https://vattusacky.vn/?p=2914" "Mozilla/5.0 AppleWebKit/537.36 (KHTML, like Gecko; compatible; ClaudeBot/1.0; +claudebot@anthropic.com)"
20.171.207.251 - - [07/Sep/2025:07:06:51 +0700] "GET /tips-and-tricks-for-creating-a-positive-first-impression-on-omegle/ HTTP/1.0" 200 91986 "-" "Mozilla/5.0 AppleWebKit/537.36 (KHTML, like Gecko; compatible; GPTBot/1.2; +https://openai.com/gptbot)"
216.73.216.162 - - [07/Sep/2025:07:07:06 +0700] "GET /lam-the-nao-de-xac-dinh-vi-tri-https-vaytienuytin24h-com-tra-truoc-tra-gop-75-dem-bat-ky/feed HTTP/1.0" 301 782 "-" "Mozilla/5.0 AppleWebKit/537.36 (KHTML, like Gecko; compatible; ClaudeBot/1.0; +claudebot@anthropic.com)"
216.73.216.162 - - [07/Sep/2025:07:07:07 +0700] "GET /lam-the-nao-de-xac-dinh-vi-tri-https-vaytienuytin24h-com-tra-truoc-tra-gop-75-dem-bat-ky/feed/ HTTP/1.0" 200 1746 "https://vattusacky.vn/lam-the-nao-de-xac-dinh-vi-tri-https-vaytienuytin24h-com-tra-truoc-tra-gop-75-dem-bat-ky/feed" "Mozilla/5.0 AppleWebKit/537.36 (KHTML, like Gecko; compatible; ClaudeBot/1.0; +claudebot@anthropic.com)"
45.117.177.72 - - [07/Sep/2025:07:08:35 +0700] "POST /wp-cron.php?doing_wp_cron=1757203715.0707769393920898437500 HTTP/1.0" 200 416 "-" "WordPress/6.8.1; https://vattusacky.vn"
20.171.207.251 - - [07/Sep/2025:07:08:33 +0700] "GET /the-role-of-algorithms-in-connecting-users-on-omegle-and-ometv/ HTTP/1.0" 200 91526 "-" "Mozilla/5.0 AppleWebKit/537.36 (KHTML, like Gecko; compatible; GPTBot/1.2; +https://openai.com/gptbot)"
45.117.177.72 - - [07/Sep/2025:07:09:43 +0700] "POST /wp-cron.php?doing_wp_cron=1757203783.4957559108734130859375 HTTP/1.0" 200 416 "-" "WordPress/6.8.1; https://vattusacky.vn"
20.171.207.251 - - [07/Sep/2025:07:09:42 +0700] "GET /the-role-of-body-language-in-online-communication-on-omegle-and-ometv/ HTTP/1.0" 200 76086 "-" "Mozilla/5.0 AppleWebKit/537.36 (KHTML, like Gecko; compatible; GPTBot/1.2; +https://openai.com/gptbot)"
45.117.177.72 - - [07/Sep/2025:07:11:15 +0700] "POST /wp-cron.php?doing_wp_cron=1757203875.5025999546051025390625 HTTP/1.0" 200 416 "-" "WordPress/6.8.1; https://vattusacky.vn"
20.171.207.251 - - [07/Sep/2025:07:11:14 +0700] "GET /the-role-of-trust-in-building-lasting-connections-on-omegle/ HTTP/1.0" 200 85794 "-" "Mozilla/5.0 AppleWebKit/537.36 (KHTML, like Gecko; compatible; GPTBot/1.2; +https://openai.com/gptbot)"
85.208.96.195 - - [07/Sep/2025:07:11:38 +0700] "GET /embracing-the-soulful-connections-in-omelove-stories/ HTTP/1.0" 200 90720 "-" "Mozilla/5.0 (compatible; SemrushBot/7~bl; +http://www.semrush.com/bot.html)"
45.117.177.72 - - [07/Sep/2025:07:13:47 +0700] "POST /wp-cron.php?doing_wp_cron=1757204027.6836979389190673828125 HTTP/1.0" 200 416 "-" "WordPress/6.8.1; https://vattusacky.vn"
217.113.194.218 - - [07/Sep/2025:07:13:46 +0700] "GET /san-pham/may-quang-pho-uvvis-tu-ngoai-kha-kien-tach-tia/ HTTP/1.0" 200 384561 "-" "Mozilla/5.0 (compatible; Barkrowler/0.9; +https://babbar.tech/crawler)"
213.180.203.235 - - [07/Sep/2025:07:14:09 +0700] "GET /asian-dating-day-chat-and-match-totally-free/ HTTP/1.0" 200 90603 "-" "Mozilla/5.0 (compatible; YandexBot/3.0; +http://yandex.com/bots)"
20.171.207.251 - - [07/Sep/2025:07:14:12 +0700] "GET /how-to-deal-with-trolls-and-negative-interactions-on-omegle/ HTTP/1.0" 200 90517 "-" "Mozilla/5.0 AppleWebKit/537.36 (KHTML, like Gecko; compatible; GPTBot/1.2; +https://openai.com/gptbot)"
216.73.216.162 - - [07/Sep/2025:07:14:40 +0700] "GET /?p=10621 HTTP/1.0" 301 625 "-" "Mozilla/5.0 AppleWebKit/537.36 (KHTML, like Gecko; compatible; ClaudeBot/1.0; +claudebot@anthropic.com)"
45.117.177.72 - - [07/Sep/2025:07:14:42 +0700] "POST /wp-cron.php?doing_wp_cron=1757204081.7800440788269042968750 HTTP/1.0" 200 416 "-" "WordPress/6.8.1; https://vattusacky.vn"
216.73.216.162 - - [07/Sep/2025:07:14:40 +0700] "GET /?p=3241 HTTP/1.0" 301 639 "-" "Mozilla/5.0 AppleWebKit/537.36 (KHTML, like Gecko; compatible; ClaudeBot/1.0; +claudebot@anthropic.com)"
216.73.216.162 - - [07/Sep/2025:07:14:42 +0700] "GET /mostbet-kazinosu-the-computer-toda/ HTTP/1.0" 200 92241 "https://vattusacky.vn/?p=10621" "Mozilla/5.0 AppleWebKit/537.36 (KHTML, like Gecko; compatible; ClaudeBot/1.0; +claudebot@anthropic.com)"
216.73.216.162 - - [07/Sep/2025:07:14:42 +0700] "GET /turkish-guy-seeing-tips-be-affectionate-with-him/ HTTP/1.0" 200 207111 "https://vattusacky.vn/?p=3241" "Mozilla/5.0 AppleWebKit/537.36 (KHTML, like Gecko; compatible; ClaudeBot/1.0; +claudebot@anthropic.com)"
216.73.216.162 - - [07/Sep/2025:07:14:44 +0700] "GET /?p=2517 HTTP/1.0" 301 485 "-" "Mozilla/5.0 AppleWebKit/537.36 (KHTML, like Gecko; compatible; ClaudeBot/1.0; +claudebot@anthropic.com)"
217.113.194.77 - - [07/Sep/2025:07:14:44 +0700] "GET /san-pham/palintest-_may-do-nong-do-clo-cl-trong-nuoc-cam-tay/feed/ HTTP/1.0" 200 1736 "-" "Mozilla/5.0 (compatible; Barkrowler/0.9; +https://babbar.tech/crawler)"
216.73.216.162 - - [07/Sep/2025:07:14:46 +0700] "GET /how-you-can-find-sugar-daddies-for-women/ HTTP/1.0" 200 208202 "https://vattusacky.vn/?p=2517" "Mozilla/5.0 AppleWebKit/537.36 (KHTML, like Gecko; compatible; ClaudeBot/1.0; +claudebot@anthropic.com)"
45.117.177.72 - - [07/Sep/2025:07:15:19 +0700] "POST /wp-cron.php?doing_wp_cron=1757204119.3620510101318359375000 HTTP/1.0" 200 416 "-" "WordPress/6.8.1; https://vattusacky.vn"
217.113.194.81 - - [07/Sep/2025:07:15:18 +0700] "GET /san-pham/phan-tich-nuoc-phong-thi-nghiem-hs-2300plus-humas/feed/ HTTP/1.0" 200 1744 "-" "Mozilla/5.0 (compatible; Barkrowler/0.9; +https://babbar.tech/crawler)"
217.113.194.72 - - [07/Sep/2025:07:15:36 +0700] "GET /chinh-xac-thi-ung-truoc-senmo-truc-tuyen-qua-internet-la-gi/ HTTP/1.0" 200 210427 "-" "Mozilla/5.0 (compatible; Barkrowler/0.9; +https://babbar.tech/crawler)"
216.73.216.162 - - [07/Sep/2025:07:15:41 +0700] "GET /?p=2469 HTTP/1.0" 301 616 "-" "Mozilla/5.0 AppleWebKit/537.36 (KHTML, like Gecko; compatible; ClaudeBot/1.0; +claudebot@anthropic.com)"
216.73.216.162 - - [07/Sep/2025:07:15:41 +0700] "GET /?p=2423 HTTP/1.0" 301 633 "-" "Mozilla/5.0 AppleWebKit/537.36 (KHTML, like Gecko; compatible; ClaudeBot/1.0; +claudebot@anthropic.com)"
216.73.216.162 - - [07/Sep/2025:07:15:43 +0700] "GET /why-do-people-get-married/ HTTP/1.0" 200 206131 "https://vattusacky.vn/?p=2469" "Mozilla/5.0 AppleWebKit/537.36 (KHTML, like Gecko; compatible; ClaudeBot/1.0; +claudebot@anthropic.com)"
216.73.216.162 - - [07/Sep/2025:07:15:43 +0700] "GET /rumors-and-stereotypes-about-russian-women/ HTTP/1.0" 200 206616 "https://vattusacky.vn/?p=2423" "Mozilla/5.0 AppleWebKit/537.36 (KHTML, like Gecko; compatible; ClaudeBot/1.0; +claudebot@anthropic.com)"
216.73.216.162 - - [07/Sep/2025:07:15:45 +0700] "GET /?p=2630 HTTP/1.0" 301 524 "-" "Mozilla/5.0 AppleWebKit/537.36 (KHTML, like Gecko; compatible; ClaudeBot/1.0; +claudebot@anthropic.com)"
216.73.216.162 - - [07/Sep/2025:07:15:46 +0700] "GET /lam-the-nao-ban-co-the-kiem-vay-tien-online-nhanh-tra-thoi-gian-nghi-truc-tuyen/ HTTP/1.0" 200 211579 "https://vattusacky.vn/?p=2630" "Mozilla/5.0 AppleWebKit/537.36 (KHTML, like Gecko; compatible; ClaudeBot/1.0; +claudebot@anthropic.com)"
213.180.203.222 - - [07/Sep/2025:07:15:56 +0700] "GET /the/bo-hieu-chuan-bom-lay-mau/ HTTP/1.0" 200 68959 "-" "Mozilla/5.0 (compatible; YandexBot/3.0; +http://yandex.com/bots)"
45.117.177.72 - - [07/Sep/2025:07:16:19 +0700] "POST /wp-cron.php?doing_wp_cron=1757204179.4092979431152343750000 HTTP/1.0" 200 416 "-" "WordPress/6.8.1; https://vattusacky.vn"
154.54.249.200 - - [07/Sep/2025:07:16:18 +0700] "GET /mostbet-tuerkiye-online-giris-yap-son-dakika-kocaeli-yasam-haberleri/ HTTP/1.0" 200 218590 "-" "Mozilla/5.0 (compatible; Barkrowler/0.9; +https://babbar.tech/crawler)"
20.171.207.251 - - [07/Sep/2025:07:16:20 +0700] "GET /?p=7377 HTTP/1.0" 301 655 "-" "Mozilla/5.0 AppleWebKit/537.36 (KHTML, like Gecko; compatible; GPTBot/1.2; +https://openai.com/gptbot)"
20.171.207.251 - - [07/Sep/2025:07:16:21 +0700] "GET /omegle-and-ometv-a-new-era-of-online-friendships-and-connections/ HTTP/1.0" 200 94037 "-" "Mozilla/5.0 AppleWebKit/537.36 (KHTML, like Gecko; compatible; GPTBot/1.2; +https://openai.com/gptbot)"
217.113.194.81 - - [07/Sep/2025:07:16:41 +0700] "GET /mostbet-tuerkiye-online-giris-yap-son-dakika-kocaeli-yasam-haberleri/feed/ HTTP/1.0" 200 1803 "-" "Mozilla/5.0 (compatible; Barkrowler/0.9; +https://babbar.tech/crawler)"
217.113.194.79 - - [07/Sep/2025:07:17:03 +0700] "GET /mostbet-kayt-itsin-bonusu-2022-promosyon-kodu-ve-promosyonlar/feed/ HTTP/1.0" 200 1783 "-" "Mozilla/5.0 (compatible; Barkrowler/0.9; +https://babbar.tech/crawler)"
20.171.207.251 - - [07/Sep/2025:07:17:12 +0700] "GET /?p=8007 HTTP/1.0" 301 511 "-" "Mozilla/5.0 AppleWebKit/537.36 (KHTML, like Gecko; compatible; GPTBot/1.2; +https://openai.com/gptbot)"
216.73.216.162 - - [07/Sep/2025:07:17:13 +0700] "GET /?p=2999 HTTP/1.0" 301 632 "-" "Mozilla/5.0 AppleWebKit/537.36 (KHTML, like Gecko; compatible; ClaudeBot/1.0; +claudebot@anthropic.com)"
216.73.216.162 - - [07/Sep/2025:07:17:13 +0700] "GET /how-you-can-find-sugar-daddies-for-women/feed HTTP/1.0" 301 734 "-" "Mozilla/5.0 AppleWebKit/537.36 (KHTML, like Gecko; compatible; ClaudeBot/1.0; +claudebot@anthropic.com)"
20.171.207.251 - - [07/Sep/2025:07:17:14 +0700] "GET /online-intimacy-as-a-form-of-escape-exploring-the-appeal-of-omegle/ HTTP/1.0" 200 88126 "-" "Mozilla/5.0 AppleWebKit/537.36 (KHTML, like Gecko; compatible; GPTBot/1.2; +https://openai.com/gptbot)"
216.73.216.162 - - [07/Sep/2025:07:17:14 +0700] "GET /how-you-can-find-sugar-daddies-for-women/feed/ HTTP/1.0" 200 1571 "https://vattusacky.vn/how-you-can-find-sugar-daddies-for-women/feed" "Mozilla/5.0 AppleWebKit/537.36 (KHTML, like Gecko; compatible; ClaudeBot/1.0; +claudebot@anthropic.com)"
