45.117.177.72 - - [07/Sep/2025:09:14:38 +0700] "POST /wp-cron.php?doing_wp_cron=1757211277.7824110984802246093750 HTTP/1.0" 200 416 "-" "WordPress/6.8.1; https://vattusacky.vn"
20.171.207.251 - - [07/Sep/2025:09:14:36 +0700] "GET /the-influence-of-omegle-on-popular-culture-and-social-media/ HTTP/1.0" 200 90041 "-" "Mozilla/5.0 AppleWebKit/537.36 (KHTML, like Gecko; compatible; GPTBot/1.2; +https://openai.com/gptbot)"
43.131.45.213 - - [07/Sep/2025:09:14:56 +0700] "GET / HTTP/1.0" 301 598 "http://www.vattusacky.vn" "Mozilla/5.0 (iPhone; CPU iPhone OS 13_2_3 like Mac OS X) AppleWebKit/605.1.15 (KHTML, like Gecko) Version/13.0.3 Mobile/15E148 Safari/604.1"
43.131.45.213 - - [07/Sep/2025:09:14:59 +0700] "GET / HTTP/1.0" 200 60071 "https://www.vattusacky.vn/" "Mozilla/5.0 (iPhone; CPU iPhone OS 13_2_3 like Mac OS X) AppleWebKit/605.1.15 (KHTML, like Gecko) Version/13.0.3 Mobile/15E148 Safari/604.1"
45.117.177.72 - - [07/Sep/2025:09:16:33 +0700] "POST /wp-cron.php?doing_wp_cron=1757211392.9884409904479980468750 HTTP/1.0" 200 416 "-" "WordPress/6.8.1; https://vattusacky.vn"
20.171.207.251 - - [07/Sep/2025:09:16:32 +0700] "GET /omegle-vs-ometv-a-deep-dive-into-their-technical-features/ HTTP/1.0" 200 92159 "-" "Mozilla/5.0 AppleWebKit/537.36 (KHTML, like Gecko; compatible; GPTBot/1.2; +https://openai.com/gptbot)"
85.208.96.195 - - [07/Sep/2025:09:16:31 +0700] "GET /shop/page/9/ HTTP/1.0" 200 164901 "-" "Mozilla/5.0 (compatible; SemrushBot/7~bl; +http://www.semrush.com/bot.html)"
45.117.177.72 - - [07/Sep/2025:09:17:17 +0700] "POST /wp-cron.php?doing_wp_cron=1757211437.6440498828887939453125 HTTP/1.0" 200 416 "-" "WordPress/6.8.1; https://vattusacky.vn"
87.250.224.126 - - [07/Sep/2025:09:17:16 +0700] "GET /1win-guvenilir-canli-casino-sitesi-yeni-giri/ HTTP/1.0" 200 82929 "-" "Mozilla/5.0 (compatible; YandexBot/3.0; +http://yandex.com/bots)"
20.171.207.251 - - [07/Sep/2025:09:17:16 +0700] "GET /serendipity-and-the-art-of-storytelling-on-omegle-and-ometv/ HTTP/1.0" 200 92027 "-" "Mozilla/5.0 AppleWebKit/537.36 (KHTML, like Gecko; compatible; GPTBot/1.2; +https://openai.com/gptbot)"
20.171.207.251 - - [07/Sep/2025:09:17:43 +0700] "GET /the-power-of-body-language-in-first-impressions-on-omegle/ HTTP/1.0" 200 75731 "-" "Mozilla/5.0 AppleWebKit/537.36 (KHTML, like Gecko; compatible; GPTBot/1.2; +https://openai.com/gptbot)"
45.117.177.72 - - [07/Sep/2025:09:18:53 +0700] "POST /wp-cron.php?doing_wp_cron=1757211533.2652559280395507812500 HTTP/1.0" 200 416 "-" "WordPress/6.8.1; https://vattusacky.vn"
20.171.207.251 - - [07/Sep/2025:09:18:51 +0700] "GET /?p=8922 HTTP/1.0" 301 508 "-" "Mozilla/5.0 AppleWebKit/537.36 (KHTML, like Gecko; compatible; GPTBot/1.2; +https://openai.com/gptbot)"
20.171.207.251 - - [07/Sep/2025:09:18:53 +0700] "GET /the-role-of-serendipity-in-breaking-out-of-online-echo-chambers/ HTTP/1.0" 200 92223 "-" "Mozilla/5.0 AppleWebKit/537.36 (KHTML, like Gecko; compatible; GPTBot/1.2; +https://openai.com/gptbot)"
45.117.177.72 - - [07/Sep/2025:09:19:24 +0700] "POST /wp-cron.php?doing_wp_cron=1757211563.7879419326782226562500 HTTP/1.0" 200 416 "-" "WordPress/6.8.1; https://vattusacky.vn"
85.208.96.205 - - [07/Sep/2025:09:19:22 +0700] "GET /the/tram-lay-mau-bui-tsp/page/2/ HTTP/1.0" 200 92833 "-" "Mozilla/5.0 (compatible; SemrushBot/7~bl; +http://www.semrush.com/bot.html)"
185.191.171.7 - - [07/Sep/2025:09:19:27 +0700] "GET /category/uncategorized/page/296/ HTTP/1.0" 200 76811 "-" "Mozilla/5.0 (compatible; SemrushBot/7~bl; +http://www.semrush.com/bot.html)"
20.171.207.251 - - [07/Sep/2025:09:19:32 +0700] "GET /tips-for-using-gestures-and-facial-expressions-on-omegle-and-ometv/ HTTP/1.0" 200 93690 "-" "Mozilla/5.0 AppleWebKit/537.36 (KHTML, like Gecko; compatible; GPTBot/1.2; +https://openai.com/gptbot)"
45.117.177.72 - - [07/Sep/2025:09:20:22 +0700] "POST /wp-cron.php?doing_wp_cron=1757211622.4618749618530273437500 HTTP/1.0" 200 416 "-" "WordPress/6.8.1; https://vattusacky.vn"
85.208.96.211 - - [07/Sep/2025:09:20:21 +0700] "GET /author/yanz/page/331/ HTTP/1.0" 200 78377 "-" "Mozilla/5.0 (compatible; SemrushBot/7~bl; +http://www.semrush.com/bot.html)"
185.191.171.18 - - [07/Sep/2025:09:20:53 +0700] "GET /the/tram-lay-mau-bui-pm-2-5/page/2/ HTTP/1.0" 200 92911 "-" "Mozilla/5.0 (compatible; SemrushBot/7~bl; +http://www.semrush.com/bot.html)"
45.117.177.72 - - [07/Sep/2025:09:21:20 +0700] "POST /wp-cron.php?doing_wp_cron=1757211680.2657449245452880859375 HTTP/1.0" 200 416 "-" "WordPress/6.8.1; https://vattusacky.vn"
185.191.171.14 - - [07/Sep/2025:09:21:19 +0700] "GET /maksim-krippa-strategija-bystrogo-i-bezopasnogo-234/ HTTP/1.0" 200 231940 "-" "Mozilla/5.0 (compatible; SemrushBot/7~bl; +http://www.semrush.com/bot.html)"
20.171.207.251 - - [07/Sep/2025:09:21:23 +0700] "GET /?p=9218 HTTP/1.0" 301 508 "-" "Mozilla/5.0 AppleWebKit/537.36 (KHTML, like Gecko; compatible; GPTBot/1.2; +https://openai.com/gptbot)"
20.171.207.251 - - [07/Sep/2025:09:21:24 +0700] "GET /what-is-the-new-direction-for-omegle-perspectives-on-the-future/ HTTP/1.0" 200 91893 "-" "Mozilla/5.0 AppleWebKit/537.36 (KHTML, like Gecko; compatible; GPTBot/1.2; +https://openai.com/gptbot)"
17.241.227.98 - - [07/Sep/2025:09:21:40 +0700] "GET /omegle-vs-ometv-a-tech-showdown-between-two-chat-giants/ HTTP/1.0" 200 91027 "-" "Mozilla/5.0 (Macintosh; Intel Mac OS X 10_15_7) AppleWebKit/605.1.15 (KHTML, like Gecko) Version/17.4 Safari/605.1.15 (Applebot/0.1; +http://www.apple.com/go/applebot)"
45.117.177.72 - - [07/Sep/2025:09:23:51 +0700] "POST /wp-cron.php?doing_wp_cron=1757211831.0104548931121826171875 HTTP/1.0" 200 416 "-" "WordPress/6.8.1; https://vattusacky.vn"
20.171.207.251 - - [07/Sep/2025:09:23:49 +0700] "GET /?p=7020 HTTP/1.0" 301 652 "-" "Mozilla/5.0 AppleWebKit/537.36 (KHTML, like Gecko; compatible; GPTBot/1.2; +https://openai.com/gptbot)"
20.171.207.251 - - [07/Sep/2025:09:23:51 +0700] "GET /how-omegle-and-ometv-are-changing-the-way-we-socialize-online/ HTTP/1.0" 200 94261 "-" "Mozilla/5.0 AppleWebKit/537.36 (KHTML, like Gecko; compatible; GPTBot/1.2; +https://openai.com/gptbot)"
124.236.100.56 - - [07/Sep/2025:09:23:54 +0700] "GET / HTTP/1.0" 200 60070 "-" "Mozilla/5.0 (Windows NT 10.0; Win64; x64) AppleWebKit/537.36 (KHTML, like Gecko) Chrome/61.0.3163.100 Safari/537.36 OPR/48.0.2685.35"
216.73.216.162 - - [07/Sep/2025:09:24:14 +0700] "GET /como-solicitar-un-credito-al-consumo-paso-a-paso/feed HTTP/1.0" 301 742 "-" "Mozilla/5.0 AppleWebKit/537.36 (KHTML, like Gecko; compatible; ClaudeBot/1.0; +claudebot@anthropic.com)"
216.73.216.162 - - [07/Sep/2025:09:24:14 +0700] "GET /?p=3615 HTTP/1.0" 301 639 "-" "Mozilla/5.0 AppleWebKit/537.36 (KHTML, like Gecko; compatible; ClaudeBot/1.0; +claudebot@anthropic.com)"
45.117.177.72 - - [07/Sep/2025:09:24:17 +0700] "POST /wp-cron.php?doing_wp_cron=1757211857.1195130348205566406250 HTTP/1.0" 200 416 "-" "WordPress/6.8.1; https://vattusacky.vn"
216.73.216.162 - - [07/Sep/2025:09:24:15 +0700] "GET /como-solicitar-un-credito-al-consumo-paso-a-paso/feed/ HTTP/1.0" 200 1597 "https://vattusacky.vn/como-solicitar-un-credito-al-consumo-paso-a-paso/feed" "Mozilla/5.0 AppleWebKit/537.36 (KHTML, like Gecko; compatible; ClaudeBot/1.0; +claudebot@anthropic.com)"
216.73.216.162 - - [07/Sep/2025:09:24:15 +0700] "GET /como-solicitar-un-credito-al-consumo-paso-a-paso/ HTTP/1.0" 200 376077 "https://vattusacky.vn/?p=3615" "Mozilla/5.0 AppleWebKit/537.36 (KHTML, like Gecko; compatible; ClaudeBot/1.0; +claudebot@anthropic.com)"
5.255.231.15 - - [07/Sep/2025:09:24:33 +0700] "GET /blog/nhu-cau-xay-dung-thuong-hieu-trong-linh-vuc-y-te HTTP/1.0" 404 70812 "-" "Mozilla/5.0 (compatible; YandexBot/3.0; +http://yandex.com/bots)"
20.171.207.251 - - [07/Sep/2025:09:24:59 +0700] "GET /the-role-of-curiosity-in-serendipitous-moments-on-omegle-and-ometv/ HTTP/1.0" 200 91357 "-" "Mozilla/5.0 AppleWebKit/537.36 (KHTML, like Gecko; compatible; GPTBot/1.2; +https://openai.com/gptbot)"
45.117.177.72 - - [07/Sep/2025:09:25:49 +0700] "POST /wp-cron.php?doing_wp_cron=1757211949.0758500099182128906250 HTTP/1.0" 200 416 "-" "WordPress/6.8.1; https://vattusacky.vn"
20.171.207.251 - - [07/Sep/2025:09:25:47 +0700] "GET /going-viral-hilarious-videos-that-took-omegle-and-ometv-by-storm/ HTTP/1.0" 200 92065 "-" "Mozilla/5.0 AppleWebKit/537.36 (KHTML, like Gecko; compatible; GPTBot/1.2; +https://openai.com/gptbot)"
20.171.207.251 - - [07/Sep/2025:09:26:14 +0700] "GET /?p=8622 HTTP/1.0" 301 504 "-" "Mozilla/5.0 AppleWebKit/537.36 (KHTML, like Gecko; compatible; GPTBot/1.2; +https://openai.com/gptbot)"
45.117.177.72 - - [07/Sep/2025:09:26:17 +0700] "POST /wp-cron.php?doing_wp_cron=1757211977.0671010017395019531250 HTTP/1.0" 200 416 "-" "WordPress/6.8.1; https://vattusacky.vn"
20.171.207.251 - - [07/Sep/2025:09:26:16 +0700] "GET /the-influence-of-omegle-on-popular-culture-and-social-media/ HTTP/1.0" 200 90041 "-" "Mozilla/5.0 AppleWebKit/537.36 (KHTML, like Gecko; compatible; GPTBot/1.2; +https://openai.com/gptbot)"
20.171.207.251 - - [07/Sep/2025:09:27:07 +0700] "GET /?p=8195 HTTP/1.0" 301 504 "-" "Mozilla/5.0 AppleWebKit/537.36 (KHTML, like Gecko; compatible; GPTBot/1.2; +https://openai.com/gptbot)"
20.171.207.251 - - [07/Sep/2025:09:27:09 +0700] "GET /serendipity-and-the-art-of-storytelling-on-omegle-and-ometv/ HTTP/1.0" 200 92027 "-" "Mozilla/5.0 AppleWebKit/537.36 (KHTML, like Gecko; compatible; GPTBot/1.2; +https://openai.com/gptbot)"
45.117.177.72 - - [07/Sep/2025:09:27:40 +0700] "POST /wp-cron.php?doing_wp_cron=1757212060.2693359851837158203125 HTTP/1.0" 200 416 "-" "WordPress/6.8.1; https://vattusacky.vn"
20.171.207.251 - - [07/Sep/2025:09:27:39 +0700] "GET /omegle-and-ometv-breaking-down-social-barriers-one-chat-at-a-time/ HTTP/1.0" 200 92103 "-" "Mozilla/5.0 AppleWebKit/537.36 (KHTML, like Gecko; compatible; GPTBot/1.2; +https://openai.com/gptbot)"
45.117.177.72 - - [07/Sep/2025:09:28:22 +0700] "POST /wp-cron.php?doing_wp_cron=1757212102.1821000576019287109375 HTTP/1.0" 200 416 "-" "WordPress/6.8.1; https://vattusacky.vn"
20.171.207.251 - - [07/Sep/2025:09:28:20 +0700] "GET /?p=7741 HTTP/1.0" 301 502 "-" "Mozilla/5.0 AppleWebKit/537.36 (KHTML, like Gecko; compatible; GPTBot/1.2; +https://openai.com/gptbot)"
20.171.207.251 - - [07/Sep/2025:09:28:22 +0700] "GET /omegle-vs-ometv-a-deep-dive-into-their-technical-features/ HTTP/1.0" 200 92013 "-" "Mozilla/5.0 AppleWebKit/537.36 (KHTML, like Gecko; compatible; GPTBot/1.2; +https://openai.com/gptbot)"
20.171.207.251 - - [07/Sep/2025:09:29:13 +0700] "GET /?p=9037 HTTP/1.0" 301 657 "-" "Mozilla/5.0 AppleWebKit/537.36 (KHTML, like Gecko; compatible; GPTBot/1.2; +https://openai.com/gptbot)"
185.191.171.7 - - [07/Sep/2025:09:29:14 +0700] "GET /author/yanz/page/276/ HTTP/1.0" 200 77870 "-" "Mozilla/5.0 (compatible; SemrushBot/7~bl; +http://www.semrush.com/bot.html)"
20.171.207.251 - - [07/Sep/2025:09:29:14 +0700] "GET /tips-for-using-gestures-and-facial-expressions-on-omegle-and-ometv/ HTTP/1.0" 200 93690 "-" "Mozilla/5.0 AppleWebKit/537.36 (KHTML, like Gecko; compatible; GPTBot/1.2; +https://openai.com/gptbot)"
45.117.177.72 - - [07/Sep/2025:09:29:39 +0700] "POST /wp-cron.php?doing_wp_cron=1757212179.3174800872802734375000 HTTP/1.0" 200 416 "-" "WordPress/6.8.1; https://vattusacky.vn"
185.191.171.1 - - [07/Sep/2025:09:29:38 +0700] "GET /author/yanz/page/265/ HTTP/1.0" 200 74849 "-" "Mozilla/5.0 (compatible; SemrushBot/7~bl; +http://www.semrush.com/bot.html)"
20.171.207.251 - - [07/Sep/2025:09:29:50 +0700] "GET /omegle-vs-ometv-a-final-verdict-on-the-best-random-chat-platform/ HTTP/1.0" 200 92058 "-" "Mozilla/5.0 AppleWebKit/537.36 (KHTML, like Gecko; compatible; GPTBot/1.2; +https://openai.com/gptbot)"
44.194.134.53 - - [07/Sep/2025:09:30:15 +0700] "GET /tips-on-how-to-meet-foreign-girl/ HTTP/1.0" 200 205486 "-" "Mozilla/5.0 AppleWebKit/537.36 (KHTML, like Gecko; compatible; Amazonbot/0.1; +https://developer.amazon.com/support/amazonbot) Chrome/119.0.6045.214 Safari/537.36"
45.117.177.72 - - [07/Sep/2025:09:30:20 +0700] "POST /wp-cron.php?doing_wp_cron=1757212220.6341269016265869140625 HTTP/1.0" 200 416 "-" "WordPress/6.8.1; https://vattusacky.vn"
100.28.44.58 - - [07/Sep/2025:09:30:19 +0700] "GET /author/yanz/page/415/ HTTP/1.0" 200 77902 "-" "Mozilla/5.0 AppleWebKit/537.36 (KHTML, like Gecko; compatible; Amazonbot/0.1; +https://developer.amazon.com/support/amazonbot) Chrome/119.0.6045.214 Safari/537.36"
216.244.66.237 - - [07/Sep/2025:09:30:45 +0700] "GET /spotlight-on-omegle-artists-showcasing-their-unique-collaborations/ HTTP/1.0" 200 93266 "-" "Mozilla/5.0 (compatible; DotBot/1.2; +https://opensiteexplorer.org/dotbot; help@moz.com)"
20.171.207.251 - - [07/Sep/2025:09:30:46 +0700] "GET /the-role-of-active-participation-in-network-building-on-omegle-and-ometv/ HTTP/1.0" 200 94645 "-" "Mozilla/5.0 AppleWebKit/537.36 (KHTML, like Gecko; compatible; GPTBot/1.2; +https://openai.com/gptbot)"
216.244.66.237 - - [07/Sep/2025:09:31:00 +0700] "GET /the-dark-side-of-anonymity-exploring-the-risks-on-omegle-and-ometv/ HTTP/1.0" 200 92315 "-" "Mozilla/5.0 (compatible; DotBot/1.2; +https://opensiteexplorer.org/dotbot; help@moz.com)"
45.117.177.72 - - [07/Sep/2025:09:31:47 +0700] "POST /wp-cron.php?doing_wp_cron=1757212307.3776381015777587890625 HTTP/1.0" 200 416 "-" "WordPress/6.8.1; https://vattusacky.vn"
20.171.207.251 - - [07/Sep/2025:09:31:46 +0700] "GET /the-impact-of-anonymity-on-self-disclosure-in-omegle-chats/ HTTP/1.0" 200 91558 "-" "Mozilla/5.0 AppleWebKit/537.36 (KHTML, like Gecko; compatible; GPTBot/1.2; +https://openai.com/gptbot)"
45.117.177.72 - - [07/Sep/2025:09:32:51 +0700] "POST /wp-cron.php?doing_wp_cron=1757212371.2277879714965820312500 HTTP/1.0" 200 416 "-" "WordPress/6.8.1; https://vattusacky.vn"
213.180.203.235 - - [07/Sep/2025:09:32:50 +0700] "GET /drip-top-kazino-dostupnye-frispiny-rabochee/ HTTP/1.0" 200 92079 "-" "Mozilla/5.0 (compatible; YandexBot/3.0; +http://yandex.com/bots)"
87.250.224.86 - - [07/Sep/2025:09:33:11 +0700] "GET /inside-the-event-you-kiss-the-date-over-a-first-particular-date/ HTTP/1.0" 200 74237 "-" "Mozilla/5.0 (compatible; YandexBot/3.0; +http://yandex.com/bots)"
45.117.177.72 - - [07/Sep/2025:09:33:30 +0700] "POST /wp-cron.php?doing_wp_cron=1757212410.0542941093444824218750 HTTP/1.0" 200 416 "-" "WordPress/6.8.1; https://vattusacky.vn"
20.171.207.251 - - [07/Sep/2025:09:33:28 +0700] "GET /?p=8689 HTTP/1.0" 301 502 "-" "Mozilla/5.0 AppleWebKit/537.36 (KHTML, like Gecko; compatible; GPTBot/1.2; +https://openai.com/gptbot)"
20.171.207.251 - - [07/Sep/2025:09:33:30 +0700] "GET /the-power-of-body-language-in-first-impressions-on-omegle/ HTTP/1.0" 200 75731 "-" "Mozilla/5.0 AppleWebKit/537.36 (KHTML, like Gecko; compatible; GPTBot/1.2; +https://openai.com/gptbot)"
45.117.177.72 - - [07/Sep/2025:09:34:21 +0700] "POST /wp-cron.php?doing_wp_cron=1757212461.4779129028320312500000 HTTP/1.0" 200 416 "-" "WordPress/6.8.1; https://vattusacky.vn"
20.171.207.251 - - [07/Sep/2025:09:34:20 +0700] "GET /?p=8840 HTTP/1.0" 301 657 "-" "Mozilla/5.0 AppleWebKit/537.36 (KHTML, like Gecko; compatible; GPTBot/1.2; +https://openai.com/gptbot)"
20.171.207.251 - - [07/Sep/2025:09:34:21 +0700] "GET /the-role-of-curiosity-in-serendipitous-moments-on-omegle-and-ometv/ HTTP/1.0" 200 91357 "-" "Mozilla/5.0 AppleWebKit/537.36 (KHTML, like Gecko; compatible; GPTBot/1.2; +https://openai.com/gptbot)"
20.171.207.251 - - [07/Sep/2025:09:35:07 +0700] "GET /?p=8803 HTTP/1.0" 301 517 "-" "Mozilla/5.0 AppleWebKit/537.36 (KHTML, like Gecko; compatible; GPTBot/1.2; +https://openai.com/gptbot)"
20.171.207.251 - - [07/Sep/2025:09:35:09 +0700] "GET /the-role-of-active-participation-in-network-building-on-omegle-and-ometv/ HTTP/1.0" 200 94645 "-" "Mozilla/5.0 AppleWebKit/537.36 (KHTML, like Gecko; compatible; GPTBot/1.2; +https://openai.com/gptbot)"
45.117.177.72 - - [07/Sep/2025:09:35:46 +0700] "POST /wp-cron.php?doing_wp_cron=1757212546.0569200515747070312500 HTTP/1.0" 200 416 "-" "WordPress/6.8.1; https://vattusacky.vn"
20.171.207.251 - - [07/Sep/2025:09:35:44 +0700] "GET /?p=7743 HTTP/1.0" 301 509 "-" "Mozilla/5.0 AppleWebKit/537.36 (KHTML, like Gecko; compatible; GPTBot/1.2; +https://openai.com/gptbot)"
20.171.207.251 - - [07/Sep/2025:09:35:46 +0700] "GET /omegle-vs-ometv-a-final-verdict-on-the-best-random-chat-platform/ HTTP/1.0" 200 92058 "-" "Mozilla/5.0 AppleWebKit/537.36 (KHTML, like Gecko; compatible; GPTBot/1.2; +https://openai.com/gptbot)"
45.117.177.72 - - [07/Sep/2025:09:36:21 +0700] "POST /wp-cron.php?doing_wp_cron=1757212581.3538138866424560546875 HTTP/1.0" 200 416 "-" "WordPress/6.8.1; https://vattusacky.vn"
20.171.207.251 - - [07/Sep/2025:09:36:19 +0700] "GET /reveling-in-the-beauty-of-lasting-bonds-in-omelove-stories/ HTTP/1.0" 200 89736 "-" "Mozilla/5.0 AppleWebKit/537.36 (KHTML, like Gecko; compatible; GPTBot/1.2; +https://openai.com/gptbot)"
85.208.96.210 - - [07/Sep/2025:09:36:47 +0700] "GET /5-otlichnykh-sposobov-ispolzovaniya-1win/ HTTP/1.0" 200 122386 "-" "Mozilla/5.0 (compatible; SemrushBot/7~bl; +http://www.semrush.com/bot.html)"
20.171.207.251 - - [07/Sep/2025:09:36:59 +0700] "GET /the-impact-of-omegle-artistry-bridging-gaps-in-the-art-community/ HTTP/1.0" 503 8456 "-" "Mozilla/5.0 AppleWebKit/537.36 (KHTML, like Gecko; compatible; GPTBot/1.2; +https://openai.com/gptbot)"
45.117.177.72 - - [07/Sep/2025:09:38:13 +0700] "POST /wp-cron.php?doing_wp_cron=1757212693.3250091075897216796875 HTTP/1.0" 200 416 "-" "WordPress/6.8.1; https://vattusacky.vn"
20.171.207.251 - - [07/Sep/2025:09:38:12 +0700] "GET /?p=7390 HTTP/1.0" 301 510 "-" "Mozilla/5.0 AppleWebKit/537.36 (KHTML, like Gecko; compatible; GPTBot/1.2; +https://openai.com/gptbot)"
20.171.207.251 - - [07/Sep/2025:09:38:14 +0700] "GET /omegle-and-ometv-breaking-down-social-barriers-one-chat-at-a-time/ HTTP/1.0" 200 92103 "-" "Mozilla/5.0 AppleWebKit/537.36 (KHTML, like Gecko; compatible; GPTBot/1.2; +https://openai.com/gptbot)"
45.117.177.72 - - [07/Sep/2025:09:39:28 +0700] "POST /wp-cron.php?doing_wp_cron=1757212768.0479600429534912109375 HTTP/1.0" 200 416 "-" "WordPress/6.8.1; https://vattusacky.vn"
217.113.194.78 - - [07/Sep/2025:09:39:26 +0700] "GET /san-pham/thiet-bi-lay-mau-nuoc-alpha-van-dorn-loai-doc-8-2-lit/feed/ HTTP/1.0" 200 1745 "-" "Mozilla/5.0 (compatible; Barkrowler/0.9; +https://babbar.tech/crawler)"
154.54.249.200 - - [07/Sep/2025:09:39:47 +0700] "GET /san-pham/thiet-bi-lay-mau-nuoc-alpha-van-dorn-loai-doc-2-2-lit/feed/ HTTP/1.0" 200 1747 "-" "Mozilla/5.0 (compatible; Barkrowler/0.9; +https://babbar.tech/crawler)"
217.113.194.72 - - [07/Sep/2025:09:40:06 +0700] "GET /san-pham/tram-bom-mau-bui-tsp-khong-choi-than-3-cap-microsd-card/feed/ HTTP/1.0" 200 1748 "-" "Mozilla/5.0 (compatible; Barkrowler/0.9; +https://babbar.tech/crawler)"
20.171.207.251 - - [07/Sep/2025:09:40:11 +0700] "GET /omegle-and-ometv-a-social-experiment-in-the-age-of-technology/ HTTP/1.0" 200 90413 "-" "Mozilla/5.0 AppleWebKit/537.36 (KHTML, like Gecko; compatible; GPTBot/1.2; +https://openai.com/gptbot)"
45.117.177.72 - - [07/Sep/2025:09:40:28 +0700] "POST /wp-cron.php?doing_wp_cron=1757212828.6939730644226074218750 HTTP/1.0" 200 416 "-" "WordPress/6.8.1; https://vattusacky.vn"
217.113.194.77 - - [07/Sep/2025:09:40:27 +0700] "GET /san-pham/tram-lay-mau-bui-tsp-khong-choi-than-2-cap-microsd-card/feed/ HTTP/1.0" 200 1749 "-" "Mozilla/5.0 (compatible; Barkrowler/0.9; +https://babbar.tech/crawler)"
217.113.194.73 - - [07/Sep/2025:09:40:47 +0700] "GET /san-pham/tram-lay-mau-bui-tsp-khong-choi-than-3-cap-microsd-card/feed/ HTTP/1.0" 200 1749 "-" "Mozilla/5.0 (compatible; Barkrowler/0.9; +https://babbar.tech/crawler)"
217.113.194.79 - - [07/Sep/2025:09:41:06 +0700] "GET /exploring-the-role-of-artificial-intelligence-in-improving-user-experience-on-chatroulette-and-omegle/ HTTP/1.0" 200 91401 "-" "Mozilla/5.0 (compatible; Barkrowler/0.9; +https://babbar.tech/crawler)"
45.117.177.72 - - [07/Sep/2025:09:41:28 +0700] "POST /wp-cron.php?doing_wp_cron=1757212888.4813580513000488281250 HTTP/1.0" 200 416 "-" "WordPress/6.8.1; https://vattusacky.vn"
217.113.194.75 - - [07/Sep/2025:09:41:27 +0700] "GET /exploring-the-role-of-artificial-intelligence-in-improving-user-experience-on-chatroulette-and-omegle/feed/ HTTP/1.0" 200 1900 "-" "Mozilla/5.0 (compatible; Barkrowler/0.9; +https://babbar.tech/crawler)"
20.171.207.251 - - [07/Sep/2025:09:41:45 +0700] "GET /serendipity-and-the-art-of-navigating-the-unknown-on-omegle-and-ometv/ HTTP/1.0" 200 92545 "-" "Mozilla/5.0 AppleWebKit/537.36 (KHTML, like Gecko; compatible; GPTBot/1.2; +https://openai.com/gptbot)"
217.113.194.218 - - [07/Sep/2025:09:41:46 +0700] "GET /the-power-of-open-ended-questions-on-omegle-fostering-deeper-and-more-meaningful-conversations/feed/ HTTP/1.0" 200 1879 "-" "Mozilla/5.0 (compatible; Barkrowler/0.9; +https://babbar.tech/crawler)"
217.113.194.217 - - [07/Sep/2025:09:42:08 +0700] "GET /loantiennhanh-nop-don-vay-findo-loantiennhanh-chinh-xac-la-gi/feed/ HTTP/1.0" 200 1793 "-" "Mozilla/5.0 (compatible; Barkrowler/0.9; +https://babbar.tech/crawler)"
217.113.194.80 - - [07/Sep/2025:09:42:28 +0700] "GET /otkroyte-dlya-sebya-mir-1-win-mesto-gde-igra-vstrechaetsya-s-profitom/feed/ HTTP/1.0" 200 1851 "-" "Mozilla/5.0 (compatible; Barkrowler/0.9; +https://babbar.tech/crawler)"
20.171.207.251 - - [07/Sep/2025:09:42:45 +0700] "GET /?p=8515 HTTP/1.0" 301 503 "-" "Mozilla/5.0 AppleWebKit/537.36 (KHTML, like Gecko; compatible; GPTBot/1.2; +https://openai.com/gptbot)"
20.171.207.251 - - [07/Sep/2025:09:42:46 +0700] "GET /the-impact-of-anonymity-on-self-disclosure-in-omegle-chats/ HTTP/1.0" 200 91558 "-" "Mozilla/5.0 AppleWebKit/537.36 (KHTML, like Gecko; compatible; GPTBot/1.2; +https://openai.com/gptbot)"
217.113.194.74 - - [07/Sep/2025:09:42:53 +0700] "GET /top-10-nutzlichste-jungere-frau-altere-guy-online-dating-sites-und-apps-bewertet-fur-2020/ HTTP/1.0" 200 212671 "-" "Mozilla/5.0 (compatible; Barkrowler/0.9; +https://babbar.tech/crawler)"
217.113.194.72 - - [07/Sep/2025:09:43:27 +0700] "GET /kto-gra-w-kasynie-online-slottica-forum-bukmacherzy-i-rozrywka-onlin/ HTTP/1.0" 200 97077 "-" "Mozilla/5.0 (compatible; Barkrowler/0.9; +https://babbar.tech/crawler)"
45.117.177.72 - - [07/Sep/2025:09:43:42 +0700] "POST /wp-cron.php?doing_wp_cron=1757213022.5830070972442626953125 HTTP/1.0" 200 416 "-" "WordPress/6.8.1; https://vattusacky.vn"
20.171.207.251 - - [07/Sep/2025:09:43:41 +0700] "GET /?p=6979 HTTP/1.0" 301 509 "-" "Mozilla/5.0 AppleWebKit/537.36 (KHTML, like Gecko; compatible; GPTBot/1.2; +https://openai.com/gptbot)"
20.171.207.251 - - [07/Sep/2025:09:43:43 +0700] "GET /going-viral-hilarious-videos-that-took-omegle-and-ometv-by-storm/ HTTP/1.0" 200 92065 "-" "Mozilla/5.0 AppleWebKit/537.36 (KHTML, like Gecko; compatible; GPTBot/1.2; +https://openai.com/gptbot)"
217.113.194.73 - - [07/Sep/2025:09:43:50 +0700] "GET /pikakasinot-uudet-ja-parhaat-2023-corruzione-pikakasino-kokemuksia/feed/ HTTP/1.0" 200 1795 "-" "Mozilla/5.0 (compatible; Barkrowler/0.9; +https://babbar.tech/crawler)"
217.113.194.75 - - [07/Sep/2025:09:44:09 +0700] "GET /the-role-of-empathy-in-difficult-conversations-on-omegle-finding-common-ground-and-understanding/feed/ HTTP/1.0" 200 1885 "-" "Mozilla/5.0 (compatible; Barkrowler/0.9; +https://babbar.tech/crawler)"
45.117.177.72 - - [07/Sep/2025:09:44:30 +0700] "POST /wp-cron.php?doing_wp_cron=1757213069.9820709228515625000000 HTTP/1.0" 200 416 "-" "WordPress/6.8.1; https://vattusacky.vn"
217.113.194.217 - - [07/Sep/2025:09:44:28 +0700] "GET /does-anonymity-breed-trolls-examining-online-harassment-on-omegle-and-ometv/feed/ HTTP/1.0" 200 1822 "-" "Mozilla/5.0 (compatible; Barkrowler/0.9; +https://babbar.tech/crawler)"
217.113.194.72 - - [07/Sep/2025:09:44:48 +0700] "GET /kazino-1xslots-igrat-onlajn-besplatno-ofitsialnyj-sajt-skachat-klient/feed/ HTTP/1.0" 200 1862 "-" "Mozilla/5.0 (compatible; Barkrowler/0.9; +https://babbar.tech/crawler)"
20.171.207.251 - - [07/Sep/2025:09:44:55 +0700] "GET /navigating-the-unknown-tips-for-staying-safe-on-omegle-and-ometv/ HTTP/1.0" 200 90218 "-" "Mozilla/5.0 AppleWebKit/537.36 (KHTML, like Gecko; compatible; GPTBot/1.2; +https://openai.com/gptbot)"
217.113.194.73 - - [07/Sep/2025:09:45:09 +0700] "GET /overcoming-online-disinhibition-on-omegle-navigating-anonymity-and-promoting-respectful-interactions/feed/ HTTP/1.0" 200 1897 "-" "Mozilla/5.0 (compatible; Barkrowler/0.9; +https://babbar.tech/crawler)"
45.117.177.72 - - [07/Sep/2025:09:45:22 +0700] "POST /wp-cron.php?doing_wp_cron=1757213122.1901760101318359375000 HTTP/1.0" 200 416 "-" "WordPress/6.8.1; https://vattusacky.vn"
87.250.224.126 - - [07/Sep/2025:09:45:21 +0700] "GET /set-up-a-1xbet-modern-software-with-no-deposit-on/ HTTP/1.0" 200 229119 "-" "Mozilla/5.0 (compatible; YandexBot/3.0; +http://yandex.com/bots)"
217.113.194.74 - - [07/Sep/2025:09:45:28 +0700] "GET /danh-muc/phan-tich-thi-nghie%CC%A3m/may-phan-tich-toctnb/?s= HTTP/1.0" 200 75301 "-" "Mozilla/5.0 (compatible; Barkrowler/0.9; +https://babbar.tech/crawler)"
138.3.242.176 - - [07/Sep/2025:09:45:32 +0700] "GET /wp-json/wp/v2/posts?per_page=1&_fields=id,slug,comment_status HTTP/1.0" 200 1018 "-" "-"
138.3.242.176 - - [07/Sep/2025:09:45:35 +0700] "POST /wp-comments-post.php HTTP/1.0" 302 1157 "-" "-"
138.3.242.176 - - [07/Sep/2025:09:45:36 +0700] "GET /slot-gacor-hari-ini-game-slot-dengan-volatilitas-tinggi/?unapproved=1439&moderation-hash=482df69a3a2d349f80561dc85c9f41ea HTTP/1.0" 200 65035 "https://vattusacky.vn/wp-comments-post.php" "-"
20.171.207.251 - - [07/Sep/2025:09:45:43 +0700] "GET /?p=8194 HTTP/1.0" 301 660 "-" "Mozilla/5.0 AppleWebKit/537.36 (KHTML, like Gecko; compatible; GPTBot/1.2; +https://openai.com/gptbot)"
20.171.207.251 - - [07/Sep/2025:09:45:44 +0700] "GET /serendipity-and-the-art-of-navigating-the-unknown-on-omegle-and-ometv/ HTTP/1.0" 200 92545 "-" "Mozilla/5.0 AppleWebKit/537.36 (KHTML, like Gecko; compatible; GPTBot/1.2; +https://openai.com/gptbot)"
217.113.194.78 - - [07/Sep/2025:09:45:49 +0700] "GET /danh-muc/phan-tich-thi-nghie%CC%A3m/he-thong-chiet-beo-sohlex/feed/ HTTP/1.0" 200 149099 "-" "Mozilla/5.0 (compatible; Barkrowler/0.9; +https://babbar.tech/crawler)"
217.113.194.74 - - [07/Sep/2025:09:46:13 +0700] "GET /danh-muc/moi-truong-nuoc/lay-mau-nuoc-alphan-van-dor-loai-doc/page/1/?s HTTP/1.0" 200 182984 "-" "Mozilla/5.0 (compatible; Barkrowler/0.9; +https://babbar.tech/crawler)"
45.117.177.72 - - [07/Sep/2025:09:46:20 +0700] "POST /wp-cron.php?doing_wp_cron=1757213179.7904210090637207031250 HTTP/1.0" 200 416 "-" "WordPress/6.8.1; https://vattusacky.vn"
20.171.207.251 - - [07/Sep/2025:09:46:18 +0700] "GET /?p=7381 HTTP/1.0" 301 506 "-" "Mozilla/5.0 AppleWebKit/537.36 (KHTML, like Gecko; compatible; GPTBot/1.2; +https://openai.com/gptbot)"
20.171.207.251 - - [07/Sep/2025:09:46:20 +0700] "GET /omegle-and-ometv-a-social-experiment-in-the-age-of-technology/ HTTP/1.0" 200 90267 "-" "Mozilla/5.0 AppleWebKit/537.36 (KHTML, like Gecko; compatible; GPTBot/1.2; +https://openai.com/gptbot)"
138.3.242.176 - - [07/Sep/2025:09:46:27 +0700] "GET /wp-json/wp/v2/posts?per_page=1&_fields=id,slug,comment_status HTTP/1.0" 200 1018 "-" "-"
45.117.177.72 - - [07/Sep/2025:09:46:31 +0700] "POST /wp-cron.php?doing_wp_cron=1757213191.3575630187988281250000 HTTP/1.0" 200 416 "-" "WordPress/6.8.1; https://vattusacky.vn"
138.3.242.176 - - [07/Sep/2025:09:46:30 +0700] "GET /wp-json/wp/v2/posts?per_page=1&_fields=id,slug,comment_status HTTP/1.0" 200 1018 "-" "-"
138.3.242.176 - - [07/Sep/2025:09:46:34 +0700] "POST /wp-comments-post.php HTTP/1.0" 302 1157 "-" "-"
15.235.27.223 - - [07/Sep/2025:09:46:35 +0700] "GET /sitemap_index.xml HTTP/1.0" 200 2426 "-" "Mozilla/5.0 (compatible; AhrefsBot/7.0; +http://ahrefs.com/robot/)"
138.3.242.176 - - [07/Sep/2025:09:46:36 +0700] "GET /slot-gacor-hari-ini-game-slot-dengan-volatilitas-tinggi/?unapproved=1440&moderation-hash=b61f09d190114be94e56b9eaa94e8bd4 HTTP/1.0" 200 65035 "https://vattusacky.vn/wp-comments-post.php" "-"
142.44.228.152 - - [07/Sep/2025:09:46:38 +0700] "GET /post-sitemap.xml HTTP/1.0" 500 3278 "-" "Mozilla/5.0 (compatible; AhrefsBot/7.0; +http://ahrefs.com/robot/)"
217.113.194.77 - - [07/Sep/2025:09:46:47 +0700] "GET /danh-muc/moi-truong-nuoc/may-do-phmvorpectdsmandodo-duc-cam-tay/ HTTP/1.0" 200 152781 "-" "Mozilla/5.0 (compatible; Barkrowler/0.9; +https://babbar.tech/crawler)"
54.39.136.189 - - [07/Sep/2025:09:46:47 +0700] "GET /post-sitemap2.xml HTTP/1.0" 200 158032 "-" "Mozilla/5.0 (compatible; AhrefsBot/7.0; +http://ahrefs.com/robot/)"
185.191.171.9 - - [07/Sep/2025:09:46:54 +0700] "GET /the/tram-lay-mau-bui-pm-10/page/2/ HTTP/1.0" 200 92885 "-" "Mozilla/5.0 (compatible; SemrushBot/7~bl; +http://www.semrush.com/bot.html)"
142.44.228.176 - - [07/Sep/2025:09:46:56 +0700] "GET /post-sitemap3.xml HTTP/1.0" 200 155802 "-" "Mozilla/5.0 (compatible; AhrefsBot/7.0; +http://ahrefs.com/robot/)"
142.44.225.69 - - [07/Sep/2025:09:47:01 +0700] "GET /post-sitemap4.xml HTTP/1.0" 200 157863 "-" "Mozilla/5.0 (compatible; AhrefsBot/7.0; +http://ahrefs.com/robot/)"
20.171.207.251 - - [07/Sep/2025:09:47:05 +0700] "GET /the-role-of-networking-in-building-self-awareness-on-omegle-and-ometv/ HTTP/1.0" 200 93040 "-" "Mozilla/5.0 AppleWebKit/537.36 (KHTML, like Gecko; compatible; GPTBot/1.2; +https://openai.com/gptbot)"
54.39.210.244 - - [07/Sep/2025:09:47:06 +0700] "GET /post-sitemap5.xml HTTP/1.0" 200 159938 "-" "Mozilla/5.0 (compatible; AhrefsBot/7.0; +http://ahrefs.com/robot/)"
54.39.6.137 - - [07/Sep/2025:09:47:10 +0700] "GET /post-sitemap6.xml HTTP/1.0" 200 42210 "-" "Mozilla/5.0 (compatible; AhrefsBot/7.0; +http://ahrefs.com/robot/)"
51.161.37.98 - - [07/Sep/2025:09:47:14 +0700] "GET /page-sitemap.xml HTTP/1.0" 200 1873 "-" "Mozilla/5.0 (compatible; AhrefsBot/7.0; +http://ahrefs.com/robot/)"
45.117.177.72 - - [07/Sep/2025:09:47:18 +0700] "POST /wp-cron.php?doing_wp_cron=1757213238.3408629894256591796875 HTTP/1.0" 200 416 "-" "WordPress/6.8.1; https://vattusacky.vn"
217.113.194.78 - - [07/Sep/2025:09:47:17 +0700] "GET /danh-muc/moi-truong-khi/bom-lay-mau-khi-ca-nhan-iaq/page/2/?s HTTP/1.0" 200 76503 "-" "Mozilla/5.0 (compatible; Barkrowler/0.9; +https://babbar.tech/crawler)"
51.161.37.157 - - [07/Sep/2025:09:47:17 +0700] "GET /attachment-sitemap.xml HTTP/1.0" 200 72345 "-" "Mozilla/5.0 (compatible; AhrefsBot/7.0; +http://ahrefs.com/robot/)"
142.44.220.167 - - [07/Sep/2025:09:47:28 +0700] "GET /product-sitemap.xml HTTP/1.0" 200 51048 "-" "Mozilla/5.0 (compatible; AhrefsBot/7.0; +http://ahrefs.com/robot/)"
148.113.130.72 - - [07/Sep/2025:09:47:34 +0700] "GET /category-sitemap.xml HTTP/1.0" 200 24564 "-" "Mozilla/5.0 (compatible; AhrefsBot/7.0; +http://ahrefs.com/robot/)"
15.235.98.185 - - [07/Sep/2025:09:47:37 +0700] "GET /post_tag-sitemap.xml HTTP/1.0" 200 12903 "-" "Mozilla/5.0 (compatible; AhrefsBot/7.0; +http://ahrefs.com/robot/)"
217.113.194.80 - - [07/Sep/2025:09:47:39 +0700] "GET /danh-muc/moi-truong-khi/tram-lay-mau-bui-tsppm10-pm2-5/?s= HTTP/1.0" 200 184170 "-" "Mozilla/5.0 (compatible; Barkrowler/0.9; +https://babbar.tech/crawler)"
54.39.6.190 - - [07/Sep/2025:09:47:42 +0700] "GET /product_cat-sitemap.xml HTTP/1.0" 200 8595 "-" "Mozilla/5.0 (compatible; AhrefsBot/7.0; +http://ahrefs.com/robot/)"
185.191.171.13 - - [07/Sep/2025:09:47:45 +0700] "GET /the/tram-lay-mau-bui/page/2/ HTTP/1.0" 200 92729 "-" "Mozilla/5.0 (compatible; SemrushBot/7~bl; +http://www.semrush.com/bot.html)"
20.171.207.251 - - [07/Sep/2025:09:47:46 +0700] "GET /omegle-vs-ometv-moderation-how-effective-are-the-systems-in-place/ HTTP/1.0" 200 92014 "-" "Mozilla/5.0 AppleWebKit/537.36 (KHTML, like Gecko; compatible; GPTBot/1.2; +https://openai.com/gptbot)"
142.44.225.163 - - [07/Sep/2025:09:47:50 +0700] "GET /product_tag-sitemap.xml HTTP/1.0" 200 28520 "-" "Mozilla/5.0 (compatible; AhrefsBot/7.0; +http://ahrefs.com/robot/)"
217.113.194.77 - - [07/Sep/2025:09:48:07 +0700] "GET /the-psychology-of-random-connections-analyzing-user-behavior-on-omegle-and-ometv/feed/ HTTP/1.0" 200 1837 "-" "Mozilla/5.0 (compatible; Barkrowler/0.9; +https://babbar.tech/crawler)"
45.117.177.72 - - [07/Sep/2025:09:48:29 +0700] "POST /wp-cron.php?doing_wp_cron=1757213308.8654029369354248046875 HTTP/1.0" 200 416 "-" "WordPress/6.8.1; https://vattusacky.vn"
217.113.194.218 - - [07/Sep/2025:09:48:27 +0700] "GET /%D0%B4%D0%BE%D0%BC%D0%B0-%D0%B8%D0%B7-%D0%B1%D1%80%D0%B5%D0%B2%D0%BD%D0%B0-%D1%81-%D1%82%D0%B5%D1%80%D1%80%D0%B0%D1%81%D0%BE%D0%B9/feed/ HTTP/1.0" 200 1903 "-" "Mozilla/5.0 (compatible; Barkrowler/0.9; +https://babbar.tech/crawler)"
148.113.128.121 - - [07/Sep/2025:09:48:42 +0700] "GET /category/uncategorized/page/12/ HTTP/1.0" 200 76702 "-" "Mozilla/5.0 (compatible; AhrefsBot/7.0; +http://ahrefs.com/robot/)"
138.3.242.176 - - [07/Sep/2025:09:48:43 +0700] "GET /wp-json/wp/v2/posts?per_page=1&_fields=id,slug,comment_status HTTP/1.0" 200 1018 "-" "-"
217.113.194.217 - - [07/Sep/2025:09:48:47 +0700] "GET /meilleur-matchmaking-une-ukraine-mariage-departement-a-favorise-overseas-affairs-depuis-plus-de-dix-ans/ HTTP/1.0" 200 215560 "-" "Mozilla/5.0 (compatible; Barkrowler/0.9; +https://babbar.tech/crawler)"
138.3.242.176 - - [07/Sep/2025:09:48:46 +0700] "POST /wp-comments-post.php HTTP/1.0" 302 1157 "-" "-"
20.171.207.251 - - [07/Sep/2025:09:48:48 +0700] "GET /omg-you-will-burst-into-laughter-with-these-hilarious-omegle-chats/ HTTP/1.0" 200 85590 "-" "Mozilla/5.0 AppleWebKit/537.36 (KHTML, like Gecko; compatible; GPTBot/1.2; +https://openai.com/gptbot)"
138.3.242.176 - - [07/Sep/2025:09:48:49 +0700] "GET /slot-gacor-hari-ini-game-slot-dengan-volatilitas-tinggi/?unapproved=1441&moderation-hash=ff8edf7f7c5f9c7e4e06a54ca64cda47 HTTP/1.0" 200 65035 "https://vattusacky.vn/wp-comments-post.php" "-"
45.117.177.72 - - [07/Sep/2025:09:49:25 +0700] "POST /wp-cron.php?doing_wp_cron=1757213365.3672330379486083984375 HTTP/1.0" 200 416 "-" "WordPress/6.8.1; https://vattusacky.vn"
217.113.194.73 - - [07/Sep/2025:09:49:23 +0700] "GET /1xbet-codigo-promocional-durante-argentina-lo-mejor-codigo-promocional-1xbet-argentina/ HTTP/1.0" 200 224552 "-" "Mozilla/5.0 (compatible; Barkrowler/0.9; +https://babbar.tech/crawler)"
20.171.207.251 - - [07/Sep/2025:09:49:40 +0700] "GET /the-role-of-omegle-in-shaping-youth-culture-and-online-trends/ HTTP/1.0" 200 89045 "-" "Mozilla/5.0 AppleWebKit/537.36 (KHTML, like Gecko; compatible; GPTBot/1.2; +https://openai.com/gptbot)"
185.191.171.6 - - [07/Sep/2025:09:49:44 +0700] "GET /the/tram-lay-mau-bui-the-tich-lon/page/2/ HTTP/1.0" 200 93117 "-" "Mozilla/5.0 (compatible; SemrushBot/7~bl; +http://www.semrush.com/bot.html)"
138.3.242.176 - - [07/Sep/2025:09:50:07 +0700] "GET /wp-json/wp/v2/posts?per_page=1&_fields=id,slug,comment_status HTTP/1.0" 200 1018 "-" "-"
217.113.194.75 - - [07/Sep/2025:09:50:09 +0700] "GET /1xbet-giri-1xbahis-canl-casino-1x-bet-bahis-yeni-adresi-2023/feed/ HTTP/1.0" 200 1794 "-" "Mozilla/5.0 (compatible; Barkrowler/0.9; +https://babbar.tech/crawler)"
138.3.242.176 - - [07/Sep/2025:09:50:12 +0700] "POST /wp-comments-post.php HTTP/1.0" 302 1157 "-" "-"
138.3.242.176 - - [07/Sep/2025:09:50:14 +0700] "GET /slot-gacor-hari-ini-game-slot-dengan-volatilitas-tinggi/?unapproved=1442&moderation-hash=a1ff426c7e85907d083f408fd3b1b621 HTTP/1.0" 200 65035 "https://vattusacky.vn/wp-comments-post.php" "-"
45.117.177.72 - - [07/Sep/2025:09:50:24 +0700] "POST /wp-cron.php?doing_wp_cron=1757213423.9015018939971923828125 HTTP/1.0" 200 416 "-" "WordPress/6.8.1; https://vattusacky.vn"
54.39.0.125 - - [07/Sep/2025:09:50:22 +0700] "GET /mostbet-prilozhenie-skachat-na-ajfon-mostbet-18/ HTTP/1.0" 200 264605 "-" "Mozilla/5.0 (compatible; AhrefsBot/7.0; +http://ahrefs.com/robot/)"
217.113.194.77 - - [07/Sep/2025:09:50:29 +0700] "GET /unveiling-the-serendipity-algorithm-how-omegle-and-ometv-foster-unexpected-moments/feed/ HTTP/1.0" 200 1843 "-" "Mozilla/5.0 (compatible; Barkrowler/0.9; +https://babbar.tech/crawler)"
217.113.194.77 - - [07/Sep/2025:09:50:47 +0700] "GET /san-pham/bo-lay-mau-hoi-khi-trong-dat-khong-co-khoan-gvp-kit/feed/ HTTP/1.0" 200 1739 "-" "Mozilla/5.0 (compatible; Barkrowler/0.9; +https://babbar.tech/crawler)"
217.113.194.76 - - [07/Sep/2025:09:51:07 +0700] "GET /san-pham/thiet-bi-lay-mau-nuoc-alpha-van-dorn-loai-ngang-3-2-lit/feed/ HTTP/1.0" 200 1749 "-" "Mozilla/5.0 (compatible; Barkrowler/0.9; +https://babbar.tech/crawler)"
45.117.177.72 - - [07/Sep/2025:09:51:29 +0700] "POST /wp-cron.php?doing_wp_cron=1757213489.1524639129638671875000 HTTP/1.0" 200 416 "-" "WordPress/6.8.1; https://vattusacky.vn"
98.82.59.253 - - [07/Sep/2025:09:51:27 +0700] "GET /romantic-relationship-experts-say-astrology-is-not-really-the-best-application-for-internet-dating/ HTTP/1.0" 200 208284 "-" "Mozilla/5.0 AppleWebKit/537.36 (KHTML, like Gecko; compatible; Amazonbot/0.1; +https://developer.amazon.com/support/amazonbot) Chrome/119.0.6045.214 Safari/537.36"
217.113.194.81 - - [07/Sep/2025:09:51:29 +0700] "GET /san-pham/thiet-bi-lay-mau-nuoc-alpha-van-dorn-loai-ngang-3-2-lit/ HTTP/1.0" 200 372013 "-" "Mozilla/5.0 (compatible; Barkrowler/0.9; +https://babbar.tech/crawler)"
207.46.13.170 - - [07/Sep/2025:09:51:52 +0700] "GET /danh-muc/moi-truong-lao-dong-4/ HTTP/1.0" 200 59507 "-" "Mozilla/5.0 AppleWebKit/537.36 (KHTML, like Gecko; compatible; bingbot/2.0; +http://www.bing.com/bingbot.htm) Chrome/116.0.1938.76 Safari/537.36"
142.44.225.161 - - [07/Sep/2025:09:52:07 +0700] "GET /don-ho-on-linkedin-dear-it-people-notepad-is-a-3/ HTTP/1.0" 200 210214 "-" "Mozilla/5.0 (compatible; AhrefsBot/7.0; +http://ahrefs.com/robot/)"
217.113.194.217 - - [07/Sep/2025:09:52:18 +0700] "GET /san-pham/thiet-bi-lay-mau-nuoc-alpha-van-dorn-loai-ngang-4-2-lit/ HTTP/1.0" 200 369663 "-" "Mozilla/5.0 (compatible; Barkrowler/0.9; +https://babbar.tech/crawler)"
45.117.177.72 - - [07/Sep/2025:09:52:24 +0700] "POST /wp-cron.php?doing_wp_cron=1757213544.3540608882904052734375 HTTP/1.0" 200 416 "-" "WordPress/6.8.1; https://vattusacky.vn"
138.3.242.176 - - [07/Sep/2025:09:52:23 +0700] "GET /wp-json/wp/v2/posts?per_page=1&_fields=id,slug,comment_status HTTP/1.0" 200 1018 "-" "-"
20.171.207.251 - - [07/Sep/2025:09:52:30 +0700] "GET /unveiling-the-hidden-dangers-of-omegle-and-ometv-what-you-need-to-know/ HTTP/1.0" 200 91740 "-" "Mozilla/5.0 AppleWebKit/537.36 (KHTML, like Gecko; compatible; GPTBot/1.2; +https://openai.com/gptbot)"
138.3.242.176 - - [07/Sep/2025:09:52:32 +0700] "GET /wp-json/wp/v2/posts?per_page=1&_fields=id,slug,comment_status HTTP/1.0" 200 1018 "-" "-"
138.3.242.176 - - [07/Sep/2025:09:52:38 +0700] "POST /wp-comments-post.php HTTP/1.0" 200 3180 "-" "-"
217.113.194.77 - - [07/Sep/2025:09:53:09 +0700] "GET /san-pham/thiet-bi-lay-mau-nuoc-alpha-van-dorn-loai-ngang-2-2-lit/feed/ HTTP/1.0" 200 1771 "-" "Mozilla/5.0 (compatible; Barkrowler/0.9; +https://babbar.tech/crawler)"
45.117.177.72 - - [07/Sep/2025:09:53:29 +0700] "POST /wp-cron.php?doing_wp_cron=1757213609.5073399543762207031250 HTTP/1.0" 200 416 "-" "WordPress/6.8.1; https://vattusacky.vn"
217.113.194.72 - - [07/Sep/2025:09:53:28 +0700] "GET /san-pham/may-quang-pho-tu-ngoai-kha-kien-uvvis-02-chum-tia/feed/ HTTP/1.0" 200 1787 "-" "Mozilla/5.0 (compatible; Barkrowler/0.9; +https://babbar.tech/crawler)"
54.39.136.167 - - [07/Sep/2025:09:53:40 +0700] "GET /unlocking-the-essence-of-omegle-tales-from-anonymous-explorers/ HTTP/1.0" 200 89493 "-" "Mozilla/5.0 (compatible; AhrefsBot/7.0; +http://ahrefs.com/robot/)"
217.113.194.77 - - [07/Sep/2025:09:53:48 +0700] "GET /san-pham/may-quang-pho-tu-ngoai-kha-kien-uvvis-02-chum-tia/ HTTP/1.0" 200 383533 "-" "Mozilla/5.0 (compatible; Barkrowler/0.9; +https://babbar.tech/crawler)"
45.117.177.72 - - [07/Sep/2025:09:54:49 +0700] "POST /wp-cron.php?doing_wp_cron=1757213688.9720079898834228515625 HTTP/1.0" 200 416 "-" "WordPress/6.8.1; https://vattusacky.vn"
20.171.207.251 - - [07/Sep/2025:09:54:47 +0700] "GET /how-to-cultivate-empathy-in-a-virtual-environment-on-omegle/ HTTP/1.0" 200 92314 "-" "Mozilla/5.0 AppleWebKit/537.36 (KHTML, like Gecko; compatible; GPTBot/1.2; +https://openai.com/gptbot)"
148.113.130.232 - - [07/Sep/2025:09:54:49 +0700] "GET /unmasking-omegle-an-inside-look-into-anonymous-adventures/ HTTP/1.0" 200 90720 "-" "Mozilla/5.0 (compatible; AhrefsBot/7.0; +http://ahrefs.com/robot/)"
45.117.177.72 - - [07/Sep/2025:09:55:18 +0700] "POST /wp-cron.php?doing_wp_cron=1757213718.4440419673919677734375 HTTP/1.0" 200 416 "-" "WordPress/6.8.1; https://vattusacky.vn"
138.3.242.176 - - [07/Sep/2025:09:55:17 +0700] "GET /wp-json/wp/v2/posts?per_page=1&_fields=id,slug,comment_status HTTP/1.0" 200 1018 "-" "-"
138.3.242.176 - - [07/Sep/2025:09:55:23 +0700] "POST /wp-comments-post.php HTTP/1.0" 302 1157 "-" "-"
138.3.242.176 - - [07/Sep/2025:09:55:24 +0700] "GET /slot-gacor-hari-ini-game-slot-dengan-volatilitas-tinggi/?unapproved=1443&moderation-hash=2510b3dd4279b4e39755d2b8e9d7e802 HTTP/1.0" 200 65035 "https://vattusacky.vn/wp-comments-post.php" "-"
138.3.242.176 - - [07/Sep/2025:09:55:48 +0700] "GET /wp-json/wp/v2/posts?per_page=1&_fields=id,slug,comment_status HTTP/1.0" 200 1018 "-" "-"
54.39.210.196 - - [07/Sep/2025:09:56:09 +0700] "GET /unraveling-the-mysteries-of-friendship-in-omelove-stories/ HTTP/1.0" 200 90792 "-" "Mozilla/5.0 (compatible; AhrefsBot/7.0; +http://ahrefs.com/robot/)"
45.117.177.72 - - [07/Sep/2025:09:56:41 +0700] "POST /wp-cron.php?doing_wp_cron=1757213801.6070530414581298828125 HTTP/1.0" 200 416 "-" "WordPress/6.8.1; https://vattusacky.vn"
20.171.207.251 - - [07/Sep/2025:09:56:40 +0700] "GET /the-art-of-conversation-on-omegle-navigating-the-world-of-random-chats/ HTTP/1.0" 200 91011 "-" "Mozilla/5.0 AppleWebKit/537.36 (KHTML, like Gecko; compatible; GPTBot/1.2; +https://openai.com/gptbot)"
142.44.220.8 - - [07/Sep/2025:09:56:53 +0700] "GET /unraveling-the-mysteries-of-friendship-in-omelove-stories/ HTTP/1.0" 200 90792 "-" "Mozilla/5.0 (compatible; AhrefsBot/7.0; +http://ahrefs.com/robot/)"
216.73.216.162 - - [07/Sep/2025:09:56:56 +0700] "GET /the-risks-of-on-line-relationships/feed HTTP/1.0" 301 728 "-" "Mozilla/5.0 AppleWebKit/537.36 (KHTML, like Gecko; compatible; ClaudeBot/1.0; +claudebot@anthropic.com)"
216.73.216.162 - - [07/Sep/2025:09:56:56 +0700] "GET /how-you-can-write-excellent-anniversary-captions/feed HTTP/1.0" 301 742 "-" "Mozilla/5.0 AppleWebKit/537.36 (KHTML, like Gecko; compatible; ClaudeBot/1.0; +claudebot@anthropic.com)"
216.73.216.162 - - [07/Sep/2025:09:56:58 +0700] "GET /the-risks-of-on-line-relationships/feed/ HTTP/1.0" 200 1553 "https://vattusacky.vn/the-risks-of-on-line-relationships/feed" "Mozilla/5.0 AppleWebKit/537.36 (KHTML, like Gecko; compatible; ClaudeBot/1.0; +claudebot@anthropic.com)"
216.73.216.162 - - [07/Sep/2025:09:56:58 +0700] "GET /how-you-can-write-excellent-anniversary-captions/feed/ HTTP/1.0" 200 1595 "https://vattusacky.vn/how-you-can-write-excellent-anniversary-captions/feed" "Mozilla/5.0 AppleWebKit/537.36 (KHTML, like Gecko; compatible; ClaudeBot/1.0; +claudebot@anthropic.com)"
216.73.216.162 - - [07/Sep/2025:09:56:59 +0700] "GET /precisely-what-is-being-in-love/feed HTTP/1.0" 301 579 "-" "Mozilla/5.0 AppleWebKit/537.36 (KHTML, like Gecko; compatible; ClaudeBot/1.0; +claudebot@anthropic.com)"
216.73.216.162 - - [07/Sep/2025:09:57:01 +0700] "GET /precisely-what-is-being-in-love/feed/ HTTP/1.0" 200 1545 "https://vattusacky.vn/precisely-what-is-being-in-love/feed" "Mozilla/5.0 AppleWebKit/537.36 (KHTML, like Gecko; compatible; ClaudeBot/1.0; +claudebot@anthropic.com)"
45.117.177.72 - - [07/Sep/2025:09:57:32 +0700] "POST /wp-cron.php?doing_wp_cron=1757213852.4785869121551513671875 HTTP/1.0" 200 416 "-" "WordPress/6.8.1; https://vattusacky.vn"
148.113.130.102 - - [07/Sep/2025:09:57:31 +0700] "GET /virtual-adventures-exploring-different-personalities-on-omegle-and-ometv/ HTTP/1.0" 200 92757 "-" "Mozilla/5.0 (compatible; AhrefsBot/7.0; +http://ahrefs.com/robot/)"
20.171.207.251 - - [07/Sep/2025:09:58:08 +0700] "GET /?p=8143 HTTP/1.0" 301 649 "-" "Mozilla/5.0 AppleWebKit/537.36 (KHTML, like Gecko; compatible; GPTBot/1.2; +https://openai.com/gptbot)"
20.171.207.251 - - [07/Sep/2025:09:58:10 +0700] "GET /reveling-in-the-beauty-of-lasting-bonds-in-omelove-stories/ HTTP/1.0" 200 89736 "-" "Mozilla/5.0 AppleWebKit/537.36 (KHTML, like Gecko; compatible; GPTBot/1.2; +https://openai.com/gptbot)"
51.222.95.180 - - [07/Sep/2025:09:58:47 +0700] "GET /play-fortuna-casino-luchshie-onlajn-avtomaty-10/ HTTP/1.0" 200 243132 "-" "Mozilla/5.0 (compatible; AhrefsBot/7.0; +http://ahrefs.com/robot/)"
45.117.177.72 - - [07/Sep/2025:10:00:08 +0700] "POST /wp-cron.php?doing_wp_cron=1757214008.1264269351959228515625 HTTP/1.0" 200 416 "-" "WordPress/6.8.1; https://vattusacky.vn"
51.161.37.138 - - [07/Sep/2025:10:00:06 +0700] "GET /the-transformative-power-of-vulnerability-on-omegles-cosmic-connections/ HTTP/1.0" 200 91240 "-" "Mozilla/5.0 (compatible; AhrefsBot/7.0; +http://ahrefs.com/robot/)"
216.73.216.162 - - [07/Sep/2025:10:00:12 +0700] "GET /oddsjam/feed HTTP/1.0" 301 701 "-" "Mozilla/5.0 AppleWebKit/537.36 (KHTML, like Gecko; compatible; ClaudeBot/1.0; +claudebot@anthropic.com)"
216.73.216.162 - - [07/Sep/2025:10:00:12 +0700] "GET /?p=4705 HTTP/1.0" 301 598 "-" "Mozilla/5.0 AppleWebKit/537.36 (KHTML, like Gecko; compatible; ClaudeBot/1.0; +claudebot@anthropic.com)"
216.73.216.162 - - [07/Sep/2025:10:00:13 +0700] "GET /oddsjam/feed/ HTTP/1.0" 200 1472 "https://vattusacky.vn/oddsjam/feed" "Mozilla/5.0 AppleWebKit/537.36 (KHTML, like Gecko; compatible; ClaudeBot/1.0; +claudebot@anthropic.com)"
216.73.216.162 - - [07/Sep/2025:10:00:13 +0700] "GET /oddsjam/ HTTP/1.0" 200 211049 "https://vattusacky.vn/?p=4705" "Mozilla/5.0 AppleWebKit/537.36 (KHTML, like Gecko; compatible; ClaudeBot/1.0; +claudebot@anthropic.com)"
216.73.216.162 - - [07/Sep/2025:10:00:15 +0700] "GET /?p=3708 HTTP/1.0" 301 476 "-" "Mozilla/5.0 AppleWebKit/537.36 (KHTML, like Gecko; compatible; ClaudeBot/1.0; +claudebot@anthropic.com)"
45.117.177.72 - - [07/Sep/2025:10:00:18 +0700] "POST /wp-cron.php?doing_wp_cron=1757214018.0495340824127197265625 HTTP/1.0" 200 416 "-" "WordPress/6.8.1; https://vattusacky.vn"
216.73.216.162 - - [07/Sep/2025:10:00:16 +0700] "GET /precisely-what-is-being-in-love/ HTTP/1.0" 200 207596 "https://vattusacky.vn/?p=3708" "Mozilla/5.0 AppleWebKit/537.36 (KHTML, like Gecko; compatible; ClaudeBot/1.0; +claudebot@anthropic.com)"
20.171.207.251 - - [07/Sep/2025:10:00:27 +0700] "GET /?p=7263 HTTP/1.0" 301 509 "-" "Mozilla/5.0 AppleWebKit/537.36 (KHTML, like Gecko; compatible; GPTBot/1.2; +https://openai.com/gptbot)"
20.171.207.251 - - [07/Sep/2025:10:00:28 +0700] "GET /navigating-the-unknown-tips-for-staying-safe-on-omegle-and-ometv/ HTTP/1.0" 200 90218 "-" "Mozilla/5.0 AppleWebKit/537.36 (KHTML, like Gecko; compatible; GPTBot/1.2; +https://openai.com/gptbot)"
45.117.177.72 - - [07/Sep/2025:10:01:10 +0700] "POST /wp-cron.php?doing_wp_cron=1757214069.7947559356689453125000 HTTP/1.0" 200 416 "-" "WordPress/6.8.1; https://vattusacky.vn"
216.73.216.162 - - [07/Sep/2025:10:01:08 +0700] "GET /robots.txt HTTP/1.0" 200 984 "-" "Mozilla/5.0 AppleWebKit/537.36 (KHTML, like Gecko; compatible; ClaudeBot/1.0; +claudebot@anthropic.com)"
216.73.216.162 - - [07/Sep/2025:10:01:10 +0700] "GET /?p=3059 HTTP/1.0" 301 495 "-" "Mozilla/5.0 AppleWebKit/537.36 (KHTML, like Gecko; compatible; ClaudeBot/1.0; +claudebot@anthropic.com)"
216.73.216.162 - - [07/Sep/2025:10:01:10 +0700] "GET /?p=2960 HTTP/1.0" 301 523 "-" "Mozilla/5.0 AppleWebKit/537.36 (KHTML, like Gecko; compatible; ClaudeBot/1.0; +claudebot@anthropic.com)"
216.73.216.162 - - [07/Sep/2025:10:01:11 +0700] "GET /benefits-and-drawbacks-of-going-out-with-a-uk-girl/ HTTP/1.0" 200 206820 "https://vattusacky.vn/?p=3059" "Mozilla/5.0 AppleWebKit/537.36 (KHTML, like Gecko; compatible; ClaudeBot/1.0; +claudebot@anthropic.com)"
216.73.216.162 - - [07/Sep/2025:10:01:12 +0700] "GET /marital-life-certificate-technique-and-over-the-internet-marriage-organization/ HTTP/1.0" 200 208416 "https://vattusacky.vn/?p=2960" "Mozilla/5.0 AppleWebKit/537.36 (KHTML, like Gecko; compatible; ClaudeBot/1.0; +claudebot@anthropic.com)"
45.117.177.72 - - [07/Sep/2025:10:01:24 +0700] "POST /wp-cron.php?doing_wp_cron=1757214083.9666080474853515625000 HTTP/1.0" 200 416 "-" "WordPress/6.8.1; https://vattusacky.vn"
54.39.210.14 - - [07/Sep/2025:10:01:22 +0700] "GET /venturing-outside-comfort-zones-promoting-growth-on-omegle/ HTTP/1.0" 200 91168 "-" "Mozilla/5.0 (compatible; AhrefsBot/7.0; +http://ahrefs.com/robot/)"
85.208.96.209 - - [07/Sep/2025:10:01:31 +0700] "GET /shop/page/17/ HTTP/1.0" 200 179256 "-" "Mozilla/5.0 (compatible; SemrushBot/7~bl; +http://www.semrush.com/bot.html)"
20.171.207.251 - - [07/Sep/2025:10:02:02 +0700] "GET /the-dark-side-of-omegle-navigating-risks-and-staying-safe/ HTTP/1.0" 200 92086 "-" "Mozilla/5.0 AppleWebKit/537.36 (KHTML, like Gecko; compatible; GPTBot/1.2; +https://openai.com/gptbot)"
45.117.177.72 - - [07/Sep/2025:10:02:52 +0700] "POST /wp-cron.php?doing_wp_cron=1757214172.1004118919372558593750 HTTP/1.0" 200 416 "-" "WordPress/6.8.1; https://vattusacky.vn"
167.114.139.217 - - [07/Sep/2025:10:02:50 +0700] "GET /category/uncategorized/page/16/ HTTP/1.0" 200 76566 "-" "Mozilla/5.0 (compatible; AhrefsBot/7.0; +http://ahrefs.com/robot/)"
20.171.207.251 - - [07/Sep/2025:10:03:01 +0700] "GET /tips-for-making-the-most-out-of-your-omegle-therapy-experience/ HTTP/1.0" 200 92832 "-" "Mozilla/5.0 AppleWebKit/537.36 (KHTML, like Gecko; compatible; GPTBot/1.2; +https://openai.com/gptbot)"
216.73.216.162 - - [07/Sep/2025:10:03:09 +0700] "GET /?p=2834 HTTP/1.0" 301 639 "-" "Mozilla/5.0 AppleWebKit/537.36 (KHTML, like Gecko; compatible; ClaudeBot/1.0; +claudebot@anthropic.com)"
216.73.216.162 - - [07/Sep/2025:10:03:09 +0700] "GET /benefits-and-drawbacks-of-going-out-with-a-uk-girl/feed HTTP/1.0" 301 744 "-" "Mozilla/5.0 AppleWebKit/537.36 (KHTML, like Gecko; compatible; ClaudeBot/1.0; +claudebot@anthropic.com)"
216.73.216.162 - - [07/Sep/2025:10:03:11 +0700] "GET /how-you-can-write-excellent-anniversary-captions/ HTTP/1.0" 200 206435 "https://vattusacky.vn/?p=2834" "Mozilla/5.0 AppleWebKit/537.36 (KHTML, like Gecko; compatible; ClaudeBot/1.0; +claudebot@anthropic.com)"
