20.171.207.251 - - [07/Sep/2025:12:01:03 +0700] "GET /the-impact-of-chatroulette-and-omegle-on-mental-health/ HTTP/1.0" 200 91642 "-" "Mozilla/5.0 AppleWebKit/537.36 (KHTML, like Gecko; compatible; GPTBot/1.2; +https://openai.com/gptbot)"
45.117.177.72 - - [07/Sep/2025:12:02:08 +0700] "POST /wp-cron.php?doing_wp_cron=1757221328.0258951187133789062500 HTTP/1.0" 200 416 "-" "WordPress/6.8.1; https://vattusacky.vn"
20.171.207.251 - - [07/Sep/2025:12:02:06 +0700] "GET /?p=8875 HTTP/1.0" 301 499 "-" "Mozilla/5.0 AppleWebKit/537.36 (KHTML, like Gecko; compatible; GPTBot/1.2; +https://openai.com/gptbot)"
20.171.207.251 - - [07/Sep/2025:12:02:08 +0700] "GET /the-role-of-moderation-bots-on-chatroulette-and-omegle/ HTTP/1.0" 200 92924 "-" "Mozilla/5.0 AppleWebKit/537.36 (KHTML, like Gecko; compatible; GPTBot/1.2; +https://openai.com/gptbot)"
45.117.177.72 - - [07/Sep/2025:12:03:12 +0700] "POST /wp-cron.php?doing_wp_cron=1757221392.6680650711059570312500 HTTP/1.0" 200 416 "-" "WordPress/6.8.1; https://vattusacky.vn"
20.171.207.251 - - [07/Sep/2025:12:03:11 +0700] "GET /staying-safe-on-omegle-tips-for-parents-and-guardians/ HTTP/1.0" 200 91370 "-" "Mozilla/5.0 AppleWebKit/537.36 (KHTML, like Gecko; compatible; GPTBot/1.2; +https://openai.com/gptbot)"
45.117.177.72 - - [07/Sep/2025:12:03:47 +0700] "POST /wp-cron.php?doing_wp_cron=1757221427.4289700984954833984375 HTTP/1.0" 200 416 "-" "WordPress/6.8.1; https://vattusacky.vn"
20.171.207.251 - - [07/Sep/2025:12:03:46 +0700] "GET /?p=8908 HTTP/1.0" 301 644 "-" "Mozilla/5.0 AppleWebKit/537.36 (KHTML, like Gecko; compatible; GPTBot/1.2; +https://openai.com/gptbot)"
20.171.207.251 - - [07/Sep/2025:12:03:47 +0700] "GET /the-role-of-personal-boundaries-and-consent-on-omegle/ HTTP/1.0" 200 89818 "-" "Mozilla/5.0 AppleWebKit/537.36 (KHTML, like Gecko; compatible; GPTBot/1.2; +https://openai.com/gptbot)"
217.113.194.217 - - [07/Sep/2025:12:03:58 +0700] "GET /san-pham/may-quang-pho-kha-kien-vis-tach-tia-bo-giu-cell-05-vi-tri/feed/ HTTP/1.0" 200 1788 "-" "Mozilla/5.0 (compatible; Barkrowler/0.9; +https://babbar.tech/crawler)"
45.117.177.72 - - [07/Sep/2025:12:04:22 +0700] "POST /wp-cron.php?doing_wp_cron=1757221462.3943090438842773437500 HTTP/1.0" 200 416 "-" "WordPress/6.8.1; https://vattusacky.vn"
217.113.194.218 - - [07/Sep/2025:12:04:20 +0700] "GET /san-pham/dau-khoan-bun-3-1-4%E2%80%B3-co-ky-hieu-signature-mud-auger/ HTTP/1.0" 200 328102 "-" "Mozilla/5.0 (compatible; Barkrowler/0.9; +https://babbar.tech/crawler)"
20.171.207.251 - - [07/Sep/2025:12:04:23 +0700] "GET /omegle-bans-how-to-avoid-being-banned-and-regain-access/ HTTP/1.0" 200 90011 "-" "Mozilla/5.0 AppleWebKit/537.36 (KHTML, like Gecko; compatible; GPTBot/1.2; +https://openai.com/gptbot)"
20.171.207.251 - - [07/Sep/2025:12:05:07 +0700] "GET /omegle-as-a-tool-for-cross-cultural-understanding/ HTTP/1.0" 200 80664 "-" "Mozilla/5.0 AppleWebKit/537.36 (KHTML, like Gecko; compatible; GPTBot/1.2; +https://openai.com/gptbot)"
45.117.177.72 - - [07/Sep/2025:12:06:01 +0700] "POST /wp-cron.php?doing_wp_cron=1757221561.1041491031646728515625 HTTP/1.0" 200 416 "-" "WordPress/6.8.1; https://vattusacky.vn"
20.171.207.251 - - [07/Sep/2025:12:05:59 +0700] "GET /quan-trac-yeu-to-vi-khi-hau-trong-moi-truong-lao-dong/ HTTP/1.0" 200 76597 "-" "Mozilla/5.0 AppleWebKit/537.36 (KHTML, like Gecko; compatible; GPTBot/1.2; +https://openai.com/gptbot)"
45.117.177.72 - - [07/Sep/2025:12:06:46 +0700] "POST /wp-cron.php?doing_wp_cron=1757221606.1960821151733398437500 HTTP/1.0" 200 416 "-" "WordPress/6.8.1; https://vattusacky.vn"
20.171.207.251 - - [07/Sep/2025:12:06:43 +0700] "GET /the-art-of-finding-patterns-in-coincidences-on-omegle/ HTTP/1.0" 200 91306 "-" "Mozilla/5.0 AppleWebKit/537.36 (KHTML, like Gecko; compatible; GPTBot/1.2; +https://openai.com/gptbot)"
85.208.96.211 - - [07/Sep/2025:12:07:13 +0700] "GET /the/bom-lay-mau-bui-the-tich-lon/page/2/ HTTP/1.0" 200 126081 "-" "Mozilla/5.0 (compatible; SemrushBot/7~bl; +http://www.semrush.com/bot.html)"
45.117.177.72 - - [07/Sep/2025:12:07:58 +0700] "POST /wp-cron.php?doing_wp_cron=1757221677.5061159133911132812500 HTTP/1.0" 200 416 "-" "WordPress/6.8.1; https://vattusacky.vn"
20.171.207.251 - - [07/Sep/2025:12:07:53 +0700] "GET /the-history-of-chatroulette-and-its-rise-to-popularity/ HTTP/1.0" 200 90308 "-" "Mozilla/5.0 AppleWebKit/537.36 (KHTML, like Gecko; compatible; GPTBot/1.2; +https://openai.com/gptbot)"
45.117.177.72 - - [07/Sep/2025:12:08:30 +0700] "POST /wp-cron.php?doing_wp_cron=1757221710.1954269409179687500000 HTTP/1.0" 200 416 "-" "WordPress/6.8.1; https://vattusacky.vn"
185.191.171.6 - - [07/Sep/2025:12:08:27 +0700] "GET /category/uncategorized/page/332/ HTTP/1.0" 200 77333 "-" "Mozilla/5.0 (compatible; SemrushBot/7~bl; +http://www.semrush.com/bot.html)"
45.117.177.72 - - [07/Sep/2025:12:09:40 +0700] "POST /wp-cron.php?doing_wp_cron=1757221780.1393470764160156250000 HTTP/1.0" 200 416 "-" "WordPress/6.8.1; https://vattusacky.vn"
20.171.207.251 - - [07/Sep/2025:12:09:36 +0700] "GET /?p=8245 HTTP/1.0" 301 644 "-" "Mozilla/5.0 AppleWebKit/537.36 (KHTML, like Gecko; compatible; GPTBot/1.2; +https://openai.com/gptbot)"
20.171.207.251 - - [07/Sep/2025:12:09:40 +0700] "GET /staying-safe-on-omegle-tips-for-parents-and-guardians/ HTTP/1.0" 200 91370 "-" "Mozilla/5.0 AppleWebKit/537.36 (KHTML, like Gecko; compatible; GPTBot/1.2; +https://openai.com/gptbot)"
45.117.177.72 - - [07/Sep/2025:12:10:43 +0700] "POST /wp-cron.php?doing_wp_cron=1757221842.8327500820159912109375 HTTP/1.0" 200 416 "-" "WordPress/6.8.1; https://vattusacky.vn"
20.171.207.251 - - [07/Sep/2025:12:10:40 +0700] "GET /omegle-vs-ometv-a-tech-showdown-between-two-chat-giants/ HTTP/1.0" 200 90881 "-" "Mozilla/5.0 AppleWebKit/537.36 (KHTML, like Gecko; compatible; GPTBot/1.2; +https://openai.com/gptbot)"
45.117.177.72 - - [07/Sep/2025:12:11:18 +0700] "POST /wp-cron.php?doing_wp_cron=1757221878.2035369873046875000000 HTTP/1.0" 200 416 "-" "WordPress/6.8.1; https://vattusacky.vn"
95.108.213.179 - - [07/Sep/2025:12:11:15 +0700] "GET /mostbet-kz-bukmekerlk-kese-mostbet-azastan-resmi-sajta-kru-sajtty-dl-kshrmes-bonustar/ HTTP/1.0" 200 220921 "-" "Mozilla/5.0 (compatible; YandexBot/3.0; +http://yandex.com/bots)"
20.171.207.251 - - [07/Sep/2025:12:12:18 +0700] "GET /?p=7580 HTTP/1.0" 301 499 "-" "Mozilla/5.0 AppleWebKit/537.36 (KHTML, like Gecko; compatible; GPTBot/1.2; +https://openai.com/gptbot)"
20.171.207.251 - - [07/Sep/2025:12:12:27 +0700] "GET /omegle-as-a-tool-for-language-translation-and-practice/ HTTP/1.0" 200 91717 "-" "Mozilla/5.0 AppleWebKit/537.36 (KHTML, like Gecko; compatible; GPTBot/1.2; +https://openai.com/gptbot)"
45.117.177.72 - - [07/Sep/2025:12:13:35 +0700] "POST /wp-cron.php?doing_wp_cron=1757222015.1647510528564453125000 HTTP/1.0" 200 416 "-" "WordPress/6.8.1; https://vattusacky.vn"
20.171.207.251 - - [07/Sep/2025:12:13:30 +0700] "GET /?p=8112 HTTP/1.0" 301 497 "-" "Mozilla/5.0 AppleWebKit/537.36 (KHTML, like Gecko; compatible; GPTBot/1.2; +https://openai.com/gptbot)"
20.171.207.251 - - [07/Sep/2025:12:13:35 +0700] "GET /pros-and-cons-of-using-omegle-for-social-interaction/ HTTP/1.0" 200 89746 "-" "Mozilla/5.0 AppleWebKit/537.36 (KHTML, like Gecko; compatible; GPTBot/1.2; +https://openai.com/gptbot)"
45.117.177.72 - - [07/Sep/2025:12:14:23 +0700] "POST /wp-cron.php?doing_wp_cron=1757222062.9949491024017333984375 HTTP/1.0" 200 416 "-" "WordPress/6.8.1; https://vattusacky.vn"
20.171.207.251 - - [07/Sep/2025:12:14:19 +0700] "GET /tips-for-parents-to-keep-their-children-safe-on-omegle/ HTTP/1.0" 200 90580 "-" "Mozilla/5.0 AppleWebKit/537.36 (KHTML, like Gecko; compatible; GPTBot/1.2; +https://openai.com/gptbot)"
45.117.177.72 - - [07/Sep/2025:12:15:45 +0700] "POST /wp-cron.php?doing_wp_cron=1757222145.5449140071868896484375 HTTP/1.0" 200 416 "-" "WordPress/6.8.1; https://vattusacky.vn"
20.171.207.251 - - [07/Sep/2025:12:15:41 +0700] "GET /omegle-and-ometv-for-virtual-book-clubs/ HTTP/1.0" 200 84935 "-" "Mozilla/5.0 AppleWebKit/537.36 (KHTML, like Gecko; compatible; GPTBot/1.2; +https://openai.com/gptbot)"
45.117.177.72 - - [07/Sep/2025:12:16:45 +0700] "POST /wp-cron.php?doing_wp_cron=1757222204.8800930976867675781250 HTTP/1.0" 200 416 "-" "WordPress/6.8.1; https://vattusacky.vn"
20.171.207.251 - - [07/Sep/2025:12:16:41 +0700] "GET /?p=7576 HTTP/1.0" 301 494 "-" "Mozilla/5.0 AppleWebKit/537.36 (KHTML, like Gecko; compatible; GPTBot/1.2; +https://openai.com/gptbot)"
20.171.207.251 - - [07/Sep/2025:12:16:45 +0700] "GET /omegle-as-a-tool-for-cross-cultural-understanding/ HTTP/1.0" 200 80664 "-" "Mozilla/5.0 AppleWebKit/537.36 (KHTML, like Gecko; compatible; GPTBot/1.2; +https://openai.com/gptbot)"
20.171.207.251 - - [07/Sep/2025:12:17:34 +0700] "GET /wp-content/uploads/2019/09/QCVN-26-2016-BYT.pdf HTTP/1.0" 200 429 "-" "Mozilla/5.0 AppleWebKit/537.36 (KHTML, like Gecko; compatible; GPTBot/1.2; +https://openai.com/gptbot)"
45.117.177.72 - - [07/Sep/2025:12:17:51 +0700] "POST /wp-cron.php?doing_wp_cron=1757222271.2231559753417968750000 HTTP/1.0" 200 416 "-" "WordPress/6.8.1; https://vattusacky.vn"
17.241.227.125 - - [07/Sep/2025:12:17:49 +0700] "GET /how-to-handle-stage-fright-on-chatroulette-and-omegle/ HTTP/1.0" 200 94237 "-" "Mozilla/5.0 (Macintosh; Intel Mac OS X 10_15_7) AppleWebKit/605.1.15 (KHTML, like Gecko) Version/17.4 Safari/605.1.15 (Applebot/0.1; +http://www.apple.com/go/applebot)"
45.117.177.72 - - [07/Sep/2025:12:18:28 +0700] "POST /wp-cron.php?doing_wp_cron=1757222308.3861300945281982421875 HTTP/1.0" 200 416 "-" "WordPress/6.8.1; https://vattusacky.vn"
20.171.207.251 - - [07/Sep/2025:12:18:25 +0700] "GET /the-next-era-of-random-chats-omegles-promising-future/ HTTP/1.0" 200 91287 "-" "Mozilla/5.0 AppleWebKit/537.36 (KHTML, like Gecko; compatible; GPTBot/1.2; +https://openai.com/gptbot)"
45.117.177.72 - - [07/Sep/2025:12:19:28 +0700] "POST /wp-cron.php?doing_wp_cron=1757222367.6252880096435546875000 HTTP/1.0" 200 416 "-" "WordPress/6.8.1; https://vattusacky.vn"
20.171.207.251 - - [07/Sep/2025:12:19:24 +0700] "GET /?p=7745 HTTP/1.0" 301 500 "-" "Mozilla/5.0 AppleWebKit/537.36 (KHTML, like Gecko; compatible; GPTBot/1.2; +https://openai.com/gptbot)"
20.171.207.251 - - [07/Sep/2025:12:19:28 +0700] "GET /omegle-vs-ometv-a-tech-showdown-between-two-chat-giants/ HTTP/1.0" 200 90881 "-" "Mozilla/5.0 AppleWebKit/537.36 (KHTML, like Gecko; compatible; GPTBot/1.2; +https://openai.com/gptbot)"
45.117.177.72 - - [07/Sep/2025:12:20:49 +0700] "POST /wp-cron.php?doing_wp_cron=1757222448.8106660842895507812500 HTTP/1.0" 200 416 "-" "WordPress/6.8.1; https://vattusacky.vn"
20.171.207.251 - - [07/Sep/2025:12:20:45 +0700] "GET /?p=7588 HTTP/1.0" 301 500 "-" "Mozilla/5.0 AppleWebKit/537.36 (KHTML, like Gecko; compatible; GPTBot/1.2; +https://openai.com/gptbot)"
20.171.207.251 - - [07/Sep/2025:12:20:49 +0700] "GET /omegle-bans-how-to-avoid-being-banned-and-regain-access/ HTTP/1.0" 200 90157 "-" "Mozilla/5.0 AppleWebKit/537.36 (KHTML, like Gecko; compatible; GPTBot/1.2; +https://openai.com/gptbot)"
58.71.218.114 - - [07/Sep/2025:12:20:54 +0700] "GET /wp-json/wp/v2/posts/?per_page=1&orderby=date&order=desc HTTP/1.0" 200 13044 "-" "-"
58.71.218.114 - - [07/Sep/2025:12:21:03 +0700] "POST /wp-comments-post.php HTTP/1.0" 302 1157 "-" "Mozilla/5.0 (iPhone; CPU iPhone OS 17_0 like Mac OS X) AppleWebKit/605.1.15 (KHTML, like Gecko) Mobile/21A5277h [FBAN/FBIOS;FBDV/iPhone14,3;FBMD/iPhone;FBSN/iOS;FBSV/17.0;FBSS/3;FBID/phone;FBLC/de_DE;FBOP/5]"
58.71.218.114 - - [07/Sep/2025:12:21:10 +0700] "GET /slot-gacor-hari-ini-game-slot-dengan-volatilitas-tinggi/?unapproved=1446&moderation-hash=c037922bef8ac02f51b05efdfb03d02c HTTP/1.0" 200 65036 "-" "Mozilla/5.0 (iPhone; CPU iPhone OS 17_0 like Mac OS X) AppleWebKit/605.1.15 (KHTML, like Gecko) Mobile/21A5277h [FBAN/FBIOS;FBDV/iPhone14,3;FBMD/iPhone;FBSN/iOS;FBSV/17.0;FBSS/3;FBID/phone;FBLC/de_DE;FBOP/5]"
58.71.218.114 - - [07/Sep/2025:12:21:15 +0700] "GET /wp-comments-post.php HTTP/1.0" 405 352 "-" "Mozilla/5.0 (iPhone; CPU iPhone OS 17_0 like Mac OS X) AppleWebKit/605.1.15 (KHTML, like Gecko) Mobile/21A5277h [FBAN/FBIOS;FBDV/iPhone14,3;FBMD/iPhone;FBSN/iOS;FBSV/17.0;FBSS/3;FBID/phone;FBLC/de_DE;FBOP/5]"
45.117.177.72 - - [07/Sep/2025:12:21:56 +0700] "POST /wp-cron.php?doing_wp_cron=1757222516.1166999340057373046875 HTTP/1.0" 200 416 "-" "WordPress/6.8.1; https://vattusacky.vn"
20.171.207.251 - - [07/Sep/2025:12:21:52 +0700] "GET /unveiling-omegles-future-a-glimpse-into-the-next-phase/ HTTP/1.0" 200 91246 "-" "Mozilla/5.0 AppleWebKit/537.36 (KHTML, like Gecko; compatible; GPTBot/1.2; +https://openai.com/gptbot)"
45.117.177.72 - - [07/Sep/2025:12:22:52 +0700] "POST /wp-cron.php?doing_wp_cron=1757222572.0363249778747558593750 HTTP/1.0" 200 416 "-" "WordPress/6.8.1; https://vattusacky.vn"
100.28.118.16 - - [07/Sep/2025:12:22:48 +0700] "GET /how-to-find-a-wedding-dress-thats-right-suitable-for-you/ HTTP/1.0" 200 208965 "-" "Mozilla/5.0 AppleWebKit/537.36 (KHTML, like Gecko; compatible; Amazonbot/0.1; +https://developer.amazon.com/support/amazonbot) Chrome/119.0.6045.214 Safari/537.36"
44.207.207.36 - - [07/Sep/2025:12:22:51 +0700] "GET /exactly-what-is-a-mail-in-wife/ HTTP/1.0" 200 205230 "-" "Mozilla/5.0 AppleWebKit/537.36 (KHTML, like Gecko; compatible; Amazonbot/0.1; +https://developer.amazon.com/support/amazonbot) Chrome/119.0.6045.214 Safari/537.36"
100.29.155.89 - - [07/Sep/2025:12:22:55 +0700] "GET /category/uncategorized/page/127/ HTTP/1.0" 200 76337 "-" "Mozilla/5.0 AppleWebKit/537.36 (KHTML, like Gecko; compatible; Amazonbot/0.1; +https://developer.amazon.com/support/amazonbot) Chrome/119.0.6045.214 Safari/537.36"
45.117.177.72 - - [07/Sep/2025:12:23:18 +0700] "POST /wp-cron.php?doing_wp_cron=1757222598.0598440170288085937500 HTTP/1.0" 200 416 "-" "WordPress/6.8.1; https://vattusacky.vn"
85.208.96.205 - - [07/Sep/2025:12:23:13 +0700] "GET /robots.txt HTTP/1.0" 200 984 "-" "Mozilla/5.0 (compatible; SemrushBot/7~bl; +http://www.semrush.com/bot.html)"
85.208.96.194 - - [07/Sep/2025:12:23:21 +0700] "GET /danh-muc/moi-truong-khi/bom-lay-mau-bui-tsp-pm10-pm2-5/page/2/ HTTP/1.0" 200 184500 "-" "Mozilla/5.0 (compatible; SemrushBot/7~bl; +http://www.semrush.com/bot.html)"
87.250.224.94 - - [07/Sep/2025:12:23:45 +0700] "GET /avast-free-discussion-board/ HTTP/1.0" 200 205231 "-" "Mozilla/5.0 (compatible; YandexBot/3.0; +http://yandex.com/bots)"
45.117.177.72 - - [07/Sep/2025:12:24:31 +0700] "POST /wp-cron.php?doing_wp_cron=1757222670.7093839645385742187500 HTTP/1.0" 200 416 "-" "WordPress/6.8.1; https://vattusacky.vn"
20.171.207.251 - - [07/Sep/2025:12:24:26 +0700] "GET /?p=8325 HTTP/1.0" 301 498 "-" "Mozilla/5.0 AppleWebKit/537.36 (KHTML, like Gecko; compatible; GPTBot/1.2; +https://openai.com/gptbot)"
20.171.207.251 - - [07/Sep/2025:12:24:31 +0700] "GET /the-art-of-finding-patterns-in-coincidences-on-omegle/ HTTP/1.0" 200 91306 "-" "Mozilla/5.0 AppleWebKit/537.36 (KHTML, like Gecko; compatible; GPTBot/1.2; +https://openai.com/gptbot)"
40.77.167.41 - - [07/Sep/2025:12:24:32 +0700] "GET /omegle-in-the-classroom-educational-uses-and-concerns/ HTTP/1.0" 200 91395 "-" "Mozilla/5.0 AppleWebKit/537.36 (KHTML, like Gecko; compatible; bingbot/2.0; +http://www.bing.com/bingbot.htm) Chrome/116.0.1938.76 Safari/537.36"
45.117.177.72 - - [07/Sep/2025:12:27:21 +0700] "POST /wp-cron.php?doing_wp_cron=1757222841.1707489490509033203125 HTTP/1.0" 200 416 "-" "WordPress/6.8.1; https://vattusacky.vn"
20.171.207.251 - - [07/Sep/2025:12:27:16 +0700] "GET /?p=8508 HTTP/1.0" 301 645 "-" "Mozilla/5.0 AppleWebKit/537.36 (KHTML, like Gecko; compatible; GPTBot/1.2; +https://openai.com/gptbot)"
20.171.207.251 - - [07/Sep/2025:12:27:21 +0700] "GET /the-history-of-chatroulette-and-its-rise-to-popularity/ HTTP/1.0" 200 90308 "-" "Mozilla/5.0 AppleWebKit/537.36 (KHTML, like Gecko; compatible; GPTBot/1.2; +https://openai.com/gptbot)"
45.117.177.72 - - [07/Sep/2025:12:28:37 +0700] "POST /wp-cron.php?doing_wp_cron=1757222916.8772249221801757812500 HTTP/1.0" 200 416 "-" "WordPress/6.8.1; https://vattusacky.vn"
20.171.207.251 - - [07/Sep/2025:12:28:32 +0700] "GET /?p=1871 HTTP/1.0" 301 498 "-" "Mozilla/5.0 AppleWebKit/537.36 (KHTML, like Gecko; compatible; GPTBot/1.2; +https://openai.com/gptbot)"
20.171.207.251 - - [07/Sep/2025:12:28:37 +0700] "GET /quan-trac-yeu-to-vi-khi-hau-trong-moi-truong-lao-dong/ HTTP/1.0" 200 76597 "-" "Mozilla/5.0 AppleWebKit/537.36 (KHTML, like Gecko; compatible; GPTBot/1.2; +https://openai.com/gptbot)"
45.117.177.72 - - [07/Sep/2025:12:31:00 +0700] "POST /wp-cron.php?doing_wp_cron=1757223059.6313450336456298828125 HTTP/1.0" 200 416 "-" "WordPress/6.8.1; https://vattusacky.vn"
20.171.207.251 - - [07/Sep/2025:12:30:55 +0700] "GET /illuminating-the-risks-of-omegle-tips-for-a-safer-internet-experience/ HTTP/1.0" 200 92839 "-" "Mozilla/5.0 AppleWebKit/537.36 (KHTML, like Gecko; compatible; GPTBot/1.2; +https://openai.com/gptbot)"
45.117.177.72 - - [07/Sep/2025:12:31:37 +0700] "POST /wp-cron.php?doing_wp_cron=1757223096.7255079746246337890625 HTTP/1.0" 200 416 "-" "WordPress/6.8.1; https://vattusacky.vn"
20.171.207.251 - - [07/Sep/2025:12:31:32 +0700] "GET /serendipity-and-the-art-of-conversation-on-omegle-and-ometv/ HTTP/1.0" 200 90378 "-" "Mozilla/5.0 AppleWebKit/537.36 (KHTML, like Gecko; compatible; GPTBot/1.2; +https://openai.com/gptbot)"
185.191.171.11 - - [07/Sep/2025:12:31:58 +0700] "GET /shop/page/8/ HTTP/1.0" 200 161830 "-" "Mozilla/5.0 (compatible; SemrushBot/7~bl; +http://www.semrush.com/bot.html)"
20.171.207.251 - - [07/Sep/2025:12:32:06 +0700] "GET /omegle-and-online-privacy-protecting-your-personal-information/ HTTP/1.0" 200 88946 "-" "Mozilla/5.0 AppleWebKit/537.36 (KHTML, like Gecko; compatible; GPTBot/1.2; +https://openai.com/gptbot)"
45.117.177.72 - - [07/Sep/2025:12:32:44 +0700] "POST /wp-cron.php?doing_wp_cron=1757223164.4297869205474853515625 HTTP/1.0" 200 416 "-" "WordPress/6.8.1; https://vattusacky.vn"
20.171.207.251 - - [07/Sep/2025:12:32:39 +0700] "GET /?p=8668 HTTP/1.0" 301 644 "-" "Mozilla/5.0 AppleWebKit/537.36 (KHTML, like Gecko; compatible; GPTBot/1.2; +https://openai.com/gptbot)"
20.171.207.251 - - [07/Sep/2025:12:32:45 +0700] "GET /the-next-era-of-random-chats-omegles-promising-future/ HTTP/1.0" 200 91287 "-" "Mozilla/5.0 AppleWebKit/537.36 (KHTML, like Gecko; compatible; GPTBot/1.2; +https://openai.com/gptbot)"
45.117.177.72 - - [07/Sep/2025:12:33:29 +0700] "POST /wp-cron.php?doing_wp_cron=1757223208.6861801147460937500000 HTTP/1.0" 200 416 "-" "WordPress/6.8.1; https://vattusacky.vn"
20.171.207.251 - - [07/Sep/2025:12:33:22 +0700] "GET /omegle-vs-ometv-the-battle-for-simplicity-and-ease-of-use/ HTTP/1.0" 200 91808 "-" "Mozilla/5.0 AppleWebKit/537.36 (KHTML, like Gecko; compatible; GPTBot/1.2; +https://openai.com/gptbot)"
20.171.207.251 - - [07/Sep/2025:12:33:58 +0700] "GET /?p=7436 HTTP/1.0" 301 484 "-" "Mozilla/5.0 AppleWebKit/537.36 (KHTML, like Gecko; compatible; GPTBot/1.2; +https://openai.com/gptbot)"
20.171.207.251 - - [07/Sep/2025:12:34:03 +0700] "GET /omegle-and-ometv-for-virtual-book-clubs/ HTTP/1.0" 200 84789 "-" "Mozilla/5.0 AppleWebKit/537.36 (KHTML, like Gecko; compatible; GPTBot/1.2; +https://openai.com/gptbot)"
20.171.207.251 - - [07/Sep/2025:12:34:31 +0700] "GET /the-role-of-trust-in-building-connections-on-omegles-social-experiment/ HTTP/1.0" 200 91957 "-" "Mozilla/5.0 AppleWebKit/537.36 (KHTML, like Gecko; compatible; GPTBot/1.2; +https://openai.com/gptbot)"
217.113.194.76 - - [07/Sep/2025:12:35:30 +0700] "GET /san-pham/dau-khoan-bun-2-1-4%E2%80%B3-co-ky-hieu-signature-mud-auger/ HTTP/1.0" 200 328134 "-" "Mozilla/5.0 (compatible; Barkrowler/0.9; +https://babbar.tech/crawler)"
45.117.177.72 - - [07/Sep/2025:12:36:07 +0700] "POST /wp-cron.php?doing_wp_cron=1757223367.1301510334014892578125 HTTP/1.0" 200 416 "-" "WordPress/6.8.1; https://vattusacky.vn"
20.171.207.251 - - [07/Sep/2025:12:36:03 +0700] "GET /?p=9151 HTTP/1.0" 301 499 "-" "Mozilla/5.0 AppleWebKit/537.36 (KHTML, like Gecko; compatible; GPTBot/1.2; +https://openai.com/gptbot)"
20.171.207.251 - - [07/Sep/2025:12:36:07 +0700] "GET /unveiling-omegles-future-a-glimpse-into-the-next-phase/ HTTP/1.0" 200 91246 "-" "Mozilla/5.0 AppleWebKit/537.36 (KHTML, like Gecko; compatible; GPTBot/1.2; +https://openai.com/gptbot)"
85.208.96.212 - - [07/Sep/2025:12:36:33 +0700] "GET /category/uncategorized/page/283/ HTTP/1.0" 200 77681 "-" "Mozilla/5.0 (compatible; SemrushBot/7~bl; +http://www.semrush.com/bot.html)"
217.113.194.79 - - [07/Sep/2025:12:36:25 +0700] "GET /san-pham/dau-khoan-cat-2-1-4%E2%80%B3-co-ky-hieu-signature-sand-auger/feed/ HTTP/1.0" 200 1753 "-" "Mozilla/5.0 (compatible; Barkrowler/0.9; +https://babbar.tech/crawler)"
20.171.207.251 - - [07/Sep/2025:12:36:47 +0700] "GET /privacy-concerns-on-omegle-and-protecting-personal-information/ HTTP/1.0" 200 89410 "-" "Mozilla/5.0 AppleWebKit/537.36 (KHTML, like Gecko; compatible; GPTBot/1.2; +https://openai.com/gptbot)"
217.113.194.77 - - [07/Sep/2025:12:36:57 +0700] "GET /san-pham/palintest-_may-do-chlorine-dioxide-clo2-trong-nuoc-cam-tay/feed/ HTTP/1.0" 200 1752 "-" "Mozilla/5.0 (compatible; Barkrowler/0.9; +https://babbar.tech/crawler)"
217.113.194.81 - - [07/Sep/2025:12:37:25 +0700] "GET /san-pham/waterra-in-situ-_may-do-luu-toc-dong-chay-song-suoi-kenh-ho/ HTTP/1.0" 200 234047 "-" "Mozilla/5.0 (compatible; Barkrowler/0.9; +https://babbar.tech/crawler)"
20.171.207.251 - - [07/Sep/2025:12:37:36 +0700] "GET /the-impact-of-serendipitous-connections-on-mental-health-and-well-being/ HTTP/1.0" 200 91313 "-" "Mozilla/5.0 AppleWebKit/537.36 (KHTML, like Gecko; compatible; GPTBot/1.2; +https://openai.com/gptbot)"
20.171.207.251 - - [07/Sep/2025:12:38:11 +0700] "GET /unleashing-the-power-of-omegle-interests-how-to-customize-your-chats/ HTTP/1.0" 200 92292 "-" "Mozilla/5.0 AppleWebKit/537.36 (KHTML, like Gecko; compatible; GPTBot/1.2; +https://openai.com/gptbot)"
217.113.194.217 - - [07/Sep/2025:12:38:14 +0700] "GET /chinh-xac-nhung-gi-ban-can-tien-mat-nhanh-muc-the-chap-tra-truoc-moi/ HTTP/1.0" 200 212646 "-" "Mozilla/5.0 (compatible; Barkrowler/0.9; +https://babbar.tech/crawler)"
45.117.177.72 - - [07/Sep/2025:12:38:55 +0700] "POST /wp-cron.php?doing_wp_cron=1757223535.2857909202575683593750 HTTP/1.0" 200 416 "-" "WordPress/6.8.1; https://vattusacky.vn"
154.54.249.200 - - [07/Sep/2025:12:38:52 +0700] "GET /lam-the-nao-de-xay-https-vaysite-com-app-vay-tien-dung-tai-chinh-serp/feed/ HTTP/1.0" 200 1819 "-" "Mozilla/5.0 (compatible; Barkrowler/0.9; +https://babbar.tech/crawler)"
20.171.207.251 - - [07/Sep/2025:12:39:00 +0700] "GET /the-future-of-serendipity-omegle-sets-the-stage/ HTTP/1.0" 200 74979 "-" "Mozilla/5.0 AppleWebKit/537.36 (KHTML, like Gecko; compatible; GPTBot/1.2; +https://openai.com/gptbot)"
95.108.213.157 - - [07/Sep/2025:12:39:05 +0700] "GET /why-building-networks-on-omegle-and-ometv-is-important/ HTTP/1.0" 200 92602 "-" "Mozilla/5.0 (compatible; YandexBot/3.0; +http://yandex.com/bots)"
45.117.177.72 - - [07/Sep/2025:12:39:21 +0700] "POST /wp-cron.php?doing_wp_cron=1757223560.7807910442352294921875 HTTP/1.0" 200 416 "-" "WordPress/6.8.1; https://vattusacky.vn"
217.113.194.79 - - [07/Sep/2025:12:39:17 +0700] "GET /lam-the-nao-ban-co-the-nhan-vaygap-duoc-mot-khoan-ung-truoc-tra-gop/ HTTP/1.0" 200 210160 "-" "Mozilla/5.0 (compatible; Barkrowler/0.9; +https://babbar.tech/crawler)"
217.113.194.76 - - [07/Sep/2025:12:39:55 +0700] "GET /the/thiet-bi-lay-mau-bui-isokinetic-theo-phuong-phap-dang-dong-hoc/feed/ HTTP/1.0" 200 344771 "-" "Mozilla/5.0 (compatible; Barkrowler/0.9; +https://babbar.tech/crawler)"
45.117.177.72 - - [07/Sep/2025:12:40:31 +0700] "POST /wp-cron.php?doing_wp_cron=1757223631.2992250919342041015625 HTTP/1.0" 200 416 "-" "WordPress/6.8.1; https://vattusacky.vn"
20.171.207.251 - - [07/Sep/2025:12:40:26 +0700] "GET /?p=8192 HTTP/1.0" 301 504 "-" "Mozilla/5.0 AppleWebKit/537.36 (KHTML, like Gecko; compatible; GPTBot/1.2; +https://openai.com/gptbot)"
20.171.207.251 - - [07/Sep/2025:12:40:32 +0700] "GET /serendipity-and-the-art-of-conversation-on-omegle-and-ometv/ HTTP/1.0" 200 90378 "-" "Mozilla/5.0 AppleWebKit/537.36 (KHTML, like Gecko; compatible; GPTBot/1.2; +https://openai.com/gptbot)"
217.113.194.73 - - [07/Sep/2025:12:40:44 +0700] "GET /agribank-cho-https-vaysite-com-app-vay-tien-senmo-app-vay-mua-nha/feed/ HTTP/1.0" 200 1796 "-" "Mozilla/5.0 (compatible; Barkrowler/0.9; +https://babbar.tech/crawler)"
217.113.194.76 - - [07/Sep/2025:12:41:07 +0700] "GET /filipino-dating-etiquette-7-keys-to-building-a-successful-relationship-which-has-a-filipina/feed/ HTTP/1.0" 200 1878 "-" "Mozilla/5.0 (compatible; Barkrowler/0.9; +https://babbar.tech/crawler)"
45.117.177.72 - - [07/Sep/2025:12:41:28 +0700] "POST /wp-cron.php?doing_wp_cron=1757223688.1507370471954345703125 HTTP/1.0" 200 416 "-" "WordPress/6.8.1; https://vattusacky.vn"
20.171.207.251 - - [07/Sep/2025:12:41:25 +0700] "GET /the-role-of-moderation-in-omegles-global-village/ HTTP/1.0" 200 91185 "-" "Mozilla/5.0 AppleWebKit/537.36 (KHTML, like Gecko; compatible; GPTBot/1.2; +https://openai.com/gptbot)"
217.113.194.79 - - [07/Sep/2025:12:41:31 +0700] "GET /jakim-sposobem-zalozyc-spolke-bukmacherska-poradnik-krok-po-kroku/ HTTP/1.0" 200 77922 "-" "Mozilla/5.0 (compatible; Barkrowler/0.9; +https://babbar.tech/crawler)"
217.113.194.218 - - [07/Sep/2025:12:42:04 +0700] "GET /bassejny-pod-kljuch-dlja-chastnogo-doma-dachi-bani-nedorogo-ot-proizvoditelja/ HTTP/1.0" 200 219912 "-" "Mozilla/5.0 (compatible; Barkrowler/0.9; +https://babbar.tech/crawler)"
20.171.207.251 - - [07/Sep/2025:12:42:10 +0700] "GET /?p=7106 HTTP/1.0" 301 514 "-" "Mozilla/5.0 AppleWebKit/537.36 (KHTML, like Gecko; compatible; GPTBot/1.2; +https://openai.com/gptbot)"
45.117.177.72 - - [07/Sep/2025:12:42:17 +0700] "POST /wp-cron.php?doing_wp_cron=1757223737.3589620590209960937500 HTTP/1.0" 200 416 "-" "WordPress/6.8.1; https://vattusacky.vn"
20.171.207.251 - - [07/Sep/2025:12:42:13 +0700] "GET /illuminating-the-risks-of-omegle-tips-for-a-safer-internet-experience/ HTTP/1.0" 200 92839 "-" "Mozilla/5.0 AppleWebKit/537.36 (KHTML, like Gecko; compatible; GPTBot/1.2; +https://openai.com/gptbot)"
217.113.194.74 - - [07/Sep/2025:12:42:49 +0700] "GET /top-10-nutzlichste-jungere-frau-altere-guy-online-dating-sites-und-apps-bewertet-fur-2020/feed/ HTTP/1.0" 200 1877 "-" "Mozilla/5.0 (compatible; Barkrowler/0.9; +https://babbar.tech/crawler)"
45.117.177.72 - - [07/Sep/2025:12:43:18 +0700] "POST /wp-cron.php?doing_wp_cron=1757223797.8885159492492675781250 HTTP/1.0" 200 416 "-" "WordPress/6.8.1; https://vattusacky.vn"
217.113.194.78 - - [07/Sep/2025:12:43:13 +0700] "GET /ktos-gral-w-kasynie-online-slottica-forum-bukmacherzy-i-rozrywka-onlin/feed/ HTTP/1.0" 200 1812 "-" "Mozilla/5.0 (compatible; Barkrowler/0.9; +https://babbar.tech/crawler)"
51.68.247.210 - - [07/Sep/2025:12:43:17 +0700] "GET /sitemap_index.xml HTTP/1.0" 200 2426 "-" "Mozilla/5.0 (compatible; AhrefsBot/7.0; +http://ahrefs.com/robot/)"
20.171.207.251 - - [07/Sep/2025:12:43:25 +0700] "GET /?p=8941 HTTP/1.0" 301 661 "-" "Mozilla/5.0 AppleWebKit/537.36 (KHTML, like Gecko; compatible; GPTBot/1.2; +https://openai.com/gptbot)"
20.171.207.251 - - [07/Sep/2025:12:43:30 +0700] "GET /the-role-of-trust-in-building-connections-on-omegles-social-experiment/ HTTP/1.0" 200 91957 "-" "Mozilla/5.0 AppleWebKit/537.36 (KHTML, like Gecko; compatible; GPTBot/1.2; +https://openai.com/gptbot)"
52.4.76.156 - - [07/Sep/2025:12:43:36 +0700] "GET /1st-date-topics-to-get-to-know-your-date-better/ HTTP/1.0" 200 206809 "-" "Mozilla/5.0 AppleWebKit/537.36 (KHTML, like Gecko; compatible; Amazonbot/0.1; +https://developer.amazon.com/support/amazonbot) Chrome/119.0.6045.214 Safari/537.36"
51.68.247.198 - - [07/Sep/2025:12:43:26 +0700] "GET /post-sitemap.xml HTTP/1.0" 500 3278 "-" "Mozilla/5.0 (compatible; AhrefsBot/7.0; +http://ahrefs.com/robot/)"
52.207.47.227 - - [07/Sep/2025:12:43:39 +0700] "GET /exactly-where-is-best-place-to-meet-women/ HTTP/1.0" 200 209117 "-" "Mozilla/5.0 AppleWebKit/537.36 (KHTML, like Gecko; compatible; Amazonbot/0.1; +https://developer.amazon.com/support/amazonbot) Chrome/119.0.6045.214 Safari/537.36"
217.113.194.81 - - [07/Sep/2025:12:43:40 +0700] "GET /vse-pro-stavki-na-sport-onlajn-vidy-stavok-kak-sdelat-stavku-obzory-bk/ HTTP/1.0" 200 225415 "-" "Mozilla/5.0 (compatible; Barkrowler/0.9; +https://babbar.tech/crawler)"
3.210.114.189 - - [07/Sep/2025:12:43:44 +0700] "GET /happymatches-a-fresh-dating-internet-site-is-actually-rebooting-internet-dating/ HTTP/1.0" 200 217172 "-" "Mozilla/5.0 AppleWebKit/537.36 (KHTML, like Gecko; compatible; Amazonbot/0.1; +https://developer.amazon.com/support/amazonbot) Chrome/119.0.6045.214 Safari/537.36"
52.203.152.231 - - [07/Sep/2025:12:43:47 +0700] "GET /sweet-things-to-do-with-all-your-boyfriend/ HTTP/1.0" 200 208519 "-" "Mozilla/5.0 AppleWebKit/537.36 (KHTML, like Gecko; compatible; Amazonbot/0.1; +https://developer.amazon.com/support/amazonbot) Chrome/119.0.6045.214 Safari/537.36"
23.23.213.182 - - [07/Sep/2025:12:43:52 +0700] "GET /author/yanz/page/421/ HTTP/1.0" 200 189644 "-" "Mozilla/5.0 AppleWebKit/537.36 (KHTML, like Gecko; compatible; Amazonbot/0.1; +https://developer.amazon.com/support/amazonbot) Chrome/119.0.6045.214 Safari/537.36"
54.37.118.64 - - [07/Sep/2025:12:43:47 +0700] "GET /post-sitemap2.xml HTTP/1.0" 200 158032 "-" "Mozilla/5.0 (compatible; AhrefsBot/7.0; +http://ahrefs.com/robot/)"
45.117.177.72 - - [07/Sep/2025:12:44:18 +0700] "POST /wp-cron.php?doing_wp_cron=1757223858.5435628890991210937500 HTTP/1.0" 200 416 "-" "WordPress/6.8.1; https://vattusacky.vn"
217.113.194.217 - - [07/Sep/2025:12:44:14 +0700] "GET /leo-vegas-leonia-holistic-destination-thimmaipally-hyderabad-finger-food-july-2023/feed/ HTTP/1.0" 200 1847 "-" "Mozilla/5.0 (compatible; Barkrowler/0.9; +https://babbar.tech/crawler)"
5.39.109.166 - - [07/Sep/2025:12:44:20 +0700] "GET /post-sitemap3.xml HTTP/1.0" 200 155860 "-" "Mozilla/5.0 (compatible; AhrefsBot/7.0; +http://ahrefs.com/robot/)"
5.39.1.240 - - [07/Sep/2025:12:44:29 +0700] "GET /post-sitemap4.xml HTTP/1.0" 200 157863 "-" "Mozilla/5.0 (compatible; AhrefsBot/7.0; +http://ahrefs.com/robot/)"
217.113.194.72 - - [07/Sep/2025:12:44:39 +0700] "GET /uthgra-lomas-podria-desdecirse-sin-atencion-a-los-bingos-de-grupo-codere/feed/ HTTP/1.0" 200 1815 "-" "Mozilla/5.0 (compatible; Barkrowler/0.9; +https://babbar.tech/crawler)"
20.171.207.251 - - [07/Sep/2025:12:44:43 +0700] "GET /?p=8567 HTTP/1.0" 301 516 "-" "Mozilla/5.0 AppleWebKit/537.36 (KHTML, like Gecko; compatible; GPTBot/1.2; +https://openai.com/gptbot)"
51.75.236.142 - - [07/Sep/2025:12:44:41 +0700] "GET /post-sitemap5.xml HTTP/1.0" 200 159938 "-" "Mozilla/5.0 (compatible; AhrefsBot/7.0; +http://ahrefs.com/robot/)"
20.171.207.251 - - [07/Sep/2025:12:44:46 +0700] "GET /the-impact-of-serendipitous-connections-on-mental-health-and-well-being/ HTTP/1.0" 200 91313 "-" "Mozilla/5.0 AppleWebKit/537.36 (KHTML, like Gecko; compatible; GPTBot/1.2; +https://openai.com/gptbot)"
5.39.1.236 - - [07/Sep/2025:12:44:58 +0700] "GET /post-sitemap6.xml HTTP/1.0" 200 42210 "-" "Mozilla/5.0 (compatible; AhrefsBot/7.0; +http://ahrefs.com/robot/)"
217.113.194.217 - - [07/Sep/2025:12:45:02 +0700] "GET /vulkanvegas-recenzje-czytaj-recenzje-klientow-na-temat-vulkanvegas-com/feed/ HTTP/1.0" 200 1810 "-" "Mozilla/5.0 (compatible; Barkrowler/0.9; +https://babbar.tech/crawler)"
176.31.139.0 - - [07/Sep/2025:12:45:06 +0700] "GET /page-sitemap.xml HTTP/1.0" 200 1873 "-" "Mozilla/5.0 (compatible; AhrefsBot/7.0; +http://ahrefs.com/robot/)"
92.222.108.107 - - [07/Sep/2025:12:45:12 +0700] "GET /attachment-sitemap.xml HTTP/1.0" 500 3278 "-" "Mozilla/5.0 (compatible; AhrefsBot/7.0; +http://ahrefs.com/robot/)"
45.117.177.72 - - [07/Sep/2025:12:45:28 +0700] "POST /wp-cron.php?doing_wp_cron=1757223927.9596240520477294921875 HTTP/1.0" 200 416 "-" "WordPress/6.8.1; https://vattusacky.vn"
217.113.194.80 - - [07/Sep/2025:12:45:24 +0700] "GET /1xbet-app-como-apostar-desde-tu-dispositivo-movil-en-julio-2023-goal-com-chile/feed/ HTTP/1.0" 200 1833 "-" "Mozilla/5.0 (compatible; Barkrowler/0.9; +https://babbar.tech/crawler)"
20.171.207.251 - - [07/Sep/2025:12:45:33 +0700] "GET /?p=7756 HTTP/1.0" 301 502 "-" "Mozilla/5.0 AppleWebKit/537.36 (KHTML, like Gecko; compatible; GPTBot/1.2; +https://openai.com/gptbot)"
20.171.207.251 - - [07/Sep/2025:12:45:37 +0700] "GET /omegle-vs-ometv-the-battle-for-simplicity-and-ease-of-use/ HTTP/1.0" 200 91808 "-" "Mozilla/5.0 AppleWebKit/537.36 (KHTML, like Gecko; compatible; GPTBot/1.2; +https://openai.com/gptbot)"
54.37.118.91 - - [07/Sep/2025:12:45:31 +0700] "GET /product-sitemap.xml HTTP/1.0" 200 51048 "-" "Mozilla/5.0 (compatible; AhrefsBot/7.0; +http://ahrefs.com/robot/)"
17.241.227.43 - - [07/Sep/2025:12:45:40 +0700] "GET /exploring-language-translation-features-on-omegle-and-ometv/ HTTP/1.0" 200 89460 "-" "Mozilla/5.0 (Macintosh; Intel Mac OS X 10_15_7) AppleWebKit/605.1.15 (KHTML, like Gecko) Version/17.4 Safari/605.1.15 (Applebot/0.1; +http://www.apple.com/go/applebot)"
85.208.96.193 - - [07/Sep/2025:12:45:42 +0700] "GET /the/lay-mau-bui/page/3/ HTTP/1.0" 200 125698 "-" "Mozilla/5.0 (compatible; SemrushBot/7~bl; +http://www.semrush.com/bot.html)"
217.113.194.75 - - [07/Sep/2025:12:45:47 +0700] "GET /san-pham/khoan-lay-mau-dat-2-1-4%E2%80%B3-co-ky-hieu-signature-regular-auger/ HTTP/1.0" 200 254472 "-" "Mozilla/5.0 (compatible; Barkrowler/0.9; +https://babbar.tech/crawler)"
54.37.118.95 - - [07/Sep/2025:12:45:49 +0700] "GET /category-sitemap.xml HTTP/1.0" 200 24564 "-" "Mozilla/5.0 (compatible; AhrefsBot/7.0; +http://ahrefs.com/robot/)"
94.23.188.200 - - [07/Sep/2025:12:45:57 +0700] "GET /post_tag-sitemap.xml HTTP/1.0" 200 12903 "-" "Mozilla/5.0 (compatible; AhrefsBot/7.0; +http://ahrefs.com/robot/)"
37.59.204.138 - - [07/Sep/2025:12:46:03 +0700] "GET /product_cat-sitemap.xml HTTP/1.0" 200 8595 "-" "Mozilla/5.0 (compatible; AhrefsBot/7.0; +http://ahrefs.com/robot/)"
45.117.177.72 - - [07/Sep/2025:12:46:20 +0700] "POST /wp-cron.php?doing_wp_cron=1757223980.2454929351806640625000 HTTP/1.0" 200 416 "-" "WordPress/6.8.1; https://vattusacky.vn"
94.23.188.206 - - [07/Sep/2025:12:46:14 +0700] "GET /product_tag-sitemap.xml HTTP/1.0" 200 28520 "-" "Mozilla/5.0 (compatible; AhrefsBot/7.0; +http://ahrefs.com/robot/)"
45.117.177.72 - - [07/Sep/2025:12:46:35 +0700] "POST /wp-cron.php?doing_wp_cron=1757223994.7716109752655029296875 HTTP/1.0" 200 416 "-" "WordPress/6.8.1; https://vattusacky.vn"
217.113.194.81 - - [07/Sep/2025:12:46:30 +0700] "GET /san-pham/khoan-lay-mau-dat-3-1-4%E2%80%B3-co-ky-hieu-signature-regular-auger/ HTTP/1.0" 200 329723 "-" "Mozilla/5.0 (compatible; Barkrowler/0.9; +https://babbar.tech/crawler)"
20.171.207.251 - - [07/Sep/2025:12:46:42 +0700] "GET /how-to-avoid-scams-and-malicious-activities-on-ometv/ HTTP/1.0" 200 90927 "-" "Mozilla/5.0 AppleWebKit/537.36 (KHTML, like Gecko; compatible; GPTBot/1.2; +https://openai.com/gptbot)"
45.117.177.72 - - [07/Sep/2025:12:47:32 +0700] "POST /wp-cron.php?doing_wp_cron=1757224052.2072958946228027343750 HTTP/1.0" 200 416 "-" "WordPress/6.8.1; https://vattusacky.vn"
45.95.232.85 - - [07/Sep/2025:12:47:27 +0700] "GET /drum/index.php HTTP/1.0" 301 661 "-" "Mozilla/5.0 (Windows NT 10.0; Win64; x64) AppleWebKit/537.36 (KHTML, like Gecko) Chrome/111.0.0.0 Safari/537.36 OPR/97.0.0.0"
45.95.232.85 - - [07/Sep/2025:12:47:38 +0700] "GET /drum/index.php HTTP/1.0" 301 661 "http://vattusacky.vn/" "Mozilla/5.0 (Windows NT 10.0; Win64; x64) AppleWebKit/537.36 (KHTML, like Gecko) Chrome/138.0.0.0 Safari/537.36"
45.95.232.85 - - [07/Sep/2025:12:47:42 +0700] "GET /drum/ HTTP/1.0" 404 70666 "http://vattusacky.vn/" "Mozilla/5.0 (Windows NT 10.0; Win64; x64) AppleWebKit/537.36 (KHTML, like Gecko) Chrome/138.0.0.0 Safari/537.36"
45.95.232.85 - - [07/Sep/2025:12:47:48 +0700] "GET /wp-includes/css/dist/block-library/style.min.css?ver=6.8.1 HTTP/1.0" 200 423 "https://vattusacky.vn/drum/" "Mozilla/5.0 (Windows NT 10.0; Win64; x64) AppleWebKit/537.36 (KHTML, like Gecko) Chrome/138.0.0.0 Safari/537.36"
45.95.232.85 - - [07/Sep/2025:12:47:48 +0700] "GET /wp-content/plugins/devvn-stickytooltip/stickytooltip.css?ver=1.0.0 HTTP/1.0" 200 431 "https://vattusacky.vn/drum/" "Mozilla/5.0 (Windows NT 10.0; Win64; x64) AppleWebKit/537.36 (KHTML, like Gecko) Chrome/138.0.0.0 Safari/537.36"
45.95.232.85 - - [07/Sep/2025:12:47:48 +0700] "GET /wp-content/plugins/gridlist-view-for-woocommerce/berocket/assets/css/font-awesome.min.css?ver=6.8.1 HTTP/1.0" 200 464 "https://vattusacky.vn/drum/" "Mozilla/5.0 (Windows NT 10.0; Win64; x64) AppleWebKit/537.36 (KHTML, like Gecko) Chrome/138.0.0.0 Safari/537.36"
45.95.232.85 - - [07/Sep/2025:12:47:48 +0700] "GET /wp-content/plugins/gridlist-view-for-woocommerce/css/shop_lgv.css?ver=1.1.8 HTTP/1.0" 200 440 "https://vattusacky.vn/drum/" "Mozilla/5.0 (Windows NT 10.0; Win64; x64) AppleWebKit/537.36 (KHTML, like Gecko) Chrome/138.0.0.0 Safari/537.36"
45.95.232.85 - - [07/Sep/2025:12:47:48 +0700] "GET /wp-content/plugins/yith-woocommerce-category-accordion-premium/cache/ywcca_dynamics.css?ver=6.8.1 HTTP/1.0" 200 462 "https://vattusacky.vn/drum/" "Mozilla/5.0 (Windows NT 10.0; Win64; x64) AppleWebKit/537.36 (KHTML, like Gecko) Chrome/138.0.0.0 Safari/537.36"
45.95.232.85 - - [07/Sep/2025:12:47:48 +0700] "GET /wp-content/plugins/contact-form-7/includes/css/styles.css?ver=6.0.6 HTTP/1.0" 200 432 "https://vattusacky.vn/drum/" "Mozilla/5.0 (Windows NT 10.0; Win64; x64) AppleWebKit/537.36 (KHTML, like Gecko) Chrome/138.0.0.0 Safari/537.36"
45.95.232.85 - - [07/Sep/2025:12:47:48 +0700] "GET /wp-content/plugins/woocommerce/assets/css/woocommerce-layout.css?ver=9.8.3 HTTP/1.0" 200 439 "https://vattusacky.vn/drum/" "Mozilla/5.0 (Windows NT 10.0; Win64; x64) AppleWebKit/537.36 (KHTML, like Gecko) Chrome/138.0.0.0 Safari/537.36"
45.95.232.85 - - [07/Sep/2025:12:47:48 +0700] "GET /wp-content/plugins/yith-woocommerce-category-accordion-premium/assets/css/ywcca_style.css?ver=1.0.12 HTTP/1.0" 200 464 "https://vattusacky.vn/drum/" "Mozilla/5.0 (Windows NT 10.0; Win64; x64) AppleWebKit/537.36 (KHTML, like Gecko) Chrome/138.0.0.0 Safari/537.36"
45.95.232.85 - - [07/Sep/2025:12:47:48 +0700] "GET /wp-content/plugins/woocommerce/assets/css/woocommerce.css?ver=9.8.3 HTTP/1.0" 200 432 "https://vattusacky.vn/drum/" "Mozilla/5.0 (Windows NT 10.0; Win64; x64) AppleWebKit/537.36 (KHTML, like Gecko) Chrome/138.0.0.0 Safari/537.36"
45.95.232.85 - - [07/Sep/2025:12:47:48 +0700] "GET /wp-content/themes/tem_techno_v2/inc/css/bootstrap.min.css?ver=6.8.1 HTTP/1.0" 200 432 "https://vattusacky.vn/drum/" "Mozilla/5.0 (Windows NT 10.0; Win64; x64) AppleWebKit/537.36 (KHTML, like Gecko) Chrome/138.0.0.0 Safari/537.36"
45.95.232.85 - - [07/Sep/2025:12:47:48 +0700] "GET /wp-content/plugins/content-views-query-and-display-post-page/public/assets/css/cv.css?ver=4.1 HTTP/1.0" 200 460 "https://vattusacky.vn/drum/" "Mozilla/5.0 (Windows NT 10.0; Win64; x64) AppleWebKit/537.36 (KHTML, like Gecko) Chrome/138.0.0.0 Safari/537.36"
45.95.232.85 - - [07/Sep/2025:12:47:48 +0700] "GET /wp-content/themes/tem_techno_v2/inc/css/font-awesome.min.css?ver=6.8.1 HTTP/1.0" 200 435 "https://vattusacky.vn/drum/" "Mozilla/5.0 (Windows NT 10.0; Win64; x64) AppleWebKit/537.36 (KHTML, like Gecko) Chrome/138.0.0.0 Safari/537.36"
45.95.232.85 - - [07/Sep/2025:12:47:48 +0700] "GET /wp-content/themes/tem_techno_v2/style.css?ver=6.8.1 HTTP/1.0" 200 416 "https://vattusacky.vn/drum/" "Mozilla/5.0 (Windows NT 10.0; Win64; x64) AppleWebKit/537.36 (KHTML, like Gecko) Chrome/138.0.0.0 Safari/537.36"
45.95.232.85 - - [07/Sep/2025:12:47:48 +0700] "GET /wp-content/plugins/woocommerce/assets/css/brands.css?ver=9.8.3 HTTP/1.0" 200 427 "https://vattusacky.vn/drum/" "Mozilla/5.0 (Windows NT 10.0; Win64; x64) AppleWebKit/537.36 (KHTML, like Gecko) Chrome/138.0.0.0 Safari/537.36"
45.95.232.85 - - [07/Sep/2025:12:47:48 +0700] "GET /wp-content/plugins/wp-pagenavi/pagenavi-css.css?ver=2.70 HTTP/1.0" 200 823 "https://vattusacky.vn/drum/" "Mozilla/5.0 (Windows NT 10.0; Win64; x64) AppleWebKit/537.36 (KHTML, like Gecko) Chrome/138.0.0.0 Safari/537.36"
45.95.232.85 - - [07/Sep/2025:12:47:48 +0700] "GET /wp-content/themes/tem_techno_v2/js/jquerymenu.js HTTP/1.0" 200 437 "https://vattusacky.vn/drum/" "Mozilla/5.0 (Windows NT 10.0; Win64; x64) AppleWebKit/537.36 (KHTML, like Gecko) Chrome/138.0.0.0 Safari/537.36"
45.95.232.85 - - [07/Sep/2025:12:47:48 +0700] "GET /wp-content/plugins/gridlist-view-for-woocommerce/js/grid_view.js?ver=1.1.8 HTTP/1.0" 200 453 "https://vattusacky.vn/drum/" "Mozilla/5.0 (Windows NT 10.0; Win64; x64) AppleWebKit/537.36 (KHTML, like Gecko) Chrome/138.0.0.0 Safari/537.36"
45.95.232.85 - - [07/Sep/2025:12:47:48 +0700] "GET /wp-content/themes/tem_techno_v2/js/jquery.simplyscroll.min.js HTTP/1.0" 200 450 "https://vattusacky.vn/drum/" "Mozilla/5.0 (Windows NT 10.0; Win64; x64) AppleWebKit/537.36 (KHTML, like Gecko) Chrome/138.0.0.0 Safari/537.36"
45.95.232.85 - - [07/Sep/2025:12:47:48 +0700] "GET /wp-content/themes/tem_techno_v2/slmenu.css HTTP/1.0" 200 417 "https://vattusacky.vn/drum/" "Mozilla/5.0 (Windows NT 10.0; Win64; x64) AppleWebKit/537.36 (KHTML, like Gecko) Chrome/138.0.0.0 Safari/537.36"
45.95.232.85 - - [07/Sep/2025:12:47:48 +0700] "GET /wp-content/plugins/gridlist-view-for-woocommerce/js/jquery.cookie.js?ver=1.1.8 HTTP/1.0" 200 457 "https://vattusacky.vn/drum/" "Mozilla/5.0 (Windows NT 10.0; Win64; x64) AppleWebKit/537.36 (KHTML, like Gecko) Chrome/138.0.0.0 Safari/537.36"
45.95.232.85 - - [07/Sep/2025:12:47:48 +0700] "GET /wp-content/themes/tem_techno_v2/inc/js/bootstrap.min.js?ver=6.8.1 HTTP/1.0" 200 444 "https://vattusacky.vn/drum/" "Mozilla/5.0 (Windows NT 10.0; Win64; x64) AppleWebKit/537.36 (KHTML, like Gecko) Chrome/138.0.0.0 Safari/537.36"
45.95.232.85 - - [07/Sep/2025:12:47:48 +0700] "GET /wp-content/themes/tem_techno_v2/inc/js/main.min.js?ver=6.8.1 HTTP/1.0" 200 439 "https://vattusacky.vn/drum/" "Mozilla/5.0 (Windows NT 10.0; Win64; x64) AppleWebKit/537.36 (KHTML, like Gecko) Chrome/138.0.0.0 Safari/537.36"
45.95.232.85 - - [07/Sep/2025:12:47:48 +0700] "GET /wp-content/themes/tem_techno_v2/js/htg.js HTTP/1.0" 200 1342 "https://vattusacky.vn/drum/" "Mozilla/5.0 (Windows NT 10.0; Win64; x64) AppleWebKit/537.36 (KHTML, like Gecko) Chrome/138.0.0.0 Safari/537.36"
45.95.232.85 - - [07/Sep/2025:12:47:48 +0700] "GET /wp-includes/js/jquery/jquery-migrate.min.js?ver=3.4.1 HTTP/1.0" 200 432 "https://vattusacky.vn/drum/" "Mozilla/5.0 (Windows NT 10.0; Win64; x64) AppleWebKit/537.36 (KHTML, like Gecko) Chrome/138.0.0.0 Safari/537.36"
45.95.232.85 - - [07/Sep/2025:12:47:48 +0700] "GET /wp-includes/js/jquery/jquery.min.js?ver=3.7.1 HTTP/1.0" 200 424 "https://vattusacky.vn/drum/" "Mozilla/5.0 (Windows NT 10.0; Win64; x64) AppleWebKit/537.36 (KHTML, like Gecko) Chrome/138.0.0.0 Safari/537.36"
45.95.232.85 - - [07/Sep/2025:12:47:56 +0700] "GET /wp-content/themes/tem_techno_v2/js/crawler.js HTTP/1.0" 200 434 "https://vattusacky.vn/drum/" "Mozilla/5.0 (Windows NT 10.0; Win64; x64) AppleWebKit/537.36 (KHTML, like Gecko) Chrome/138.0.0.0 Safari/537.36"
45.95.232.85 - - [07/Sep/2025:12:47:56 +0700] "GET /wp-content/plugins/contact-form-7/includes/js/index.js?ver=6.0.6 HTTP/1.0" 200 443 "https://vattusacky.vn/drum/" "Mozilla/5.0 (Windows NT 10.0; Win64; x64) AppleWebKit/537.36 (KHTML, like Gecko) Chrome/138.0.0.0 Safari/537.36"
45.95.232.85 - - [07/Sep/2025:12:47:56 +0700] "GET /wp-content/plugins/devvn-stickytooltip/stickytooltip.js?ver=1.0.0 HTTP/1.0" 200 444 "https://vattusacky.vn/drum/" "Mozilla/5.0 (Windows NT 10.0; Win64; x64) AppleWebKit/537.36 (KHTML, like Gecko) Chrome/138.0.0.0 Safari/537.36"
45.95.232.85 - - [07/Sep/2025:12:47:56 +0700] "GET /wp-content/plugins/woocommerce/assets/client/blocks/wc-blocks.css?ver=wc-9.8.3 HTTP/1.0" 200 440 "https://vattusacky.vn/drum/" "Mozilla/5.0 (Windows NT 10.0; Win64; x64) AppleWebKit/537.36 (KHTML, like Gecko) Chrome/138.0.0.0 Safari/537.36"
45.95.232.85 - - [07/Sep/2025:12:47:56 +0700] "GET /wp-includes/js/dist/i18n.min.js?ver=5e580eb46a90c2b997e6 HTTP/1.0" 200 420 "https://vattusacky.vn/drum/" "Mozilla/5.0 (Windows NT 10.0; Win64; x64) AppleWebKit/537.36 (KHTML, like Gecko) Chrome/138.0.0.0 Safari/537.36"
45.95.232.85 - - [07/Sep/2025:12:47:56 +0700] "GET /wp-content/plugins/content-views-query-and-display-post-page/public/assets/js/cv.js?ver=4.1 HTTP/1.0" 200 472 "https://vattusacky.vn/drum/" "Mozilla/5.0 (Windows NT 10.0; Win64; x64) AppleWebKit/537.36 (KHTML, like Gecko) Chrome/138.0.0.0 Safari/537.36"
45.95.232.85 - - [07/Sep/2025:12:47:56 +0700] "GET /wp-includes/js/dist/hooks.min.js?ver=4d63a3d491d11ffd8ac6 HTTP/1.0" 200 421 "https://vattusacky.vn/drum/" "Mozilla/5.0 (Windows NT 10.0; Win64; x64) AppleWebKit/537.36 (KHTML, like Gecko) Chrome/138.0.0.0 Safari/537.36"
45.95.232.85 - - [07/Sep/2025:12:47:56 +0700] "GET /wp-content/plugins/woocommerce/assets/js/jquery-blockui/jquery.blockUI.min.js?ver=2.7.0-wc.9.8.3 HTTP/1.0" 200 466 "https://vattusacky.vn/drum/" "Mozilla/5.0 (Windows NT 10.0; Win64; x64) AppleWebKit/537.36 (KHTML, like Gecko) Chrome/138.0.0.0 Safari/537.36"
45.95.232.85 - - [07/Sep/2025:12:47:56 +0700] "GET /wp-content/plugins/woocommerce/assets/js/sourcebuster/sourcebuster.min.js?ver=9.8.3 HTTP/1.0" 200 462 "https://vattusacky.vn/drum/" "Mozilla/5.0 (Windows NT 10.0; Win64; x64) AppleWebKit/537.36 (KHTML, like Gecko) Chrome/138.0.0.0 Safari/537.36"
45.95.232.85 - - [07/Sep/2025:12:47:56 +0700] "GET /wp-content/plugins/yith-woocommerce-category-accordion-premium/assets/js/ywcca_accordion.min.js?ver=1.0.12 HTTP/1.0" 200 484 "https://vattusacky.vn/drum/" "Mozilla/5.0 (Windows NT 10.0; Win64; x64) AppleWebKit/537.36 (KHTML, like Gecko) Chrome/138.0.0.0 Safari/537.36"
45.95.232.85 - - [07/Sep/2025:12:47:56 +0700] "GET /wp-content/plugins/yith-woocommerce-category-accordion-premium/assets/js/jquery.hoverIntent.min.js?ver=1.0.12 HTTP/1.0" 200 487 "https://vattusacky.vn/drum/" "Mozilla/5.0 (Windows NT 10.0; Win64; x64) AppleWebKit/537.36 (KHTML, like Gecko) Chrome/138.0.0.0 Safari/537.36"
45.95.232.85 - - [07/Sep/2025:12:47:56 +0700] "GET /wp-content/plugins/contact-form-7/includes/swv/js/index.js?ver=6.0.6 HTTP/1.0" 200 447 "https://vattusacky.vn/drum/" "Mozilla/5.0 (Windows NT 10.0; Win64; x64) AppleWebKit/537.36 (KHTML, like Gecko) Chrome/138.0.0.0 Safari/537.36"
45.95.232.85 - - [07/Sep/2025:12:47:56 +0700] "GET /wp-content/plugins/woocommerce/assets/js/frontend/order-attribution.min.js?ver=9.8.3 HTTP/1.0" 200 463 "https://vattusacky.vn/drum/" "Mozilla/5.0 (Windows NT 10.0; Win64; x64) AppleWebKit/537.36 (KHTML, like Gecko) Chrome/138.0.0.0 Safari/537.36"
45.95.232.85 - - [07/Sep/2025:12:47:56 +0700] "GET /wp-content/plugins/woocommerce/assets/js/frontend/add-to-cart.min.js?ver=9.8.3 HTTP/1.0" 200 457 "https://vattusacky.vn/drum/" "Mozilla/5.0 (Windows NT 10.0; Win64; x64) AppleWebKit/537.36 (KHTML, like Gecko) Chrome/138.0.0.0 Safari/537.36"
45.95.232.85 - - [07/Sep/2025:12:47:56 +0700] "GET /wp-content/plugins/woocommerce/assets/js/js-cookie/js.cookie.min.js?ver=2.1.4-wc.9.8.3 HTTP/1.0" 200 456 "https://vattusacky.vn/drum/" "Mozilla/5.0 (Windows NT 10.0; Win64; x64) AppleWebKit/537.36 (KHTML, like Gecko) Chrome/138.0.0.0 Safari/537.36"
45.95.232.85 - - [07/Sep/2025:12:47:56 +0700] "GET /wp-content/plugins/woocommerce/assets/js/frontend/woocommerce.min.js?ver=9.8.3 HTTP/1.0" 200 457 "https://vattusacky.vn/drum/" "Mozilla/5.0 (Windows NT 10.0; Win64; x64) AppleWebKit/537.36 (KHTML, like Gecko) Chrome/138.0.0.0 Safari/537.36"
45.95.232.85 - - [07/Sep/2025:12:47:56 +0700] "GET /wp-content/uploads/2016/07/berghof_logo.png HTTP/1.0" 200 419 "https://vattusacky.vn/drum/" "Mozilla/5.0 (Windows NT 10.0; Win64; x64) AppleWebKit/537.36 (KHTML, like Gecko) Chrome/138.0.0.0 Safari/537.36"
45.95.232.85 - - [07/Sep/2025:12:47:56 +0700] "GET /wp-content/uploads/2016/07/analytical-testing-corp-logo.jpg HTTP/1.0" 200 436 "https://vattusacky.vn/drum/" "Mozilla/5.0 (Windows NT 10.0; Win64; x64) AppleWebKit/537.36 (KHTML, like Gecko) Chrome/138.0.0.0 Safari/537.36"
45.95.232.85 - - [07/Sep/2025:12:47:56 +0700] "GET /wp-content/uploads/2016/09/cropped-logo-vietnguyen.png HTTP/1.0" 200 430 "https://vattusacky.vn/drum/" "Mozilla/5.0 (Windows NT 10.0; Win64; x64) AppleWebKit/537.36 (KHTML, like Gecko) Chrome/138.0.0.0 Safari/537.36"
45.95.232.85 - - [07/Sep/2025:12:47:56 +0700] "GET /wp-content/uploads/2018/06/logo-aco.gif HTTP/1.0" 200 415 "https://vattusacky.vn/drum/" "Mozilla/5.0 (Windows NT 10.0; Win64; x64) AppleWebKit/537.36 (KHTML, like Gecko) Chrome/138.0.0.0 Safari/537.36"
45.95.232.85 - - [07/Sep/2025:12:47:56 +0700] "GET /wp-content/uploads/2018/06/mettler-logo.png HTTP/1.0" 200 419 "https://vattusacky.vn/drum/" "Mozilla/5.0 (Windows NT 10.0; Win64; x64) AppleWebKit/537.36 (KHTML, like Gecko) Chrome/138.0.0.0 Safari/537.36"
45.95.232.85 - - [07/Sep/2025:12:47:56 +0700] "GET /wp-content/uploads/2018/06/witeg-logo.jpg HTTP/1.0" 200 418 "https://vattusacky.vn/drum/" "Mozilla/5.0 (Windows NT 10.0; Win64; x64) AppleWebKit/537.36 (KHTML, like Gecko) Chrome/138.0.0.0 Safari/537.36"
45.95.232.85 - - [07/Sep/2025:12:47:56 +0700] "GET /wp-content/uploads/2018/06/wildco-logo.png HTTP/1.0" 200 418 "https://vattusacky.vn/drum/" "Mozilla/5.0 (Windows NT 10.0; Win64; x64) AppleWebKit/537.36 (KHTML, like Gecko) Chrome/138.0.0.0 Safari/537.36"
45.95.232.85 - - [07/Sep/2025:12:47:56 +0700] "GET /wp-content/uploads/2018/06/dlab-logo.jpg HTTP/1.0" 200 417 "https://vattusacky.vn/drum/" "Mozilla/5.0 (Windows NT 10.0; Win64; x64) AppleWebKit/537.36 (KHTML, like Gecko) Chrome/138.0.0.0 Safari/537.36"
45.95.232.85 - - [07/Sep/2025:12:47:56 +0700] "GET /wp-content/uploads/2018/06/sibata.gif HTTP/1.0" 200 413 "https://vattusacky.vn/drum/" "Mozilla/5.0 (Windows NT 10.0; Win64; x64) AppleWebKit/537.36 (KHTML, like Gecko) Chrome/138.0.0.0 Safari/537.36"
45.95.232.85 - - [07/Sep/2025:12:47:56 +0700] "GET /wp-content/uploads/2018/06/gfg.jpg HTTP/1.0" 200 411 "https://vattusacky.vn/drum/" "Mozilla/5.0 (Windows NT 10.0; Win64; x64) AppleWebKit/537.36 (KHTML, like Gecko) Chrome/138.0.0.0 Safari/537.36"
