20.171.207.251 - - [07/Sep/2025:16:44:23 +0700] "GET /the-impact-of-omegles-social-experiment-on-mental-health/ HTTP/1.0" 200 90325 "-" "Mozilla/5.0 AppleWebKit/537.36 (KHTML, like Gecko; compatible; GPTBot/1.2; +https://openai.com/gptbot)"
20.171.207.251 - - [07/Sep/2025:16:44:59 +0700] "GET /?p=7697 HTTP/1.0" 301 494 "-" "Mozilla/5.0 AppleWebKit/537.36 (KHTML, like Gecko; compatible; GPTBot/1.2; +https://openai.com/gptbot)"
20.171.207.251 - - [07/Sep/2025:16:45:01 +0700] "GET /omegle-small-talk-breaking-the-ice-with-strangers/ HTTP/1.0" 200 90362 "-" "Mozilla/5.0 AppleWebKit/537.36 (KHTML, like Gecko; compatible; GPTBot/1.2; +https://openai.com/gptbot)"
45.117.177.72 - - [07/Sep/2025:16:45:54 +0700] "POST /wp-cron.php?doing_wp_cron=1757238354.1030220985412597656250 HTTP/1.0" 200 416 "-" "WordPress/6.8.1; https://vattusacky.vn"
20.171.207.251 - - [07/Sep/2025:16:45:52 +0700] "GET /the-psychological-impact-of-mind-games-on-omegle-users/ HTTP/1.0" 200 91938 "-" "Mozilla/5.0 AppleWebKit/537.36 (KHTML, like Gecko; compatible; GPTBot/1.2; +https://openai.com/gptbot)"
45.117.177.72 - - [07/Sep/2025:16:47:02 +0700] "POST /wp-cron.php?doing_wp_cron=1757238422.4772229194641113281250 HTTP/1.0" 200 416 "-" "WordPress/6.8.1; https://vattusacky.vn"
20.171.207.251 - - [07/Sep/2025:16:47:01 +0700] "GET /omegle-and-cultural-exchange-opening-up-to-the-world/ HTTP/1.0" 200 90234 "-" "Mozilla/5.0 AppleWebKit/537.36 (KHTML, like Gecko; compatible; GPTBot/1.2; +https://openai.com/gptbot)"
45.117.177.72 - - [07/Sep/2025:16:47:50 +0700] "POST /wp-cron.php?doing_wp_cron=1757238469.6498920917510986328125 HTTP/1.0" 200 416 "-" "WordPress/6.8.1; https://vattusacky.vn"
20.171.207.251 - - [07/Sep/2025:16:47:47 +0700] "GET /?p=9004 HTTP/1.0" 301 495 "-" "Mozilla/5.0 AppleWebKit/537.36 (KHTML, like Gecko; compatible; GPTBot/1.2; +https://openai.com/gptbot)"
20.171.207.251 - - [07/Sep/2025:16:47:50 +0700] "GET /the-unique-experience-of-omegle-what-sets-it-apart/ HTTP/1.0" 200 90755 "-" "Mozilla/5.0 AppleWebKit/537.36 (KHTML, like Gecko; compatible; GPTBot/1.2; +https://openai.com/gptbot)"
45.117.177.72 - - [07/Sep/2025:16:48:28 +0700] "POST /wp-cron.php?doing_wp_cron=1757238507.7153260707855224609375 HTTP/1.0" 200 416 "-" "WordPress/6.8.1; https://vattusacky.vn"
20.171.207.251 - - [07/Sep/2025:16:48:26 +0700] "GET /?p=8697 HTTP/1.0" 301 500 "-" "Mozilla/5.0 AppleWebKit/537.36 (KHTML, like Gecko; compatible; GPTBot/1.2; +https://openai.com/gptbot)"
20.171.207.251 - - [07/Sep/2025:16:48:28 +0700] "GET /the-power-of-laughter-funny-moments-on-omegle-and-ometv/ HTTP/1.0" 200 89981 "-" "Mozilla/5.0 AppleWebKit/537.36 (KHTML, like Gecko; compatible; GPTBot/1.2; +https://openai.com/gptbot)"
45.117.177.72 - - [07/Sep/2025:16:49:19 +0700] "POST /wp-cron.php?doing_wp_cron=1757238559.4918999671936035156250 HTTP/1.0" 200 416 "-" "WordPress/6.8.1; https://vattusacky.vn"
20.171.207.251 - - [07/Sep/2025:16:49:18 +0700] "GET /?p=7103 HTTP/1.0" 301 497 "-" "Mozilla/5.0 AppleWebKit/537.36 (KHTML, like Gecko; compatible; GPTBot/1.2; +https://openai.com/gptbot)"
20.171.207.251 - - [07/Sep/2025:16:49:19 +0700] "GET /identity-theft-risks-on-omegle-what-you-need-to-know/ HTTP/1.0" 200 91509 "-" "Mozilla/5.0 AppleWebKit/537.36 (KHTML, like Gecko; compatible; GPTBot/1.2; +https://openai.com/gptbot)"
85.208.96.206 - - [07/Sep/2025:16:49:54 +0700] "GET /danh-muc/moi-truong-nuoc/kim-loai-nang-water/ HTTP/1.0" 200 115871 "-" "Mozilla/5.0 (compatible; SemrushBot/7~bl; +http://www.semrush.com/bot.html)"
20.171.207.251 - - [07/Sep/2025:16:49:56 +0700] "GET /?p=8930 HTTP/1.0" 301 643 "-" "Mozilla/5.0 AppleWebKit/537.36 (KHTML, like Gecko; compatible; GPTBot/1.2; +https://openai.com/gptbot)"
20.171.207.251 - - [07/Sep/2025:16:49:57 +0700] "GET /the-role-of-technology-in-improving-safety-on-omegle/ HTTP/1.0" 200 90503 "-" "Mozilla/5.0 AppleWebKit/537.36 (KHTML, like Gecko; compatible; GPTBot/1.2; +https://openai.com/gptbot)"
45.117.177.72 - - [07/Sep/2025:16:50:38 +0700] "POST /wp-cron.php?doing_wp_cron=1757238638.4513189792633056640625 HTTP/1.0" 200 416 "-" "WordPress/6.8.1; https://vattusacky.vn"
20.171.207.251 - - [07/Sep/2025:16:50:36 +0700] "GET /?p=8931 HTTP/1.0" 301 496 "-" "Mozilla/5.0 AppleWebKit/537.36 (KHTML, like Gecko; compatible; GPTBot/1.2; +https://openai.com/gptbot)"
20.171.207.251 - - [07/Sep/2025:16:50:38 +0700] "GET /the-role-of-technology-in-improving-safety-on-ometv/ HTTP/1.0" 200 91540 "-" "Mozilla/5.0 AppleWebKit/537.36 (KHTML, like Gecko; compatible; GPTBot/1.2; +https://openai.com/gptbot)"
34.231.77.232 - - [07/Sep/2025:16:50:58 +0700] "GET /tiny-intimate-wedding-ceremonies-helping-your-ceremony-to-the-next-level/ HTTP/1.0" 200 208165 "-" "Mozilla/5.0 AppleWebKit/537.36 (KHTML, like Gecko; compatible; Amazonbot/0.1; +https://developer.amazon.com/support/amazonbot) Chrome/119.0.6045.214 Safari/537.36"
44.223.232.55 - - [07/Sep/2025:16:51:02 +0700] "GET /category/uncategorized/page/155/ HTTP/1.0" 200 77149 "-" "Mozilla/5.0 AppleWebKit/537.36 (KHTML, like Gecko; compatible; Amazonbot/0.1; +https://developer.amazon.com/support/amazonbot) Chrome/119.0.6045.214 Safari/537.36"
20.171.207.251 - - [07/Sep/2025:16:51:12 +0700] "GET /the-evolution-of-omegle-whats-on-the-horizon/ HTTP/1.0" 200 90903 "-" "Mozilla/5.0 AppleWebKit/537.36 (KHTML, like Gecko; compatible; GPTBot/1.2; +https://openai.com/gptbot)"
45.117.177.72 - - [07/Sep/2025:16:51:40 +0700] "POST /wp-cron.php?doing_wp_cron=1757238699.7846770286560058593750 HTTP/1.0" 200 416 "-" "WordPress/6.8.1; https://vattusacky.vn"
20.171.207.251 - - [07/Sep/2025:16:51:38 +0700] "GET /omegles-role-in-building-support-networks/ HTTP/1.0" 200 92023 "-" "Mozilla/5.0 AppleWebKit/537.36 (KHTML, like Gecko; compatible; GPTBot/1.2; +https://openai.com/gptbot)"
20.171.207.251 - - [07/Sep/2025:16:52:04 +0700] "GET /the-responsibility-of-users-to-maintain-safety-on-ometv/ HTTP/1.0" 200 89462 "-" "Mozilla/5.0 AppleWebKit/537.36 (KHTML, like Gecko; compatible; GPTBot/1.2; +https://openai.com/gptbot)"
104.244.76.162 - - [07/Sep/2025:16:52:04 +0700] "POST /wp-json/sure-triggers/v1/automation/action HTTP/1.0" 404 1017 "-" "Mozilla/5.0 (Macintosh; Intel Mac OS X 10_15_7) AppleWebKit/537.36 (KHTML, like Gecko) Chrome/113.0.0.0 Safari/537.36"
104.244.76.162 - - [07/Sep/2025:16:52:08 +0700] "GET / HTTP/1.0" 200 60070 "http://www.google.com.hk" "Mozilla/5.0 (Windows NT 6.1; WOW64) AppleWebKit/537.36 (KHTML, like Gecko) Chrome/42.0.2311.90 Safari/537.36"
45.117.177.72 - - [07/Sep/2025:16:52:20 +0700] "POST /wp-cron.php?doing_wp_cron=1757238740.2044880390167236328125 HTTP/1.0" 200 416 "-" "WordPress/6.8.1; https://vattusacky.vn"
104.244.76.162 - - [07/Sep/2025:16:52:18 +0700] "GET /wp-login.php?wp_lang=e HTTP/1.0" 200 8274 "-" "Mozilla/5.0 (Macintosh; Intel Mac OS X 10_9_4 AppleWebKit/537.36 (KHTML, like Gecko) Chrome/36.0.1985.125 Safari/537.36"
104.244.76.162 - - [07/Sep/2025:16:52:21 +0700] "POST /wp-login.php?wp_lang=e HTTP/1.0" 200 8595 "-" "Mozilla/5.0 (Macintosh; Intel Mac OS X 10_9_4 AppleWebKit/537.36 (KHTML, like Gecko) Chrome/36.0.1985.125 Safari/537.36"
104.244.76.162 - - [07/Sep/2025:16:52:24 +0700] "GET /?author=1 HTTP/1.0" 301 560 "http://www.google.com.hk" "Mozilla/5.0 (Windows NT 6.1; WOW64) AppleWebKit/537.36 (KHTML, like Gecko) Chrome/42.0.2311.90 Safari/537.36"
104.244.76.162 - - [07/Sep/2025:16:52:26 +0700] "GET /author/tronggia/ HTTP/1.0" 200 78913 "http://www.google.com.hk" "Mozilla/5.0 (Windows NT 6.1; WOW64) AppleWebKit/537.36 (KHTML, like Gecko) Chrome/42.0.2311.90 Safari/537.36"
104.244.76.162 - - [07/Sep/2025:16:52:29 +0700] "GET /wp-login.php?wp_lang=e HTTP/1.0" 200 8274 "-" "Mozilla/5.0 (Macintosh; Intel Mac OS X 10_9_4 AppleWebKit/537.36 (KHTML, like Gecko) Chrome/36.0.1985.125 Safari/537.36"
104.244.76.162 - - [07/Sep/2025:16:52:30 +0700] "POST /wp-login.php?wp_lang=e HTTP/1.0" 200 8638 "-" "Mozilla/5.0 (Macintosh; Intel Mac OS X 10_9_4 AppleWebKit/537.36 (KHTML, like Gecko) Chrome/36.0.1985.125 Safari/537.36"
104.244.76.162 - - [07/Sep/2025:16:52:38 +0700] "GET /?author=2 HTTP/1.0" 404 70812 "http://www.google.com.hk" "Mozilla/5.0 (Windows NT 6.1; WOW64) AppleWebKit/537.36 (KHTML, like Gecko) Chrome/42.0.2311.90 Safari/537.36"
104.244.76.162 - - [07/Sep/2025:16:52:42 +0700] "GET /wp-login.php?wp_lang=e HTTP/1.0" 200 8274 "-" "Mozilla/5.0 (Macintosh; Intel Mac OS X 10_9_4 AppleWebKit/537.36 (KHTML, like Gecko) Chrome/36.0.1985.125 Safari/537.36"
104.244.76.162 - - [07/Sep/2025:16:52:43 +0700] "POST /wp-login.php?wp_lang=e HTTP/1.0" 200 8446 "-" "Mozilla/5.0 (Macintosh; Intel Mac OS X 10_9_4 AppleWebKit/537.36 (KHTML, like Gecko) Chrome/36.0.1985.125 Safari/537.36"
20.171.207.251 - - [07/Sep/2025:16:52:44 +0700] "GET /how-to-handle-rejection-on-omegle-and-ometv/ HTTP/1.0" 200 92461 "-" "Mozilla/5.0 AppleWebKit/537.36 (KHTML, like Gecko; compatible; GPTBot/1.2; +https://openai.com/gptbot)"
104.244.76.162 - - [07/Sep/2025:16:52:47 +0700] "GET /wp-json/sure-triggers/v1/automation/action HTTP/1.0" 404 1031 "-" "Mozilla/5.0 (Macintosh; Intel Mac OS X 10_15_7) AppleWebKit/537.36 (KHTML, like Gecko) Chrome/113.0.0.0 Safari/537.36"
52.167.144.19 - - [07/Sep/2025:16:52:48 +0700] "GET /danh-muc/phan-tich-thi-nghie%CC%A3m/may-do-dau-trong-nuoc-phan-tich-thi-nghie%CC%A3m/ HTTP/1.0" 200 60475 "-" "Mozilla/5.0 AppleWebKit/537.36 (KHTML, like Gecko; compatible; bingbot/2.0; +http://www.bing.com/bingbot.htm) Chrome/116.0.1938.76 Safari/537.36"
104.244.76.162 - - [07/Sep/2025:16:52:50 +0700] "GET / HTTP/1.0" 200 60070 "http://www.google.com.hk" "Mozilla/5.0 (Windows NT 6.1; WOW64) AppleWebKit/537.36 (KHTML, like Gecko) Chrome/42.0.2311.90 Safari/537.36"
104.244.76.162 - - [07/Sep/2025:16:53:00 +0700] "GET /wp-login.php?wp_lang=e HTTP/1.0" 200 8274 "-" "Mozilla/5.0 (Macintosh; Intel Mac OS X 10_9_4 AppleWebKit/537.36 (KHTML, like Gecko) Chrome/36.0.1985.125 Safari/537.36"
104.244.76.162 - - [07/Sep/2025:16:53:02 +0700] "GET /wp-login.php?wp_lang=e HTTP/1.0" 200 8128 "-" "Mozilla/5.0 (Macintosh; Intel Mac OS X 10_9_4 AppleWebKit/537.36 (KHTML, like Gecko) Chrome/36.0.1985.125 Safari/537.36"
104.244.76.162 - - [07/Sep/2025:16:53:06 +0700] "GET /?author=1 HTTP/1.0" 301 560 "http://www.google.com.hk" "Mozilla/5.0 (Windows NT 6.1; WOW64) AppleWebKit/537.36 (KHTML, like Gecko) Chrome/42.0.2311.90 Safari/537.36"
104.244.76.162 - - [07/Sep/2025:16:53:08 +0700] "GET /author/tronggia/ HTTP/1.0" 200 78913 "http://www.google.com.hk" "Mozilla/5.0 (Windows NT 6.1; WOW64) AppleWebKit/537.36 (KHTML, like Gecko) Chrome/42.0.2311.90 Safari/537.36"
104.244.76.162 - - [07/Sep/2025:16:53:12 +0700] "GET /wp-login.php?wp_lang=e HTTP/1.0" 200 8274 "-" "Mozilla/5.0 (Windows NT 6.1; WOW64) AppleWebKit/537.36 (KHTML, like Gecko) Chrome/36.0.1985.125 Safari/537.36"
104.244.76.162 - - [07/Sep/2025:16:53:15 +0700] "GET /wp-login.php?wp_lang=e HTTP/1.0" 200 8128 "-" "Mozilla/5.0 (Windows NT 6.1; WOW64) AppleWebKit/537.36 (KHTML, like Gecko) Chrome/36.0.1985.125 Safari/537.36"
45.117.177.72 - - [07/Sep/2025:16:53:20 +0700] "POST /wp-cron.php?doing_wp_cron=1757238800.0746819972991943359375 HTTP/1.0" 200 416 "-" "WordPress/6.8.1; https://vattusacky.vn"
104.244.76.162 - - [07/Sep/2025:16:53:18 +0700] "GET /?author=2 HTTP/1.0" 404 70812 "http://www.google.com.hk" "Mozilla/5.0 (Windows NT 6.1; WOW64) AppleWebKit/537.36 (KHTML, like Gecko) Chrome/42.0.2311.90 Safari/537.36"
104.244.76.162 - - [07/Sep/2025:16:53:22 +0700] "GET /wp-login.php?wp_lang=e HTTP/1.0" 200 8274 "-" "Mozilla/5.0 (Macintosh; Intel Mac OS X 10_9_4 AppleWebKit/537.36 (KHTML, like Gecko) Chrome/36.0.1985.125 Safari/537.36"
104.244.76.162 - - [07/Sep/2025:16:53:24 +0700] "GET /wp-login.php?wp_lang=e HTTP/1.0" 200 8128 "-" "Mozilla/5.0 (Macintosh; Intel Mac OS X 10_9_4 AppleWebKit/537.36 (KHTML, like Gecko) Chrome/36.0.1985.125 Safari/537.36"
20.171.207.251 - - [07/Sep/2025:16:53:25 +0700] "GET /the-psychology-of-online-deception-mind-games-on-omegle/ HTTP/1.0" 200 89946 "-" "Mozilla/5.0 AppleWebKit/537.36 (KHTML, like Gecko; compatible; GPTBot/1.2; +https://openai.com/gptbot)"
20.171.207.251 - - [07/Sep/2025:16:53:44 +0700] "GET /the-effects-of-omegle-on-self-esteem-and-self-perception/ HTTP/1.0" 200 89930 "-" "Mozilla/5.0 AppleWebKit/537.36 (KHTML, like Gecko; compatible; GPTBot/1.2; +https://openai.com/gptbot)"
85.208.96.204 - - [07/Sep/2025:16:53:52 +0700] "GET /making-friends-on-omegle-video-chat/ HTTP/1.0" 200 92606 "-" "Mozilla/5.0 (compatible; SemrushBot/7~bl; +http://www.semrush.com/bot.html)"
45.117.177.72 - - [07/Sep/2025:16:54:25 +0700] "POST /wp-cron.php?doing_wp_cron=1757238864.8351340293884277343750 HTTP/1.0" 200 416 "-" "WordPress/6.8.1; https://vattusacky.vn"
20.171.207.251 - - [07/Sep/2025:16:54:23 +0700] "GET /?p=7324 HTTP/1.0" 301 497 "-" "Mozilla/5.0 AppleWebKit/537.36 (KHTML, like Gecko; compatible; GPTBot/1.2; +https://openai.com/gptbot)"
20.171.207.251 - - [07/Sep/2025:16:54:25 +0700] "GET /omegle-and-cultural-exchange-opening-up-to-the-world/ HTTP/1.0" 200 90234 "-" "Mozilla/5.0 AppleWebKit/537.36 (KHTML, like Gecko; compatible; GPTBot/1.2; +https://openai.com/gptbot)"
20.171.207.251 - - [07/Sep/2025:16:54:56 +0700] "GET /omegle-and-the-future-of-online-gaming-communities/ HTTP/1.0" 200 91430 "-" "Mozilla/5.0 AppleWebKit/537.36 (KHTML, like Gecko; compatible; GPTBot/1.2; +https://openai.com/gptbot)"
45.117.177.72 - - [07/Sep/2025:16:55:30 +0700] "POST /wp-cron.php?doing_wp_cron=1757238930.5675439834594726562500 HTTP/1.0" 200 416 "-" "WordPress/6.8.1; https://vattusacky.vn"
20.171.207.251 - - [07/Sep/2025:16:55:29 +0700] "GET /?p=7003 HTTP/1.0" 301 644 "-" "Mozilla/5.0 AppleWebKit/537.36 (KHTML, like Gecko; compatible; GPTBot/1.2; +https://openai.com/gptbot)"
20.171.207.251 - - [07/Sep/2025:16:55:31 +0700] "GET /how-can-coincidences-on-omegle-impact-our-daily-lives/ HTTP/1.0" 200 88375 "-" "Mozilla/5.0 AppleWebKit/537.36 (KHTML, like Gecko; compatible; GPTBot/1.2; +https://openai.com/gptbot)"
52.167.144.145 - - [07/Sep/2025:16:56:11 +0700] "GET /omegle-alternatives-exploring-similar-platforms-for-global-chatting/ HTTP/1.0" 200 90095 "-" "Mozilla/5.0 AppleWebKit/537.36 (KHTML, like Gecko; compatible; bingbot/2.0; +http://www.bing.com/bingbot.htm) Chrome/116.0.1938.76 Safari/537.36"
45.117.177.72 - - [07/Sep/2025:16:56:21 +0700] "POST /wp-cron.php?doing_wp_cron=1757238981.0020289421081542968750 HTTP/1.0" 200 416 "-" "WordPress/6.8.1; https://vattusacky.vn"
20.171.207.251 - - [07/Sep/2025:16:56:19 +0700] "GET /?p=8736 HTTP/1.0" 301 499 "-" "Mozilla/5.0 AppleWebKit/537.36 (KHTML, like Gecko; compatible; GPTBot/1.2; +https://openai.com/gptbot)"
20.171.207.251 - - [07/Sep/2025:16:56:21 +0700] "GET /the-psychological-impact-of-mind-games-on-omegle-users/ HTTP/1.0" 200 91938 "-" "Mozilla/5.0 AppleWebKit/537.36 (KHTML, like Gecko; compatible; GPTBot/1.2; +https://openai.com/gptbot)"
185.191.171.4 - - [07/Sep/2025:16:56:25 +0700] "GET /category/uncategorized/page/121/ HTTP/1.0" 200 76717 "-" "Mozilla/5.0 (compatible; SemrushBot/7~bl; +http://www.semrush.com/bot.html)"
20.171.207.251 - - [07/Sep/2025:16:56:59 +0700] "GET /?p=7929 HTTP/1.0" 301 486 "-" "Mozilla/5.0 AppleWebKit/537.36 (KHTML, like Gecko; compatible; GPTBot/1.2; +https://openai.com/gptbot)"
20.171.207.251 - - [07/Sep/2025:16:57:01 +0700] "GET /omegles-role-in-building-support-networks/ HTTP/1.0" 200 92023 "-" "Mozilla/5.0 AppleWebKit/537.36 (KHTML, like Gecko; compatible; GPTBot/1.2; +https://openai.com/gptbot)"
45.117.177.72 - - [07/Sep/2025:16:58:20 +0700] "POST /wp-cron.php?doing_wp_cron=1757239100.1419179439544677734375 HTTP/1.0" 200 416 "-" "WordPress/6.8.1; https://vattusacky.vn"
20.171.207.251 - - [07/Sep/2025:16:58:18 +0700] "GET /panduan-lengkap-untuk-menang-di-permainan-slot-online/ HTTP/1.0" 200 85463 "-" "Mozilla/5.0 AppleWebKit/537.36 (KHTML, like Gecko; compatible; GPTBot/1.2; +https://openai.com/gptbot)"
20.171.207.251 - - [07/Sep/2025:16:59:09 +0700] "GET /omegle-as-a-therapeutic-tool-exploring-its-potential/ HTTP/1.0" 200 93504 "-" "Mozilla/5.0 AppleWebKit/537.36 (KHTML, like Gecko; compatible; GPTBot/1.2; +https://openai.com/gptbot)"
45.117.177.72 - - [07/Sep/2025:16:59:40 +0700] "POST /wp-cron.php?doing_wp_cron=1757239179.8569478988647460937500 HTTP/1.0" 200 416 "-" "WordPress/6.8.1; https://vattusacky.vn"
20.171.207.251 - - [07/Sep/2025:16:59:38 +0700] "GET /?p=8407 HTTP/1.0" 301 501 "-" "Mozilla/5.0 AppleWebKit/537.36 (KHTML, like Gecko; compatible; GPTBot/1.2; +https://openai.com/gptbot)"
20.171.207.251 - - [07/Sep/2025:16:59:40 +0700] "GET /the-effects-of-omegle-on-self-esteem-and-self-perception/ HTTP/1.0" 200 89930 "-" "Mozilla/5.0 AppleWebKit/537.36 (KHTML, like Gecko; compatible; GPTBot/1.2; +https://openai.com/gptbot)"
17.241.227.170 - - [07/Sep/2025:16:59:54 +0700] "GET /omegles-role-in-promoting-empathy-and-understanding/ HTTP/1.0" 200 89580 "-" "Mozilla/5.0 (Macintosh; Intel Mac OS X 10_15_7) AppleWebKit/605.1.15 (KHTML, like Gecko) Version/17.4 Safari/605.1.15 (Applebot/0.1; +http://www.apple.com/go/applebot)"
45.117.177.72 - - [07/Sep/2025:17:00:21 +0700] "POST /wp-cron.php?doing_wp_cron=1757239221.1621160507202148437500 HTTP/1.0" 200 416 "-" "WordPress/6.8.1; https://vattusacky.vn"
20.171.207.251 - - [07/Sep/2025:17:00:19 +0700] "GET /omegle-and-ometv-a-platform-for-expression-and-creativity/ HTTP/1.0" 200 91244 "-" "Mozilla/5.0 AppleWebKit/537.36 (KHTML, like Gecko; compatible; GPTBot/1.2; +https://openai.com/gptbot)"
45.117.177.72 - - [07/Sep/2025:17:01:07 +0700] "POST /wp-cron.php?doing_wp_cron=1757239267.3809878826141357421875 HTTP/1.0" 200 416 "-" "WordPress/6.8.1; https://vattusacky.vn"
20.171.207.251 - - [07/Sep/2025:17:01:03 +0700] "GET /?p=8776 HTTP/1.0" 301 646 "-" "Mozilla/5.0 AppleWebKit/537.36 (KHTML, like Gecko; compatible; GPTBot/1.2; +https://openai.com/gptbot)"
20.171.207.251 - - [07/Sep/2025:17:01:08 +0700] "GET /the-responsibility-of-users-to-maintain-safety-on-ometv/ HTTP/1.0" 200 89462 "-" "Mozilla/5.0 AppleWebKit/537.36 (KHTML, like Gecko; compatible; GPTBot/1.2; +https://openai.com/gptbot)"
45.117.177.72 - - [07/Sep/2025:17:02:00 +0700] "POST /wp-cron.php?doing_wp_cron=1757239320.7227630615234375000000 HTTP/1.0" 200 416 "-" "WordPress/6.8.1; https://vattusacky.vn"
20.171.207.251 - - [07/Sep/2025:17:01:59 +0700] "GET /?p=7067 HTTP/1.0" 301 488 "-" "Mozilla/5.0 AppleWebKit/537.36 (KHTML, like Gecko; compatible; GPTBot/1.2; +https://openai.com/gptbot)"
20.171.207.251 - - [07/Sep/2025:17:02:01 +0700] "GET /how-to-handle-rejection-on-omegle-and-ometv/ HTTP/1.0" 200 92461 "-" "Mozilla/5.0 AppleWebKit/537.36 (KHTML, like Gecko; compatible; GPTBot/1.2; +https://openai.com/gptbot)"
45.117.177.72 - - [07/Sep/2025:17:02:21 +0700] "POST /wp-cron.php?doing_wp_cron=1757239341.1799559593200683593750 HTTP/1.0" 200 416 "-" "WordPress/6.8.1; https://vattusacky.vn"
20.171.207.251 - - [07/Sep/2025:17:02:19 +0700] "GET /?p=7519 HTTP/1.0" 301 495 "-" "Mozilla/5.0 AppleWebKit/537.36 (KHTML, like Gecko; compatible; GPTBot/1.2; +https://openai.com/gptbot)"
20.171.207.251 - - [07/Sep/2025:17:02:21 +0700] "GET /omegle-and-the-future-of-online-gaming-communities/ HTTP/1.0" 200 91430 "-" "Mozilla/5.0 AppleWebKit/537.36 (KHTML, like Gecko; compatible; GPTBot/1.2; +https://openai.com/gptbot)"
20.171.207.251 - - [07/Sep/2025:17:02:44 +0700] "GET /?p=8445 HTTP/1.0" 301 489 "-" "Mozilla/5.0 AppleWebKit/537.36 (KHTML, like Gecko; compatible; GPTBot/1.2; +https://openai.com/gptbot)"
20.171.207.251 - - [07/Sep/2025:17:02:46 +0700] "GET /the-evolution-of-omegle-whats-on-the-horizon/ HTTP/1.0" 200 90903 "-" "Mozilla/5.0 AppleWebKit/537.36 (KHTML, like Gecko; compatible; GPTBot/1.2; +https://openai.com/gptbot)"
20.171.207.251 - - [07/Sep/2025:17:03:10 +0700] "GET /?p=8768 HTTP/1.0" 301 500 "-" "Mozilla/5.0 AppleWebKit/537.36 (KHTML, like Gecko; compatible; GPTBot/1.2; +https://openai.com/gptbot)"
20.171.207.251 - - [07/Sep/2025:17:03:12 +0700] "GET /the-psychology-of-online-deception-mind-games-on-omegle/ HTTP/1.0" 200 89946 "-" "Mozilla/5.0 AppleWebKit/537.36 (KHTML, like Gecko; compatible; GPTBot/1.2; +https://openai.com/gptbot)"
20.171.207.251 - - [07/Sep/2025:17:03:39 +0700] "GET /the-psychology-behind-random-chatting-on-omegle-and-ometv/ HTTP/1.0" 200 90534 "-" "Mozilla/5.0 AppleWebKit/537.36 (KHTML, like Gecko; compatible; GPTBot/1.2; +https://openai.com/gptbot)"
20.171.207.251 - - [07/Sep/2025:17:04:16 +0700] "GET /omegles-impact-on-social-norms-and-etiquette-in-online-interactions/ HTTP/1.0" 200 94712 "-" "Mozilla/5.0 AppleWebKit/537.36 (KHTML, like Gecko; compatible; GPTBot/1.2; +https://openai.com/gptbot)"
45.117.177.72 - - [07/Sep/2025:17:04:52 +0700] "POST /wp-cron.php?doing_wp_cron=1757239492.0484039783477783203125 HTTP/1.0" 200 416 "-" "WordPress/6.8.1; https://vattusacky.vn"
20.171.207.251 - - [07/Sep/2025:17:04:50 +0700] "GET /the-role-of-perception-in-recognizing-coincidences-on-omegle/ HTTP/1.0" 200 90195 "-" "Mozilla/5.0 AppleWebKit/537.36 (KHTML, like Gecko; compatible; GPTBot/1.2; +https://openai.com/gptbot)"
45.117.177.72 - - [07/Sep/2025:17:05:29 +0700] "POST /wp-cron.php?doing_wp_cron=1757239528.7913579940795898437500 HTTP/1.0" 200 416 "-" "WordPress/6.8.1; https://vattusacky.vn"
20.171.207.251 - - [07/Sep/2025:17:05:27 +0700] "GET /the-ethics-of-anonymity-examining-the-implications-on-omegle/ HTTP/1.0" 200 91795 "-" "Mozilla/5.0 AppleWebKit/537.36 (KHTML, like Gecko; compatible; GPTBot/1.2; +https://openai.com/gptbot)"
20.171.207.251 - - [07/Sep/2025:17:05:50 +0700] "GET /the-influence-of-societal-norms-on-omegles-social-experiment/ HTTP/1.0" 200 91400 "-" "Mozilla/5.0 AppleWebKit/537.36 (KHTML, like Gecko; compatible; GPTBot/1.2; +https://openai.com/gptbot)"
85.208.96.200 - - [07/Sep/2025:17:06:10 +0700] "GET /author/yanz/page/277/ HTTP/1.0" 200 77262 "-" "Mozilla/5.0 (compatible; SemrushBot/7~bl; +http://www.semrush.com/bot.html)"
45.117.177.72 - - [07/Sep/2025:17:06:20 +0700] "POST /wp-cron.php?doing_wp_cron=1757239580.3512830734252929687500 HTTP/1.0" 200 416 "-" "WordPress/6.8.1; https://vattusacky.vn"
20.171.207.251 - - [07/Sep/2025:17:06:18 +0700] "GET /?p=7575 HTTP/1.0" 301 643 "-" "Mozilla/5.0 AppleWebKit/537.36 (KHTML, like Gecko; compatible; GPTBot/1.2; +https://openai.com/gptbot)"
20.171.207.251 - - [07/Sep/2025:17:06:20 +0700] "GET /omegle-as-a-therapeutic-tool-exploring-its-potential/ HTTP/1.0" 200 93504 "-" "Mozilla/5.0 AppleWebKit/537.36 (KHTML, like Gecko; compatible; GPTBot/1.2; +https://openai.com/gptbot)"
52.167.144.216 - - [07/Sep/2025:17:06:25 +0700] "GET /text-chat-privacy-ometvs-text-chat-anonymity/ HTTP/1.0" 200 89830 "-" "Mozilla/5.0 AppleWebKit/537.36 (KHTML, like Gecko; compatible; bingbot/2.0; +http://www.bing.com/bingbot.htm) Chrome/116.0.1938.76 Safari/537.36"
20.171.207.251 - - [07/Sep/2025:17:06:46 +0700] "GET /?p=7379 HTTP/1.0" 301 502 "-" "Mozilla/5.0 AppleWebKit/537.36 (KHTML, like Gecko; compatible; GPTBot/1.2; +https://openai.com/gptbot)"
20.171.207.251 - - [07/Sep/2025:17:06:47 +0700] "GET /omegle-and-ometv-a-platform-for-expression-and-creativity/ HTTP/1.0" 200 91244 "-" "Mozilla/5.0 AppleWebKit/537.36 (KHTML, like Gecko; compatible; GPTBot/1.2; +https://openai.com/gptbot)"
45.117.177.72 - - [07/Sep/2025:17:07:21 +0700] "POST /wp-cron.php?doing_wp_cron=1757239640.9091289043426513671875 HTTP/1.0" 200 416 "-" "WordPress/6.8.1; https://vattusacky.vn"
20.171.207.251 - - [07/Sep/2025:17:07:19 +0700] "GET /the-ethics-of-online-interactions-and-relationships-on-omegle/ HTTP/1.0" 200 91808 "-" "Mozilla/5.0 AppleWebKit/537.36 (KHTML, like Gecko; compatible; GPTBot/1.2; +https://openai.com/gptbot)"
20.171.207.251 - - [07/Sep/2025:17:07:41 +0700] "GET /omegle-for-entertainment-uncovering-the-fun-side-of-chatting/ HTTP/1.0" 200 90655 "-" "Mozilla/5.0 AppleWebKit/537.36 (KHTML, like Gecko; compatible; GPTBot/1.2; +https://openai.com/gptbot)"
20.171.207.251 - - [07/Sep/2025:17:08:02 +0700] "GET /strategies-for-bridging-language-barriers-on-omegle-and-ometv/ HTTP/1.0" 200 93130 "-" "Mozilla/5.0 AppleWebKit/537.36 (KHTML, like Gecko; compatible; GPTBot/1.2; +https://openai.com/gptbot)"
45.117.177.72 - - [07/Sep/2025:17:08:37 +0700] "POST /wp-cron.php?doing_wp_cron=1757239717.4718379974365234375000 HTTP/1.0" 200 416 "-" "WordPress/6.8.1; https://vattusacky.vn"
20.171.207.251 - - [07/Sep/2025:17:08:35 +0700] "GET /online-bullying-and-anonymity-addressing-the-issue-on-omegle/ HTTP/1.0" 200 92096 "-" "Mozilla/5.0 AppleWebKit/537.36 (KHTML, like Gecko; compatible; GPTBot/1.2; +https://openai.com/gptbot)"
45.117.177.72 - - [07/Sep/2025:17:08:45 +0700] "POST /wp-cron.php?doing_wp_cron=1757239725.2960820198059082031250 HTTP/1.0" 200 416 "-" "WordPress/6.8.1; https://vattusacky.vn"
216.244.66.237 - - [07/Sep/2025:17:08:43 +0700] "GET /robots.txt HTTP/1.0" 200 984 "-" "Mozilla/5.0 (compatible; DotBot/1.2; +https://opensiteexplorer.org/dotbot; help@moz.com)"
45.117.177.72 - - [07/Sep/2025:17:09:02 +0700] "POST /wp-cron.php?doing_wp_cron=1757239742.3794059753417968750000 HTTP/1.0" 200 416 "-" "WordPress/6.8.1; https://vattusacky.vn"
85.208.96.204 - - [07/Sep/2025:17:09:00 +0700] "GET /millionairedatingguide-com-features-a-great-deal-of-all-about-the-absolute-most-praiseworthy-millionaire-internet-dating-sites-applications/ HTTP/1.0" 200 214659 "-" "Mozilla/5.0 (compatible; SemrushBot/7~bl; +http://www.semrush.com/bot.html)"
20.171.207.251 - - [07/Sep/2025:17:09:05 +0700] "GET /?p=8748 HTTP/1.0" 301 502 "-" "Mozilla/5.0 AppleWebKit/537.36 (KHTML, like Gecko; compatible; GPTBot/1.2; +https://openai.com/gptbot)"
20.171.207.251 - - [07/Sep/2025:17:09:07 +0700] "GET /the-psychology-behind-random-chatting-on-omegle-and-ometv/ HTTP/1.0" 200 90534 "-" "Mozilla/5.0 AppleWebKit/537.36 (KHTML, like Gecko; compatible; GPTBot/1.2; +https://openai.com/gptbot)"
45.117.177.72 - - [07/Sep/2025:17:09:42 +0700] "POST /wp-cron.php?doing_wp_cron=1757239781.9008390903472900390625 HTTP/1.0" 200 416 "-" "WordPress/6.8.1; https://vattusacky.vn"
20.171.207.251 - - [07/Sep/2025:17:09:40 +0700] "GET /?p=11072 HTTP/1.0" 301 498 "-" "Mozilla/5.0 AppleWebKit/537.36 (KHTML, like Gecko; compatible; GPTBot/1.2; +https://openai.com/gptbot)"
20.171.207.251 - - [07/Sep/2025:17:09:42 +0700] "GET /panduan-lengkap-untuk-menang-di-permainan-slot-online/ HTTP/1.0" 200 85463 "-" "Mozilla/5.0 AppleWebKit/537.36 (KHTML, like Gecko; compatible; GPTBot/1.2; +https://openai.com/gptbot)"
185.191.171.3 - - [07/Sep/2025:17:09:49 +0700] "GET /category/uncategorized/page/284/ HTTP/1.0" 200 75644 "-" "Mozilla/5.0 (compatible; SemrushBot/7~bl; +http://www.semrush.com/bot.html)"
20.171.207.251 - - [07/Sep/2025:17:10:18 +0700] "GET /real-life-stories-and-experiences-on-chatroulette-and-omegle/ HTTP/1.0" 200 89469 "-" "Mozilla/5.0 AppleWebKit/537.36 (KHTML, like Gecko; compatible; GPTBot/1.2; +https://openai.com/gptbot)"
20.171.207.251 - - [07/Sep/2025:17:11:07 +0700] "GET /?p=8907 HTTP/1.0" 301 505 "-" "Mozilla/5.0 AppleWebKit/537.36 (KHTML, like Gecko; compatible; GPTBot/1.2; +https://openai.com/gptbot)"
20.171.207.251 - - [07/Sep/2025:17:11:09 +0700] "GET /the-role-of-perception-in-recognizing-coincidences-on-omegle/ HTTP/1.0" 200 90195 "-" "Mozilla/5.0 AppleWebKit/537.36 (KHTML, like Gecko; compatible; GPTBot/1.2; +https://openai.com/gptbot)"
45.117.177.72 - - [07/Sep/2025:17:11:36 +0700] "POST /wp-cron.php?doing_wp_cron=1757239896.3745949268341064453125 HTTP/1.0" 200 416 "-" "WordPress/6.8.1; https://vattusacky.vn"
20.171.207.251 - - [07/Sep/2025:17:11:35 +0700] "GET /?p=8426 HTTP/1.0" 301 652 "-" "Mozilla/5.0 AppleWebKit/537.36 (KHTML, like Gecko; compatible; GPTBot/1.2; +https://openai.com/gptbot)"
20.171.207.251 - - [07/Sep/2025:17:11:36 +0700] "GET /the-ethics-of-online-interactions-and-relationships-on-omegle/ HTTP/1.0" 200 91808 "-" "Mozilla/5.0 AppleWebKit/537.36 (KHTML, like Gecko; compatible; GPTBot/1.2; +https://openai.com/gptbot)"
20.171.207.251 - - [07/Sep/2025:17:12:00 +0700] "GET /the-influence-of-omegle-on-traditional-forms-of-communication/ HTTP/1.0" 200 91602 "-" "Mozilla/5.0 AppleWebKit/537.36 (KHTML, like Gecko; compatible; GPTBot/1.2; +https://openai.com/gptbot)"
45.117.177.72 - - [07/Sep/2025:17:12:23 +0700] "POST /wp-cron.php?doing_wp_cron=1757239943.1733710765838623046875 HTTP/1.0" 200 416 "-" "WordPress/6.8.1; https://vattusacky.vn"
20.171.207.251 - - [07/Sep/2025:17:12:21 +0700] "GET /?p=8631 HTTP/1.0" 301 505 "-" "Mozilla/5.0 AppleWebKit/537.36 (KHTML, like Gecko; compatible; GPTBot/1.2; +https://openai.com/gptbot)"
20.171.207.251 - - [07/Sep/2025:17:12:23 +0700] "GET /the-influence-of-societal-norms-on-omegles-social-experiment/ HTTP/1.0" 200 91400 "-" "Mozilla/5.0 AppleWebKit/537.36 (KHTML, like Gecko; compatible; GPTBot/1.2; +https://openai.com/gptbot)"
52.3.155.146 - - [07/Sep/2025:17:12:55 +0700] "GET /category/dating-in-different-countries/ HTTP/1.0" 200 59049 "-" "Mozilla/5.0 AppleWebKit/537.36 (KHTML, like Gecko; compatible; Amazonbot/0.1; +https://developer.amazon.com/support/amazonbot) Chrome/119.0.6045.214 Safari/537.36"
20.171.207.251 - - [07/Sep/2025:17:13:03 +0700] "GET /?p=7849 HTTP/1.0" 301 512 "-" "Mozilla/5.0 AppleWebKit/537.36 (KHTML, like Gecko; compatible; GPTBot/1.2; +https://openai.com/gptbot)"
20.171.207.251 - - [07/Sep/2025:17:13:05 +0700] "GET /omegles-impact-on-social-norms-and-etiquette-in-online-interactions/ HTTP/1.0" 200 94712 "-" "Mozilla/5.0 AppleWebKit/537.36 (KHTML, like Gecko; compatible; GPTBot/1.2; +https://openai.com/gptbot)"
45.117.177.72 - - [07/Sep/2025:17:13:38 +0700] "POST /wp-cron.php?doing_wp_cron=1757240018.3299999237060546875000 HTTP/1.0" 200 416 "-" "WordPress/6.8.1; https://vattusacky.vn"
20.171.207.251 - - [07/Sep/2025:17:13:36 +0700] "GET /?p=7634 HTTP/1.0" 301 505 "-" "Mozilla/5.0 AppleWebKit/537.36 (KHTML, like Gecko; compatible; GPTBot/1.2; +https://openai.com/gptbot)"
20.171.207.251 - - [07/Sep/2025:17:13:38 +0700] "GET /omegle-for-entertainment-uncovering-the-fun-side-of-chatting/ HTTP/1.0" 200 90655 "-" "Mozilla/5.0 AppleWebKit/537.36 (KHTML, like Gecko; compatible; GPTBot/1.2; +https://openai.com/gptbot)"
17.241.219.134 - - [07/Sep/2025:17:13:38 +0700] "GET /connecting-through-culture-omegles-cross-cultural-encounters/ HTTP/1.0" 200 90801 "-" "Mozilla/5.0 (Macintosh; Intel Mac OS X 10_15_7) AppleWebKit/605.1.15 (KHTML, like Gecko) Version/17.4 Safari/605.1.15 (Applebot/0.1; +http://www.apple.com/go/applebot)"
217.113.194.75 - - [07/Sep/2025:17:13:58 +0700] "GET /san-pham/thiet-bi-lay-mau-nuoc-alpha-van-dorn-loai-doc-4-2-lit-nhan-hang-wildco/feed/ HTTP/1.0" 200 1801 "-" "Mozilla/5.0 (compatible; Barkrowler/0.9; +https://babbar.tech/crawler)"
20.171.207.251 - - [07/Sep/2025:17:14:08 +0700] "GET /?p=8423 HTTP/1.0" 301 505 "-" "Mozilla/5.0 AppleWebKit/537.36 (KHTML, like Gecko; compatible; GPTBot/1.2; +https://openai.com/gptbot)"
20.171.207.251 - - [07/Sep/2025:17:14:09 +0700] "GET /the-ethics-of-anonymity-examining-the-implications-on-omegle/ HTTP/1.0" 200 91795 "-" "Mozilla/5.0 AppleWebKit/537.36 (KHTML, like Gecko; compatible; GPTBot/1.2; +https://openai.com/gptbot)"
154.54.249.200 - - [07/Sep/2025:17:14:17 +0700] "GET /san-pham/thiet-bi-lay-mau-nuoc-alpha-van-dorn-loai-doc-3-2-lit-nhan-hang-wildco/ HTTP/1.0" 200 372027 "-" "Mozilla/5.0 (compatible; Barkrowler/0.9; +https://babbar.tech/crawler)"
20.171.207.251 - - [07/Sep/2025:17:14:48 +0700] "GET /the-dark-side-of-omegle-dealing-with-inappropriate-behavior/ HTTP/1.0" 200 91007 "-" "Mozilla/5.0 AppleWebKit/537.36 (KHTML, like Gecko; compatible; GPTBot/1.2; +https://openai.com/gptbot)"
217.113.194.81 - - [07/Sep/2025:17:15:08 +0700] "GET /san-pham/thiet-bi-lay-mau-nuoc-alpha-van-dorn-loai-doc-8-2-lit-nhan-hang-wildco/ HTTP/1.0" 200 372042 "-" "Mozilla/5.0 (compatible; Barkrowler/0.9; +https://babbar.tech/crawler)"
45.117.177.72 - - [07/Sep/2025:17:15:20 +0700] "POST /wp-cron.php?doing_wp_cron=1757240120.5405170917510986328125 HTTP/1.0" 200 416 "-" "WordPress/6.8.1; https://vattusacky.vn"
20.171.207.251 - - [07/Sep/2025:17:15:19 +0700] "GET /?p=8002 HTTP/1.0" 301 505 "-" "Mozilla/5.0 AppleWebKit/537.36 (KHTML, like Gecko; compatible; GPTBot/1.2; +https://openai.com/gptbot)"
20.171.207.251 - - [07/Sep/2025:17:15:20 +0700] "GET /online-bullying-and-anonymity-addressing-the-issue-on-omegle/ HTTP/1.0" 200 92096 "-" "Mozilla/5.0 AppleWebKit/537.36 (KHTML, like Gecko; compatible; GPTBot/1.2; +https://openai.com/gptbot)"
20.171.207.251 - - [07/Sep/2025:17:15:51 +0700] "GET /the-impact-of-serendipitous-connections-on-omegle-and-ometv/ HTTP/1.0" 200 94465 "-" "Mozilla/5.0 AppleWebKit/537.36 (KHTML, like Gecko; compatible; GPTBot/1.2; +https://openai.com/gptbot)"
217.113.194.72 - - [07/Sep/2025:17:15:55 +0700] "GET /san-pham/thiet-bi-lay-mau-nuoc-alpha-van-dorn-loai-doc-8-2-lit-nhan-hang-wildco/feed/ HTTP/1.0" 200 1801 "-" "Mozilla/5.0 (compatible; Barkrowler/0.9; +https://babbar.tech/crawler)"
45.117.177.72 - - [07/Sep/2025:17:16:17 +0700] "POST /wp-cron.php?doing_wp_cron=1757240177.3248538970947265625000 HTTP/1.0" 200 416 "-" "WordPress/6.8.1; https://vattusacky.vn"
217.113.194.76 - - [07/Sep/2025:17:16:15 +0700] "GET /san-pham/thiet-bi-lay-mau-nuoc-alpha-van-dorn-loai-doc-2-2-lit-nhan-hang-wildco/ HTTP/1.0" 200 369677 "-" "Mozilla/5.0 (compatible; Barkrowler/0.9; +https://babbar.tech/crawler)"
20.171.207.251 - - [07/Sep/2025:17:16:21 +0700] "GET /the-influence-of-omegle-impact-on-online-social-interactions/ HTTP/1.0" 200 91747 "-" "Mozilla/5.0 AppleWebKit/537.36 (KHTML, like Gecko; compatible; GPTBot/1.2; +https://openai.com/gptbot)"
20.171.207.251 - - [07/Sep/2025:17:16:53 +0700] "GET /the-power-of-storytelling-in-building-connections-on-omegle/ HTTP/1.0" 200 91708 "-" "Mozilla/5.0 AppleWebKit/537.36 (KHTML, like Gecko; compatible; GPTBot/1.2; +https://openai.com/gptbot)"
217.113.194.78 - - [07/Sep/2025:17:17:05 +0700] "GET /san-pham/thiet-bi-lay-mau-nuoc-alpha-van-dorn-loai-doc-6-2-lit-nhan-hang-wildco/ HTTP/1.0" 200 372027 "-" "Mozilla/5.0 (compatible; Barkrowler/0.9; +https://babbar.tech/crawler)"
45.117.177.72 - - [07/Sep/2025:17:17:29 +0700] "POST /wp-cron.php?doing_wp_cron=1757240249.4355480670928955078125 HTTP/1.0" 200 416 "-" "WordPress/6.8.1; https://vattusacky.vn"
185.191.171.14 - - [07/Sep/2025:17:17:28 +0700] "GET /author/yanz/page/284/ HTTP/1.0" 200 78592 "-" "Mozilla/5.0 (compatible; SemrushBot/7~bl; +http://www.semrush.com/bot.html)"
20.171.207.251 - - [07/Sep/2025:17:17:43 +0700] "GET /?p=8623 HTTP/1.0" 301 506 "-" "Mozilla/5.0 AppleWebKit/537.36 (KHTML, like Gecko; compatible; GPTBot/1.2; +https://openai.com/gptbot)"
20.171.207.251 - - [07/Sep/2025:17:17:45 +0700] "GET /the-influence-of-omegle-on-traditional-forms-of-communication/ HTTP/1.0" 200 91602 "-" "Mozilla/5.0 AppleWebKit/537.36 (KHTML, like Gecko; compatible; GPTBot/1.2; +https://openai.com/gptbot)"
217.113.194.72 - - [07/Sep/2025:17:17:47 +0700] "GET /san-pham/thiet-bi-lay-mau-nuoc-alpha-van-dorn-loai-doc-6-2-lit-nhan-hang-wildco/feed/ HTTP/1.0" 200 1801 "-" "Mozilla/5.0 (compatible; Barkrowler/0.9; +https://babbar.tech/crawler)"
217.113.194.81 - - [07/Sep/2025:17:18:08 +0700] "GET /san-pham/hi-q-_-phan-loc-bui-pm2-5-hi-vol-inlet-bo-kit-ho-tro-chuyen-dau/feed/ HTTP/1.0" 200 1786 "-" "Mozilla/5.0 (compatible; Barkrowler/0.9; +https://babbar.tech/crawler)"
45.117.177.72 - - [07/Sep/2025:17:18:30 +0700] "POST /wp-cron.php?doing_wp_cron=1757240309.8885219097137451171875 HTTP/1.0" 200 416 "-" "WordPress/6.8.1; https://vattusacky.vn"
217.113.194.218 - - [07/Sep/2025:17:18:27 +0700] "GET /lam-the-nao-de-mua-mot-ung-vay-nhanh-1-trieu-truoc-truc-tuyen-nhanh-chong/feed/ HTTP/1.0" 200 1837 "-" "Mozilla/5.0 (compatible; Barkrowler/0.9; +https://babbar.tech/crawler)"
185.191.171.11 - - [07/Sep/2025:17:18:32 +0700] "GET /category/uncategorized/page/265/ HTTP/1.0" 200 75909 "-" "Mozilla/5.0 (compatible; SemrushBot/7~bl; +http://www.semrush.com/bot.html)"
20.171.207.251 - - [07/Sep/2025:17:18:39 +0700] "GET /the-evolution-of-online-chatting-omegles-influence-on-the-industry/ HTTP/1.0" 200 92433 "-" "Mozilla/5.0 AppleWebKit/537.36 (KHTML, like Gecko; compatible; GPTBot/1.2; +https://openai.com/gptbot)"
217.113.194.81 - - [07/Sep/2025:17:18:48 +0700] "GET /video-tutorial-activities-port-models-video-tutorial-activities-3q-collection-of-100-free-video-tutorial-casino-wars-modern-casino-slot/feed/ HTTP/1.0" 200 2004 "-" "Mozilla/5.0 (compatible; Barkrowler/0.9; +https://babbar.tech/crawler)"
20.171.207.251 - - [07/Sep/2025:17:19:06 +0700] "GET /omegle-and-ometv-redefining-friendship-in-the-virtual-world/ HTTP/1.0" 200 92093 "-" "Mozilla/5.0 AppleWebKit/537.36 (KHTML, like Gecko; compatible; GPTBot/1.2; +https://openai.com/gptbot)"
217.113.194.73 - - [07/Sep/2025:17:19:07 +0700] "GET /voprosy-i-otvety-pro-bk-mostbet-glinlik-glinlik-modelleri-glinlik-qiymtlri/feed/ HTTP/1.0" 200 1850 "-" "Mozilla/5.0 (compatible; Barkrowler/0.9; +https://babbar.tech/crawler)"
45.117.177.72 - - [07/Sep/2025:17:19:28 +0700] "POST /wp-cron.php?doing_wp_cron=1757240368.1787779331207275390625 HTTP/1.0" 200 416 "-" "WordPress/6.8.1; https://vattusacky.vn"
217.113.194.72 - - [07/Sep/2025:17:19:26 +0700] "GET /massive-ripoff-mydailyfling-com-giving-united-states-a-huge-number-of-fake-emails-utilizing-fake-female-users/ HTTP/1.0" 200 224803 "-" "Mozilla/5.0 (compatible; Barkrowler/0.9; +https://babbar.tech/crawler)"
20.171.207.251 - - [07/Sep/2025:17:19:31 +0700] "GET /?p=8123 HTTP/1.0" 301 505 "-" "Mozilla/5.0 AppleWebKit/537.36 (KHTML, like Gecko; compatible; GPTBot/1.2; +https://openai.com/gptbot)"
20.171.207.251 - - [07/Sep/2025:17:19:33 +0700] "GET /real-life-stories-and-experiences-on-chatroulette-and-omegle/ HTTP/1.0" 200 89469 "-" "Mozilla/5.0 AppleWebKit/537.36 (KHTML, like Gecko; compatible; GPTBot/1.2; +https://openai.com/gptbot)"
154.54.249.200 - - [07/Sep/2025:17:19:58 +0700] "GET /cach-tot-nhat-de-vay-thu-https-vaytienvn-com-nhap-tren-internet-hai-chuc-24/feed/ HTTP/1.0" 200 1838 "-" "Mozilla/5.0 (compatible; Barkrowler/0.9; +https://babbar.tech/crawler)"
20.171.207.251 - - [07/Sep/2025:17:20:03 +0700] "GET /laughing-together-sharing-funny-moments-on-omegle-and-ometv/ HTTP/1.0" 200 92563 "-" "Mozilla/5.0 AppleWebKit/537.36 (KHTML, like Gecko; compatible; GPTBot/1.2; +https://openai.com/gptbot)"
85.208.96.194 - - [07/Sep/2025:17:20:03 +0700] "GET /1win-1%D0%B2%D0%B8%D0%BD-75000-%D1%80%D1%83%D0%B1%D0%BB%D0%B5%D0%B9-%D0%B1%D0%BE%D0%BD%D1%83%D1%81-%D0%B2%D1%85%D0%BE%D0%B4-%D0%BD%D0%B0-%D0%BE%D1%84%D0%B8%D1%86%D0%B8%D0%B0%D0%BB%D1%8C%D0%BD%D1%8B/ HTTP/1.0" 200 99060 "-" "Mozilla/5.0 (compatible; SemrushBot/7~bl; +http://www.semrush.com/bot.html)"
45.117.177.72 - - [07/Sep/2025:17:20:17 +0700] "POST /wp-cron.php?doing_wp_cron=1757240417.5263369083404541015625 HTTP/1.0" 200 416 "-" "WordPress/6.8.1; https://vattusacky.vn"
5.39.1.253 - - [07/Sep/2025:17:20:16 +0700] "GET /sitemap_index.xml HTTP/1.0" 200 2426 "-" "Mozilla/5.0 (compatible; AhrefsBot/7.0; +http://ahrefs.com/robot/)"
217.113.194.74 - - [07/Sep/2025:17:20:18 +0700] "GET /tang-lich-su-tin-dung-cua-ban-tai-vay-nhanh-online-500k-findo-progress-phan-mem-may-tinh/feed/ HTTP/1.0" 200 1881 "-" "Mozilla/5.0 (compatible; Barkrowler/0.9; +https://babbar.tech/crawler)"
51.75.236.156 - - [07/Sep/2025:17:20:21 +0700] "GET /post-sitemap.xml HTTP/1.0" 500 3278 "-" "Mozilla/5.0 (compatible; AhrefsBot/7.0; +http://ahrefs.com/robot/)"
217.113.194.78 - - [07/Sep/2025:17:20:37 +0700] "GET /dlaczego-synna-siec-nigdy-nie-wesza-do-polski-czasy-takich-brandow-juz-miney/feed/ HTTP/1.0" 200 1850 "-" "Mozilla/5.0 (compatible; Barkrowler/0.9; +https://babbar.tech/crawler)"
94.23.188.195 - - [07/Sep/2025:17:20:33 +0700] "GET /post-sitemap2.xml HTTP/1.0" 200 158032 "-" "Mozilla/5.0 (compatible; AhrefsBot/7.0; +http://ahrefs.com/robot/)"
20.171.207.251 - - [07/Sep/2025:17:20:41 +0700] "GET /the-dark-side-of-omegle-illegal-activities-and-exploitation/ HTTP/1.0" 200 89777 "-" "Mozilla/5.0 AppleWebKit/537.36 (KHTML, like Gecko; compatible; GPTBot/1.2; +https://openai.com/gptbot)"
92.222.104.202 - - [07/Sep/2025:17:20:45 +0700] "GET /post-sitemap3.xml HTTP/1.0" 200 155802 "-" "Mozilla/5.0 (compatible; AhrefsBot/7.0; +http://ahrefs.com/robot/)"
176.31.139.11 - - [07/Sep/2025:17:20:50 +0700] "GET /post-sitemap4.xml HTTP/1.0" 200 157863 "-" "Mozilla/5.0 (compatible; AhrefsBot/7.0; +http://ahrefs.com/robot/)"
217.113.194.73 - - [07/Sep/2025:17:20:56 +0700] "GET /san-pham/bo-lay-mau-loi-1-1-2%E2%80%B3-x-6%E2%80%B3-co-ky-hieu-signature-scs-complete/ HTTP/1.0" 200 328128 "-" "Mozilla/5.0 (compatible; Barkrowler/0.9; +https://babbar.tech/crawler)"
92.222.108.97 - - [07/Sep/2025:17:20:57 +0700] "GET /post-sitemap5.xml HTTP/1.0" 200 159938 "-" "Mozilla/5.0 (compatible; AhrefsBot/7.0; +http://ahrefs.com/robot/)"
20.171.207.251 - - [07/Sep/2025:17:21:05 +0700] "GET /?p=8568 HTTP/1.0" 301 504 "-" "Mozilla/5.0 AppleWebKit/537.36 (KHTML, like Gecko; compatible; GPTBot/1.2; +https://openai.com/gptbot)"
20.171.207.251 - - [07/Sep/2025:17:21:07 +0700] "GET /the-impact-of-serendipitous-connections-on-omegle-and-ometv/ HTTP/1.0" 200 94465 "-" "Mozilla/5.0 AppleWebKit/537.36 (KHTML, like Gecko; compatible; GPTBot/1.2; +https://openai.com/gptbot)"
5.39.109.188 - - [07/Sep/2025:17:21:09 +0700] "GET /post-sitemap6.xml HTTP/1.0" 200 42210 "-" "Mozilla/5.0 (compatible; AhrefsBot/7.0; +http://ahrefs.com/robot/)"
51.68.247.217 - - [07/Sep/2025:17:21:15 +0700] "GET /page-sitemap.xml HTTP/1.0" 200 1873 "-" "Mozilla/5.0 (compatible; AhrefsBot/7.0; +http://ahrefs.com/robot/)"
45.117.177.72 - - [07/Sep/2025:17:21:22 +0700] "POST /wp-cron.php?doing_wp_cron=1757240481.8393750190734863281250 HTTP/1.0" 200 416 "-" "WordPress/6.8.1; https://vattusacky.vn"
51.75.236.133 - - [07/Sep/2025:17:21:20 +0700] "GET /attachment-sitemap.xml HTTP/1.0" 200 72345 "-" "Mozilla/5.0 (compatible; AhrefsBot/7.0; +http://ahrefs.com/robot/)"
20.171.207.251 - - [07/Sep/2025:17:21:36 +0700] "GET /?p=8385 HTTP/1.0" 301 504 "-" "Mozilla/5.0 AppleWebKit/537.36 (KHTML, like Gecko; compatible; GPTBot/1.2; +https://openai.com/gptbot)"
154.54.249.200 - - [07/Sep/2025:17:21:36 +0700] "GET /san-pham/thiet-bi-lay-mau-nuoc-alpha-van-dorn-loai-ngang-6-2-lit-nhan-hang-wildco/ HTTP/1.0" 200 372272 "-" "Mozilla/5.0 (compatible; Barkrowler/0.9; +https://babbar.tech/crawler)"
54.37.118.72 - - [07/Sep/2025:17:21:35 +0700] "GET /product-sitemap.xml HTTP/1.0" 200 51048 "-" "Mozilla/5.0 (compatible; AhrefsBot/7.0; +http://ahrefs.com/robot/)"
20.171.207.251 - - [07/Sep/2025:17:21:37 +0700] "GET /the-dark-side-of-omegle-dealing-with-inappropriate-behavior/ HTTP/1.0" 200 91007 "-" "Mozilla/5.0 AppleWebKit/537.36 (KHTML, like Gecko; compatible; GPTBot/1.2; +https://openai.com/gptbot)"
94.23.188.215 - - [07/Sep/2025:17:21:49 +0700] "GET /category-sitemap.xml HTTP/1.0" 200 24564 "-" "Mozilla/5.0 (compatible; AhrefsBot/7.0; +http://ahrefs.com/robot/)"
92.222.104.219 - - [07/Sep/2025:17:21:57 +0700] "GET /post_tag-sitemap.xml HTTP/1.0" 200 12903 "-" "Mozilla/5.0 (compatible; AhrefsBot/7.0; +http://ahrefs.com/robot/)"
92.222.104.216 - - [07/Sep/2025:17:22:04 +0700] "GET /product_cat-sitemap.xml HTTP/1.0" 200 8595 "-" "Mozilla/5.0 (compatible; AhrefsBot/7.0; +http://ahrefs.com/robot/)"
20.171.207.251 - - [07/Sep/2025:17:22:06 +0700] "GET /?p=8618 HTTP/1.0" 301 651 "-" "Mozilla/5.0 AppleWebKit/537.36 (KHTML, like Gecko; compatible; GPTBot/1.2; +https://openai.com/gptbot)"
20.171.207.251 - - [07/Sep/2025:17:22:07 +0700] "GET /the-influence-of-omegle-impact-on-online-social-interactions/ HTTP/1.0" 200 91747 "-" "Mozilla/5.0 AppleWebKit/537.36 (KHTML, like Gecko; compatible; GPTBot/1.2; +https://openai.com/gptbot)"
176.31.139.16 - - [07/Sep/2025:17:22:08 +0700] "GET /product_tag-sitemap.xml HTTP/1.0" 200 28520 "-" "Mozilla/5.0 (compatible; AhrefsBot/7.0; +http://ahrefs.com/robot/)"
217.113.194.79 - - [07/Sep/2025:17:22:14 +0700] "GET /san-pham/thiet-bi-lay-mau-nuoc-alpha-van-dorn-loai-doc-4-2-lit-nhan-hang-wildco-4/ HTTP/1.0" 200 369681 "-" "Mozilla/5.0 (compatible; Barkrowler/0.9; +https://babbar.tech/crawler)"
45.117.177.72 - - [07/Sep/2025:17:22:23 +0700] "POST /wp-cron.php?doing_wp_cron=1757240542.8163230419158935546875 HTTP/1.0" 200 416 "-" "WordPress/6.8.1; https://vattusacky.vn"
167.86.66.203 - - [07/Sep/2025:17:22:20 +0700] "GET /file-manager/ckeditor HTTP/1.0" 404 70812 "-" "Mozilla/5.0 (Windows NT 10.0; Win64; x64) AppleWebKit/537.36 (KHTML, like Gecko) Chrome/129.0.6668.71 Safari/537.36"
20.171.207.251 - - [07/Sep/2025:17:22:37 +0700] "GET /the-impact-of-human-connection-in-omegles-social-experiment/ HTTP/1.0" 200 93426 "-" "Mozilla/5.0 AppleWebKit/537.36 (KHTML, like Gecko; compatible; GPTBot/1.2; +https://openai.com/gptbot)"
87.250.224.126 - - [07/Sep/2025:17:22:58 +0700] "GET /the/tong-cacbon-huu-co/ HTTP/1.0" 200 74251 "-" "Mozilla/5.0 (compatible; YandexBot/3.0; +http://yandex.com/bots)"
217.113.194.217 - - [07/Sep/2025:17:23:00 +0700] "GET /san-pham/thiet-bi-lay-mau-nuoc-alpha-van-dorn-loai-doc-4-2-lit-nhan-hang-wildco-3/ HTTP/1.0" 200 369795 "-" "Mozilla/5.0 (compatible; Barkrowler/0.9; +https://babbar.tech/crawler)"
20.171.207.251 - - [07/Sep/2025:17:23:07 +0700] "GET /the-impact-of-technology-on-empathy-in-omegle-conversations/ HTTP/1.0" 200 82940 "-" "Mozilla/5.0 AppleWebKit/537.36 (KHTML, like Gecko; compatible; GPTBot/1.2; +https://openai.com/gptbot)"
45.117.177.72 - - [07/Sep/2025:17:23:33 +0700] "POST /wp-cron.php?doing_wp_cron=1757240613.3723371028900146484375 HTTP/1.0" 200 416 "-" "WordPress/6.8.1; https://vattusacky.vn"
20.171.207.251 - - [07/Sep/2025:17:23:32 +0700] "GET /?p=7161 HTTP/1.0" 301 504 "-" "Mozilla/5.0 AppleWebKit/537.36 (KHTML, like Gecko; compatible; GPTBot/1.2; +https://openai.com/gptbot)"
20.171.207.251 - - [07/Sep/2025:17:23:33 +0700] "GET /laughing-together-sharing-funny-moments-on-omegle-and-ometv/ HTTP/1.0" 200 92563 "-" "Mozilla/5.0 AppleWebKit/537.36 (KHTML, like Gecko; compatible; GPTBot/1.2; +https://openai.com/gptbot)"
20.171.207.251 - - [07/Sep/2025:17:24:06 +0700] "GET /?p=7448 HTTP/1.0" 301 504 "-" "Mozilla/5.0 AppleWebKit/537.36 (KHTML, like Gecko; compatible; GPTBot/1.2; +https://openai.com/gptbot)"
20.171.207.251 - - [07/Sep/2025:17:24:08 +0700] "GET /omegle-and-ometv-redefining-friendship-in-the-virtual-world/ HTTP/1.0" 200 92093 "-" "Mozilla/5.0 AppleWebKit/537.36 (KHTML, like Gecko; compatible; GPTBot/1.2; +https://openai.com/gptbot)"
20.171.207.251 - - [07/Sep/2025:17:24:35 +0700] "GET /?p=8448 HTTP/1.0" 301 511 "-" "Mozilla/5.0 AppleWebKit/537.36 (KHTML, like Gecko; compatible; GPTBot/1.2; +https://openai.com/gptbot)"
20.171.207.251 - - [07/Sep/2025:17:24:52 +0700] "GET /the-evolution-of-online-chatting-omegles-influence-on-the-industry/ HTTP/1.0" 200 92433 "-" "Mozilla/5.0 AppleWebKit/537.36 (KHTML, like Gecko; compatible; GPTBot/1.2; +https://openai.com/gptbot)"
20.171.207.251 - - [07/Sep/2025:17:25:16 +0700] "GET /the-thrill-of-randomness-embracing-the-unexpected-on-omegle/ HTTP/1.0" 200 90908 "-" "Mozilla/5.0 AppleWebKit/537.36 (KHTML, like Gecko; compatible; GPTBot/1.2; +https://openai.com/gptbot)"
45.117.177.72 - - [07/Sep/2025:17:26:02 +0700] "POST /wp-cron.php?doing_wp_cron=1757240762.2533450126647949218750 HTTP/1.0" 200 416 "-" "WordPress/6.8.1; https://vattusacky.vn"
207.46.13.7 - - [07/Sep/2025:17:26:00 +0700] "GET /omegles-unique-role-in-fostering-global-connections/ HTTP/1.0" 200 89449 "-" "Mozilla/5.0 AppleWebKit/537.36 (KHTML, like Gecko; compatible; bingbot/2.0; +http://www.bing.com/bingbot.htm) Chrome/116.0.1938.76 Safari/537.36"
20.171.207.251 - - [07/Sep/2025:17:26:09 +0700] "GET /?p=8710 HTTP/1.0" 301 504 "-" "Mozilla/5.0 AppleWebKit/537.36 (KHTML, like Gecko; compatible; GPTBot/1.2; +https://openai.com/gptbot)"
20.171.207.251 - - [07/Sep/2025:17:26:10 +0700] "GET /the-power-of-storytelling-in-building-connections-on-omegle/ HTTP/1.0" 200 91562 "-" "Mozilla/5.0 AppleWebKit/537.36 (KHTML, like Gecko; compatible; GPTBot/1.2; +https://openai.com/gptbot)"
45.117.177.72 - - [07/Sep/2025:17:27:15 +0700] "POST /wp-cron.php?doing_wp_cron=1757240835.3711988925933837890625 HTTP/1.0" 200 416 "-" "WordPress/6.8.1; https://vattusacky.vn"
20.171.207.251 - - [07/Sep/2025:17:27:14 +0700] "GET /omegle-as-a-platform-for-creativity-and-artistic-expression/ HTTP/1.0" 200 88661 "-" "Mozilla/5.0 AppleWebKit/537.36 (KHTML, like Gecko; compatible; GPTBot/1.2; +https://openai.com/gptbot)"
45.117.177.72 - - [07/Sep/2025:17:27:33 +0700] "POST /wp-cron.php?doing_wp_cron=1757240853.0973389148712158203125 HTTP/1.0" 200 416 "-" "WordPress/6.8.1; https://vattusacky.vn"
216.244.66.237 - - [07/Sep/2025:17:27:31 +0700] "GET /exploring-the-dynamics-of-online-intimacy-on-omegle/ HTTP/1.0" 200 91026 "-" "Mozilla/5.0 (compatible; DotBot/1.2; +https://opensiteexplorer.org/dotbot; help@moz.com)"
20.171.207.251 - - [07/Sep/2025:17:28:00 +0700] "GET /the-tech-genius-behind-omegle-and-ometv-revealed/ HTTP/1.0" 200 90572 "-" "Mozilla/5.0 AppleWebKit/537.36 (KHTML, like Gecko; compatible; GPTBot/1.2; +https://openai.com/gptbot)"
45.117.177.72 - - [07/Sep/2025:17:28:35 +0700] "POST /wp-cron.php?doing_wp_cron=1757240915.1197021007537841796875 HTTP/1.0" 200 416 "-" "WordPress/6.8.1; https://vattusacky.vn"
20.171.207.251 - - [07/Sep/2025:17:28:33 +0700] "GET /the-role-of-empathy-in-reducing-online-harassment-and-bullying-on-omegle/ HTTP/1.0" 200 92636 "-" "Mozilla/5.0 AppleWebKit/537.36 (KHTML, like Gecko; compatible; GPTBot/1.2; +https://openai.com/gptbot)"
20.171.207.251 - - [07/Sep/2025:17:29:01 +0700] "GET /?p=8389 HTTP/1.0" 301 504 "-" "Mozilla/5.0 AppleWebKit/537.36 (KHTML, like Gecko; compatible; GPTBot/1.2; +https://openai.com/gptbot)"
20.171.207.251 - - [07/Sep/2025:17:29:03 +0700] "GET /the-dark-side-of-omegle-illegal-activities-and-exploitation/ HTTP/1.0" 200 89777 "-" "Mozilla/5.0 AppleWebKit/537.36 (KHTML, like Gecko; compatible; GPTBot/1.2; +https://openai.com/gptbot)"
45.117.177.72 - - [07/Sep/2025:17:29:34 +0700] "POST /wp-cron.php?doing_wp_cron=1757240973.9634408950805664062500 HTTP/1.0" 200 416 "-" "WordPress/6.8.1; https://vattusacky.vn"
