85.208.96.208 - - [07/Sep/2025:16:16:17 +0700] "GET /cai-thien-nhanh-chong-cach-tim-da-mo-https-vaysite-com-nguoi-cho-vay-findo-nhu-mot-tien-bo-nhanh-chong-trong-nam-phut/ HTTP/1.0" 200 209883 "-" "Mozilla/5.0 (compatible; SemrushBot/7~bl; +http://www.semrush.com/bot.html)"
20.171.207.251 - - [07/Sep/2025:16:16:32 +0700] "GET /the-future-of-omegle-and-its-potential-impact-on-global-communication/ HTTP/1.0" 200 93091 "-" "Mozilla/5.0 AppleWebKit/537.36 (KHTML, like Gecko; compatible; GPTBot/1.2; +https://openai.com/gptbot)"
17.241.75.95 - - [07/Sep/2025:16:16:49 +0700] "GET /serendipity-and-the-art-of-finding-connection-in-a-vast-digital-landscape/ HTTP/1.0" 200 79152 "-" "Mozilla/5.0 (Macintosh; Intel Mac OS X 10_15_7) AppleWebKit/605.1.15 (KHTML, like Gecko) Version/17.4 Safari/605.1.15 (Applebot/0.1; +http://www.apple.com/go/applebot)"
45.117.177.72 - - [07/Sep/2025:16:17:19 +0700] "POST /wp-cron.php?doing_wp_cron=1757236638.5565829277038574218750 HTTP/1.0" 200 416 "-" "WordPress/6.8.1; https://vattusacky.vn"
20.171.207.251 - - [07/Sep/2025:16:17:16 +0700] "GET /?p=7450 HTTP/1.0" 301 509 "-" "Mozilla/5.0 AppleWebKit/537.36 (KHTML, like Gecko; compatible; GPTBot/1.2; +https://openai.com/gptbot)"
20.171.207.251 - - [07/Sep/2025:16:17:19 +0700] "GET /omegle-and-ometv-revolutionizing-the-way-we-make-new-connections/ HTTP/1.0" 200 86360 "-" "Mozilla/5.0 AppleWebKit/537.36 (KHTML, like Gecko; compatible; GPTBot/1.2; +https://openai.com/gptbot)"
20.171.207.251 - - [07/Sep/2025:16:17:40 +0700] "GET /?p=7785 HTTP/1.0" 301 514 "-" "Mozilla/5.0 AppleWebKit/537.36 (KHTML, like Gecko; compatible; GPTBot/1.2; +https://openai.com/gptbot)"
20.171.207.251 - - [07/Sep/2025:16:17:42 +0700] "GET /omegle-vs-ometv-which-platform-offers-better-gender-and-age-filtering/ HTTP/1.0" 200 89249 "-" "Mozilla/5.0 AppleWebKit/537.36 (KHTML, like Gecko; compatible; GPTBot/1.2; +https://openai.com/gptbot)"
20.171.207.251 - - [07/Sep/2025:16:18:01 +0700] "GET /?p=8905 HTTP/1.0" 301 513 "-" "Mozilla/5.0 AppleWebKit/537.36 (KHTML, like Gecko; compatible; GPTBot/1.2; +https://openai.com/gptbot)"
20.171.207.251 - - [07/Sep/2025:16:18:05 +0700] "GET /the-role-of-parental-guidance-in-navigating-omegle-for-younger-users/ HTTP/1.0" 200 91358 "-" "Mozilla/5.0 AppleWebKit/537.36 (KHTML, like Gecko; compatible; GPTBot/1.2; +https://openai.com/gptbot)"
45.117.177.72 - - [07/Sep/2025:16:18:34 +0700] "POST /wp-cron.php?doing_wp_cron=1757236713.7830638885498046875000 HTTP/1.0" 200 416 "-" "WordPress/6.8.1; https://vattusacky.vn"
85.208.96.211 - - [07/Sep/2025:16:18:30 +0700] "GET /benefit-gives-par-les-gambling-establishment-en-28/ HTTP/1.0" 200 77071 "-" "Mozilla/5.0 (compatible; SemrushBot/7~bl; +http://www.semrush.com/bot.html)"
20.171.207.251 - - [07/Sep/2025:16:18:48 +0700] "GET /guarding-against-the-dark-side-of-omegle-ensuring-online-safety/ HTTP/1.0" 200 91713 "-" "Mozilla/5.0 AppleWebKit/537.36 (KHTML, like Gecko; compatible; GPTBot/1.2; +https://openai.com/gptbot)"
217.113.194.73 - - [07/Sep/2025:16:19:10 +0700] "GET /san-pham/bgi-thiet-bi-lay-mau-bui-cao-do-o-khong-khi-xung-quanh/feed/ HTTP/1.0" 200 1752 "-" "Mozilla/5.0 (compatible; Barkrowler/0.9; +https://babbar.tech/crawler)"
45.117.177.72 - - [07/Sep/2025:16:19:27 +0700] "POST /wp-cron.php?doing_wp_cron=1757236767.4538578987121582031250 HTTP/1.0" 200 416 "-" "WordPress/6.8.1; https://vattusacky.vn"
20.171.207.251 - - [07/Sep/2025:16:19:25 +0700] "GET /the-role-of-filters-and-algorithms-in-omegles-social-experiment/ HTTP/1.0" 200 84507 "-" "Mozilla/5.0 AppleWebKit/537.36 (KHTML, like Gecko; compatible; GPTBot/1.2; +https://openai.com/gptbot)"
217.113.194.78 - - [07/Sep/2025:16:19:31 +0700] "GET /lam-the-nao-ban-co-the-kiem-vay-tien-online-nhanh-tra-thoi-gian-nghi-truc-tuyen/ HTTP/1.0" 200 211725 "-" "Mozilla/5.0 (compatible; Barkrowler/0.9; +https://babbar.tech/crawler)"
217.113.194.80 - - [07/Sep/2025:16:20:01 +0700] "GET /cach-so-sanh-tin-https-vaysite-com-nguoi-cho-vay-credy-dung-truc-tuyen/feed/ HTTP/1.0" 200 1819 "-" "Mozilla/5.0 (compatible; Barkrowler/0.9; +https://babbar.tech/crawler)"
20.171.207.251 - - [07/Sep/2025:16:20:10 +0700] "GET /the-cultural-phenomenon-of-omegle-and-ometv-a-global-perspective/ HTTP/1.0" 200 92958 "-" "Mozilla/5.0 AppleWebKit/537.36 (KHTML, like Gecko; compatible; GPTBot/1.2; +https://openai.com/gptbot)"
45.117.177.72 - - [07/Sep/2025:16:20:24 +0700] "POST /wp-cron.php?doing_wp_cron=1757236823.9410099983215332031250 HTTP/1.0" 200 416 "-" "WordPress/6.8.1; https://vattusacky.vn"
217.113.194.80 - - [07/Sep/2025:16:20:22 +0700] "GET /juegos-de-azar-el-grupo-espanol-codere-con-existencia-en-mendoza-afianza-sus-negocios-sobre-argentina/feed/ HTTP/1.0" 200 1904 "-" "Mozilla/5.0 (compatible; Barkrowler/0.9; +https://babbar.tech/crawler)"
185.191.171.14 - - [07/Sep/2025:16:20:23 +0700] "GET /author/yanz/page/321/ HTTP/1.0" 200 75925 "-" "Mozilla/5.0 (compatible; SemrushBot/7~bl; +http://www.semrush.com/bot.html)"
216.244.66.237 - - [07/Sep/2025:16:20:36 +0700] "GET /robots.txt HTTP/1.0" 200 984 "-" "Mozilla/5.0 (compatible; DotBot/1.2; +https://opensiteexplorer.org/dotbot; help@moz.com)"
20.171.207.251 - - [07/Sep/2025:16:20:38 +0700] "GET /how-omegle-breaks-down-boundaries-and-connects-people-across-the-globe/ HTTP/1.0" 200 92270 "-" "Mozilla/5.0 AppleWebKit/537.36 (KHTML, like Gecko; compatible; GPTBot/1.2; +https://openai.com/gptbot)"
217.113.194.77 - - [07/Sep/2025:16:20:42 +0700] "GET /codere-apostando-lanza-su-version-pc-y-movedizo-permitiendo-acceder-s-mercado-online-y-presencial/feed/ HTTP/1.0" 200 1897 "-" "Mozilla/5.0 (compatible; Barkrowler/0.9; +https://babbar.tech/crawler)"
216.73.216.162 - - [07/Sep/2025:16:20:42 +0700] "GET /?p=9867 HTTP/1.0" 301 656 "-" "Mozilla/5.0 AppleWebKit/537.36 (KHTML, like Gecko; compatible; ClaudeBot/1.0; +claudebot@anthropic.com)"
216.73.216.162 - - [07/Sep/2025:16:20:45 +0700] "GET /jakim-sposobem-zalozyc-spolke-bukmacherska-poradnik-krok-po-kroku/ HTTP/1.0" 200 77776 "https://vattusacky.vn/?p=9867" "Mozilla/5.0 AppleWebKit/537.36 (KHTML, like Gecko; compatible; ClaudeBot/1.0; +claudebot@anthropic.com)"
217.113.194.218 - - [07/Sep/2025:16:21:01 +0700] "GET /ung-dung-tien-do-tien-mat-vay-300-trieu-mua-xe-h5-hoat-dong-nhu-the-nao/feed/ HTTP/1.0" 200 1834 "-" "Mozilla/5.0 (compatible; Barkrowler/0.9; +https://babbar.tech/crawler)"
20.171.207.251 - - [07/Sep/2025:16:21:13 +0700] "GET /?p=8862 HTTP/1.0" 301 654 "-" "Mozilla/5.0 AppleWebKit/537.36 (KHTML, like Gecko; compatible; GPTBot/1.2; +https://openai.com/gptbot)"
45.117.177.72 - - [07/Sep/2025:16:21:20 +0700] "POST /wp-cron.php?doing_wp_cron=1757236879.9212729930877685546875 HTTP/1.0" 200 416 "-" "WordPress/6.8.1; https://vattusacky.vn"
20.171.207.251 - - [07/Sep/2025:16:21:16 +0700] "GET /the-role-of-filters-and-algorithms-in-omegles-social-experiment/ HTTP/1.0" 200 84507 "-" "Mozilla/5.0 AppleWebKit/537.36 (KHTML, like Gecko; compatible; GPTBot/1.2; +https://openai.com/gptbot)"
217.113.194.81 - - [07/Sep/2025:16:21:21 +0700] "GET /san-pham/bom-lay-mau-khi-the-tich-050-den-300-l-phut-sibata-mp-sigma300nii/ HTTP/1.0" 200 184816 "-" "Mozilla/5.0 (compatible; Barkrowler/0.9; +https://babbar.tech/crawler)"
216.73.216.162 - - [07/Sep/2025:16:21:34 +0700] "GET /?p=5993 HTTP/1.0" 301 630 "-" "Mozilla/5.0 AppleWebKit/537.36 (KHTML, like Gecko; compatible; ClaudeBot/1.0; +claudebot@anthropic.com)"
185.191.171.14 - - [07/Sep/2025:16:21:36 +0700] "GET /category/uncategorized/page/86/ HTTP/1.0" 200 76331 "-" "Mozilla/5.0 (compatible; SemrushBot/7~bl; +http://www.semrush.com/bot.html)"
216.73.216.162 - - [07/Sep/2025:16:21:36 +0700] "GET /predstavlyaem-prostoy-sposob-ket-kazino/ HTTP/1.0" 200 109499 "https://vattusacky.vn/?p=5993" "Mozilla/5.0 AppleWebKit/537.36 (KHTML, like Gecko; compatible; ClaudeBot/1.0; +claudebot@anthropic.com)"
217.113.194.74 - - [07/Sep/2025:16:21:55 +0700] "GET /mostbet-turkiyedeki-online-casinoda-spor-bahisleri-yaparak-kazanma-sansini-sunuyor/ HTTP/1.0" 200 92761 "-" "Mozilla/5.0 (compatible; Barkrowler/0.9; +https://babbar.tech/crawler)"
216.73.216.162 - - [07/Sep/2025:16:21:57 +0700] "GET /jakim-sposobem-zalozyc-spolke-bukmacherska-poradnik-krok-po-kroku/feed HTTP/1.0" 301 759 "-" "Mozilla/5.0 AppleWebKit/537.36 (KHTML, like Gecko; compatible; ClaudeBot/1.0; +claudebot@anthropic.com)"
216.73.216.162 - - [07/Sep/2025:16:21:59 +0700] "GET /jakim-sposobem-zalozyc-spolke-bukmacherska-poradnik-krok-po-kroku/feed/ HTTP/1.0" 200 1654 "https://vattusacky.vn/jakim-sposobem-zalozyc-spolke-bukmacherska-poradnik-krok-po-kroku/feed" "Mozilla/5.0 AppleWebKit/537.36 (KHTML, like Gecko; compatible; ClaudeBot/1.0; +claudebot@anthropic.com)"
20.171.207.251 - - [07/Sep/2025:16:22:03 +0700] "GET /omegle-and-ometv-navigating-the-ups-and-downs-of-online-relationships/ HTTP/1.0" 200 90795 "-" "Mozilla/5.0 AppleWebKit/537.36 (KHTML, like Gecko; compatible; GPTBot/1.2; +https://openai.com/gptbot)"
45.117.177.72 - - [07/Sep/2025:16:22:23 +0700] "POST /wp-cron.php?doing_wp_cron=1757236943.3401169776916503906250 HTTP/1.0" 200 416 "-" "WordPress/6.8.1; https://vattusacky.vn"
217.113.194.78 - - [07/Sep/2025:16:22:21 +0700] "GET /lam-the-nao-de-mua-mot-ung-vay-nhanh-1-trieu-truoc-truc-tuyen-nhanh-chong/ HTTP/1.0" 200 214286 "-" "Mozilla/5.0 (compatible; Barkrowler/0.9; +https://babbar.tech/crawler)"
20.171.207.251 - - [07/Sep/2025:16:22:53 +0700] "GET /?p=6982 HTTP/1.0" 301 508 "-" "Mozilla/5.0 AppleWebKit/537.36 (KHTML, like Gecko; compatible; GPTBot/1.2; +https://openai.com/gptbot)"
20.171.207.251 - - [07/Sep/2025:16:22:54 +0700] "GET /guarding-against-the-dark-side-of-omegle-ensuring-online-safety/ HTTP/1.0" 200 91713 "-" "Mozilla/5.0 AppleWebKit/537.36 (KHTML, like Gecko; compatible; GPTBot/1.2; +https://openai.com/gptbot)"
172.213.21.120 - - [07/Sep/2025:16:22:55 +0700] "GET / HTTP/1.0" 503 8085 "-" "Mozilla/5.0 AppleWebKit/537.36 (KHTML, like Gecko); compatible; ChatGPT-User/1.0; +https://openai.com/bot"
217.113.194.79 - - [07/Sep/2025:16:23:02 +0700] "GET /lam-the-nao-ban-co-the-vay-vaytienvn-com-tien-mat-truc-tuyen-xxiv-hai-chuc/ HTTP/1.0" 200 212756 "-" "Mozilla/5.0 (compatible; Barkrowler/0.9; +https://babbar.tech/crawler)"
45.117.177.72 - - [07/Sep/2025:16:23:20 +0700] "POST /wp-cron.php?doing_wp_cron=1757236999.7055749893188476562500 HTTP/1.0" 200 416 "-" "WordPress/6.8.1; https://vattusacky.vn"
20.171.207.251 - - [07/Sep/2025:16:23:16 +0700] "GET /?p=7973 HTTP/1.0" 301 503 "-" "Mozilla/5.0 AppleWebKit/537.36 (KHTML, like Gecko; compatible; GPTBot/1.2; +https://openai.com/gptbot)"
20.171.207.251 - - [07/Sep/2025:16:23:20 +0700] "GET /omegles-role-in-shaping-the-future-of-online-communication/ HTTP/1.0" 200 90200 "-" "Mozilla/5.0 AppleWebKit/537.36 (KHTML, like Gecko; compatible; GPTBot/1.2; +https://openai.com/gptbot)"
217.113.194.217 - - [07/Sep/2025:16:23:32 +0700] "GET /lam-the-nao-ban-co-the-vay-vaytienvn-com-tien-mat-truc-tuyen-xxiv-hai-chuc/feed/ HTTP/1.0" 200 1838 "-" "Mozilla/5.0 (compatible; Barkrowler/0.9; +https://babbar.tech/crawler)"
20.171.207.251 - - [07/Sep/2025:16:23:48 +0700] "GET /how-omegles-social-experiment-fosters-a-sense-of-belonging/ HTTP/1.0" 200 92235 "-" "Mozilla/5.0 AppleWebKit/537.36 (KHTML, like Gecko; compatible; GPTBot/1.2; +https://openai.com/gptbot)"
217.113.194.79 - - [07/Sep/2025:16:23:51 +0700] "GET /thiet-bi-lay-mau-bui-pm10-pm2-5-xung-quanh-dong-thoi-model-ipm-fds-2510/ HTTP/1.0" 200 220374 "-" "Mozilla/5.0 (compatible; Barkrowler/0.9; +https://babbar.tech/crawler)"
20.171.207.251 - - [07/Sep/2025:16:24:13 +0700] "GET /?p=8881 HTTP/1.0" 301 514 "-" "Mozilla/5.0 AppleWebKit/537.36 (KHTML, like Gecko; compatible; GPTBot/1.2; +https://openai.com/gptbot)"
20.171.207.251 - - [07/Sep/2025:16:24:15 +0700] "GET /the-role-of-networking-in-expanding-opportunities-on-omegle-and-ometv/ HTTP/1.0" 200 93379 "-" "Mozilla/5.0 AppleWebKit/537.36 (KHTML, like Gecko; compatible; GPTBot/1.2; +https://openai.com/gptbot)"
45.117.177.72 - - [07/Sep/2025:16:24:18 +0700] "POST /wp-cron.php?doing_wp_cron=1757237057.9420769214630126953125 HTTP/1.0" 200 416 "-" "WordPress/6.8.1; https://vattusacky.vn"
217.113.194.72 - - [07/Sep/2025:16:24:16 +0700] "GET /tang-xep-hang-tin-dung-cua-ban-tu-vdong-chuong-trinh-phan-mem-cai-thien-findo/ HTTP/1.0" 200 210237 "-" "Mozilla/5.0 (compatible; Barkrowler/0.9; +https://babbar.tech/crawler)"
87.250.224.86 - - [07/Sep/2025:16:24:32 +0700] "GET /the-power-of-reflection-on-omegle-learning-and-growing-from-conversational-experiences/ HTTP/1.0" 200 92463 "-" "Mozilla/5.0 (compatible; YandexBot/3.0; +http://yandex.com/bots)"
20.171.207.251 - - [07/Sep/2025:16:24:39 +0700] "GET /the-impact-of-omegle-on-traditional-forms-of-socialization-and-dating/ HTTP/1.0" 200 75774 "-" "Mozilla/5.0 AppleWebKit/537.36 (KHTML, like Gecko; compatible; GPTBot/1.2; +https://openai.com/gptbot)"
217.113.194.78 - - [07/Sep/2025:16:24:43 +0700] "GET /1win-bukmekerskaja-kontora-ofitsialnyj-sajt-bk-1vin-bet-zerkalo-na-segodnja/feed/ HTTP/1.0" 200 1880 "-" "Mozilla/5.0 (compatible; Barkrowler/0.9; +https://babbar.tech/crawler)"
109.172.93.99 - - [07/Sep/2025:16:24:50 +0700] "GET / HTTP/1.0" 200 60070 "-" "Mozilla/5.0 (X11; Linux x86_64) Chrome/19.0.1084.9 Safari/536.5"
217.113.194.75 - - [07/Sep/2025:16:25:02 +0700] "GET /san-pham/bo-lay-mau-loi-2%E2%80%B3-x-6%E2%80%B3-co-ky-hieu-signature-scs-complete/ HTTP/1.0" 200 328274 "-" "Mozilla/5.0 (compatible; Barkrowler/0.9; +https://babbar.tech/crawler)"
20.171.207.251 - - [07/Sep/2025:16:25:09 +0700] "GET /serendipity-and-the-power-of-curiosity-in-expanding-our-horizons-online/ HTTP/1.0" 200 90008 "-" "Mozilla/5.0 AppleWebKit/537.36 (KHTML, like Gecko; compatible; GPTBot/1.2; +https://openai.com/gptbot)"
45.117.177.72 - - [07/Sep/2025:16:25:37 +0700] "POST /wp-cron.php?doing_wp_cron=1757237137.3719089031219482421875 HTTP/1.0" 200 416 "-" "WordPress/6.8.1; https://vattusacky.vn"
20.171.207.251 - - [07/Sep/2025:16:25:35 +0700] "GET /?p=8467 HTTP/1.0" 301 514 "-" "Mozilla/5.0 AppleWebKit/537.36 (KHTML, like Gecko; compatible; GPTBot/1.2; +https://openai.com/gptbot)"
20.171.207.251 - - [07/Sep/2025:16:25:37 +0700] "GET /the-future-of-omegle-and-its-potential-impact-on-global-communication/ HTTP/1.0" 200 93091 "-" "Mozilla/5.0 AppleWebKit/537.36 (KHTML, like Gecko; compatible; GPTBot/1.2; +https://openai.com/gptbot)"
217.113.194.81 - - [07/Sep/2025:16:25:39 +0700] "GET /san-pham/bo-lay-mau-loi-2%E2%80%B3-x-6%E2%80%B3-co-ky-hieu-signature-scs-complete/feed/ HTTP/1.0" 200 1786 "-" "Mozilla/5.0 (compatible; Barkrowler/0.9; +https://babbar.tech/crawler)"
216.73.216.162 - - [07/Sep/2025:16:25:49 +0700] "GET /predstavlyaem-prostoy-sposob-ket-kazino/feed HTTP/1.0" 301 733 "-" "Mozilla/5.0 AppleWebKit/537.36 (KHTML, like Gecko; compatible; ClaudeBot/1.0; +claudebot@anthropic.com)"
216.73.216.162 - - [07/Sep/2025:16:25:50 +0700] "GET /predstavlyaem-prostoy-sposob-ket-kazino/feed/ HTTP/1.0" 200 1601 "https://vattusacky.vn/predstavlyaem-prostoy-sposob-ket-kazino/feed" "Mozilla/5.0 AppleWebKit/537.36 (KHTML, like Gecko; compatible; ClaudeBot/1.0; +claudebot@anthropic.com)"
217.113.194.79 - - [07/Sep/2025:16:26:00 +0700] "GET /san-pham/bo-dung-cu-lay-mau-dat-2%C2%BC-co-ky-hieu-signature-soil-sampler-kit/feed/ HTTP/1.0" 200 1791 "-" "Mozilla/5.0 (compatible; Barkrowler/0.9; +https://babbar.tech/crawler)"
45.117.177.72 - - [07/Sep/2025:16:26:20 +0700] "POST /wp-cron.php?doing_wp_cron=1757237179.9990119934082031250000 HTTP/1.0" 200 416 "-" "WordPress/6.8.1; https://vattusacky.vn"
20.171.207.251 - - [07/Sep/2025:16:26:18 +0700] "GET /?p=8376 HTTP/1.0" 301 655 "-" "Mozilla/5.0 AppleWebKit/537.36 (KHTML, like Gecko; compatible; GPTBot/1.2; +https://openai.com/gptbot)"
87.250.224.21 - - [07/Sep/2025:16:26:18 +0700] "GET /a-closer-look-at-the-risks-on-omegle-stay-safe-online/ HTTP/1.0" 200 89925 "-" "Mozilla/5.0 (compatible; YandexBot/3.0; +http://yandex.com/bots)"
217.113.194.76 - - [07/Sep/2025:16:26:19 +0700] "GET /san-pham/bom-lay-mau-khi-the-tich-050-den-300-l-phut-sibata-mp-sigma300nii/feed/ HTTP/1.0" 200 1781 "-" "Mozilla/5.0 (compatible; Barkrowler/0.9; +https://babbar.tech/crawler)"
20.171.207.251 - - [07/Sep/2025:16:26:20 +0700] "GET /the-cultural-phenomenon-of-omegle-and-ometv-a-global-perspective/ HTTP/1.0" 200 92958 "-" "Mozilla/5.0 AppleWebKit/537.36 (KHTML, like Gecko; compatible; GPTBot/1.2; +https://openai.com/gptbot)"
4.227.36.9 - - [07/Sep/2025:16:26:21 +0700] "GET /robots.txt HTTP/1.0" 200 984 "-" "Mozilla/5.0 AppleWebKit/537.36 (KHTML, like Gecko; compatible; GPTBot/1.2; +https://openai.com/gptbot)"
40.77.167.116 - - [07/Sep/2025:16:26:33 +0700] "GET /omegle-breaking-down-barriers-and-stereotypes-through-chatting/ HTTP/1.0" 200 89728 "-" "Mozilla/5.0 AppleWebKit/537.36 (KHTML, like Gecko; compatible; bingbot/2.0; +http://www.bing.com/bingbot.htm) Chrome/116.0.1938.76 Safari/537.36"
217.113.194.78 - - [07/Sep/2025:16:26:39 +0700] "GET /san-pham/thiet-bi-lay-mau-bui-puf-58-280-lpm-khong-choi-than-03-cap/feed/ HTTP/1.0" 200 1764 "-" "Mozilla/5.0 (compatible; Barkrowler/0.9; +https://babbar.tech/crawler)"
20.171.207.251 - - [07/Sep/2025:16:26:54 +0700] "GET /?p=8557 HTTP/1.0" 301 514 "-" "Mozilla/5.0 AppleWebKit/537.36 (KHTML, like Gecko; compatible; GPTBot/1.2; +https://openai.com/gptbot)"
20.171.207.251 - - [07/Sep/2025:16:26:55 +0700] "GET /the-impact-of-omegle-on-traditional-forms-of-socialization-and-dating/ HTTP/1.0" 200 75774 "-" "Mozilla/5.0 AppleWebKit/537.36 (KHTML, like Gecko; compatible; GPTBot/1.2; +https://openai.com/gptbot)"
217.113.194.73 - - [07/Sep/2025:16:26:59 +0700] "GET /san-pham/hi-q-_-phan-loc-bui-pm2-5-hi-vol-inlet-bo-kit-ho-tro-chuyen-dau/ HTTP/1.0" 200 369538 "-" "Mozilla/5.0 (compatible; Barkrowler/0.9; +https://babbar.tech/crawler)"
216.73.216.162 - - [07/Sep/2025:16:27:12 +0700] "GET /intervju-maksima-krippy-dlja-zhurnala-investicii-1044/feed HTTP/1.0" 301 747 "-" "Mozilla/5.0 AppleWebKit/537.36 (KHTML, like Gecko; compatible; ClaudeBot/1.0; +claudebot@anthropic.com)"
216.73.216.162 - - [07/Sep/2025:16:27:13 +0700] "GET /intervju-maksima-krippy-dlja-zhurnala-investicii-1044/feed/ HTTP/1.0" 200 1644 "https://vattusacky.vn/intervju-maksima-krippy-dlja-zhurnala-investicii-1044/feed" "Mozilla/5.0 AppleWebKit/537.36 (KHTML, like Gecko; compatible; ClaudeBot/1.0; +claudebot@anthropic.com)"
45.117.177.72 - - [07/Sep/2025:16:27:23 +0700] "POST /wp-cron.php?doing_wp_cron=1757237242.8881440162658691406250 HTTP/1.0" 200 416 "-" "WordPress/6.8.1; https://vattusacky.vn"
20.171.207.251 - - [07/Sep/2025:16:27:21 +0700] "GET /the-thrill-of-the-unknown-embracing-uncertainty-on-omegle/ HTTP/1.0" 200 89655 "-" "Mozilla/5.0 AppleWebKit/537.36 (KHTML, like Gecko; compatible; GPTBot/1.2; +https://openai.com/gptbot)"
217.113.194.218 - - [07/Sep/2025:16:27:39 +0700] "GET /video-tutorial-activities-port-models-video-tutorial-activities-3q-collection-of-100-free-video-tutorial-casino-wars-modern-casino-slot/ HTTP/1.0" 200 212270 "-" "Mozilla/5.0 (compatible; Barkrowler/0.9; +https://babbar.tech/crawler)"
20.171.207.251 - - [07/Sep/2025:16:27:54 +0700] "GET /?p=7025 HTTP/1.0" 301 515 "-" "Mozilla/5.0 AppleWebKit/537.36 (KHTML, like Gecko; compatible; GPTBot/1.2; +https://openai.com/gptbot)"
20.171.207.251 - - [07/Sep/2025:16:27:55 +0700] "GET /how-omegle-breaks-down-boundaries-and-connects-people-across-the-globe/ HTTP/1.0" 200 92270 "-" "Mozilla/5.0 AppleWebKit/537.36 (KHTML, like Gecko; compatible; GPTBot/1.2; +https://openai.com/gptbot)"
217.113.194.74 - - [07/Sep/2025:16:28:12 +0700] "GET /voprosy-i-otvety-pro-bk-mostbet-glinlik-glinlik-modelleri-glinlik-qiymtlri/ HTTP/1.0" 200 99121 "-" "Mozilla/5.0 (compatible; Barkrowler/0.9; +https://babbar.tech/crawler)"
92.222.104.199 - - [07/Sep/2025:16:28:12 +0700] "GET / HTTP/1.0" 200 60070 "-" "Mozilla/5.0 (compatible; AhrefsBot/7.0; +http://ahrefs.com/robot/)"
45.117.177.72 - - [07/Sep/2025:16:28:34 +0700] "POST /wp-cron.php?doing_wp_cron=1757237314.2320399284362792968750 HTTP/1.0" 200 416 "-" "WordPress/6.8.1; https://vattusacky.vn"
217.113.194.217 - - [07/Sep/2025:16:28:32 +0700] "GET /por-que-no-puedo-retirar-dinero-de-1xbet-mejores-casas-de-apuestas-en-linea-y-bonos-165/ HTTP/1.0" 200 88288 "-" "Mozilla/5.0 (compatible; Barkrowler/0.9; +https://babbar.tech/crawler)"
20.171.207.251 - - [07/Sep/2025:16:28:36 +0700] "GET /?p=7445 HTTP/1.0" 301 514 "-" "Mozilla/5.0 AppleWebKit/537.36 (KHTML, like Gecko; compatible; GPTBot/1.2; +https://openai.com/gptbot)"
20.171.207.251 - - [07/Sep/2025:16:28:38 +0700] "GET /omegle-and-ometv-navigating-the-ups-and-downs-of-online-relationships/ HTTP/1.0" 200 90795 "-" "Mozilla/5.0 AppleWebKit/537.36 (KHTML, like Gecko; compatible; GPTBot/1.2; +https://openai.com/gptbot)"
217.113.194.76 - - [07/Sep/2025:16:28:56 +0700] "GET /yeu-cau-doi-voi-chuong-https-tienapps-com-ve-chung-toi-trinh-tien-bo-truc-tuyen/ HTTP/1.0" 200 212123 "-" "Mozilla/5.0 (compatible; Barkrowler/0.9; +https://babbar.tech/crawler)"
20.171.207.251 - - [07/Sep/2025:16:29:04 +0700] "GET /uncovering-the-bonds-of-love-and-friendship-in-omelove/ HTTP/1.0" 200 90253 "-" "Mozilla/5.0 AppleWebKit/537.36 (KHTML, like Gecko; compatible; GPTBot/1.2; +https://openai.com/gptbot)"
45.117.177.72 - - [07/Sep/2025:16:29:20 +0700] "POST /wp-cron.php?doing_wp_cron=1757237359.9857308864593505859375 HTTP/1.0" 200 416 "-" "WordPress/6.8.1; https://vattusacky.vn"
149.154.161.252 - - [07/Sep/2025:16:29:18 +0700] "GET / HTTP/1.0" 200 60070 "-" "TelegramBot (like TwitterBot)"
20.171.207.251 - - [07/Sep/2025:16:29:22 +0700] "GET /?p=8196 HTTP/1.0" 301 516 "-" "Mozilla/5.0 AppleWebKit/537.36 (KHTML, like Gecko; compatible; GPTBot/1.2; +https://openai.com/gptbot)"
154.54.249.200 - - [07/Sep/2025:16:29:24 +0700] "GET /thiet-bi-lay-mau-bui-pm10-pm2-5-xung-quanh-dong-thoi-model-ipm-fds-2510/feed/ HTTP/1.0" 200 1827 "-" "Mozilla/5.0 (compatible; Barkrowler/0.9; +https://babbar.tech/crawler)"
20.171.207.251 - - [07/Sep/2025:16:29:24 +0700] "GET /serendipity-and-the-power-of-curiosity-in-expanding-our-horizons-online/ HTTP/1.0" 200 90008 "-" "Mozilla/5.0 AppleWebKit/537.36 (KHTML, like Gecko; compatible; GPTBot/1.2; +https://openai.com/gptbot)"
216.73.216.162 - - [07/Sep/2025:16:29:36 +0700] "GET /category/gg-bet/feed HTTP/1.0" 301 663 "-" "Mozilla/5.0 AppleWebKit/537.36 (KHTML, like Gecko; compatible; ClaudeBot/1.0; +claudebot@anthropic.com)"
216.73.216.162 - - [07/Sep/2025:16:29:38 +0700] "GET /category/gg-bet/feed/ HTTP/1.0" 200 18847 "https://vattusacky.vn/category/gg-bet/feed" "Mozilla/5.0 AppleWebKit/537.36 (KHTML, like Gecko; compatible; ClaudeBot/1.0; +claudebot@anthropic.com)"
217.113.194.80 - - [07/Sep/2025:16:29:44 +0700] "GET /leo-vegas-casino-welcome-reward-100-deposit-bonus-upwards-to-1000-and-up-200-free-moves-for-july-2023/feed/ HTTP/1.0" 200 1901 "-" "Mozilla/5.0 (compatible; Barkrowler/0.9; +https://babbar.tech/crawler)"
64.233.173.229 - - [07/Sep/2025:16:29:58 +0700] "GET /.well-known/traffic-advice HTTP/1.0" 404 70812 "-" "Chrome Privacy Preserving Prefetch Proxy"
72.14.201.155 - - [07/Sep/2025:16:29:58 +0700] "GET / HTTP/1.0" 200 60070 "https://www.google.com/" "Mozilla/5.0 (Windows NT 10.0; Win64; x64) AppleWebKit/537.36 (KHTML, like Gecko) Chrome/139.0.0.0 Safari/537.36"
64.233.173.229 - - [07/Sep/2025:16:30:02 +0700] "GET /.well-known/traffic-advice HTTP/1.0" 404 70812 "-" "Chrome Privacy Preserving Prefetch Proxy"
72.14.201.155 - - [07/Sep/2025:16:30:02 +0700] "GET /tag/1xbet/ HTTP/1.0" 200 76460 "https://www.google.com/" "Mozilla/5.0 (Windows NT 10.0; Win64; x64) AppleWebKit/537.36 (KHTML, like Gecko) Chrome/139.0.0.0 Safari/537.36"
154.54.249.200 - - [07/Sep/2025:16:30:04 +0700] "GET /mang-lai-thoi-gian-nghi-ngoi-cashberry-vay-tien-lien-quan-den-tin-dung-tuc-thi/ HTTP/1.0" 200 210724 "-" "Mozilla/5.0 (compatible; Barkrowler/0.9; +https://babbar.tech/crawler)"
45.117.177.72 - - [07/Sep/2025:16:30:18 +0700] "POST /wp-cron.php?doing_wp_cron=1757237418.2242410182952880859375 HTTP/1.0" 200 416 "-" "WordPress/6.8.1; https://vattusacky.vn"
185.191.171.10 - - [07/Sep/2025:16:30:16 +0700] "GET /category/uncategorized/page/77/ HTTP/1.0" 200 77274 "-" "Mozilla/5.0 (compatible; SemrushBot/7~bl; +http://www.semrush.com/bot.html)"
217.113.194.217 - - [07/Sep/2025:16:30:26 +0700] "GET /mang-lai-thoi-gian-nghi-ngoi-cashberry-vay-tien-lien-quan-den-tin-dung-tuc-thi/feed/ HTTP/1.0" 200 1850 "-" "Mozilla/5.0 (compatible; Barkrowler/0.9; +https://babbar.tech/crawler)"
20.171.207.251 - - [07/Sep/2025:16:30:38 +0700] "GET /?p=7044 HTTP/1.0" 301 503 "-" "Mozilla/5.0 AppleWebKit/537.36 (KHTML, like Gecko; compatible; GPTBot/1.2; +https://openai.com/gptbot)"
69.171.230.7 - - [07/Sep/2025:16:30:39 +0700] "GET /robots.txt HTTP/1.0" 200 984 "-" "facebookexternalhit/1.1 (+http://www.facebook.com/externalhit_uatext.php)"
20.171.207.251 - - [07/Sep/2025:16:30:40 +0700] "GET /how-omegles-social-experiment-fosters-a-sense-of-belonging/ HTTP/1.0" 200 92235 "-" "Mozilla/5.0 AppleWebKit/537.36 (KHTML, like Gecko; compatible; GPTBot/1.2; +https://openai.com/gptbot)"
217.113.194.81 - - [07/Sep/2025:16:30:48 +0700] "GET /phan-mem-tien-do-senmo-nhanh-chong-gapvay-don-gian-va-de-dang-co-the-van-chuyen/feed/ HTTP/1.0" 200 1870 "-" "Mozilla/5.0 (compatible; Barkrowler/0.9; +https://babbar.tech/crawler)"
217.113.194.218 - - [07/Sep/2025:16:31:07 +0700] "GET /tang-lich-su-tin-dung-cua-ban-tai-vay-nhanh-online-500k-findo-progress-phan-mem-may-tinh/ HTTP/1.0" 200 210611 "-" "Mozilla/5.0 (compatible; Barkrowler/0.9; +https://babbar.tech/crawler)"
45.117.177.72 - - [07/Sep/2025:16:31:24 +0700] "POST /wp-cron.php?doing_wp_cron=1757237484.5011470317840576171875 HTTP/1.0" 200 416 "-" "WordPress/6.8.1; https://vattusacky.vn"
20.171.207.251 - - [07/Sep/2025:16:31:23 +0700] "GET /the-rise-of-omegle-exploring-its-role-in-modern-communication/ HTTP/1.0" 200 88887 "-" "Mozilla/5.0 AppleWebKit/537.36 (KHTML, like Gecko; compatible; GPTBot/1.2; +https://openai.com/gptbot)"
216.73.216.162 - - [07/Sep/2025:16:31:33 +0700] "GET /?p=3199 HTTP/1.0" 301 644 "-" "Mozilla/5.0 AppleWebKit/537.36 (KHTML, like Gecko; compatible; ClaudeBot/1.0; +claudebot@anthropic.com)"
216.73.216.162 - - [07/Sep/2025:16:31:35 +0700] "GET /intervju-maksima-krippy-dlja-zhurnala-investicii-1044/ HTTP/1.0" 200 253580 "https://vattusacky.vn/?p=3199" "Mozilla/5.0 AppleWebKit/537.36 (KHTML, like Gecko; compatible; ClaudeBot/1.0; +claudebot@anthropic.com)"
217.113.194.218 - - [07/Sep/2025:16:31:37 +0700] "GET /worldcoin-ya-regala-dinero-por-registrarse-sam-altman-aspira-a-que-2000-millones-de-humanos-se-apunten-935/ HTTP/1.0" 200 83939 "-" "Mozilla/5.0 (compatible; Barkrowler/0.9; +https://babbar.tech/crawler)"
217.113.194.75 - - [07/Sep/2025:16:32:00 +0700] "GET /san-pham/thiet-bi-lay-mau-nuoc-alpha-van-dorn-loai-doc-4-2-lit-nhan-hang-wildco/ HTTP/1.0" 200 372162 "-" "Mozilla/5.0 (compatible; Barkrowler/0.9; +https://babbar.tech/crawler)"
45.117.177.72 - - [07/Sep/2025:16:32:28 +0700] "POST /wp-cron.php?doing_wp_cron=1757237548.3320059776306152343750 HTTP/1.0" 200 416 "-" "WordPress/6.8.1; https://vattusacky.vn"
20.171.207.251 - - [07/Sep/2025:16:32:27 +0700] "GET /omegle-as-a-research-tool-gathering-data-through-online-surveys/ HTTP/1.0" 200 93734 "-" "Mozilla/5.0 AppleWebKit/537.36 (KHTML, like Gecko; compatible; GPTBot/1.2; +https://openai.com/gptbot)"
85.208.96.200 - - [07/Sep/2025:16:33:01 +0700] "GET /danh-muc/moi-truong-nuoc/may-do-nuoc-da-chi-tieu-hien-truong/ HTTP/1.0" 200 154624 "-" "Mozilla/5.0 (compatible; SemrushBot/7~bl; +http://www.semrush.com/bot.html)"
20.171.207.251 - - [07/Sep/2025:16:33:03 +0700] "GET /the-impact-of-omegles-social-experiment-on-mental-health/ HTTP/1.0" 200 90325 "-" "Mozilla/5.0 AppleWebKit/537.36 (KHTML, like Gecko; compatible; GPTBot/1.2; +https://openai.com/gptbot)"
45.117.177.72 - - [07/Sep/2025:16:33:36 +0700] "POST /wp-cron.php?doing_wp_cron=1757237616.7159049510955810546875 HTTP/1.0" 200 416 "-" "WordPress/6.8.1; https://vattusacky.vn"
20.171.207.251 - - [07/Sep/2025:16:33:35 +0700] "GET /the-role-of-technology-in-improving-safety-on-omegle/ HTTP/1.0" 200 90503 "-" "Mozilla/5.0 AppleWebKit/537.36 (KHTML, like Gecko; compatible; GPTBot/1.2; +https://openai.com/gptbot)"
20.171.207.251 - - [07/Sep/2025:16:34:03 +0700] "GET /the-unique-experience-of-omegle-what-sets-it-apart/ HTTP/1.0" 200 90755 "-" "Mozilla/5.0 AppleWebKit/537.36 (KHTML, like Gecko; compatible; GPTBot/1.2; +https://openai.com/gptbot)"
207.46.13.51 - - [07/Sep/2025:16:34:13 +0700] "GET /?attachment_id=1639 HTTP/1.0" 200 194947 "-" "Mozilla/5.0 AppleWebKit/537.36 (KHTML, like Gecko; compatible; bingbot/2.0; +http://www.bing.com/bingbot.htm) Chrome/116.0.1938.76 Safari/537.36"
216.73.216.162 - - [07/Sep/2025:16:34:19 +0700] "GET /delving-into-the-world-of-omegle-chatting-what-lies-beneath/feed HTTP/1.0" 301 753 "-" "Mozilla/5.0 AppleWebKit/537.36 (KHTML, like Gecko; compatible; ClaudeBot/1.0; +claudebot@anthropic.com)"
45.117.177.72 - - [07/Sep/2025:16:34:21 +0700] "POST /wp-cron.php?doing_wp_cron=1757237660.9761741161346435546875 HTTP/1.0" 200 416 "-" "WordPress/6.8.1; https://vattusacky.vn"
216.73.216.162 - - [07/Sep/2025:16:34:19 +0700] "GET /?p=10555 HTTP/1.0" 301 637 "-" "Mozilla/5.0 AppleWebKit/537.36 (KHTML, like Gecko; compatible; ClaudeBot/1.0; +claudebot@anthropic.com)"
216.73.216.162 - - [07/Sep/2025:16:34:21 +0700] "GET /delving-into-the-world-of-omegle-chatting-what-lies-beneath/feed/ HTTP/1.0" 200 1628 "https://vattusacky.vn/delving-into-the-world-of-omegle-chatting-what-lies-beneath/feed" "Mozilla/5.0 AppleWebKit/537.36 (KHTML, like Gecko; compatible; ClaudeBot/1.0; +claudebot@anthropic.com)"
216.73.216.162 - - [07/Sep/2025:16:34:21 +0700] "GET /daddy-casino-onlajn-kazino-bonusy-demo-bystryj/ HTTP/1.0" 200 96479 "https://vattusacky.vn/?p=10555" "Mozilla/5.0 AppleWebKit/537.36 (KHTML, like Gecko; compatible; ClaudeBot/1.0; +claudebot@anthropic.com)"
216.73.216.162 - - [07/Sep/2025:16:34:23 +0700] "GET /?p=10547 HTTP/1.0" 301 488 "-" "Mozilla/5.0 AppleWebKit/537.36 (KHTML, like Gecko; compatible; ClaudeBot/1.0; +claudebot@anthropic.com)"
216.73.216.162 - - [07/Sep/2025:16:34:25 +0700] "GET /getx-onlajn-igra-otzyvy-igrokov-o-zarabotke/ HTTP/1.0" 200 107471 "https://vattusacky.vn/?p=10547" "Mozilla/5.0 AppleWebKit/537.36 (KHTML, like Gecko; compatible; ClaudeBot/1.0; +claudebot@anthropic.com)"
20.171.207.251 - - [07/Sep/2025:16:34:46 +0700] "GET /?p=8990 HTTP/1.0" 301 502 "-" "Mozilla/5.0 AppleWebKit/537.36 (KHTML, like Gecko; compatible; GPTBot/1.2; +https://openai.com/gptbot)"
20.171.207.251 - - [07/Sep/2025:16:34:47 +0700] "GET /the-thrill-of-the-unknown-embracing-uncertainty-on-omegle/ HTTP/1.0" 200 89655 "-" "Mozilla/5.0 AppleWebKit/537.36 (KHTML, like Gecko; compatible; GPTBot/1.2; +https://openai.com/gptbot)"
216.73.216.162 - - [07/Sep/2025:16:35:05 +0700] "GET /?p=10545 HTTP/1.0" 301 640 "-" "Mozilla/5.0 AppleWebKit/537.36 (KHTML, like Gecko; compatible; ClaudeBot/1.0; +claudebot@anthropic.com)"
216.73.216.162 - - [07/Sep/2025:16:35:05 +0700] "GET /vavada-android-apk-ios-internet-kazino-na-dengi-2/feed HTTP/1.0" 301 743 "-" "Mozilla/5.0 AppleWebKit/537.36 (KHTML, like Gecko; compatible; ClaudeBot/1.0; +claudebot@anthropic.com)"
216.73.216.162 - - [07/Sep/2025:16:35:07 +0700] "GET /vavada-android-apk-ios-internet-kazino-na-dengi-2/ HTTP/1.0" 200 93754 "https://vattusacky.vn/?p=10545" "Mozilla/5.0 AppleWebKit/537.36 (KHTML, like Gecko; compatible; ClaudeBot/1.0; +claudebot@anthropic.com)"
216.73.216.162 - - [07/Sep/2025:16:35:07 +0700] "GET /vavada-android-apk-ios-internet-kazino-na-dengi-2/feed/ HTTP/1.0" 200 1633 "https://vattusacky.vn/vavada-android-apk-ios-internet-kazino-na-dengi-2/feed" "Mozilla/5.0 AppleWebKit/537.36 (KHTML, like Gecko; compatible; ClaudeBot/1.0; +claudebot@anthropic.com)"
216.73.216.162 - - [07/Sep/2025:16:35:09 +0700] "GET /breaking-barriers-omegles-contribution-to-global-communication/feed HTTP/1.0" 301 610 "-" "Mozilla/5.0 AppleWebKit/537.36 (KHTML, like Gecko; compatible; ClaudeBot/1.0; +claudebot@anthropic.com)"
216.73.216.162 - - [07/Sep/2025:16:35:11 +0700] "GET /breaking-barriers-omegles-contribution-to-global-communication/feed/ HTTP/1.0" 200 1637 "https://vattusacky.vn/breaking-barriers-omegles-contribution-to-global-communication/feed" "Mozilla/5.0 AppleWebKit/537.36 (KHTML, like Gecko; compatible; ClaudeBot/1.0; +claudebot@anthropic.com)"
20.171.207.251 - - [07/Sep/2025:16:35:14 +0700] "GET /?p=9043 HTTP/1.0" 301 499 "-" "Mozilla/5.0 AppleWebKit/537.36 (KHTML, like Gecko; compatible; GPTBot/1.2; +https://openai.com/gptbot)"
45.117.177.72 - - [07/Sep/2025:16:35:17 +0700] "POST /wp-cron.php?doing_wp_cron=1757237717.1837060451507568359375 HTTP/1.0" 200 416 "-" "WordPress/6.8.1; https://vattusacky.vn"
20.171.207.251 - - [07/Sep/2025:16:35:15 +0700] "GET /uncovering-the-bonds-of-love-and-friendship-in-omelove/ HTTP/1.0" 200 90253 "-" "Mozilla/5.0 AppleWebKit/537.36 (KHTML, like Gecko; compatible; GPTBot/1.2; +https://openai.com/gptbot)"
185.191.171.13 - - [07/Sep/2025:16:35:26 +0700] "GET /page-13778/ HTTP/1.0" 200 209079 "-" "Mozilla/5.0 (compatible; SemrushBot/7~bl; +http://www.semrush.com/bot.html)"
20.171.207.251 - - [07/Sep/2025:16:35:35 +0700] "GET /?p=8782 HTTP/1.0" 301 506 "-" "Mozilla/5.0 AppleWebKit/537.36 (KHTML, like Gecko; compatible; GPTBot/1.2; +https://openai.com/gptbot)"
20.171.207.251 - - [07/Sep/2025:16:35:37 +0700] "GET /the-rise-of-omegle-exploring-its-role-in-modern-communication/ HTTP/1.0" 200 88741 "-" "Mozilla/5.0 AppleWebKit/537.36 (KHTML, like Gecko; compatible; GPTBot/1.2; +https://openai.com/gptbot)"
216.73.216.162 - - [07/Sep/2025:16:35:42 +0700] "GET /aqui-hay-un-metodo-que-esta-ayudando-a-olimpobet/feed HTTP/1.0" 301 742 "-" "Mozilla/5.0 AppleWebKit/537.36 (KHTML, like Gecko; compatible; ClaudeBot/1.0; +claudebot@anthropic.com)"
216.73.216.162 - - [07/Sep/2025:16:35:42 +0700] "GET /?p=6230 HTTP/1.0" 301 650 "-" "Mozilla/5.0 AppleWebKit/537.36 (KHTML, like Gecko; compatible; ClaudeBot/1.0; +claudebot@anthropic.com)"
216.73.216.162 - - [07/Sep/2025:16:35:44 +0700] "GET /aqui-hay-un-metodo-que-esta-ayudando-a-olimpobet/feed/ HTTP/1.0" 200 1600 "https://vattusacky.vn/aqui-hay-un-metodo-que-esta-ayudando-a-olimpobet/feed" "Mozilla/5.0 AppleWebKit/537.36 (KHTML, like Gecko; compatible; ClaudeBot/1.0; +claudebot@anthropic.com)"
216.73.216.162 - - [07/Sep/2025:16:35:44 +0700] "GET /breaking-down-barriers-omegles-role-in-connecting-strangers/ HTTP/1.0" 200 91835 "https://vattusacky.vn/?p=6230" "Mozilla/5.0 AppleWebKit/537.36 (KHTML, like Gecko; compatible; ClaudeBot/1.0; +claudebot@anthropic.com)"
216.73.216.162 - - [07/Sep/2025:16:35:46 +0700] "GET /?p=6221 HTTP/1.0" 301 505 "-" "Mozilla/5.0 AppleWebKit/537.36 (KHTML, like Gecko; compatible; ClaudeBot/1.0; +claudebot@anthropic.com)"
216.73.216.162 - - [07/Sep/2025:16:35:48 +0700] "GET /breaking-barriers-connecting-with-people-worldwide-on-omegle/ HTTP/1.0" 200 92331 "https://vattusacky.vn/?p=6221" "Mozilla/5.0 AppleWebKit/537.36 (KHTML, like Gecko; compatible; ClaudeBot/1.0; +claudebot@anthropic.com)"
147.185.132.49 - - [07/Sep/2025:16:35:51 +0700] "GET /.well-known/security.txt HTTP/1.0" 404 70812 "-" "Hello from Palo Alto Networks, find out more about our scans in https://docs-cortex.paloaltonetworks.com/r/1/Cortex-Xpanse/Scanning-activity"
45.117.177.72 - - [07/Sep/2025:16:36:52 +0700] "POST /wp-cron.php?doing_wp_cron=1757237812.7417070865631103515625 HTTP/1.0" 200 416 "-" "WordPress/6.8.1; https://vattusacky.vn"
85.208.96.201 - - [07/Sep/2025:16:36:51 +0700] "GET /what-is-so-fascinating-about-marijuana-news-2482/ HTTP/1.0" 200 72579 "-" "Mozilla/5.0 (compatible; SemrushBot/7~bl; +http://www.semrush.com/bot.html)"
45.117.177.72 - - [07/Sep/2025:16:37:39 +0700] "POST /wp-cron.php?doing_wp_cron=1757237859.5825190544128417968750 HTTP/1.0" 200 416 "-" "WordPress/6.8.1; https://vattusacky.vn"
17.241.227.28 - - [07/Sep/2025:16:37:38 +0700] "GET /the-psychology-behind-omegles-social-experiment/ HTTP/1.0" 200 90899 "-" "Mozilla/5.0 (Macintosh; Intel Mac OS X 10_15_7) AppleWebKit/605.1.15 (KHTML, like Gecko) Version/17.4 Safari/605.1.15 (Applebot/0.1; +http://www.apple.com/go/applebot)"
216.73.216.162 - - [07/Sep/2025:16:37:43 +0700] "GET /1xbet-app-obtain-xbet-login-and-promocode-2023-207 HTTP/1.0" 301 641 "-" "Mozilla/5.0 AppleWebKit/537.36 (KHTML, like Gecko; compatible; ClaudeBot/1.0; +claudebot@anthropic.com)"
216.73.216.162 - - [07/Sep/2025:16:37:43 +0700] "GET /1win-en-guvenilir-casino-sitesi-guncel-sitesi/feed HTTP/1.0" 301 739 "-" "Mozilla/5.0 AppleWebKit/537.36 (KHTML, like Gecko; compatible; ClaudeBot/1.0; +claudebot@anthropic.com)"
216.73.216.162 - - [07/Sep/2025:16:37:45 +0700] "GET /1xbet-app-obtain-xbet-login-and-promocode-2023-207/ HTTP/1.0" 200 102497 "https://vattusacky.vn/1xbet-app-obtain-xbet-login-and-promocode-2023-207" "Mozilla/5.0 AppleWebKit/537.36 (KHTML, like Gecko; compatible; ClaudeBot/1.0; +claudebot@anthropic.com)"
216.73.216.162 - - [07/Sep/2025:16:37:45 +0700] "GET /1win-en-guvenilir-casino-sitesi-guncel-sitesi/feed/ HTTP/1.0" 200 1597 "https://vattusacky.vn/1win-en-guvenilir-casino-sitesi-guncel-sitesi/feed" "Mozilla/5.0 AppleWebKit/537.36 (KHTML, like Gecko; compatible; ClaudeBot/1.0; +claudebot@anthropic.com)"
216.73.216.162 - - [07/Sep/2025:16:37:47 +0700] "GET /1xbet-app-obtain-apk-for-android-ios-home-windows-83 HTTP/1.0" 301 497 "-" "Mozilla/5.0 AppleWebKit/537.36 (KHTML, like Gecko; compatible; ClaudeBot/1.0; +claudebot@anthropic.com)"
216.73.216.162 - - [07/Sep/2025:16:37:48 +0700] "GET /1xbet-app-obtain-apk-for-android-ios-home-windows-83/ HTTP/1.0" 200 100180 "https://vattusacky.vn/1xbet-app-obtain-apk-for-android-ios-home-windows-83" "Mozilla/5.0 AppleWebKit/537.36 (KHTML, like Gecko; compatible; ClaudeBot/1.0; +claudebot@anthropic.com)"
213.180.203.230 - - [07/Sep/2025:16:38:12 +0700] "GET /the-cultural-exchange-on-omegle-exploring-different-perspectives/ HTTP/1.0" 200 88404 "-" "Mozilla/5.0 (compatible; YandexBot/3.0; +http://yandex.com/bots)"
216.73.216.162 - - [07/Sep/2025:16:38:13 +0700] "GET /1xbet-app-download-apk-for-android-ios-home-145 HTTP/1.0" 301 638 "-" "Mozilla/5.0 AppleWebKit/537.36 (KHTML, like Gecko; compatible; ClaudeBot/1.0; +claudebot@anthropic.com)"
216.73.216.162 - - [07/Sep/2025:16:38:13 +0700] "GET /1xbet-app-obtain-xbet-login-and-promocode-2023-117 HTTP/1.0" 301 641 "-" "Mozilla/5.0 AppleWebKit/537.36 (KHTML, like Gecko; compatible; ClaudeBot/1.0; +claudebot@anthropic.com)"
45.117.177.72 - - [07/Sep/2025:16:38:17 +0700] "POST /wp-cron.php?doing_wp_cron=1757237897.2355160713195800781250 HTTP/1.0" 200 416 "-" "WordPress/6.8.1; https://vattusacky.vn"
216.73.216.162 - - [07/Sep/2025:16:38:15 +0700] "GET /1xbet-app-obtain-xbet-login-and-promocode-2023-117/ HTTP/1.0" 200 109285 "https://vattusacky.vn/1xbet-app-obtain-xbet-login-and-promocode-2023-117" "Mozilla/5.0 AppleWebKit/537.36 (KHTML, like Gecko; compatible; ClaudeBot/1.0; +claudebot@anthropic.com)"
216.73.216.162 - - [07/Sep/2025:16:38:15 +0700] "GET /1xbet-app-download-apk-for-android-ios-home-145/ HTTP/1.0" 200 97120 "https://vattusacky.vn/1xbet-app-download-apk-for-android-ios-home-145" "Mozilla/5.0 AppleWebKit/537.36 (KHTML, like Gecko; compatible; ClaudeBot/1.0; +claudebot@anthropic.com)"
216.73.216.162 - - [07/Sep/2025:16:38:18 +0700] "GET /getx-onlajn-igra-otzyvy-igrokov-o-zarabotke/feed HTTP/1.0" 301 591 "-" "Mozilla/5.0 AppleWebKit/537.36 (KHTML, like Gecko; compatible; ClaudeBot/1.0; +claudebot@anthropic.com)"
216.73.216.162 - - [07/Sep/2025:16:38:20 +0700] "GET /getx-onlajn-igra-otzyvy-igrokov-o-zarabotke/feed/ HTTP/1.0" 200 1619 "https://vattusacky.vn/getx-onlajn-igra-otzyvy-igrokov-o-zarabotke/feed" "Mozilla/5.0 AppleWebKit/537.36 (KHTML, like Gecko; compatible; ClaudeBot/1.0; +claudebot@anthropic.com)"
34.140.131.121 - - [07/Sep/2025:16:38:38 +0700] "GET /robots.txt HTTP/1.0" 200 984 "http://vattusacky.vn/robots.txt" "Mozilla/5.0 (compatible; VelenPublicWebCrawler/1.0; +https://velen.io)"
34.140.131.121 - - [07/Sep/2025:16:38:50 +0700] "GET /danh-muc/moi-truong-lao-dong-2 HTTP/1.0" 301 575 "http://vattusacky.vn/danh-muc/moi-truong-lao-dong-2" "Mozilla/5.0 (compatible; VelenPublicWebCrawler/1.0; +https://velen.io)"
34.140.131.121 - - [07/Sep/2025:16:38:53 +0700] "GET /danh-muc/moi-truong-lao-dong-2/ HTTP/1.0" 200 59507 "https://vattusacky.vn/danh-muc/moi-truong-lao-dong-2" "Mozilla/5.0 (compatible; VelenPublicWebCrawler/1.0; +https://velen.io)"
20.171.207.251 - - [07/Sep/2025:16:39:05 +0700] "GET /omegle-small-talk-breaking-the-ice-with-strangers/ HTTP/1.0" 200 90508 "-" "Mozilla/5.0 AppleWebKit/537.36 (KHTML, like Gecko; compatible; GPTBot/1.2; +https://openai.com/gptbot)"
45.117.177.72 - - [07/Sep/2025:16:39:39 +0700] "POST /wp-cron.php?doing_wp_cron=1757237978.7107400894165039062500 HTTP/1.0" 200 416 "-" "WordPress/6.8.1; https://vattusacky.vn"
185.191.171.6 - - [07/Sep/2025:16:39:37 +0700] "GET /sources-of-tech-news/ HTTP/1.0" 200 205200 "-" "Mozilla/5.0 (compatible; SemrushBot/7~bl; +http://www.semrush.com/bot.html)"
20.171.207.251 - - [07/Sep/2025:16:39:54 +0700] "GET /identity-theft-risks-on-omegle-what-you-need-to-know/ HTTP/1.0" 200 91509 "-" "Mozilla/5.0 AppleWebKit/537.36 (KHTML, like Gecko; compatible; GPTBot/1.2; +https://openai.com/gptbot)"
216.73.216.162 - - [07/Sep/2025:16:39:56 +0700] "GET /1xbet-india-433 HTTP/1.0" 301 606 "-" "Mozilla/5.0 AppleWebKit/537.36 (KHTML, like Gecko; compatible; ClaudeBot/1.0; +claudebot@anthropic.com)"
216.73.216.162 - - [07/Sep/2025:16:39:56 +0700] "GET /1xbet-app-download-xbet-login-and-promocode-2023-89 HTTP/1.0" 301 642 "-" "Mozilla/5.0 AppleWebKit/537.36 (KHTML, like Gecko; compatible; ClaudeBot/1.0; +claudebot@anthropic.com)"
216.73.216.162 - - [07/Sep/2025:16:39:58 +0700] "GET /1xbet-india-433/ HTTP/1.0" 200 112450 "https://vattusacky.vn/1xbet-india-433" "Mozilla/5.0 AppleWebKit/537.36 (KHTML, like Gecko; compatible; ClaudeBot/1.0; +claudebot@anthropic.com)"
216.73.216.162 - - [07/Sep/2025:16:39:58 +0700] "GET /1xbet-app-download-xbet-login-and-promocode-2023-89/ HTTP/1.0" 200 96524 "https://vattusacky.vn/1xbet-app-download-xbet-login-and-promocode-2023-89" "Mozilla/5.0 AppleWebKit/537.36 (KHTML, like Gecko; compatible; ClaudeBot/1.0; +claudebot@anthropic.com)"
216.73.216.162 - - [07/Sep/2025:16:40:01 +0700] "GET /daddy-casino-onlajn-kazino-bonusy-demo-bystryj/feed HTTP/1.0" 301 594 "-" "Mozilla/5.0 AppleWebKit/537.36 (KHTML, like Gecko; compatible; ClaudeBot/1.0; +claudebot@anthropic.com)"
216.73.216.162 - - [07/Sep/2025:16:40:03 +0700] "GET /daddy-casino-onlajn-kazino-bonusy-demo-bystryj/feed/ HTTP/1.0" 200 3049 "https://vattusacky.vn/daddy-casino-onlajn-kazino-bonusy-demo-bystryj/feed" "Mozilla/5.0 AppleWebKit/537.36 (KHTML, like Gecko; compatible; ClaudeBot/1.0; +claudebot@anthropic.com)"
45.117.177.72 - - [07/Sep/2025:16:40:25 +0700] "POST /wp-cron.php?doing_wp_cron=1757238025.1235749721527099609375 HTTP/1.0" 200 416 "-" "WordPress/6.8.1; https://vattusacky.vn"
216.73.216.162 - - [07/Sep/2025:16:40:23 +0700] "GET /?p=10429 HTTP/1.0" 301 636 "-" "Mozilla/5.0 AppleWebKit/537.36 (KHTML, like Gecko; compatible; ClaudeBot/1.0; +claudebot@anthropic.com)"
216.73.216.162 - - [07/Sep/2025:16:40:23 +0700] "GET /?p=6472 HTTP/1.0" 301 650 "-" "Mozilla/5.0 AppleWebKit/537.36 (KHTML, like Gecko; compatible; ClaudeBot/1.0; +claudebot@anthropic.com)"
216.73.216.162 - - [07/Sep/2025:16:40:25 +0700] "GET /delving-into-the-world-of-omegle-chatting-what-lies-beneath/ HTTP/1.0" 200 90316 "https://vattusacky.vn/?p=6472" "Mozilla/5.0 AppleWebKit/537.36 (KHTML, like Gecko; compatible; ClaudeBot/1.0; +claudebot@anthropic.com)"
216.73.216.162 - - [07/Sep/2025:16:40:25 +0700] "GET /1win-en-guvenilir-casino-sitesi-guncel-sitesi/ HTTP/1.0" 200 85421 "https://vattusacky.vn/?p=10429" "Mozilla/5.0 AppleWebKit/537.36 (KHTML, like Gecko; compatible; ClaudeBot/1.0; +claudebot@anthropic.com)"
216.73.216.162 - - [07/Sep/2025:16:40:28 +0700] "GET /delving-into-diversity-a-comparative-study-of-omegle-and-ometv HTTP/1.0" 301 507 "-" "Mozilla/5.0 AppleWebKit/537.36 (KHTML, like Gecko; compatible; ClaudeBot/1.0; +claudebot@anthropic.com)"
216.73.216.162 - - [07/Sep/2025:16:40:28 +0700] "GET /?p=10448 HTTP/1.0" 301 493 "-" "Mozilla/5.0 AppleWebKit/537.36 (KHTML, like Gecko; compatible; ClaudeBot/1.0; +claudebot@anthropic.com)"
216.73.216.162 - - [07/Sep/2025:16:40:30 +0700] "GET /delving-into-diversity-a-comparative-study-of-omegle-and-ometv/ HTTP/1.0" 200 91816 "https://vattusacky.vn/delving-into-diversity-a-comparative-study-of-omegle-and-ometv" "Mozilla/5.0 AppleWebKit/537.36 (KHTML, like Gecko; compatible; ClaudeBot/1.0; +claudebot@anthropic.com)"
216.73.216.162 - - [07/Sep/2025:16:40:30 +0700] "GET /aqui-hay-un-metodo-que-esta-ayudando-a-olimpobet/ HTTP/1.0" 200 90528 "https://vattusacky.vn/?p=10448" "Mozilla/5.0 AppleWebKit/537.36 (KHTML, like Gecko; compatible; ClaudeBot/1.0; +claudebot@anthropic.com)"
20.171.207.251 - - [07/Sep/2025:16:40:52 +0700] "GET /the-power-of-laughter-funny-moments-on-omegle-and-ometv/ HTTP/1.0" 200 89981 "-" "Mozilla/5.0 AppleWebKit/537.36 (KHTML, like Gecko; compatible; GPTBot/1.2; +https://openai.com/gptbot)"
216.73.216.162 - - [07/Sep/2025:16:41:08 +0700] "GET /?p=6222 HTTP/1.0" 301 653 "-" "Mozilla/5.0 AppleWebKit/537.36 (KHTML, like Gecko; compatible; ClaudeBot/1.0; +claudebot@anthropic.com)"
216.73.216.162 - - [07/Sep/2025:16:41:08 +0700] "GET /breaking-barriers-connecting-with-people-worldwide-on-omegle/feed HTTP/1.0" 301 754 "-" "Mozilla/5.0 AppleWebKit/537.36 (KHTML, like Gecko; compatible; ClaudeBot/1.0; +claudebot@anthropic.com)"
216.73.216.162 - - [07/Sep/2025:16:41:10 +0700] "GET /breaking-barriers-omegles-contribution-to-global-communication/ HTTP/1.0" 200 92983 "https://vattusacky.vn/?p=6222" "Mozilla/5.0 AppleWebKit/537.36 (KHTML, like Gecko; compatible; ClaudeBot/1.0; +claudebot@anthropic.com)"
216.73.216.162 - - [07/Sep/2025:16:41:11 +0700] "GET /breaking-barriers-connecting-with-people-worldwide-on-omegle/feed/ HTTP/1.0" 200 1631 "https://vattusacky.vn/breaking-barriers-connecting-with-people-worldwide-on-omegle/feed" "Mozilla/5.0 AppleWebKit/537.36 (KHTML, like Gecko; compatible; ClaudeBot/1.0; +claudebot@anthropic.com)"
216.73.216.162 - - [07/Sep/2025:16:41:12 +0700] "GET /breaking-down-barriers-omegles-role-in-connecting-strangers/feed HTTP/1.0" 301 607 "-" "Mozilla/5.0 AppleWebKit/537.36 (KHTML, like Gecko; compatible; ClaudeBot/1.0; +claudebot@anthropic.com)"
216.73.216.162 - - [07/Sep/2025:16:41:14 +0700] "GET /breaking-down-barriers-omegles-role-in-connecting-strangers/feed/ HTTP/1.0" 200 1628 "https://vattusacky.vn/breaking-down-barriers-omegles-role-in-connecting-strangers/feed" "Mozilla/5.0 AppleWebKit/537.36 (KHTML, like Gecko; compatible; ClaudeBot/1.0; +claudebot@anthropic.com)"
45.117.177.72 - - [07/Sep/2025:16:41:38 +0700] "POST /wp-cron.php?doing_wp_cron=1757238097.8914489746093750000000 HTTP/1.0" 200 416 "-" "WordPress/6.8.1; https://vattusacky.vn"
20.171.207.251 - - [07/Sep/2025:16:41:36 +0700] "GET /the-role-of-technology-in-improving-safety-on-ometv/ HTTP/1.0" 200 91540 "-" "Mozilla/5.0 AppleWebKit/537.36 (KHTML, like Gecko; compatible; GPTBot/1.2; +https://openai.com/gptbot)"
20.171.207.251 - - [07/Sep/2025:16:41:54 +0700] "GET /?p=7570 HTTP/1.0" 301 508 "-" "Mozilla/5.0 AppleWebKit/537.36 (KHTML, like Gecko; compatible; GPTBot/1.2; +https://openai.com/gptbot)"
20.171.207.251 - - [07/Sep/2025:16:41:55 +0700] "GET /omegle-as-a-research-tool-gathering-data-through-online-surveys/ HTTP/1.0" 200 93734 "-" "Mozilla/5.0 AppleWebKit/537.36 (KHTML, like Gecko; compatible; GPTBot/1.2; +https://openai.com/gptbot)"
216.244.66.237 - - [07/Sep/2025:16:42:05 +0700] "GET /danh-muc/quan-trac-moi-truong-lao-dong/yeu-to-vat-ly/?s= HTTP/1.0" 200 90642 "-" "Mozilla/5.0 (compatible; DotBot/1.2; +https://opensiteexplorer.org/dotbot; help@moz.com)"
45.117.177.72 - - [07/Sep/2025:16:42:47 +0700] "POST /wp-cron.php?doing_wp_cron=1757238167.1405229568481445312500 HTTP/1.0" 200 416 "-" "WordPress/6.8.1; https://vattusacky.vn"
185.191.171.10 - - [07/Sep/2025:16:42:45 +0700] "GET /robots.txt HTTP/1.0" 200 984 "-" "Mozilla/5.0 (compatible; SemrushBot/7~bl; +http://www.semrush.com/bot.html)"
185.191.171.17 - - [07/Sep/2025:16:42:48 +0700] "GET /category/uncategorized/page/321/ HTTP/1.0" 200 75967 "-" "Mozilla/5.0 (compatible; SemrushBot/7~bl; +http://www.semrush.com/bot.html)"
216.244.66.237 - - [07/Sep/2025:16:43:04 +0700] "GET /the-changing-landscape-of-social-interaction-how-omegle-continues-to-evolve/ HTTP/1.0" 200 93047 "-" "Mozilla/5.0 (compatible; DotBot/1.2; +https://opensiteexplorer.org/dotbot; help@moz.com)"
45.117.177.72 - - [07/Sep/2025:16:43:23 +0700] "POST /wp-cron.php?doing_wp_cron=1757238203.5375380516052246093750 HTTP/1.0" 200 416 "-" "WordPress/6.8.1; https://vattusacky.vn"
89.44.58.112 - - [07/Sep/2025:16:43:21 +0700] "GET /wp-json/wp/v2/posts?slug=/how-you-can-date-delightful-single-latina-women/ HTTP/1.0" 200 183295 "-" "-"
20.171.207.251 - - [07/Sep/2025:16:43:25 +0700] "GET /how-can-coincidences-on-omegle-impact-our-daily-lives/ HTTP/1.0" 200 88375 "-" "Mozilla/5.0 AppleWebKit/537.36 (KHTML, like Gecko; compatible; GPTBot/1.2; +https://openai.com/gptbot)"
89.44.58.112 - - [07/Sep/2025:16:43:26 +0700] "POST /wp-comments-post.php HTTP/1.0" 302 1149 "-" "-"
89.44.58.112 - - [07/Sep/2025:16:43:34 +0700] "GET /how-you-can-date-delightful-single-latina-women/?unapproved=1449&moderation-hash=53056a7dd721f5f7574a124eebc9f163 HTTP/1.0" 200 208543 "-" "-"
172.174.160.52 - - [07/Sep/2025:16:44:07 +0700] "POST /xmlrpc.php HTTP/1.0" 200 956 "-" "Mozilla/5.0 (Windows NT 10.0; Win64; x64; rv:42.0) Gecko/20100101 Firefox/42.0"
45.117.177.72 - - [07/Sep/2025:16:44:22 +0700] "POST /wp-cron.php?doing_wp_cron=1757238262.6034779548645019531250 HTTP/1.0" 200 416 "-" "WordPress/6.8.1; https://vattusacky.vn"
20.171.207.251 - - [07/Sep/2025:16:44:21 +0700] "GET /?p=8559 HTTP/1.0" 301 647 "-" "Mozilla/5.0 AppleWebKit/537.36 (KHTML, like Gecko; compatible; GPTBot/1.2; +https://openai.com/gptbot)"
