20.171.207.251 - - [07/Sep/2025:11:17:12 +0700] "GET /omegle-as-a-reflection-of-our-desire-for-unexpected-experiences/ HTTP/1.0" 200 91704 "-" "Mozilla/5.0 AppleWebKit/537.36 (KHTML, like Gecko; compatible; GPTBot/1.2; +https://openai.com/gptbot)"
135.220.210.220 - - [07/Sep/2025:11:17:47 +0700] "GET /dropdown.php HTTP/1.0" 403 573 "-" "-"
135.220.210.220 - - [07/Sep/2025:11:17:47 +0700] "GET /makeasmtp.php HTTP/1.0" 403 574 "-" "-"
135.220.210.220 - - [07/Sep/2025:11:17:48 +0700] "GET /wp-sigunq.php HTTP/1.0" 403 574 "-" "-"
135.220.210.220 - - [07/Sep/2025:11:17:48 +0700] "GET /wso112233.php HTTP/1.0" 403 574 "-" "-"
135.220.210.220 - - [07/Sep/2025:11:17:48 +0700] "GET /alfanew.php HTTP/1.0" 403 572 "-" "-"
135.220.210.220 - - [07/Sep/2025:11:17:49 +0700] "GET /fw.php HTTP/1.0" 403 567 "-" "-"
135.220.210.220 - - [07/Sep/2025:11:17:49 +0700] "GET /install.php HTTP/1.0" 403 572 "-" "-"
45.117.177.72 - - [07/Sep/2025:11:17:52 +0700] "POST /wp-cron.php?doing_wp_cron=1757218671.9025108814239501953125 HTTP/1.0" 200 416 "-" "WordPress/6.8.1; https://vattusacky.vn"
135.220.210.220 - - [07/Sep/2025:11:17:50 +0700] "GET /wp-login.php HTTP/1.0" 200 11388 "-" "-"
135.220.210.220 - - [07/Sep/2025:11:17:52 +0700] "GET /chosen.php HTTP/1.0" 403 571 "-" "-"
135.220.210.220 - - [07/Sep/2025:11:17:52 +0700] "GET /simple.php HTTP/1.0" 403 571 "-" "-"
135.220.210.220 - - [07/Sep/2025:11:17:53 +0700] "GET /inputs.php HTTP/1.0" 404 70812 "-" "-"
135.220.210.220 - - [07/Sep/2025:11:17:55 +0700] "GET /classsmtps.php HTTP/1.0" 404 70666 "-" "-"
135.220.210.220 - - [07/Sep/2025:11:17:57 +0700] "GET /wp-blog-header.php HTTP/1.0" 404 442 "-" "-"
135.220.210.220 - - [07/Sep/2025:11:17:58 +0700] "GET /wp-trackback.php HTTP/1.0" 404 616 "-" "-"
135.220.210.220 - - [07/Sep/2025:11:18:00 +0700] "GET /wp-signup.php HTTP/1.0" 302 526 "-" "-"
135.220.210.220 - - [07/Sep/2025:11:18:02 +0700] "GET /wp-login.php?action=register HTTP/1.0" 302 692 "-" "-"
135.220.210.220 - - [07/Sep/2025:11:18:03 +0700] "GET /wp-login.php?registration=disabled HTTP/1.0" 200 11447 "-" "-"
135.220.210.220 - - [07/Sep/2025:11:18:05 +0700] "GET /wp-comments-post.php HTTP/1.0" 405 352 "-" "-"
135.220.210.220 - - [07/Sep/2025:11:18:05 +0700] "GET /wp-cron.php HTTP/1.0" 200 416 "-" "-"
135.220.210.220 - - [07/Sep/2025:11:18:05 +0700] "GET /wp-load.php HTTP/1.0" 200 323 "-" "-"
135.220.210.220 - - [07/Sep/2025:11:18:07 +0700] "GET /wp-mail.php HTTP/1.0" 403 2969 "-" "-"
54.37.118.92 - - [07/Sep/2025:11:18:07 +0700] "GET /tips-for-networking-success-on-omegle-and-ometv/ HTTP/1.0" 200 94040 "-" "Mozilla/5.0 (compatible; AhrefsBot/7.0; +http://ahrefs.com/robot/)"
17.241.227.67 - - [07/Sep/2025:11:18:08 +0700] "GET /evolving-social-interactions-insights-into-omegles-future/ HTTP/1.0" 200 92265 "-" "Mozilla/5.0 (Macintosh; Intel Mac OS X 10_15_7) AppleWebKit/605.1.15 (KHTML, like Gecko) Version/17.4 Safari/605.1.15 (Applebot/0.1; +http://www.apple.com/go/applebot)"
135.220.210.220 - - [07/Sep/2025:11:18:08 +0700] "GET /edit.php HTTP/1.0" 404 70666 "-" "-"
135.220.210.220 - - [07/Sep/2025:11:18:10 +0700] "GET /wp-activate.php HTTP/1.0" 302 526 "-" "-"
135.220.210.220 - - [07/Sep/2025:11:18:11 +0700] "GET /wp-login.php?action=register HTTP/1.0" 302 692 "-" "-"
135.220.210.220 - - [07/Sep/2025:11:18:12 +0700] "GET /wp-login.php?registration=disabled HTTP/1.0" 200 11447 "-" "-"
135.220.210.220 - - [07/Sep/2025:11:18:14 +0700] "GET /plugins.php HTTP/1.0" 404 70666 "-" "-"
45.117.177.72 - - [07/Sep/2025:11:18:17 +0700] "POST /wp-cron.php?doing_wp_cron=1757218697.0974369049072265625000 HTTP/1.0" 200 416 "-" "WordPress/6.8.1; https://vattusacky.vn"
135.220.210.220 - - [07/Sep/2025:11:18:15 +0700] "GET /post.php HTTP/1.0" 404 70666 "-" "-"
135.220.210.220 - - [07/Sep/2025:11:18:18 +0700] "GET /admin.php HTTP/1.0" 404 70666 "-" "-"
135.220.210.220 - - [07/Sep/2025:11:18:20 +0700] "GET /about.php HTTP/1.0" 403 570 "-" "-"
135.220.210.220 - - [07/Sep/2025:11:18:20 +0700] "GET /wp-2019.php HTTP/1.0" 403 572 "-" "-"
135.220.210.220 - - [07/Sep/2025:11:18:20 +0700] "GET /geju.php HTTP/1.0" 403 569 "-" "-"
135.220.210.220 - - [07/Sep/2025:11:18:21 +0700] "GET /wp.php HTTP/1.0" 403 567 "-" "-"
135.220.210.220 - - [07/Sep/2025:11:18:21 +0700] "GET /hoot.php HTTP/1.0" 403 569 "-" "-"
135.220.210.220 - - [07/Sep/2025:11:18:21 +0700] "GET /css.php HTTP/1.0" 403 568 "-" "-"
135.220.210.220 - - [07/Sep/2025:11:18:22 +0700] "GET /log.php HTTP/1.0" 403 568 "-" "-"
135.220.210.220 - - [07/Sep/2025:11:18:22 +0700] "GET /mail.php HTTP/1.0" 403 569 "-" "-"
135.220.210.220 - - [07/Sep/2025:11:18:23 +0700] "GET /bak.php HTTP/1.0" 403 568 "-" "-"
135.220.210.220 - - [07/Sep/2025:11:18:23 +0700] "GET /content.php HTTP/1.0" 403 572 "-" "-"
135.220.210.220 - - [07/Sep/2025:11:18:23 +0700] "GET /upfile.php HTTP/1.0" 403 571 "-" "-"
135.220.210.220 - - [07/Sep/2025:11:18:24 +0700] "GET /wp-conflg.php HTTP/1.0" 403 574 "-" "-"
135.220.210.220 - - [07/Sep/2025:11:18:24 +0700] "GET /bypass.php HTTP/1.0" 403 571 "-" "-"
135.220.210.220 - - [07/Sep/2025:11:18:25 +0700] "GET /404.php HTTP/1.0" 403 568 "-" "-"
135.220.210.220 - - [07/Sep/2025:11:18:25 +0700] "GET /updates.php HTTP/1.0" 403 572 "-" "-"
135.220.210.220 - - [07/Sep/2025:11:18:25 +0700] "GET /radio.php HTTP/1.0" 403 570 "-" "-"
135.220.210.220 - - [07/Sep/2025:11:18:26 +0700] "GET /xmrlpc.php HTTP/1.0" 403 571 "-" "-"
135.220.210.220 - - [07/Sep/2025:11:18:26 +0700] "GET /ae.php HTTP/1.0" 403 567 "-" "-"
135.220.210.220 - - [07/Sep/2025:11:18:26 +0700] "GET /moon.php HTTP/1.0" 403 569 "-" "-"
135.220.210.220 - - [07/Sep/2025:11:18:27 +0700] "GET /blog.php HTTP/1.0" 403 569 "-" "-"
135.220.210.220 - - [07/Sep/2025:11:18:27 +0700] "GET /themes.php HTTP/1.0" 404 70666 "-" "-"
135.220.210.220 - - [07/Sep/2025:11:18:29 +0700] "GET /ini.php HTTP/1.0" 403 568 "-" "-"
135.220.210.220 - - [07/Sep/2025:11:18:30 +0700] "GET /as.php HTTP/1.0" 403 567 "-" "-"
135.220.210.220 - - [07/Sep/2025:11:18:30 +0700] "GET /shell.php HTTP/1.0" 403 570 "-" "-"
135.220.210.220 - - [07/Sep/2025:11:18:30 +0700] "GET /ws.php HTTP/1.0" 403 567 "-" "-"
135.220.210.220 - - [07/Sep/2025:11:18:31 +0700] "GET /aa.php HTTP/1.0" 403 567 "-" "-"
135.220.210.220 - - [07/Sep/2025:11:18:31 +0700] "GET /akc.php HTTP/1.0" 403 568 "-" "-"
135.220.210.220 - - [07/Sep/2025:11:18:31 +0700] "GET /alfa.php HTTP/1.0" 403 569 "-" "-"
135.220.210.220 - - [07/Sep/2025:11:18:32 +0700] "GET /asasx.php HTTP/1.0" 403 570 "-" "-"
135.220.210.220 - - [07/Sep/2025:11:18:32 +0700] "GET /atomlib.php HTTP/1.0" 403 572 "-" "-"
135.220.210.220 - - [07/Sep/2025:11:18:33 +0700] "GET /autoload_classmap.php HTTP/1.0" 403 582 "-" "-"
46.105.40.140 - - [07/Sep/2025:11:18:33 +0700] "GET /robots.txt HTTP/1.0" 200 984 "-" "Mozilla/5.0 (compatible; MJ12bot/v2.0.4; http://mj12bot.com/)"
135.220.210.220 - - [07/Sep/2025:11:18:33 +0700] "GET /autoload_classmap/function.php HTTP/1.0" 404 70666 "-" "-"
135.220.210.220 - - [07/Sep/2025:11:18:35 +0700] "GET /buy.php HTTP/1.0" 403 568 "-" "-"
135.220.210.220 - - [07/Sep/2025:11:18:35 +0700] "GET /classwithtostring.php HTTP/1.0" 403 582 "-" "-"
46.105.40.140 - - [07/Sep/2025:11:18:34 +0700] "GET / HTTP/1.0" 200 60070 "-" "Mozilla/5.0 (compatible; MJ12bot/v2.0.4; http://mj12bot.com/)"
135.220.210.220 - - [07/Sep/2025:11:18:36 +0700] "GET /cong.php HTTP/1.0" 403 569 "-" "-"
135.220.210.220 - - [07/Sep/2025:11:18:36 +0700] "GET /file.php HTTP/1.0" 403 569 "-" "-"
135.220.210.220 - - [07/Sep/2025:11:18:37 +0700] "GET /file2.php HTTP/1.0" 403 570 "-" "-"
135.220.210.220 - - [07/Sep/2025:11:18:37 +0700] "GET /flower.php HTTP/1.0" 403 571 "-" "-"
135.220.210.220 - - [07/Sep/2025:11:18:37 +0700] "GET /gecko.php HTTP/1.0" 403 570 "-" "-"
135.220.210.220 - - [07/Sep/2025:11:18:38 +0700] "GET /goat.php HTTP/1.0" 403 569 "-" "-"
135.220.210.220 - - [07/Sep/2025:11:18:38 +0700] "GET /goods.php HTTP/1.0" 403 570 "-" "-"
135.220.210.220 - - [07/Sep/2025:11:18:39 +0700] "GET /ioxi-o.php HTTP/1.0" 403 571 "-" "-"
135.220.210.220 - - [07/Sep/2025:11:18:39 +0700] "GET /lock360.php HTTP/1.0" 403 572 "-" "-"
135.220.210.220 - - [07/Sep/2025:11:18:39 +0700] "GET /mm.php HTTP/1.0" 403 567 "-" "-"
135.220.210.220 - - [07/Sep/2025:11:18:40 +0700] "GET /nc4.php HTTP/1.0" 403 568 "-" "-"
135.220.210.220 - - [07/Sep/2025:11:18:40 +0700] "GET /tinyfilemanager.php HTTP/1.0" 403 580 "-" "-"
135.220.210.220 - - [07/Sep/2025:11:18:41 +0700] "GET /users.php HTTP/1.0" 404 70666 "-" "-"
135.220.210.220 - - [07/Sep/2025:11:18:42 +0700] "GET /w.php HTTP/1.0" 403 566 "-" "-"
135.220.210.220 - - [07/Sep/2025:11:18:43 +0700] "GET /wp-admin/ HTTP/1.0" 302 573 "-" "-"
135.220.210.220 - - [07/Sep/2025:11:18:44 +0700] "GET /wp-login.php?redirect_to=https%3A%2F%2Fvattusacky.vn%2Fwp-admin%2F&reauth=1 HTTP/1.0" 200 13395 "-" "-"
135.220.210.220 - - [07/Sep/2025:11:18:46 +0700] "GET /wp-admin/css/colors/blue/index.php HTTP/1.0" 301 535 "-" "-"
135.220.210.220 - - [07/Sep/2025:11:18:47 +0700] "GET /wp-admin/css/colors/blue/ HTTP/1.0" 403 586 "-" "-"
135.220.210.220 - - [07/Sep/2025:11:18:47 +0700] "GET /wp-admin/images/moon.php HTTP/1.0" 403 585 "-" "-"
135.220.210.220 - - [07/Sep/2025:11:18:48 +0700] "GET /wp-admin/js/index.php HTTP/1.0" 301 522 "-" "-"
135.220.210.220 - - [07/Sep/2025:11:18:49 +0700] "GET /wp-admin/js/ HTTP/1.0" 403 573 "-" "-"
135.220.210.220 - - [07/Sep/2025:11:18:50 +0700] "GET /wp-admin/setup-config.php HTTP/1.0" 409 3135 "-" "-"
135.220.210.220 - - [07/Sep/2025:11:18:50 +0700] "GET /wp-api.php HTTP/1.0" 403 571 "-" "-"
135.220.210.220 - - [07/Sep/2025:11:18:50 +0700] "GET /wp-content/index.php HTTP/1.0" 200 323 "-" "-"
135.220.210.220 - - [07/Sep/2025:11:18:51 +0700] "GET /wp-content/wp-conflg.php HTTP/1.0" 403 585 "-" "-"
135.220.210.220 - - [07/Sep/2025:11:18:51 +0700] "GET /wp-includes/IXR/autoload_classmap.php HTTP/1.0" 403 598 "-" "-"
135.220.210.220 - - [07/Sep/2025:11:18:52 +0700] "GET /wp-includes/fonts/admin.php HTTP/1.0" 404 70666 "-" "-"
135.220.210.220 - - [07/Sep/2025:11:18:54 +0700] "GET /wp-includes/fonts/index.php HTTP/1.0" 301 528 "-" "-"
135.220.210.220 - - [07/Sep/2025:11:18:55 +0700] "GET /wp-includes/fonts/ HTTP/1.0" 403 579 "-" "-"
135.220.210.220 - - [07/Sep/2025:11:18:55 +0700] "GET /wp-setup.php HTTP/1.0" 403 573 "-" "-"
135.220.210.220 - - [07/Sep/2025:11:18:56 +0700] "GET /wsa.php HTTP/1.0" 403 568 "-" "-"
45.117.177.72 - - [07/Sep/2025:11:19:23 +0700] "POST /wp-cron.php?doing_wp_cron=1757218762.8610560894012451171875 HTTP/1.0" 200 416 "-" "WordPress/6.8.1; https://vattusacky.vn"
5.39.1.238 - - [07/Sep/2025:11:19:21 +0700] "GET /untangling-the-mystery-omegles-role-in-todays-digital-communications/ HTTP/1.0" 200 89780 "-" "Mozilla/5.0 (compatible; AhrefsBot/7.0; +http://ahrefs.com/robot/)"
20.171.207.251 - - [07/Sep/2025:11:19:39 +0700] "GET /the-role-of-trust-in-building-meaningful-connections-on-omegle/ HTTP/1.0" 200 90569 "-" "Mozilla/5.0 AppleWebKit/537.36 (KHTML, like Gecko; compatible; GPTBot/1.2; +https://openai.com/gptbot)"
185.191.171.18 - - [07/Sep/2025:11:19:41 +0700] "GET /dealing-with-trolls-on-omegle/ HTTP/1.0" 200 89853 "-" "Mozilla/5.0 (compatible; SemrushBot/7~bl; +http://www.semrush.com/bot.html)"
185.191.171.19 - - [07/Sep/2025:11:19:45 +0700] "GET /the/lay-mau-bui-trong-khong-khi-the-tich-lon/page/1/ HTTP/1.0" 301 589 "-" "Mozilla/5.0 (compatible; SemrushBot/7~bl; +http://www.semrush.com/bot.html)"
85.208.96.194 - - [07/Sep/2025:11:19:50 +0700] "GET /the/lay-mau-bui-trong-khong-khi-the-tich-lon/ HTTP/1.0" 200 190697 "-" "Mozilla/5.0 (compatible; SemrushBot/7~bl; +http://www.semrush.com/bot.html)"
85.208.96.202 - - [07/Sep/2025:11:19:56 +0700] "GET /mostbetten-nasil-para-cekilir-582/ HTTP/1.0" 200 85046 "-" "Mozilla/5.0 (compatible; SemrushBot/7~bl; +http://www.semrush.com/bot.html)"
45.117.177.72 - - [07/Sep/2025:11:20:29 +0700] "POST /wp-cron.php?doing_wp_cron=1757218829.2956469058990478515625 HTTP/1.0" 200 416 "-" "WordPress/6.8.1; https://vattusacky.vn"
20.171.207.251 - - [07/Sep/2025:11:20:27 +0700] "GET /the-role-of-serendipity-in-discovering-shared-interests-on-omegle/ HTTP/1.0" 200 91004 "-" "Mozilla/5.0 AppleWebKit/537.36 (KHTML, like Gecko; compatible; GPTBot/1.2; +https://openai.com/gptbot)"
92.222.104.220 - - [07/Sep/2025:11:20:35 +0700] "GET /unlocking-the-secrets-of-omegle-stories-from-anonymous-explorers/ HTTP/1.0" 200 91326 "-" "Mozilla/5.0 (compatible; AhrefsBot/7.0; +http://ahrefs.com/robot/)"
45.117.177.72 - - [07/Sep/2025:11:21:21 +0700] "POST /wp-cron.php?doing_wp_cron=1757218881.3626239299774169921875 HTTP/1.0" 200 416 "-" "WordPress/6.8.1; https://vattusacky.vn"
20.171.207.251 - - [07/Sep/2025:11:21:20 +0700] "GET /?p=8593 HTTP/1.0" 301 510 "-" "Mozilla/5.0 AppleWebKit/537.36 (KHTML, like Gecko; compatible; GPTBot/1.2; +https://openai.com/gptbot)"
20.171.207.251 - - [07/Sep/2025:11:21:21 +0700] "GET /the-importance-of-active-listening-in-first-impressions-on-omegle/ HTTP/1.0" 200 89266 "-" "Mozilla/5.0 AppleWebKit/537.36 (KHTML, like Gecko; compatible; GPTBot/1.2; +https://openai.com/gptbot)"
5.39.1.235 - - [07/Sep/2025:11:21:52 +0700] "GET /unlocking-the-secrets-of-omegle-lesser-known-features-and-tricks/ HTTP/1.0" 200 88647 "-" "Mozilla/5.0 (compatible; AhrefsBot/7.0; +http://ahrefs.com/robot/)"
185.191.171.6 - - [07/Sep/2025:11:22:01 +0700] "GET /danh-muc/moi-truong-nuoc/may-do-phmvorpectdsmandodo-duc-cam-tay/ HTTP/1.0" 200 152781 "-" "Mozilla/5.0 (compatible; SemrushBot/7~bl; +http://www.semrush.com/bot.html)"
45.117.177.72 - - [07/Sep/2025:11:22:23 +0700] "POST /wp-cron.php?doing_wp_cron=1757218943.2788319587707519531250 HTTP/1.0" 200 416 "-" "WordPress/6.8.1; https://vattusacky.vn"
20.171.207.251 - - [07/Sep/2025:11:22:22 +0700] "GET /navigating-the-risks-of-omegle-essential-steps-for-online-safety/ HTTP/1.0" 200 79452 "-" "Mozilla/5.0 AppleWebKit/537.36 (KHTML, like Gecko; compatible; GPTBot/1.2; +https://openai.com/gptbot)"
85.208.96.198 - - [07/Sep/2025:11:22:28 +0700] "GET /shop/page/14/ HTTP/1.0" 200 190563 "-" "Mozilla/5.0 (compatible; SemrushBot/7~bl; +http://www.semrush.com/bot.html)"
45.117.177.72 - - [07/Sep/2025:11:23:17 +0700] "POST /wp-cron.php?doing_wp_cron=1757218997.1971380710601806640625 HTTP/1.0" 200 416 "-" "WordPress/6.8.1; https://vattusacky.vn"
54.37.118.76 - - [07/Sep/2025:11:23:15 +0700] "GET /the-best-on-line-casinos-for-zambia-62/ HTTP/1.0" 200 234674 "-" "Mozilla/5.0 (compatible; AhrefsBot/7.0; +http://ahrefs.com/robot/)"
20.171.207.251 - - [07/Sep/2025:11:23:24 +0700] "GET /the-art-of-recognizing-patterns-in-cosmic-connections-on-omegle/ HTTP/1.0" 200 90996 "-" "Mozilla/5.0 AppleWebKit/537.36 (KHTML, like Gecko; compatible; GPTBot/1.2; +https://openai.com/gptbot)"
45.117.177.72 - - [07/Sep/2025:11:24:39 +0700] "POST /wp-cron.php?doing_wp_cron=1757219078.9975190162658691406250 HTTP/1.0" 200 416 "-" "WordPress/6.8.1; https://vattusacky.vn"
37.59.204.150 - - [07/Sep/2025:11:24:37 +0700] "GET /play-casino-online/ HTTP/1.0" 200 205796 "-" "Mozilla/5.0 (compatible; AhrefsBot/7.0; +http://ahrefs.com/robot/)"
85.208.96.193 - - [07/Sep/2025:11:24:49 +0700] "GET /category/uncategorized/page/342/ HTTP/1.0" 200 76070 "-" "Mozilla/5.0 (compatible; SemrushBot/7~bl; +http://www.semrush.com/bot.html)"
51.68.247.214 - - [07/Sep/2025:11:24:54 +0700] "GET /play-casino-online/ HTTP/1.0" 200 205796 "-" "Mozilla/5.0 (compatible; AhrefsBot/7.0; +http://ahrefs.com/robot/)"
45.117.177.72 - - [07/Sep/2025:11:25:18 +0700] "POST /wp-cron.php?doing_wp_cron=1757219118.1428411006927490234375 HTTP/1.0" 200 416 "-" "WordPress/6.8.1; https://vattusacky.vn"
20.171.207.251 - - [07/Sep/2025:11:25:16 +0700] "GET /omegle-vs-ometv-unveiling-the-secrets-of-their-technology/ HTTP/1.0" 200 90812 "-" "Mozilla/5.0 AppleWebKit/537.36 (KHTML, like Gecko; compatible; GPTBot/1.2; +https://openai.com/gptbot)"
51.75.236.128 - - [07/Sep/2025:11:26:01 +0700] "GET /casinoland-examine-2022-%EF%B8%8F-popped-place-with-regard-to-united-kingdom-competitors-%EF%B8%8F/ HTTP/1.0" 200 210304 "-" "Mozilla/5.0 (compatible; AhrefsBot/7.0; +http://ahrefs.com/robot/)"
45.117.177.72 - - [07/Sep/2025:11:26:30 +0700] "POST /wp-cron.php?doing_wp_cron=1757219190.0044720172882080078125 HTTP/1.0" 200 416 "-" "WordPress/6.8.1; https://vattusacky.vn"
20.171.207.251 - - [07/Sep/2025:11:26:28 +0700] "GET /safety-measures-on-omegle-how-the-platform-protects-users/ HTTP/1.0" 200 93235 "-" "Mozilla/5.0 AppleWebKit/537.36 (KHTML, like Gecko; compatible; GPTBot/1.2; +https://openai.com/gptbot)"
217.113.194.77 - - [07/Sep/2025:11:26:43 +0700] "GET /san-pham/thiet-bi-lay-mau-nuoc-alpha-van-dorn-loai-ngang-4-2-lit/feed/ HTTP/1.0" 200 1749 "-" "Mozilla/5.0 (compatible; Barkrowler/0.9; +https://babbar.tech/crawler)"
217.113.194.218 - - [07/Sep/2025:11:27:02 +0700] "GET /san-pham/thiet-bi-lay-mau-nuoc-alpha-van-dorn-loai-ngang-6-2-lit/ HTTP/1.0" 200 369712 "-" "Mozilla/5.0 (compatible; Barkrowler/0.9; +https://babbar.tech/crawler)"
45.117.177.72 - - [07/Sep/2025:11:27:24 +0700] "POST /wp-cron.php?doing_wp_cron=1757219244.6129419803619384765625 HTTP/1.0" 200 416 "-" "WordPress/6.8.1; https://vattusacky.vn"
20.171.207.251 - - [07/Sep/2025:11:27:23 +0700] "GET /omegle-and-ometv-the-influence-of-random-connections-on-mental-health/ HTTP/1.0" 200 91466 "-" "Mozilla/5.0 AppleWebKit/537.36 (KHTML, like Gecko; compatible; GPTBot/1.2; +https://openai.com/gptbot)"
217.113.194.75 - - [07/Sep/2025:11:27:49 +0700] "GET /san-pham/thiet-bi-lay-mau-nuoc-alpha-van-dorn-loai-ngang-6-2-lit/feed/ HTTP/1.0" 200 1771 "-" "Mozilla/5.0 (compatible; Barkrowler/0.9; +https://babbar.tech/crawler)"
185.191.171.7 - - [07/Sep/2025:11:28:04 +0700] "GET /shop/page/7/ HTTP/1.0" 200 163375 "-" "Mozilla/5.0 (compatible; SemrushBot/7~bl; +http://www.semrush.com/bot.html)"
217.113.194.217 - - [07/Sep/2025:11:28:09 +0700] "GET /san-pham/thiet-bi-lay-mau-nuoc-alpha-van-dorn-loai-ngang-2-2-lit-2/ HTTP/1.0" 200 369795 "-" "Mozilla/5.0 (compatible; Barkrowler/0.9; +https://babbar.tech/crawler)"
20.171.207.251 - - [07/Sep/2025:11:28:13 +0700] "GET /?p=8703 HTTP/1.0" 301 506 "-" "Mozilla/5.0 AppleWebKit/537.36 (KHTML, like Gecko; compatible; GPTBot/1.2; +https://openai.com/gptbot)"
20.171.207.251 - - [07/Sep/2025:11:28:14 +0700] "GET /the-power-of-positive-thinking-in-first-impressions-on-omegle/ HTTP/1.0" 200 92145 "-" "Mozilla/5.0 AppleWebKit/537.36 (KHTML, like Gecko; compatible; GPTBot/1.2; +https://openai.com/gptbot)"
45.117.177.72 - - [07/Sep/2025:11:28:54 +0700] "POST /wp-cron.php?doing_wp_cron=1757219334.5052189826965332031250 HTTP/1.0" 200 416 "-" "WordPress/6.8.1; https://vattusacky.vn"
20.171.207.251 - - [07/Sep/2025:11:28:53 +0700] "GET /the-impact-of-anonymity-on-online-dating-omegles-influence/ HTTP/1.0" 200 91470 "-" "Mozilla/5.0 AppleWebKit/537.36 (KHTML, like Gecko; compatible; GPTBot/1.2; +https://openai.com/gptbot)"
217.113.194.80 - - [07/Sep/2025:11:29:01 +0700] "GET /san-pham/chai-nhua-cho-bo-khuay-tron-chiet-doc-tinh-theo-epa-1311/ HTTP/1.0" 200 106383 "-" "Mozilla/5.0 (compatible; Barkrowler/0.9; +https://babbar.tech/crawler)"
45.117.177.72 - - [07/Sep/2025:11:29:28 +0700] "POST /wp-cron.php?doing_wp_cron=1757219368.6641879081726074218750 HTTP/1.0" 200 416 "-" "WordPress/6.8.1; https://vattusacky.vn"
217.113.194.74 - - [07/Sep/2025:11:29:27 +0700] "GET /san-pham/chai-nhua-cho-bo-khuay-tron-chiet-doc-tinh-theo-epa-1311/feed/ HTTP/1.0" 200 1753 "-" "Mozilla/5.0 (compatible; Barkrowler/0.9; +https://babbar.tech/crawler)"
20.171.207.251 - - [07/Sep/2025:11:29:27 +0700] "GET /omegles-influence-on-the-concept-of-trust-in-online-interactions/ HTTP/1.0" 200 89239 "-" "Mozilla/5.0 AppleWebKit/537.36 (KHTML, like Gecko; compatible; GPTBot/1.2; +https://openai.com/gptbot)"
20.171.207.251 - - [07/Sep/2025:11:29:46 +0700] "GET /?p=8943 HTTP/1.0" 301 507 "-" "Mozilla/5.0 AppleWebKit/537.36 (KHTML, like Gecko; compatible; GPTBot/1.2; +https://openai.com/gptbot)"
20.171.207.251 - - [07/Sep/2025:11:29:48 +0700] "GET /the-role-of-trust-in-building-meaningful-connections-on-omegle/ HTTP/1.0" 200 90423 "-" "Mozilla/5.0 AppleWebKit/537.36 (KHTML, like Gecko; compatible; GPTBot/1.2; +https://openai.com/gptbot)"
217.113.194.73 - - [07/Sep/2025:11:29:49 +0700] "GET /san-pham/may-quang-pho-kha-kien-vis-tach-tia-bo-giu-cell-05-vi-tri/ HTTP/1.0" 200 380930 "-" "Mozilla/5.0 (compatible; Barkrowler/0.9; +https://babbar.tech/crawler)"
45.117.177.72 - - [07/Sep/2025:11:30:46 +0700] "POST /wp-cron.php?doing_wp_cron=1757219446.6220080852508544921875 HTTP/1.0" 200 416 "-" "WordPress/6.8.1; https://vattusacky.vn"
52.167.144.202 - - [07/Sep/2025:11:30:45 +0700] "GET /the-impact-of-omegle-on-traditional-forms-of-communication-and-socializing/feed/ HTTP/1.0" 200 1819 "-" "Mozilla/5.0 AppleWebKit/537.36 (KHTML, like Gecko; compatible; bingbot/2.0; +http://www.bing.com/bingbot.htm) Chrome/116.0.1938.76 Safari/537.36"
45.117.177.72 - - [07/Sep/2025:11:31:38 +0700] "POST /wp-cron.php?doing_wp_cron=1757219498.1658880710601806640625 HTTP/1.0" 200 416 "-" "WordPress/6.8.1; https://vattusacky.vn"
20.171.207.251 - - [07/Sep/2025:11:31:35 +0700] "GET /the-impact-of-anonymity-on-online-dating-omegles-influence/feed/ HTTP/1.0" 200 1771 "-" "Mozilla/5.0 AppleWebKit/537.36 (KHTML, like Gecko; compatible; GPTBot/1.2; +https://openai.com/gptbot)"
40.77.167.154 - - [07/Sep/2025:11:31:59 +0700] "GET /category/2/ HTTP/1.0" 200 70550 "-" "Mozilla/5.0 AppleWebKit/537.36 (KHTML, like Gecko; compatible; bingbot/2.0; +http://www.bing.com/bingbot.htm) Chrome/116.0.1938.76 Safari/537.36"
45.117.177.72 - - [07/Sep/2025:11:32:30 +0700] "POST /wp-cron.php?doing_wp_cron=1757219549.8825380802154541015625 HTTP/1.0" 200 416 "-" "WordPress/6.8.1; https://vattusacky.vn"
216.244.66.237 - - [07/Sep/2025:11:32:28 +0700] "GET /robots.txt HTTP/1.0" 200 984 "-" "Mozilla/5.0 (compatible; DotBot/1.2; +https://opensiteexplorer.org/dotbot; help@moz.com)"
20.171.207.251 - - [07/Sep/2025:11:32:34 +0700] "GET /?p=8514 HTTP/1.0" 301 503 "-" "Mozilla/5.0 AppleWebKit/537.36 (KHTML, like Gecko; compatible; GPTBot/1.2; +https://openai.com/gptbot)"
20.171.207.251 - - [07/Sep/2025:11:32:36 +0700] "GET /the-impact-of-anonymity-on-online-dating-omegles-influence/ HTTP/1.0" 200 91470 "-" "Mozilla/5.0 AppleWebKit/537.36 (KHTML, like Gecko; compatible; GPTBot/1.2; +https://openai.com/gptbot)"
45.117.177.72 - - [07/Sep/2025:11:33:50 +0700] "POST /wp-cron.php?doing_wp_cron=1757219630.5285530090332031250000 HTTP/1.0" 200 416 "-" "WordPress/6.8.1; https://vattusacky.vn"
20.171.207.251 - - [07/Sep/2025:11:33:48 +0700] "GET /?p=8514 HTTP/1.0" 301 503 "-" "Mozilla/5.0 AppleWebKit/537.36 (KHTML, like Gecko; compatible; GPTBot/1.2; +https://openai.com/gptbot)"
20.171.207.251 - - [07/Sep/2025:11:33:51 +0700] "GET /the-impact-of-anonymity-on-online-dating-omegles-influence/ HTTP/1.0" 200 91470 "-" "Mozilla/5.0 AppleWebKit/537.36 (KHTML, like Gecko; compatible; GPTBot/1.2; +https://openai.com/gptbot)"
95.91.104.195 - - [07/Sep/2025:11:34:07 +0700] "GET /robots.txt HTTP/1.0" 200 984 "-" "Mozilla/5.0 (compatible; MJ12bot/v1.4.8; http://mj12bot.com/)"
95.91.104.195 - - [07/Sep/2025:11:34:10 +0700] "GET /tag/micardis/ HTTP/1.0" 200 58753 "-" "Mozilla/5.0 (compatible; MJ12bot/v1.4.8; http://mj12bot.com/)"
95.91.104.195 - - [07/Sep/2025:11:34:13 +0700] "GET /tag/phuong-phap-5/ HTTP/1.0" 200 59314 "-" "Mozilla/5.0 (compatible; MJ12bot/v1.4.8; http://mj12bot.com/)"
85.208.96.200 - - [07/Sep/2025:11:34:50 +0700] "GET /the-therapy-relationship-in-multicultural-psychotherapy/ HTTP/1.0" 403 617 "-" "Mozilla/5.0 (compatible; SemrushBot/7~bl; +http://www.semrush.com/bot.html)"
45.117.177.72 - - [07/Sep/2025:11:35:32 +0700] "POST /wp-cron.php?doing_wp_cron=1757219732.7281379699707031250000 HTTP/1.0" 200 416 "-" "WordPress/6.8.1; https://vattusacky.vn"
20.171.207.251 - - [07/Sep/2025:11:35:31 +0700] "GET /using-visuals-to-communicate-across-languages-on-omegle-and-ometv/ HTTP/1.0" 200 88378 "-" "Mozilla/5.0 AppleWebKit/537.36 (KHTML, like Gecko; compatible; GPTBot/1.2; +https://openai.com/gptbot)"
45.117.177.72 - - [07/Sep/2025:11:36:25 +0700] "POST /wp-cron.php?doing_wp_cron=1757219785.6157779693603515625000 HTTP/1.0" 200 416 "-" "WordPress/6.8.1; https://vattusacky.vn"
20.171.207.251 - - [07/Sep/2025:11:36:24 +0700] "GET /?p=7771 HTTP/1.0" 301 502 "-" "Mozilla/5.0 AppleWebKit/537.36 (KHTML, like Gecko; compatible; GPTBot/1.2; +https://openai.com/gptbot)"
20.171.207.251 - - [07/Sep/2025:11:36:26 +0700] "GET /omegle-vs-ometv-unveiling-the-secrets-of-their-technology/ HTTP/1.0" 200 90666 "-" "Mozilla/5.0 AppleWebKit/537.36 (KHTML, like Gecko; compatible; GPTBot/1.2; +https://openai.com/gptbot)"
185.191.171.15 - - [07/Sep/2025:11:37:08 +0700] "GET /the/lay-mau-bui-the-tich-lon/page/2/ HTTP/1.0" 200 188673 "-" "Mozilla/5.0 (compatible; SemrushBot/7~bl; +http://www.semrush.com/bot.html)"
45.117.177.72 - - [07/Sep/2025:11:37:28 +0700] "POST /wp-cron.php?doing_wp_cron=1757219848.7588109970092773437500 HTTP/1.0" 200 416 "-" "WordPress/6.8.1; https://vattusacky.vn"
20.171.207.251 - - [07/Sep/2025:11:37:27 +0700] "GET /?p=8923 HTTP/1.0" 301 656 "-" "Mozilla/5.0 AppleWebKit/537.36 (KHTML, like Gecko; compatible; GPTBot/1.2; +https://openai.com/gptbot)"
20.171.207.251 - - [07/Sep/2025:11:37:29 +0700] "GET /the-role-of-serendipity-in-discovering-shared-interests-on-omegle/ HTTP/1.0" 200 91004 "-" "Mozilla/5.0 AppleWebKit/537.36 (KHTML, like Gecko; compatible; GPTBot/1.2; +https://openai.com/gptbot)"
45.117.177.72 - - [07/Sep/2025:11:38:35 +0700] "POST /wp-cron.php?doing_wp_cron=1757219915.2277100086212158203125 HTTP/1.0" 200 416 "-" "WordPress/6.8.1; https://vattusacky.vn"
20.171.207.251 - - [07/Sep/2025:11:38:33 +0700] "GET /the-role-of-anonymity-in-fostering-honest-communication-on-omegle/ HTTP/1.0" 200 90521 "-" "Mozilla/5.0 AppleWebKit/537.36 (KHTML, like Gecko; compatible; GPTBot/1.2; +https://openai.com/gptbot)"
20.171.207.251 - - [07/Sep/2025:11:39:22 +0700] "GET /?p=8329 HTTP/1.0" 301 508 "-" "Mozilla/5.0 AppleWebKit/537.36 (KHTML, like Gecko; compatible; GPTBot/1.2; +https://openai.com/gptbot)"
20.171.207.251 - - [07/Sep/2025:11:39:29 +0700] "GET /the-art-of-recognizing-patterns-in-cosmic-connections-on-omegle/ HTTP/1.0" 200 90996 "-" "Mozilla/5.0 AppleWebKit/537.36 (KHTML, like Gecko; compatible; GPTBot/1.2; +https://openai.com/gptbot)"
185.191.171.8 - - [07/Sep/2025:11:39:34 +0700] "GET /cheap-online-essays-focused-on-professional-writers-for-your-academic-work/ HTTP/1.0" 200 207712 "-" "Mozilla/5.0 (compatible; SemrushBot/7~bl; +http://www.semrush.com/bot.html)"
20.171.207.251 - - [07/Sep/2025:11:40:09 +0700] "GET /strategies-for-ensuring-a-safe-and-authentic-experience-on-omegle/ HTTP/1.0" 200 91216 "-" "Mozilla/5.0 AppleWebKit/537.36 (KHTML, like Gecko; compatible; GPTBot/1.2; +https://openai.com/gptbot)"
45.117.177.72 - - [07/Sep/2025:11:40:48 +0700] "POST /wp-cron.php?doing_wp_cron=1757220048.3853900432586669921875 HTTP/1.0" 200 416 "-" "WordPress/6.8.1; https://vattusacky.vn"
20.171.207.251 - - [07/Sep/2025:11:40:47 +0700] "GET /?p=8158 HTTP/1.0" 301 502 "-" "Mozilla/5.0 AppleWebKit/537.36 (KHTML, like Gecko; compatible; GPTBot/1.2; +https://openai.com/gptbot)"
20.171.207.251 - - [07/Sep/2025:11:40:48 +0700] "GET /safety-measures-on-omegle-how-the-platform-protects-users/ HTTP/1.0" 200 93235 "-" "Mozilla/5.0 AppleWebKit/537.36 (KHTML, like Gecko; compatible; GPTBot/1.2; +https://openai.com/gptbot)"
17.241.75.146 - - [07/Sep/2025:11:41:07 +0700] "GET /the-impact-of-gamification-on-social-dynamics-in-online-platforms/ HTTP/1.0" 200 92788 "-" "Mozilla/5.0 (Macintosh; Intel Mac OS X 10_15_7) AppleWebKit/605.1.15 (KHTML, like Gecko) Version/17.4 Safari/605.1.15 (Applebot/0.1; +http://www.apple.com/go/applebot)"
45.117.177.72 - - [07/Sep/2025:11:41:24 +0700] "POST /wp-cron.php?doing_wp_cron=1757220084.1598820686340332031250 HTTP/1.0" 200 416 "-" "WordPress/6.8.1; https://vattusacky.vn"
20.171.207.251 - - [07/Sep/2025:11:41:22 +0700] "GET /the-role-of-empathy-in-fostering-connections-on-omegle/ HTTP/1.0" 200 80112 "-" "Mozilla/5.0 AppleWebKit/537.36 (KHTML, like Gecko; compatible; GPTBot/1.2; +https://openai.com/gptbot)"
85.208.96.205 - - [07/Sep/2025:11:41:35 +0700] "GET /the/lay-mau-tsp/page/1/ HTTP/1.0" 301 560 "-" "Mozilla/5.0 (compatible; SemrushBot/7~bl; +http://www.semrush.com/bot.html)"
85.208.96.208 - - [07/Sep/2025:11:41:39 +0700] "GET /the/lay-mau-tsp/ HTTP/1.0" 200 189879 "-" "Mozilla/5.0 (compatible; SemrushBot/7~bl; +http://www.semrush.com/bot.html)"
20.171.207.251 - - [07/Sep/2025:11:41:58 +0700] "GET /?p=7888 HTTP/1.0" 301 509 "-" "Mozilla/5.0 AppleWebKit/537.36 (KHTML, like Gecko; compatible; GPTBot/1.2; +https://openai.com/gptbot)"
20.171.207.251 - - [07/Sep/2025:11:41:59 +0700] "GET /omegles-influence-on-the-concept-of-trust-in-online-interactions/ HTTP/1.0" 200 89239 "-" "Mozilla/5.0 AppleWebKit/537.36 (KHTML, like Gecko; compatible; GPTBot/1.2; +https://openai.com/gptbot)"
20.171.207.251 - - [07/Sep/2025:11:42:29 +0700] "GET /?p=7451 HTTP/1.0" 301 660 "-" "Mozilla/5.0 AppleWebKit/537.36 (KHTML, like Gecko; compatible; GPTBot/1.2; +https://openai.com/gptbot)"
20.171.207.251 - - [07/Sep/2025:11:42:35 +0700] "GET /omegle-and-ometv-the-influence-of-random-connections-on-mental-health/ HTTP/1.0" 200 91466 "-" "Mozilla/5.0 AppleWebKit/537.36 (KHTML, like Gecko; compatible; GPTBot/1.2; +https://openai.com/gptbot)"
103.131.71.104 - - [07/Sep/2025:11:42:42 +0700] "GET /robots.txt HTTP/1.0" 200 984 "-" "Mozilla/5.0 (compatible; coccocbot-web/1.0; +http://help.coccoc.com/searchengine)"
103.131.71.177 - - [07/Sep/2025:11:42:49 +0700] "GET / HTTP/1.0" 200 60070 "-" "Mozilla/5.0 (compatible; coccocbot-web/1.0; +http://help.coccoc.com/searchengine)"
103.131.71.177 - - [07/Sep/2025:11:42:56 +0700] "GET /xmlrpc.php?rsd HTTP/1.0" 200 1290 "-" "Mozilla/5.0 (compatible; coccocbot-web/1.0; +http://help.coccoc.com/searchengine)"
103.131.71.165 - - [07/Sep/2025:11:43:04 +0700] "GET /sitemap_index.xml HTTP/1.0" 200 2426 "-" "Mozilla/5.0 (compatible; coccocbot-web/1.0; +http://help.coccoc.com/searchengine)"
45.117.177.72 - - [07/Sep/2025:11:43:44 +0700] "POST /wp-cron.php?doing_wp_cron=1757220224.4973239898681640625000 HTTP/1.0" 200 416 "-" "WordPress/6.8.1; https://vattusacky.vn"
103.131.71.168 - - [07/Sep/2025:11:43:42 +0700] "GET /post-sitemap.xml HTTP/1.0" 500 3278 "-" "Mozilla/5.0 (compatible; coccocbot-web/1.0; +http://help.coccoc.com/searchengine)"
103.131.71.168 - - [07/Sep/2025:11:43:49 +0700] "GET /post-sitemap2.xml HTTP/1.0" 200 158032 "-" "Mozilla/5.0 (compatible; coccocbot-web/1.0; +http://help.coccoc.com/searchengine)"
103.131.71.168 - - [07/Sep/2025:11:43:57 +0700] "GET /post-sitemap3.xml HTTP/1.0" 200 155802 "-" "Mozilla/5.0 (compatible; coccocbot-web/1.0; +http://help.coccoc.com/searchengine)"
20.171.207.251 - - [07/Sep/2025:11:44:01 +0700] "GET /the-role-of-omegle-in-online-dating-and-relationships/ HTTP/1.0" 200 91473 "-" "Mozilla/5.0 AppleWebKit/537.36 (KHTML, like Gecko; compatible; GPTBot/1.2; +https://openai.com/gptbot)"
103.131.71.168 - - [07/Sep/2025:11:44:04 +0700] "GET /post-sitemap4.xml HTTP/1.0" 200 159275 "-" "Mozilla/5.0 (compatible; coccocbot-web/1.0; +http://help.coccoc.com/searchengine)"
103.131.71.168 - - [07/Sep/2025:11:44:11 +0700] "GET /post-sitemap5.xml HTTP/1.0" 200 159938 "-" "Mozilla/5.0 (compatible; coccocbot-web/1.0; +http://help.coccoc.com/searchengine)"
45.117.177.72 - - [07/Sep/2025:11:44:19 +0700] "POST /wp-cron.php?doing_wp_cron=1757220259.5337400436401367187500 HTTP/1.0" 200 416 "-" "WordPress/6.8.1; https://vattusacky.vn"
103.131.71.168 - - [07/Sep/2025:11:44:18 +0700] "GET /post-sitemap6.xml HTTP/1.0" 200 42210 "-" "Mozilla/5.0 (compatible; coccocbot-web/1.0; +http://help.coccoc.com/searchengine)"
103.131.71.168 - - [07/Sep/2025:11:44:25 +0700] "GET /page-sitemap.xml HTTP/1.0" 200 1873 "-" "Mozilla/5.0 (compatible; coccocbot-web/1.0; +http://help.coccoc.com/searchengine)"
103.131.71.168 - - [07/Sep/2025:11:44:32 +0700] "GET /attachment-sitemap.xml HTTP/1.0" 200 72345 "-" "Mozilla/5.0 (compatible; coccocbot-web/1.0; +http://help.coccoc.com/searchengine)"
34.225.138.57 - - [07/Sep/2025:11:44:41 +0700] "GET /systems-is-satans-manner-of-destroying-the-world/ HTTP/1.0" 200 210199 "-" "Mozilla/5.0 AppleWebKit/537.36 (KHTML, like Gecko; compatible; Amazonbot/0.1; +https://developer.amazon.com/support/amazonbot) Chrome/119.0.6045.214 Safari/537.36"
54.163.136.244 - - [07/Sep/2025:11:44:43 +0700] "GET /over-the-internet-date-ideas-for-long-range-relationships/ HTTP/1.0" 200 207562 "-" "Mozilla/5.0 AppleWebKit/537.36 (KHTML, like Gecko; compatible; Amazonbot/0.1; +https://developer.amazon.com/support/amazonbot) Chrome/119.0.6045.214 Safari/537.36"
103.131.71.168 - - [07/Sep/2025:11:44:40 +0700] "GET /product-sitemap.xml HTTP/1.0" 200 51048 "-" "Mozilla/5.0 (compatible; coccocbot-web/1.0; +http://help.coccoc.com/searchengine)"
107.20.25.33 - - [07/Sep/2025:11:44:43 +0700] "GET /1xbet-giri-1xbahis-canl-casino-1x-bet-bahis-yeni-adresi-2023/ HTTP/1.0" 200 98473 "-" "Mozilla/5.0 AppleWebKit/537.36 (KHTML, like Gecko; compatible; Amazonbot/0.1; +https://developer.amazon.com/support/amazonbot) Chrome/119.0.6045.214 Safari/537.36"
52.3.102.51 - - [07/Sep/2025:11:44:45 +0700] "GET /category/uncategorized/page/91/ HTTP/1.0" 200 75248 "-" "Mozilla/5.0 AppleWebKit/537.36 (KHTML, like Gecko; compatible; Amazonbot/0.1; +https://developer.amazon.com/support/amazonbot) Chrome/119.0.6045.214 Safari/537.36"
103.131.71.168 - - [07/Sep/2025:11:44:47 +0700] "GET /category-sitemap.xml HTTP/1.0" 200 24564 "-" "Mozilla/5.0 (compatible; coccocbot-web/1.0; +http://help.coccoc.com/searchengine)"
52.6.232.201 - - [07/Sep/2025:11:44:48 +0700] "GET /category/uncategorized/page/145/ HTTP/1.0" 200 76317 "-" "Mozilla/5.0 AppleWebKit/537.36 (KHTML, like Gecko; compatible; Amazonbot/0.1; +https://developer.amazon.com/support/amazonbot) Chrome/119.0.6045.214 Safari/537.36"
44.223.232.55 - - [07/Sep/2025:11:44:53 +0700] "GET /category/uncategorized/page/349/ HTTP/1.0" 200 76929 "-" "Mozilla/5.0 AppleWebKit/537.36 (KHTML, like Gecko; compatible; Amazonbot/0.1; +https://developer.amazon.com/support/amazonbot) Chrome/119.0.6045.214 Safari/537.36"
103.131.71.171 - - [07/Sep/2025:11:44:54 +0700] "GET /post_tag-sitemap.xml HTTP/1.0" 200 12903 "-" "Mozilla/5.0 (compatible; coccocbot-web/1.0; +http://help.coccoc.com/searchengine)"
103.131.71.171 - - [07/Sep/2025:11:45:01 +0700] "GET /product_cat-sitemap.xml HTTP/1.0" 200 8595 "-" "Mozilla/5.0 (compatible; coccocbot-web/1.0; +http://help.coccoc.com/searchengine)"
103.131.71.171 - - [07/Sep/2025:11:45:08 +0700] "GET /product_tag-sitemap.xml HTTP/1.0" 200 28520 "-" "Mozilla/5.0 (compatible; coccocbot-web/1.0; +http://help.coccoc.com/searchengine)"
45.117.177.72 - - [07/Sep/2025:11:45:37 +0700] "POST /wp-cron.php?doing_wp_cron=1757220337.5815110206604003906250 HTTP/1.0" 200 416 "-" "WordPress/6.8.1; https://vattusacky.vn"
20.171.207.251 - - [07/Sep/2025:11:45:36 +0700] "GET /the-role-of-moderation-bots-on-chatroulette-and-omegle/ HTTP/1.0" 200 92924 "-" "Mozilla/5.0 AppleWebKit/537.36 (KHTML, like Gecko; compatible; GPTBot/1.2; +https://openai.com/gptbot)"
85.208.96.210 - - [07/Sep/2025:11:45:51 +0700] "GET /the/bui-tsp/page/3/ HTTP/1.0" 200 125581 "-" "Mozilla/5.0 (compatible; SemrushBot/7~bl; +http://www.semrush.com/bot.html)"
209.145.60.40 - - [07/Sep/2025:11:46:09 +0700] "POST /wp-plain.php HTTP/1.0" 403 573 "www.google.com" "Mozilla/5.0 (Linux; Android 7.0; SM-G892A Bulid/NRD90M; wv) AppleWebKit/537.36 (KHTML, like Gecko) Version/4.0 Chrome/60.0.3112.107 Moblie Safari/537.36"
209.145.60.40 - - [07/Sep/2025:11:46:09 +0700] "GET /hspkalar.php?Fox=d3wL7 HTTP/1.0" 403 573 "www.google.com" "Mozilla/5.0 (Linux; Android 7.0; SM-G892A Bulid/NRD90M; wv) AppleWebKit/537.36 (KHTML, like Gecko) Version/4.0 Chrome/60.0.3112.107 Moblie Safari/537.36"
209.145.60.40 - - [07/Sep/2025:11:46:09 +0700] "GET /wp-content/plugins/fix/up.php HTTP/1.0" 503 6963 "-" "Mozilla/5.0 (Windows NT 10.0; Win64; x64) AppleWebKit/537.36 (KHTML, like Gecko) Chrome/85.0.4183.102 Safari/537.36"
209.145.60.40 - - [07/Sep/2025:11:46:09 +0700] "GET /wp-content/themes/seotheme/db.php?u HTTP/1.0" 503 6963 "www.google.com" "Mozlila/5.0 (Linux; Android 7.0; SM-G892A Bulid/NRD90M; wv) AppleWebKit/537.36 (KHTML, like Gecko) Version/4.0 Chrome/60.0.3112.107 Moblie Safari/537.36"
209.145.60.40 - - [07/Sep/2025:11:46:09 +0700] "POST /ALFA_DATA/alfacgiapi/perl.alfa HTTP/1.0" 404 70813 "www.google.com" "Mozlila/5.0 (Linux; Android 7.0; SM-G892A Bulid/NRD90M; wv) AppleWebKit/537.36 (KHTML, like Gecko) Version/4.0 Chrome/60.0.3112.107 Moblie Safari/537.36"
209.145.60.40 - - [07/Sep/2025:11:46:17 +0700] "GET /wp-content/themes/seotheme/db.php?u HTTP/1.0" 503 6963 "www.google.com" "Mozlila/5.0 (Linux; Android 7.0; SM-G892A Bulid/NRD90M; wv) AppleWebKit/537.36 (KHTML, like Gecko) Version/4.0 Chrome/60.0.3112.107 Moblie Safari/537.36"
209.145.60.40 - - [07/Sep/2025:11:46:09 +0700] "GET / HTTP/1.0" 503 8085 "-" "Mozlila/5.0 (Linux; Android 7.0; SM-G892A Bulid/NRD90M; wv) AppleWebKit/537.36 (KHTML, like Gecko) Version/4.0 Chrome/60.0.3112.107 Moblie Safari/537.36"
209.145.60.40 - - [07/Sep/2025:11:46:18 +0700] "GET /wp-content/plugins/fix/up.php HTTP/1.0" 503 6963 "-" "Mozilla/5.0 (Windows NT 10.0; Win64; x64) AppleWebKit/537.36 (KHTML, like Gecko) Chrome/85.0.4183.102 Safari/537.36"
209.145.60.40 - - [07/Sep/2025:11:46:26 +0700] "GET /wp-content/themes/seotheme/db.php?u HTTP/1.0" 503 6963 "www.google.com" "Mozlila/5.0 (Linux; Android 7.0; SM-G892A Bulid/NRD90M; wv) AppleWebKit/537.36 (KHTML, like Gecko) Version/4.0 Chrome/60.0.3112.107 Moblie Safari/537.36"
209.145.60.40 - - [07/Sep/2025:11:46:18 +0700] "GET / HTTP/1.0" 503 8085 "-" "Mozlila/5.0 (Linux; Android 7.0; SM-G892A Bulid/NRD90M; wv) AppleWebKit/537.36 (KHTML, like Gecko) Version/4.0 Chrome/60.0.3112.107 Moblie Safari/537.36"
209.145.60.40 - - [07/Sep/2025:11:46:26 +0700] "GET / HTTP/1.0" 503 8085 "-" "Mozlila/5.0 (Linux; Android 7.0; SM-G892A Bulid/NRD90M; wv) AppleWebKit/537.36 (KHTML, like Gecko) Version/4.0 Chrome/60.0.3112.107 Moblie Safari/537.36"
209.145.60.40 - - [07/Sep/2025:11:46:26 +0700] "GET /wp-content/plugins/fix/up.php HTTP/1.0" 503 6963 "-" "Mozilla/5.0 (Windows NT 10.0; Win64; x64) AppleWebKit/537.36 (KHTML, like Gecko) Chrome/85.0.4183.102 Safari/537.36"
209.145.60.40 - - [07/Sep/2025:11:46:26 +0700] "POST /alfacgiapi/perl.alfa HTTP/1.0" 404 70813 "www.google.com" "Mozlila/5.0 (Linux; Android 7.0; SM-G892A Bulid/NRD90M; wv) AppleWebKit/537.36 (KHTML, like Gecko) Version/4.0 Chrome/60.0.3112.107 Moblie Safari/537.36"
209.145.60.40 - - [07/Sep/2025:11:46:34 +0700] "GET /wp-content/themes/seotheme/db.php?u HTTP/1.0" 503 6963 "www.google.com" "Mozlila/5.0 (Linux; Android 7.0; SM-G892A Bulid/NRD90M; wv) AppleWebKit/537.36 (KHTML, like Gecko) Version/4.0 Chrome/60.0.3112.107 Moblie Safari/537.36"
209.145.60.40 - - [07/Sep/2025:11:46:35 +0700] "GET /wp-content/plugins/fix/up.php HTTP/1.0" 503 6963 "-" "Mozilla/5.0 (Windows NT 10.0; Win64; x64) AppleWebKit/537.36 (KHTML, like Gecko) Chrome/85.0.4183.102 Safari/537.36"
209.145.60.40 - - [07/Sep/2025:11:46:35 +0700] "GET / HTTP/1.0" 503 8085 "-" "Mozlila/5.0 (Linux; Android 7.0; SM-G892A Bulid/NRD90M; wv) AppleWebKit/537.36 (KHTML, like Gecko) Version/4.0 Chrome/60.0.3112.107 Moblie Safari/537.36"
20.171.207.251 - - [07/Sep/2025:11:46:51 +0700] "GET /?p=8809 HTTP/1.0" 301 510 "-" "Mozilla/5.0 AppleWebKit/537.36 (KHTML, like Gecko; compatible; GPTBot/1.2; +https://openai.com/gptbot)"
209.145.60.40 - - [07/Sep/2025:11:46:47 +0700] "GET / HTTP/1.0" 503 8085 "-" "Mozlila/5.0 (Linux; Android 7.0; SM-G892A Bulid/NRD90M; wv) AppleWebKit/537.36 (KHTML, like Gecko) Version/4.0 Chrome/60.0.3112.107 Moblie Safari/537.36"
209.145.60.40 - - [07/Sep/2025:11:46:47 +0700] "GET /wp-content/plugins/fix/up.php HTTP/1.0" 503 6963 "-" "Mozilla/5.0 (Windows NT 10.0; Win64; x64) AppleWebKit/537.36 (KHTML, like Gecko) Chrome/85.0.4183.102 Safari/537.36"
209.145.60.40 - - [07/Sep/2025:11:46:47 +0700] "GET /wp-content/themes/seotheme/db.php?u HTTP/1.0" 503 6963 "www.google.com" "Mozlila/5.0 (Linux; Android 7.0; SM-G892A Bulid/NRD90M; wv) AppleWebKit/537.36 (KHTML, like Gecko) Version/4.0 Chrome/60.0.3112.107 Moblie Safari/537.36"
209.145.60.40 - - [07/Sep/2025:11:46:56 +0700] "GET /wp-content/themes/seotheme/db.php?u HTTP/1.0" 503 6963 "www.google.com" "Mozlila/5.0 (Linux; Android 7.0; SM-G892A Bulid/NRD90M; wv) AppleWebKit/537.36 (KHTML, like Gecko) Version/4.0 Chrome/60.0.3112.107 Moblie Safari/537.36"
20.171.207.251 - - [07/Sep/2025:11:47:00 +0700] "GET /the-role-of-anonymity-in-fostering-honest-communication-on-omegle/ HTTP/1.0" 200 90521 "-" "Mozilla/5.0 AppleWebKit/537.36 (KHTML, like Gecko; compatible; GPTBot/1.2; +https://openai.com/gptbot)"
209.145.60.40 - - [07/Sep/2025:11:47:04 +0700] "GET /wp-content/themes/seotheme/db.php?u HTTP/1.0" 404 70813 "www.google.com" "Mozlila/5.0 (Linux; Android 7.0; SM-G892A Bulid/NRD90M; wv) AppleWebKit/537.36 (KHTML, like Gecko) Version/4.0 Chrome/60.0.3112.107 Moblie Safari/537.36"
45.117.177.72 - - [07/Sep/2025:11:47:40 +0700] "POST /wp-cron.php?doing_wp_cron=1757220460.2834789752960205078125 HTTP/1.0" 200 416 "-" "WordPress/6.8.1; https://vattusacky.vn"
20.171.207.251 - - [07/Sep/2025:11:47:38 +0700] "GET /?p=8264 HTTP/1.0" 301 656 "-" "Mozilla/5.0 AppleWebKit/537.36 (KHTML, like Gecko; compatible; GPTBot/1.2; +https://openai.com/gptbot)"
20.171.207.251 - - [07/Sep/2025:11:47:40 +0700] "GET /strategies-for-ensuring-a-safe-and-authentic-experience-on-omegle/ HTTP/1.0" 200 91216 "-" "Mozilla/5.0 AppleWebKit/537.36 (KHTML, like Gecko; compatible; GPTBot/1.2; +https://openai.com/gptbot)"
20.171.207.251 - - [07/Sep/2025:11:48:12 +0700] "GET /?p=8851 HTTP/1.0" 301 499 "-" "Mozilla/5.0 AppleWebKit/537.36 (KHTML, like Gecko; compatible; GPTBot/1.2; +https://openai.com/gptbot)"
20.171.207.251 - - [07/Sep/2025:11:48:14 +0700] "GET /the-role-of-empathy-in-fostering-connections-on-omegle/ HTTP/1.0" 200 80112 "-" "Mozilla/5.0 AppleWebKit/537.36 (KHTML, like Gecko; compatible; GPTBot/1.2; +https://openai.com/gptbot)"
45.117.177.72 - - [07/Sep/2025:11:48:54 +0700] "POST /wp-cron.php?doing_wp_cron=1757220534.6792171001434326171875 HTTP/1.0" 200 416 "-" "WordPress/6.8.1; https://vattusacky.vn"
20.171.207.251 - - [07/Sep/2025:11:48:53 +0700] "GET /the-impact-of-chatroulette-and-omegle-on-mental-health/ HTTP/1.0" 200 91642 "-" "Mozilla/5.0 AppleWebKit/537.36 (KHTML, like Gecko; compatible; GPTBot/1.2; +https://openai.com/gptbot)"
45.117.177.72 - - [07/Sep/2025:11:51:03 +0700] "POST /wp-cron.php?doing_wp_cron=1757220662.6308948993682861328125 HTTP/1.0" 200 416 "-" "WordPress/6.8.1; https://vattusacky.vn"
20.171.207.251 - - [07/Sep/2025:11:51:01 +0700] "GET /the-influence-of-omegle-on-internet-culture-and-trends/ HTTP/1.0" 200 74763 "-" "Mozilla/5.0 AppleWebKit/537.36 (KHTML, like Gecko; compatible; GPTBot/1.2; +https://openai.com/gptbot)"
45.117.177.72 - - [07/Sep/2025:11:52:21 +0700] "POST /wp-cron.php?doing_wp_cron=1757220741.3143079280853271484375 HTTP/1.0" 200 416 "-" "WordPress/6.8.1; https://vattusacky.vn"
20.171.207.251 - - [07/Sep/2025:11:52:20 +0700] "GET /omegles-role-in-shaping-online-trends-and-memes/ HTTP/1.0" 200 91037 "-" "Mozilla/5.0 AppleWebKit/537.36 (KHTML, like Gecko; compatible; GPTBot/1.2; +https://openai.com/gptbot)"
185.191.171.8 - - [07/Sep/2025:11:52:36 +0700] "GET /thiet-bi-lay-mau-bui-pm10-pm2-5-xung-quanh-dong-thoi-model-ipm-fds-2510/ HTTP/1.0" 200 220374 "-" "Mozilla/5.0 (compatible; SemrushBot/7~bl; +http://www.semrush.com/bot.html)"
20.171.207.251 - - [07/Sep/2025:11:53:09 +0700] "GET /the-role-of-humor-in-building-connections-on-omegle/ HTTP/1.0" 200 90849 "-" "Mozilla/5.0 AppleWebKit/537.36 (KHTML, like Gecko; compatible; GPTBot/1.2; +https://openai.com/gptbot)"
45.117.177.72 - - [07/Sep/2025:11:53:33 +0700] "POST /wp-cron.php?doing_wp_cron=1757220812.8205409049987792968750 HTTP/1.0" 200 416 "-" "WordPress/6.8.1; https://vattusacky.vn"
17.241.227.237 - - [07/Sep/2025:11:53:31 +0700] "GET /interweaving-the-threads-of-friendship-and-romance-in-omelove/ HTTP/1.0" 200 90833 "-" "Mozilla/5.0 (Macintosh; Intel Mac OS X 10_15_7) AppleWebKit/605.1.15 (KHTML, like Gecko) Version/17.4 Safari/605.1.15 (Applebot/0.1; +http://www.apple.com/go/applebot)"
20.171.207.251 - - [07/Sep/2025:11:54:01 +0700] "GET /?p=9192 HTTP/1.0" 301 510 "-" "Mozilla/5.0 AppleWebKit/537.36 (KHTML, like Gecko; compatible; GPTBot/1.2; +https://openai.com/gptbot)"
20.171.207.251 - - [07/Sep/2025:11:54:02 +0700] "GET /using-visuals-to-communicate-across-languages-on-omegle-and-ometv/ HTTP/1.0" 200 88378 "-" "Mozilla/5.0 AppleWebKit/537.36 (KHTML, like Gecko; compatible; GPTBot/1.2; +https://openai.com/gptbot)"
45.117.177.72 - - [07/Sep/2025:11:54:33 +0700] "POST /wp-cron.php?doing_wp_cron=1757220873.3285999298095703125000 HTTP/1.0" 200 416 "-" "WordPress/6.8.1; https://vattusacky.vn"
20.171.207.251 - - [07/Sep/2025:11:54:32 +0700] "GET /the-role-of-machine-learning-in-omegles-algorithm/ HTTP/1.0" 200 90059 "-" "Mozilla/5.0 AppleWebKit/537.36 (KHTML, like Gecko; compatible; GPTBot/1.2; +https://openai.com/gptbot)"
45.117.177.72 - - [07/Sep/2025:11:56:33 +0700] "POST /wp-cron.php?doing_wp_cron=1757220993.0827970504760742187500 HTTP/1.0" 200 416 "-" "WordPress/6.8.1; https://vattusacky.vn"
20.171.207.251 - - [07/Sep/2025:11:56:31 +0700] "GET /the-role-of-personal-boundaries-and-consent-on-omegle/ HTTP/1.0" 200 89818 "-" "Mozilla/5.0 AppleWebKit/537.36 (KHTML, like Gecko; compatible; GPTBot/1.2; +https://openai.com/gptbot)"
216.244.66.237 - - [07/Sep/2025:11:57:13 +0700] "GET /the-social-experiment-of-omegle-examining-the-power-of-connection/ HTTP/1.0" 200 92274 "-" "Mozilla/5.0 (compatible; DotBot/1.2; +https://opensiteexplorer.org/dotbot; help@moz.com)"
45.117.177.72 - - [07/Sep/2025:11:57:28 +0700] "POST /wp-cron.php?doing_wp_cron=1757221048.7224440574645996093750 HTTP/1.0" 200 416 "-" "WordPress/6.8.1; https://vattusacky.vn"
20.171.207.251 - - [07/Sep/2025:11:57:27 +0700] "GET /?p=7972 HTTP/1.0" 301 492 "-" "Mozilla/5.0 AppleWebKit/537.36 (KHTML, like Gecko; compatible; GPTBot/1.2; +https://openai.com/gptbot)"
20.171.207.251 - - [07/Sep/2025:11:57:29 +0700] "GET /omegles-role-in-shaping-online-trends-and-memes/ HTTP/1.0" 200 91037 "-" "Mozilla/5.0 AppleWebKit/537.36 (KHTML, like Gecko; compatible; GPTBot/1.2; +https://openai.com/gptbot)"
40.77.167.59 - - [07/Sep/2025:11:57:49 +0700] "GET /the-role-of-kindness-and-compassion-in-omegles-social-experiment/ HTTP/1.0" 200 90842 "-" "Mozilla/5.0 AppleWebKit/537.36 (KHTML, like Gecko; compatible; bingbot/2.0; +http://www.bing.com/bingbot.htm) Chrome/116.0.1938.76 Safari/537.36"
45.117.177.72 - - [07/Sep/2025:11:58:20 +0700] "POST /wp-cron.php?doing_wp_cron=1757221100.1335740089416503906250 HTTP/1.0" 200 416 "-" "WordPress/6.8.1; https://vattusacky.vn"
20.171.207.251 - - [07/Sep/2025:11:58:18 +0700] "GET /pros-and-cons-of-using-omegle-for-social-interaction/ HTTP/1.0" 200 89892 "-" "Mozilla/5.0 AppleWebKit/537.36 (KHTML, like Gecko; compatible; GPTBot/1.2; +https://openai.com/gptbot)"
20.171.207.251 - - [07/Sep/2025:11:58:51 +0700] "GET /omegle-as-a-tool-for-language-translation-and-practice/ HTTP/1.0" 200 91717 "-" "Mozilla/5.0 AppleWebKit/537.36 (KHTML, like Gecko; compatible; GPTBot/1.2; +https://openai.com/gptbot)"
45.117.177.72 - - [07/Sep/2025:11:59:20 +0700] "POST /wp-cron.php?doing_wp_cron=1757221160.6876718997955322265625 HTTP/1.0" 200 416 "-" "WordPress/6.8.1; https://vattusacky.vn"
20.171.207.251 - - [07/Sep/2025:11:59:19 +0700] "GET /?p=8894 HTTP/1.0" 301 498 "-" "Mozilla/5.0 AppleWebKit/537.36 (KHTML, like Gecko; compatible; GPTBot/1.2; +https://openai.com/gptbot)"
20.171.207.251 - - [07/Sep/2025:11:59:21 +0700] "GET /the-role-of-omegle-in-online-dating-and-relationships/ HTTP/1.0" 200 91473 "-" "Mozilla/5.0 AppleWebKit/537.36 (KHTML, like Gecko; compatible; GPTBot/1.2; +https://openai.com/gptbot)"
20.171.207.251 - - [07/Sep/2025:11:59:42 +0700] "GET /?p=8621 HTTP/1.0" 301 499 "-" "Mozilla/5.0 AppleWebKit/537.36 (KHTML, like Gecko; compatible; GPTBot/1.2; +https://openai.com/gptbot)"
20.171.207.251 - - [07/Sep/2025:11:59:44 +0700] "GET /the-influence-of-omegle-on-internet-culture-and-trends/ HTTP/1.0" 200 74763 "-" "Mozilla/5.0 AppleWebKit/537.36 (KHTML, like Gecko; compatible; GPTBot/1.2; +https://openai.com/gptbot)"
20.171.207.251 - - [07/Sep/2025:12:00:09 +0700] "GET /?p=8872 HTTP/1.0" 301 494 "-" "Mozilla/5.0 AppleWebKit/537.36 (KHTML, like Gecko; compatible; GPTBot/1.2; +https://openai.com/gptbot)"
20.171.207.251 - - [07/Sep/2025:12:00:11 +0700] "GET /the-role-of-machine-learning-in-omegles-algorithm/ HTTP/1.0" 200 90059 "-" "Mozilla/5.0 AppleWebKit/537.36 (KHTML, like Gecko; compatible; GPTBot/1.2; +https://openai.com/gptbot)"
45.117.177.72 - - [07/Sep/2025:12:00:39 +0700] "POST /wp-cron.php?doing_wp_cron=1757221239.0879418849945068359375 HTTP/1.0" 200 416 "-" "WordPress/6.8.1; https://vattusacky.vn"
20.171.207.251 - - [07/Sep/2025:12:00:37 +0700] "GET /?p=8865 HTTP/1.0" 301 496 "-" "Mozilla/5.0 AppleWebKit/537.36 (KHTML, like Gecko; compatible; GPTBot/1.2; +https://openai.com/gptbot)"
20.171.207.251 - - [07/Sep/2025:12:00:39 +0700] "GET /the-role-of-humor-in-building-connections-on-omegle/ HTTP/1.0" 200 90703 "-" "Mozilla/5.0 AppleWebKit/537.36 (KHTML, like Gecko; compatible; GPTBot/1.2; +https://openai.com/gptbot)"
45.117.177.72 - - [07/Sep/2025:12:01:00 +0700] "POST /wp-cron.php?doing_wp_cron=1757221260.6970169544219970703125 HTTP/1.0" 200 416 "-" "WordPress/6.8.1; https://vattusacky.vn"
87.250.224.86 - - [07/Sep/2025:12:00:59 +0700] "GET /connecting-with-people-from-around-the-world-on-omegle/ HTTP/1.0" 200 89555 "-" "Mozilla/5.0 (compatible; YandexBot/3.0; +http://yandex.com/bots)"
20.171.207.251 - - [07/Sep/2025:12:01:00 +0700] "GET /?p=8519 HTTP/1.0" 301 499 "-" "Mozilla/5.0 AppleWebKit/537.36 (KHTML, like Gecko; compatible; GPTBot/1.2; +https://openai.com/gptbot)"
