217.113.194.74 - - [07/Sep/2025:13:36:01 +0700] "GET /tien-bo-phan-mem-nhanh-chong-tienapps-com-chung-co-phu-hop-voi-ban-khong/ HTTP/1.0" 200 211043 "-" "Mozilla/5.0 (compatible; Barkrowler/0.9; +https://babbar.tech/crawler)"
20.171.207.251 - - [07/Sep/2025:13:36:02 +0700] "GET /omegle-and-the-role-of-humor-in-breaking-the-ice/ HTTP/1.0" 200 89338 "-" "Mozilla/5.0 AppleWebKit/537.36 (KHTML, like Gecko; compatible; GPTBot/1.2; +https://openai.com/gptbot)"
185.191.171.17 - - [07/Sep/2025:13:36:28 +0700] "GET /robots.txt HTTP/1.0" 200 984 "-" "Mozilla/5.0 (compatible; SemrushBot/7~bl; +http://www.semrush.com/bot.html)"
45.117.177.72 - - [07/Sep/2025:13:36:32 +0700] "POST /wp-cron.php?doing_wp_cron=1757226992.3122351169586181640625 HTTP/1.0" 200 416 "-" "WordPress/6.8.1; https://vattusacky.vn"
20.171.207.251 - - [07/Sep/2025:13:36:28 +0700] "GET /?p=8436 HTTP/1.0" 301 492 "-" "Mozilla/5.0 AppleWebKit/537.36 (KHTML, like Gecko; compatible; GPTBot/1.2; +https://openai.com/gptbot)"
154.54.249.200 - - [07/Sep/2025:13:36:29 +0700] "GET /the-portland-museum-of-art-maines-greatest-market-art-organization-has-taken-visitors-closer-with-each-other-since-1882/ HTTP/1.0" 200 216111 "-" "Mozilla/5.0 (compatible; Barkrowler/0.9; +https://babbar.tech/crawler)"
17.241.219.53 - - [07/Sep/2025:13:36:29 +0700] "GET /the-power-of-collaboration-insights-from-artists-on-omegle/ HTTP/1.0" 200 91031 "-" "Mozilla/5.0 (Macintosh; Intel Mac OS X 10_15_7) AppleWebKit/605.1.15 (KHTML, like Gecko) Version/17.4 Safari/605.1.15 (Applebot/0.1; +http://www.apple.com/go/applebot)"
20.171.207.251 - - [07/Sep/2025:13:36:32 +0700] "GET /the-evolution-of-love-and-friendship-in-omelove/ HTTP/1.0" 200 91994 "-" "Mozilla/5.0 AppleWebKit/537.36 (KHTML, like Gecko; compatible; GPTBot/1.2; +https://openai.com/gptbot)"
185.191.171.3 - - [07/Sep/2025:13:36:33 +0700] "GET /the-best-virus-removal-software/ HTTP/1.0" 200 205416 "-" "Mozilla/5.0 (compatible; SemrushBot/7~bl; +http://www.semrush.com/bot.html)"
85.208.96.198 - - [07/Sep/2025:13:36:37 +0700] "GET /sitemap_index.xml HTTP/1.0" 200 2426 "-" "Mozilla/5.0 (compatible; SemrushBot/7~bl; +http://www.semrush.com/bot.html)"
85.208.96.202 - - [07/Sep/2025:13:36:43 +0700] "GET /post_tag-sitemap.xml HTTP/1.0" 200 12903 "-" "Mozilla/5.0 (compatible; SemrushBot/7~bl; +http://www.semrush.com/bot.html)"
85.208.96.202 - - [07/Sep/2025:13:36:49 +0700] "GET /category-sitemap.xml HTTP/1.0" 200 24564 "-" "Mozilla/5.0 (compatible; SemrushBot/7~bl; +http://www.semrush.com/bot.html)"
85.208.96.202 - - [07/Sep/2025:13:36:54 +0700] "GET /product-sitemap.xml HTTP/1.0" 200 51048 "-" "Mozilla/5.0 (compatible; SemrushBot/7~bl; +http://www.semrush.com/bot.html)"
154.54.249.200 - - [07/Sep/2025:13:37:04 +0700] "GET /cach-tim-yeu-cau-vay-tra-gop-chi-can-cmnd-ung-truoc-nhanh-chong/feed/ HTTP/1.0" 200 1804 "-" "Mozilla/5.0 (compatible; Barkrowler/0.9; +https://babbar.tech/crawler)"
20.171.207.251 - - [07/Sep/2025:13:37:05 +0700] "GET /hilarious-omegle-chats-that-will-leave-you-in-stitches/ HTTP/1.0" 200 89620 "-" "Mozilla/5.0 AppleWebKit/537.36 (KHTML, like Gecko; compatible; GPTBot/1.2; +https://openai.com/gptbot)"
85.208.96.202 - - [07/Sep/2025:13:37:07 +0700] "GET /attachment-sitemap.xml HTTP/1.0" 500 3278 "-" "Mozilla/5.0 (compatible; SemrushBot/7~bl; +http://www.semrush.com/bot.html)"
45.117.177.72 - - [07/Sep/2025:13:37:18 +0700] "POST /wp-cron.php?doing_wp_cron=1757227037.7976889610290527343750 HTTP/1.0" 200 416 "-" "WordPress/6.8.1; https://vattusacky.vn"
185.191.171.15 - - [07/Sep/2025:13:37:15 +0700] "GET /page-sitemap.xml HTTP/1.0" 200 1873 "-" "Mozilla/5.0 (compatible; SemrushBot/7~bl; +http://www.semrush.com/bot.html)"
185.191.171.4 - - [07/Sep/2025:13:37:20 +0700] "GET /post-sitemap6.xml HTTP/1.0" 200 42210 "-" "Mozilla/5.0 (compatible; SemrushBot/7~bl; +http://www.semrush.com/bot.html)"
217.113.194.74 - - [07/Sep/2025:13:37:26 +0700] "GET /san-pham/khoan-lay-mau-dat-2-1-4%E2%80%B3-co-ky-hieu-signature-regular-auger/feed/ HTTP/1.0" 200 1777 "-" "Mozilla/5.0 (compatible; Barkrowler/0.9; +https://babbar.tech/crawler)"
185.191.171.4 - - [07/Sep/2025:13:37:26 +0700] "GET /post-sitemap5.xml HTTP/1.0" 200 159996 "-" "Mozilla/5.0 (compatible; SemrushBot/7~bl; +http://www.semrush.com/bot.html)"
20.171.207.251 - - [07/Sep/2025:13:37:34 +0700] "GET /the-role-of-omegle-in-long-distance-relationships/ HTTP/1.0" 200 90157 "-" "Mozilla/5.0 AppleWebKit/537.36 (KHTML, like Gecko; compatible; GPTBot/1.2; +https://openai.com/gptbot)"
85.208.96.202 - - [07/Sep/2025:13:37:36 +0700] "GET /post-sitemap4.xml HTTP/1.0" 200 157863 "-" "Mozilla/5.0 (compatible; SemrushBot/7~bl; +http://www.semrush.com/bot.html)"
217.113.194.73 - - [07/Sep/2025:13:37:46 +0700] "GET /san-pham/khoan-lay-mau-dat-3-1-4%E2%80%B3-co-ky-hieu-signature-regular-auger/feed/ HTTP/1.0" 200 1777 "-" "Mozilla/5.0 (compatible; Barkrowler/0.9; +https://babbar.tech/crawler)"
185.191.171.4 - - [07/Sep/2025:13:37:49 +0700] "GET /post-sitemap3.xml HTTP/1.0" 200 155802 "-" "Mozilla/5.0 (compatible; SemrushBot/7~bl; +http://www.semrush.com/bot.html)"
217.113.194.76 - - [07/Sep/2025:13:38:11 +0700] "GET /san-pham/bom-lay-mau-khi-sibata-mp-sigma30nii-0-050-den-0-500l-phut/ HTTP/1.0" 200 184467 "-" "Mozilla/5.0 (compatible; Barkrowler/0.9; +https://babbar.tech/crawler)"
85.208.96.202 - - [07/Sep/2025:13:38:01 +0700] "GET /post-sitemap2.xml HTTP/1.0" 503 8720 "-" "Mozilla/5.0 (compatible; SemrushBot/7~bl; +http://www.semrush.com/bot.html)"
45.117.177.72 - - [07/Sep/2025:13:38:19 +0700] "POST /wp-cron.php?doing_wp_cron=1757227099.5823569297790527343750 HTTP/1.0" 200 416 "-" "WordPress/6.8.1; https://vattusacky.vn"
85.208.96.202 - - [07/Sep/2025:13:38:16 +0700] "GET /post-sitemap2.xml HTTP/1.0" 503 8720 "-" "Mozilla/5.0 (compatible; SemrushBot/7~bl; +http://www.semrush.com/bot.html)"
85.208.96.199 - - [07/Sep/2025:13:38:32 +0700] "GET /post-sitemap.xml HTTP/1.0" 500 3278 "-" "Mozilla/5.0 (compatible; SemrushBot/7~bl; +http://www.semrush.com/bot.html)"
85.208.96.199 - - [07/Sep/2025:13:38:48 +0700] "GET /post-sitemap.xml HTTP/1.0" 500 3278 "-" "Mozilla/5.0 (compatible; SemrushBot/7~bl; +http://www.semrush.com/bot.html)"
217.113.194.74 - - [07/Sep/2025:13:38:58 +0700] "GET /san-pham/thiet-bi-lay-mau-bui-tsp-pm10-pm-2-5-15-%C3%B7-35-lpm/feed/ HTTP/1.0" 200 1737 "-" "Mozilla/5.0 (compatible; Barkrowler/0.9; +https://babbar.tech/crawler)"
45.117.177.72 - - [07/Sep/2025:13:39:21 +0700] "POST /wp-cron.php?doing_wp_cron=1757227161.3863189220428466796875 HTTP/1.0" 200 416 "-" "WordPress/6.8.1; https://vattusacky.vn"
217.113.194.75 - - [07/Sep/2025:13:39:19 +0700] "GET /san-pham/thiet-bi-lay-mau-bui-puf-58-280-lpm-khong-choi-than-03-cap/ HTTP/1.0" 200 372020 "-" "Mozilla/5.0 (compatible; Barkrowler/0.9; +https://babbar.tech/crawler)"
216.244.66.237 - - [07/Sep/2025:13:40:08 +0700] "GET /the-addictive-nature-of-omegles-random-encounters/ HTTP/1.0" 200 91830 "-" "Mozilla/5.0 (compatible; DotBot/1.2; +https://opensiteexplorer.org/dotbot; help@moz.com)"
45.117.177.72 - - [07/Sep/2025:13:41:06 +0700] "POST /wp-cron.php?doing_wp_cron=1757227266.2498910427093505859375 HTTP/1.0" 200 416 "-" "WordPress/6.8.1; https://vattusacky.vn"
20.171.207.251 - - [07/Sep/2025:13:41:03 +0700] "GET /?p=8984 HTTP/1.0" 301 639 "-" "Mozilla/5.0 AppleWebKit/537.36 (KHTML, like Gecko; compatible; GPTBot/1.2; +https://openai.com/gptbot)"
20.171.207.251 - - [07/Sep/2025:13:41:06 +0700] "GET /the-tech-innovations-that-power-omegle-and-ometv/ HTTP/1.0" 200 90134 "-" "Mozilla/5.0 AppleWebKit/537.36 (KHTML, like Gecko; compatible; GPTBot/1.2; +https://openai.com/gptbot)"
45.117.177.72 - - [07/Sep/2025:13:42:58 +0700] "POST /wp-cron.php?doing_wp_cron=1757227378.4333550930023193359375 HTTP/1.0" 200 416 "-" "WordPress/6.8.1; https://vattusacky.vn"
20.171.207.251 - - [07/Sep/2025:13:42:55 +0700] "GET /omegle-vs-ometv-the-tech-battle-for-chat-supremacy/ HTTP/1.0" 200 93197 "-" "Mozilla/5.0 AppleWebKit/537.36 (KHTML, like Gecko; compatible; GPTBot/1.2; +https://openai.com/gptbot)"
45.117.177.72 - - [07/Sep/2025:13:43:53 +0700] "POST /wp-cron.php?doing_wp_cron=1757227433.5804429054260253906250 HTTP/1.0" 200 416 "-" "WordPress/6.8.1; https://vattusacky.vn"
20.171.207.251 - - [07/Sep/2025:13:43:50 +0700] "GET /wp-json/oembed/1.0/embed?format=xml&url=https%3A%2F%2Fvattusacky.vn%2Fthe-hidden-side-unique-stories-from-omegle-and-ometv%2F HTTP/1.0" 200 3650 "-" "Mozilla/5.0 AppleWebKit/537.36 (KHTML, like Gecko; compatible; GPTBot/1.2; +https://openai.com/gptbot)"
45.117.177.72 - - [07/Sep/2025:13:44:32 +0700] "POST /wp-cron.php?doing_wp_cron=1757227472.4280090332031250000000 HTTP/1.0" 200 416 "-" "WordPress/6.8.1; https://vattusacky.vn"
20.171.207.251 - - [07/Sep/2025:13:44:28 +0700] "GET /?p=8505 HTTP/1.0" 301 1909 "-" "Mozilla/5.0 AppleWebKit/537.36 (KHTML, like Gecko; compatible; GPTBot/1.2; +https://openai.com/gptbot)"
20.171.207.251 - - [07/Sep/2025:13:44:33 +0700] "GET /the-hidden-side-unique-stories-from-omegle-and-ometv/ HTTP/1.0" 200 91153 "-" "Mozilla/5.0 AppleWebKit/537.36 (KHTML, like Gecko; compatible; GPTBot/1.2; +https://openai.com/gptbot)"
40.77.167.75 - - [07/Sep/2025:13:44:59 +0700] "GET /danh-muc/phan-tich-thi-nghi%E1%BA%B9m/quang-pho-hong-ngoai-ft-ir/ HTTP/1.0" 200 60294 "-" "Mozilla/5.0 AppleWebKit/537.36 (KHTML, like Gecko; compatible; bingbot/2.0; +http://www.bing.com/bingbot.htm) Chrome/116.0.1938.76 Safari/537.36"
185.191.171.18 - - [07/Sep/2025:13:45:08 +0700] "GET /danh-muc/moi-truong-nuoc/bo-loc-chan-khong-tss-bo-loc-vi-sinh/ HTTP/1.0" 200 109141 "-" "Mozilla/5.0 (compatible; SemrushBot/7~bl; +http://www.semrush.com/bot.html)"
20.171.207.251 - - [07/Sep/2025:13:45:37 +0700] "GET /the-thrill-of-the-unexpected-omegles-appeal-to-users/ HTTP/1.0" 200 91225 "-" "Mozilla/5.0 AppleWebKit/537.36 (KHTML, like Gecko; compatible; GPTBot/1.2; +https://openai.com/gptbot)"
57.141.2.47 - - [07/Sep/2025:13:45:36 +0700] "GET /unlocking-discovery-adventures-in-omegles-serendipitous-conversations/ HTTP/1.0" 200 93712 "-" "meta-externalagent/1.1 (+https://developers.facebook.com/docs/sharing/webmasters/crawler)"
45.117.177.72 - - [07/Sep/2025:13:46:44 +0700] "POST /wp-cron.php?doing_wp_cron=1757227604.1189529895782470703125 HTTP/1.0" 200 416 "-" "WordPress/6.8.1; https://vattusacky.vn"
213.180.203.66 - - [07/Sep/2025:13:46:41 +0700] "GET /17-powerful-ways-to-learn-project-management/ HTTP/1.0" 200 127819 "-" "Mozilla/5.0 (compatible; YandexBot/3.0; +http://yandex.com/bots)"
20.171.207.251 - - [07/Sep/2025:13:46:41 +0700] "GET /the-role-of-omegle-in-social-movements-and-activism/ HTTP/1.0" 200 90402 "-" "Mozilla/5.0 AppleWebKit/537.36 (KHTML, like Gecko; compatible; GPTBot/1.2; +https://openai.com/gptbot)"
45.117.177.72 - - [07/Sep/2025:13:48:00 +0700] "POST /wp-cron.php?doing_wp_cron=1757227679.9138379096984863281250 HTTP/1.0" 200 416 "-" "WordPress/6.8.1; https://vattusacky.vn"
85.208.96.205 - - [07/Sep/2025:13:47:56 +0700] "GET /category/uncategorized/page/286/ HTTP/1.0" 200 74684 "-" "Mozilla/5.0 (compatible; SemrushBot/7~bl; +http://www.semrush.com/bot.html)"
54.204.12.115 - - [07/Sep/2025:13:48:03 +0700] "GET /dating-foreign-girls-how-to-get-a-foreign-partner/ HTTP/1.0" 200 206738 "-" "Mozilla/5.0 AppleWebKit/537.36 (KHTML, like Gecko; compatible; Amazonbot/0.1; +https://developer.amazon.com/support/amazonbot) Chrome/119.0.6045.214 Safari/537.36"
34.194.226.74 - - [07/Sep/2025:13:48:03 +0700] "GET /leovegas-official-web-site-registration-with-80-000-bonus-review-2023/ HTTP/1.0" 200 223191 "-" "Mozilla/5.0 AppleWebKit/537.36 (KHTML, like Gecko; compatible; Amazonbot/0.1; +https://developer.amazon.com/support/amazonbot) Chrome/119.0.6045.214 Safari/537.36"
52.22.64.232 - - [07/Sep/2025:13:48:08 +0700] "GET /just-what-mail-buy-wife/ HTTP/1.0" 200 207842 "-" "Mozilla/5.0 AppleWebKit/537.36 (KHTML, like Gecko; compatible; Amazonbot/0.1; +https://developer.amazon.com/support/amazonbot) Chrome/119.0.6045.214 Safari/537.36"
3.222.190.107 - - [07/Sep/2025:13:48:11 +0700] "GET /category/uncategorized/page/110/ HTTP/1.0" 200 76747 "-" "Mozilla/5.0 AppleWebKit/537.36 (KHTML, like Gecko; compatible; Amazonbot/0.1; +https://developer.amazon.com/support/amazonbot) Chrome/119.0.6045.214 Safari/537.36"
45.117.177.72 - - [07/Sep/2025:13:48:18 +0700] "POST /wp-cron.php?doing_wp_cron=1757227697.8973300457000732421875 HTTP/1.0" 200 416 "-" "WordPress/6.8.1; https://vattusacky.vn"
54.89.90.224 - - [07/Sep/2025:13:48:16 +0700] "GET /category/uncategorized/page/348/ HTTP/1.0" 200 77046 "-" "Mozilla/5.0 AppleWebKit/537.36 (KHTML, like Gecko; compatible; Amazonbot/0.1; +https://developer.amazon.com/support/amazonbot) Chrome/119.0.6045.214 Safari/537.36"
45.117.177.72 - - [07/Sep/2025:13:49:17 +0700] "POST /wp-cron.php?doing_wp_cron=1757227757.2127470970153808593750 HTTP/1.0" 200 416 "-" "WordPress/6.8.1; https://vattusacky.vn"
20.171.207.251 - - [07/Sep/2025:13:49:13 +0700] "GET /omegle-vs-ometv-the-ultimate-battle-of-random-chats/ HTTP/1.0" 200 91853 "-" "Mozilla/5.0 AppleWebKit/537.36 (KHTML, like Gecko; compatible; GPTBot/1.2; +https://openai.com/gptbot)"
52.167.144.171 - - [07/Sep/2025:13:49:27 +0700] "GET /san-pham/thiet-bi-lay-mau-nuoc-alpha-van-dorn-loai-doc-2-2-lit-nhan-hang-wildco-2/wildco-logo.png HTTP/1.0" 404 70812 "-" "Mozilla/5.0 AppleWebKit/537.36 (KHTML, like Gecko; compatible; bingbot/2.0; +http://www.bing.com/bingbot.htm) Chrome/116.0.1938.76 Safari/537.36"
185.191.171.11 - - [07/Sep/2025:13:49:53 +0700] "GET /1xbet-india-627/ HTTP/1.0" 200 94254 "-" "Mozilla/5.0 (compatible; SemrushBot/7~bl; +http://www.semrush.com/bot.html)"
45.117.177.72 - - [07/Sep/2025:13:50:40 +0700] "POST /wp-cron.php?doing_wp_cron=1757227839.8914570808410644531250 HTTP/1.0" 200 416 "-" "WordPress/6.8.1; https://vattusacky.vn"
20.171.207.251 - - [07/Sep/2025:13:50:37 +0700] "GET /the-role-of-omegle-in-online-activism-and-awareness/ HTTP/1.0" 200 91507 "-" "Mozilla/5.0 AppleWebKit/537.36 (KHTML, like Gecko; compatible; GPTBot/1.2; +https://openai.com/gptbot)"
45.117.177.72 - - [07/Sep/2025:13:51:32 +0700] "POST /wp-cron.php?doing_wp_cron=1757227892.3555181026458740234375 HTTP/1.0" 200 416 "-" "WordPress/6.8.1; https://vattusacky.vn"
57.141.2.60 - - [07/Sep/2025:13:51:28 +0700] "GET /index.html HTTP/1.0" 404 70812 "-" "meta-externalagent/1.1 (+https://developers.facebook.com/docs/sharing/webmasters/crawler)"
57.141.2.24 - - [07/Sep/2025:13:51:31 +0700] "GET / HTTP/1.0" 200 60070 "-" "meta-externalagent/1.1 (+https://developers.facebook.com/docs/sharing/webmasters/crawler)"
57.141.2.20 - - [07/Sep/2025:13:51:35 +0700] "GET / HTTP/1.0" 301 598 "-" "meta-externalagent/1.1 (+https://developers.facebook.com/docs/sharing/webmasters/crawler)"
20.171.207.251 - - [07/Sep/2025:13:51:36 +0700] "GET /?p=7538 HTTP/1.0" 301 493 "-" "Mozilla/5.0 AppleWebKit/537.36 (KHTML, like Gecko; compatible; GPTBot/1.2; +https://openai.com/gptbot)"
20.171.207.251 - - [07/Sep/2025:13:51:39 +0700] "GET /omegle-and-the-role-of-humor-in-breaking-the-ice/ HTTP/1.0" 200 89338 "-" "Mozilla/5.0 AppleWebKit/537.36 (KHTML, like Gecko; compatible; GPTBot/1.2; +https://openai.com/gptbot)"
85.208.96.206 - - [07/Sep/2025:13:52:13 +0700] "GET /author/yanz/page/318/ HTTP/1.0" 200 93876 "-" "Mozilla/5.0 (compatible; SemrushBot/7~bl; +http://www.semrush.com/bot.html)"
20.171.207.251 - - [07/Sep/2025:13:52:30 +0700] "GET /omegles-role-in-global-friendships-and-pen-pals/ HTTP/1.0" 200 89673 "-" "Mozilla/5.0 AppleWebKit/537.36 (KHTML, like Gecko; compatible; GPTBot/1.2; +https://openai.com/gptbot)"
20.171.207.251 - - [07/Sep/2025:13:53:05 +0700] "GET /the-role-of-omegle-in-virtual-events-and-conferences/ HTTP/1.0" 200 81808 "-" "Mozilla/5.0 AppleWebKit/537.36 (KHTML, like Gecko; compatible; GPTBot/1.2; +https://openai.com/gptbot)"
45.117.177.72 - - [07/Sep/2025:13:53:49 +0700] "POST /wp-cron.php?doing_wp_cron=1757228029.0964410305023193359375 HTTP/1.0" 200 416 "-" "WordPress/6.8.1; https://vattusacky.vn"
20.171.207.251 - - [07/Sep/2025:13:53:47 +0700] "GET /?p=8900 HTTP/1.0" 301 496 "-" "Mozilla/5.0 AppleWebKit/537.36 (KHTML, like Gecko; compatible; GPTBot/1.2; +https://openai.com/gptbot)"
20.171.207.251 - - [07/Sep/2025:13:53:49 +0700] "GET /the-role-of-omegle-in-social-movements-and-activism/ HTTP/1.0" 200 90256 "-" "Mozilla/5.0 AppleWebKit/537.36 (KHTML, like Gecko; compatible; GPTBot/1.2; +https://openai.com/gptbot)"
85.208.96.198 - - [07/Sep/2025:13:53:50 +0700] "GET /category/uncategorized/page/276/ HTTP/1.0" 200 74800 "-" "Mozilla/5.0 (compatible; SemrushBot/7~bl; +http://www.semrush.com/bot.html)"
45.117.177.72 - - [07/Sep/2025:13:54:45 +0700] "POST /wp-cron.php?doing_wp_cron=1757228084.8694100379943847656250 HTTP/1.0" 200 416 "-" "WordPress/6.8.1; https://vattusacky.vn"
20.171.207.251 - - [07/Sep/2025:13:54:42 +0700] "GET /the-role-of-online-friendships-in-personal-growth/ HTTP/1.0" 200 93034 "-" "Mozilla/5.0 AppleWebKit/537.36 (KHTML, like Gecko; compatible; GPTBot/1.2; +https://openai.com/gptbot)"
45.117.177.72 - - [07/Sep/2025:13:55:31 +0700] "POST /wp-cron.php?doing_wp_cron=1757228130.6925139427185058593750 HTTP/1.0" 200 416 "-" "WordPress/6.8.1; https://vattusacky.vn"
20.171.207.251 - - [07/Sep/2025:13:55:27 +0700] "GET /pros-and-cons-of-using-ometv-for-anonymous-encounters/ HTTP/1.0" 200 89404 "-" "Mozilla/5.0 AppleWebKit/537.36 (KHTML, like Gecko; compatible; GPTBot/1.2; +https://openai.com/gptbot)"
45.117.177.72 - - [07/Sep/2025:13:57:12 +0700] "POST /wp-cron.php?doing_wp_cron=1757228232.4041829109191894531250 HTTP/1.0" 200 416 "-" "WordPress/6.8.1; https://vattusacky.vn"
20.171.207.251 - - [07/Sep/2025:13:57:10 +0700] "GET /?p=7769 HTTP/1.0" 301 495 "-" "Mozilla/5.0 AppleWebKit/537.36 (KHTML, like Gecko; compatible; GPTBot/1.2; +https://openai.com/gptbot)"
20.171.207.251 - - [07/Sep/2025:13:57:13 +0700] "GET /omegle-vs-ometv-the-tech-battle-for-chat-supremacy/ HTTP/1.0" 200 93197 "-" "Mozilla/5.0 AppleWebKit/537.36 (KHTML, like Gecko; compatible; GPTBot/1.2; +https://openai.com/gptbot)"
45.117.177.72 - - [07/Sep/2025:13:58:07 +0700] "POST /wp-cron.php?doing_wp_cron=1757228287.3891630172729492187500 HTTP/1.0" 200 416 "-" "WordPress/6.8.1; https://vattusacky.vn"
20.171.207.251 - - [07/Sep/2025:13:58:03 +0700] "GET /?p=6997 HTTP/1.0" 301 645 "-" "Mozilla/5.0 AppleWebKit/537.36 (KHTML, like Gecko; compatible; GPTBot/1.2; +https://openai.com/gptbot)"
20.171.207.251 - - [07/Sep/2025:13:58:08 +0700] "GET /hilarious-omegle-chats-that-will-leave-you-in-stitches/ HTTP/1.0" 200 89620 "-" "Mozilla/5.0 AppleWebKit/537.36 (KHTML, like Gecko; compatible; GPTBot/1.2; +https://openai.com/gptbot)"
45.117.177.72 - - [07/Sep/2025:13:58:36 +0700] "POST /wp-cron.php?doing_wp_cron=1757228316.3329970836639404296875 HTTP/1.0" 200 416 "-" "WordPress/6.8.1; https://vattusacky.vn"
20.171.207.251 - - [07/Sep/2025:13:58:33 +0700] "GET /?p=8989 HTTP/1.0" 301 497 "-" "Mozilla/5.0 AppleWebKit/537.36 (KHTML, like Gecko; compatible; GPTBot/1.2; +https://openai.com/gptbot)"
20.171.207.251 - - [07/Sep/2025:13:58:36 +0700] "GET /the-thrill-of-the-unexpected-omegles-appeal-to-users/ HTTP/1.0" 200 91225 "-" "Mozilla/5.0 AppleWebKit/537.36 (KHTML, like Gecko; compatible; GPTBot/1.2; +https://openai.com/gptbot)"
45.117.177.72 - - [07/Sep/2025:13:59:41 +0700] "POST /wp-cron.php?doing_wp_cron=1757228381.3368330001831054687500 HTTP/1.0" 200 416 "-" "WordPress/6.8.1; https://vattusacky.vn"
20.171.207.251 - - [07/Sep/2025:13:59:39 +0700] "GET /?p=8893 HTTP/1.0" 301 496 "-" "Mozilla/5.0 AppleWebKit/537.36 (KHTML, like Gecko; compatible; GPTBot/1.2; +https://openai.com/gptbot)"
20.171.207.251 - - [07/Sep/2025:13:59:41 +0700] "GET /the-role-of-omegle-in-online-activism-and-awareness/ HTTP/1.0" 200 91507 "-" "Mozilla/5.0 AppleWebKit/537.36 (KHTML, like Gecko; compatible; GPTBot/1.2; +https://openai.com/gptbot)"
45.117.177.72 - - [07/Sep/2025:14:00:24 +0700] "POST /wp-cron.php?doing_wp_cron=1757228424.5342199802398681640625 HTTP/1.0" 200 416 "-" "WordPress/6.8.1; https://vattusacky.vn"
20.171.207.251 - - [07/Sep/2025:14:00:22 +0700] "GET /the-power-of-human-connection-in-the-digital-age/ HTTP/1.0" 200 91587 "-" "Mozilla/5.0 AppleWebKit/537.36 (KHTML, like Gecko; compatible; GPTBot/1.2; +https://openai.com/gptbot)"
52.167.144.204 - - [07/Sep/2025:14:00:30 +0700] "GET /san-pham/dau-khoan-cat-5%E2%80%B3-sand-auger/feed/ HTTP/1.0" 200 1674 "-" "Mozilla/5.0 AppleWebKit/537.36 (KHTML, like Gecko; compatible; bingbot/2.0; +http://www.bing.com/bingbot.htm) Chrome/116.0.1938.76 Safari/537.36"
45.117.177.72 - - [07/Sep/2025:14:01:24 +0700] "POST /wp-cron.php?doing_wp_cron=1757228483.6494669914245605468750 HTTP/1.0" 200 416 "-" "WordPress/6.8.1; https://vattusacky.vn"
20.171.207.251 - - [07/Sep/2025:14:01:21 +0700] "GET /how-to-recognize-and-avoid-online-scams-on-omegle/ HTTP/1.0" 200 92323 "-" "Mozilla/5.0 AppleWebKit/537.36 (KHTML, like Gecko; compatible; GPTBot/1.2; +https://openai.com/gptbot)"
20.171.207.251 - - [07/Sep/2025:14:02:10 +0700] "GET /?p=7770 HTTP/1.0" 301 496 "-" "Mozilla/5.0 AppleWebKit/537.36 (KHTML, like Gecko; compatible; GPTBot/1.2; +https://openai.com/gptbot)"
20.171.207.251 - - [07/Sep/2025:14:02:13 +0700] "GET /omegle-vs-ometv-the-ultimate-battle-of-random-chats/ HTTP/1.0" 200 91853 "-" "Mozilla/5.0 AppleWebKit/537.36 (KHTML, like Gecko; compatible; GPTBot/1.2; +https://openai.com/gptbot)"
45.117.177.72 - - [07/Sep/2025:14:03:17 +0700] "POST /wp-cron.php?doing_wp_cron=1757228596.7687671184539794921875 HTTP/1.0" 200 416 "-" "WordPress/6.8.1; https://vattusacky.vn"
20.171.207.251 - - [07/Sep/2025:14:03:14 +0700] "GET /how-to-handle-stage-fright-on-chatroulette-and-omegle/ HTTP/1.0" 200 94237 "-" "Mozilla/5.0 AppleWebKit/537.36 (KHTML, like Gecko; compatible; GPTBot/1.2; +https://openai.com/gptbot)"
20.171.207.251 - - [07/Sep/2025:14:04:00 +0700] "GET /?p=8902 HTTP/1.0" 301 497 "-" "Mozilla/5.0 AppleWebKit/537.36 (KHTML, like Gecko; compatible; GPTBot/1.2; +https://openai.com/gptbot)"
20.171.207.251 - - [07/Sep/2025:14:04:03 +0700] "GET /the-role-of-omegle-in-virtual-events-and-conferences/ HTTP/1.0" 200 81808 "-" "Mozilla/5.0 AppleWebKit/537.36 (KHTML, like Gecko; compatible; GPTBot/1.2; +https://openai.com/gptbot)"
45.117.177.72 - - [07/Sep/2025:14:04:49 +0700] "POST /wp-cron.php?doing_wp_cron=1757228688.7036249637603759765625 HTTP/1.0" 200 416 "-" "WordPress/6.8.1; https://vattusacky.vn"
20.171.207.251 - - [07/Sep/2025:14:04:45 +0700] "GET /?p=8113 HTTP/1.0" 301 498 "-" "Mozilla/5.0 AppleWebKit/537.36 (KHTML, like Gecko; compatible; GPTBot/1.2; +https://openai.com/gptbot)"
20.171.207.251 - - [07/Sep/2025:14:04:49 +0700] "GET /pros-and-cons-of-using-ometv-for-anonymous-encounters/ HTTP/1.0" 200 89404 "-" "Mozilla/5.0 AppleWebKit/537.36 (KHTML, like Gecko; compatible; GPTBot/1.2; +https://openai.com/gptbot)"
45.117.177.72 - - [07/Sep/2025:14:05:50 +0700] "POST /wp-cron.php?doing_wp_cron=1757228749.6845800876617431640625 HTTP/1.0" 200 416 "-" "WordPress/6.8.1; https://vattusacky.vn"
207.46.13.155 - - [07/Sep/2025:14:05:47 +0700] "GET /danh-muc/moi-truong-nuoc/bo-do-c-o-d/ HTTP/1.0" 200 92686 "-" "Mozilla/5.0 AppleWebKit/537.36 (KHTML, like Gecko; compatible; bingbot/2.0; +http://www.bing.com/bingbot.htm) Chrome/116.0.1938.76 Safari/537.36"
20.171.207.251 - - [07/Sep/2025:14:05:50 +0700] "GET /tips-for-parents-to-keep-their-children-safe-on-ometv/ HTTP/1.0" 200 90388 "-" "Mozilla/5.0 AppleWebKit/537.36 (KHTML, like Gecko; compatible; GPTBot/1.2; +https://openai.com/gptbot)"
45.117.177.72 - - [07/Sep/2025:14:07:24 +0700] "POST /wp-cron.php?doing_wp_cron=1757228843.7002439498901367187500 HTTP/1.0" 200 416 "-" "WordPress/6.8.1; https://vattusacky.vn"
20.171.207.251 - - [07/Sep/2025:14:07:22 +0700] "GET /?p=7958 HTTP/1.0" 301 492 "-" "Mozilla/5.0 AppleWebKit/537.36 (KHTML, like Gecko; compatible; GPTBot/1.2; +https://openai.com/gptbot)"
20.171.207.251 - - [07/Sep/2025:14:07:24 +0700] "GET /omegles-role-in-global-friendships-and-pen-pals/ HTTP/1.0" 200 89527 "-" "Mozilla/5.0 AppleWebKit/537.36 (KHTML, like Gecko; compatible; GPTBot/1.2; +https://openai.com/gptbot)"
20.171.207.251 - - [07/Sep/2025:14:08:07 +0700] "GET /the-future-of-online-safety-on-omegle-and-ometv/ HTTP/1.0" 200 89987 "-" "Mozilla/5.0 AppleWebKit/537.36 (KHTML, like Gecko; compatible; GPTBot/1.2; +https://openai.com/gptbot)"
45.117.177.72 - - [07/Sep/2025:14:08:39 +0700] "POST /wp-cron.php?doing_wp_cron=1757228919.2811880111694335937500 HTTP/1.0" 200 416 "-" "WordPress/6.8.1; https://vattusacky.vn"
20.171.207.251 - - [07/Sep/2025:14:08:37 +0700] "GET /?p=8904 HTTP/1.0" 301 640 "-" "Mozilla/5.0 AppleWebKit/537.36 (KHTML, like Gecko; compatible; GPTBot/1.2; +https://openai.com/gptbot)"
20.171.207.251 - - [07/Sep/2025:14:08:39 +0700] "GET /the-role-of-online-friendships-in-personal-growth/ HTTP/1.0" 200 93034 "-" "Mozilla/5.0 AppleWebKit/537.36 (KHTML, like Gecko; compatible; GPTBot/1.2; +https://openai.com/gptbot)"
45.117.177.72 - - [07/Sep/2025:14:09:08 +0700] "POST /wp-cron.php?doing_wp_cron=1757228947.9860920906066894531250 HTTP/1.0" 200 416 "-" "WordPress/6.8.1; https://vattusacky.vn"
20.171.207.251 - - [07/Sep/2025:14:09:06 +0700] "GET /?p=7084 HTTP/1.0" 301 494 "-" "Mozilla/5.0 AppleWebKit/537.36 (KHTML, like Gecko; compatible; GPTBot/1.2; +https://openai.com/gptbot)"
20.171.207.251 - - [07/Sep/2025:14:09:08 +0700] "GET /how-to-recognize-and-avoid-online-scams-on-omegle/ HTTP/1.0" 200 92323 "-" "Mozilla/5.0 AppleWebKit/537.36 (KHTML, like Gecko; compatible; GPTBot/1.2; +https://openai.com/gptbot)"
45.117.177.72 - - [07/Sep/2025:14:09:27 +0700] "POST /wp-cron.php?doing_wp_cron=1757228967.6492099761962890625000 HTTP/1.0" 200 416 "-" "WordPress/6.8.1; https://vattusacky.vn"
176.31.139.6 - - [07/Sep/2025:14:09:26 +0700] "GET / HTTP/1.0" 200 60070 "-" "Mozilla/5.0 (compatible; AhrefsBot/7.0; +http://ahrefs.com/robot/)"
20.171.207.251 - - [07/Sep/2025:14:09:46 +0700] "GET /?p=8486 HTTP/1.0" 301 492 "-" "Mozilla/5.0 AppleWebKit/537.36 (KHTML, like Gecko; compatible; GPTBot/1.2; +https://openai.com/gptbot)"
20.171.207.251 - - [07/Sep/2025:14:09:48 +0700] "GET /the-future-of-online-safety-on-omegle-and-ometv/ HTTP/1.0" 200 89987 "-" "Mozilla/5.0 AppleWebKit/537.36 (KHTML, like Gecko; compatible; GPTBot/1.2; +https://openai.com/gptbot)"
94.23.188.212 - - [07/Sep/2025:14:09:53 +0700] "GET /wp-content/uploads/2020/05/0005569-860x500.jpeg HTTP/1.0" 200 424 "-" "Mozilla/5.0 (compatible; AhrefsBot/7.0; +http://ahrefs.com/robot/)"
176.31.139.18 - - [07/Sep/2025:14:10:01 +0700] "GET /wp-content/uploads/2020/05/0007323-860x500.jpeg HTTP/1.0" 200 424 "-" "Mozilla/5.0 (compatible; AhrefsBot/7.0; +http://ahrefs.com/robot/)"
51.68.247.192 - - [07/Sep/2025:14:10:03 +0700] "GET /wp-content/uploads/2020/05/0007490-860x500.jpeg HTTP/1.0" 200 424 "-" "Mozilla/5.0 (compatible; AhrefsBot/7.0; +http://ahrefs.com/robot/)"
45.117.177.72 - - [07/Sep/2025:14:10:43 +0700] "POST /wp-cron.php?doing_wp_cron=1757229042.9812319278717041015625 HTTP/1.0" 200 416 "-" "WordPress/6.8.1; https://vattusacky.vn"
20.171.207.251 - - [07/Sep/2025:14:10:41 +0700] "GET /pros-and-cons-of-using-omegle-for-anonymous-encounters/ HTTP/1.0" 200 90827 "-" "Mozilla/5.0 AppleWebKit/537.36 (KHTML, like Gecko; compatible; GPTBot/1.2; +https://openai.com/gptbot)"
45.117.177.72 - - [07/Sep/2025:14:12:31 +0700] "POST /wp-cron.php?doing_wp_cron=1757229150.8279581069946289062500 HTTP/1.0" 200 416 "-" "WordPress/6.8.1; https://vattusacky.vn"
20.171.207.251 - - [07/Sep/2025:14:12:29 +0700] "GET /the-evolution-of-anonymous-chatting-from-omegle-to-ometv/ HTTP/1.0" 200 93266 "-" "Mozilla/5.0 AppleWebKit/537.36 (KHTML, like Gecko; compatible; GPTBot/1.2; +https://openai.com/gptbot)"
45.117.177.72 - - [07/Sep/2025:14:14:34 +0700] "POST /wp-cron.php?doing_wp_cron=1757229274.1478769779205322265625 HTTP/1.0" 200 416 "-" "WordPress/6.8.1; https://vattusacky.vn"
51.68.111.240 - - [07/Sep/2025:14:14:30 +0700] "GET /robots.txt HTTP/1.0" 200 984 "-" "Mozilla/5.0 (compatible; MJ12bot/v2.0.4; http://mj12bot.com/)"
51.68.111.240 - - [07/Sep/2025:14:14:35 +0700] "GET / HTTP/1.0" 200 60070 "-" "Mozilla/5.0 (compatible; MJ12bot/v2.0.4; http://mj12bot.com/)"
54.144.185.255 - - [07/Sep/2025:14:14:55 +0700] "GET /sugar-dating-hints-and-tips-mutually-beneficial-online-dating/ HTTP/1.0" 200 207477 "-" "Mozilla/5.0 AppleWebKit/537.36 (KHTML, like Gecko; compatible; Amazonbot/0.1; +https://developer.amazon.com/support/amazonbot) Chrome/119.0.6045.214 Safari/537.36"
20.171.207.251 - - [07/Sep/2025:14:14:59 +0700] "GET /?p=8695 HTTP/1.0" 301 639 "-" "Mozilla/5.0 AppleWebKit/537.36 (KHTML, like Gecko; compatible; GPTBot/1.2; +https://openai.com/gptbot)"
185.191.171.14 - - [07/Sep/2025:14:14:59 +0700] "GET /author/yanz/page/293/ HTTP/1.0" 200 78504 "-" "Mozilla/5.0 (compatible; SemrushBot/7~bl; +http://www.semrush.com/bot.html)"
18.215.24.66 - - [07/Sep/2025:14:14:59 +0700] "GET /best-foreign-country-to-find-a-better-half/ HTTP/1.0" 200 206597 "-" "Mozilla/5.0 AppleWebKit/537.36 (KHTML, like Gecko; compatible; Amazonbot/0.1; +https://developer.amazon.com/support/amazonbot) Chrome/119.0.6045.214 Safari/537.36"
20.171.207.251 - - [07/Sep/2025:14:15:01 +0700] "GET /the-power-of-human-connection-in-the-digital-age/ HTTP/1.0" 200 91587 "-" "Mozilla/5.0 AppleWebKit/537.36 (KHTML, like Gecko; compatible; GPTBot/1.2; +https://openai.com/gptbot)"
52.5.232.250 - - [07/Sep/2025:14:15:04 +0700] "GET /category/uncategorized/page/202/ HTTP/1.0" 200 76915 "-" "Mozilla/5.0 AppleWebKit/537.36 (KHTML, like Gecko; compatible; Amazonbot/0.1; +https://developer.amazon.com/support/amazonbot) Chrome/119.0.6045.214 Safari/537.36"
45.117.177.72 - - [07/Sep/2025:14:15:43 +0700] "POST /wp-cron.php?doing_wp_cron=1757229343.4464149475097656250000 HTTP/1.0" 200 416 "-" "WordPress/6.8.1; https://vattusacky.vn"
185.191.171.19 - - [07/Sep/2025:14:15:41 +0700] "GET /author/yanz/page/340/ HTTP/1.0" 200 76850 "-" "Mozilla/5.0 (compatible; SemrushBot/7~bl; +http://www.semrush.com/bot.html)"
20.171.207.251 - - [07/Sep/2025:14:15:56 +0700] "GET /the-role-of-moderators-in-preserving-anonymity-on-omegle/ HTTP/1.0" 200 92149 "-" "Mozilla/5.0 AppleWebKit/537.36 (KHTML, like Gecko; compatible; GPTBot/1.2; +https://openai.com/gptbot)"
45.117.177.72 - - [07/Sep/2025:14:16:30 +0700] "POST /wp-cron.php?doing_wp_cron=1757229390.1996879577636718750000 HTTP/1.0" 200 416 "-" "WordPress/6.8.1; https://vattusacky.vn"
95.108.213.157 - - [07/Sep/2025:14:16:28 +0700] "GET /the/may-quang-pho-tu-ngoai-kha-kien-vis/ HTTP/1.0" 200 91109 "-" "Mozilla/5.0 (compatible; YandexBot/3.0; +http://yandex.com/bots)"
20.171.207.251 - - [07/Sep/2025:14:16:33 +0700] "GET /?p=7068 HTTP/1.0" 301 498 "-" "Mozilla/5.0 AppleWebKit/537.36 (KHTML, like Gecko; compatible; GPTBot/1.2; +https://openai.com/gptbot)"
20.171.207.251 - - [07/Sep/2025:14:16:35 +0700] "GET /how-to-handle-stage-fright-on-chatroulette-and-omegle/ HTTP/1.0" 200 94091 "-" "Mozilla/5.0 AppleWebKit/537.36 (KHTML, like Gecko; compatible; GPTBot/1.2; +https://openai.com/gptbot)"
20.171.207.251 - - [07/Sep/2025:14:17:08 +0700] "GET /reveling-in-the-beauty-of-connections-in-omelove-stories/ HTTP/1.0" 200 80380 "-" "Mozilla/5.0 AppleWebKit/537.36 (KHTML, like Gecko; compatible; GPTBot/1.2; +https://openai.com/gptbot)"
45.117.177.72 - - [07/Sep/2025:14:17:39 +0700] "POST /wp-cron.php?doing_wp_cron=1757229459.2649440765380859375000 HTTP/1.0" 200 416 "-" "WordPress/6.8.1; https://vattusacky.vn"
20.171.207.251 - - [07/Sep/2025:14:17:37 +0700] "GET /?p=9032 HTTP/1.0" 301 498 "-" "Mozilla/5.0 AppleWebKit/537.36 (KHTML, like Gecko; compatible; GPTBot/1.2; +https://openai.com/gptbot)"
20.171.207.251 - - [07/Sep/2025:14:17:39 +0700] "GET /tips-for-parents-to-keep-their-children-safe-on-ometv/ HTTP/1.0" 200 90388 "-" "Mozilla/5.0 AppleWebKit/537.36 (KHTML, like Gecko; compatible; GPTBot/1.2; +https://openai.com/gptbot)"
20.171.207.251 - - [07/Sep/2025:14:18:10 +0700] "GET /the-role-of-self-reflection-in-omegles-social-experiment/ HTTP/1.0" 200 91412 "-" "Mozilla/5.0 AppleWebKit/537.36 (KHTML, like Gecko; compatible; GPTBot/1.2; +https://openai.com/gptbot)"
213.180.203.222 - - [07/Sep/2025:14:18:10 +0700] "GET /chto-za-igra-dragon-money-besproigryshnaja/ HTTP/1.0" 200 222512 "-" "Mozilla/5.0 (compatible; YandexBot/3.0; +http://yandex.com/bots) AppleWebKit/537.36 (KHTML, like Gecko) Chrome/108.0.0.0"
87.250.224.126 - - [07/Sep/2025:14:18:15 +0700] "GET /wp-includes/js/jquery/jquery-migrate.min.js?ver=3.4.1 HTTP/1.0" 200 432 "https://vattusacky.vn/chto-za-igra-dragon-money-besproigryshnaja/" "Mozilla/5.0 (compatible; YandexRenderResourcesBot/1.0; +http://yandex.com/bots) AppleWebKit/537.36 (KHTML, like Gecko) Chrome/108.0.0.0"
213.180.203.230 - - [07/Sep/2025:14:18:15 +0700] "GET /wp-content/themes/tem_techno_v2/inc/js/bootstrap.min.js?ver=6.8.1 HTTP/1.0" 200 444 "https://vattusacky.vn/chto-za-igra-dragon-money-besproigryshnaja/" "Mozilla/5.0 (compatible; YandexRenderResourcesBot/1.0; +http://yandex.com/bots) AppleWebKit/537.36 (KHTML, like Gecko) Chrome/108.0.0.0"
87.250.224.86 - - [07/Sep/2025:14:18:15 +0700] "GET /wp-content/themes/tem_techno_v2/js/jquery.simplyscroll.min.js HTTP/1.0" 200 450 "https://vattusacky.vn/chto-za-igra-dragon-money-besproigryshnaja/" "Mozilla/5.0 (compatible; YandexRenderResourcesBot/1.0; +http://yandex.com/bots) AppleWebKit/537.36 (KHTML, like Gecko) Chrome/108.0.0.0"
5.255.231.15 - - [07/Sep/2025:14:18:15 +0700] "GET /wp-content/themes/tem_techno_v2/js/jquerymenu.js HTTP/1.0" 200 437 "https://vattusacky.vn/chto-za-igra-dragon-money-besproigryshnaja/" "Mozilla/5.0 (compatible; YandexRenderResourcesBot/1.0; +http://yandex.com/bots) AppleWebKit/537.36 (KHTML, like Gecko) Chrome/108.0.0.0"
87.250.224.94 - - [07/Sep/2025:14:18:15 +0700] "GET /wp-content/plugins/gridlist-view-for-woocommerce/js/jquery.cookie.js?ver=1.1.8 HTTP/1.0" 200 457 "https://vattusacky.vn/chto-za-igra-dragon-money-besproigryshnaja/" "Mozilla/5.0 (compatible; YandexRenderResourcesBot/1.0; +http://yandex.com/bots) AppleWebKit/537.36 (KHTML, like Gecko) Chrome/108.0.0.0"
87.250.224.21 - - [07/Sep/2025:14:18:15 +0700] "GET /wp-content/themes/tem_techno_v2/js/htg.js HTTP/1.0" 200 1342 "https://vattusacky.vn/chto-za-igra-dragon-money-besproigryshnaja/" "Mozilla/5.0 (compatible; YandexRenderResourcesBot/1.0; +http://yandex.com/bots) AppleWebKit/537.36 (KHTML, like Gecko) Chrome/108.0.0.0"
87.250.224.8 - - [07/Sep/2025:14:18:16 +0700] "GET /wp-includes/js/jquery/jquery.min.js?ver=3.7.1 HTTP/1.0" 200 424 "https://vattusacky.vn/chto-za-igra-dragon-money-besproigryshnaja/" "Mozilla/5.0 (compatible; YandexRenderResourcesBot/1.0; +http://yandex.com/bots) AppleWebKit/537.36 (KHTML, like Gecko) Chrome/108.0.0.0"
87.250.224.221 - - [07/Sep/2025:14:18:16 +0700] "GET /wp-content/plugins/gridlist-view-for-woocommerce/js/grid_view.js?ver=1.1.8 HTTP/1.0" 200 453 "https://vattusacky.vn/chto-za-igra-dragon-money-besproigryshnaja/" "Mozilla/5.0 (compatible; YandexRenderResourcesBot/1.0; +http://yandex.com/bots) AppleWebKit/537.36 (KHTML, like Gecko) Chrome/108.0.0.0"
5.255.231.61 - - [07/Sep/2025:14:18:17 +0700] "GET /wp-content/themes/tem_techno_v2/inc/js/main.min.js?ver=6.8.1 HTTP/1.0" 200 439 "https://vattusacky.vn/chto-za-igra-dragon-money-besproigryshnaja/" "Mozilla/5.0 (compatible; YandexRenderResourcesBot/1.0; +http://yandex.com/bots) AppleWebKit/537.36 (KHTML, like Gecko) Chrome/108.0.0.0"
213.180.203.66 - - [07/Sep/2025:14:18:18 +0700] "GET /wp-content/plugins/woocommerce/assets/js/js-cookie/js.cookie.min.js?ver=2.1.4-wc.9.8.3 HTTP/1.0" 200 456 "https://vattusacky.vn/chto-za-igra-dragon-money-besproigryshnaja/" "Mozilla/5.0 (compatible; YandexRenderResourcesBot/1.0; +http://yandex.com/bots) AppleWebKit/537.36 (KHTML, like Gecko) Chrome/108.0.0.0"
213.180.203.235 - - [07/Sep/2025:14:18:18 +0700] "GET /wp-content/plugins/woocommerce/assets/js/jquery-blockui/jquery.blockUI.min.js?ver=2.7.0-wc.9.8.3 HTTP/1.0" 200 466 "https://vattusacky.vn/chto-za-igra-dragon-money-besproigryshnaja/" "Mozilla/5.0 (compatible; YandexRenderResourcesBot/1.0; +http://yandex.com/bots) AppleWebKit/537.36 (KHTML, like Gecko) Chrome/108.0.0.0"
87.250.224.233 - - [07/Sep/2025:14:18:18 +0700] "GET /wp-content/plugins/woocommerce/assets/js/frontend/add-to-cart.min.js?ver=9.8.3 HTTP/1.0" 200 457 "https://vattusacky.vn/chto-za-igra-dragon-money-besproigryshnaja/" "Mozilla/5.0 (compatible; YandexRenderResourcesBot/1.0; +http://yandex.com/bots) AppleWebKit/537.36 (KHTML, like Gecko) Chrome/108.0.0.0"
213.180.203.222 - - [07/Sep/2025:14:18:19 +0700] "GET /wp-content/themes/tem_techno_v2/js/crawler.js HTTP/1.0" 200 434 "https://vattusacky.vn/chto-za-igra-dragon-money-besproigryshnaja/" "Mozilla/5.0 (compatible; YandexRenderResourcesBot/1.0; +http://yandex.com/bots) AppleWebKit/537.36 (KHTML, like Gecko) Chrome/108.0.0.0"
95.108.213.179 - - [07/Sep/2025:14:18:19 +0700] "GET /wp-content/plugins/woocommerce/assets/js/frontend/woocommerce.min.js?ver=9.8.3 HTTP/1.0" 200 457 "https://vattusacky.vn/chto-za-igra-dragon-money-besproigryshnaja/" "Mozilla/5.0 (compatible; YandexRenderResourcesBot/1.0; +http://yandex.com/bots) AppleWebKit/537.36 (KHTML, like Gecko) Chrome/108.0.0.0"
87.250.224.86 - - [07/Sep/2025:14:18:21 +0700] "GET /wp-includes/js/dist/hooks.min.js?ver=4d63a3d491d11ffd8ac6 HTTP/1.0" 200 421 "https://vattusacky.vn/chto-za-igra-dragon-money-besproigryshnaja/" "Mozilla/5.0 (compatible; YandexRenderResourcesBot/1.0; +http://yandex.com/bots) AppleWebKit/537.36 (KHTML, like Gecko) Chrome/108.0.0.0"
5.255.231.15 - - [07/Sep/2025:14:18:22 +0700] "GET /wp-includes/js/dist/i18n.min.js?ver=5e580eb46a90c2b997e6 HTTP/1.0" 200 420 "https://vattusacky.vn/chto-za-igra-dragon-money-besproigryshnaja/" "Mozilla/5.0 (compatible; YandexRenderResourcesBot/1.0; +http://yandex.com/bots) AppleWebKit/537.36 (KHTML, like Gecko) Chrome/108.0.0.0"
87.250.224.126 - - [07/Sep/2025:14:18:23 +0700] "GET /wp-content/plugins/contact-form-7/includes/swv/js/index.js?ver=6.0.6 HTTP/1.0" 200 447 "https://vattusacky.vn/chto-za-igra-dragon-money-besproigryshnaja/" "Mozilla/5.0 (compatible; YandexRenderResourcesBot/1.0; +http://yandex.com/bots) AppleWebKit/537.36 (KHTML, like Gecko) Chrome/108.0.0.0"
45.117.177.72 - - [07/Sep/2025:14:18:48 +0700] "POST /wp-cron.php?doing_wp_cron=1757229527.5591189861297607421875 HTTP/1.0" 200 416 "-" "WordPress/6.8.1; https://vattusacky.vn"
20.171.207.251 - - [07/Sep/2025:14:18:45 +0700] "GET /the-evolution-of-love-and-friendship-in-omeloves-stories/ HTTP/1.0" 200 89939 "-" "Mozilla/5.0 AppleWebKit/537.36 (KHTML, like Gecko; compatible; GPTBot/1.2; +https://openai.com/gptbot)"
95.108.213.179 - - [07/Sep/2025:14:19:24 +0700] "GET /wp-content/plugins/content-views-query-and-display-post-page/public/assets/js/cv.js?ver=4.1 HTTP/1.0" 200 472 "https://vattusacky.vn/chto-za-igra-dragon-money-besproigryshnaja/" "Mozilla/5.0 (compatible; YandexRenderResourcesBot/1.0; +http://yandex.com/bots) AppleWebKit/537.36 (KHTML, like Gecko) Chrome/108.0.0.0"
87.250.224.86 - - [07/Sep/2025:14:19:28 +0700] "GET /wp-content/plugins/devvn-stickytooltip/stickytooltip.js?ver=1.0.0 HTTP/1.0" 200 444 "https://vattusacky.vn/chto-za-igra-dragon-money-besproigryshnaja/" "Mozilla/5.0 (compatible; YandexRenderResourcesBot/1.0; +http://yandex.com/bots) AppleWebKit/537.36 (KHTML, like Gecko) Chrome/108.0.0.0"
87.250.224.126 - - [07/Sep/2025:14:19:30 +0700] "GET /wp-content/plugins/yith-woocommerce-category-accordion-premium/assets/js/ywcca_accordion.min.js?ver=1.0.12 HTTP/1.0" 200 484 "https://vattusacky.vn/chto-za-igra-dragon-money-besproigryshnaja/" "Mozilla/5.0 (compatible; YandexRenderResourcesBot/1.0; +http://yandex.com/bots) AppleWebKit/537.36 (KHTML, like Gecko) Chrome/108.0.0.0"
213.180.203.222 - - [07/Sep/2025:14:20:39 +0700] "GET /wp-content/plugins/woocommerce/assets/js/sourcebuster/sourcebuster.min.js?ver=9.8.3 HTTP/1.0" 200 462 "https://vattusacky.vn/chto-za-igra-dragon-money-besproigryshnaja/" "Mozilla/5.0 (compatible; YandexRenderResourcesBot/1.0; +http://yandex.com/bots) AppleWebKit/537.36 (KHTML, like Gecko) Chrome/108.0.0.0"
95.108.213.179 - - [07/Sep/2025:14:21:02 +0700] "GET /wp-includes/js/comment-reply.min.js?ver=6.8.1 HTTP/1.0" 200 424 "https://vattusacky.vn/chto-za-igra-dragon-money-besproigryshnaja/" "Mozilla/5.0 (compatible; YandexRenderResourcesBot/1.0; +http://yandex.com/bots) AppleWebKit/537.36 (KHTML, like Gecko) Chrome/108.0.0.0"
87.250.224.8 - - [07/Sep/2025:14:21:08 +0700] "GET /wp-content/plugins/woocommerce/assets/js/frontend/order-attribution.min.js?ver=9.8.3 HTTP/1.0" 200 463 "https://vattusacky.vn/chto-za-igra-dragon-money-besproigryshnaja/" "Mozilla/5.0 (compatible; YandexRenderResourcesBot/1.0; +http://yandex.com/bots) AppleWebKit/537.36 (KHTML, like Gecko) Chrome/108.0.0.0"
87.250.224.221 - - [07/Sep/2025:14:21:10 +0700] "GET /wp-includes/js/wp-emoji-release.min.js?ver=6.8.1 HTTP/1.0" 200 427 "https://vattusacky.vn/chto-za-igra-dragon-money-besproigryshnaja/" "Mozilla/5.0 (compatible; YandexRenderResourcesBot/1.0; +http://yandex.com/bots) AppleWebKit/537.36 (KHTML, like Gecko) Chrome/108.0.0.0"
5.255.231.61 - - [07/Sep/2025:14:21:12 +0700] "GET /wp-content/uploads/2016/09/cropped-logo-vietnguyen2-32x32.png HTTP/1.0" 200 437 "https://vattusacky.vn/chto-za-igra-dragon-money-besproigryshnaja/" "Mozilla/5.0 (compatible; YandexRenderResourcesBot/1.0; +http://yandex.com/bots) AppleWebKit/537.36 (KHTML, like Gecko) Chrome/108.0.0.0"
45.117.177.72 - - [07/Sep/2025:14:21:29 +0700] "POST /wp-cron.php?doing_wp_cron=1757229689.3336110115051269531250 HTTP/1.0" 200 416 "-" "WordPress/6.8.1; https://vattusacky.vn"
85.208.96.211 - - [07/Sep/2025:14:21:27 +0700] "GET /category/uncategorized/page/340/ HTTP/1.0" 200 76454 "-" "Mozilla/5.0 (compatible; SemrushBot/7~bl; +http://www.semrush.com/bot.html)"
45.117.177.72 - - [07/Sep/2025:14:22:16 +0700] "POST /wp-cron.php?doing_wp_cron=1757229736.1903738975524902343750 HTTP/1.0" 200 416 "-" "WordPress/6.8.1; https://vattusacky.vn"
20.171.207.251 - - [07/Sep/2025:14:22:13 +0700] "GET /omegles-impact-on-mental-health-and-emotional-well-being/ HTTP/1.0" 200 90629 "-" "Mozilla/5.0 AppleWebKit/537.36 (KHTML, like Gecko; compatible; GPTBot/1.2; +https://openai.com/gptbot)"
217.113.194.77 - - [07/Sep/2025:14:22:47 +0700] "GET /san-pham/thiet-bi-lay-mau-nuoc-alpha-van-dorn-loai-doc-nhan-hang-wildco/ HTTP/1.0" 200 369326 "-" "Mozilla/5.0 (compatible; Barkrowler/0.9; +https://babbar.tech/crawler)"
45.117.177.72 - - [07/Sep/2025:14:23:28 +0700] "POST /wp-cron.php?doing_wp_cron=1757229807.9646520614624023437500 HTTP/1.0" 200 416 "-" "WordPress/6.8.1; https://vattusacky.vn"
20.171.207.251 - - [07/Sep/2025:14:23:26 +0700] "GET /?p=8111 HTTP/1.0" 301 499 "-" "Mozilla/5.0 AppleWebKit/537.36 (KHTML, like Gecko; compatible; GPTBot/1.2; +https://openai.com/gptbot)"
20.171.207.251 - - [07/Sep/2025:14:23:28 +0700] "GET /pros-and-cons-of-using-omegle-for-anonymous-encounters/ HTTP/1.0" 200 90827 "-" "Mozilla/5.0 AppleWebKit/537.36 (KHTML, like Gecko; compatible; GPTBot/1.2; +https://openai.com/gptbot)"
217.113.194.74 - - [07/Sep/2025:14:23:39 +0700] "GET /san-pham/thiet-bi-lay-mau-nuoc-alpha-van-dorn-loai-doc-nhan-hang-wildco/feed/ HTTP/1.0" 200 1775 "-" "Mozilla/5.0 (compatible; Barkrowler/0.9; +https://babbar.tech/crawler)"
217.113.194.79 - - [07/Sep/2025:14:23:59 +0700] "GET /san-pham/thiet-bi-lay-mau-nuoc-beta-van-dorn-loai-ngang-nhan-hang-wildco/feed/ HTTP/1.0" 200 1776 "-" "Mozilla/5.0 (compatible; Barkrowler/0.9; +https://babbar.tech/crawler)"
45.117.177.72 - - [07/Sep/2025:14:24:21 +0700] "POST /wp-cron.php?doing_wp_cron=1757229860.8341479301452636718750 HTTP/1.0" 200 416 "-" "WordPress/6.8.1; https://vattusacky.vn"
20.171.207.251 - - [07/Sep/2025:14:24:19 +0700] "GET /?p=8921 HTTP/1.0" 301 501 "-" "Mozilla/5.0 AppleWebKit/537.36 (KHTML, like Gecko; compatible; GPTBot/1.2; +https://openai.com/gptbot)"
217.113.194.72 - - [07/Sep/2025:14:24:21 +0700] "GET /san-pham/thiet-bi-lay-mau-nuoc-beta-van-dorn-loai-ngang-nhan-hang-wildco/ HTTP/1.0" 200 226474 "-" "Mozilla/5.0 (compatible; Barkrowler/0.9; +https://babbar.tech/crawler)"
20.171.207.251 - - [07/Sep/2025:14:24:21 +0700] "GET /the-role-of-self-reflection-in-omegles-social-experiment/ HTTP/1.0" 200 91412 "-" "Mozilla/5.0 AppleWebKit/537.36 (KHTML, like Gecko; compatible; GPTBot/1.2; +https://openai.com/gptbot)"
217.113.194.76 - - [07/Sep/2025:14:24:55 +0700] "GET /san-pham/bgi-thiet-bi-lay-mau-bui-cao-do-o-khong-khi-xung-quanh/ HTTP/1.0" 200 513598 "-" "Mozilla/5.0 (compatible; Barkrowler/0.9; +https://babbar.tech/crawler)"
20.171.207.251 - - [07/Sep/2025:14:25:07 +0700] "GET /the-role-of-intention-in-creating-cosmic-connections-on-omegle/ HTTP/1.0" 200 93817 "-" "Mozilla/5.0 AppleWebKit/537.36 (KHTML, like Gecko; compatible; GPTBot/1.2; +https://openai.com/gptbot)"
45.117.177.72 - - [07/Sep/2025:14:25:44 +0700] "POST /wp-cron.php?doing_wp_cron=1757229943.8054840564727783203125 HTTP/1.0" 200 416 "-" "WordPress/6.8.1; https://vattusacky.vn"
20.171.207.251 - - [07/Sep/2025:14:25:41 +0700] "GET /the-role-of-technology-in-fostering-cosmic-connections-on-omegle/ HTTP/1.0" 200 91665 "-" "Mozilla/5.0 AppleWebKit/537.36 (KHTML, like Gecko; compatible; GPTBot/1.2; +https://openai.com/gptbot)"
45.117.177.72 - - [07/Sep/2025:14:26:32 +0700] "POST /wp-cron.php?doing_wp_cron=1757229992.2803618907928466796875 HTTP/1.0" 200 416 "-" "WordPress/6.8.1; https://vattusacky.vn"
20.171.207.251 - - [07/Sep/2025:14:26:30 +0700] "GET /?p=8142 HTTP/1.0" 301 501 "-" "Mozilla/5.0 AppleWebKit/537.36 (KHTML, like Gecko; compatible; GPTBot/1.2; +https://openai.com/gptbot)"
20.171.207.251 - - [07/Sep/2025:14:26:32 +0700] "GET /reveling-in-the-beauty-of-connections-in-omelove-stories/ HTTP/1.0" 200 80380 "-" "Mozilla/5.0 AppleWebKit/537.36 (KHTML, like Gecko; compatible; GPTBot/1.2; +https://openai.com/gptbot)"
45.117.177.72 - - [07/Sep/2025:14:27:21 +0700] "POST /wp-cron.php?doing_wp_cron=1757230041.6986041069030761718750 HTTP/1.0" 200 416 "-" "WordPress/6.8.1; https://vattusacky.vn"
20.171.207.251 - - [07/Sep/2025:14:27:19 +0700] "GET /the-role-of-intuition-in-recognizing-cosmic-connections-on-omegle/ HTTP/1.0" 200 89883 "-" "Mozilla/5.0 AppleWebKit/537.36 (KHTML, like Gecko; compatible; GPTBot/1.2; +https://openai.com/gptbot)"
85.208.96.202 - - [07/Sep/2025:14:27:24 +0700] "GET /roleta-cassino-online-cassino-jogar/ HTTP/1.0" 200 219033 "-" "Mozilla/5.0 (compatible; SemrushBot/7~bl; +http://www.semrush.com/bot.html)"
46.232.251.86 - - [07/Sep/2025:14:27:32 +0700] "GET /tag/lay-mau-tong-bui-lo-lung/ HTTP/1.0" 200 59631 "-" "Mozilla/5.0 (Windows NT 10.0; Win64; x64) AppleWebKit/537.36 (KHTML, like Gecko) Chrome/100.0.6323.729 Safari/537.36"
45.117.177.72 - - [07/Sep/2025:14:29:20 +0700] "POST /wp-cron.php?doing_wp_cron=1757230160.3508629798889160156250 HTTP/1.0" 200 416 "-" "WordPress/6.8.1; https://vattusacky.vn"
20.171.207.251 - - [07/Sep/2025:14:29:18 +0700] "GET /omegles-impact-on-the-concept-of-consent-in-online-interactions/ HTTP/1.0" 200 88858 "-" "Mozilla/5.0 AppleWebKit/537.36 (KHTML, like Gecko; compatible; GPTBot/1.2; +https://openai.com/gptbot)"
45.117.177.72 - - [07/Sep/2025:14:31:17 +0700] "POST /wp-cron.php?doing_wp_cron=1757230277.3910169601440429687500 HTTP/1.0" 200 416 "-" "WordPress/6.8.1; https://vattusacky.vn"
20.171.207.251 - - [07/Sep/2025:14:31:15 +0700] "GET /?p=8878 HTTP/1.0" 301 501 "-" "Mozilla/5.0 AppleWebKit/537.36 (KHTML, like Gecko; compatible; GPTBot/1.2; +https://openai.com/gptbot)"
20.171.207.251 - - [07/Sep/2025:14:31:17 +0700] "GET /the-role-of-moderators-in-preserving-anonymity-on-omegle/ HTTP/1.0" 200 92149 "-" "Mozilla/5.0 AppleWebKit/537.36 (KHTML, like Gecko; compatible; GPTBot/1.2; +https://openai.com/gptbot)"
45.117.177.72 - - [07/Sep/2025:14:32:22 +0700] "POST /wp-cron.php?doing_wp_cron=1757230342.0117619037628173828125 HTTP/1.0" 200 416 "-" "WordPress/6.8.1; https://vattusacky.vn"
20.171.207.251 - - [07/Sep/2025:14:32:20 +0700] "GET /?p=8929 HTTP/1.0" 301 509 "-" "Mozilla/5.0 AppleWebKit/537.36 (KHTML, like Gecko; compatible; GPTBot/1.2; +https://openai.com/gptbot)"
20.171.207.251 - - [07/Sep/2025:14:32:22 +0700] "GET /the-role-of-technology-in-fostering-cosmic-connections-on-omegle/ HTTP/1.0" 200 91665 "-" "Mozilla/5.0 AppleWebKit/537.36 (KHTML, like Gecko; compatible; GPTBot/1.2; +https://openai.com/gptbot)"
194.42.196.29 - - [07/Sep/2025:14:33:04 +0700] "GET / HTTP/1.0" 301 598 "http://www.vattusacky.vn/" "-"
194.42.196.29 - - [07/Sep/2025:14:33:07 +0700] "GET / HTTP/1.0" 503 8085 "https://www.vattusacky.vn/" "-"
194.42.196.29 - - [07/Sep/2025:14:33:08 +0700] "GET /laravel-filemanager HTTP/1.0" 301 683 "http://www.vattusacky.vn/laravel-filemanager" "-"
20.171.207.251 - - [07/Sep/2025:14:33:10 +0700] "GET /the-enigma-of-omegle-delving-into-its-intriguing-nature/ HTTP/1.0" 200 91503 "-" "Mozilla/5.0 AppleWebKit/537.36 (KHTML, like Gecko; compatible; GPTBot/1.2; +https://openai.com/gptbot)"
194.42.196.29 - - [07/Sep/2025:14:33:11 +0700] "GET /laravel-filemanager HTTP/1.0" 503 6963 "https://www.vattusacky.vn/laravel-filemanager" "-"
194.42.196.29 - - [07/Sep/2025:14:33:13 +0700] "GET /CHANGELOG.txt HTTP/1.0" 301 677 "http://www.vattusacky.vn/CHANGELOG.txt" "-"
194.42.196.29 - - [07/Sep/2025:14:33:15 +0700] "GET /CHANGELOG.txt HTTP/1.0" 404 70812 "https://www.vattusacky.vn/CHANGELOG.txt" "-"
45.117.177.72 - - [07/Sep/2025:14:33:18 +0700] "POST /wp-cron.php?doing_wp_cron=1757230398.4028038978576660156250 HTTP/1.0" 200 416 "-" "WordPress/6.8.1; https://vattusacky.vn"
194.42.196.29 - - [07/Sep/2025:14:33:17 +0700] "GET /Telerik.Web.UI.WebResource.axd?type=rau HTTP/1.0" 301 703 "http://www.vattusacky.vn/Telerik.Web.UI.WebResource.axd?type=rau" "-"
194.42.196.29 - - [07/Sep/2025:14:33:19 +0700] "GET /Telerik.Web.UI.WebResource.axd?type=rau HTTP/1.0" 404 70812 "https://www.vattusacky.vn/Telerik.Web.UI.WebResource.axd?type=rau" "-"
194.42.196.29 - - [07/Sep/2025:14:33:21 +0700] "GET /etc/passwd HTTP/1.0" 301 674 "http://www.vattusacky.vn/etc/passwd" "-"
194.42.196.29 - - [07/Sep/2025:14:33:23 +0700] "GET /etc/passwd HTTP/1.0" 404 70812 "https://www.vattusacky.vn/etc/passwd" "-"
