20.171.207.251 - - [07/Sep/2025:17:29:32 +0700] "GET /?p=8531 HTTP/1.0" 301 504 "-" "Mozilla/5.0 AppleWebKit/537.36 (KHTML, like Gecko; compatible; GPTBot/1.2; +https://openai.com/gptbot)"
20.171.207.251 - - [07/Sep/2025:17:29:34 +0700] "GET /the-impact-of-human-connection-in-omegles-social-experiment/ HTTP/1.0" 200 93426 "-" "Mozilla/5.0 AppleWebKit/537.36 (KHTML, like Gecko; compatible; GPTBot/1.2; +https://openai.com/gptbot)"
20.171.207.251 - - [07/Sep/2025:17:29:51 +0700] "GET /how-to-stay-safe-while-talking-to-strangers-on-omegle/ HTTP/1.0" 200 88469 "-" "Mozilla/5.0 AppleWebKit/537.36 (KHTML, like Gecko; compatible; GPTBot/1.2; +https://openai.com/gptbot)"
20.171.207.251 - - [07/Sep/2025:17:30:09 +0700] "GET /omegle-and-the-impact-of-online-connections-on-offline-relationships/ HTTP/1.0" 200 85283 "-" "Mozilla/5.0 AppleWebKit/537.36 (KHTML, like Gecko; compatible; GPTBot/1.2; +https://openai.com/gptbot)"
45.117.177.72 - - [07/Sep/2025:17:30:44 +0700] "POST /wp-cron.php?doing_wp_cron=1757241044.0713179111480712890625 HTTP/1.0" 200 416 "-" "WordPress/6.8.1; https://vattusacky.vn"
185.191.171.14 - - [07/Sep/2025:17:30:42 +0700] "GET /decoding-the-phenomenon-of-the-1xbet-mobile-app-45/ HTTP/1.0" 200 238742 "-" "Mozilla/5.0 (compatible; SemrushBot/7~bl; +http://www.semrush.com/bot.html)"
20.171.207.251 - - [07/Sep/2025:17:30:49 +0700] "GET /?p=8988 HTTP/1.0" 301 504 "-" "Mozilla/5.0 AppleWebKit/537.36 (KHTML, like Gecko; compatible; GPTBot/1.2; +https://openai.com/gptbot)"
20.171.207.251 - - [07/Sep/2025:17:30:51 +0700] "GET /the-thrill-of-randomness-embracing-the-unexpected-on-omegle/ HTTP/1.0" 200 90908 "-" "Mozilla/5.0 AppleWebKit/537.36 (KHTML, like Gecko; compatible; GPTBot/1.2; +https://openai.com/gptbot)"
20.171.207.251 - - [07/Sep/2025:17:31:15 +0700] "GET /?p=8578 HTTP/1.0" 301 504 "-" "Mozilla/5.0 AppleWebKit/537.36 (KHTML, like Gecko; compatible; GPTBot/1.2; +https://openai.com/gptbot)"
45.117.177.72 - - [07/Sep/2025:17:31:18 +0700] "POST /wp-cron.php?doing_wp_cron=1757241077.8556389808654785156250 HTTP/1.0" 200 416 "-" "WordPress/6.8.1; https://vattusacky.vn"
20.171.207.251 - - [07/Sep/2025:17:31:16 +0700] "GET /the-impact-of-technology-on-empathy-in-omegle-conversations/ HTTP/1.0" 200 82940 "-" "Mozilla/5.0 AppleWebKit/537.36 (KHTML, like Gecko; compatible; GPTBot/1.2; +https://openai.com/gptbot)"
20.171.207.251 - - [07/Sep/2025:17:31:44 +0700] "GET /the-impact-of-shared-interests-in-omegles-social-experiment/ HTTP/1.0" 200 91180 "-" "Mozilla/5.0 AppleWebKit/537.36 (KHTML, like Gecko; compatible; GPTBot/1.2; +https://openai.com/gptbot)"
45.117.177.72 - - [07/Sep/2025:17:32:20 +0700] "POST /wp-cron.php?doing_wp_cron=1757241140.4539060592651367187500 HTTP/1.0" 200 416 "-" "WordPress/6.8.1; https://vattusacky.vn"
20.171.207.251 - - [07/Sep/2025:17:32:18 +0700] "GET /tips-for-safe-and-effective-cybertherapy-on-omegle-and-ometv/ HTTP/1.0" 200 82961 "-" "Mozilla/5.0 AppleWebKit/537.36 (KHTML, like Gecko; compatible; GPTBot/1.2; +https://openai.com/gptbot)"
20.171.207.251 - - [07/Sep/2025:17:32:55 +0700] "GET /?p=7093 HTTP/1.0" 301 498 "-" "Mozilla/5.0 AppleWebKit/537.36 (KHTML, like Gecko; compatible; GPTBot/1.2; +https://openai.com/gptbot)"
20.171.207.251 - - [07/Sep/2025:17:32:57 +0700] "GET /how-to-stay-safe-while-talking-to-strangers-on-omegle/ HTTP/1.0" 200 88469 "-" "Mozilla/5.0 AppleWebKit/537.36 (KHTML, like Gecko; compatible; GPTBot/1.2; +https://openai.com/gptbot)"
45.117.177.72 - - [07/Sep/2025:17:33:38 +0700] "POST /wp-cron.php?doing_wp_cron=1757241218.4978070259094238281250 HTTP/1.0" 200 416 "-" "WordPress/6.8.1; https://vattusacky.vn"
20.171.207.251 - - [07/Sep/2025:17:33:36 +0700] "GET /?p=7524 HTTP/1.0" 301 513 "-" "Mozilla/5.0 AppleWebKit/537.36 (KHTML, like Gecko; compatible; GPTBot/1.2; +https://openai.com/gptbot)"
20.171.207.251 - - [07/Sep/2025:17:33:39 +0700] "GET /omegle-and-the-impact-of-online-connections-on-offline-relationships/ HTTP/1.0" 200 85283 "-" "Mozilla/5.0 AppleWebKit/537.36 (KHTML, like Gecko; compatible; GPTBot/1.2; +https://openai.com/gptbot)"
20.171.207.251 - - [07/Sep/2025:17:34:00 +0700] "GET /the-dark-side-of-omegle-navigating-the-dangers-of-online-intimacy/ HTTP/1.0" 200 79341 "-" "Mozilla/5.0 AppleWebKit/537.36 (KHTML, like Gecko; compatible; GPTBot/1.2; +https://openai.com/gptbot)"
45.117.177.72 - - [07/Sep/2025:17:34:25 +0700] "POST /wp-cron.php?doing_wp_cron=1757241265.4019629955291748046875 HTTP/1.0" 200 416 "-" "WordPress/6.8.1; https://vattusacky.vn"
20.171.207.251 - - [07/Sep/2025:17:34:24 +0700] "GET /omegle-random-chat-vs-chat-with-interests-pros-and-cons-of-each-feature/ HTTP/1.0" 200 84085 "-" "Mozilla/5.0 AppleWebKit/537.36 (KHTML, like Gecko; compatible; GPTBot/1.2; +https://openai.com/gptbot)"
17.241.219.209 - - [07/Sep/2025:17:34:34 +0700] "GET /how-long-until-viagra-starts-working/ HTTP/1.0" 200 81907 "-" "Mozilla/5.0 (Macintosh; Intel Mac OS X 10_15_7) AppleWebKit/605.1.15 (KHTML, like Gecko) Version/17.4 Safari/605.1.15 (Applebot/0.1; +http://www.apple.com/go/applebot)"
85.208.96.205 - - [07/Sep/2025:17:34:36 +0700] "GET /author/yanz/page/350/ HTTP/1.0" 200 76299 "-" "Mozilla/5.0 (compatible; SemrushBot/7~bl; +http://www.semrush.com/bot.html)"
43.165.189.206 - - [07/Sep/2025:17:34:59 +0700] "GET / HTTP/1.0" 200 60071 "http://vattusacky.vn" "Mozilla/5.0 (iPhone; CPU iPhone OS 13_2_3 like Mac OS X) AppleWebKit/605.1.15 (KHTML, like Gecko) Version/13.0.3 Mobile/15E148 Safari/604.1"
20.171.207.251 - - [07/Sep/2025:17:35:04 +0700] "GET /omegle-proxies-what-they-are-and-how-they-impact-your-chat-experience/ HTTP/1.0" 200 78319 "-" "Mozilla/5.0 AppleWebKit/537.36 (KHTML, like Gecko; compatible; GPTBot/1.2; +https://openai.com/gptbot)"
45.117.177.72 - - [07/Sep/2025:17:35:44 +0700] "POST /wp-cron.php?doing_wp_cron=1757241344.4329099655151367187500 HTTP/1.0" 200 416 "-" "WordPress/6.8.1; https://vattusacky.vn"
20.171.207.251 - - [07/Sep/2025:17:35:43 +0700] "GET /?p=7563 HTTP/1.0" 301 504 "-" "Mozilla/5.0 AppleWebKit/537.36 (KHTML, like Gecko; compatible; GPTBot/1.2; +https://openai.com/gptbot)"
20.171.207.251 - - [07/Sep/2025:17:35:44 +0700] "GET /omegle-as-a-platform-for-creativity-and-artistic-expression/ HTTP/1.0" 200 88515 "-" "Mozilla/5.0 AppleWebKit/537.36 (KHTML, like Gecko; compatible; GPTBot/1.2; +https://openai.com/gptbot)"
45.117.177.72 - - [07/Sep/2025:17:36:21 +0700] "POST /wp-cron.php?doing_wp_cron=1757241381.2094759941101074218750 HTTP/1.0" 200 416 "-" "WordPress/6.8.1; https://vattusacky.vn"
20.171.207.251 - - [07/Sep/2025:17:36:19 +0700] "GET /?p=8855 HTTP/1.0" 301 517 "-" "Mozilla/5.0 AppleWebKit/537.36 (KHTML, like Gecko; compatible; GPTBot/1.2; +https://openai.com/gptbot)"
20.171.207.251 - - [07/Sep/2025:17:36:21 +0700] "GET /the-role-of-empathy-in-reducing-online-harassment-and-bullying-on-omegle/ HTTP/1.0" 200 92636 "-" "Mozilla/5.0 AppleWebKit/537.36 (KHTML, like Gecko; compatible; GPTBot/1.2; +https://openai.com/gptbot)"
66.249.70.193 - - [07/Sep/2025:17:36:41 +0700] "GET /robots.txt HTTP/1.0" 200 984 "-" "Mozilla/5.0 (compatible; Googlebot/2.1; +http://www.google.com/bot.html)"
87.250.224.221 - - [07/Sep/2025:17:36:53 +0700] "GET /daddy-casino-realnye-promokody-igrat-v-igrovye/ HTTP/1.0" 200 102866 "-" "Mozilla/5.0 (compatible; YandexBot/3.0; +http://yandex.com/bots)"
20.171.207.251 - - [07/Sep/2025:17:36:58 +0700] "GET /omegles-impact-on-the-concept-of-serendipity-in-the-digital-age/ HTTP/1.0" 200 91742 "-" "Mozilla/5.0 AppleWebKit/537.36 (KHTML, like Gecko; compatible; GPTBot/1.2; +https://openai.com/gptbot)"
17.241.219.110 - - [07/Sep/2025:17:37:12 +0700] "GET /strategies-for-managing-online-friendships-alongside-offline-relationships/ HTTP/1.0" 200 94085 "-" "Mozilla/5.0 (Macintosh; Intel Mac OS X 10_15_7) AppleWebKit/605.1.15 (KHTML, like Gecko) Version/17.4 Safari/605.1.15 (Applebot/0.1; +http://www.apple.com/go/applebot)"
45.117.177.72 - - [07/Sep/2025:17:37:40 +0700] "POST /wp-cron.php?doing_wp_cron=1757241460.3301420211791992187500 HTTP/1.0" 200 416 "-" "WordPress/6.8.1; https://vattusacky.vn"
20.171.207.251 - - [07/Sep/2025:17:37:39 +0700] "GET /?p=8983 HTTP/1.0" 301 639 "-" "Mozilla/5.0 AppleWebKit/537.36 (KHTML, like Gecko; compatible; GPTBot/1.2; +https://openai.com/gptbot)"
20.171.207.251 - - [07/Sep/2025:17:37:40 +0700] "GET /the-tech-genius-behind-omegle-and-ometv-revealed/ HTTP/1.0" 200 90572 "-" "Mozilla/5.0 AppleWebKit/537.36 (KHTML, like Gecko; compatible; GPTBot/1.2; +https://openai.com/gptbot)"
20.171.207.251 - - [07/Sep/2025:17:38:02 +0700] "GET /?p=8570 HTTP/1.0" 301 504 "-" "Mozilla/5.0 AppleWebKit/537.36 (KHTML, like Gecko; compatible; GPTBot/1.2; +https://openai.com/gptbot)"
20.171.207.251 - - [07/Sep/2025:17:38:04 +0700] "GET /the-impact-of-shared-interests-in-omegles-social-experiment/ HTTP/1.0" 200 91180 "-" "Mozilla/5.0 AppleWebKit/537.36 (KHTML, like Gecko; compatible; GPTBot/1.2; +https://openai.com/gptbot)"
45.117.177.72 - - [07/Sep/2025:17:38:42 +0700] "POST /wp-cron.php?doing_wp_cron=1757241522.1373429298400878906250 HTTP/1.0" 200 416 "-" "WordPress/6.8.1; https://vattusacky.vn"
20.171.207.251 - - [07/Sep/2025:17:38:40 +0700] "GET /?p=9033 HTTP/1.0" 301 505 "-" "Mozilla/5.0 AppleWebKit/537.36 (KHTML, like Gecko; compatible; GPTBot/1.2; +https://openai.com/gptbot)"
20.171.207.251 - - [07/Sep/2025:17:38:42 +0700] "GET /tips-for-safe-and-effective-cybertherapy-on-omegle-and-ometv/ HTTP/1.0" 200 82815 "-" "Mozilla/5.0 AppleWebKit/537.36 (KHTML, like Gecko; compatible; GPTBot/1.2; +https://openai.com/gptbot)"
45.117.177.72 - - [07/Sep/2025:17:39:25 +0700] "POST /wp-cron.php?doing_wp_cron=1757241565.4762039184570312500000 HTTP/1.0" 200 416 "-" "WordPress/6.8.1; https://vattusacky.vn"
20.171.207.251 - - [07/Sep/2025:17:39:23 +0700] "GET /how-omegle-and-ometv-use-algorithms-to-match-users/ HTTP/1.0" 200 89964 "-" "Mozilla/5.0 AppleWebKit/537.36 (KHTML, like Gecko; compatible; GPTBot/1.2; +https://openai.com/gptbot)"
20.171.207.251 - - [07/Sep/2025:17:40:14 +0700] "GET /the-cultural-impact-of-omegle-and-ometv-on-society/ HTTP/1.0" 200 91612 "-" "Mozilla/5.0 AppleWebKit/537.36 (KHTML, like Gecko; compatible; GPTBot/1.2; +https://openai.com/gptbot)"
45.117.177.72 - - [07/Sep/2025:17:41:00 +0700] "POST /wp-cron.php?doing_wp_cron=1757241660.2949359416961669921875 HTTP/1.0" 200 416 "-" "WordPress/6.8.1; https://vattusacky.vn"
20.171.207.251 - - [07/Sep/2025:17:40:59 +0700] "GET /?p=8391 HTTP/1.0" 301 510 "-" "Mozilla/5.0 AppleWebKit/537.36 (KHTML, like Gecko; compatible; GPTBot/1.2; +https://openai.com/gptbot)"
20.171.207.251 - - [07/Sep/2025:17:41:00 +0700] "GET /the-dark-side-of-omegle-navigating-the-dangers-of-online-intimacy/ HTTP/1.0" 200 79341 "-" "Mozilla/5.0 AppleWebKit/537.36 (KHTML, like Gecko; compatible; GPTBot/1.2; +https://openai.com/gptbot)"
45.117.177.72 - - [07/Sep/2025:17:41:42 +0700] "POST /wp-cron.php?doing_wp_cron=1757241701.9513270854949951171875 HTTP/1.0" 200 416 "-" "WordPress/6.8.1; https://vattusacky.vn"
20.171.207.251 - - [07/Sep/2025:17:41:40 +0700] "GET /ometv-unveiling-the-true-faces-behind-the-screens/ HTTP/1.0" 200 89983 "-" "Mozilla/5.0 AppleWebKit/537.36 (KHTML, like Gecko; compatible; GPTBot/1.2; +https://openai.com/gptbot)"
45.117.177.72 - - [07/Sep/2025:17:42:19 +0700] "POST /wp-cron.php?doing_wp_cron=1757241738.7192189693450927734375 HTTP/1.0" 200 416 "-" "WordPress/6.8.1; https://vattusacky.vn"
20.171.207.251 - - [07/Sep/2025:17:42:17 +0700] "GET /?p=7691 HTTP/1.0" 301 516 "-" "Mozilla/5.0 AppleWebKit/537.36 (KHTML, like Gecko; compatible; GPTBot/1.2; +https://openai.com/gptbot)"
20.171.207.251 - - [07/Sep/2025:17:42:19 +0700] "GET /omegle-random-chat-vs-chat-with-interests-pros-and-cons-of-each-feature/ HTTP/1.0" 200 84085 "-" "Mozilla/5.0 AppleWebKit/537.36 (KHTML, like Gecko; compatible; GPTBot/1.2; +https://openai.com/gptbot)"
20.171.207.251 - - [07/Sep/2025:17:42:54 +0700] "GET /viral-comedy-hilarious-videos-that-went-viral-on-omegle-and-ometv/ HTTP/1.0" 200 92372 "-" "Mozilla/5.0 AppleWebKit/537.36 (KHTML, like Gecko; compatible; GPTBot/1.2; +https://openai.com/gptbot)"
54.80.185.200 - - [07/Sep/2025:17:43:00 +0700] "GET /is-normally-cbd-legal-in-the-us/ HTTP/1.0" 200 205515 "-" "Mozilla/5.0 AppleWebKit/537.36 (KHTML, like Gecko; compatible; Amazonbot/0.1; +https://developer.amazon.com/support/amazonbot) Chrome/119.0.6045.214 Safari/537.36"
52.204.71.8 - - [07/Sep/2025:17:43:03 +0700] "GET /romantic-relationship-traditions-how-to-approach-an-diamond-party/ HTTP/1.0" 200 208911 "-" "Mozilla/5.0 AppleWebKit/537.36 (KHTML, like Gecko; compatible; Amazonbot/0.1; +https://developer.amazon.com/support/amazonbot) Chrome/119.0.6045.214 Safari/537.36"
3.210.29.96 - - [07/Sep/2025:17:43:07 +0700] "GET /the-right-way-to-nurture-mutually-beneficial-relationships/ HTTP/1.0" 200 209211 "-" "Mozilla/5.0 AppleWebKit/537.36 (KHTML, like Gecko; compatible; Amazonbot/0.1; +https://developer.amazon.com/support/amazonbot) Chrome/119.0.6045.214 Safari/537.36"
34.204.150.196 - - [07/Sep/2025:17:43:11 +0700] "GET /wedding-brides-for-sale-how-to-find-the-very-best-deals-in-brides-that-you-can-buy/ HTTP/1.0" 200 207836 "-" "Mozilla/5.0 AppleWebKit/537.36 (KHTML, like Gecko; compatible; Amazonbot/0.1; +https://developer.amazon.com/support/amazonbot) Chrome/119.0.6045.214 Safari/537.36"
85.208.96.211 - - [07/Sep/2025:17:43:15 +0700] "GET /robots.txt HTTP/1.0" 200 984 "-" "Mozilla/5.0 (compatible; SemrushBot/7~bl; +http://www.semrush.com/bot.html)"
45.117.177.72 - - [07/Sep/2025:17:43:26 +0700] "POST /wp-cron.php?doing_wp_cron=1757241806.0431129932403564453125 HTTP/1.0" 200 416 "-" "WordPress/6.8.1; https://vattusacky.vn"
85.208.96.201 - - [07/Sep/2025:17:43:24 +0700] "GET /author/yanz/page/140/ HTTP/1.0" 200 77968 "-" "Mozilla/5.0 (compatible; SemrushBot/7~bl; +http://www.semrush.com/bot.html)"
20.171.207.251 - - [07/Sep/2025:17:43:25 +0700] "GET /?p=7689 HTTP/1.0" 301 514 "-" "Mozilla/5.0 AppleWebKit/537.36 (KHTML, like Gecko; compatible; GPTBot/1.2; +https://openai.com/gptbot)"
20.171.207.251 - - [07/Sep/2025:17:43:26 +0700] "GET /omegle-proxies-what-they-are-and-how-they-impact-your-chat-experience/ HTTP/1.0" 200 78319 "-" "Mozilla/5.0 AppleWebKit/537.36 (KHTML, like Gecko; compatible; GPTBot/1.2; +https://openai.com/gptbot)"
20.171.207.251 - - [07/Sep/2025:17:43:52 +0700] "GET /omegle-vs-ometv-which-one-has-better-moderation/ HTTP/1.0" 200 89840 "-" "Mozilla/5.0 AppleWebKit/537.36 (KHTML, like Gecko; compatible; GPTBot/1.2; +https://openai.com/gptbot)"
45.117.177.72 - - [07/Sep/2025:17:44:40 +0700] "POST /wp-cron.php?doing_wp_cron=1757241879.7455160617828369140625 HTTP/1.0" 200 416 "-" "WordPress/6.8.1; https://vattusacky.vn"
20.171.207.251 - - [07/Sep/2025:17:44:38 +0700] "GET /?p=7860 HTTP/1.0" 301 508 "-" "Mozilla/5.0 AppleWebKit/537.36 (KHTML, like Gecko; compatible; GPTBot/1.2; +https://openai.com/gptbot)"
20.171.207.251 - - [07/Sep/2025:17:44:40 +0700] "GET /omegles-impact-on-the-concept-of-serendipity-in-the-digital-age/ HTTP/1.0" 200 91742 "-" "Mozilla/5.0 AppleWebKit/537.36 (KHTML, like Gecko; compatible; GPTBot/1.2; +https://openai.com/gptbot)"
45.117.177.72 - - [07/Sep/2025:17:45:18 +0700] "POST /wp-cron.php?doing_wp_cron=1757241918.5922849178314208984375 HTTP/1.0" 200 416 "-" "WordPress/6.8.1; https://vattusacky.vn"
20.171.207.251 - - [07/Sep/2025:17:45:17 +0700] "GET /which-random-chat-platform-is-better-omegle-or-ometv/ HTTP/1.0" 200 89149 "-" "Mozilla/5.0 AppleWebKit/537.36 (KHTML, like Gecko; compatible; GPTBot/1.2; +https://openai.com/gptbot)"
5.39.1.235 - - [07/Sep/2025:17:45:52 +0700] "GET / HTTP/1.0" 200 60070 "-" "Mozilla/5.0 (compatible; AhrefsBot/7.0; +http://ahrefs.com/robot/)"
95.108.213.157 - - [07/Sep/2025:17:45:57 +0700] "GET /bridging-distances-video-vs-text-on-omegle-and-ometv/ HTTP/1.0" 200 94011 "-" "Mozilla/5.0 (compatible; YandexBot/3.0; +http://yandex.com/bots)"
20.171.207.251 - - [07/Sep/2025:17:45:59 +0700] "GET /omegles-impact-on-the-concept-of-virtual-intimacy/ HTTP/1.0" 200 90091 "-" "Mozilla/5.0 AppleWebKit/537.36 (KHTML, like Gecko; compatible; GPTBot/1.2; +https://openai.com/gptbot)"
45.117.177.72 - - [07/Sep/2025:17:46:35 +0700] "POST /wp-cron.php?doing_wp_cron=1757241995.5042960643768310546875 HTTP/1.0" 200 416 "-" "WordPress/6.8.1; https://vattusacky.vn"
20.171.207.251 - - [07/Sep/2025:17:46:33 +0700] "GET /online-safety-tips-for-making-friends-on-omegle/ HTTP/1.0" 200 91648 "-" "Mozilla/5.0 AppleWebKit/537.36 (KHTML, like Gecko; compatible; GPTBot/1.2; +https://openai.com/gptbot)"
216.73.216.162 - - [07/Sep/2025:17:47:01 +0700] "GET /robots.txt HTTP/1.0" 200 984 "-" "Mozilla/5.0 AppleWebKit/537.36 (KHTML, like Gecko; compatible; ClaudeBot/1.0; +claudebot@anthropic.com)"
216.73.216.162 - - [07/Sep/2025:17:47:03 +0700] "GET /betwinner-619 HTTP/1.0" 301 458 "-" "Mozilla/5.0 AppleWebKit/537.36 (KHTML, like Gecko; compatible; ClaudeBot/1.0; +claudebot@anthropic.com)"
216.73.216.162 - - [07/Sep/2025:17:47:04 +0700] "GET /sitemap_index.xml HTTP/1.0" 200 2280 "-" "Mozilla/5.0 AppleWebKit/537.36 (KHTML, like Gecko; compatible; ClaudeBot/1.0; +claudebot@anthropic.com)"
216.73.216.162 - - [07/Sep/2025:17:47:05 +0700] "GET /betwinner-619/ HTTP/1.0" 200 78248 "https://vattusacky.vn/betwinner-619" "Mozilla/5.0 AppleWebKit/537.36 (KHTML, like Gecko; compatible; ClaudeBot/1.0; +claudebot@anthropic.com)"
20.171.207.251 - - [07/Sep/2025:17:47:13 +0700] "GET /?p=7999 HTTP/1.0" 301 494 "-" "Mozilla/5.0 AppleWebKit/537.36 (KHTML, like Gecko; compatible; GPTBot/1.2; +https://openai.com/gptbot)"
20.171.207.251 - - [07/Sep/2025:17:47:15 +0700] "GET /ometv-unveiling-the-true-faces-behind-the-screens/ HTTP/1.0" 200 89983 "-" "Mozilla/5.0 AppleWebKit/537.36 (KHTML, like Gecko; compatible; GPTBot/1.2; +https://openai.com/gptbot)"
45.117.177.72 - - [07/Sep/2025:17:47:42 +0700] "POST /wp-cron.php?doing_wp_cron=1757242062.0225179195404052734375 HTTP/1.0" 200 416 "-" "WordPress/6.8.1; https://vattusacky.vn"
20.171.207.251 - - [07/Sep/2025:17:47:40 +0700] "GET /?p=8374 HTTP/1.0" 301 495 "-" "Mozilla/5.0 AppleWebKit/537.36 (KHTML, like Gecko; compatible; GPTBot/1.2; +https://openai.com/gptbot)"
20.171.207.251 - - [07/Sep/2025:17:47:42 +0700] "GET /the-cultural-impact-of-omegle-and-ometv-on-society/ HTTP/1.0" 200 91612 "-" "Mozilla/5.0 AppleWebKit/537.36 (KHTML, like Gecko; compatible; GPTBot/1.2; +https://openai.com/gptbot)"
20.171.207.251 - - [07/Sep/2025:17:48:06 +0700] "GET /?p=7776 HTTP/1.0" 301 638 "-" "Mozilla/5.0 AppleWebKit/537.36 (KHTML, like Gecko; compatible; GPTBot/1.2; +https://openai.com/gptbot)"
20.171.207.251 - - [07/Sep/2025:17:48:08 +0700] "GET /omegle-vs-ometv-which-one-has-better-moderation/ HTTP/1.0" 200 89840 "-" "Mozilla/5.0 AppleWebKit/537.36 (KHTML, like Gecko; compatible; GPTBot/1.2; +https://openai.com/gptbot)"
45.117.177.72 - - [07/Sep/2025:17:48:24 +0700] "POST /wp-cron.php?doing_wp_cron=1757242104.7552299499511718750000 HTTP/1.0" 200 416 "-" "WordPress/6.8.1; https://vattusacky.vn"
51.68.247.205 - - [07/Sep/2025:17:48:23 +0700] "GET /category/uncategorized/page/12/ HTTP/1.0" 200 76702 "-" "Mozilla/5.0 (compatible; AhrefsBot/7.0; +http://ahrefs.com/robot/)"
176.31.139.4 - - [07/Sep/2025:17:48:30 +0700] "GET /category/uncategorized/page/12/ HTTP/1.0" 200 76702 "-" "Mozilla/5.0 (compatible; AhrefsBot/7.0; +http://ahrefs.com/robot/)"
20.171.207.251 - - [07/Sep/2025:17:48:34 +0700] "GET /how-omegle-provides-a-space-for-human-connection/ HTTP/1.0" 200 90417 "-" "Mozilla/5.0 AppleWebKit/537.36 (KHTML, like Gecko; compatible; GPTBot/1.2; +https://openai.com/gptbot)"
45.117.177.72 - - [07/Sep/2025:17:49:30 +0700] "POST /wp-cron.php?doing_wp_cron=1757242169.9194839000701904296875 HTTP/1.0" 200 416 "-" "WordPress/6.8.1; https://vattusacky.vn"
20.171.207.251 - - [07/Sep/2025:17:49:28 +0700] "GET /the-social-experiment-of-omegle-what-have-we-learned/ HTTP/1.0" 200 91918 "-" "Mozilla/5.0 AppleWebKit/537.36 (KHTML, like Gecko; compatible; GPTBot/1.2; +https://openai.com/gptbot)"
20.171.207.251 - - [07/Sep/2025:17:49:55 +0700] "GET /the-pros-of-omegle-anonymity-and-freedom-of-expression/ HTTP/1.0" 200 90480 "-" "Mozilla/5.0 AppleWebKit/537.36 (KHTML, like Gecko; compatible; GPTBot/1.2; +https://openai.com/gptbot)"
20.171.207.251 - - [07/Sep/2025:17:50:21 +0700] "GET /?p=9224 HTTP/1.0" 301 497 "-" "Mozilla/5.0 AppleWebKit/537.36 (KHTML, like Gecko; compatible; GPTBot/1.2; +https://openai.com/gptbot)"
20.171.207.251 - - [07/Sep/2025:17:50:23 +0700] "GET /which-random-chat-platform-is-better-omegle-or-ometv/ HTTP/1.0" 200 89149 "-" "Mozilla/5.0 AppleWebKit/537.36 (KHTML, like Gecko; compatible; GPTBot/1.2; +https://openai.com/gptbot)"
94.23.188.222 - - [07/Sep/2025:17:50:20 +0700] "GET /mostbet-prilozhenie-skachat-na-ajfon-mostbet-18/ HTTP/1.0" 200 264605 "-" "Mozilla/5.0 (compatible; AhrefsBot/7.0; +http://ahrefs.com/robot/)"
185.191.171.9 - - [07/Sep/2025:17:50:36 +0700] "GET /virtual-language-immersion-on-omegle/ HTTP/1.0" 200 90579 "-" "Mozilla/5.0 (compatible; SemrushBot/7~bl; +http://www.semrush.com/bot.html)"
20.171.207.251 - - [07/Sep/2025:17:50:53 +0700] "GET /?p=9197 HTTP/1.0" 301 510 "-" "Mozilla/5.0 AppleWebKit/537.36 (KHTML, like Gecko; compatible; GPTBot/1.2; +https://openai.com/gptbot)"
20.171.207.251 - - [07/Sep/2025:17:50:55 +0700] "GET /viral-comedy-hilarious-videos-that-went-viral-on-omegle-and-ometv/ HTTP/1.0" 200 92226 "-" "Mozilla/5.0 AppleWebKit/537.36 (KHTML, like Gecko; compatible; GPTBot/1.2; +https://openai.com/gptbot)"
216.73.216.162 - - [07/Sep/2025:17:51:04 +0700] "GET /?p=6013 HTTP/1.0" 301 604 "-" "Mozilla/5.0 AppleWebKit/537.36 (KHTML, like Gecko; compatible; ClaudeBot/1.0; +claudebot@anthropic.com)"
216.73.216.162 - - [07/Sep/2025:17:51:06 +0700] "GET /betwinner-763/ HTTP/1.0" 200 78156 "https://vattusacky.vn/?p=6013" "Mozilla/5.0 AppleWebKit/537.36 (KHTML, like Gecko; compatible; ClaudeBot/1.0; +claudebot@anthropic.com)"
45.117.177.72 - - [07/Sep/2025:17:51:25 +0700] "POST /wp-cron.php?doing_wp_cron=1757242285.6698989868164062500000 HTTP/1.0" 200 416 "-" "WordPress/6.8.1; https://vattusacky.vn"
20.171.207.251 - - [07/Sep/2025:17:51:24 +0700] "GET /?p=7022 HTTP/1.0" 301 495 "-" "Mozilla/5.0 AppleWebKit/537.36 (KHTML, like Gecko; compatible; GPTBot/1.2; +https://openai.com/gptbot)"
20.171.207.251 - - [07/Sep/2025:17:51:26 +0700] "GET /how-omegle-and-ometv-use-algorithms-to-match-users/ HTTP/1.0" 200 89964 "-" "Mozilla/5.0 AppleWebKit/537.36 (KHTML, like Gecko; compatible; GPTBot/1.2; +https://openai.com/gptbot)"
216.73.216.162 - - [07/Sep/2025:17:51:46 +0700] "GET /betwinner-763/feed HTTP/1.0" 301 707 "-" "Mozilla/5.0 AppleWebKit/537.36 (KHTML, like Gecko; compatible; ClaudeBot/1.0; +claudebot@anthropic.com)"
216.73.216.162 - - [07/Sep/2025:17:51:48 +0700] "GET /betwinner-763/feed/ HTTP/1.0" 200 1486 "https://vattusacky.vn/betwinner-763/feed" "Mozilla/5.0 AppleWebKit/537.36 (KHTML, like Gecko; compatible; ClaudeBot/1.0; +claudebot@anthropic.com)"
20.171.207.251 - - [07/Sep/2025:17:51:48 +0700] "GET /?p=7862 HTTP/1.0" 301 494 "-" "Mozilla/5.0 AppleWebKit/537.36 (KHTML, like Gecko; compatible; GPTBot/1.2; +https://openai.com/gptbot)"
20.171.207.251 - - [07/Sep/2025:17:51:50 +0700] "GET /omegles-impact-on-the-concept-of-virtual-intimacy/ HTTP/1.0" 200 90091 "-" "Mozilla/5.0 AppleWebKit/537.36 (KHTML, like Gecko; compatible; GPTBot/1.2; +https://openai.com/gptbot)"
45.117.177.72 - - [07/Sep/2025:17:52:24 +0700] "POST /wp-cron.php?doing_wp_cron=1757242344.4972760677337646484375 HTTP/1.0" 200 416 "-" "WordPress/6.8.1; https://vattusacky.vn"
176.31.139.29 - - [07/Sep/2025:17:52:22 +0700] "GET /don-ho-on-linkedin-dear-it-people-notepad-is-a-3/ HTTP/1.0" 200 210214 "-" "Mozilla/5.0 (compatible; AhrefsBot/7.0; +http://ahrefs.com/robot/)"
20.171.207.251 - - [07/Sep/2025:17:52:24 +0700] "GET /omegle-vs-ometv-the-battle-for-random-chat-supremacy/ HTTP/1.0" 200 89263 "-" "Mozilla/5.0 AppleWebKit/537.36 (KHTML, like Gecko; compatible; GPTBot/1.2; +https://openai.com/gptbot)"
20.171.207.251 - - [07/Sep/2025:17:52:53 +0700] "GET /?p=8729 HTTP/1.0" 301 499 "-" "Mozilla/5.0 AppleWebKit/537.36 (KHTML, like Gecko; compatible; GPTBot/1.2; +https://openai.com/gptbot)"
20.171.207.251 - - [07/Sep/2025:17:52:55 +0700] "GET /the-pros-of-omegle-anonymity-and-freedom-of-expression/ HTTP/1.0" 200 90480 "-" "Mozilla/5.0 AppleWebKit/537.36 (KHTML, like Gecko; compatible; GPTBot/1.2; +https://openai.com/gptbot)"
45.117.177.72 - - [07/Sep/2025:17:53:36 +0700] "POST /wp-cron.php?doing_wp_cron=1757242415.8380069732666015625000 HTTP/1.0" 200 416 "-" "WordPress/6.8.1; https://vattusacky.vn"
20.171.207.251 - - [07/Sep/2025:17:53:34 +0700] "GET /the-allure-of-anonymity-unmasking-the-appeal-of-omegle/ HTTP/1.0" 200 91585 "-" "Mozilla/5.0 AppleWebKit/537.36 (KHTML, like Gecko; compatible; GPTBot/1.2; +https://openai.com/gptbot)"
20.171.207.251 - - [07/Sep/2025:17:54:07 +0700] "GET /?p=7039 HTTP/1.0" 301 493 "-" "Mozilla/5.0 AppleWebKit/537.36 (KHTML, like Gecko; compatible; GPTBot/1.2; +https://openai.com/gptbot)"
20.171.207.251 - - [07/Sep/2025:17:54:09 +0700] "GET /how-omegle-provides-a-space-for-human-connection/ HTTP/1.0" 200 90417 "-" "Mozilla/5.0 AppleWebKit/537.36 (KHTML, like Gecko; compatible; GPTBot/1.2; +https://openai.com/gptbot)"
5.39.1.232 - - [07/Sep/2025:17:54:18 +0700] "GET /unlocking-the-essence-of-omegle-tales-from-anonymous-explorers/ HTTP/1.0" 200 89493 "-" "Mozilla/5.0 (compatible; AhrefsBot/7.0; +http://ahrefs.com/robot/)"
20.171.207.251 - - [07/Sep/2025:17:54:48 +0700] "GET /?p=8970 HTTP/1.0" 301 497 "-" "Mozilla/5.0 AppleWebKit/537.36 (KHTML, like Gecko; compatible; GPTBot/1.2; +https://openai.com/gptbot)"
20.171.207.251 - - [07/Sep/2025:17:54:49 +0700] "GET /the-social-experiment-of-omegle-what-have-we-learned/ HTTP/1.0" 200 91918 "-" "Mozilla/5.0 AppleWebKit/537.36 (KHTML, like Gecko; compatible; GPTBot/1.2; +https://openai.com/gptbot)"
45.117.177.72 - - [07/Sep/2025:17:55:35 +0700] "POST /wp-cron.php?doing_wp_cron=1757242535.0551929473876953125000 HTTP/1.0" 200 416 "-" "WordPress/6.8.1; https://vattusacky.vn"
20.171.207.251 - - [07/Sep/2025:17:55:33 +0700] "GET /the-fine-line-between-intimacy-and-risks-on-omegle/ HTTP/1.0" 200 89432 "-" "Mozilla/5.0 AppleWebKit/537.36 (KHTML, like Gecko; compatible; GPTBot/1.2; +https://openai.com/gptbot)"
37.59.204.130 - - [07/Sep/2025:17:55:58 +0700] "GET /unmasking-omegle-an-inside-look-into-anonymous-adventures/ HTTP/1.0" 200 90720 "-" "Mozilla/5.0 (compatible; AhrefsBot/7.0; +http://ahrefs.com/robot/)"
20.171.207.251 - - [07/Sep/2025:17:56:08 +0700] "GET /how-to-stay-safe-on-omegle-tips-and-precautions/ HTTP/1.0" 200 89677 "-" "Mozilla/5.0 AppleWebKit/537.36 (KHTML, like Gecko; compatible; GPTBot/1.2; +https://openai.com/gptbot)"
45.117.177.72 - - [07/Sep/2025:17:56:44 +0700] "POST /wp-cron.php?doing_wp_cron=1757242604.3274509906768798828125 HTTP/1.0" 200 416 "-" "WordPress/6.8.1; https://vattusacky.vn"
20.171.207.251 - - [07/Sep/2025:17:56:42 +0700] "GET /the-dark-secrets-of-omegle-uncovering-the-truth/ HTTP/1.0" 200 88308 "-" "Mozilla/5.0 AppleWebKit/537.36 (KHTML, like Gecko; compatible; GPTBot/1.2; +https://openai.com/gptbot)"
20.171.207.251 - - [07/Sep/2025:17:57:04 +0700] "GET /?p=8010 HTTP/1.0" 301 492 "-" "Mozilla/5.0 AppleWebKit/537.36 (KHTML, like Gecko; compatible; GPTBot/1.2; +https://openai.com/gptbot)"
20.171.207.251 - - [07/Sep/2025:17:57:06 +0700] "GET /online-safety-tips-for-making-friends-on-omegle/ HTTP/1.0" 200 91648 "-" "Mozilla/5.0 AppleWebKit/537.36 (KHTML, like Gecko; compatible; GPTBot/1.2; +https://openai.com/gptbot)"
45.117.177.72 - - [07/Sep/2025:17:57:32 +0700] "POST /wp-cron.php?doing_wp_cron=1757242652.1997818946838378906250 HTTP/1.0" 200 416 "-" "WordPress/6.8.1; https://vattusacky.vn"
176.31.139.29 - - [07/Sep/2025:17:57:30 +0700] "GET /unraveling-the-mysteries-of-friendship-in-omelove-stories/ HTTP/1.0" 200 90792 "-" "Mozilla/5.0 (compatible; AhrefsBot/7.0; +http://ahrefs.com/robot/)"
20.171.207.251 - - [07/Sep/2025:17:57:48 +0700] "GET /omegle-for-the-lgbtq-community-a-sense-of-belonging/ HTTP/1.0" 200 88936 "-" "Mozilla/5.0 AppleWebKit/537.36 (KHTML, like Gecko; compatible; GPTBot/1.2; +https://openai.com/gptbot)"
95.108.213.157 - - [07/Sep/2025:17:57:56 +0700] "GET /category/dating-reviews/ HTTP/1.0" 200 193026 "-" "Mozilla/5.0 (compatible; YandexBot/3.0; +http://yandex.com/bots)"
45.117.177.72 - - [07/Sep/2025:17:58:25 +0700] "POST /wp-cron.php?doing_wp_cron=1757242704.7983460426330566406250 HTTP/1.0" 200 416 "-" "WordPress/6.8.1; https://vattusacky.vn"
20.171.207.251 - - [07/Sep/2025:17:58:23 +0700] "GET /?p=7089 HTTP/1.0" 301 492 "-" "Mozilla/5.0 AppleWebKit/537.36 (KHTML, like Gecko; compatible; GPTBot/1.2; +https://openai.com/gptbot)"
20.171.207.251 - - [07/Sep/2025:17:58:25 +0700] "GET /how-to-stay-safe-on-omegle-tips-and-precautions/ HTTP/1.0" 200 89677 "-" "Mozilla/5.0 AppleWebKit/537.36 (KHTML, like Gecko; compatible; GPTBot/1.2; +https://openai.com/gptbot)"
20.171.207.251 - - [07/Sep/2025:17:59:05 +0700] "GET /the-future-landscape-of-random-chats-omegles-role/ HTTP/1.0" 200 90433 "-" "Mozilla/5.0 AppleWebKit/537.36 (KHTML, like Gecko; compatible; GPTBot/1.2; +https://openai.com/gptbot)"
45.117.177.72 - - [07/Sep/2025:17:59:31 +0700] "POST /wp-cron.php?doing_wp_cron=1757242771.4165050983428955078125 HTTP/1.0" 200 416 "-" "WordPress/6.8.1; https://vattusacky.vn"
92.222.104.217 - - [07/Sep/2025:17:59:30 +0700] "GET /virtual-adventures-exploring-different-personalities-on-omegle-and-ometv/ HTTP/1.0" 200 92757 "-" "Mozilla/5.0 (compatible; AhrefsBot/7.0; +http://ahrefs.com/robot/)"
20.171.207.251 - - [07/Sep/2025:17:59:41 +0700] "GET /?p=7755 HTTP/1.0" 301 497 "-" "Mozilla/5.0 AppleWebKit/537.36 (KHTML, like Gecko; compatible; GPTBot/1.2; +https://openai.com/gptbot)"
20.171.207.251 - - [07/Sep/2025:17:59:43 +0700] "GET /omegle-vs-ometv-the-battle-for-random-chat-supremacy/ HTTP/1.0" 200 89263 "-" "Mozilla/5.0 AppleWebKit/537.36 (KHTML, like Gecko; compatible; GPTBot/1.2; +https://openai.com/gptbot)"
20.171.207.251 - - [07/Sep/2025:18:00:09 +0700] "GET /omegle-bots-the-rise-of-automated-chat-partners/ HTTP/1.0" 200 89498 "-" "Mozilla/5.0 AppleWebKit/537.36 (KHTML, like Gecko; compatible; GPTBot/1.2; +https://openai.com/gptbot)"
45.117.177.72 - - [07/Sep/2025:18:00:43 +0700] "POST /wp-cron.php?doing_wp_cron=1757242843.2313449382781982421875 HTTP/1.0" 200 416 "-" "WordPress/6.8.1; https://vattusacky.vn"
20.171.207.251 - - [07/Sep/2025:18:00:40 +0700] "GET /?p=8304 HTTP/1.0" 301 499 "-" "Mozilla/5.0 AppleWebKit/537.36 (KHTML, like Gecko; compatible; GPTBot/1.2; +https://openai.com/gptbot)"
20.171.207.251 - - [07/Sep/2025:18:00:43 +0700] "GET /the-allure-of-anonymity-unmasking-the-appeal-of-omegle/ HTTP/1.0" 200 91439 "-" "Mozilla/5.0 AppleWebKit/537.36 (KHTML, like Gecko; compatible; GPTBot/1.2; +https://openai.com/gptbot)"
45.117.177.72 - - [07/Sep/2025:18:00:55 +0700] "POST /wp-cron.php?doing_wp_cron=1757242855.0356040000915527343750 HTTP/1.0" 200 416 "-" "WordPress/6.8.1; https://vattusacky.vn"
94.23.188.205 - - [07/Sep/2025:18:00:53 +0700] "GET /play-fortuna-casino-luchshie-onlajn-avtomaty-10/ HTTP/1.0" 200 243132 "-" "Mozilla/5.0 (compatible; AhrefsBot/7.0; +http://ahrefs.com/robot/)"
176.31.139.16 - - [07/Sep/2025:18:01:00 +0700] "GET /play-fortuna-casino-luchshie-onlajn-avtomaty-10/ HTTP/1.0" 200 243132 "-" "Mozilla/5.0 (compatible; AhrefsBot/7.0; +http://ahrefs.com/robot/)"
20.171.207.251 - - [07/Sep/2025:18:01:05 +0700] "GET /tips-for-networking-success-on-omegle-and-ometv/ HTTP/1.0" 200 93894 "-" "Mozilla/5.0 AppleWebKit/537.36 (KHTML, like Gecko; compatible; GPTBot/1.2; +https://openai.com/gptbot)"
45.117.177.72 - - [07/Sep/2025:18:01:46 +0700] "POST /wp-cron.php?doing_wp_cron=1757242905.9122049808502197265625 HTTP/1.0" 200 416 "-" "WordPress/6.8.1; https://vattusacky.vn"
20.171.207.251 - - [07/Sep/2025:18:01:44 +0700] "GET /the-risks-and-benefits-of-using-virtual-masks-on-omegle/ HTTP/1.0" 200 89632 "-" "Mozilla/5.0 AppleWebKit/537.36 (KHTML, like Gecko; compatible; GPTBot/1.2; +https://openai.com/gptbot)"
217.113.194.218 - - [07/Sep/2025:18:01:44 +0700] "GET /san-pham/thiet-bi-lay-mau-nuoc-alpha-van-dorn-loai-doc-4-2-lit-nhan-hang-wildco-2/ HTTP/1.0" 200 369703 "-" "Mozilla/5.0 (compatible; Barkrowler/0.9; +https://babbar.tech/crawler)"
45.117.177.72 - - [07/Sep/2025:18:02:23 +0700] "POST /wp-cron.php?doing_wp_cron=1757242943.3088560104370117187500 HTTP/1.0" 200 416 "-" "WordPress/6.8.1; https://vattusacky.vn"
20.171.207.251 - - [07/Sep/2025:18:02:21 +0700] "GET /?p=8457 HTTP/1.0" 301 495 "-" "Mozilla/5.0 AppleWebKit/537.36 (KHTML, like Gecko; compatible; GPTBot/1.2; +https://openai.com/gptbot)"
20.171.207.251 - - [07/Sep/2025:18:02:23 +0700] "GET /the-fine-line-between-intimacy-and-risks-on-omegle/ HTTP/1.0" 200 89432 "-" "Mozilla/5.0 AppleWebKit/537.36 (KHTML, like Gecko; compatible; GPTBot/1.2; +https://openai.com/gptbot)"
92.222.104.203 - - [07/Sep/2025:18:02:29 +0700] "GET /the-transformative-power-of-vulnerability-on-omegles-cosmic-connections/ HTTP/1.0" 200 91240 "-" "Mozilla/5.0 (compatible; AhrefsBot/7.0; +http://ahrefs.com/robot/)"
217.113.194.217 - - [07/Sep/2025:18:02:38 +0700] "GET /san-pham/thiet-bi-lay-mau-nuoc-alpha-van-dorn-loai-doc-4-2-lit-nhan-hang-wildco-2/feed/ HTTP/1.0" 200 1805 "-" "Mozilla/5.0 (compatible; Barkrowler/0.9; +https://babbar.tech/crawler)"
20.171.207.251 - - [07/Sep/2025:18:02:49 +0700] "GET /omegle-and-ometv-a-tool-for-overcoming-social-anxiety/ HTTP/1.0" 200 91857 "-" "Mozilla/5.0 AppleWebKit/537.36 (KHTML, like Gecko; compatible; GPTBot/1.2; +https://openai.com/gptbot)"
217.113.194.218 - - [07/Sep/2025:18:02:58 +0700] "GET /san-pham/thiet-bi-lay-mau-nuoc-alpha-van-dorn-loai-doc-3-2-lit-nhan-hang-wildco-2/ HTTP/1.0" 200 369655 "-" "Mozilla/5.0 (compatible; Barkrowler/0.9; +https://babbar.tech/crawler)"
45.117.177.72 - - [07/Sep/2025:18:03:17 +0700] "POST /wp-cron.php?doing_wp_cron=1757242997.6582989692687988281250 HTTP/1.0" 200 416 "-" "WordPress/6.8.1; https://vattusacky.vn"
20.171.207.251 - - [07/Sep/2025:18:03:16 +0700] "GET /?p=8381 HTTP/1.0" 301 492 "-" "Mozilla/5.0 AppleWebKit/537.36 (KHTML, like Gecko; compatible; GPTBot/1.2; +https://openai.com/gptbot)"
20.171.207.251 - - [07/Sep/2025:18:03:18 +0700] "GET /the-dark-secrets-of-omegle-uncovering-the-truth/ HTTP/1.0" 200 88308 "-" "Mozilla/5.0 AppleWebKit/537.36 (KHTML, like Gecko; compatible; GPTBot/1.2; +https://openai.com/gptbot)"
217.113.194.76 - - [07/Sep/2025:18:03:40 +0700] "GET /san-pham/thiet-bi-lay-mau-nuoc-alpha-van-dorn-loai-doc-3-2-lit-nhan-hang-wildco/feed/ HTTP/1.0" 200 1801 "-" "Mozilla/5.0 (compatible; Barkrowler/0.9; +https://babbar.tech/crawler)"
20.171.207.251 - - [07/Sep/2025:18:03:43 +0700] "GET /?p=7662 HTTP/1.0" 301 496 "-" "Mozilla/5.0 AppleWebKit/537.36 (KHTML, like Gecko; compatible; GPTBot/1.2; +https://openai.com/gptbot)"
20.171.207.251 - - [07/Sep/2025:18:03:45 +0700] "GET /omegle-for-the-lgbtq-community-a-sense-of-belonging/ HTTP/1.0" 200 88936 "-" "Mozilla/5.0 AppleWebKit/537.36 (KHTML, like Gecko; compatible; GPTBot/1.2; +https://openai.com/gptbot)"
216.244.66.237 - - [07/Sep/2025:18:03:59 +0700] "GET /robots.txt HTTP/1.0" 200 984 "-" "Mozilla/5.0 (compatible; DotBot/1.2; +https://opensiteexplorer.org/dotbot; help@moz.com)"
176.31.139.16 - - [07/Sep/2025:18:03:59 +0700] "GET /category/uncategorized/page/16/ HTTP/1.0" 200 76566 "-" "Mozilla/5.0 (compatible; AhrefsBot/7.0; +http://ahrefs.com/robot/)"
217.113.194.74 - - [07/Sep/2025:18:03:59 +0700] "GET /san-pham/thiet-bi-lay-mau-nuoc-alpha-van-dorn-loai-doc-3-2-lit-nhan-hang-wildco-3/ HTTP/1.0" 200 372099 "-" "Mozilla/5.0 (compatible; Barkrowler/0.9; +https://babbar.tech/crawler)"
17.241.75.107 - - [07/Sep/2025:18:04:05 +0700] "GET /omegle-captcha-what-it-is-and-how-to-solve-it/ HTTP/1.0" 200 90561 "-" "Mozilla/5.0 (Macintosh; Intel Mac OS X 10_15_7) AppleWebKit/605.1.15 (KHTML, like Gecko) Version/17.4 Safari/605.1.15 (Applebot/0.1; +http://www.apple.com/go/applebot)"
5.39.1.252 - - [07/Sep/2025:18:04:07 +0700] "GET /category/uncategorized/page/16/ HTTP/1.0" 200 76566 "-" "Mozilla/5.0 (compatible; AhrefsBot/7.0; +http://ahrefs.com/robot/)"
20.171.207.251 - - [07/Sep/2025:18:04:11 +0700] "GET /?p=8463 HTTP/1.0" 301 640 "-" "Mozilla/5.0 AppleWebKit/537.36 (KHTML, like Gecko; compatible; GPTBot/1.2; +https://openai.com/gptbot)"
20.171.207.251 - - [07/Sep/2025:18:04:12 +0700] "GET /the-future-landscape-of-random-chats-omegles-role/ HTTP/1.0" 200 90287 "-" "Mozilla/5.0 AppleWebKit/537.36 (KHTML, like Gecko; compatible; GPTBot/1.2; +https://openai.com/gptbot)"
45.117.177.72 - - [07/Sep/2025:18:04:48 +0700] "POST /wp-cron.php?doing_wp_cron=1757243088.1973590850830078125000 HTTP/1.0" 200 416 "-" "WordPress/6.8.1; https://vattusacky.vn"
20.171.207.251 - - [07/Sep/2025:18:04:46 +0700] "GET /is-omegle-a-safe-space-for-vulnerable-individuals/ HTTP/1.0" 200 90529 "-" "Mozilla/5.0 AppleWebKit/537.36 (KHTML, like Gecko; compatible; GPTBot/1.2; +https://openai.com/gptbot)"
217.113.194.75 - - [07/Sep/2025:18:04:48 +0700] "GET /san-pham/thiet-bi-lay-mau-nuoc-alpha-van-dorn-loai-doc-8-2-lit-nhan-hang-wildco-3/ HTTP/1.0" 200 372063 "-" "Mozilla/5.0 (compatible; Barkrowler/0.9; +https://babbar.tech/crawler)"
45.117.177.72 - - [07/Sep/2025:18:05:24 +0700] "POST /wp-cron.php?doing_wp_cron=1757243123.9171609878540039062500 HTTP/1.0" 200 416 "-" "WordPress/6.8.1; https://vattusacky.vn"
20.171.207.251 - - [07/Sep/2025:18:05:22 +0700] "GET /ometv-a-rising-star-in-the-world-of-random-chats/ HTTP/1.0" 200 80066 "-" "Mozilla/5.0 AppleWebKit/537.36 (KHTML, like Gecko; compatible; GPTBot/1.2; +https://openai.com/gptbot)"
217.113.194.79 - - [07/Sep/2025:18:05:29 +0700] "GET /san-pham/thiet-bi-lay-mau-nuoc-alpha-van-dorn-loai-doc-8-2-lit-nhan-hang-wildco-2/ HTTP/1.0" 200 369703 "-" "Mozilla/5.0 (compatible; Barkrowler/0.9; +https://babbar.tech/crawler)"
5.39.109.184 - - [07/Sep/2025:18:05:30 +0700] "GET /venturing-outside-comfort-zones-promoting-growth-on-omegle/ HTTP/1.0" 200 91168 "-" "Mozilla/5.0 (compatible; AhrefsBot/7.0; +http://ahrefs.com/robot/)"
20.171.207.251 - - [07/Sep/2025:18:05:59 +0700] "GET /?p=9030 HTTP/1.0" 301 492 "-" "Mozilla/5.0 AppleWebKit/537.36 (KHTML, like Gecko; compatible; GPTBot/1.2; +https://openai.com/gptbot)"
20.171.207.251 - - [07/Sep/2025:18:06:00 +0700] "GET /tips-for-networking-success-on-omegle-and-ometv/ HTTP/1.0" 200 93894 "-" "Mozilla/5.0 AppleWebKit/537.36 (KHTML, like Gecko; compatible; GPTBot/1.2; +https://openai.com/gptbot)"
217.113.194.78 - - [07/Sep/2025:18:06:10 +0700] "GET /san-pham/thiet-bi-lay-mau-nuoc-alpha-van-dorn-loai-doc-8-2-lit-nhan-hang-wildco-2/feed/ HTTP/1.0" 200 1805 "-" "Mozilla/5.0 (compatible; Barkrowler/0.9; +https://babbar.tech/crawler)"
45.117.177.72 - - [07/Sep/2025:18:06:31 +0700] "POST /wp-cron.php?doing_wp_cron=1757243191.6528921127319335937500 HTTP/1.0" 200 416 "-" "WordPress/6.8.1; https://vattusacky.vn"
217.113.194.78 - - [07/Sep/2025:18:06:30 +0700] "GET /san-pham/thiet-bi-lay-mau-nuoc-alpha-van-dorn-loai-doc-2-2-lit-nhan-hang-wildco-2/ HTTP/1.0" 200 372019 "-" "Mozilla/5.0 (compatible; Barkrowler/0.9; +https://babbar.tech/crawler)"
20.171.207.251 - - [07/Sep/2025:18:06:40 +0700] "GET /taking-a-peek-behind-the-technology-of-omegle-and-ometv/ HTTP/1.0" 200 90701 "-" "Mozilla/5.0 AppleWebKit/537.36 (KHTML, like Gecko; compatible; GPTBot/1.2; +https://openai.com/gptbot)"
92.222.104.194 - - [07/Sep/2025:18:06:45 +0700] "GET /virtual-empathy-a-new-frontier-in-human-connection/ HTTP/1.0" 200 92408 "-" "Mozilla/5.0 (compatible; AhrefsBot/7.0; +http://ahrefs.com/robot/)"
40.77.167.254 - - [07/Sep/2025:18:06:45 +0700] "GET /leveraging-technology-for-network-building-on-omegle-and-ometv/ HTTP/1.0" 200 91996 "-" "Mozilla/5.0 AppleWebKit/537.36 (KHTML, like Gecko; compatible; bingbot/2.0; +http://www.bing.com/bingbot.htm) Chrome/116.0.1938.76 Safari/537.36"
51.68.247.206 - - [07/Sep/2025:18:06:51 +0700] "GET /virtual-empathy-a-new-frontier-in-human-connection/ HTTP/1.0" 200 92408 "-" "Mozilla/5.0 (compatible; AhrefsBot/7.0; +http://ahrefs.com/robot/)"
217.113.194.77 - - [07/Sep/2025:18:07:14 +0700] "GET /san-pham/thiet-bi-lay-mau-nuoc-alpha-van-dorn-loai-doc-2-2-lit-nhan-hang-wildco/feed/ HTTP/1.0" 200 1801 "-" "Mozilla/5.0 (compatible; Barkrowler/0.9; +https://babbar.tech/crawler)"
45.117.177.72 - - [07/Sep/2025:18:07:32 +0700] "POST /wp-cron.php?doing_wp_cron=1757243252.6134250164031982421875 HTTP/1.0" 200 416 "-" "WordPress/6.8.1; https://vattusacky.vn"
20.171.207.251 - - [07/Sep/2025:18:07:30 +0700] "GET /?p=7382 HTTP/1.0" 301 498 "-" "Mozilla/5.0 AppleWebKit/537.36 (KHTML, like Gecko; compatible; GPTBot/1.2; +https://openai.com/gptbot)"
20.171.207.251 - - [07/Sep/2025:18:07:33 +0700] "GET /omegle-and-ometv-a-tool-for-overcoming-social-anxiety/ HTTP/1.0" 200 91857 "-" "Mozilla/5.0 AppleWebKit/537.36 (KHTML, like Gecko; compatible; GPTBot/1.2; +https://openai.com/gptbot)"
217.113.194.217 - - [07/Sep/2025:18:07:34 +0700] "GET /san-pham/thiet-bi-lay-mau-nuoc-alpha-van-dorn-loai-doc-2-2-lit-nhan-hang-wildco-3/ HTTP/1.0" 200 369662 "-" "Mozilla/5.0 (compatible; Barkrowler/0.9; +https://babbar.tech/crawler)"
85.208.96.200 - - [07/Sep/2025:18:07:59 +0700] "GET /the/quang-pho/ HTTP/1.0" 200 182653 "-" "Mozilla/5.0 (compatible; SemrushBot/7~bl; +http://www.semrush.com/bot.html)"
51.75.236.135 - - [07/Sep/2025:18:08:07 +0700] "GET /what-is-csv-everything-important-about-its-use-in-3/ HTTP/1.0" 200 240359 "-" "Mozilla/5.0 (compatible; AhrefsBot/7.0; +http://ahrefs.com/robot/)"
45.117.177.72 - - [07/Sep/2025:18:08:21 +0700] "POST /wp-cron.php?doing_wp_cron=1757243300.8397700786590576171875 HTTP/1.0" 200 416 "-" "WordPress/6.8.1; https://vattusacky.vn"
20.171.207.251 - - [07/Sep/2025:18:08:19 +0700] "GET /?p=7590 HTTP/1.0" 301 492 "-" "Mozilla/5.0 AppleWebKit/537.36 (KHTML, like Gecko; compatible; GPTBot/1.2; +https://openai.com/gptbot)"
217.113.194.217 - - [07/Sep/2025:18:08:19 +0700] "GET /san-pham/thiet-bi-lay-mau-nuoc-alpha-van-dorn-loai-doc-6-2-lit-nhan-hang-wildco-4/ HTTP/1.0" 200 369681 "-" "Mozilla/5.0 (compatible; Barkrowler/0.9; +https://babbar.tech/crawler)"
20.171.207.251 - - [07/Sep/2025:18:08:21 +0700] "GET /omegle-bots-the-rise-of-automated-chat-partners/ HTTP/1.0" 200 89498 "-" "Mozilla/5.0 AppleWebKit/537.36 (KHTML, like Gecko; compatible; GPTBot/1.2; +https://openai.com/gptbot)"
216.73.216.162 - - [07/Sep/2025:18:08:24 +0700] "GET /how-omegle-fosters-empathy-and-compassion-in-unexpected-ways HTTP/1.0" 301 651 "-" "Mozilla/5.0 AppleWebKit/537.36 (KHTML, like Gecko; compatible; ClaudeBot/1.0; +claudebot@anthropic.com)"
216.73.216.162 - - [07/Sep/2025:18:08:25 +0700] "GET /how-omegle-fosters-empathy-and-compassion-in-unexpected-ways/ HTTP/1.0" 200 92490 "https://vattusacky.vn/how-omegle-fosters-empathy-and-compassion-in-unexpected-ways" "Mozilla/5.0 AppleWebKit/537.36 (KHTML, like Gecko; compatible; ClaudeBot/1.0; +claudebot@anthropic.com)"
45.117.177.72 - - [07/Sep/2025:18:08:59 +0700] "POST /wp-cron.php?doing_wp_cron=1757243339.7640039920806884765625 HTTP/1.0" 200 416 "-" "WordPress/6.8.1; https://vattusacky.vn"
20.171.207.251 - - [07/Sep/2025:18:08:58 +0700] "GET /the-role-of-validation-in-omegle-therapy-sessions/ HTTP/1.0" 200 91515 "-" "Mozilla/5.0 AppleWebKit/537.36 (KHTML, like Gecko; compatible; GPTBot/1.2; +https://openai.com/gptbot)"
154.54.249.200 - - [07/Sep/2025:18:09:06 +0700] "GET /san-pham/thiet-bi-lay-mau-nuoc-alpha-van-dorn-loai-doc-6-2-lit-nhan-hang-wildco-3/ HTTP/1.0" 200 372027 "-" "Mozilla/5.0 (compatible; Barkrowler/0.9; +https://babbar.tech/crawler)"
52.167.144.21 - - [07/Sep/2025:18:09:21 +0700] "GET /wp-content/uploads/2018/04/UMF_2000_UserManual.pdf HTTP/1.0" 200 432 "-" "Mozilla/5.0 AppleWebKit/537.36 (KHTML, like Gecko; compatible; bingbot/2.0; +http://www.bing.com/bingbot.htm) Chrome/116.0.1938.76 Safari/537.36"
45.117.177.72 - - [07/Sep/2025:18:09:33 +0700] "POST /wp-cron.php?doing_wp_cron=1757243373.5797810554504394531250 HTTP/1.0" 200 416 "-" "WordPress/6.8.1; https://vattusacky.vn"
20.171.207.251 - - [07/Sep/2025:18:09:32 +0700] "GET /the-future-of-virtual-empathy-on-omegle-and-beyond/ HTTP/1.0" 200 92327 "-" "Mozilla/5.0 AppleWebKit/537.36 (KHTML, like Gecko; compatible; GPTBot/1.2; +https://openai.com/gptbot)"
51.68.247.196 - - [07/Sep/2025:18:09:35 +0700] "GET /the-hazards-of-internet-brides/ HTTP/1.0" 200 206731 "-" "Mozilla/5.0 (compatible; AhrefsBot/7.0; +http://ahrefs.com/robot/)"
217.113.194.75 - - [07/Sep/2025:18:09:38 +0700] "GET /san-pham/thiet-bi-lay-mau-nuoc-alpha-van-dorn-loai-doc-6-2-lit-nhan-hang-wildco-2/feed/ HTTP/1.0" 200 1805 "-" "Mozilla/5.0 (compatible; Barkrowler/0.9; +https://babbar.tech/crawler)"
217.113.194.80 - - [07/Sep/2025:18:09:56 +0700] "GET /5-chuong-trinh-tien-bo-vay-tien-nhanh-tot-nhat-tu-%E2%80%8B%E2%80%8B%E2%80%8B%E2%80%8Ban-do/ HTTP/1.0" 200 212801 "-" "Mozilla/5.0 (compatible; Barkrowler/0.9; +https://babbar.tech/crawler)"
20.171.207.251 - - [07/Sep/2025:18:10:13 +0700] "GET /?p=8791 HTTP/1.0" 301 500 "-" "Mozilla/5.0 AppleWebKit/537.36 (KHTML, like Gecko; compatible; GPTBot/1.2; +https://openai.com/gptbot)"
20.171.207.251 - - [07/Sep/2025:18:10:15 +0700] "GET /the-risks-and-benefits-of-using-virtual-masks-on-omegle/ HTTP/1.0" 200 89632 "-" "Mozilla/5.0 AppleWebKit/537.36 (KHTML, like Gecko; compatible; GPTBot/1.2; +https://openai.com/gptbot)"
45.117.177.72 - - [07/Sep/2025:18:10:31 +0700] "POST /wp-cron.php?doing_wp_cron=1757243431.2406520843505859375000 HTTP/1.0" 200 416 "-" "WordPress/6.8.1; https://vattusacky.vn"
154.54.249.200 - - [07/Sep/2025:18:10:29 +0700] "GET /xac-dinh-tien-do-https-vaysite-com-nguoi-cho-vay-findo-quy-nhanh-nhat-cung/feed/ HTTP/1.0" 200 1836 "-" "Mozilla/5.0 (compatible; Barkrowler/0.9; +https://babbar.tech/crawler)"
20.171.207.251 - - [07/Sep/2025:18:10:37 +0700] "GET /the-joy-of-pranks-laugh-out-loud-on-omegle-and-ometv/ HTTP/1.0" 200 90933 "-" "Mozilla/5.0 AppleWebKit/537.36 (KHTML, like Gecko; compatible; GPTBot/1.2; +https://openai.com/gptbot)"
217.113.194.217 - - [07/Sep/2025:18:10:49 +0700] "GET /mobilnaja-versija-1hstavka-vhod-na-ofitsialnyj-sajt-bukmekerskoj-kontory-1xstavka/ HTTP/1.0" 200 223322 "-" "Mozilla/5.0 (compatible; Barkrowler/0.9; +https://babbar.tech/crawler)"
92.222.108.118 - - [07/Sep/2025:18:10:57 +0700] "GET /oficialnyj-sajt-play-fortuna-android-prilozhenie/ HTTP/1.0" 200 233129 "-" "Mozilla/5.0 (compatible; AhrefsBot/7.0; +http://ahrefs.com/robot/)"
20.171.207.251 - - [07/Sep/2025:18:11:03 +0700] "GET /?p=7139 HTTP/1.0" 301 494 "-" "Mozilla/5.0 AppleWebKit/537.36 (KHTML, like Gecko; compatible; GPTBot/1.2; +https://openai.com/gptbot)"
20.171.207.251 - - [07/Sep/2025:18:11:04 +0700] "GET /is-omegle-a-safe-space-for-vulnerable-individuals/ HTTP/1.0" 200 90529 "-" "Mozilla/5.0 AppleWebKit/537.36 (KHTML, like Gecko; compatible; GPTBot/1.2; +https://openai.com/gptbot)"
45.117.177.72 - - [07/Sep/2025:18:11:29 +0700] "POST /wp-cron.php?doing_wp_cron=1757243489.2660920619964599609375 HTTP/1.0" 200 416 "-" "WordPress/6.8.1; https://vattusacky.vn"
154.54.249.200 - - [07/Sep/2025:18:11:28 +0700] "GET /massive-ripoff-mydailyfling-com-giving-united-states-a-huge-number-of-fake-emails-utilizing-fake-female-users/feed/ HTTP/1.0" 200 1925 "-" "Mozilla/5.0 (compatible; Barkrowler/0.9; +https://babbar.tech/crawler)"
20.171.207.251 - - [07/Sep/2025:18:11:39 +0700] "GET /lol-worthy-omegle-chats-that-will-make-your-day/ HTTP/1.0" 200 86125 "-" "Mozilla/5.0 AppleWebKit/537.36 (KHTML, like Gecko; compatible; GPTBot/1.2; +https://openai.com/gptbot)"
217.113.194.79 - - [07/Sep/2025:18:11:48 +0700] "GET /por-que-no-puedo-retirar-dinero-de-1xbet-mejores-casas-de-apuestas-en-linea-y-bonos-165/feed/ HTTP/1.0" 200 1861 "-" "Mozilla/5.0 (compatible; Barkrowler/0.9; +https://babbar.tech/crawler)"
217.113.194.77 - - [07/Sep/2025:18:12:08 +0700] "GET /millionairedatingguide-com-features-a-great-deal-of-all-about-the-absolute-most-praiseworthy-millionaire-internet-dating-sites-applications/ HTTP/1.0" 200 214659 "-" "Mozilla/5.0 (compatible; Barkrowler/0.9; +https://babbar.tech/crawler)"
20.171.207.251 - - [07/Sep/2025:18:12:12 +0700] "GET /?p=8952 HTTP/1.0" 301 494 "-" "Mozilla/5.0 AppleWebKit/537.36 (KHTML, like Gecko; compatible; GPTBot/1.2; +https://openai.com/gptbot)"
20.171.207.251 - - [07/Sep/2025:18:12:13 +0700] "GET /the-role-of-validation-in-omegle-therapy-sessions/ HTTP/1.0" 200 91515 "-" "Mozilla/5.0 AppleWebKit/537.36 (KHTML, like Gecko; compatible; GPTBot/1.2; +https://openai.com/gptbot)"
45.117.177.72 - - [07/Sep/2025:18:12:20 +0700] "POST /wp-cron.php?doing_wp_cron=1757243540.5130970478057861328125 HTTP/1.0" 200 416 "-" "WordPress/6.8.1; https://vattusacky.vn"
34.231.118.144 - - [07/Sep/2025:18:12:19 +0700] "GET /the-venmo-result-cash-and-internet-dating/ HTTP/1.0" 200 206374 "-" "Mozilla/5.0 AppleWebKit/537.36 (KHTML, like Gecko; compatible; Amazonbot/0.1; +https://developer.amazon.com/support/amazonbot) Chrome/119.0.6045.214 Safari/537.36"
3.225.9.97 - - [07/Sep/2025:18:12:22 +0700] "GET /press-relationship-tips-how-to-construct-strong-mutually-beneficial-connections-with-media-and-advertising-agencies/ HTTP/1.0" 200 209071 "-" "Mozilla/5.0 AppleWebKit/537.36 (KHTML, like Gecko; compatible; Amazonbot/0.1; +https://developer.amazon.com/support/amazonbot) Chrome/119.0.6045.214 Safari/537.36"
92.222.104.221 - - [07/Sep/2025:18:12:23 +0700] "GET /tag/moi-truong-xung-quanh/ HTTP/1.0" 200 61098 "-" "Mozilla/5.0 (compatible; AhrefsBot/7.0; +http://ahrefs.com/robot/)"
3.210.114.189 - - [07/Sep/2025:18:12:26 +0700] "GET /1xbet-bukmekerskaja-kontora-obzor-otzyvy-bonusy-i-rabochee-zerkalo-1xbe/ HTTP/1.0" 200 105939 "-" "Mozilla/5.0 AppleWebKit/537.36 (KHTML, like Gecko; compatible; Amazonbot/0.1; +https://developer.amazon.com/support/amazonbot) Chrome/119.0.6045.214 Safari/537.36"
52.205.113.104 - - [07/Sep/2025:18:12:30 +0700] "GET /category/uncategorized/page/250/ HTTP/1.0" 200 77898 "-" "Mozilla/5.0 AppleWebKit/537.36 (KHTML, like Gecko; compatible; Amazonbot/0.1; +https://developer.amazon.com/support/amazonbot) Chrome/119.0.6045.214 Safari/537.36"
