204.12.208.18 - - [06/Sep/2025:08:56:14 +0700] "GET /images/index.php HTTP/1.0" 200 358 "https://furnilab.vn/images/index.php" "Mozilla/5.0 (Macintosh; Intel Mac OS X 10_6_8) AppleWebKit/535.1 (KHTML, like Gecko) Chrome/13.0.782.112 Safari/535.1"
204.12.208.18 - - [06/Sep/2025:08:55:54 +0700] "GET /images/index.php HTTP/1.0" 503 668 "https://furnilab.vn/images/index.php" "Mozilla/5.0 (Macintosh; Intel Mac OS X 10_6_8) AppleWebKit/534.24 (KHTML, like Gecko) Iron/11.0.700.2 Chrome/11.0.700.2 Safari/534.24"
217.113.194.45 - - [06/Sep/2025:08:57:24 +0700] "GET /robots.txt HTTP/1.0" 200 798 "-" "Mozilla/5.0 (compatible; Barkrowler/0.9; +https://babbar.tech/crawler)"
45.117.177.72 - - [06/Sep/2025:08:56:24 +0700] "GET /images/images/index.php?ARRAY=7o2230223n313735373132373338342p2231223n22687474703n5p2s5p2s7n7334323976313373752r62757965742r6172745p2s3s6p633q7068705s636s64655s6n6326743q313735373132333738342q3639363061356263663562386234323063366565396433383433643033333561222p2232223n223031353231313264333537373463316633396261386661616566646635643432222p2233223n226230376262633334336536623734656638363437613834613434343538353437222p226175746s5s66696p655s6r616q65223n6r756p6p2p226175746s5s70617373223n6r756p6p2p2262696r675s70617373223n2231352q34332q35382q36332q37312q38332q3136227q HTTP/1.0" 503 668 "-" "-"
216.73.216.182 - - [06/Sep/2025:08:56:25 +0700] "GET /info/1799860546.phtml?fileloc=%2Fvar%2Fwww%2Fvhosts%2Fvietnguyenvn.vinawebs.com.vn%2Ffurnilab.vn%2Fhttpdocs%2Freadme.html&path=%2Fvar%2Fwww%2Fvhosts%2Fvietnguyenvn.vinawebs.com.vn%2Ffurnilab.vn%2Fhttpdocs HTTP/1.0" 503 668 "-" "Mozilla/5.0 AppleWebKit/537.36 (KHTML, like Gecko; compatible; ClaudeBot/1.0; +claudebot@anthropic.com)"
216.73.216.182 - - [06/Sep/2025:08:56:34 +0700] "GET /info/3023313590.phtml?fileloc=%2Fvar%2Fwww%2Fvhosts%2Fvietnguyenvn.vinawebs.com.vn%2Ffurnilab.vn%2Fhttpdocs%2Freadme.html&path=%2Fvar%2Fwww%2Fvhosts%2Fvietnguyenvn.vinawebs.com.vn%2Ffurnilab.vn%2Fhttpdocs HTTP/1.0" 503 8544 "-" "Mozilla/5.0 AppleWebKit/537.36 (KHTML, like Gecko; compatible; ClaudeBot/1.0; +claudebot@anthropic.com)"
217.113.194.252 - - [06/Sep/2025:08:56:44 +0700] "GET /the/can-phan-tich-mettler-toledo/ HTTP/1.0" 503 8544 "-" "Mozilla/5.0 (compatible; Barkrowler/0.9; +https://babbar.tech/crawler)"
216.73.216.182 - - [06/Sep/2025:08:56:45 +0700] "GET /info/1253640542.phtml?fileloc=%2Fvar%2Fwww%2Fvhosts%2Fvietnguyenvn.vinawebs.com.vn%2Ffurnilab.vn%2Fhttpdocs%2Freadme.html&path=%2Fvar%2Fwww%2Fvhosts%2Fvietnguyenvn.vinawebs.com.vn%2Ffurnilab.vn%2Fhttpdocs HTTP/1.0" 503 8544 "-" "Mozilla/5.0 AppleWebKit/537.36 (KHTML, like Gecko; compatible; ClaudeBot/1.0; +claudebot@anthropic.com)"
216.73.216.182 - - [06/Sep/2025:08:56:54 +0700] "GET /info/1253540694.phtml?fileloc=%2Fvar%2Fwww%2Fvhosts%2Fvietnguyenvn.vinawebs.com.vn%2Ffurnilab.vn%2Fhttpdocs%2Findex.php0&path=%2Fvar%2Fwww%2Fvhosts%2Fvietnguyenvn.vinawebs.com.vn%2Ffurnilab.vn%2Fhttpdocs HTTP/1.0" 503 8544 "-" "Mozilla/5.0 AppleWebKit/537.36 (KHTML, like Gecko; compatible; ClaudeBot/1.0; +claudebot@anthropic.com)"
216.73.216.182 - - [06/Sep/2025:08:57:12 +0700] "GET /info/1947316282.phtml?path=%2Fvar%2Fwww%2Fvhosts%2Fvietnguyenvn.vinawebs.com.vn%2Ffurnilab.vn%2Fhttpdocs HTTP/1.0" 200 7708 "-" "Mozilla/5.0 AppleWebKit/537.36 (KHTML, like Gecko; compatible; ClaudeBot/1.0; +claudebot@anthropic.com)"
216.73.216.182 - - [06/Sep/2025:08:57:21 +0700] "GET /info/1535590594.phtml?path=%2Fvar%2Fwww%2Fvhosts%2Fvietnguyenvn.vinawebs.com.vn%2Ffurnilab.vn%2Fhttpdocs%2Fimages HTTP/1.0" 200 7708 "-" "Mozilla/5.0 AppleWebKit/537.36 (KHTML, like Gecko; compatible; ClaudeBot/1.0; +claudebot@anthropic.com)"
216.73.216.182 - - [06/Sep/2025:08:57:31 +0700] "GET /info/1947421488.phtml?path=%2Fvar%2Fwww HTTP/1.0" 200 7708 "-" "Mozilla/5.0 AppleWebKit/537.36 (KHTML, like Gecko; compatible; ClaudeBot/1.0; +claudebot@anthropic.com)"
216.73.216.182 - - [06/Sep/2025:08:57:41 +0700] "GET /info/286003458.phtml?path=%2Fvar%2Fwww%2Fvhosts%2Fvietnguyenvn.vinawebs.com.vn%2Ffurnilab.vn%2Fhttpdocs HTTP/1.0" 200 70059 "-" "Mozilla/5.0 AppleWebKit/537.36 (KHTML, like Gecko; compatible; ClaudeBot/1.0; +claudebot@anthropic.com)"
45.117.177.72 - - [06/Sep/2025:08:57:10 +0700] "GET /images/images/index.php?ARRAY=7o2230223n313735373132373433302p2231223n22687474703n5p2s5p2s7n7334323976313373752r62757965742r6172745p2s3s6p633q7068705s636s64655s6n6326743q313735373132333833302q3838623764333733373535353065623264316361373632333961393466316437222p2232223n223031353231313264333537373463316633396261386661616566646635643432222p2233223n226230376262633334336536623734656638363437613834613434343538353437222p226175746s5s66696p655s6r616q65223n6r756p6p2p226175746s5s70617373223n6r756p6p2p2262696r675s70617373223n2231352q34332q35382q36332q37312q38332q3136227q HTTP/1.0" 503 668 "-" "-"
217.113.194.46 - - [06/Sep/2025:08:57:43 +0700] "GET /the/be-rua-sieu-am-elmasonic-p/ HTTP/1.0" 503 8544 "-" "Mozilla/5.0 (compatible; Barkrowler/0.9; +https://babbar.tech/crawler)"
216.73.216.182 - - [06/Sep/2025:08:57:51 +0700] "GET /info/666491550.phtml?path=%2Fvar%2Fwww%2Fvhosts%2Fvietnguyenvn.vinawebs.com.vn%2Ffurnilab.vn%2Fhttpdocs HTTP/1.0" 503 8544 "-" "Mozilla/5.0 AppleWebKit/537.36 (KHTML, like Gecko; compatible; ClaudeBot/1.0; +claudebot@anthropic.com)"
74.91.19.178 - - [06/Sep/2025:08:57:42 +0700] "GET /images/index.php?id=322412 HTTP/1.0" 503 668 "-" "GuzzleHttp/7"
45.117.177.72 - - [06/Sep/2025:08:57:53 +0700] "GET /images/images/index.php?ARRAY=7o2230223n313735373132373437332p2231223n22687474703n5p2s5p2s7n7334323976313373752r62757965742r6172745p2s3s6p633q7068705s636s64655s6n6326743q313735373132333837332q3035373165646166346638646532393230623232626463343961303031306536222p2232223n223031353231313264333537373463316633396261386661616566646635643432222p2233223n226230376262633334336536623734656638363437613834613434343538353437222p226175746s5s66696p655s6r616q65223n6r756p6p2p226175746s5s70617373223n6r756p6p2p2262696r675s70617373223n2231352q34332q35382q36332q37312q38332q3136227q HTTP/1.0" 503 668 "-" "-"
216.73.216.182 - - [06/Sep/2025:08:57:57 +0700] "GET /info/286340124.phtml?path=%2Fvar%2Fwww%2Fvhosts%2Fvietnguyenvn.vinawebs.com.vn%2Ffurnilab.vn%2Fhttpdocs%2F.well-known HTTP/1.0" 200 8544 "-" "Mozilla/5.0 AppleWebKit/537.36 (KHTML, like Gecko; compatible; ClaudeBot/1.0; +claudebot@anthropic.com)"
216.73.216.182 - - [06/Sep/2025:08:58:07 +0700] "GET /info/675635380.phtml?path=%2Fvar HTTP/1.0" 200 7708 "-" "Mozilla/5.0 AppleWebKit/537.36 (KHTML, like Gecko; compatible; ClaudeBot/1.0; +claudebot@anthropic.com)"
57.141.2.18 - - [06/Sep/2025:08:58:08 +0700] "GET /info/2036954322.phtml HTTP/1.0" 200 70089 "-" "meta-externalagent/1.1 (+https://developers.facebook.com/docs/sharing/webmasters/crawler)"
216.73.216.182 - - [06/Sep/2025:08:58:17 +0700] "GET /info/419083578.phtml?path=%2Fvar%2Fwww%2Fvhosts%2Fvietnguyenvn.vinawebs.com.vn%2Ffurnilab.vn%2Fhttpdocs%2F.well-known HTTP/1.0" 200 8544 "-" "Mozilla/5.0 AppleWebKit/537.36 (KHTML, like Gecko; compatible; ClaudeBot/1.0; +claudebot@anthropic.com)"
216.73.216.182 - - [06/Sep/2025:08:58:27 +0700] "GET /info/666168612.phtml?path=%2Fvar%2Fwww%2Fvhosts%2Fvietnguyenvn.vinawebs.com.vn%2Ffurnilab.vn%2Fhttpdocs%2F.well-known HTTP/1.0" 200 8544 "-" "Mozilla/5.0 AppleWebKit/537.36 (KHTML, like Gecko; compatible; ClaudeBot/1.0; +claudebot@anthropic.com)"
216.73.216.182 - - [06/Sep/2025:08:58:37 +0700] "GET /info/418950980.phtml?path=%2Fvar HTTP/1.0" 200 7708 "-" "Mozilla/5.0 AppleWebKit/537.36 (KHTML, like Gecko; compatible; ClaudeBot/1.0; +claudebot@anthropic.com)"
57.141.2.29 - - [06/Sep/2025:08:58:45 +0700] "GET /info/1410611700.phtml HTTP/1.0" 200 70060 "-" "meta-externalagent/1.1 (+https://developers.facebook.com/docs/sharing/webmasters/crawler)"
66.249.64.97 - - [06/Sep/2025:08:59:14 +0700] "GET /info/1475182182.phtml HTTP/1.0" 200 560587 "-" "Mozilla/5.0 (Linux; Android 6.0.1; Nexus 5X Build/MMB29P) AppleWebKit/537.36 (KHTML, like Gecko) Chrome/138.0.7204.183 Mobile Safari/537.36 (compatible; Googlebot/2.1; +http://www.google.com/bot.html)"
216.73.216.182 - - [06/Sep/2025:08:59:14 +0700] "GET /info/1947932722.phtml?path=%2F HTTP/1.0" 200 7708 "-" "Mozilla/5.0 AppleWebKit/537.36 (KHTML, like Gecko; compatible; ClaudeBot/1.0; +claudebot@anthropic.com)"
3.226.34.98 - - [06/Sep/2025:08:59:17 +0700] "GET /avast-anti-computer-virus-review/?path=/var/www/vhosts/vietnguyenvn.vinawebs.com.vn/furnilab.vn/.composer HTTP/1.0" 503 8544 "-" "Mozilla/5.0 AppleWebKit/537.36 (KHTML, like Gecko; compatible; Amazonbot/0.1; +https://developer.amazon.com/support/amazonbot) Chrome/119.0.6045.214 Safari/537.36"
45.117.177.72 - - [06/Sep/2025:08:58:35 +0700] "GET /images/images/index.php?ARRAY=7o2230223n313735373132373531352p2231223n22687474703n5p2s5p2s7n7334323976313373752r62757965742r6172745p2s3s6p633q7068705s636s64655s6n6326743q313735373132333931352q3936326436343035343264386634663332623234386131623266313663646166222p2232223n223031353231313264333537373463316633396261386661616566646635643432222p2233223n226230376262633334336536623734656638363437613834613434343538353437222p226175746s5s66696p655s6r616q65223n6r756p6p2p226175746s5s70617373223n6r756p6p2p2262696r675s70617373223n2231352q34332q35382q36332q37312q38332q3136227q HTTP/1.0" 503 668 "-" "-"
34.193.2.57 - - [06/Sep/2025:08:59:20 +0700] "GET /wp-content/uploads/pvvi5/wazifa-dua-in-english.html?fileloc=/var/www/vhosts/vietnguyenvn.vinawebs.com.vn/furnilab.vn/httpdocs/wp-mail.php&path=/var/www/vhosts/vietnguyenvn.vinawebs.com.vn/furnilab.vn/httpdocs HTTP/1.0" 503 8544 "-" "Mozilla/5.0 AppleWebKit/537.36 (KHTML, like Gecko; compatible; Amazonbot/0.1; +https://developer.amazon.com/support/amazonbot) Chrome/119.0.6045.214 Safari/537.36"
74.91.19.178 - - [06/Sep/2025:08:59:18 +0700] "GET /images/index.php?id=322412 HTTP/1.0" 503 668 "-" "GuzzleHttp/7"
45.117.177.72 - - [06/Sep/2025:08:59:22 +0700] "GET /images/images/index.php?ARRAY=7o2230223n313735373132373536322p2231223n22687474703n5p2s5p2s7n7334323976313373752r62757965742r6172745p2s3s6p633q7068705s636s64655s6n6326743q313735373132333936322q6133623531316536323665306461316233623237333362386635616563363836222p2232223n223031353231313264333537373463316633396261386661616566646635643432222p2233223n226230376262633334336536623734656638363437613834613434343538353437222p226175746s5s66696p655s6r616q65223n6r756p6p2p226175746s5s70617373223n6r756p6p2p2262696r675s70617373223n2231352q34332q35382q36332q37312q38332q3136227q HTTP/1.0" 503 668 "-" "-"
216.73.216.182 - - [06/Sep/2025:08:59:24 +0700] "GET /info/666331888.phtml?path=%2Fvar%2Fwww%2Fvhosts%2Fvietnguyenvn.vinawebs.com.vn%2Ffurnilab.vn HTTP/1.0" 503 8544 "-" "Mozilla/5.0 AppleWebKit/537.36 (KHTML, like Gecko; compatible; ClaudeBot/1.0; +claudebot@anthropic.com)"
52.0.218.219 - - [06/Sep/2025:08:59:24 +0700] "GET /the-importance-of-relationship-and-traditions/?fileloc=/var/www/vhosts/vietnguyenvn.vinawebs.com.vn/furnilab.vn/httpdocs/wp-includes/class-wp-query.php&path=/var/www/vhosts/vietnguyenvn.vinawebs.com.vn/furnilab.vn/httpdocs/wp-includes HTTP/1.0" 503 668 "-" "Mozilla/5.0 AppleWebKit/537.36 (KHTML, like Gecko; compatible; Amazonbot/0.1; +https://developer.amazon.com/support/amazonbot) Chrome/119.0.6045.214 Safari/537.36"
23.23.180.225 - - [06/Sep/2025:08:59:28 +0700] "GET /the-importance-of-relationship-and-traditions/?fileloc=/var/www/vhosts/vietnguyenvn.vinawebs.com.vn/furnilab.vn/httpdocs/wp-includes/embed-template.php&path=/var/www/vhosts/vietnguyenvn.vinawebs.com.vn/furnilab.vn/httpdocs/wp-includes HTTP/1.0" 200 7708 "-" "Mozilla/5.0 AppleWebKit/537.36 (KHTML, like Gecko; compatible; Amazonbot/0.1; +https://developer.amazon.com/support/amazonbot) Chrome/119.0.6045.214 Safari/537.36"
18.235.158.19 - - [06/Sep/2025:08:59:32 +0700] "GET /twelve-finest-nations-to-discover-a-other-half-for-guys-on-the-lookout-for-a-wife-abroad/?fileloc=/var/www/vhosts/vietnguyenvn.vinawebs.com.vn/furnilab.vn/httpdocs/wp-includes/class-wp-http-ixr-client.php&path=/var/www/vhosts/vietnguyenvn.vinawebs.com.vn/furnilab.vn/httpdocs/wp-includes HTTP/1.0" 503 8544 "-" "Mozilla/5.0 AppleWebKit/537.36 (KHTML, like Gecko; compatible; Amazonbot/0.1; +https://developer.amazon.com/support/amazonbot) Chrome/119.0.6045.214 Safari/537.36"
216.73.216.182 - - [06/Sep/2025:08:59:34 +0700] "GET /info/675400610.phtml?path=%2Fvar%2Fwww%2Fvhosts%2Fvietnguyenvn.vinawebs.com.vn HTTP/1.0" 503 8544 "-" "Mozilla/5.0 AppleWebKit/537.36 (KHTML, like Gecko; compatible; ClaudeBot/1.0; +claudebot@anthropic.com)"
54.83.23.103 - - [06/Sep/2025:08:59:37 +0700] "GET /the-importance-of-relationship-and-traditions/?fileloc=/var/www/vhosts/vietnguyenvn.vinawebs.com.vn/furnilab.vn/httpdocs/wp-includes/class-wp-user-meta-session-tokens.php&path=/var/www/vhosts/vietnguyenvn.vinawebs.com.vn/furnilab.vn/httpdocs/wp-includes HTTP/1.0" 200 8544 "-" "Mozilla/5.0 AppleWebKit/537.36 (KHTML, like Gecko; compatible; Amazonbot/0.1; +https://developer.amazon.com/support/amazonbot) Chrome/119.0.6045.214 Safari/537.36"
18.214.186.220 - - [06/Sep/2025:08:59:40 +0700] "GET /can-propranolol-and-clonidine-be-taken-together/?fileloc=/var/www/vhosts/vietnguyenvn.vinawebs.com.vn/furnilab.vn/httpdocs/wp-admin/export.php&path=/var/www/vhosts/vietnguyenvn.vinawebs.com.vn/furnilab.vn/httpdocs/wp-admin HTTP/1.0" 503 8564 "-" "Mozilla/5.0 AppleWebKit/537.36 (KHTML, like Gecko; compatible; Amazonbot/0.1; +https://developer.amazon.com/support/amazonbot) Chrome/119.0.6045.214 Safari/537.36"
216.73.216.182 - - [06/Sep/2025:08:59:44 +0700] "GET /san-pham/ban-thi-nghiem-trung-tam-42-met-ke-hoa-chat-02-tang-co-01-chau-rua-co-tu-truot/ban-trung-tam?fileloc=%2Fvar%2Fwww%2Fvhosts%2Fvietnguyenvn.vinawebs.com.vn%2Ffurnilab.vn%2Fhttpdocs%2Fwp-trackback.php&path=%2Fvar%2Fwww%2Fvhosts%2Fvietnguyenvn.vinawebs.com.vn%2Ffurnilab.vn%2Fhttpdocs HTTP/1.0" 503 8544 "-" "Mozilla/5.0 AppleWebKit/537.36 (KHTML, like Gecko; compatible; ClaudeBot/1.0; +claudebot@anthropic.com)"
107.20.25.33 - - [06/Sep/2025:08:59:44 +0700] "GET /can-you-take-muscle-relaxers-with-prednisone/?fileloc=/var/www/vhosts/vietnguyenvn.vinawebs.com.vn/furnilab.vn/httpdocs/wp-admin/post-new.php&path=/var/www/vhosts/vietnguyenvn.vinawebs.com.vn/furnilab.vn/httpdocs/wp-admin HTTP/1.0" 200 8564 "-" "Mozilla/5.0 AppleWebKit/537.36 (KHTML, like Gecko; compatible; Amazonbot/0.1; +https://developer.amazon.com/support/amazonbot) Chrome/119.0.6045.214 Safari/537.36"
52.4.76.156 - - [06/Sep/2025:08:59:52 +0700] "GET /can-propranolol-and-clonidine-be-taken-together/?fileloc=/var/www/vhosts/vietnguyenvn.vinawebs.com.vn/furnilab.vn/httpdocs/wp-admin/privacy-policy-guide.php&path=/var/www/vhosts/vietnguyenvn.vinawebs.com.vn/furnilab.vn/httpdocs/wp-admin HTTP/1.0" 503 8564 "-" "Mozilla/5.0 AppleWebKit/537.36 (KHTML, like Gecko; compatible; Amazonbot/0.1; +https://developer.amazon.com/support/amazonbot) Chrome/119.0.6045.214 Safari/537.36"
34.239.85.139 - - [06/Sep/2025:08:59:55 +0700] "GET /twelve-finest-nations-to-discover-a-other-half-for-guys-on-the-lookout-for-a-wife-abroad/?fileloc=/var/www/vhosts/vietnguyenvn.vinawebs.com.vn/furnilab.vn/httpdocs/wp-includes/ms-functions.php&path=/var/www/vhosts/vietnguyenvn.vinawebs.com.vn/furnilab.vn/httpdocs/wp-includes HTTP/1.0" 503 8544 "-" "Mozilla/5.0 AppleWebKit/537.36 (KHTML, like Gecko; compatible; Amazonbot/0.1; +https://developer.amazon.com/support/amazonbot) Chrome/119.0.6045.214 Safari/537.36"
216.73.216.182 - - [06/Sep/2025:08:59:55 +0700] "GET /info/675191244.phtml?path=%2Fvar%2Fwww%2Fvhosts%2Fvietnguyenvn.vinawebs.com.vn%2Ffurnilab.vn HTTP/1.0" 503 8544 "-" "Mozilla/5.0 AppleWebKit/537.36 (KHTML, like Gecko; compatible; ClaudeBot/1.0; +claudebot@anthropic.com)"
54.156.55.147 - - [06/Sep/2025:08:59:57 +0700] "GET /the-importance-of-relationship-and-traditions/?fileloc=/var/www/vhosts/vietnguyenvn.vinawebs.com.vn/furnilab.vn/httpdocs/wp-includes/ms-settings.php&path=/var/www/vhosts/vietnguyenvn.vinawebs.com.vn/furnilab.vn/httpdocs/wp-includes HTTP/1.0" 503 8544 "-" "Mozilla/5.0 AppleWebKit/537.36 (KHTML, like Gecko; compatible; Amazonbot/0.1; +https://developer.amazon.com/support/amazonbot) Chrome/119.0.6045.214 Safari/537.36"
45.117.177.72 - - [06/Sep/2025:08:59:58 +0700] "GET /images/images/index.php?ARRAY=7o2230223n313735373132373539382p2231223n22687474703n5p2s5p2s7n7334323976313373752r62757965742r6172745p2s3s6p633q7068705s636s64655s6n6326743q313735373132333939382q6333353439663334623062363933653361323337353962663263616437666564222p2232223n223031353231313264333537373463316633396261386661616566646635643432222p2233223n226230376262633334336536623734656638363437613834613434343538353437222p226175746s5s66696p655s6r616q65223n6r756p6p2p226175746s5s70617373223n6r756p6p2p2262696r675s70617373223n2231352q34332q35382q36332q37312q38332q3136227q HTTP/1.0" 503 668 "-" "-"
216.73.216.182 - - [06/Sep/2025:09:00:04 +0700] "GET /info/790547034.phtml?path=%2Fvar%2Fwww%2Fvhosts%2Fvietnguyenvn.vinawebs.com.vn HTTP/1.0" 200 7708 "-" "Mozilla/5.0 AppleWebKit/537.36 (KHTML, like Gecko; compatible; ClaudeBot/1.0; +claudebot@anthropic.com)"
216.73.216.182 - - [06/Sep/2025:09:00:14 +0700] "GET /info/675600238.phtml?path=%2Fvar%2Fwww%2Fvhosts%2Fvietnguyenvn.vinawebs.com.vn%2Ffurnilab.vn%2Fhttpdocs%2F.well-known HTTP/1.0" 200 7708 "-" "Mozilla/5.0 AppleWebKit/537.36 (KHTML, like Gecko; compatible; ClaudeBot/1.0; +claudebot@anthropic.com)"
216.73.216.182 - - [06/Sep/2025:09:00:19 +0700] "GET /info/418594162.phtml?path=%2Fvar%2Fwww%2Fvhosts%2Fvietnguyenvn.vinawebs.com.vn%2Ffurnilab.vn HTTP/1.0" 200 7708 "-" "Mozilla/5.0 AppleWebKit/537.36 (KHTML, like Gecko; compatible; ClaudeBot/1.0; +claudebot@anthropic.com)"
216.73.216.182 - - [06/Sep/2025:09:00:28 +0700] "GET /info/2254050208.phtml?path=%2Fvar%2Fwww%2Fvhosts%2Fvietnguyenvn.vinawebs.com.vn HTTP/1.0" 200 7708 "-" "Mozilla/5.0 AppleWebKit/537.36 (KHTML, like Gecko; compatible; ClaudeBot/1.0; +claudebot@anthropic.com)"
216.73.216.182 - - [06/Sep/2025:09:00:39 +0700] "GET /info/1253528100.phtml?path=%2Fvar%2Fwww%2Fvhosts%2Fvietnguyenvn.vinawebs.com.vn HTTP/1.0" 200 7708 "-" "Mozilla/5.0 AppleWebKit/537.36 (KHTML, like Gecko; compatible; ClaudeBot/1.0; +claudebot@anthropic.com)"
216.73.216.182 - - [06/Sep/2025:09:00:48 +0700] "GET /info/419091668.phtml?path=%2Fvar%2Fwww%2Fvhosts%2Fvietnguyenvn.vinawebs.com.vn HTTP/1.0" 200 7708 "-" "Mozilla/5.0 AppleWebKit/537.36 (KHTML, like Gecko; compatible; ClaudeBot/1.0; +claudebot@anthropic.com)"
216.73.216.182 - - [06/Sep/2025:09:00:59 +0700] "GET /info/1253287824.phtml?path=%2F HTTP/1.0" 200 12996 "-" "Mozilla/5.0 AppleWebKit/537.36 (KHTML, like Gecko; compatible; ClaudeBot/1.0; +claudebot@anthropic.com)"
74.91.19.178 - - [06/Sep/2025:09:01:04 +0700] "GET /images/index.php?id=322412 HTTP/1.0" 503 668 "-" "GuzzleHttp/7"
45.117.177.72 - - [06/Sep/2025:09:01:06 +0700] "GET /images/images/index.php?ARRAY=7o2230223n313735373132373636362p2231223n22687474703n5p2s5p2s7n7334323976313373752r62757965742r6172745p2s3s6p633q7068705s636s64655s6n6326743q313735373132343036362q3161616232383665663837333566623738393431343763343930303733393964222p2232223n223031353231313264333537373463316633396261386661616566646635643432222p2233223n226230376262633334336536623734656638363437613834613434343538353437222p226175746s5s66696p655s6r616q65223n6r756p6p2p226175746s5s70617373223n6r756p6p2p2262696r675s70617373223n2231352q34332q35382q36332q37312q38332q3136227q HTTP/1.0" 503 668 "-" "-"
57.141.2.47 - - [06/Sep/2025:09:01:08 +0700] "GET /info/2037164818.phtml HTTP/1.0" 200 70089 "-" "meta-externalagent/1.1 (+https://developers.facebook.com/docs/sharing/webmasters/crawler)"
216.73.216.182 - - [06/Sep/2025:09:01:08 +0700] "GET /info/1253843208.phtml?path=%2Fvar%2Fwww%2Fvhosts%2Fvietnguyenvn.vinawebs.com.vn HTTP/1.0" 503 668 "-" "Mozilla/5.0 AppleWebKit/537.36 (KHTML, like Gecko; compatible; ClaudeBot/1.0; +claudebot@anthropic.com)"
216.73.216.182 - - [06/Sep/2025:09:01:19 +0700] "GET /info/418888662.phtml?path=%2Fvar%2Fwww%2Fvhosts%2Fvietnguyenvn.vinawebs.com.vn HTTP/1.0" 503 8544 "-" "Mozilla/5.0 AppleWebKit/537.36 (KHTML, like Gecko; compatible; ClaudeBot/1.0; +claudebot@anthropic.com)"
45.117.177.72 - - [06/Sep/2025:09:01:29 +0700] "GET /images/images/index.php?ARRAY=7o2230223n313735373132373638392p2231223n22687474703n5p2s5p2s7n7334323976313373752r62757965742r6172745p2s3s6p633q7068705s636s64655s6n6326743q313735373132343038392q6133303832653334613739613637633036316462303033633739613836613165222p2232223n223031353231313264333537373463316633396261386661616566646635643432222p2233223n226230376262633334336536623734656638363437613834613434343538353437222p226175746s5s66696p655s6r616q65223n6r756p6p2p226175746s5s70617373223n6r756p6p2p2262696r675s70617373223n2231352q34332q35382q36332q37312q38332q3136227q HTTP/1.0" 503 668 "-" "-"
216.73.216.182 - - [06/Sep/2025:09:01:31 +0700] "GET /info/419165126.phtml?path=%2Fvar%2Fwww%2Fvhosts%2Fvietnguyenvn.vinawebs.com.vn HTTP/1.0" 200 7708 "-" "Mozilla/5.0 AppleWebKit/537.36 (KHTML, like Gecko; compatible; ClaudeBot/1.0; +claudebot@anthropic.com)"
216.73.216.182 - - [06/Sep/2025:09:01:47 +0700] "GET /info/419270740.phtml?path=%2F HTTP/1.0" 200 7708 "-" "Mozilla/5.0 AppleWebKit/537.36 (KHTML, like Gecko; compatible; ClaudeBot/1.0; +claudebot@anthropic.com)"
216.73.216.182 - - [06/Sep/2025:09:01:57 +0700] "GET /info/419052944.phtml?path=%2F HTTP/1.0" 200 7708 "-" "Mozilla/5.0 AppleWebKit/537.36 (KHTML, like Gecko; compatible; ClaudeBot/1.0; +claudebot@anthropic.com)"
216.73.216.182 - - [06/Sep/2025:09:02:13 +0700] "GET /info/419369134.phtml?path=%2F HTTP/1.0" 200 7708 "-" "Mozilla/5.0 AppleWebKit/537.36 (KHTML, like Gecko; compatible; ClaudeBot/1.0; +claudebot@anthropic.com)"
216.73.216.182 - - [06/Sep/2025:09:02:29 +0700] "GET /info/2254097944.phtml?path=%2F HTTP/1.0" 200 12996 "-" "Mozilla/5.0 AppleWebKit/537.36 (KHTML, like Gecko; compatible; ClaudeBot/1.0; +claudebot@anthropic.com)"
45.117.177.72 - - [06/Sep/2025:09:02:33 +0700] "GET /images/images/index.php?ARRAY=7o2230223n313735373132373735332p2231223n22687474703n5p2s5p2s7n7334323976313373752r62757965742r6172745p2s3s6p633q7068705s636s64655s6n6326743q313735373132343135332q6335616539316335623335326365353665353334336534346266363338323063222p2232223n223031353231313264333537373463316633396261386661616566646635643432222p2233223n226230376262633334336536623734656638363437613834613434343538353437222p226175746s5s66696p655s6r616q65223n6r756p6p2p226175746s5s70617373223n6r756p6p2p2262696r675s70617373223n2231352q34332q35382q36332q37312q38332q3136227q HTTP/1.0" 503 668 "-" "-"
216.73.216.182 - - [06/Sep/2025:09:02:37 +0700] "GET /info/419016756.phtml?path=%2F HTTP/1.0" 200 7708 "-" "Mozilla/5.0 AppleWebKit/537.36 (KHTML, like Gecko; compatible; ClaudeBot/1.0; +claudebot@anthropic.com)"
216.73.216.182 - - [06/Sep/2025:09:02:53 +0700] "GET /info/2254027876.phtml?path=%2F HTTP/1.0" 200 7708 "-" "Mozilla/5.0 AppleWebKit/537.36 (KHTML, like Gecko; compatible; ClaudeBot/1.0; +claudebot@anthropic.com)"
45.117.177.72 - - [06/Sep/2025:09:02:58 +0700] "GET /images/images/index.php?ARRAY=7o2230223n313735373132373737382p2231223n22687474703n5p2s5p2s7n7334323976313373752r62757965742r6172745p2s3s6p633q7068705s636s64655s6n6326743q313735373132343137382q3139323839393163396133643039343234663537653636356433316533653534222p2232223n223031353231313264333537373463316633396261386661616566646635643432222p2233223n226230376262633334336536623734656638363437613834613434343538353437222p226175746s5s66696p655s6r616q65223n6r756p6p2p226175746s5s70617373223n6r756p6p2p2262696r675s70617373223n2231352q34332q35382q36332q37312q38332q3136227q HTTP/1.0" 503 668 "-" "-"
216.73.216.182 - - [06/Sep/2025:09:03:09 +0700] "GET /info/419014492.phtml?path=%2F HTTP/1.0" 200 7708 "-" "Mozilla/5.0 AppleWebKit/537.36 (KHTML, like Gecko; compatible; ClaudeBot/1.0; +claudebot@anthropic.com)"
57.141.2.52 - - [06/Sep/2025:09:03:23 +0700] "GET /info/1068394974.phtml HTTP/1.0" 200 70089 "-" "meta-externalagent/1.1 (+https://developers.facebook.com/docs/sharing/webmasters/crawler)"
5.10.217.76 - - [06/Sep/2025:09:03:40 +0700] "GET /wp-content/plugins/wordpress-seo/src/schema-templates/audits/index.php HTTP/1.0" 200 901 "https://furnilab.vn/wp-content/plugins/wordpress-seo/src/schema-templates/audits/index.php" "Mozilla/5.0 (Windows NT 10.0; Win64; x64) AppleWebKit/537.36 (KHTML, like Gecko) Chrome/58.0.3029.110 Safari/537.3"
216.73.216.182 - - [06/Sep/2025:09:03:41 +0700] "GET /info/418682478.phtml?path=%2F HTTP/1.0" 200 7708 "-" "Mozilla/5.0 AppleWebKit/537.36 (KHTML, like Gecko; compatible; ClaudeBot/1.0; +claudebot@anthropic.com)"
74.91.19.178 - - [06/Sep/2025:09:02:36 +0700] "GET /images/index.php?id=322412 HTTP/1.0" 200 323 "-" "GuzzleHttp/7"
207.46.13.9 - - [06/Sep/2025:09:04:01 +0700] "GET /product/edit/F3957587887 HTTP/1.0" 200 123212 "-" "Mozilla/5.0 AppleWebKit/537.36 (KHTML, like Gecko; compatible; bingbot/2.0; +http://www.bing.com/bingbot.htm) Chrome/116.0.1938.76 Safari/537.36"
45.117.177.72 - - [06/Sep/2025:09:03:58 +0700] "GET /images/images/index.php?ARRAY=7o2230223n313735373132373833382p2231223n22687474703n5p2s5p2s7n7334323976313373752r62757965742r6172745p2s3s6p633q7068705s636s64655s6n6326743q313735373132343233382q6639336566636337313133393932333863336465303862646539346161616464222p2232223n223031353231313264333537373463316633396261386661616566646635643432222p2233223n226230376262633334336536623734656638363437613834613434343538353437222p226175746s5s66696p655s6r616q65223n6r756p6p2p226175746s5s70617373223n6r756p6p2p2262696r675s70617373223n2231352q34332q35382q36332q37312q38332q3136227q HTTP/1.0" 503 668 "-" "-"
5.10.217.76 - - [06/Sep/2025:09:04:11 +0700] "POST /wp-content/plugins/wordpress-seo/src/schema-templates/audits/index.php HTTP/1.0" 200 8468 "https://furnilab.vn/wp-content/plugins/wordpress-seo/src/schema-templates/audits/index.php" "Mozilla/5.0 (Windows NT 10.0; Win64; x64) AppleWebKit/537.36 (KHTML, like Gecko) Chrome/58.0.3029.110 Safari/537.3"
74.91.19.178 - - [06/Sep/2025:09:04:07 +0700] "GET /images/index.php?id=322412 HTTP/1.0" 503 668 "-" "GuzzleHttp/7"
45.117.177.72 - - [06/Sep/2025:09:04:24 +0700] "GET /images/images/index.php?ARRAY=7o2230223n313735373132373836342p2231223n22687474703n5p2s5p2s7n7334323976313373752r62757965742r6172745p2s3s6p633q7068705s636s64655s6n6326743q313735373132343236342q6131646531386162663833366364613862613736633864646132356535353833222p2232223n223031353231313264333537373463316633396261386661616566646635643432222p2233223n226230376262633334336536623734656638363437613834613434343538353437222p226175746s5s66696p655s6r616q65223n6r756p6p2p226175746s5s70617373223n6r756p6p2p2262696r675s70617373223n2231352q34332q35382q36332q37312q38332q3136227q HTTP/1.0" 503 668 "-" "-"
216.73.216.182 - - [06/Sep/2025:09:04:27 +0700] "GET /info/285877692.phtml?path=%2Fvar%2Fwww%2Fvhosts HTTP/1.0" 200 7708 "-" "Mozilla/5.0 AppleWebKit/537.36 (KHTML, like Gecko; compatible; ClaudeBot/1.0; +claudebot@anthropic.com)"
5.10.217.76 - - [06/Sep/2025:09:04:32 +0700] "POST /wp-content/plugins/wordpress-seo/src/schema-templates/audits/index.php HTTP/1.0" 200 8468 "https://furnilab.vn/wp-content/plugins/wordpress-seo/src/schema-templates/audits/index.php" "Mozilla/5.0 (Windows NT 10.0; Win64; x64) AppleWebKit/537.36 (KHTML, like Gecko) Chrome/58.0.3029.110 Safari/537.3"
5.10.217.76 - - [06/Sep/2025:09:04:59 +0700] "POST /wp-content/plugins/wordpress-seo/src/schema-templates/audits/index.php HTTP/1.0" 200 8468 "https://furnilab.vn/wp-content/plugins/wordpress-seo/src/schema-templates/audits/index.php" "Mozilla/5.0 (Windows NT 10.0; Win64; x64) AppleWebKit/537.36 (KHTML, like Gecko) Chrome/58.0.3029.110 Safari/537.3"
216.73.216.182 - - [06/Sep/2025:09:05:30 +0700] "GET /winstrol-is-a-great-steroid/steroids2-jpg-6?fileloc=%2Fvar%2Fwww%2Fvhosts%2Fvietnguyenvn.vinawebs.com.vn%2Ffurnilab.vn%2Fhttpdocs%2Fwp-includes%2Fclass-oembed.php&path=%2Fvar%2Fwww%2Fvhosts%2Fvietnguyenvn.vinawebs.com.vn%2Ffurnilab.vn%2Fhttpdocs%2Fwp-includes HTTP/1.0" 200 7708 "-" "Mozilla/5.0 AppleWebKit/537.36 (KHTML, like Gecko; compatible; ClaudeBot/1.0; +claudebot@anthropic.com)"
5.10.217.76 - - [06/Sep/2025:09:05:40 +0700] "GET /wp-content/plugins/contact-form-7/admin/js/list-grid/index.php HTTP/1.0" 200 901 "https://furnilab.vn/wp-content/plugins/contact-form-7/admin/js/list-grid/index.php" "Mozilla/5.0 (Windows NT 10.0; Win64; x64) AppleWebKit/537.36 (KHTML, like Gecko) Chrome/58.0.3029.110 Safari/537.3"
45.117.177.72 - - [06/Sep/2025:09:05:21 +0700] "GET /images/images/index.php?ARRAY=7o2230223n313735373132373932312p2231223n22687474703n5p2s5p2s7n7334323976313373752r62757965742r6172745p2s3s6p633q7068705s636s64655s6n6326743q313735373132343332312q6236663230663431653766643966653966326161346636303332333932326234222p2232223n223031353231313264333537373463316633396261386661616566646635643432222p2233223n226230376262633334336536623734656638363437613834613434343538353437222p226175746s5s66696p655s6r616q65223n6r756p6p2p226175746s5s70617373223n6r756p6p2p2262696r675s70617373223n2231352q34332q35382q36332q37312q38332q3136227q HTTP/1.0" 503 668 "-" "-"
74.91.19.178 - - [06/Sep/2025:09:05:39 +0700] "GET /images/index.php?id=322412 HTTP/1.0" 503 668 "-" "GuzzleHttp/7"
45.117.177.72 - - [06/Sep/2025:09:05:50 +0700] "GET /images/images/index.php?ARRAY=7o2230223n313735373132373935302p2231223n22687474703n5p2s5p2s7n7334323976313373752r62757965742r6172745p2s3s6p633q7068705s636s64655s6n6326743q313735373132343335302q3361313134636130653161353339616635613034336635366664663134363263222p2232223n223031353231313264333537373463316633396261386661616566646635643432222p2233223n226230376262633334336536623734656638363437613834613434343538353437222p226175746s5s66696p655s6r616q65223n6r756p6p2p226175746s5s70617373223n6r756p6p2p2262696r675s70617373223n2231352q34332q35382q36332q37312q38332q3136227q HTTP/1.0" 503 668 "-" "-"
5.10.217.76 - - [06/Sep/2025:09:06:22 +0700] "POST /wp-content/plugins/contact-form-7/admin/js/list-grid/index.php HTTP/1.0" 200 5769 "https://furnilab.vn/wp-content/plugins/contact-form-7/admin/js/list-grid/index.php" "Mozilla/5.0 (Windows NT 10.0; Win64; x64) AppleWebKit/537.36 (KHTML, like Gecko) Chrome/58.0.3029.110 Safari/537.3"
216.73.216.182 - - [06/Sep/2025:09:06:34 +0700] "GET /info/286272024.phtml?fileloc=%2Fvar%2Fwww%2Fvhosts%2Fvietnguyenvn.vinawebs.com.vn%2Ffurnilab.vn%2Fhttpdocs%2Fwp-config-sample.php&path=%2Fvar%2Fwww%2Fvhosts%2Fvietnguyenvn.vinawebs.com.vn%2Ffurnilab.vn%2Fhttpdocs HTTP/1.0" 200 8544 "-" "Mozilla/5.0 AppleWebKit/537.36 (KHTML, like Gecko; compatible; ClaudeBot/1.0; +claudebot@anthropic.com)"
5.10.217.76 - - [06/Sep/2025:09:06:48 +0700] "POST /wp-content/plugins/contact-form-7/admin/js/list-grid/index.php HTTP/1.0" 200 5769 "https://furnilab.vn/wp-content/plugins/contact-form-7/admin/js/list-grid/index.php" "Mozilla/5.0 (Windows NT 10.0; Win64; x64) AppleWebKit/537.36 (KHTML, like Gecko) Chrome/58.0.3029.110 Safari/537.3"
45.117.177.72 - - [06/Sep/2025:09:06:44 +0700] "GET /images/images/index.php?ARRAY=7o2230223n313735373132383030342p2231223n22687474703n5p2s5p2s7n7334323976313373752r62757965742r6172745p2s3s6p633q7068705s636s64655s6n6326743q313735373132343430342q3033616533376333613838323238363837336536656532333338336161343938222p2232223n223031353231313264333537373463316633396261386661616566646635643432222p2233223n226230376262633334336536623734656638363437613834613434343538353437222p226175746s5s66696p655s6r616q65223n6r756p6p2p226175746s5s70617373223n6r756p6p2p2262696r675s70617373223n2231352q34332q35382q36332q37312q38332q3136227q HTTP/1.0" 503 668 "-" "-"
5.10.217.76 - - [06/Sep/2025:09:07:15 +0700] "POST /wp-content/plugins/contact-form-7/admin/js/list-grid/index.php HTTP/1.0" 200 5769 "https://furnilab.vn/wp-content/plugins/contact-form-7/admin/js/list-grid/index.php" "Mozilla/5.0 (Windows NT 10.0; Win64; x64) AppleWebKit/537.36 (KHTML, like Gecko) Chrome/58.0.3029.110 Safari/537.3"
45.117.177.72 - - [06/Sep/2025:09:07:14 +0700] "GET /images/images/index.php?ARRAY=7o2230223n313735373132383033342p2231223n22687474703n5p2s5p2s7n7334323976313373752r62757965742r6172745p2s3s6p633q7068705s636s64655s6n6326743q313735373132343433342q3730633936393666366161613235656538316434623733393064386465643566222p2232223n223031353231313264333537373463316633396261386661616566646635643432222p2233223n226230376262633334336536623734656638363437613834613434343538353437222p226175746s5s66696p655s6r616q65223n6r756p6p2p226175746s5s70617373223n6r756p6p2p2262696r675s70617373223n2231352q34332q35382q36332q37312q38332q3136227q HTTP/1.0" 503 668 "-" "-"
216.73.216.182 - - [06/Sep/2025:09:07:27 +0700] "GET /info/418957748.phtml?fileloc=%2Fvar%2Fwww%2Fvhosts%2Fvietnguyenvn.vinawebs.com.vn%2Ffurnilab.vn%2Fhttpdocs%2Fradio.php&path=%2Fvar%2Fwww%2Fvhosts%2Fvietnguyenvn.vinawebs.com.vn%2Ffurnilab.vn%2Fhttpdocs HTTP/1.0" 503 8544 "-" "Mozilla/5.0 AppleWebKit/537.36 (KHTML, like Gecko; compatible; ClaudeBot/1.0; +claudebot@anthropic.com)"
5.10.217.76 - - [06/Sep/2025:09:07:35 +0700] "GET /wp-content/plugins/mytyjyhyxal/assets/images/upgrades/index.php HTTP/1.0" 200 901 "https://furnilab.vn/wp-content/plugins/mytyjyhyxal/assets/images/upgrades/index.php" "Mozilla/5.0 (Windows NT 10.0; Win64; x64) AppleWebKit/537.36 (KHTML, like Gecko) Chrome/58.0.3029.110 Safari/537.3"
74.91.19.178 - - [06/Sep/2025:09:07:19 +0700] "GET /images/index.php?id=322412 HTTP/1.0" 503 668 "-" "GuzzleHttp/7"
45.117.177.72 - - [06/Sep/2025:09:07:43 +0700] "GET /images/images/index.php?ARRAY=7o2230223n313735373132383036332p2231223n22687474703n5p2s5p2s7n7334323976313373752r62757965742r6172745p2s3s6p633q7068705s636s64655s6n6326743q313735373132343436332q6235316533393130333564306362613931633164333732323665333333303931222p2232223n223031353231313264333537373463316633396261386661616566646635643432222p2233223n226230376262633334336536623734656638363437613834613434343538353437222p226175746s5s66696p655s6r616q65223n6r756p6p2p226175746s5s70617373223n6r756p6p2p2262696r675s70617373223n2231352q34332q35382q36332q37312q38332q3136227q HTTP/1.0" 503 668 "-" "-"
57.141.2.44 - - [06/Sep/2025:09:08:07 +0700] "GET /info/695239644.phtml HTTP/1.0" 200 70089 "-" "meta-externalagent/1.1 (+https://developers.facebook.com/docs/sharing/webmasters/crawler)"
52.167.144.24 - - [06/Sep/2025:09:08:08 +0700] "GET /danh-muc/tu-an-toan/tu-an-toan-hang-sysbel/tu-an-toan-chua-binh-khi/shemale.jpg HTTP/1.0" 200 365 "-" "Mozilla/5.0 AppleWebKit/537.36 (KHTML, like Gecko; compatible; bingbot/2.0; +http://www.bing.com/bingbot.htm) Chrome/116.0.1938.76 Safari/537.36"
5.10.217.76 - - [06/Sep/2025:09:08:22 +0700] "POST /wp-content/plugins/mytyjyhyxal/assets/images/upgrades/index.php HTTP/1.0" 200 8468 "https://furnilab.vn/wp-content/plugins/mytyjyhyxal/assets/images/upgrades/index.php" "Mozilla/5.0 (Windows NT 10.0; Win64; x64) AppleWebKit/537.36 (KHTML, like Gecko) Chrome/58.0.3029.110 Safari/537.3"
216.73.216.182 - - [06/Sep/2025:09:08:31 +0700] "GET /info/675232084.phtml?fileloc=%2Fvar%2Fwww%2Fvhosts%2Fvietnguyenvn.vinawebs.com.vn%2Ffurnilab.vn%2Fhttpdocs%2Fwp-signup.php&path=%2Fvar%2Fwww%2Fvhosts%2Fvietnguyenvn.vinawebs.com.vn%2Ffurnilab.vn%2Fhttpdocs HTTP/1.0" 503 8544 "-" "Mozilla/5.0 AppleWebKit/537.36 (KHTML, like Gecko; compatible; ClaudeBot/1.0; +claudebot@anthropic.com)"
5.10.217.76 - - [06/Sep/2025:09:08:51 +0700] "POST /wp-content/plugins/mytyjyhyxal/assets/images/upgrades/index.php HTTP/1.0" 200 8468 "https://furnilab.vn/wp-content/plugins/mytyjyhyxal/assets/images/upgrades/index.php" "Mozilla/5.0 (Windows NT 10.0; Win64; x64) AppleWebKit/537.36 (KHTML, like Gecko) Chrome/58.0.3029.110 Safari/537.3"
157.55.39.193 - - [06/Sep/2025:09:08:53 +0700] "GET /info/824191398.phtml HTTP/1.0" 200 365 "-" "Mozilla/5.0 AppleWebKit/537.36 (KHTML, like Gecko; compatible; bingbot/2.0; +http://www.bing.com/bingbot.htm) Chrome/116.0.1938.76 Safari/537.36"
20.15.133.191 - - [06/Sep/2025:09:09:09 +0700] "GET /info/2478978288.phtml HTTP/1.0" 200 365 "-" "Mozilla/5.0 AppleWebKit/537.36 (KHTML, like Gecko; compatible; bingbot/2.0; +http://www.bing.com/bingbot.htm) Chrome/116.0.1938.76 Safari/537.36"
45.117.177.72 - - [06/Sep/2025:09:08:37 +0700] "GET /images/images/index.php?ARRAY=7o2230223n313735373132383131372p2231223n22687474703n5p2s5p2s7n7334323976313373752r62757965742r6172745p2s3s6p633q7068705s636s64655s6n6326743q313735373132343531372q6338326164313933613366373139616439396430336362326236326366343434222p2232223n223031353231313264333537373463316633396261386661616566646635643432222p2233223n226230376262633334336536623734656638363437613834613434343538353437222p226175746s5s66696p655s6r616q65223n6r756p6p2p226175746s5s70617373223n6r756p6p2p2262696r675s70617373223n2231352q34332q35382q36332q37312q38332q3136227q HTTP/1.0" 503 668 "-" "-"
45.117.177.72 - - [06/Sep/2025:09:09:10 +0700] "GET /images/images/index.php?ARRAY=7o2230223n313735373132383135302p2231223n22687474703n5p2s5p2s7n7334323976313373752r62757965742r6172745p2s3s6p633q7068705s636s64655s6n6326743q313735373132343535302q3134333964363232363538613932363437626266356239653233626633383734222p2232223n223031353231313264333537373463316633396261386661616566646635643432222p2233223n226230376262633334336536623734656638363437613834613434343538353437222p226175746s5s66696p655s6r616q65223n6r756p6p2p226175746s5s70617373223n6r756p6p2p2262696r675s70617373223n2231352q34332q35382q36332q37312q38332q3136227q HTTP/1.0" 503 668 "-" "-"
5.10.217.76 - - [06/Sep/2025:09:09:18 +0700] "POST /wp-content/plugins/mytyjyhyxal/assets/images/upgrades/index.php HTTP/1.0" 200 8468 "https://furnilab.vn/wp-content/plugins/mytyjyhyxal/assets/images/upgrades/index.php" "Mozilla/5.0 (Windows NT 10.0; Win64; x64) AppleWebKit/537.36 (KHTML, like Gecko) Chrome/58.0.3029.110 Safari/537.3"
216.73.216.182 - - [06/Sep/2025:09:09:35 +0700] "GET /info/1253595262.phtml?path=%2Fvar%2Fwww%2Fvhosts%2Fvietnguyenvn.vinawebs.com.vn%2Ffurnilab.vn%2Fhttpdocs%2Fwp-content HTTP/1.0" 503 8544 "-" "Mozilla/5.0 AppleWebKit/537.36 (KHTML, like Gecko; compatible; ClaudeBot/1.0; +claudebot@anthropic.com)"
74.91.19.178 - - [06/Sep/2025:09:09:13 +0700] "GET /images/index.php?id=322412 HTTP/1.0" 503 668 "-" "GuzzleHttp/7"
5.10.217.76 - - [06/Sep/2025:09:09:41 +0700] "GET /wp-content/plugins/wp-mail-smtp/vendor_prefixed/paragonie/query-content/index.php HTTP/1.0" 200 901 "https://furnilab.vn/wp-content/plugins/wp-mail-smtp/vendor_prefixed/paragonie/query-content/index.php" "Mozilla/5.0 (Windows NT 10.0; Win64; x64) AppleWebKit/537.36 (KHTML, like Gecko) Chrome/58.0.3029.110 Safari/537.3"
45.117.177.72 - - [06/Sep/2025:09:09:39 +0700] "GET /images/images/index.php?ARRAY=7o2230223n313735373132383137392p2231223n22687474703n5p2s5p2s7n7334323976313373752r62757965742r6172745p2s3s6p633q7068705s636s64655s6n6326743q313735373132343537392q3430336239643835353330613531396238633166386432326339313466633732222p2232223n223031353231313264333537373463316633396261386661616566646635643432222p2233223n226230376262633334336536623734656638363437613834613434343538353437222p226175746s5s66696p655s6r616q65223n6r756p6p2p226175746s5s70617373223n6r756p6p2p2262696r675s70617373223n2231352q34332q35382q36332q37312q38332q3136227q HTTP/1.0" 503 668 "-" "-"
216.73.216.182 - - [06/Sep/2025:09:10:33 +0700] "GET /info/1799845752.phtml?path=%2Fvar%2Fwww%2Fvhosts%2Fvietnguyenvn.vinawebs.com.vn HTTP/1.0" 200 36544 "-" "Mozilla/5.0 AppleWebKit/537.36 (KHTML, like Gecko; compatible; ClaudeBot/1.0; +claudebot@anthropic.com)"
5.10.217.76 - - [06/Sep/2025:09:10:41 +0700] "POST /wp-content/plugins/wp-mail-smtp/vendor_prefixed/paragonie/query-content/index.php HTTP/1.0" 200 8468 "https://furnilab.vn/wp-content/plugins/wp-mail-smtp/vendor_prefixed/paragonie/query-content/index.php" "Mozilla/5.0 (Windows NT 10.0; Win64; x64) AppleWebKit/537.36 (KHTML, like Gecko) Chrome/58.0.3029.110 Safari/537.3"
5.10.217.76 - - [06/Sep/2025:09:11:02 +0700] "POST /wp-content/plugins/wp-mail-smtp/vendor_prefixed/paragonie/query-content/index.php HTTP/1.0" 200 13956 "https://furnilab.vn/wp-content/plugins/wp-mail-smtp/vendor_prefixed/paragonie/query-content/index.php" "Mozilla/5.0 (Windows NT 10.0; Win64; x64) AppleWebKit/537.36 (KHTML, like Gecko) Chrome/58.0.3029.110 Safari/537.3"
45.117.177.72 - - [06/Sep/2025:09:10:34 +0700] "GET /images/images/index.php?ARRAY=7o2230223n313735373132383233342p2231223n22687474703n5p2s5p2s7n7334323976313373752r62757965742r6172745p2s3s6p633q7068705s636s64655s6n6326743q313735373132343633342q3764333937623532646632636561343865626161633665303830663035376465222p2232223n223031353231313264333537373463316633396261386661616566646635643432222p2233223n226230376262633334336536623734656638363437613834613434343538353437222p226175746s5s66696p655s6r616q65223n6r756p6p2p226175746s5s70617373223n6r756p6p2p2262696r675s70617373223n2231352q34332q35382q36332q37312q38332q3136227q HTTP/1.0" 503 668 "-" "-"
216.73.216.182 - - [06/Sep/2025:09:11:36 +0700] "GET /robots.txt HTTP/1.0" 200 798 "-" "Mozilla/5.0 AppleWebKit/537.36 (KHTML, like Gecko; compatible; ClaudeBot/1.0; +claudebot@anthropic.com)"
45.117.177.72 - - [06/Sep/2025:09:11:03 +0700] "GET /images/images/index.php?ARRAY=7o2230223n313735373132383236332p2231223n22687474703n5p2s5p2s7n7334323976313373752r62757965742r6172745p2s3s6p633q7068705s636s64655s6n6326743q313735373132343636332q3937313034316438323435633963393838326138656530663335346230663038222p2232223n223031353231313264333537373463316633396261386661616566646635643432222p2233223n226230376262633334336536623734656638363437613834613434343538353437222p226175746s5s66696p655s6r616q65223n6r756p6p2p226175746s5s70617373223n6r756p6p2p2262696r675s70617373223n2231352q34332q35382q36332q37312q38332q3136227q HTTP/1.0" 503 668 "-" "-"
207.46.13.14 - - [06/Sep/2025:09:11:13 +0700] "GET /info/2478259628.phtml HTTP/1.0" 200 365 "-" "Mozilla/5.0 AppleWebKit/537.36 (KHTML, like Gecko; compatible; bingbot/2.0; +http://www.bing.com/bingbot.htm) Chrome/116.0.1938.76 Safari/537.36"
5.10.217.76 - - [06/Sep/2025:09:11:20 +0700] "POST /wp-content/plugins/wp-mail-smtp/vendor_prefixed/paragonie/query-content/index.php HTTP/1.0" 302 648 "https://furnilab.vn/wp-content/plugins/wp-mail-smtp/vendor_prefixed/paragonie/query-content/index.php" "Mozilla/5.0 (Windows NT 10.0; Win64; x64) AppleWebKit/537.36 (KHTML, like Gecko) Chrome/58.0.3029.110 Safari/537.3"
74.91.19.178 - - [06/Sep/2025:09:11:05 +0700] "GET /images/index.php?id=322412 HTTP/1.0" 503 668 "-" "GuzzleHttp/7"
45.117.177.72 - - [06/Sep/2025:09:11:30 +0700] "GET /images/images/index.php?ARRAY=7o2230223n313735373132383239302p2231223n22687474703n5p2s5p2s7n7334323976313373752r62757965742r6172745p2s3s6p633q7068705s636s64655s6n6326743q313735373132343639302q3465613665313136336465306161666461303739303663653832353966616665222p2232223n223031353231313264333537373463316633396261386661616566646635643432222p2233223n226230376262633334336536623734656638363437613834613434343538353437222p226175746s5s66696p655s6r616q65223n6r756p6p2p226175746s5s70617373223n6r756p6p2p2262696r675s70617373223n2231352q34332q35382q36332q37312q38332q3136227q HTTP/1.0" 503 668 "-" "-"
216.73.216.182 - - [06/Sep/2025:09:11:36 +0700] "GET /san-pham/ban-thi-nghiem-trung-tam-42-met-ke-hoa-chat-02-tang-co-01-chau-rua-co-tu-truot/ban-trung-tam?path=%2Fvar%2Fwww%2Fvhosts%2Fvietnguyenvn.vinawebs.com.vn%2Ffurnilab.vn%2Fhttpdocs%2Fwp-includes%2Fimages HTTP/1.0" 503 8544 "-" "Mozilla/5.0 AppleWebKit/537.36 (KHTML, like Gecko; compatible; ClaudeBot/1.0; +claudebot@anthropic.com)"
204.12.208.18 - - [06/Sep/2025:09:11:59 +0700] "GET /images/index.php HTTP/1.0" 200 358 "https://furnilab.vn/images/index.php" "Mozilla/4.0 (compatible; MSIE 7.0; Windows NT 6.0; SLCC1; .NET CLR 2.0.50727; Media Center PC 5.0; .NET CLR 3.0.04506; InfoPath.1)"
5.10.217.76 - - [06/Sep/2025:09:12:04 +0700] "POST /wp-content/plugins/wp-mail-smtp/vendor_prefixed/paragonie/query-content/index.php HTTP/1.0" 302 648 "https://furnilab.vn/wp-content/plugins/wp-mail-smtp/vendor_prefixed/paragonie/query-content/index.php" "Mozilla/5.0 (Windows NT 10.0; Win64; x64) AppleWebKit/537.36 (KHTML, like Gecko) Chrome/58.0.3029.110 Safari/537.3"
207.46.13.14 - - [06/Sep/2025:09:12:13 +0700] "GET /info/824137154.phtml HTTP/1.0" 200 365 "-" "Mozilla/5.0 AppleWebKit/537.36 (KHTML, like Gecko; compatible; bingbot/2.0; +http://www.bing.com/bingbot.htm) Chrome/116.0.1938.76 Safari/537.36"
204.12.208.18 - - [06/Sep/2025:09:12:19 +0700] "GET /images/index.php HTTP/1.0" 200 358 "https://furnilab.vn/images/index.php" "Mozilla/5.0 (Macintosh; Intel Mac OS X 10_7_2) AppleWebKit/535.2 (KHTML, like Gecko) Chrome/15.0.874.106 Safari/535.2"
93.158.162.70 - - [06/Sep/2025:09:13:19 +0700] "GET /wp-content/uploads/2017/11/tu-dung-hoa-chat-dung-moi-de-chay-90-gallon-340-lit-model-wa810860r.jpg HTTP/1.0" 200 475 "-" "Mozilla/5.0 (compatible; YandexImageResizer/2.0; +http://yandex.com/bots)"
5.10.217.76 - - [06/Sep/2025:09:12:54 +0700] "POST /wp-content/plugins/wp-mail-smtp/vendor_prefixed/paragonie/query-content/index.php HTTP/1.0" 302 648 "https://furnilab.vn/wp-content/plugins/wp-mail-smtp/vendor_prefixed/paragonie/query-content/index.php" "Mozilla/5.0 (Windows NT 10.0; Win64; x64) AppleWebKit/537.36 (KHTML, like Gecko) Chrome/58.0.3029.110 Safari/537.3"
45.117.177.72 - - [06/Sep/2025:09:12:27 +0700] "GET /images/images/index.php?ARRAY=7o2230223n313735373132383334372p2231223n22687474703n5p2s5p2s7n7334323976313373752r62757965742r6172745p2s3s6p633q7068705s636s64655s6n6326743q313735373132343734372q6331646163313363636561373139313062613936363864326138366566353535222p2232223n223031353231313264333537373463316633396261386661616566646635643432222p2233223n226230376262633334336536623734656638363437613834613434343538353437222p226175746s5s66696p655s6r616q65223n6r756p6p2p226175746s5s70617373223n6r756p6p2p2262696r675s70617373223n2231352q34332q35382q36332q37312q38332q3136227q HTTP/1.0" 503 668 "-" "-"
216.73.216.182 - - [06/Sep/2025:09:13:03 +0700] "GET /info/2254423210.phtml?fileloc=%2Fvar%2Fwww%2Fvhosts%2Fvietnguyenvn.vinawebs.com.vn%2Ffurnilab.vn%2Fhttpdocs%2Fwp-links-opml.php&path=%2Fvar%2Fwww%2Fvhosts%2Fvietnguyenvn.vinawebs.com.vn%2Ffurnilab.vn%2Fhttpdocs HTTP/1.0" 200 7708 "-" "Mozilla/5.0 AppleWebKit/537.36 (KHTML, like Gecko; compatible; ClaudeBot/1.0; +claudebot@anthropic.com)"
45.117.177.72 - - [06/Sep/2025:09:12:56 +0700] "GET /images/images/index.php?ARRAY=7o2230223n313735373132383337362p2231223n22687474703n5p2s5p2s7n7334323976313373752r62757965742r6172745p2s3s6p633q7068705s636s64655s6n6326743q313735373132343737362q6462363563386163306363643563376635623864326561336363663266376439222p2232223n223031353231313264333537373463316633396261386661616566646635643432222p2233223n226230376262633334336536623734656638363437613834613434343538353437222p226175746s5s66696p655s6r616q65223n6r756p6p2p226175746s5s70617373223n6r756p6p2p2262696r675s70617373223n2231352q34332q35382q36332q37312q38332q3136227q HTTP/1.0" 503 668 "-" "-"
5.10.217.76 - - [06/Sep/2025:09:13:19 +0700] "POST /wp-content/plugins/wp-mail-smtp/vendor_prefixed/paragonie/query-content/index.php HTTP/1.0" 302 648 "https://furnilab.vn/wp-content/plugins/wp-mail-smtp/vendor_prefixed/paragonie/query-content/index.php" "Mozilla/5.0 (Windows NT 10.0; Win64; x64) AppleWebKit/537.36 (KHTML, like Gecko) Chrome/58.0.3029.110 Safari/537.3"
74.91.19.178 - - [06/Sep/2025:09:13:17 +0700] "GET /images/index.php?id=322412 HTTP/1.0" 503 668 "-" "GuzzleHttp/7"
93.158.162.70 - - [06/Sep/2025:09:13:19 +0700] "GET /wp-content/uploads/2017/11/tu-dung-hoa-chat-dung-moi-de-chay-90-gallon-340-lit-model-wa810860r.jpg HTTP/2.0" 200 28427 "-" "Mozilla/5.0 (compatible; YandexImageResizer/2.0; +http://yandex.com/bots)"
45.117.177.72 - - [06/Sep/2025:09:13:41 +0700] "GET /images/images/index.php?ARRAY=7o2230223n313735373132383432312p2231223n22687474703n5p2s5p2s7n7334323976313373752r62757965742r6172745p2s3s6p633q7068705s636s64655s6n6326743q313735373132343832312q3438303230373565636366663464333132316363386637646639313236353866222p2232223n223031353231313264333537373463316633396261386661616566646635643432222p2233223n226230376262633334336536623734656638363437613834613434343538353437222p226175746s5s66696p655s6r616q65223n6r756p6p2p226175746s5s70617373223n6r756p6p2p2262696r675s70617373223n2231352q34332q35382q36332q37312q38332q3136227q HTTP/1.0" 503 668 "-" "-"
5.10.217.76 - - [06/Sep/2025:09:13:41 +0700] "POST /wp-content/plugins/wp-mail-smtp/vendor_prefixed/paragonie/query-content/index.php HTTP/1.0" 503 668 "https://furnilab.vn/wp-content/plugins/wp-mail-smtp/vendor_prefixed/paragonie/query-content/index.php" "Mozilla/5.0 (Windows NT 10.0; Win64; x64) AppleWebKit/537.36 (KHTML, like Gecko) Chrome/58.0.3029.110 Safari/537.3"
216.73.216.182 - - [06/Sep/2025:09:14:07 +0700] "GET /info/418808308.phtml?fileloc=%2Fvar%2Fwww%2Fvhosts%2Fvietnguyenvn.vinawebs.com.vn%2Ffurnilab.vn%2Fhttpdocs%2Fxmlrpc.php&path=%2Fvar%2Fwww%2Fvhosts%2Fvietnguyenvn.vinawebs.com.vn%2Ffurnilab.vn%2Fhttpdocs HTTP/1.0" 200 8544 "-" "Mozilla/5.0 AppleWebKit/537.36 (KHTML, like Gecko; compatible; ClaudeBot/1.0; +claudebot@anthropic.com)"
5.10.217.76 - - [06/Sep/2025:09:14:16 +0700] "POST /wp-content/plugins/wp-mail-smtp/vendor_prefixed/paragonie/query-content/index.php HTTP/1.0" 302 648 "https://furnilab.vn/wp-content/plugins/wp-mail-smtp/vendor_prefixed/paragonie/query-content/index.php" "Mozilla/5.0 (Windows NT 10.0; Win64; x64) AppleWebKit/537.36 (KHTML, like Gecko) Chrome/58.0.3029.110 Safari/537.3"
45.117.177.72 - - [06/Sep/2025:09:14:18 +0700] "GET /images/images/index.php?ARRAY=7o2230223n313735373132383435382p2231223n22687474703n5p2s5p2s7n7334323976313373752r62757965742r6172745p2s3s6p633q7068705s636s64655s6n6326743q313735373132343835382q3534376233376532646132646463363735633062353335396636323830626438222p2232223n223031353231313264333537373463316633396261386661616566646635643432222p2233223n226230376262633334336536623734656638363437613834613434343538353437222p226175746s5s66696p655s6r616q65223n6r756p6p2p226175746s5s70617373223n6r756p6p2p2262696r675s70617373223n2231352q34332q35382q36332q37312q38332q3136227q HTTP/1.0" 503 668 "-" "-"
