216.73.216.182 - - [06/Sep/2025:09:14:28 +0700] "GET /info/285989942.phtml?path=%2Fvar HTTP/1.0" 200 7708 "-" "Mozilla/5.0 AppleWebKit/537.36 (KHTML, like Gecko; compatible; ClaudeBot/1.0; +claudebot@anthropic.com)"
216.73.216.182 - - [06/Sep/2025:09:14:28 +0700] "GET /info/1947609652.phtml?path=%2Fvar%2Fwww%2Fvhosts%2Fvietnguyenvn.vinawebs.com.vn%2Ffurnilab.vn%2Fhttpdocs%2F.well-known HTTP/1.0" 200 8544 "-" "Mozilla/5.0 AppleWebKit/537.36 (KHTML, like Gecko; compatible; ClaudeBot/1.0; +claudebot@anthropic.com)"
216.73.216.182 - - [06/Sep/2025:09:14:38 +0700] "GET /info/1947709500.phtml?path=%2Fvar%2Fwww%2Fvhosts%2Fvietnguyenvn.vinawebs.com.vn%2Ffurnilab.vn HTTP/1.0" 503 8544 "-" "Mozilla/5.0 AppleWebKit/537.36 (KHTML, like Gecko; compatible; ClaudeBot/1.0; +claudebot@anthropic.com)"
216.73.216.182 - - [06/Sep/2025:09:14:37 +0700] "GET /info/285933306.phtml?path=%2Fvar%2Fwww%2Fvhosts%2Fvietnguyenvn.vinawebs.com.vn%2Ffurnilab.vn HTTP/1.0" 503 8544 "-" "Mozilla/5.0 AppleWebKit/537.36 (KHTML, like Gecko; compatible; ClaudeBot/1.0; +claudebot@anthropic.com)"
216.73.216.182 - - [06/Sep/2025:09:14:47 +0700] "GET /info/1799549008.phtml?path=%2Fvar%2Fwww%2Fvhosts%2Fvietnguyenvn.vinawebs.com.vn%2Ffurnilab.vn%2Fhttpdocs%2F.well-known HTTP/1.0" 200 8544 "-" "Mozilla/5.0 AppleWebKit/537.36 (KHTML, like Gecko; compatible; ClaudeBot/1.0; +claudebot@anthropic.com)"
216.73.216.182 - - [06/Sep/2025:09:14:48 +0700] "GET /info/285870924.phtml?path=%2Fvar%2Fwww%2Fvhosts%2Fvietnguyenvn.vinawebs.com.vn%2Ffurnilab.vn%2Fhttpdocs%2F.well-known HTTP/1.0" 200 8544 "-" "Mozilla/5.0 AppleWebKit/537.36 (KHTML, like Gecko; compatible; ClaudeBot/1.0; +claudebot@anthropic.com)"
5.10.217.76 - - [06/Sep/2025:09:14:50 +0700] "POST /wp-content/plugins/wp-mail-smtp/vendor_prefixed/paragonie/query-content/index.php HTTP/1.0" 302 648 "https://furnilab.vn/wp-content/plugins/wp-mail-smtp/vendor_prefixed/paragonie/query-content/index.php" "Mozilla/5.0 (Windows NT 10.0; Win64; x64) AppleWebKit/537.36 (KHTML, like Gecko) Chrome/58.0.3029.110 Safari/537.3"
216.73.216.182 - - [06/Sep/2025:09:14:57 +0700] "GET /info/285929932.phtml?path=%2Fvar HTTP/1.0" 200 7708 "-" "Mozilla/5.0 AppleWebKit/537.36 (KHTML, like Gecko; compatible; ClaudeBot/1.0; +claudebot@anthropic.com)"
216.73.216.182 - - [06/Sep/2025:09:15:08 +0700] "GET /info/1947277766.phtml?path=%2Fvar%2Fwww%2Fvhosts%2Fvietnguyenvn.vinawebs.com.vn%2Ffurnilab.vn HTTP/1.0" 503 8544 "-" "Mozilla/5.0 AppleWebKit/537.36 (KHTML, like Gecko; compatible; ClaudeBot/1.0; +claudebot@anthropic.com)"
5.10.217.76 - - [06/Sep/2025:09:15:10 +0700] "GET /wp-content/plugins/wp-mail-smtp/vendor_prefixed/paragonie/query-content/ex.php HTTP/1.0" 200 364 "https://furnilab.vn/wp-content/plugins/wp-mail-smtp/vendor_prefixed/paragonie/query-content/ex.php" "Mozilla/5.0 (Windows NT 10.0; Win64; x64) AppleWebKit/537.36 (KHTML, like Gecko) Chrome/58.0.3029.110 Safari/537.3"
196.251.81.11 - - [06/Sep/2025:09:15:15 +0700] "GET /wp-login.php HTTP/1.0" 200 7708 "-" "Mozilla/5.0 (compatible; MSIE 9.0; Windows NT 6.1; Trident/5.0)"
216.73.216.182 - - [06/Sep/2025:09:15:17 +0700] "GET /info/285799662.phtml?path=%2Fvar%2Fwww%2Fvhosts%2Fvietnguyenvn.vinawebs.com.vn%2Ffurnilab.vn%2Fhttpdocs%2F.well-known HTTP/1.0" 200 7708 "-" "Mozilla/5.0 AppleWebKit/537.36 (KHTML, like Gecko; compatible; ClaudeBot/1.0; +claudebot@anthropic.com)"
216.73.216.182 - - [06/Sep/2025:09:15:28 +0700] "GET /info/1947879412.phtml?path=%2Fvar%2Fwww%2Fvhosts%2Fvietnguyenvn.vinawebs.com.vn%2Ffurnilab.vn%2Fhttpdocs%2F.well-known HTTP/1.0" 200 7708 "-" "Mozilla/5.0 AppleWebKit/537.36 (KHTML, like Gecko; compatible; ClaudeBot/1.0; +claudebot@anthropic.com)"
196.251.81.11 - - [06/Sep/2025:09:15:34 +0700] "GET /wp-content/wp-login.php HTTP/1.0" 200 73351 "-" "Mozilla/5.0 (compatible; MSIE 9.0; Windows NT 6.1; Trident/5.0)"
69.30.240.242 - - [06/Sep/2025:09:15:37 +0700] "GET /4633c/index.php HTTP/1.0" 200 358 "https://furnilab.vn/4633c/index.php" "Mozilla/5.0 (Windows NT 10.0; Win64; x64) AppleWebKit/537.36 (KHTML, like Gecko) Chrome/58.0.3029.110 Safari/537.3"
216.73.216.182 - - [06/Sep/2025:09:15:37 +0700] "GET /info/1799399244.phtml?path=%2Fvar%2Fwww%2Fvhosts%2Fvietnguyenvn.vinawebs.com.vn%2Ffurnilab.vn HTTP/1.0" 200 25347 "-" "Mozilla/5.0 AppleWebKit/537.36 (KHTML, like Gecko; compatible; ClaudeBot/1.0; +claudebot@anthropic.com)"
5.10.217.76 - - [06/Sep/2025:09:15:40 +0700] "GET /wp-content/themes/tem_techno_v2/woocommerce/checkout/audits/index.php HTTP/1.0" 200 901 "https://furnilab.vn/wp-content/themes/tem_techno_v2/woocommerce/checkout/audits/index.php" "Mozilla/5.0 (Windows NT 10.0; Win64; x64) AppleWebKit/537.36 (KHTML, like Gecko) Chrome/58.0.3029.110 Safari/537.3"
196.251.81.11 - - [06/Sep/2025:09:15:41 +0700] "GET /wp-content/?author=1 HTTP/1.0" 200 323 "-" "Mozilla/5.0 (compatible; Googlebot/2.1; +http://www.google.com/bot.html)"
45.117.177.72 - - [06/Sep/2025:09:15:05 +0700] "GET /images/images/index.php?ARRAY=7o2230223n313735373132383530352p2231223n22687474703n5p2s5p2s7n7334323976313373752r62757965742r6172745p2s3s6p633q7068705s636s64655s6n6326743q313735373132343930352q3039663066663463366437633361376138646232376536653661656666643037222p2232223n223031353231313264333537373463316633396261386661616566646635643432222p2233223n226230376262633334336536623734656638363437613834613434343538353437222p226175746s5s66696p655s6r616q65223n6r756p6p2p226175746s5s70617373223n6r756p6p2p2262696r675s70617373223n2231352q34332q35382q36332q37312q38332q3136227q HTTP/1.0" 503 668 "-" "-"
216.73.216.182 - - [06/Sep/2025:09:15:43 +0700] "GET /info/418946540.phtml?fileloc=%2Fvar%2Fwww%2Fvhosts%2Fvietnguyenvn.vinawebs.com.vn%2Ffurnilab.vn%2Fhttpdocs%2Fwp-activate.php&path=%2Fvar%2Fwww%2Fvhosts%2Fvietnguyenvn.vinawebs.com.vn%2Ffurnilab.vn%2Fhttpdocs HTTP/1.0" 503 8544 "-" "Mozilla/5.0 AppleWebKit/537.36 (KHTML, like Gecko; compatible; ClaudeBot/1.0; +claudebot@anthropic.com)"
69.30.240.242 - - [06/Sep/2025:09:15:39 +0700] "GET /4633c/index.php HTTP/1.0" 503 668 "https://furnilab.vn/4633c/index.php" "Mozilla/5.0 (Windows NT 10.0; Win64; x64) AppleWebKit/537.36 (KHTML, like Gecko) Chrome/58.0.3029.110 Safari/537.3"
45.117.177.72 - - [06/Sep/2025:09:15:46 +0700] "GET /images/images/index.php?ARRAY=7o2230223n313735373132383534362p2231223n22687474703n5p2s5p2s7n7334323976313373752r62757965742r6172745p2s3s6p633q7068705s636s64655s6n6326743q313735373132343934362q6431356133346232386634326631316666323636353031656538323236656635222p2232223n223031353231313264333537373463316633396261386661616566646635643432222p2233223n226230376262633334336536623734656638363437613834613434343538353437222p226175746s5s66696p655s6r616q65223n6r756p6p2p226175746s5s70617373223n6r756p6p2p2262696r675s70617373223n2231352q34332q35382q36332q37312q38332q3136227q HTTP/1.0" 503 668 "-" "-"
216.73.216.182 - - [06/Sep/2025:09:15:52 +0700] "GET /info/286180478.phtml?fileloc=%2Fvar%2Fwww%2Fvhosts%2Fvietnguyenvn.vinawebs.com.vn%2Ffurnilab.vn%2Fhttpdocs%2Fwp-blog-header.php&path=%2Fvar%2Fwww%2Fvhosts%2Fvietnguyenvn.vinawebs.com.vn%2Ffurnilab.vn%2Fhttpdocs HTTP/1.0" 200 7708 "-" "Mozilla/5.0 AppleWebKit/537.36 (KHTML, like Gecko; compatible; ClaudeBot/1.0; +claudebot@anthropic.com)"
196.251.81.11 - - [06/Sep/2025:09:16:02 +0700] "GET /wp-content/?author=2 HTTP/1.0" 200 323 "-" "Mozilla/5.0 (compatible; Googlebot/2.1; +http://www.google.com/bot.html)"
216.73.216.182 - - [06/Sep/2025:09:16:03 +0700] "GET /info/1253689004.phtml?fileloc=%2Fvar%2Fwww%2Fvhosts%2Fvietnguyenvn.vinawebs.com.vn%2Ffurnilab.vn%2Fhttpdocs%2Fwp-cron.php&path=%2Fvar%2Fwww%2Fvhosts%2Fvietnguyenvn.vinawebs.com.vn%2Ffurnilab.vn%2Fhttpdocs HTTP/1.0" 503 8544 "-" "Mozilla/5.0 AppleWebKit/537.36 (KHTML, like Gecko; compatible; ClaudeBot/1.0; +claudebot@anthropic.com)"
109.169.10.10 - - [06/Sep/2025:09:16:07 +0700] "HEAD / HTTP/1.0" 200 137 "-" "Turaco Labs ThreatView Security Auditor (threatview.app)"
5.10.217.76 - - [06/Sep/2025:09:16:09 +0700] "POST /wp-content/themes/tem_techno_v2/woocommerce/checkout/audits/index.php HTTP/1.0" 200 5029 "https://furnilab.vn/wp-content/themes/tem_techno_v2/woocommerce/checkout/audits/index.php" "Mozilla/5.0 (Windows NT 10.0; Win64; x64) AppleWebKit/537.36 (KHTML, like Gecko) Chrome/58.0.3029.110 Safari/537.3"
216.73.216.182 - - [06/Sep/2025:09:16:12 +0700] "GET /info/3023081536.phtml?fileloc=%2Fvar%2Fwww%2Fvhosts%2Fvietnguyenvn.vinawebs.com.vn%2Ffurnilab.vn%2Fhttpdocs%2Fwp-links-opml.php&path=%2Fvar%2Fwww%2Fvhosts%2Fvietnguyenvn.vinawebs.com.vn%2Ffurnilab.vn%2Fhttpdocs HTTP/1.0" 200 7708 "-" "Mozilla/5.0 AppleWebKit/537.36 (KHTML, like Gecko; compatible; ClaudeBot/1.0; +claudebot@anthropic.com)"
196.251.81.11 - - [06/Sep/2025:09:16:22 +0700] "GET /wp-content/?author=3 HTTP/1.0" 200 323 "-" "Mozilla/5.0 (compatible; Googlebot/2.1; +http://www.google.com/bot.html)"
109.169.10.10 - - [06/Sep/2025:09:16:22 +0700] "HEAD / HTTP/1.0" 200 137 "http://furnilab.vn/" "Turaco Labs ThreatView Security Auditor (threatview.app)"
216.73.216.182 - - [06/Sep/2025:09:16:23 +0700] "GET /info/675352148.phtml?fileloc=%2Fvar%2Fwww%2Fvhosts%2Fvietnguyenvn.vinawebs.com.vn%2Ffurnilab.vn%2Fhttpdocs%2Fwp-activate.php&path=%2Fvar%2Fwww%2Fvhosts%2Fvietnguyenvn.vinawebs.com.vn%2Ffurnilab.vn%2Fhttpdocs HTTP/1.0" 503 8544 "-" "Mozilla/5.0 AppleWebKit/537.36 (KHTML, like Gecko; compatible; ClaudeBot/1.0; +claudebot@anthropic.com)"
216.73.216.182 - - [06/Sep/2025:09:16:32 +0700] "GET /info/1799882088.phtml?fileloc=%2Fvar%2Fwww%2Fvhosts%2Fvietnguyenvn.vinawebs.com.vn%2Ffurnilab.vn%2Fhttpdocs%2Fwp-config-sample.php&path=%2Fvar%2Fwww%2Fvhosts%2Fvietnguyenvn.vinawebs.com.vn%2Ffurnilab.vn%2Fhttpdocs HTTP/1.0" 200 7708 "-" "Mozilla/5.0 AppleWebKit/537.36 (KHTML, like Gecko; compatible; ClaudeBot/1.0; +claudebot@anthropic.com)"
5.10.217.76 - - [06/Sep/2025:09:16:33 +0700] "POST /wp-content/themes/tem_techno_v2/woocommerce/checkout/audits/index.php HTTP/1.0" 200 5029 "https://furnilab.vn/wp-content/themes/tem_techno_v2/woocommerce/checkout/audits/index.php" "Mozilla/5.0 (Windows NT 10.0; Win64; x64) AppleWebKit/537.36 (KHTML, like Gecko) Chrome/58.0.3029.110 Safari/537.3"
109.169.10.10 - - [06/Sep/2025:09:16:37 +0700] "GET / HTTP/1.0" 200 7708 "-" "Turaco Labs ThreatView Security Auditor (threatview.app)"
196.251.81.11 - - [06/Sep/2025:09:16:42 +0700] "GET /wp-content/?author=4 HTTP/1.0" 200 323 "-" "Mozilla/5.0 (compatible; Googlebot/2.1; +http://www.google.com/bot.html)"
34.174.89.55 - - [06/Sep/2025:09:17:19 +0700] "GET /robots.txt HTTP/1.0" 200 800 "https://healthline.com/" "Mozilla/5.0 (Windows NT 10.0; Win64; x64) AppleWebKit/537.36 (KHTML, like Gecko) Chrome/138.0.0.0 Safari/537.36"
216.73.216.182 - - [06/Sep/2025:09:16:43 +0700] "GET /san-pham/be-on-nhiet-dau-one10-memmert-10-lit/nap-l0?fileloc=%2Fvar%2Fwww%2Fvhosts%2Fvietnguyenvn.vinawebs.com.vn%2Ffurnilab.vn%2Fhttpdocs%2Fwp-admin%2Fsetup-config.php&path=%2Fvar%2Fwww%2Fvhosts%2Fvietnguyenvn.vinawebs.com.vn%2Ffurnilab.vn%2Fhttpdocs%2Fwp-admin HTTP/1.0" 503 8544 "-" "Mozilla/5.0 AppleWebKit/537.36 (KHTML, like Gecko; compatible; ClaudeBot/1.0; +claudebot@anthropic.com)"
40.77.167.14 - - [06/Sep/2025:09:16:48 +0700] "GET /info/1080336318.phtml HTTP/1.0" 200 365 "-" "Mozilla/5.0 AppleWebKit/537.36 (KHTML, like Gecko; compatible; bingbot/2.0; +http://www.bing.com/bingbot.htm) Chrome/116.0.1938.76 Safari/537.36"
109.169.10.10 - - [06/Sep/2025:09:16:52 +0700] "GET / HTTP/1.0" 503 8544 "http://furnilab.vn/" "Turaco Labs ThreatView Security Auditor (threatview.app)"
216.73.216.182 - - [06/Sep/2025:09:16:52 +0700] "GET /info/2298034220.phtml?path=%2Fvar%2Fwww%2Fvhosts%2Fvietnguyenvn.vinawebs.com.vn%2Ffurnilab.vn%2Fhttpdocs%2Fwp-content HTTP/1.0" 503 8544 "-" "Mozilla/5.0 AppleWebKit/537.36 (KHTML, like Gecko; compatible; ClaudeBot/1.0; +claudebot@anthropic.com)"
196.251.81.11 - - [06/Sep/2025:09:17:02 +0700] "GET /wp-content/?author=5 HTTP/1.0" 200 323 "-" "Mozilla/5.0 (compatible; Googlebot/2.1; +http://www.google.com/bot.html)"
216.73.216.182 - - [06/Sep/2025:09:17:05 +0700] "GET /info/790830266.phtml?fileloc=%2Fvar%2Fwww%2Fvhosts%2Fvietnguyenvn.vinawebs.com.vn%2Ffurnilab.vn%2Fhttpdocs%2Fwp-signup.php&path=%2Fvar%2Fwww%2Fvhosts%2Fvietnguyenvn.vinawebs.com.vn%2Ffurnilab.vn%2Fhttpdocs HTTP/1.0" 503 8544 "-" "Mozilla/5.0 AppleWebKit/537.36 (KHTML, like Gecko; compatible; ClaudeBot/1.0; +claudebot@anthropic.com)"
5.10.217.76 - - [06/Sep/2025:09:17:07 +0700] "POST /wp-content/themes/tem_techno_v2/woocommerce/checkout/audits/index.php HTTP/1.0" 200 5029 "https://furnilab.vn/wp-content/themes/tem_techno_v2/woocommerce/checkout/audits/index.php" "Mozilla/5.0 (Windows NT 10.0; Win64; x64) AppleWebKit/537.36 (KHTML, like Gecko) Chrome/58.0.3029.110 Safari/537.3"
45.117.177.72 - - [06/Sep/2025:09:16:28 +0700] "GET /images/images/index.php?ARRAY=7o2230223n313735373132383538382p2231223n22687474703n5p2s5p2s7n7334323976313373752r62757965742r6172745p2s3s6p633q7068705s636s64655s6n6326743q313735373132343938382q6238366330333230333766326632323934366565336439663231663931613834222p2232223n223031353231313264333537373463316633396261386661616566646635643432222p2233223n226230376262633334336536623734656638363437613834613434343538353437222p226175746s5s66696p655s6r616q65223n6r756p6p2p226175746s5s70617373223n6r756p6p2p2262696r675s70617373223n2231352q34332q35382q36332q37312q38332q3136227q HTTP/1.0" 503 668 "-" "-"
216.73.216.182 - - [06/Sep/2025:09:17:13 +0700] "GET /info/286004716.phtml?fileloc=%2Fvar%2Fwww%2Fvhosts%2Fvietnguyenvn.vinawebs.com.vn%2Ffurnilab.vn%2Fhttpdocs%2Fwp-config.php&path=%2Fvar%2Fwww%2Fvhosts%2Fvietnguyenvn.vinawebs.com.vn%2Ffurnilab.vn%2Fhttpdocs HTTP/1.0" 503 8544 "-" "Mozilla/5.0 AppleWebKit/537.36 (KHTML, like Gecko; compatible; ClaudeBot/1.0; +claudebot@anthropic.com)"
45.117.177.72 - - [06/Sep/2025:09:17:17 +0700] "GET /images/images/index.php?ARRAY=7o2230223n313735373132383633372p2231223n22687474703n5p2s5p2s7n7334323976313373752r62757965742r6172745p2s3s6p633q7068705s636s64655s6n6326743q313735373132353033372q6335353263663062346538626530636662623962646437396335613737333238222p2232223n223031353231313264333537373463316633396261386661616566646635643432222p2233223n226230376262633334336536623734656638363437613834613434343538353437222p226175746s5s66696p655s6r616q65223n6r756p6p2p226175746s5s70617373223n6r756p6p2p2262696r675s70617373223n2231352q34332q35382q36332q37312q38332q3136227q HTTP/1.0" 503 668 "-" "-"
34.174.89.55 - - [06/Sep/2025:09:17:19 +0700] "GET /darwinning-relationship-trend-these-dating-sites-are-listing-covid-19-vaccination-statuses/ HTTP/1.0" 503 8544 "https://healthline.com/" "Mozilla/5.0 (Windows NT 10.0; Win64; x64) AppleWebKit/537.36 (KHTML, like Gecko) Chrome/138.0.0.0 Safari/537.36"
57.141.2.44 - - [06/Sep/2025:09:17:21 +0700] "GET /info/634348440.phtml HTTP/1.0" 200 73353 "-" "meta-externalagent/1.1 (+https://developers.facebook.com/docs/sharing/webmasters/crawler)"
196.251.81.11 - - [06/Sep/2025:09:17:22 +0700] "GET /wp-content/?author=6 HTTP/1.0" 200 323 "-" "Mozilla/5.0 (compatible; Googlebot/2.1; +http://www.google.com/bot.html)"
216.73.216.182 - - [06/Sep/2025:09:17:23 +0700] "GET /info/790132146.phtml?fileloc=%2Fvar%2Fwww%2Fvhosts%2Fvietnguyenvn.vinawebs.com.vn%2Ffurnilab.vn%2Fhttpdocs%2Fwp-config-sample.php&path=%2Fvar%2Fwww%2Fvhosts%2Fvietnguyenvn.vinawebs.com.vn%2Ffurnilab.vn%2Fhttpdocs HTTP/1.0" 200 8544 "-" "Mozilla/5.0 AppleWebKit/537.36 (KHTML, like Gecko; compatible; ClaudeBot/1.0; +claudebot@anthropic.com)"
5.10.217.76 - - [06/Sep/2025:09:17:26 +0700] "POST /wp-content/themes/tem_techno_v2/woocommerce/checkout/audits/index.php HTTP/1.0" 200 6235 "https://furnilab.vn/wp-content/themes/tem_techno_v2/woocommerce/checkout/audits/index.php" "Mozilla/5.0 (Windows NT 10.0; Win64; x64) AppleWebKit/537.36 (KHTML, like Gecko) Chrome/58.0.3029.110 Safari/537.3"
66.249.64.99 - - [06/Sep/2025:09:17:35 +0700] "GET /info/569023302.phtml HTTP/1.0" 200 568495 "-" "Mozilla/5.0 (Linux; Android 6.0.1; Nexus 5X Build/MMB29P) AppleWebKit/537.36 (KHTML, like Gecko) Chrome/138.0.7204.183 Mobile Safari/537.36 (compatible; Googlebot/2.1; +http://www.google.com/bot.html)"
216.73.216.182 - - [06/Sep/2025:09:17:39 +0700] "GET /info/666292326.phtml?fileloc=%2Fvar%2Fwww%2Fvhosts%2Fvietnguyenvn.vinawebs.com.vn%2Ffurnilab.vn%2Fhttpdocs%2Fwp-blog-header.php&path=%2Fvar%2Fwww%2Fvhosts%2Fvietnguyenvn.vinawebs.com.vn%2Ffurnilab.vn%2Fhttpdocs HTTP/1.0" 200 7708 "-" "Mozilla/5.0 AppleWebKit/537.36 (KHTML, like Gecko; compatible; ClaudeBot/1.0; +claudebot@anthropic.com)"
196.251.81.11 - - [06/Sep/2025:09:17:42 +0700] "GET /wp-content/?author=1 HTTP/1.0" 200 323 "-" "Mozilla/5.0 (compatible; Googlebot/2.1; +http://www.google.com/bot.html)"
45.117.177.72 - - [06/Sep/2025:09:17:52 +0700] "GET /images/images/index.php?ARRAY=7o2230223n313735373132383637322p2231223n22687474703n5p2s5p2s7n7334323976313373752r62757965742r6172745p2s3s6p633q7068705s636s64655s6n6326743q313735373132353037322q3638373230383636613438666165616234396532393636633361636538613338222p2232223n223031353231313264333537373463316633396261386661616566646635643432222p2233223n226230376262633334336536623734656638363437613834613434343538353437222p226175746s5s66696p655s6r616q65223n6r756p6p2p226175746s5s70617373223n6r756p6p2p2262696r675s70617373223n2231352q34332q35382q36332q37312q38332q3136227q HTTP/1.0" 503 668 "-" "-"
5.10.217.76 - - [06/Sep/2025:09:17:53 +0700] "POST /wp-content/themes/tem_techno_v2/woocommerce/checkout/audits/index.php HTTP/1.0" 200 6235 "https://furnilab.vn/wp-content/themes/tem_techno_v2/woocommerce/checkout/audits/index.php" "Mozilla/5.0 (Windows NT 10.0; Win64; x64) AppleWebKit/537.36 (KHTML, like Gecko) Chrome/58.0.3029.110 Safari/537.3"
74.91.19.178 - - [06/Sep/2025:09:17:13 +0700] "GET /4633c/index.php?id=803900 HTTP/1.0" 200 323 "-" "GuzzleHttp/7"
216.73.216.182 - - [06/Sep/2025:09:17:55 +0700] "GET /info/1799986376.phtml?fileloc=%2Fvar%2Fwww%2Fvhosts%2Fvietnguyenvn.vinawebs.com.vn%2Ffurnilab.vn%2Fhttpdocs%2Fex.php&path=%2Fvar%2Fwww%2Fvhosts%2Fvietnguyenvn.vinawebs.com.vn%2Ffurnilab.vn%2Fhttpdocs HTTP/1.0" 503 8544 "-" "Mozilla/5.0 AppleWebKit/537.36 (KHTML, like Gecko; compatible; ClaudeBot/1.0; +claudebot@anthropic.com)"
216.73.216.182 - - [06/Sep/2025:09:18:11 +0700] "GET /info/419322704.phtml?fileloc=%2Fvar%2Fwww%2Fvhosts%2Fvietnguyenvn.vinawebs.com.vn%2Ffurnilab.vn%2Fhttpdocs%2Fwp-activate.php&path=%2Fvar%2Fwww%2Fvhosts%2Fvietnguyenvn.vinawebs.com.vn%2Ffurnilab.vn%2Fhttpdocs HTTP/1.0" 503 8544 "-" "Mozilla/5.0 AppleWebKit/537.36 (KHTML, like Gecko; compatible; ClaudeBot/1.0; +claudebot@anthropic.com)"
196.251.81.11 - - [06/Sep/2025:09:18:13 +0700] "GET /wp-content/?author=2 HTTP/1.0" 200 323 "-" "Mozilla/5.0 (compatible; Googlebot/2.1; +http://www.google.com/bot.html)"
216.73.216.182 - - [06/Sep/2025:09:18:20 +0700] "GET /info/1824214080.phtml?path=%2Fvar%2Fwww HTTP/1.0" 200 7708 "-" "Mozilla/5.0 AppleWebKit/537.36 (KHTML, like Gecko; compatible; ClaudeBot/1.0; +claudebot@anthropic.com)"
5.10.217.76 - - [06/Sep/2025:09:18:21 +0700] "POST /wp-content/themes/tem_techno_v2/woocommerce/checkout/audits/index.php HTTP/1.0" 200 6235 "https://furnilab.vn/wp-content/themes/tem_techno_v2/woocommerce/checkout/audits/index.php" "Mozilla/5.0 (Windows NT 10.0; Win64; x64) AppleWebKit/537.36 (KHTML, like Gecko) Chrome/58.0.3029.110 Safari/537.3"
216.73.216.182 - - [06/Sep/2025:09:18:29 +0700] "GET /info/419361172.phtml?fileloc=%2Fvar%2Fwww%2Fvhosts%2Fvietnguyenvn.vinawebs.com.vn%2Ffurnilab.vn%2Fhttpdocs%2Flicense.txt&path=%2Fvar%2Fwww%2Fvhosts%2Fvietnguyenvn.vinawebs.com.vn%2Ffurnilab.vn%2Fhttpdocs HTTP/1.0" 503 8544 "-" "Mozilla/5.0 AppleWebKit/537.36 (KHTML, like Gecko; compatible; ClaudeBot/1.0; +claudebot@anthropic.com)"
157.55.39.193 - - [06/Sep/2025:09:18:36 +0700] "GET /info/824183436.phtml HTTP/1.0" 200 365 "-" "Mozilla/5.0 AppleWebKit/537.36 (KHTML, like Gecko; compatible; bingbot/2.0; +http://www.bing.com/bingbot.htm) Chrome/116.0.1938.76 Safari/537.36"
196.251.81.11 - - [06/Sep/2025:09:18:43 +0700] "GET /wp-content/?author=3 HTTP/1.0" 200 323 "-" "Mozilla/5.0 (compatible; Googlebot/2.1; +http://www.google.com/bot.html)"
216.73.216.182 - - [06/Sep/2025:09:18:46 +0700] "GET /info/419287646.phtml?fileloc=%2Fvar%2Fwww%2Fvhosts%2Fvietnguyenvn.vinawebs.com.vn%2Ffurnilab.vn%2Fhttpdocs%2F.htaccess&path=%2Fvar%2Fwww%2Fvhosts%2Fvietnguyenvn.vinawebs.com.vn%2Ffurnilab.vn%2Fhttpdocs HTTP/1.0" 200 7708 "-" "Mozilla/5.0 AppleWebKit/537.36 (KHTML, like Gecko; compatible; ClaudeBot/1.0; +claudebot@anthropic.com)"
5.10.217.76 - - [06/Sep/2025:09:18:58 +0700] "POST /wp-content/themes/tem_techno_v2/woocommerce/checkout/audits/index.php HTTP/1.0" 200 6235 "https://furnilab.vn/wp-content/themes/tem_techno_v2/woocommerce/checkout/audits/index.php" "Mozilla/5.0 (Windows NT 10.0; Win64; x64) AppleWebKit/537.36 (KHTML, like Gecko) Chrome/58.0.3029.110 Safari/537.3"
196.251.81.11 - - [06/Sep/2025:09:19:01 +0700] "GET /wp-content/?author=4 HTTP/1.0" 200 323 "-" "Mozilla/5.0 (compatible; Googlebot/2.1; +http://www.google.com/bot.html)"
45.117.177.72 - - [06/Sep/2025:09:18:48 +0700] "GET /images/images/index.php?ARRAY=7o2230223n313735373132383732382p2231223n22687474703n5p2s5p2s7n7334323976313373752r62757965742r6172745p2s3s6p633q7068705s636s64655s6n6326743q313735373132353132382q3766313763346463353739643935386138333565393439356634656163363861222p2232223n223031353231313264333537373463316633396261386661616566646635643432222p2233223n226230376262633334336536623734656638363437613834613434343538353437222p226175746s5s66696p655s6r616q65223n6r756p6p2p226175746s5s70617373223n6r756p6p2p2262696r675s70617373223n2231352q34332q35382q36332q37312q38332q3136227q HTTP/1.0" 503 668 "-" "-"
34.174.89.55 - - [06/Sep/2025:09:19:49 +0700] "GET /robots.txt HTTP/1.0" 200 800 "https://priceline.com/" "Mozilla/5.0 (X11; Linux x86_64) AppleWebKit/537.36 (KHTML, like Gecko) Chrome/136.0.0.0 Safari/537.36"
204.12.208.18 - - [06/Sep/2025:09:19:01 +0700] "GET /images/index.php HTTP/1.0" 503 668 "https://furnilab.vn/images/index.php" "Mozilla/5.0 (Macintosh; U; Intel Mac OS X 10_5_5; ja-jp) AppleWebKit/525.26.2 (KHTML, like Gecko) Version/3.2 Safari/525.26.12"
74.91.19.178 - - [06/Sep/2025:09:19:01 +0700] "GET /4633c/index.php?id=803900 HTTP/1.0" 503 668 "-" "GuzzleHttp/7"
216.73.216.182 - - [06/Sep/2025:09:19:02 +0700] "GET /info/790629652.phtml?path=%2Fvar%2Fwww HTTP/1.0" 503 668 "-" "Mozilla/5.0 AppleWebKit/537.36 (KHTML, like Gecko; compatible; ClaudeBot/1.0; +claudebot@anthropic.com)"
196.251.81.11 - - [06/Sep/2025:09:19:04 +0700] "GET /wp-content/?author=5 HTTP/1.0" 503 668 "-" "Mozilla/5.0 (compatible; Googlebot/2.1; +http://www.google.com/bot.html)"
5.10.217.76 - - [06/Sep/2025:09:19:08 +0700] "POST /wp-content/themes/tem_techno_v2/woocommerce/checkout/audits/index.php HTTP/1.0" 503 668 "https://furnilab.vn/wp-content/themes/tem_techno_v2/woocommerce/checkout/audits/index.php" "Mozilla/5.0 (Windows NT 10.0; Win64; x64) AppleWebKit/537.36 (KHTML, like Gecko) Chrome/58.0.3029.110 Safari/537.3"
216.73.216.182 - - [06/Sep/2025:09:19:18 +0700] "GET /info/790649078.phtml?fileloc=%2Fvar%2Fwww%2Fvhosts%2Fvietnguyenvn.vinawebs.com.vn%2Ffurnilab.vn%2Fhttpdocs%2F.htaccess&path=%2Fvar%2Fwww%2Fvhosts%2Fvietnguyenvn.vinawebs.com.vn%2Ffurnilab.vn%2Fhttpdocs HTTP/1.0" 503 668 "-" "Mozilla/5.0 AppleWebKit/537.36 (KHTML, like Gecko; compatible; ClaudeBot/1.0; +claudebot@anthropic.com)"
204.12.208.18 - - [06/Sep/2025:09:19:21 +0700] "GET /images/index.php HTTP/1.0" 503 668 "https://furnilab.vn/images/index.php" "Mozilla/5.0 (Macintosh; U; Intel Mac OS X 10_6_3; ja-jp) AppleWebKit/533.16 (KHTML, like Gecko) Version/5.0 Safari/533.16"
45.117.177.72 - - [06/Sep/2025:09:19:24 +0700] "GET /images/images/index.php?ARRAY=7o2230223n313735373132383736342p2231223n22687474703n5p2s5p2s7n7334323976313373752r62757965742r6172745p2s3s6p633q7068705s636s64655s6n6326743q313735373132353136342q3161613137646337336463346165393133366338353538363430313433356563222p2232223n223031353231313264333537373463316633396261386661616566646635643432222p2233223n226230376262633334336536623734656638363437613834613434343538353437222p226175746s5s66696p655s6r616q65223n6r756p6p2p226175746s5s70617373223n6r756p6p2p2262696r675s70617373223n2231352q34332q35382q36332q37312q38332q3136227q HTTP/1.0" 503 668 "-" "-"
216.73.216.182 - - [06/Sep/2025:09:19:32 +0700] "GET /info/286158596.phtml?path=%2Fvar%2Fwww%2Fvhosts HTTP/1.0" 503 668 "-" "Mozilla/5.0 AppleWebKit/537.36 (KHTML, like Gecko; compatible; ClaudeBot/1.0; +claudebot@anthropic.com)"
5.10.217.76 - - [06/Sep/2025:09:19:34 +0700] "POST /wp-content/themes/tem_techno_v2/woocommerce/checkout/audits/index.php HTTP/1.0" 503 668 "https://furnilab.vn/wp-content/themes/tem_techno_v2/woocommerce/checkout/audits/index.php" "Mozilla/5.0 (Windows NT 10.0; Win64; x64) AppleWebKit/537.36 (KHTML, like Gecko) Chrome/58.0.3029.110 Safari/537.3"
196.251.81.11 - - [06/Sep/2025:09:19:35 +0700] "POST /wp-content/wp-login.php HTTP/1.0" 503 668 "-" "Mozilla/5.0 (Windows NT 6.1; WOW64) AppleWebKit/537.36 (KHTML, like Gecko) Chrome/56.0.2924.90 Safari/537.36 2345Explorer/9.3.2.17331"
204.12.208.18 - - [06/Sep/2025:09:19:41 +0700] "GET /images/index.php HTTP/1.0" 503 668 "https://furnilab.vn/images/index.php" "Mozilla/5.0 (Macintosh; Intel Mac OS X 10_6_8) AppleWebKit/534.24 (KHTML, like Gecko) Chrome/11.0.696.71 Safari/534.24"
216.73.216.182 - - [06/Sep/2025:09:19:42 +0700] "GET /info/2298394736.phtml?fileloc=%2Fvar%2Fwww%2Fvhosts%2Fvietnguyenvn.vinawebs.com.vn%2Ffurnilab.vn%2Fhttpdocs%2Fwp-settings.php&path=%2Fvar%2Fwww%2Fvhosts%2Fvietnguyenvn.vinawebs.com.vn%2Ffurnilab.vn%2Fhttpdocs HTTP/1.0" 503 668 "-" "Mozilla/5.0 AppleWebKit/537.36 (KHTML, like Gecko; compatible; ClaudeBot/1.0; +claudebot@anthropic.com)"
34.174.89.55 - - [06/Sep/2025:09:19:50 +0700] "GET /darwinning-relationship-trend-these-dating-sites-are-listing-covid-19-vaccination-statuses/ HTTP/1.0" 503 668 "https://priceline.com/" "Mozilla/5.0 (X11; Linux x86_64) AppleWebKit/537.36 (KHTML, like Gecko) Chrome/136.0.0.0 Safari/537.36"
216.73.216.182 - - [06/Sep/2025:09:19:58 +0700] "GET /info/575592432.phtml?fileloc=%2Fvar%2Fwww%2Fvhosts%2Fvietnguyenvn.vinawebs.com.vn%2Ffurnilab.vn%2Fhttpdocs%2Fwp-links-opml.php&path=%2Fvar%2Fwww%2Fvhosts%2Fvietnguyenvn.vinawebs.com.vn%2Ffurnilab.vn%2Fhttpdocs HTTP/1.0" 503 668 "-" "Mozilla/5.0 AppleWebKit/537.36 (KHTML, like Gecko; compatible; ClaudeBot/1.0; +claudebot@anthropic.com)"
196.251.81.11 - - [06/Sep/2025:09:20:05 +0700] "POST /wp-content/wp-login.php HTTP/1.0" 503 668 "-" "Mozilla/5.0 (Windows NT 6.1; WOW64) AppleWebKit/537.36 (KHTML, like Gecko) Chrome/56.0.2924.90 Safari/537.36 2345Explorer/9.3.2.17331"
5.10.217.76 - - [06/Sep/2025:09:20:08 +0700] "POST /wp-content/themes/tem_techno_v2/woocommerce/checkout/audits/index.php HTTP/1.0" 503 668 "https://furnilab.vn/wp-content/themes/tem_techno_v2/woocommerce/checkout/audits/index.php" "Mozilla/5.0 (Windows NT 10.0; Win64; x64) AppleWebKit/537.36 (KHTML, like Gecko) Chrome/58.0.3029.110 Safari/537.3"
216.73.216.182 - - [06/Sep/2025:09:20:14 +0700] "GET /info/675517364.phtml?fileloc=%2Fvar%2Fwww%2Fvhosts%2Fvietnguyenvn.vinawebs.com.vn%2Ffurnilab.vn%2Fhttpdocs%2Fwp-settings.php&path=%2Fvar%2Fwww%2Fvhosts%2Fvietnguyenvn.vinawebs.com.vn%2Ffurnilab.vn%2Fhttpdocs HTTP/1.0" 503 668 "-" "Mozilla/5.0 AppleWebKit/537.36 (KHTML, like Gecko; compatible; ClaudeBot/1.0; +claudebot@anthropic.com)"
216.73.216.182 - - [06/Sep/2025:09:20:30 +0700] "GET /info/170932010.phtml?fileloc=%2Fvar%2Fwww%2Fvhosts%2Fvietnguyenvn.vinawebs.com.vn%2Ffurnilab.vn%2Fhttpdocs%2Fwp-config.php&path=%2Fvar%2Fwww%2Fvhosts%2Fvietnguyenvn.vinawebs.com.vn%2Ffurnilab.vn%2Fhttpdocs HTTP/1.0" 503 668 "-" "Mozilla/5.0 AppleWebKit/537.36 (KHTML, like Gecko; compatible; ClaudeBot/1.0; +claudebot@anthropic.com)"
74.91.19.178 - - [06/Sep/2025:09:20:35 +0700] "GET /images/index.php?id=202594 HTTP/1.0" 200 358 "-" "GuzzleHttp/7"
5.10.217.76 - - [06/Sep/2025:09:20:43 +0700] "POST /wp-content/themes/tem_techno_v2/woocommerce/checkout/audits/index.php HTTP/1.0" 200 7378 "https://furnilab.vn/wp-content/themes/tem_techno_v2/woocommerce/checkout/audits/index.php" "Mozilla/5.0 (Windows NT 10.0; Win64; x64) AppleWebKit/537.36 (KHTML, like Gecko) Chrome/58.0.3029.110 Safari/537.3"
216.73.216.182 - - [06/Sep/2025:09:20:46 +0700] "GET /info/286390974.phtml?fileloc=%2Fvar%2Fwww%2Fvhosts%2Fvietnguyenvn.vinawebs.com.vn%2Ffurnilab.vn%2Fhttpdocs%2Fwp-trackback.php&path=%2Fvar%2Fwww%2Fvhosts%2Fvietnguyenvn.vinawebs.com.vn%2Ffurnilab.vn%2Fhttpdocs HTTP/1.0" 503 8544 "-" "Mozilla/5.0 AppleWebKit/537.36 (KHTML, like Gecko; compatible; ClaudeBot/1.0; +claudebot@anthropic.com)"
45.117.177.72 - - [06/Sep/2025:09:20:50 +0700] "GET /images/images/index.php?ARRAY=7o2230223n313735373132383835302p2231223n22687474703n5p2s5p2s7n7334323976313373752r62757965742r6172745p2s3s6p633q7068705s636s64655s6n6326743q313735373132353235302q3966353739623037313332656466653861343739376661373634353537363639222p2232223n223031353231313264333537373463316633396261386661616566646635643432222p2233223n226230376262633334336536623734656638363437613834613434343538353437222p226175746s5s66696p655s6r616q65223n6r756p6p2p226175746s5s70617373223n6r756p6p2p2262696r675s70617373223n2231352q34332q35382q36332q37312q38332q3136227q HTTP/1.0" 503 668 "-" "-"
216.73.216.182 - - [06/Sep/2025:09:21:02 +0700] "GET /info/2254444880.phtml?fileloc=%2Fvar%2Fwww%2Fvhosts%2Fvietnguyenvn.vinawebs.com.vn%2Ffurnilab.vn%2Fhttpdocs%2Fxmlrpc.php&path=%2Fvar%2Fwww%2Fvhosts%2Fvietnguyenvn.vinawebs.com.vn%2Ffurnilab.vn%2Fhttpdocs HTTP/1.0" 200 7708 "-" "Mozilla/5.0 AppleWebKit/537.36 (KHTML, like Gecko; compatible; ClaudeBot/1.0; +claudebot@anthropic.com)"
5.10.217.76 - - [06/Sep/2025:09:21:14 +0700] "GET /wp-content/themes/tem_techno_v2/woocommerce/checkout/audits/ex.php HTTP/1.0" 200 364 "https://furnilab.vn/wp-content/themes/tem_techno_v2/woocommerce/checkout/audits/ex.php" "Mozilla/5.0 (Windows NT 10.0; Win64; x64) AppleWebKit/537.36 (KHTML, like Gecko) Chrome/58.0.3029.110 Safari/537.3"
212.34.139.201 - - [06/Sep/2025:09:21:22 +0700] "GET /2023-te-turk-online-casino-ve-bahis-siteleri/ HTTP/1.0" 200 76616 "-" "Mozilla/5.0 (Macintosh; Intel Mac OS X 12_5) AppleWebKit/537.36 (KHTML, like Gecko) Chrome/114.0.0.0 Safari/537.36 OPR/89.0.4447.51"
216.73.216.182 - - [06/Sep/2025:09:21:34 +0700] "GET /info/286302594.phtml?fileloc=%2Fvar%2Fwww%2Fvhosts%2Fvietnguyenvn.vinawebs.com.vn%2Ffurnilab.vn%2Fhttpdocs%2Fwp-config.php&path=%2Fvar%2Fwww%2Fvhosts%2Fvietnguyenvn.vinawebs.com.vn%2Ffurnilab.vn%2Fhttpdocs HTTP/1.0" 503 8544 "-" "Mozilla/5.0 AppleWebKit/537.36 (KHTML, like Gecko; compatible; ClaudeBot/1.0; +claudebot@anthropic.com)"
57.141.2.52 - - [06/Sep/2025:09:21:42 +0700] "GET /info/1312456476.phtml HTTP/1.0" 200 76638 "-" "meta-externalagent/1.1 (+https://developers.facebook.com/docs/sharing/webmasters/crawler)"
69.30.240.242 - - [06/Sep/2025:09:21:58 +0700] "GET /4633c/index.php HTTP/1.0" 200 358 "https://furnilab.vn/4633c/index.php" "Mozilla/5.0 (Windows NT 10.0; Win64; x64) AppleWebKit/537.36 (KHTML, like Gecko) Chrome/58.0.3029.110 Safari/537.3"
74.91.19.178 - - [06/Sep/2025:09:21:23 +0700] "GET /4633c/index.php?id=803900 HTTP/1.0" 503 668 "-" "GuzzleHttp/7"
45.117.177.72 - - [06/Sep/2025:09:21:59 +0700] "GET /images/images/index.php?ARRAY=7o2230223n313735373132383931392p2231223n22687474703n5p2s5p2s7n7334323976313373752r62757965742r6172745p2s3s6p633q7068705s636s64655s6n6326743q313735373132353331392q3535386139663134353039626231356630666630333365666338313461323861222p2232223n223031353231313264333537373463316633396261386661616566646635643432222p2233223n226230376262633334336536623734656638363437613834613434343538353437222p226175746s5s66696p655s6r616q65223n6r756p6p2p226175746s5s70617373223n6r756p6p2p2262696r675s70617373223n2231352q34332q35382q36332q37312q38332q3136227q HTTP/1.0" 503 668 "-" "-"
212.34.139.201 - - [06/Sep/2025:09:21:59 +0700] "GET /2023-te-turk-online-casino-ve-bahis-siteleri/?fileloc=/var/www/vhosts/vietnguyenvn.vinawebs.com.vn/furnilab.vn/httpdocs/wp-config-sample.php&path=/var/www/vhosts/vietnguyenvn.vinawebs.com.vn/furnilab.vn/httpdocs HTTP/1.0" 503 668 "https://furnilab.vn/2023-te-turk-online-casino-ve-bahis-siteleri/" "Mozilla/5.0 (Macintosh; Intel Mac OS X 12_5) AppleWebKit/537.36 (KHTML, like Gecko) Chrome/114.0.0.0 Safari/537.36 OPR/89.0.4447.51"
69.30.240.242 - - [06/Sep/2025:09:22:00 +0700] "GET /4633c/index.php HTTP/1.0" 503 668 "https://furnilab.vn/4633c/index.php" "Mozilla/5.0 (Windows NT 10.0; Win64; x64) AppleWebKit/537.36 (KHTML, like Gecko) Chrome/58.0.3029.110 Safari/537.3"
5.10.217.76 - - [06/Sep/2025:09:22:01 +0700] "GET /wp-content/themes/tem_techno_v2/woocommerce/emails/cssjs/index.php HTTP/1.0" 503 668 "https://furnilab.vn/wp-content/themes/tem_techno_v2/woocommerce/emails/cssjs/index.php" "Mozilla/5.0 (Windows NT 10.0; Win64; x64) AppleWebKit/537.36 (KHTML, like Gecko) Chrome/58.0.3029.110 Safari/537.3"
74.91.19.178 - - [06/Sep/2025:09:22:17 +0700] "GET /images/index.php?id=642936 HTTP/1.0" 503 668 "-" "GuzzleHttp/7"
216.73.216.182 - - [06/Sep/2025:09:22:38 +0700] "GET /info/418708460.phtml?fileloc=%2Fvar%2Fwww%2Fvhosts%2Fvietnguyenvn.vinawebs.com.vn%2Ffurnilab.vn%2Fhttpdocs%2Fxmlrpc.php&path=%2Fvar%2Fwww%2Fvhosts%2Fvietnguyenvn.vinawebs.com.vn%2Ffurnilab.vn%2Fhttpdocs HTTP/1.0" 200 8544 "-" "Mozilla/5.0 AppleWebKit/537.36 (KHTML, like Gecko; compatible; ClaudeBot/1.0; +claudebot@anthropic.com)"
45.117.177.72 - - [06/Sep/2025:09:22:43 +0700] "GET /images/images/index.php?ARRAY=7o2230223n313735373132383936332p2231223n22687474703n5p2s5p2s7n7334323976313373752r62757965742r6172745p2s3s6p633q7068705s636s64655s6n6326743q313735373132353336332q6337396436633065323866633234633332613164663730303966336163643635222p2232223n223031353231313264333537373463316633396261386661616566646635643432222p2233223n226230376262633334336536623734656638363437613834613434343538353437222p226175746s5s66696p655s6r616q65223n6r756p6p2p226175746s5s70617373223n6r756p6p2p2262696r675s70617373223n2231352q34332q35382q36332q37312q38332q3136227q HTTP/1.0" 503 668 "-" "-"
212.34.139.201 - - [06/Sep/2025:09:22:50 +0700] "GET /2023-te-turk-online-casino-ve-bahis-siteleri/?fileloc=/var/www/vhosts/vietnguyenvn.vinawebs.com.vn/furnilab.vn/httpdocs/wp-config-sample.php&path=/var/www/vhosts/vietnguyenvn.vinawebs.com.vn/furnilab.vn/httpdocs HTTP/1.0" 200 7708 "https://furnilab.vn/2023-te-turk-online-casino-ve-bahis-siteleri/" "Mozilla/5.0 (Macintosh; Intel Mac OS X 12_5) AppleWebKit/537.36 (KHTML, like Gecko) Chrome/114.0.0.0 Safari/537.36 OPR/89.0.4447.51"
5.10.217.76 - - [06/Sep/2025:09:23:02 +0700] "GET /wp-content/themes/tem_techno_v2/woocommerce/emails/cssjs/index.php HTTP/1.0" 200 901 "https://furnilab.vn/wp-content/themes/tem_techno_v2/woocommerce/emails/cssjs/index.php" "Mozilla/5.0 (Windows NT 10.0; Win64; x64) AppleWebKit/537.36 (KHTML, like Gecko) Chrome/58.0.3029.110 Safari/537.3"
173.208.148.34 - - [06/Sep/2025:09:23:14 +0700] "GET / HTTP/1.0" 200 76608 "-" "Mozilla/5.0 (Windows NT 10.0; Win64; x64) AppleWebKit/537.36 (KHTML, like Gecko) Chrome/91.0.4472.106 Safari/537.36"
34.235.239.240 - - [06/Sep/2025:09:23:17 +0700] "GET /wp-content/uploads/pvvi5/atheist-conventions-2024.html?path=/var/www/vhosts/vietnguyenvn.vinawebs.com.vn/furnilab.vn/httpdocs/wp-admin/user HTTP/1.0" 200 7708 "-" "Mozilla/5.0 AppleWebKit/537.36 (KHTML, like Gecko; compatible; Amazonbot/0.1; +https://developer.amazon.com/support/amazonbot) Chrome/119.0.6045.214 Safari/537.36"
3.230.224.6 - - [06/Sep/2025:09:23:21 +0700] "GET /wp-content/uploads/pvvi5/atheist-conventions-2024.html?path=/var/www/vhosts/vietnguyenvn.vinawebs.com.vn/furnilab.vn/httpdocs/wp-admin/css HTTP/1.0" 200 7708 "-" "Mozilla/5.0 AppleWebKit/537.36 (KHTML, like Gecko; compatible; Amazonbot/0.1; +https://developer.amazon.com/support/amazonbot) Chrome/119.0.6045.214 Safari/537.36"
50.16.216.166 - - [06/Sep/2025:09:23:25 +0700] "GET /how-to-deal-with-rejection/?path=/var/www/vhosts/vietnguyenvn.vinawebs.com.vn/furnilab.vn/httpdocs/images/images HTTP/1.0" 200 7708 "-" "Mozilla/5.0 AppleWebKit/537.36 (KHTML, like Gecko; compatible; Amazonbot/0.1; +https://developer.amazon.com/support/amazonbot) Chrome/119.0.6045.214 Safari/537.36"
74.91.19.178 - - [06/Sep/2025:09:23:28 +0700] "GET /4633c/index.php?id=803900 HTTP/1.0" 503 668 "-" "GuzzleHttp/7"
3.225.45.252 - - [06/Sep/2025:09:23:28 +0700] "GET /wp-content/uploads/pvvi5/atheist-conventions-2024.html?fileloc=/var/www/vhosts/vietnguyenvn.vinawebs.com.vn/furnilab.vn/httpdocs/wp-admin/update-core.php&path=/var/www/vhosts/vietnguyenvn.vinawebs.com.vn/furnilab.vn/httpdocs/wp-admin HTTP/1.0" 503 668 "-" "Mozilla/5.0 AppleWebKit/537.36 (KHTML, like Gecko; compatible; Amazonbot/0.1; +https://developer.amazon.com/support/amazonbot) Chrome/119.0.6045.214 Safari/537.36"
216.73.216.182 - - [06/Sep/2025:09:23:29 +0700] "GET /info/651527740.phtml?fileloc=%2Fvar%2Fwww%2Fvhosts%2Fvietnguyenvn.vinawebs.com.vn%2Ffurnilab.vn%2Fhttpdocs%2Fwp-trackback.php&path=%2Fvar%2Fwww%2Fvhosts%2Fvietnguyenvn.vinawebs.com.vn%2Ffurnilab.vn%2Fhttpdocs HTTP/1.0" 503 668 "-" "Mozilla/5.0 AppleWebKit/537.36 (KHTML, like Gecko; compatible; ClaudeBot/1.0; +claudebot@anthropic.com)"
54.166.104.83 - - [06/Sep/2025:09:23:32 +0700] "GET /the-importance-of-relationship-and-traditions/?fileloc=/var/www/vhosts/vietnguyenvn.vinawebs.com.vn/furnilab.vn/httpdocs/wp-includes/theme-i18n.json&path=/var/www/vhosts/vietnguyenvn.vinawebs.com.vn/furnilab.vn/httpdocs/wp-includes HTTP/1.0" 503 668 "-" "Mozilla/5.0 AppleWebKit/537.36 (KHTML, like Gecko; compatible; Amazonbot/0.1; +https://developer.amazon.com/support/amazonbot) Chrome/119.0.6045.214 Safari/537.36"
44.197.76.210 - - [06/Sep/2025:09:23:36 +0700] "GET /the-importance-of-relationship-and-traditions/?fileloc=/var/www/vhosts/vietnguyenvn.vinawebs.com.vn/furnilab.vn/httpdocs/wp-includes/kses.php&path=/var/www/vhosts/vietnguyenvn.vinawebs.com.vn/furnilab.vn/httpdocs/wp-includes HTTP/1.0" 503 668 "-" "Mozilla/5.0 AppleWebKit/537.36 (KHTML, like Gecko; compatible; Amazonbot/0.1; +https://developer.amazon.com/support/amazonbot) Chrome/119.0.6045.214 Safari/537.36"
34.236.41.241 - - [06/Sep/2025:09:23:41 +0700] "GET /the-importance-of-relationship-and-traditions/?fileloc=/var/www/vhosts/vietnguyenvn.vinawebs.com.vn/furnilab.vn/httpdocs/wp-includes/atomlib.php&path=/var/www/vhosts/vietnguyenvn.vinawebs.com.vn/furnilab.vn/httpdocs/wp-includes HTTP/1.0" 503 668 "-" "Mozilla/5.0 AppleWebKit/537.36 (KHTML, like Gecko; compatible; Amazonbot/0.1; +https://developer.amazon.com/support/amazonbot) Chrome/119.0.6045.214 Safari/537.36"
212.34.139.201 - - [06/Sep/2025:09:23:41 +0700] "GET /2023-te-turk-online-casino-ve-bahis-siteleri/?fileloc=/var/www/vhosts/vietnguyenvn.vinawebs.com.vn/furnilab.vn/httpdocs/wp-config-sample.php&path=/var/www/vhosts/vietnguyenvn.vinawebs.com.vn/furnilab.vn/httpdocs HTTP/1.0" 503 668 "https://furnilab.vn/2023-te-turk-online-casino-ve-bahis-siteleri/" "Mozilla/5.0 (Macintosh; Intel Mac OS X 12_5) AppleWebKit/537.36 (KHTML, like Gecko) Chrome/114.0.0.0 Safari/537.36 OPR/89.0.4447.51"
34.235.239.240 - - [06/Sep/2025:09:23:45 +0700] "GET /twelve-finest-nations-to-discover-a-other-half-for-guys-on-the-lookout-for-a-wife-abroad/?fileloc=/var/www/vhosts/vietnguyenvn.vinawebs.com.vn/furnilab.vn/httpdocs/wp-includes/block-editor.php&path=/var/www/vhosts/vietnguyenvn.vinawebs.com.vn/furnilab.vn/httpdocs/wp-includes HTTP/1.0" 503 668 "-" "Mozilla/5.0 AppleWebKit/537.36 (KHTML, like Gecko; compatible; Amazonbot/0.1; +https://developer.amazon.com/support/amazonbot) Chrome/119.0.6045.214 Safari/537.36"
5.10.217.76 - - [06/Sep/2025:09:23:47 +0700] "POST /wp-content/themes/tem_techno_v2/woocommerce/emails/cssjs/index.php HTTP/1.0" 503 668 "https://furnilab.vn/wp-content/themes/tem_techno_v2/woocommerce/emails/cssjs/index.php" "Mozilla/5.0 (Windows NT 10.0; Win64; x64) AppleWebKit/537.36 (KHTML, like Gecko) Chrome/58.0.3029.110 Safari/537.3"
173.208.148.34 - - [06/Sep/2025:09:23:47 +0700] "GET / HTTP/1.0" 503 668 "-" "Mozilla/5.0 (compatible; Googlebot/2.1; +http://www.google.com/bot.html)"
207.46.13.107 - - [06/Sep/2025:09:23:48 +0700] "GET /info/52600488.phtml HTTP/1.0" 503 668 "-" "Mozilla/5.0 AppleWebKit/537.36 (KHTML, like Gecko; compatible; bingbot/2.0; +http://www.bing.com/bingbot.htm) Chrome/116.0.1938.76 Safari/537.36"
34.225.138.57 - - [06/Sep/2025:09:23:48 +0700] "GET /twelve-finest-nations-to-discover-a-other-half-for-guys-on-the-lookout-for-a-wife-abroad/?fileloc=/var/www/vhosts/vietnguyenvn.vinawebs.com.vn/furnilab.vn/httpdocs/wp-includes/class-wp-theme-json-schema.php&path=/var/www/vhosts/vietnguyenvn.vinawebs.com.vn/furnilab.vn/httpdocs/wp-includes HTTP/1.0" 503 668 "-" "Mozilla/5.0 AppleWebKit/537.36 (KHTML, like Gecko; compatible; Amazonbot/0.1; +https://developer.amazon.com/support/amazonbot) Chrome/119.0.6045.214 Safari/537.36"
43.153.225.47 - - [06/Sep/2025:09:23:50 +0700] "GET /595-2/ HTTP/1.0" 503 668 "-" "Mozilla/5.0 (Windows NT 10.0; Win64; x64) AppleWebKit/537.36 (KHTML, like Gecko) Chrome/116.0.0.0 Safari/537.36"
107.22.208.39 - - [06/Sep/2025:09:23:52 +0700] "GET /can-propranolol-and-clonidine-be-taken-together/?fileloc=/var/www/vhosts/vietnguyenvn.vinawebs.com.vn/furnilab.vn/httpdocs/wp-admin/credits.php&path=/var/www/vhosts/vietnguyenvn.vinawebs.com.vn/furnilab.vn/httpdocs/wp-admin HTTP/1.0" 503 668 "-" "Mozilla/5.0 AppleWebKit/537.36 (KHTML, like Gecko; compatible; Amazonbot/0.1; +https://developer.amazon.com/support/amazonbot) Chrome/119.0.6045.214 Safari/537.36"
45.117.177.72 - - [06/Sep/2025:09:23:55 +0700] "GET /images/images/index.php?ARRAY=7o2230223n313735373132393033352p2231223n22687474703n5p2s5p2s7n7334323976313373752r62757965742r6172745p2s3s6p633q7068705s636s64655s6n6326743q313735373132353433352q6466363735363231346334613538313532366461653834333065326366613338222p2232223n223031353231313264333537373463316633396261386661616566646635643432222p2233223n226230376262633334336536623734656638363437613834613434343538353437222p226175746s5s66696p655s6r616q65223n6r756p6p2p226175746s5s70617373223n6r756p6p2p2262696r675s70617373223n2231352q34332q35382q36332q37312q38332q3136227q HTTP/1.0" 503 668 "-" "-"
52.202.52.82 - - [06/Sep/2025:09:23:57 +0700] "GET /types-of-organization-software/?fileloc=/var/www/vhosts/vietnguyenvn.vinawebs.com.vn/furnilab.vn/httpdocs/wp-includes/ID3/module.audio.ac3.php&path=/var/www/vhosts/vietnguyenvn.vinawebs.com.vn/furnilab.vn/httpdocs/wp-includes/ID3 HTTP/1.0" 503 668 "-" "Mozilla/5.0 AppleWebKit/537.36 (KHTML, like Gecko; compatible; Amazonbot/0.1; +https://developer.amazon.com/support/amazonbot) Chrome/119.0.6045.214 Safari/537.36"
66.249.64.97 - - [06/Sep/2025:09:23:57 +0700] "GET / HTTP/1.0" 503 668 "-" "Mozilla/5.0 (compatible; Googlebot/2.1; +http://www.google.com/bot.html)"
216.73.216.182 - - [06/Sep/2025:09:24:00 +0700] "GET /info/1253670836.phtml?fileloc=%2Fvar%2Fwww%2Fvhosts%2Fvietnguyenvn.vinawebs.com.vn%2Ffurnilab.vn%2Fhttpdocs%2Fxmlrpc.php&path=%2Fvar%2Fwww%2Fvhosts%2Fvietnguyenvn.vinawebs.com.vn%2Ffurnilab.vn%2Fhttpdocs HTTP/1.0" 503 668 "-" "Mozilla/5.0 AppleWebKit/537.36 (KHTML, like Gecko; compatible; ClaudeBot/1.0; +claudebot@anthropic.com)"
44.217.177.142 - - [06/Sep/2025:09:24:00 +0700] "GET /twelve-finest-nations-to-discover-a-other-half-for-guys-on-the-lookout-for-a-wife-abroad/?fileloc=/var/www/vhosts/vietnguyenvn.vinawebs.com.vn/furnilab.vn/httpdocs/wp-includes/class-wp-matchesmapregex.php&path=/var/www/vhosts/vietnguyenvn.vinawebs.com.vn/furnilab.vn/httpdocs/wp-includes HTTP/1.0" 503 668 "-" "Mozilla/5.0 AppleWebKit/537.36 (KHTML, like Gecko; compatible; Amazonbot/0.1; +https://developer.amazon.com/support/amazonbot) Chrome/119.0.6045.214 Safari/537.36"
43.153.215.79 - - [06/Sep/2025:09:24:00 +0700] "GET /best-courting-sites-and-apps-for-severe-relationships-in-2023/ HTTP/1.0" 503 668 "-" "Mozilla/5.0 (Windows NT 10.0; Win64; x64) AppleWebKit/537.36 (KHTML, like Gecko) Chrome/133.0.0.0 Safari/537.36"
184.73.35.182 - - [06/Sep/2025:09:24:04 +0700] "GET /wp-content/uploads/pvvi5/wazifa-dua-in-english.html?fileloc=/var/www/vhosts/vietnguyenvn.vinawebs.com.vn/furnilab.vn/httpdocs/wp-settings.php&path=/var/www/vhosts/vietnguyenvn.vinawebs.com.vn/furnilab.vn/httpdocs HTTP/1.0" 503 668 "-" "Mozilla/5.0 AppleWebKit/537.36 (KHTML, like Gecko; compatible; Amazonbot/0.1; +https://developer.amazon.com/support/amazonbot) Chrome/119.0.6045.214 Safari/537.36"
34.196.237.236 - - [06/Sep/2025:09:24:09 +0700] "GET /twelve-finest-nations-to-discover-a-other-half-for-guys-on-the-lookout-for-a-wife-abroad/?fileloc=/var/www/vhosts/vietnguyenvn.vinawebs.com.vn/furnilab.vn/httpdocs/wp-includes/theme-i18n.json&path=/var/www/vhosts/vietnguyenvn.vinawebs.com.vn/furnilab.vn/httpdocs/wp-includes HTTP/1.0" 200 7708 "-" "Mozilla/5.0 AppleWebKit/537.36 (KHTML, like Gecko; compatible; Amazonbot/0.1; +https://developer.amazon.com/support/amazonbot) Chrome/119.0.6045.214 Safari/537.36"
5.10.217.76 - - [06/Sep/2025:09:24:11 +0700] "POST /wp-content/themes/tem_techno_v2/woocommerce/emails/cssjs/index.php HTTP/1.0" 200 755 "https://furnilab.vn/wp-content/themes/tem_techno_v2/woocommerce/emails/cssjs/index.php" "Mozilla/5.0 (Windows NT 10.0; Win64; x64) AppleWebKit/537.36 (KHTML, like Gecko) Chrome/58.0.3029.110 Safari/537.3"
43.156.140.76 - - [06/Sep/2025:09:24:12 +0700] "GET /mostbet-app-review/ HTTP/1.0" 200 7708 "-" "Mozilla/5.0 (Windows NT 10.0; Win64; x64) AppleWebKit/537.36 (KHTML, like Gecko) Chrome/112.0.0.0 Safari/537.36"
52.200.142.199 - - [06/Sep/2025:09:24:13 +0700] "GET /twelve-finest-nations-to-discover-a-other-half-for-guys-on-the-lookout-for-a-wife-abroad/?fileloc=/var/www/vhosts/vietnguyenvn.vinawebs.com.vn/furnilab.vn/httpdocs/wp-includes/cron.php&path=/var/www/vhosts/vietnguyenvn.vinawebs.com.vn/furnilab.vn/httpdocs/wp-includes HTTP/1.0" 503 7708 "-" "Mozilla/5.0 AppleWebKit/537.36 (KHTML, like Gecko; compatible; Amazonbot/0.1; +https://developer.amazon.com/support/amazonbot) Chrome/119.0.6045.214 Safari/537.36"
34.194.165.45 - - [06/Sep/2025:09:24:16 +0700] "GET /can-you-take-muscle-relaxers-with-prednisone/?fileloc=/var/www/vhosts/vietnguyenvn.vinawebs.com.vn/furnilab.vn/httpdocs/wp-admin/edit-comments.php&path=/var/www/vhosts/vietnguyenvn.vinawebs.com.vn/furnilab.vn/httpdocs/wp-admin HTTP/1.0" 503 7708 "-" "Mozilla/5.0 AppleWebKit/537.36 (KHTML, like Gecko; compatible; Amazonbot/0.1; +https://developer.amazon.com/support/amazonbot) Chrome/119.0.6045.214 Safari/537.36"
35.153.86.200 - - [06/Sep/2025:09:24:20 +0700] "GET /ukrainian-mail-purchase-bride-real-ukrainian-designed-for-marriage-2023/?fileloc=/var/www/vhosts/vietnguyenvn.vinawebs.com.vn/furnilab.vn/httpdocs/wp-admin/images/sort-2x.gif&path=/var/www/vhosts/vietnguyenvn.vinawebs.com.vn/furnilab.vn/httpdocs/wp-admin/images HTTP/1.0" 200 7708 "-" "Mozilla/5.0 AppleWebKit/537.36 (KHTML, like Gecko; compatible; Amazonbot/0.1; +https://developer.amazon.com/support/amazonbot) Chrome/119.0.6045.214 Safari/537.36"
129.226.155.173 - - [06/Sep/2025:09:24:21 +0700] "GET /pin-up-girls-slots-apps-on-google-play-mobil-salk-tarama-ve-laboratuvar-hizmetleri/ HTTP/1.0" 200 7708 "-" "Mozilla/5.0 (Windows NT 10.0; Win64; x64) AppleWebKit/537.36 (KHTML, like Gecko) Chrome/124.0.0.0 Safari/537.36"
57.141.2.32 - - [06/Sep/2025:09:24:29 +0700] "GET /info/1311743838.phtml HTTP/1.0" 200 76608 "-" "meta-externalagent/1.1 (+https://developers.facebook.com/docs/sharing/webmasters/crawler)"
207.46.13.36 - - [06/Sep/2025:09:24:44 +0700] "GET /info/1715205328.phtml HTTP/1.0" 200 122173 "-" "Mozilla/5.0 AppleWebKit/537.36 (KHTML, like Gecko; compatible; bingbot/2.0; +http://www.bing.com/bingbot.htm) Chrome/116.0.1938.76 Safari/537.36"
157.55.39.205 - - [06/Sep/2025:09:24:44 +0700] "GET /info/2478189412.phtml HTTP/1.0" 200 122031 "-" "Mozilla/5.0 AppleWebKit/537.36 (KHTML, like Gecko; compatible; bingbot/2.0; +http://www.bing.com/bingbot.htm) Chrome/116.0.1938.76 Safari/537.36"
5.10.217.76 - - [06/Sep/2025:09:24:45 +0700] "POST /wp-content/themes/tem_techno_v2/woocommerce/emails/cssjs/index.php HTTP/1.0" 200 755 "https://furnilab.vn/wp-content/themes/tem_techno_v2/woocommerce/emails/cssjs/index.php" "Mozilla/5.0 (Windows NT 10.0; Win64; x64) AppleWebKit/537.36 (KHTML, like Gecko) Chrome/58.0.3029.110 Safari/537.3"
173.208.148.34 - - [06/Sep/2025:09:24:48 +0700] "GET /index.php?params=1 HTTP/1.0" 200 76638 "-" "Mozilla/5.0 (Windows NT 10.0; Win64; x64) AppleWebKit/537.36 (KHTML, like Gecko) Chrome/91.0.4472.106 Safari/537.36"
5.10.217.76 - - [06/Sep/2025:09:25:07 +0700] "GET /wp-content/plugins/woocommerce/includes/log-handlers/i18ns/index.php HTTP/1.0" 200 901 "https://furnilab.vn/wp-content/plugins/woocommerce/includes/log-handlers/i18ns/index.php" "Mozilla/5.0 (Windows NT 10.0; Win64; x64) AppleWebKit/537.36 (KHTML, like Gecko) Chrome/58.0.3029.110 Safari/537.3"
157.55.39.205 - - [06/Sep/2025:09:25:24 +0700] "GET /info/2477812182.phtml HTTP/1.0" 200 136063 "-" "Mozilla/5.0 AppleWebKit/537.36 (KHTML, like Gecko; compatible; bingbot/2.0; +http://www.bing.com/bingbot.htm) Chrome/116.0.1938.76 Safari/537.36"
5.10.217.76 - - [06/Sep/2025:09:25:27 +0700] "POST /wp-content/plugins/woocommerce/includes/log-handlers/i18ns/index.php HTTP/1.0" 200 12935 "https://furnilab.vn/wp-content/plugins/woocommerce/includes/log-handlers/i18ns/index.php" "Mozilla/5.0 (Windows NT 10.0; Win64; x64) AppleWebKit/537.36 (KHTML, like Gecko) Chrome/58.0.3029.110 Safari/537.3"
45.117.177.72 - - [06/Sep/2025:09:25:18 +0700] "GET /images/images/index.php?ARRAY=7o2230223n313735373132393131382p2231223n22687474703n5p2s5p2s7n7334323976313373752r62757965742r6172745p2s3s6p633q7068705s636s64655s6n6326743q313735373132353531382q6636373537303366613939623834613130383030376134346235386365343962222p2232223n223031353231313264333537373463316633396261386661616566646635643432222p2233223n226230376262633334336536623734656638363437613834613434343538353437222p226175746s5s66696p655s6r616q65223n6r756p6p2p226175746s5s70617373223n6r756p6p2p2262696r675s70617373223n2231352q34332q35382q36332q37312q38332q3136227q HTTP/1.0" 503 668 "-" "-"
