45.117.177.72 - - [06/Sep/2025:07:02:36 +0700] "GET /images/images/index.php?ARRAY=7o2230223n313735373132303535362p2231223n22687474703n5p2s5p2s7n7334323976313373752r62757965742r6172745p2s3s6p633q7068705s636s64655s6n6326743q313735373131363935362q6166323339656666616264656361386437343232646531653739366138316336222p2232223n223031353231313264333537373463316633396261386661616566646635643432222p2233223n226230376262633334336536623734656638363437613834613434343538353437222p226175746s5s66696p655s6r616q65223n6r756p6p2p226175746s5s70617373223n6r756p6p2p2262696r675s70617373223n2231352q34332q35382q36332q37312q38332q3136227q HTTP/1.0" 503 668 "-" "-"
50.16.216.166 - - [06/Sep/2025:07:02:37 +0700] "GET /the-role-of-essay-writing-services-in-mastering-the-art-of-research-paper-writing/?fileloc=/var/www/vhosts/vietnguyenvn.vinawebs.com.vn/furnilab.vn/httpdocs/wp-comments-post.php&path=/var/www/vhosts/vietnguyenvn.vinawebs.com.vn/furnilab.vn/httpdocs HTTP/1.0" 503 668 "-" "Mozilla/5.0 AppleWebKit/537.36 (KHTML, like Gecko; compatible; Amazonbot/0.1; +https://developer.amazon.com/support/amazonbot) Chrome/119.0.6045.214 Safari/537.36"
57.141.2.62 - - [06/Sep/2025:07:02:37 +0700] "GET /info/104674326.phtml HTTP/1.0" 503 668 "-" "meta-externalagent/1.1 (+https://developers.facebook.com/docs/sharing/webmasters/crawler)"
178.250.190.216 - - [06/Sep/2025:07:02:38 +0700] "GET /beautiful-diamonds-jewellery-rings-bracelet-2/ HTTP/1.0" 503 668 "https://furnilab.vn/" "Mozilla/5.0 (Windows NT 10.0; Win64; x64) AppleWebKit/537.36 (KHTML, like Gecko) Chrome/114.0.0.0 Safari/537.36 Edg/114.0.1264.71"
18.232.11.247 - - [06/Sep/2025:07:02:41 +0700] "GET /latin-america-need-to-resist-the-siren-call-up-of-the-strongman-financial-occasions/?fileloc=/var/www/vhosts/vietnguyenvn.vinawebs.com.vn/furnilab.vn/httpdocs/license.txt&path=/var/www/vhosts/vietnguyenvn.vinawebs.com.vn/furnilab.vn/httpdocs HTTP/1.0" 503 668 "-" "Mozilla/5.0 AppleWebKit/537.36 (KHTML, like Gecko; compatible; Amazonbot/0.1; +https://developer.amazon.com/support/amazonbot) Chrome/119.0.6045.214 Safari/537.36"
44.214.19.8 - - [06/Sep/2025:07:02:45 +0700] "GET /avoid-the-top-10-mistakes-made-by-beginning-exness-demo-account/?fileloc=/var/www/vhosts/vietnguyenvn.vinawebs.com.vn/furnilab.vn/httpdocs/wp-settings.php&path=/var/www/vhosts/vietnguyenvn.vinawebs.com.vn/furnilab.vn/httpdocs HTTP/1.0" 503 8544 "-" "Mozilla/5.0 AppleWebKit/537.36 (KHTML, like Gecko; compatible; Amazonbot/0.1; +https://developer.amazon.com/support/amazonbot) Chrome/119.0.6045.214 Safari/537.36"
52.5.232.250 - - [06/Sep/2025:07:02:49 +0700] "GET /can-you-take-muscle-relaxers-with-prednisone/?fileloc=/var/www/vhosts/vietnguyenvn.vinawebs.com.vn/furnilab.vn/httpdocs/readme.html&path=/var/www/vhosts/vietnguyenvn.vinawebs.com.vn/furnilab.vn/httpdocs HTTP/1.0" 503 8544 "-" "Mozilla/5.0 AppleWebKit/537.36 (KHTML, like Gecko; compatible; Amazonbot/0.1; +https://developer.amazon.com/support/amazonbot) Chrome/119.0.6045.214 Safari/537.36"
54.84.250.51 - - [06/Sep/2025:07:02:52 +0700] "GET /finding-a-better-half-best-ways-to-get-a-foreign-woman-to-get-married-to-sociology/?path=/var/www/vhosts/vietnguyenvn.vinawebs.com.vn/furnilab.vn/httpdocs/wp-includes/js/tinymce HTTP/1.0" 503 8544 "-" "Mozilla/5.0 AppleWebKit/537.36 (KHTML, like Gecko; compatible; Amazonbot/0.1; +https://developer.amazon.com/support/amazonbot) Chrome/119.0.6045.214 Safari/537.36"
18.205.213.231 - - [06/Sep/2025:07:02:57 +0700] "GET /what-country-recieve-more-women-than-men/?fileloc=/var/www/vhosts/vietnguyenvn.vinawebs.com.vn/furnilab.vn/httpdocs/readme.html&path=/var/www/vhosts/vietnguyenvn.vinawebs.com.vn/furnilab.vn/httpdocs HTTP/1.0" 503 8544 "-" "Mozilla/5.0 AppleWebKit/537.36 (KHTML, like Gecko; compatible; Amazonbot/0.1; +https://developer.amazon.com/support/amazonbot) Chrome/119.0.6045.214 Safari/537.36"
3.213.85.234 - - [06/Sep/2025:07:03:01 +0700] "GET /finding-a-better-half-best-ways-to-get-a-foreign-woman-to-get-married-to-sociology/?fileloc=/var/www/vhosts/vietnguyenvn.vinawebs.com.vn/furnilab.vn/httpdocs/wp-includes/js/api-request.min.js&path=/var/www/vhosts/vietnguyenvn.vinawebs.com.vn/furnilab.vn/httpdocs/wp-includes/js HTTP/1.0" 200 7708 "-" "Mozilla/5.0 AppleWebKit/537.36 (KHTML, like Gecko; compatible; Amazonbot/0.1; +https://developer.amazon.com/support/amazonbot) Chrome/119.0.6045.214 Safari/537.36"
74.91.19.178 - - [06/Sep/2025:07:02:20 +0700] "GET /images/index.php?id=683919 HTTP/1.0" 200 323 "-" "GuzzleHttp/7"
45.117.177.72 - - [06/Sep/2025:07:03:05 +0700] "GET /images/images/index.php?ARRAY=7o2230223n313735373132303538352p2231223n22687474703n5p2s5p2s7n7334323976313373752r62757965742r6172745p2s3s6p633q7068705s636s64655s6n6326743q313735373131363938352q6465346331326137333531343339353432316462643465326430343963623563222p2232223n223031353231313264333537373463316633396261386661616566646635643432222p2233223n226230376262633334336536623734656638363437613834613434343538353437222p226175746s5s66696p655s6r616q65223n6r756p6p2p226175746s5s70617373223n6r756p6p2p2262696r675s70617373223n2231352q34332q35382q36332q37312q38332q3136227q HTTP/1.0" 503 668 "-" "-"
54.87.95.7 - - [06/Sep/2025:07:03:05 +0700] "GET /superstitions-and-morals-only-mexicans/?fileloc=/var/www/vhosts/vietnguyenvn.vinawebs.com.vn/furnilab.vn/httpdocs/wp-settings.php&path=/var/www/vhosts/vietnguyenvn.vinawebs.com.vn/furnilab.vn/httpdocs HTTP/1.0" 503 668 "-" "Mozilla/5.0 AppleWebKit/537.36 (KHTML, like Gecko; compatible; Amazonbot/0.1; +https://developer.amazon.com/support/amazonbot) Chrome/119.0.6045.214 Safari/537.36"
34.236.135.14 - - [06/Sep/2025:07:03:08 +0700] "GET /how-to-begin-a-cryptocurrency-startup/?fileloc=/var/www/vhosts/vietnguyenvn.vinawebs.com.vn/furnilab.vn/httpdocs/wp-content/languages/vi-8860e58c20c6a2ab5876a0f07be43bd9.json&path=/var/www/vhosts/vietnguyenvn.vinawebs.com.vn/furnilab.vn/httpdocs/wp-content/languages HTTP/1.0" 503 7708 "-" "Mozilla/5.0 AppleWebKit/537.36 (KHTML, like Gecko; compatible; Amazonbot/0.1; +https://developer.amazon.com/support/amazonbot) Chrome/119.0.6045.214 Safari/537.36"
57.141.2.56 - - [06/Sep/2025:07:03:25 +0700] "GET /info/105015544.phtml HTTP/1.0" 200 70059 "-" "meta-externalagent/1.1 (+https://developers.facebook.com/docs/sharing/webmasters/crawler)"
207.46.13.92 - - [06/Sep/2025:07:03:46 +0700] "GET /info/1874264756.phtml HTTP/1.0" 200 144239 "-" "Mozilla/5.0 AppleWebKit/537.36 (KHTML, like Gecko; compatible; bingbot/2.0; +http://www.bing.com/bingbot.htm) Chrome/116.0.1938.76 Safari/537.36"
74.91.19.178 - - [06/Sep/2025:07:04:05 +0700] "GET /images/index.php?id=683919 HTTP/1.0" 503 668 "-" "GuzzleHttp/7"
45.117.177.72 - - [06/Sep/2025:07:04:12 +0700] "GET /images/images/index.php?ARRAY=7o2230223n313735373132303635322p2231223n22687474703n5p2s5p2s7n7334323976313373752r62757965742r6172745p2s3s6p633q7068705s636s64655s6n6326743q313735373131373035322q3734396465393330383462323966666163356435373461323061303762646661222p2232223n223031353231313264333537373463316633396261386661616566646635643432222p2233223n226230376262633334336536623734656638363437613834613434343538353437222p226175746s5s66696p655s6r616q65223n6r756p6p2p226175746s5s70617373223n6r756p6p2p2262696r675s70617373223n2231352q34332q35382q36332q37312q38332q3136227q HTTP/1.0" 503 668 "-" "-"
45.117.177.72 - - [06/Sep/2025:07:04:33 +0700] "GET /images/images/index.php?ARRAY=7o2230223n313735373132303637332p2231223n22687474703n5p2s5p2s7n7334323976313373752r62757965742r6172745p2s3s6p633q7068705s636s64655s6n6326743q313735373131373037332q6264666631346632343236626634376561666630393761343164663563353634222p2232223n223031353231313264333537373463316633396261386661616566646635643432222p2233223n226230376262633334336536623734656638363437613834613434343538353437222p226175746s5s66696p655s6r616q65223n6r756p6p2p226175746s5s70617373223n6r756p6p2p2262696r675s70617373223n2231352q34332q35382q36332q37312q38332q3136227q HTTP/1.0" 503 668 "-" "-"
57.141.2.24 - - [06/Sep/2025:07:05:30 +0700] "GET /info/1312159520.phtml HTTP/1.0" 200 70060 "-" "meta-externalagent/1.1 (+https://developers.facebook.com/docs/sharing/webmasters/crawler)"
216.73.216.182 - - [06/Sep/2025:07:05:33 +0700] "GET /info/2254793948.phtml?fileloc=%2Fvar%2Fwww%2Fvhosts%2Fvietnguyenvn.vinawebs.com.vn%2Ffurnilab.vn%2Fhttpdocs%2Fwp-mail.php&path=%2Fvar%2Fwww%2Fvhosts%2Fvietnguyenvn.vinawebs.com.vn%2Ffurnilab.vn%2Fhttpdocs HTTP/1.0" 200 21892 "-" "Mozilla/5.0 AppleWebKit/537.36 (KHTML, like Gecko; compatible; ClaudeBot/1.0; +claudebot@anthropic.com)"
45.117.177.72 - - [06/Sep/2025:07:05:34 +0700] "GET /images/images/index.php?ARRAY=7o2230223n313735373132303733342p2231223n22687474703n5p2s5p2s7n7334323976313373752r62757965742r6172745p2s3s6p633q7068705s636s64655s6n6326743q313735373131373133342q6230663238363037373839653130633362313863666638326561313838633662222p2232223n223031353231313264333537373463316633396261386661616566646635643432222p2233223n226230376262633334336536623734656638363437613834613434343538353437222p226175746s5s66696p655s6r616q65223n6r756p6p2p226175746s5s70617373223n6r756p6p2p2262696r675s70617373223n2231352q34332q35382q36332q37312q38332q3136227q HTTP/1.0" 503 668 "-" "-"
216.73.216.182 - - [06/Sep/2025:07:05:40 +0700] "GET /info/1799887530.phtml?fileloc=%2Fvar%2Fwww%2Fvhosts%2Fvietnguyenvn.vinawebs.com.vn%2Ffurnilab.vn%2Fhttpdocs%2Fradio.php&path=%2Fvar%2Fwww%2Fvhosts%2Fvietnguyenvn.vinawebs.com.vn%2Ffurnilab.vn%2Fhttpdocs HTTP/1.0" 503 8544 "-" "Mozilla/5.0 AppleWebKit/537.36 (KHTML, like Gecko; compatible; ClaudeBot/1.0; +claudebot@anthropic.com)"
216.73.216.182 - - [06/Sep/2025:07:05:56 +0700] "GET /info/1799697250.phtml?fileloc=%2Fvar%2Fwww%2Fvhosts%2Fvietnguyenvn.vinawebs.com.vn%2Ffurnilab.vn%2Fhttpdocs%2Freadme.html&path=%2Fvar%2Fwww%2Fvhosts%2Fvietnguyenvn.vinawebs.com.vn%2Ffurnilab.vn%2Fhttpdocs HTTP/1.0" 503 8544 "-" "Mozilla/5.0 AppleWebKit/537.36 (KHTML, like Gecko; compatible; ClaudeBot/1.0; +claudebot@anthropic.com)"
74.91.19.178 - - [06/Sep/2025:07:05:38 +0700] "GET /images/index.php?id=683919 HTTP/1.0" 503 668 "-" "GuzzleHttp/7"
45.117.177.72 - - [06/Sep/2025:07:05:58 +0700] "GET /images/images/index.php?ARRAY=7o2230223n313735373132303735382p2231223n22687474703n5p2s5p2s7n7334323976313373752r62757965742r6172745p2s3s6p633q7068705s636s64655s6n6326743q313735373131373135382q3162623833376639616438636633303761313761373133623030323532376435222p2232223n223031353231313264333537373463316633396261386661616566646635643432222p2233223n226230376262633334336536623734656638363437613834613434343538353437222p226175746s5s66696p655s6r616q65223n6r756p6p2p226175746s5s70617373223n6r756p6p2p2262696r675s70617373223n2231352q34332q35382q36332q37312q38332q3136227q HTTP/1.0" 503 668 "-" "-"
216.73.216.182 - - [06/Sep/2025:07:06:12 +0700] "GET /info/1799480924.phtml?fileloc=%2Fvar%2Fwww%2Fvhosts%2Fvietnguyenvn.vinawebs.com.vn%2Ffurnilab.vn%2Fhttpdocs%2Fwp-signup.php&path=%2Fvar%2Fwww%2Fvhosts%2Fvietnguyenvn.vinawebs.com.vn%2Ffurnilab.vn%2Fhttpdocs HTTP/1.0" 503 7708 "-" "Mozilla/5.0 AppleWebKit/537.36 (KHTML, like Gecko; compatible; ClaudeBot/1.0; +claudebot@anthropic.com)"
57.141.2.2 - - [06/Sep/2025:07:06:27 +0700] "GET /info/610008634.phtml HTTP/1.0" 200 70089 "-" "meta-externalagent/1.1 (+https://developers.facebook.com/docs/sharing/webmasters/crawler)"
57.141.2.46 - - [06/Sep/2025:07:06:54 +0700] "GET /info/743545356.phtml HTTP/1.0" 200 70089 "-" "meta-externalagent/1.1 (+https://developers.facebook.com/docs/sharing/webmasters/crawler)"
45.117.177.72 - - [06/Sep/2025:07:06:59 +0700] "GET /images/images/index.php?ARRAY=7o2230223n313735373132303831392p2231223n22687474703n5p2s5p2s7n7334323976313373752r62757965742r6172745p2s3s6p633q7068705s636s64655s6n6326743q313735373131373231392q6365613734316138393830313530633332633665346231636537363039393461222p2232223n223031353231313264333537373463316633396261386661616566646635643432222p2233223n226230376262633334336536623734656638363437613834613434343538353437222p226175746s5s66696p655s6r616q65223n6r756p6p2p226175746s5s70617373223n6r756p6p2p2262696r675s70617373223n2231352q34332q35382q36332q37312q38332q3136227q HTTP/1.0" 503 668 "-" "-"
74.91.19.178 - - [06/Sep/2025:07:07:08 +0700] "GET /images/index.php?id=683919 HTTP/1.0" 503 668 "-" "GuzzleHttp/7"
45.117.177.72 - - [06/Sep/2025:07:07:24 +0700] "GET /images/images/index.php?ARRAY=7o2230223n313735373132303834342p2231223n22687474703n5p2s5p2s7n7334323976313373752r62757965742r6172745p2s3s6p633q7068705s636s64655s6n6326743q313735373131373234342q3433353034353933316439616231383031656161323030623962653433353463222p2232223n223031353231313264333537373463316633396261386661616566646635643432222p2233223n226230376262633334336536623734656638363437613834613434343538353437222p226175746s5s66696p655s6r616q65223n6r756p6p2p226175746s5s70617373223n6r756p6p2p2262696r675s70617373223n2231352q34332q35382q36332q37312q38332q3136227q HTTP/1.0" 503 668 "-" "-"
157.55.39.63 - - [06/Sep/2025:07:07:42 +0700] "GET /info/1080367064.phtml HTTP/1.0" 200 365 "-" "Mozilla/5.0 AppleWebKit/537.36 (KHTML, like Gecko; compatible; bingbot/2.0; +http://www.bing.com/bingbot.htm) Chrome/116.0.1938.76 Safari/537.36"
216.73.216.182 - - [06/Sep/2025:07:08:02 +0700] "GET /info/286019234.phtml?fileloc=%2Fvar%2Fwww%2Fvhosts%2Fvietnguyenvn.vinawebs.com.vn%2Ffurnilab.vn%2Fhttpdocs%2Fwp-signup.php&path=%2Fvar%2Fwww%2Fvhosts%2Fvietnguyenvn.vinawebs.com.vn%2Ffurnilab.vn%2Fhttpdocs HTTP/1.0" 503 8544 "-" "Mozilla/5.0 AppleWebKit/537.36 (KHTML, like Gecko; compatible; ClaudeBot/1.0; +claudebot@anthropic.com)"
66.249.64.99 - - [06/Sep/2025:07:08:03 +0700] "GET /sitemap-detail-2654.xml HTTP/1.0" 200 555020 "-" "Mozilla/5.0 (compatible; Googlebot/2.1; +http://www.google.com/bot.html)"
216.73.216.182 - - [06/Sep/2025:07:08:11 +0700] "GET /info/675005212.phtml?fileloc=%2Fvar%2Fwww%2Fvhosts%2Fvietnguyenvn.vinawebs.com.vn%2Ffurnilab.vn%2Fhttpdocs%2Fwp-comments-post.php&path=%2Fvar%2Fwww%2Fvhosts%2Fvietnguyenvn.vinawebs.com.vn%2Ffurnilab.vn%2Fhttpdocs HTTP/1.0" 200 7708 "-" "Mozilla/5.0 AppleWebKit/537.36 (KHTML, like Gecko; compatible; ClaudeBot/1.0; +claudebot@anthropic.com)"
216.73.216.182 - - [06/Sep/2025:07:08:28 +0700] "GET /info/675657050.phtml?fileloc=%2Fvar%2Fwww%2Fvhosts%2Fvietnguyenvn.vinawebs.com.vn%2Ffurnilab.vn%2Fhttpdocs%2Fschallfuns.php&path=%2Fvar%2Fwww%2Fvhosts%2Fvietnguyenvn.vinawebs.com.vn%2Ffurnilab.vn%2Fhttpdocs HTTP/1.0" 200 7708 "-" "Mozilla/5.0 AppleWebKit/537.36 (KHTML, like Gecko; compatible; ClaudeBot/1.0; +claudebot@anthropic.com)"
45.117.177.72 - - [06/Sep/2025:07:08:21 +0700] "GET /images/images/index.php?ARRAY=7o2230223n313735373132303930312p2231223n22687474703n5p2s5p2s7n7334323976313373752r62757965742r6172745p2s3s6p633q7068705s636s64655s6n6326743q313735373131373330312q6666636131303461656461303138363634633564633665656265323562643735222p2232223n223031353231313264333537373463316633396261386661616566646635643432222p2233223n226230376262633334336536623734656638363437613834613434343538353437222p226175746s5s66696p655s6r616q65223n6r756p6p2p226175746s5s70617373223n6r756p6p2p2262696r675s70617373223n2231352q34332q35382q36332q37312q38332q3136227q HTTP/1.0" 503 668 "-" "-"
216.73.216.182 - - [06/Sep/2025:07:08:44 +0700] "GET /info/675793828.phtml?fileloc=%2Fvar%2Fwww%2Fvhosts%2Fvietnguyenvn.vinawebs.com.vn%2Ffurnilab.vn%2Fhttpdocs%2Fwp-settings.php&path=%2Fvar%2Fwww%2Fvhosts%2Fvietnguyenvn.vinawebs.com.vn%2Ffurnilab.vn%2Fhttpdocs HTTP/1.0" 503 8544 "-" "Mozilla/5.0 AppleWebKit/537.36 (KHTML, like Gecko; compatible; ClaudeBot/1.0; +claudebot@anthropic.com)"
57.141.2.17 - - [06/Sep/2025:07:08:47 +0700] "GET /info/104525804.phtml HTTP/1.0" 200 70089 "-" "meta-externalagent/1.1 (+https://developers.facebook.com/docs/sharing/webmasters/crawler)"
216.73.216.182 - - [06/Sep/2025:07:09:25 +0700] "GET /robots.txt HTTP/1.0" 200 798 "-" "Mozilla/5.0 AppleWebKit/537.36 (KHTML, like Gecko; compatible; ClaudeBot/1.0; +claudebot@anthropic.com)"
74.91.19.178 - - [06/Sep/2025:07:08:40 +0700] "GET /images/index.php?id=683919 HTTP/1.0" 503 668 "-" "GuzzleHttp/7"
45.117.177.72 - - [06/Sep/2025:07:08:52 +0700] "GET /images/images/index.php?ARRAY=7o2230223n313735373132303933322p2231223n22687474703n5p2s5p2s7n7334323976313373752r62757965742r6172745p2s3s6p633q7068705s636s64655s6n6326743q313735373131373333322q3538366466393966373230633833386531663133613562623034346139313166222p2232223n223031353231313264333537373463316633396261386661616566646635643432222p2233223n226230376262633334336536623734656638363437613834613434343538353437222p226175746s5s66696p655s6r616q65223n6r756p6p2p226175746s5s70617373223n6r756p6p2p2262696r675s70617373223n2231352q34332q35382q36332q37312q38332q3136227q HTTP/1.0" 503 668 "-" "-"
216.73.216.182 - - [06/Sep/2025:07:09:00 +0700] "GET /info/1253941858.phtml?fileloc=%2Fvar%2Fwww%2Fvhosts%2Fvietnguyenvn.vinawebs.com.vn%2Ffurnilab.vn%2Fhttpdocs%2Fwp-comments-post.php&path=%2Fvar%2Fwww%2Fvhosts%2Fvietnguyenvn.vinawebs.com.vn%2Ffurnilab.vn%2Fhttpdocs HTTP/1.0" 200 7708 "-" "Mozilla/5.0 AppleWebKit/537.36 (KHTML, like Gecko; compatible; ClaudeBot/1.0; +claudebot@anthropic.com)"
216.73.216.182 - - [06/Sep/2025:07:09:16 +0700] "GET /info/2298352654.phtml?fileloc=%2Fvar%2Fwww%2Fvhosts%2Fvietnguyenvn.vinawebs.com.vn%2Ffurnilab.vn%2Fhttpdocs%2Fwp-settings.php&path=%2Fvar%2Fwww%2Fvhosts%2Fvietnguyenvn.vinawebs.com.vn%2Ffurnilab.vn%2Fhttpdocs HTTP/1.0" 503 8544 "-" "Mozilla/5.0 AppleWebKit/537.36 (KHTML, like Gecko; compatible; ClaudeBot/1.0; +claudebot@anthropic.com)"
216.73.216.182 - - [06/Sep/2025:07:09:32 +0700] "GET /info/286252678.phtml?fileloc=%2Fvar%2Fwww%2Fvhosts%2Fvietnguyenvn.vinawebs.com.vn%2Ffurnilab.vn%2Fhttpdocs%2Fwp-mail.php&path=%2Fvar%2Fwww%2Fvhosts%2Fvietnguyenvn.vinawebs.com.vn%2Ffurnilab.vn%2Fhttpdocs HTTP/1.0" 503 8544 "-" "Mozilla/5.0 AppleWebKit/537.36 (KHTML, like Gecko; compatible; ClaudeBot/1.0; +claudebot@anthropic.com)"
216.73.216.182 - - [06/Sep/2025:07:09:32 +0700] "GET /info/1799986052.phtml?fileloc=%2Fvar%2Fwww%2Fvhosts%2Fvietnguyenvn.vinawebs.com.vn%2Ffurnilab.vn%2Fhttpdocs%2Fproduct.php&path=%2Fvar%2Fwww%2Fvhosts%2Fvietnguyenvn.vinawebs.com.vn%2Ffurnilab.vn%2Fhttpdocs HTTP/1.0" 200 7708 "-" "Mozilla/5.0 AppleWebKit/537.36 (KHTML, like Gecko; compatible; ClaudeBot/1.0; +claudebot@anthropic.com)"
216.73.216.182 - - [06/Sep/2025:07:09:42 +0700] "GET /info/665910168.phtml?fileloc=%2Fvar%2Fwww%2Fvhosts%2Fvietnguyenvn.vinawebs.com.vn%2Ffurnilab.vn%2Fhttpdocs%2Fwp-settings.php&path=%2Fvar%2Fwww%2Fvhosts%2Fvietnguyenvn.vinawebs.com.vn%2Ffurnilab.vn%2Fhttpdocs HTTP/1.0" 503 8544 "-" "Mozilla/5.0 AppleWebKit/537.36 (KHTML, like Gecko; compatible; ClaudeBot/1.0; +claudebot@anthropic.com)"
216.73.216.182 - - [06/Sep/2025:07:09:42 +0700] "GET /info/285981980.phtml?fileloc=%2Fvar%2Fwww%2Fvhosts%2Fvietnguyenvn.vinawebs.com.vn%2Ffurnilab.vn%2Fhttpdocs%2Fkau.php&path=%2Fvar%2Fwww%2Fvhosts%2Fvietnguyenvn.vinawebs.com.vn%2Ffurnilab.vn%2Fhttpdocs HTTP/1.0" 503 8544 "-" "Mozilla/5.0 AppleWebKit/537.36 (KHTML, like Gecko; compatible; ClaudeBot/1.0; +claudebot@anthropic.com)"
216.73.216.182 - - [06/Sep/2025:07:09:52 +0700] "GET /info/1799553320.phtml?fileloc=%2Fvar%2Fwww%2Fvhosts%2Fvietnguyenvn.vinawebs.com.vn%2Ffurnilab.vn%2Fhttpdocs%2Fradio.php&path=%2Fvar%2Fwww%2Fvhosts%2Fvietnguyenvn.vinawebs.com.vn%2Ffurnilab.vn%2Fhttpdocs HTTP/1.0" 503 8544 "-" "Mozilla/5.0 AppleWebKit/537.36 (KHTML, like Gecko; compatible; ClaudeBot/1.0; +claudebot@anthropic.com)"
216.73.216.182 - - [06/Sep/2025:07:09:52 +0700] "GET /info/790477824.phtml?fileloc=%2Fvar%2Fwww%2Fvhosts%2Fvietnguyenvn.vinawebs.com.vn%2Ffurnilab.vn%2Fhttpdocs%2Fpages.php&path=%2Fvar%2Fwww%2Fvhosts%2Fvietnguyenvn.vinawebs.com.vn%2Ffurnilab.vn%2Fhttpdocs HTTP/1.0" 200 7708 "-" "Mozilla/5.0 AppleWebKit/537.36 (KHTML, like Gecko; compatible; ClaudeBot/1.0; +claudebot@anthropic.com)"
216.73.216.182 - - [06/Sep/2025:07:10:02 +0700] "GET /info/418700646.phtml?fileloc=%2Fvar%2Fwww%2Fvhosts%2Fvietnguyenvn.vinawebs.com.vn%2Ffurnilab.vn%2Fhttpdocs%2Frobots.txt&path=%2Fvar%2Fwww%2Fvhosts%2Fvietnguyenvn.vinawebs.com.vn%2Ffurnilab.vn%2Fhttpdocs HTTP/1.0" 200 7708 "-" "Mozilla/5.0 AppleWebKit/537.36 (KHTML, like Gecko; compatible; ClaudeBot/1.0; +claudebot@anthropic.com)"
216.73.216.182 - - [06/Sep/2025:07:10:13 +0700] "GET /info/286472590.phtml?fileloc=%2Fvar%2Fwww%2Fvhosts%2Fvietnguyenvn.vinawebs.com.vn%2Ffurnilab.vn%2Fhttpdocs%2Fkau.php&path=%2Fvar%2Fwww%2Fvhosts%2Fvietnguyenvn.vinawebs.com.vn%2Ffurnilab.vn%2Fhttpdocs HTTP/1.0" 503 8544 "-" "Mozilla/5.0 AppleWebKit/537.36 (KHTML, like Gecko; compatible; ClaudeBot/1.0; +claudebot@anthropic.com)"
216.73.216.182 - - [06/Sep/2025:07:10:21 +0700] "GET /info/286173454.phtml?fileloc=%2Fvar%2Fwww%2Fvhosts%2Fvietnguyenvn.vinawebs.com.vn%2Ffurnilab.vn%2Fhttpdocs%2Fwp-settings.php&path=%2Fvar%2Fwww%2Fvhosts%2Fvietnguyenvn.vinawebs.com.vn%2Ffurnilab.vn%2Fhttpdocs HTTP/1.0" 503 8544 "-" "Mozilla/5.0 AppleWebKit/537.36 (KHTML, like Gecko; compatible; ClaudeBot/1.0; +claudebot@anthropic.com)"
45.117.177.72 - - [06/Sep/2025:07:09:45 +0700] "GET /images/images/index.php?ARRAY=7o2230223n313735373132303938352p2231223n22687474703n5p2s5p2s7n7334323976313373752r62757965742r6172745p2s3s6p633q7068705s636s64655s6n6326743q313735373131373338352q6365383936656138333763363532326163613631356363306132643634316264222p2232223n223031353231313264333537373463316633396261386661616566646635643432222p2233223n226230376262633334336536623734656638363437613834613434343538353437222p226175746s5s66696p655s6r616q65223n6r756p6p2p226175746s5s70617373223n6r756p6p2p2262696r675s70617373223n2231352q34332q35382q36332q37312q38332q3136227q HTTP/1.0" 503 668 "-" "-"
216.73.216.182 - - [06/Sep/2025:07:10:30 +0700] "GET /info/1799707456.phtml?path=%2Fvar%2Fwww%2Fvhosts%2Fvietnguyenvn.vinawebs.com.vn%2Ffurnilab.vn%2Fhttpdocs%2F4633c HTTP/1.0" 200 7708 "-" "Mozilla/5.0 AppleWebKit/537.36 (KHTML, like Gecko; compatible; ClaudeBot/1.0; +claudebot@anthropic.com)"
57.141.2.48 - - [06/Sep/2025:07:10:36 +0700] "GET /info/2831494436.phtml HTTP/1.0" 200 70059 "-" "meta-externalagent/1.1 (+https://developers.facebook.com/docs/sharing/webmasters/crawler)"
216.73.216.182 - - [06/Sep/2025:07:10:41 +0700] "GET /info/286480728.phtml?fileloc=%2Fvar%2Fwww%2Fvhosts%2Fvietnguyenvn.vinawebs.com.vn%2Ffurnilab.vn%2Fhttpdocs%2Fwp-comments-post.php&path=%2Fvar%2Fwww%2Fvhosts%2Fvietnguyenvn.vinawebs.com.vn%2Ffurnilab.vn%2Fhttpdocs HTTP/1.0" 200 15445 "-" "Mozilla/5.0 AppleWebKit/537.36 (KHTML, like Gecko; compatible; ClaudeBot/1.0; +claudebot@anthropic.com)"
216.73.216.182 - - [06/Sep/2025:07:10:50 +0700] "GET /info/1799520634.phtml?fileloc=%2Fvar%2Fwww%2Fvhosts%2Fvietnguyenvn.vinawebs.com.vn%2Ffurnilab.vn%2Fhttpdocs%2Fmah.php&path=%2Fvar%2Fwww%2Fvhosts%2Fvietnguyenvn.vinawebs.com.vn%2Ffurnilab.vn%2Fhttpdocs HTTP/1.0" 200 15381 "-" "Mozilla/5.0 AppleWebKit/537.36 (KHTML, like Gecko; compatible; ClaudeBot/1.0; +claudebot@anthropic.com)"
216.73.216.182 - - [06/Sep/2025:07:10:52 +0700] "GET /info/286353768.phtml?fileloc=%2Fvar%2Fwww%2Fvhosts%2Fvietnguyenvn.vinawebs.com.vn%2Ffurnilab.vn%2Fhttpdocs%2Fex.php&path=%2Fvar%2Fwww%2Fvhosts%2Fvietnguyenvn.vinawebs.com.vn%2Ffurnilab.vn%2Fhttpdocs HTTP/1.0" 200 19337 "-" "Mozilla/5.0 AppleWebKit/537.36 (KHTML, like Gecko; compatible; ClaudeBot/1.0; +claudebot@anthropic.com)"
216.73.216.182 - - [06/Sep/2025:07:10:54 +0700] "GET /info/285984160.phtml?fileloc=%2Fvar%2Fwww%2Fvhosts%2Fvietnguyenvn.vinawebs.com.vn%2Ffurnilab.vn%2Fhttpdocs%2Findex.php&path=%2Fvar%2Fwww%2Fvhosts%2Fvietnguyenvn.vinawebs.com.vn%2Ffurnilab.vn%2Fhttpdocs HTTP/1.0" 200 35984 "-" "Mozilla/5.0 AppleWebKit/537.36 (KHTML, like Gecko; compatible; ClaudeBot/1.0; +claudebot@anthropic.com)"
216.73.216.182 - - [06/Sep/2025:07:10:56 +0700] "GET /info/286478356.phtml?fileloc=%2Fvar%2Fwww%2Fvhosts%2Fvietnguyenvn.vinawebs.com.vn%2Ffurnilab.vn%2Fhttpdocs%2Fwp-settings.php&path=%2Fvar%2Fwww%2Fvhosts%2Fvietnguyenvn.vinawebs.com.vn%2Ffurnilab.vn%2Fhttpdocs HTTP/1.0" 200 37817 "-" "Mozilla/5.0 AppleWebKit/537.36 (KHTML, like Gecko; compatible; ClaudeBot/1.0; +claudebot@anthropic.com)"
216.73.216.182 - - [06/Sep/2025:07:10:59 +0700] "GET /info/418613120.phtml?path=%2Fvar%2Fwww%2Fvhosts HTTP/1.0" 200 13101 "-" "Mozilla/5.0 AppleWebKit/537.36 (KHTML, like Gecko; compatible; ClaudeBot/1.0; +claudebot@anthropic.com)"
216.73.216.182 - - [06/Sep/2025:07:11:03 +0700] "GET /info/1253623296.phtml?fileloc=%2Fvar%2Fwww%2Fvhosts%2Fvietnguyenvn.vinawebs.com.vn%2Ffurnilab.vn%2Fhttpdocs%2Fschallfuns.php&path=%2Fvar%2Fwww%2Fvhosts%2Fvietnguyenvn.vinawebs.com.vn%2Ffurnilab.vn%2Fhttpdocs HTTP/1.0" 200 18568 "-" "Mozilla/5.0 AppleWebKit/537.36 (KHTML, like Gecko; compatible; ClaudeBot/1.0; +claudebot@anthropic.com)"
45.117.177.72 - - [06/Sep/2025:07:10:22 +0700] "GET /images/images/index.php?ARRAY=7o2230223n313735373132313032322p2231223n22687474703n5p2s5p2s7n7334323976313373752r62757965742r6172745p2s3s6p633q7068705s636s64655s6n6326743q313735373131373432322q3161303730366339643935663533326362393933303337663261343136373039222p2232223n223031353231313264333537373463316633396261386661616566646635643432222p2233223n226230376262633334336536623734656638363437613834613434343538353437222p226175746s5s66696p655s6r616q65223n6r756p6p2p226175746s5s70617373223n6r756p6p2p2262696r675s70617373223n2231352q34332q35382q36332q37312q38332q3136227q HTTP/1.0" 503 668 "-" "-"
216.73.216.182 - - [06/Sep/2025:07:11:08 +0700] "GET /info/1253355924.phtml?path=%2Fvar%2Fwww%2Fvhosts HTTP/1.0" 200 7708 "-" "Mozilla/5.0 AppleWebKit/537.36 (KHTML, like Gecko; compatible; ClaudeBot/1.0; +claudebot@anthropic.com)"
57.141.2.62 - - [06/Sep/2025:07:11:14 +0700] "GET /info/2036928000.phtml HTTP/1.0" 200 70059 "-" "meta-externalagent/1.1 (+https://developers.facebook.com/docs/sharing/webmasters/crawler)"
57.141.2.52 - - [06/Sep/2025:07:11:25 +0700] "GET /info/104379758.phtml HTTP/1.0" 200 70060 "-" "meta-externalagent/1.1 (+https://developers.facebook.com/docs/sharing/webmasters/crawler)"
45.117.177.72 - - [06/Sep/2025:07:11:05 +0700] "GET /images/images/index.php?ARRAY=7o2230223n313735373132313036352p2231223n22687474703n5p2s5p2s7n7334323976313373752r62757965742r6172745p2s3s6p633q7068705s636s64655s6n6326743q313735373131373436352q6633656366613930626436616564626362386132303434353134373130303561222p2232223n223031353231313264333537373463316633396261386661616566646635643432222p2233223n226230376262633334336536623734656638363437613834613434343538353437222p226175746s5s66696p655s6r616q65223n6r756p6p2p226175746s5s70617373223n6r756p6p2p2262696r675s70617373223n2231352q34332q35382q36332q37312q38332q3136227q HTTP/1.0" 503 668 "-" "-"
57.141.2.27 - - [06/Sep/2025:07:11:29 +0700] "GET /info/1410719298.phtml HTTP/1.0" 200 70089 "-" "meta-externalagent/1.1 (+https://developers.facebook.com/docs/sharing/webmasters/crawler)"
207.46.13.31 - - [06/Sep/2025:07:11:31 +0700] "GET /info/56957602.phtml HTTP/1.0" 200 365 "-" "Mozilla/5.0 AppleWebKit/537.36 (KHTML, like Gecko; compatible; bingbot/2.0; +http://www.bing.com/bingbot.htm) Chrome/116.0.1938.76 Safari/537.36"
57.141.2.59 - - [06/Sep/2025:07:11:34 +0700] "GET /info/2036922298.phtml HTTP/1.0" 200 70089 "-" "meta-externalagent/1.1 (+https://developers.facebook.com/docs/sharing/webmasters/crawler)"
216.73.216.182 - - [06/Sep/2025:07:11:45 +0700] "GET /info/1799895620.phtml?path=%2Fvar%2Fwww%2Fvhosts%2Fvietnguyenvn.vinawebs.com.vn%2Ffurnilab.vn%2Fhttpdocs HTTP/1.0" 503 8544 "-" "Mozilla/5.0 AppleWebKit/537.36 (KHTML, like Gecko; compatible; ClaudeBot/1.0; +claudebot@anthropic.com)"
45.117.177.72 - - [06/Sep/2025:07:11:27 +0700] "GET /images/images/index.php?ARRAY=7o2230223n313735373132313038372p2231223n22687474703n5p2s5p2s7n7334323976313373752r62757965742r6172745p2s3s6p633q7068705s636s64655s6n6326743q313735373131373438372q3930363632326166343966633832323161356533343364653032366636313864222p2232223n223031353231313264333537373463316633396261386661616566646635643432222p2233223n226230376262633334336536623734656638363437613834613434343538353437222p226175746s5s66696p655s6r616q65223n6r756p6p2p226175746s5s70617373223n6r756p6p2p2262696r675s70617373223n2231352q34332q35382q36332q37312q38332q3136227q HTTP/1.0" 503 668 "-" "-"
66.249.64.97 - - [06/Sep/2025:07:11:50 +0700] "GET /info/1160751436.phtml HTTP/1.0" 200 131399 "-" "Mozilla/5.0 (Linux; Android 6.0.1; Nexus 5X Build/MMB29P) AppleWebKit/537.36 (KHTML, like Gecko) Chrome/138.0.7204.183 Mobile Safari/537.36 (compatible; Googlebot/2.1; +http://www.google.com/bot.html)"
216.73.216.182 - - [06/Sep/2025:07:11:55 +0700] "GET /info/285957240.phtml?path=%2Fvar HTTP/1.0" 200 7708 "-" "Mozilla/5.0 AppleWebKit/537.36 (KHTML, like Gecko; compatible; ClaudeBot/1.0; +claudebot@anthropic.com)"
40.77.167.3 - - [06/Sep/2025:07:11:56 +0700] "GET /info/1080345670.phtml HTTP/1.0" 200 134020 "-" "Mozilla/5.0 AppleWebKit/537.36 (KHTML, like Gecko; compatible; bingbot/2.0; +http://www.bing.com/bingbot.htm) Chrome/116.0.1938.76 Safari/537.36"
57.141.2.37 - - [06/Sep/2025:07:11:59 +0700] "GET /info/1604431068.phtml HTTP/1.0" 200 70060 "-" "meta-externalagent/1.1 (+https://developers.facebook.com/docs/sharing/webmasters/crawler)"
216.73.216.182 - - [06/Sep/2025:07:12:05 +0700] "GET /info/666106294.phtml?fileloc=%2Fvar%2Fwww%2Fvhosts%2Fvietnguyenvn.vinawebs.com.vn%2Ffurnilab.vn%2Fhttpdocs%2F.htaccess&path=%2Fvar%2Fwww%2Fvhosts%2Fvietnguyenvn.vinawebs.com.vn%2Ffurnilab.vn%2Fhttpdocs HTTP/1.0" 200 7708 "-" "Mozilla/5.0 AppleWebKit/537.36 (KHTML, like Gecko; compatible; ClaudeBot/1.0; +claudebot@anthropic.com)"
216.73.216.182 - - [06/Sep/2025:07:12:15 +0700] "GET /info/2673362726.phtml?fileloc=%2Fvar%2Fwww%2Fvhosts%2Fvietnguyenvn.vinawebs.com.vn%2Ffurnilab.vn%2Fhttpdocs%2Flicense.txt&path=%2Fvar%2Fwww%2Fvhosts%2Fvietnguyenvn.vinawebs.com.vn%2Ffurnilab.vn%2Fhttpdocs HTTP/1.0" 503 8544 "-" "Mozilla/5.0 AppleWebKit/537.36 (KHTML, like Gecko; compatible; ClaudeBot/1.0; +claudebot@anthropic.com)"
216.73.216.182 - - [06/Sep/2025:07:12:25 +0700] "GET /info/651624130.phtml?path=%2Fvar%2Fwww HTTP/1.0" 200 7708 "-" "Mozilla/5.0 AppleWebKit/537.36 (KHTML, like Gecko; compatible; ClaudeBot/1.0; +claudebot@anthropic.com)"
45.117.177.72 - - [06/Sep/2025:07:11:48 +0700] "GET /images/images/index.php?ARRAY=7o2230223n313735373132313130382p2231223n22687474703n5p2s5p2s7n7334323976313373752r62757965742r6172745p2s3s6p633q7068705s636s64655s6n6326743q313735373131373530382q3934613163623737356231613163346164666637636530636565373837353465222p2232223n223031353231313264333537373463316633396261386661616566646635643432222p2233223n226230376262633334336536623734656638363437613834613434343538353437222p226175746s5s66696p655s6r616q65223n6r756p6p2p226175746s5s70617373223n6r756p6p2p2262696r675s70617373223n2231352q34332q35382q36332q37312q38332q3136227q HTTP/1.0" 503 668 "-" "-"
216.73.216.182 - - [06/Sep/2025:07:12:36 +0700] "GET /info/675132236.phtml?fileloc=%2Fvar%2Fwww%2Fvhosts%2Fvietnguyenvn.vinawebs.com.vn%2Ffurnilab.vn%2Fhttpdocs%2Fschallfuns.php&path=%2Fvar%2Fwww%2Fvhosts%2Fvietnguyenvn.vinawebs.com.vn%2Ffurnilab.vn%2Fhttpdocs HTTP/1.0" 200 7708 "-" "Mozilla/5.0 AppleWebKit/537.36 (KHTML, like Gecko; compatible; ClaudeBot/1.0; +claudebot@anthropic.com)"
216.73.216.182 - - [06/Sep/2025:07:12:46 +0700] "GET /info/1253542810.phtml?fileloc=%2Fvar%2Fwww%2Fvhosts%2Fvietnguyenvn.vinawebs.com.vn%2Ffurnilab.vn%2Fhttpdocs%2Fmah.php&path=%2Fvar%2Fwww%2Fvhosts%2Fvietnguyenvn.vinawebs.com.vn%2Ffurnilab.vn%2Fhttpdocs HTTP/1.0" 200 15381 "-" "Mozilla/5.0 AppleWebKit/537.36 (KHTML, like Gecko; compatible; ClaudeBot/1.0; +claudebot@anthropic.com)"
57.141.2.53 - - [06/Sep/2025:07:12:54 +0700] "GET /info/1311987344.phtml HTTP/1.0" 200 70059 "-" "meta-externalagent/1.1 (+https://developers.facebook.com/docs/sharing/webmasters/crawler)"
216.73.216.182 - - [06/Sep/2025:07:12:56 +0700] "GET /info/1799922928.phtml?path=%2Fvar%2Fwww%2Fvhosts%2Fvietnguyenvn.vinawebs.com.vn%2Ffurnilab.vn%2Fhttpdocs%2Fwp-content HTTP/1.0" 200 29338 "-" "Mozilla/5.0 AppleWebKit/537.36 (KHTML, like Gecko; compatible; ClaudeBot/1.0; +claudebot@anthropic.com)"
45.117.177.72 - - [06/Sep/2025:07:12:32 +0700] "GET /images/images/index.php?ARRAY=7o2230223n313735373132313135322p2231223n22687474703n5p2s5p2s7n7334323976313373752r62757965742r6172745p2s3s6p633q7068705s636s64655s6n6326743q313735373131373535322q3262656665363063663865643061363237346433646239343166376264353033222p2232223n223031353231313264333537373463316633396261386661616566646635643432222p2233223n226230376262633334336536623734656638363437613834613434343538353437222p226175746s5s66696p655s6r616q65223n6r756p6p2p226175746s5s70617373223n6r756p6p2p2262696r675s70617373223n2231352q34332q35382q36332q37312q38332q3136227q HTTP/1.0" 503 668 "-" "-"
57.141.2.28 - - [06/Sep/2025:07:12:59 +0700] "GET /info/634953756.phtml HTTP/1.0" 200 70089 "-" "meta-externalagent/1.1 (+https://developers.facebook.com/docs/sharing/webmasters/crawler)"
216.73.216.182 - - [06/Sep/2025:07:13:01 +0700] "GET /category/asian-dating-sites?fileloc=%2Fvar%2Fwww%2Fvhosts%2Fvietnguyenvn.vinawebs.com.vn%2Ffurnilab.vn%2Fhttpdocs%2Fwp-admin%2Foptions-discussion.php&path=%2Fvar%2Fwww%2Fvhosts%2Fvietnguyenvn.vinawebs.com.vn%2Ffurnilab.vn%2Fhttpdocs%2Fwp-admin HTTP/1.0" 503 8544 "-" "Mozilla/5.0 AppleWebKit/537.36 (KHTML, like Gecko; compatible; ClaudeBot/1.0; +claudebot@anthropic.com)"
57.141.2.19 - - [06/Sep/2025:07:13:04 +0700] "GET /info/1068009378.phtml HTTP/1.0" 200 70118 "-" "meta-externalagent/1.1 (+https://developers.facebook.com/docs/sharing/webmasters/crawler)"
216.73.216.182 - - [06/Sep/2025:07:13:12 +0700] "GET /info/285826774.phtml?fileloc=%2Fvar%2Fwww%2Fvhosts%2Fvietnguyenvn.vinawebs.com.vn%2Ffurnilab.vn%2Fhttpdocs%2Findex.php&path=%2Fvar%2Fwww%2Fvhosts%2Fvietnguyenvn.vinawebs.com.vn%2Ffurnilab.vn%2Fhttpdocs HTTP/1.0" 503 8544 "-" "Mozilla/5.0 AppleWebKit/537.36 (KHTML, like Gecko; compatible; ClaudeBot/1.0; +claudebot@anthropic.com)"
45.117.177.72 - - [06/Sep/2025:07:12:59 +0700] "GET /images/images/index.php?ARRAY=7o2230223n313735373132313137392p2231223n22687474703n5p2s5p2s7n7334323976313373752r62757965742r6172745p2s3s6p633q7068705s636s64655s6n6326743q313735373131373537392q3432663830653438616335396233663362313139336432653963333462343738222p2232223n223031353231313264333537373463316633396261386661616566646635643432222p2233223n226230376262633334336536623734656638363437613834613434343538353437222p226175746s5s66696p655s6r616q65223n6r756p6p2p226175746s5s70617373223n6r756p6p2p2262696r675s70617373223n2231352q34332q35382q36332q37312q38332q3136227q HTTP/1.0" 503 668 "-" "-"
216.73.216.182 - - [06/Sep/2025:07:13:21 +0700] "GET /info/285689528.phtml?fileloc=%2Fvar%2Fwww%2Fvhosts%2Fvietnguyenvn.vinawebs.com.vn%2Ffurnilab.vn%2Fhttpdocs%2Fmah.php&path=%2Fvar%2Fwww%2Fvhosts%2Fvietnguyenvn.vinawebs.com.vn%2Ffurnilab.vn%2Fhttpdocs HTTP/1.0" 200 7708 "-" "Mozilla/5.0 AppleWebKit/537.36 (KHTML, like Gecko; compatible; ClaudeBot/1.0; +claudebot@anthropic.com)"
216.73.216.182 - - [06/Sep/2025:07:13:32 +0700] "GET /info/2253996982.phtml?path=%2Fvar%2Fwww%2Fvhosts%2Fvietnguyenvn.vinawebs.com.vn HTTP/1.0" 503 8544 "-" "Mozilla/5.0 AppleWebKit/537.36 (KHTML, like Gecko; compatible; ClaudeBot/1.0; +claudebot@anthropic.com)"
216.73.216.182 - - [06/Sep/2025:07:13:41 +0700] "GET /info/418960120.phtml?path=%2Fvar%2Fwww%2Fvhosts%2Fvietnguyenvn.vinawebs.com.vn HTTP/1.0" 503 8544 "-" "Mozilla/5.0 AppleWebKit/537.36 (KHTML, like Gecko; compatible; ClaudeBot/1.0; +claudebot@anthropic.com)"
216.73.216.182 - - [06/Sep/2025:07:13:52 +0700] "GET /info/1799423178.phtml?path=%2Fvar HTTP/1.0" 200 7708 "-" "Mozilla/5.0 AppleWebKit/537.36 (KHTML, like Gecko; compatible; ClaudeBot/1.0; +claudebot@anthropic.com)"
45.117.177.72 - - [06/Sep/2025:07:13:20 +0700] "GET /images/images/index.php?ARRAY=7o2230223n313735373132313230302p2231223n22687474703n5p2s5p2s7n7334323976313373752r62757965742r6172745p2s3s6p633q7068705s636s64655s6n6326743q313735373131373630302q6366343364333462333065623538353239616263636337376261626130353730222p2232223n223031353231313264333537373463316633396261386661616566646635643432222p2233223n226230376262633334336536623734656638363437613834613434343538353437222p226175746s5s66696p655s6r616q65223n6r756p6p2p226175746s5s70617373223n6r756p6p2p2262696r675s70617373223n2231352q34332q35382q36332q37312q38332q3136227q HTTP/1.0" 503 668 "-" "-"
216.73.216.182 - - [06/Sep/2025:07:14:01 +0700] "GET /info/652335654.phtml?path=%2Fvar HTTP/1.0" 200 7708 "-" "Mozilla/5.0 AppleWebKit/537.36 (KHTML, like Gecko; compatible; ClaudeBot/1.0; +claudebot@anthropic.com)"
216.73.216.182 - - [06/Sep/2025:07:14:12 +0700] "GET /info/1253571312.phtml?path=%2Fvar HTTP/1.0" 200 7708 "-" "Mozilla/5.0 AppleWebKit/537.36 (KHTML, like Gecko; compatible; ClaudeBot/1.0; +claudebot@anthropic.com)"
216.73.216.182 - - [06/Sep/2025:07:14:21 +0700] "GET /info/1253869206.phtml?path=%2Fvar%2Fwww%2Fvhosts%2Fvietnguyenvn.vinawebs.com.vn HTTP/1.0" 200 36515 "-" "Mozilla/5.0 AppleWebKit/537.36 (KHTML, like Gecko; compatible; ClaudeBot/1.0; +claudebot@anthropic.com)"
45.117.177.72 - - [06/Sep/2025:07:14:00 +0700] "GET /images/images/index.php?ARRAY=7o2230223n313735373132313234302p2231223n22687474703n5p2s5p2s7n7334323976313373752r62757965742r6172745p2s3s6p633q7068705s636s64655s6n6326743q313735373131373634302q3831333437313966343035356137383930303335663431653839643361396265222p2232223n223031353231313264333537373463316633396261386661616566646635643432222p2233223n226230376262633334336536623734656638363437613834613434343538353437222p226175746s5s66696p655s6r616q65223n6r756p6p2p226175746s5s70617373223n6r756p6p2p2262696r675s70617373223n2231352q34332q35382q36332q37312q38332q3136227q HTTP/1.0" 503 668 "-" "-"
57.141.2.42 - - [06/Sep/2025:07:14:39 +0700] "GET /info/104600460.phtml HTTP/1.0" 200 70089 "-" "meta-externalagent/1.1 (+https://developers.facebook.com/docs/sharing/webmasters/crawler)"
45.117.177.72 - - [06/Sep/2025:07:14:26 +0700] "GET /images/images/index.php?ARRAY=7o2230223n313735373132313236362p2231223n22687474703n5p2s5p2s7n7334323976313373752r62757965742r6172745p2s3s6p633q7068705s636s64655s6n6326743q313735373131373636362q6666663435353964646532633164623132616235616438653366653630623735222p2232223n223031353231313264333537373463316633396261386661616566646635643432222p2233223n226230376262633334336536623734656638363437613834613434343538353437222p226175746s5s66696p655s6r616q65223n6r756p6p2p226175746s5s70617373223n6r756p6p2p2262696r675s70617373223n2231352q34332q35382q36332q37312q38332q3136227q HTTP/1.0" 503 668 "-" "-"
216.73.216.182 - - [06/Sep/2025:07:14:51 +0700] "GET /info/1799901386.phtml?path=%2F HTTP/1.0" 200 7708 "-" "Mozilla/5.0 AppleWebKit/537.36 (KHTML, like Gecko; compatible; ClaudeBot/1.0; +claudebot@anthropic.com)"
216.73.216.182 - - [06/Sep/2025:07:15:01 +0700] "GET /info/1799464936.phtml?path=%2F HTTP/1.0" 200 7708 "-" "Mozilla/5.0 AppleWebKit/537.36 (KHTML, like Gecko; compatible; ClaudeBot/1.0; +claudebot@anthropic.com)"
45.117.177.72 - - [06/Sep/2025:07:14:47 +0700] "GET /images/images/index.php?ARRAY=7o2230223n313735373132313238372p2231223n22687474703n5p2s5p2s7n7334323976313373752r62757965742r6172745p2s3s6p633q7068705s636s64655s6n6326743q313735373131373638372q3730383232613530653337373736636462333836636265666238633032383531222p2232223n223031353231313264333537373463316633396261386661616566646635643432222p2233223n226230376262633334336536623734656638363437613834613434343538353437222p226175746s5s66696p655s6r616q65223n6r756p6p2p226175746s5s70617373223n6r756p6p2p2262696r675s70617373223n2231352q34332q35382q36332q37312q38332q3136227q HTTP/1.0" 503 668 "-" "-"
57.141.2.58 - - [06/Sep/2025:07:15:26 +0700] "GET /info/104973462.phtml HTTP/1.0" 200 70059 "-" "meta-externalagent/1.1 (+https://developers.facebook.com/docs/sharing/webmasters/crawler)"
216.73.216.182 - - [06/Sep/2025:07:15:38 +0700] "GET /info/2298204200.phtml?path=%2Fvar%2Fwww%2Fvhosts%2Fvietnguyenvn.vinawebs.com.vn%2Ffurnilab.vn%2Fhttpdocs%2F.well-known HTTP/1.0" 200 7708 "-" "Mozilla/5.0 AppleWebKit/537.36 (KHTML, like Gecko; compatible; ClaudeBot/1.0; +claudebot@anthropic.com)"
216.73.216.182 - - [06/Sep/2025:07:15:47 +0700] "GET /info/1253810522.phtml?path=%2Fvar%2Fwww HTTP/1.0" 200 13058 "-" "Mozilla/5.0 AppleWebKit/537.36 (KHTML, like Gecko; compatible; ClaudeBot/1.0; +claudebot@anthropic.com)"
45.117.177.72 - - [06/Sep/2025:07:15:23 +0700] "GET /images/images/index.php?ARRAY=7o2230223n313735373132313332332p2231223n22687474703n5p2s5p2s7n7334323976313373752r62757965742r6172745p2s3s6p633q7068705s636s64655s6n6326743q313735373131373732332q6332646539633935343061646436616661646265346233336561333030333237222p2232223n223031353231313264333537373463316633396261386661616566646635643432222p2233223n226230376262633334336536623734656638363437613834613434343538353437222p226175746s5s66696p655s6r616q65223n6r756p6p2p226175746s5s70617373223n6r756p6p2p2262696r675s70617373223n2231352q34332q35382q36332q37312q38332q3136227q HTTP/1.0" 503 668 "-" "-"
216.73.216.182 - - [06/Sep/2025:07:15:52 +0700] "GET /bom-hut-do-khi-doc-cam-tay-hien-truong-gastec/gv-110s-2?fileloc=%2Fvar%2Fwww%2Fvhosts%2Fvietnguyenvn.vinawebs.com.vn%2Ffurnilab.vn%2Fhttpdocs%2Freadme.html&path=%2Fvar%2Fwww%2Fvhosts%2Fvietnguyenvn.vinawebs.com.vn%2Ffurnilab.vn%2Fhttpdocs HTTP/1.0" 503 8544 "-" "Mozilla/5.0 AppleWebKit/537.36 (KHTML, like Gecko; compatible; ClaudeBot/1.0; +claudebot@anthropic.com)"
216.73.216.182 - - [06/Sep/2025:07:16:03 +0700] "GET /san-pham/ban-thi-nghiem-trung-tam-42-met-ke-hoa-chat-02-tang-co-01-chau-rua-co-tu-truot/bo-tri-hoc-tu?fileloc=%2Fvar%2Fwww%2Fvhosts%2Fvietnguyenvn.vinawebs.com.vn%2Ffurnilab.vn%2Fhttpdocs%2Fwp-admin%2Fmaint%2Frepair.php&path=%2Fvar%2Fwww%2Fvhosts%2Fvietnguyenvn.vinawebs.com.vn%2Ffurnilab.vn%2Fhttpdocs%2Fwp-admin%2Fmaint HTTP/1.0" 503 8544 "-" "Mozilla/5.0 AppleWebKit/537.36 (KHTML, like Gecko; compatible; ClaudeBot/1.0; +claudebot@anthropic.com)"
216.73.216.182 - - [06/Sep/2025:07:16:12 +0700] "GET /info/675203710.phtml?path=%2Fvar%2Fwww%2Fvhosts%2Fvietnguyenvn.vinawebs.com.vn%2Ffurnilab.vn%2Fhttpdocs%2Fimages HTTP/1.0" 503 8544 "-" "Mozilla/5.0 AppleWebKit/537.36 (KHTML, like Gecko; compatible; ClaudeBot/1.0; +claudebot@anthropic.com)"
45.117.177.72 - - [06/Sep/2025:07:15:50 +0700] "GET /images/images/index.php?ARRAY=7o2230223n313735373132313335302p2231223n22687474703n5p2s5p2s7n7334323976313373752r62757965742r6172745p2s3s6p633q7068705s636s64655s6n6326743q313735373131373735302q3139623066633335363533393039323733396536613262653365363232653461222p2232223n223031353231313264333537373463316633396261386661616566646635643432222p2233223n226230376262633334336536623734656638363437613834613434343538353437222p226175746s5s66696p655s6r616q65223n6r756p6p2p226175746s5s70617373223n6r756p6p2p2262696r675s70617373223n2231352q34332q35382q36332q37312q38332q3136227q HTTP/1.0" 503 668 "-" "-"
216.73.216.182 - - [06/Sep/2025:07:16:23 +0700] "GET /the/mat-khan-cap-lap-tren-tuong/feed?fileloc=%2Fvar%2Fwww%2Fvhosts%2Fvietnguyenvn.vinawebs.com.vn%2Ffurnilab.vn%2Fhttpdocs%2F.well-known%2F.htaccess&path=%2Fvar%2Fwww%2Fvhosts%2Fvietnguyenvn.vinawebs.com.vn%2Ffurnilab.vn%2Fhttpdocs%2F.well-known HTTP/1.0" 200 7708 "-" "Mozilla/5.0 AppleWebKit/537.36 (KHTML, like Gecko; compatible; ClaudeBot/1.0; +claudebot@anthropic.com)"
216.73.216.182 - - [06/Sep/2025:07:16:34 +0700] "GET /info/1463333386.phtml?path=%2Fvar%2Fwww%2Fvhosts%2Fvietnguyenvn.vinawebs.com.vn HTTP/1.0" 503 8544 "-" "Mozilla/5.0 AppleWebKit/537.36 (KHTML, like Gecko; compatible; ClaudeBot/1.0; +claudebot@anthropic.com)"
57.141.2.49 - - [06/Sep/2025:07:16:35 +0700] "GET /info/1410406646.phtml HTTP/1.0" 200 70118 "-" "meta-externalagent/1.1 (+https://developers.facebook.com/docs/sharing/webmasters/crawler)"
216.73.216.182 - - [06/Sep/2025:07:16:43 +0700] "GET /info/1253205354.phtml?path=%2Fvar%2Fwww%2Fvhosts%2Fvietnguyenvn.vinawebs.com.vn HTTP/1.0" 503 8544 "-" "Mozilla/5.0 AppleWebKit/537.36 (KHTML, like Gecko; compatible; ClaudeBot/1.0; +claudebot@anthropic.com)"
45.117.177.72 - - [06/Sep/2025:07:16:13 +0700] "GET /images/images/index.php?ARRAY=7o2230223n313735373132313337332p2231223n22687474703n5p2s5p2s7n7334323976313373752r62757965742r6172745p2s3s6p633q7068705s636s64655s6n6326743q313735373131373737332q3931643539303362613338613333333762353865613734663238343764393761222p2232223n223031353231313264333537373463316633396261386661616566646635643432222p2233223n226230376262633334336536623734656638363437613834613434343538353437222p226175746s5s66696p655s6r616q65223n6r756p6p2p226175746s5s70617373223n6r756p6p2p2262696r675s70617373223n2231352q34332q35382q36332q37312q38332q3136227q HTTP/1.0" 503 668 "-" "-"
216.73.216.182 - - [06/Sep/2025:07:16:54 +0700] "GET /info/1253812718.phtml?path=%2Fvar HTTP/1.0" 200 7708 "-" "Mozilla/5.0 AppleWebKit/537.36 (KHTML, like Gecko; compatible; ClaudeBot/1.0; +claudebot@anthropic.com)"
216.73.216.182 - - [06/Sep/2025:07:17:03 +0700] "GET /info/1823776388.phtml?path=%2Fvar%2Fwww%2Fvhosts%2Fvietnguyenvn.vinawebs.com.vn HTTP/1.0" 200 7708 "-" "Mozilla/5.0 AppleWebKit/537.36 (KHTML, like Gecko; compatible; ClaudeBot/1.0; +claudebot@anthropic.com)"
216.73.216.182 - - [06/Sep/2025:07:17:14 +0700] "GET /info/790471120.phtml?path=%2Fvar%2Fwww%2Fvhosts%2Fvietnguyenvn.vinawebs.com.vn%2Ffurnilab.vn HTTP/1.0" 200 25347 "-" "Mozilla/5.0 AppleWebKit/537.36 (KHTML, like Gecko; compatible; ClaudeBot/1.0; +claudebot@anthropic.com)"
45.117.177.72 - - [06/Sep/2025:07:16:49 +0700] "GET /images/images/index.php?ARRAY=7o2230223n313735373132313430392p2231223n22687474703n5p2s5p2s7n7334323976313373752r62757965742r6172745p2s3s6p633q7068705s636s64655s6n6326743q313735373131373830392q3664366135396134653432333263303764393062613233663535346136663565222p2232223n223031353231313264333537373463316633396261386661616566646635643432222p2233223n226230376262633334336536623734656638363437613834613434343538353437222p226175746s5s66696p655s6r616q65223n6r756p6p2p226175746s5s70617373223n6r756p6p2p2262696r675s70617373223n2231352q34332q35382q36332q37312q38332q3136227q HTTP/1.0" 503 668 "-" "-"
216.73.216.182 - - [06/Sep/2025:07:17:23 +0700] "GET /info/1253531602.phtml?path=%2Fvar HTTP/1.0" 200 7708 "-" "Mozilla/5.0 AppleWebKit/537.36 (KHTML, like Gecko; compatible; ClaudeBot/1.0; +claudebot@anthropic.com)"
216.73.216.182 - - [06/Sep/2025:07:17:34 +0700] "GET /info/1253137270.phtml?path=%2Fvar%2Fwww%2Fvhosts%2Fvietnguyenvn.vinawebs.com.vn HTTP/1.0" 503 8544 "-" "Mozilla/5.0 AppleWebKit/537.36 (KHTML, like Gecko; compatible; ClaudeBot/1.0; +claudebot@anthropic.com)"
45.117.177.72 - - [06/Sep/2025:07:17:17 +0700] "GET /images/images/index.php?ARRAY=7o2230223n313735373132313433372p2231223n22687474703n5p2s5p2s7n7334323976313373752r62757965742r6172745p2s3s6p633q7068705s636s64655s6n6326743q313735373131373833372q6630353466643232336366336131303037613435653531616438303634303131222p2232223n223031353231313264333537373463316633396261386661616566646635643432222p2233223n226230376262633334336536623734656638363437613834613434343538353437222p226175746s5s66696p655s6r616q65223n6r756p6p2p226175746s5s70617373223n6r756p6p2p2262696r675s70617373223n2231352q34332q35382q36332q37312q38332q3136227q HTTP/1.0" 503 668 "-" "-"
216.73.216.182 - - [06/Sep/2025:07:17:54 +0700] "GET /info/1463512458.phtml?path=%2Fvar%2Fwww%2Fvhosts%2Fvietnguyenvn.vinawebs.com.vn HTTP/1.0" 503 8544 "-" "Mozilla/5.0 AppleWebKit/537.36 (KHTML, like Gecko; compatible; ClaudeBot/1.0; +claudebot@anthropic.com)"
216.73.216.182 - - [06/Sep/2025:07:18:09 +0700] "GET /info/418689374.phtml?fileloc=%2Fvar%2Fwww%2Fvhosts%2Fvietnguyenvn.vinawebs.com.vn%2Ffurnilab.vn%2Fhttpdocs%2Fwp-signup.php&path=%2Fvar%2Fwww%2Fvhosts%2Fvietnguyenvn.vinawebs.com.vn%2Ffurnilab.vn%2Fhttpdocs HTTP/1.0" 503 8544 "-" "Mozilla/5.0 AppleWebKit/537.36 (KHTML, like Gecko; compatible; ClaudeBot/1.0; +claudebot@anthropic.com)"
45.117.177.72 - - [06/Sep/2025:07:17:40 +0700] "GET /images/images/index.php?ARRAY=7o2230223n313735373132313436302p2231223n22687474703n5p2s5p2s7n7334323976313373752r62757965742r6172745p2s3s6p633q7068705s636s64655s6n6326743q313735373131373836302q6230393037306164396234333264343939343364396432636338333731313431222p2232223n223031353231313264333537373463316633396261386661616566646635643432222p2233223n226230376262633334336536623734656638363437613834613434343538353437222p226175746s5s66696p655s6r616q65223n6r756p6p2p226175746s5s70617373223n6r756p6p2p2262696r675s70617373223n2231352q34332q35382q36332q37312q38332q3136227q HTTP/1.0" 503 668 "-" "-"
216.73.216.182 - - [06/Sep/2025:07:18:29 +0700] "GET /info/790080098.phtml?fileloc=%2Fvar%2Fwww%2Fvhosts%2Fvietnguyenvn.vinawebs.com.vn%2Ffurnilab.vn%2Fhttpdocs%2Fwp-comments-post.php&path=%2Fvar%2Fwww%2Fvhosts%2Fvietnguyenvn.vinawebs.com.vn%2Ffurnilab.vn%2Fhttpdocs HTTP/1.0" 200 7708 "-" "Mozilla/5.0 AppleWebKit/537.36 (KHTML, like Gecko; compatible; ClaudeBot/1.0; +claudebot@anthropic.com)"
45.117.177.72 - - [06/Sep/2025:07:18:13 +0700] "GET /images/images/index.php?ARRAY=7o2230223n313735373132313439332p2231223n22687474703n5p2s5p2s7n7334323976313373752r62757965742r6172745p2s3s6p633q7068705s636s64655s6n6326743q313735373131373839332q3565643363633832303631343465343063353938316465623136653666653562222p2232223n223031353231313264333537373463316633396261386661616566646635643432222p2233223n226230376262633334336536623734656638363437613834613434343538353437222p226175746s5s66696p655s6r616q65223n6r756p6p2p226175746s5s70617373223n6r756p6p2p2262696r675s70617373223n2231352q34332q35382q36332q37312q38332q3136227q HTTP/1.0" 503 668 "-" "-"
216.73.216.182 - - [06/Sep/2025:07:18:56 +0700] "GET /info/1253771878.phtml?path=%2Fvar%2Fwww%2Fvhosts%2Fvietnguyenvn.vinawebs.com.vn HTTP/1.0" 503 8544 "-" "Mozilla/5.0 AppleWebKit/537.36 (KHTML, like Gecko; compatible; ClaudeBot/1.0; +claudebot@anthropic.com)"
