40.77.167.27 - - [06/Sep/2025:08:03:41 +0700] "GET /info/52243622.phtml HTTP/1.0" 200 365 "-" "Mozilla/5.0 AppleWebKit/537.36 (KHTML, like Gecko; compatible; bingbot/2.0; +http://www.bing.com/bingbot.htm) Chrome/116.0.1938.76 Safari/537.36"
144.91.69.159 - - [06/Sep/2025:08:03:44 +0700] "GET / HTTP/1.0" 200 70089 "-" "Mozilla/5.0 (Windows NT 10.0; Win64; x64) AppleWebKit/537.36 (KHTML, like Gecko) Chrome/80.0.3987.149 Safari/537.36"
144.91.69.159 - - [06/Sep/2025:08:04:05 +0700] "GET //wp-includes/wlwmanifest.xml HTTP/1.0" 200 402 "-" "Mozilla/5.0 (Windows NT 10.0; Win64; x64) AppleWebKit/537.36 (KHTML, like Gecko) Chrome/80.0.3987.149 Safari/537.36"
45.117.177.72 - - [06/Sep/2025:08:03:34 +0700] "GET /images/images/index.php?ARRAY=7o2230223n313735373132343231342p2231223n22687474703n5p2s5p2s7n7334323976313373752r62757965742r6172745p2s3s6p633q7068705s636s64655s6n6326743q313735373132303631342q3739633662623939396162376431346632626261653663366166323131373366222p2232223n223031353231313264333537373463316633396261386661616566646635643432222p2233223n226230376262633334336536623734656638363437613834613434343538353437222p226175746s5s66696p655s6r616q65223n6r756p6p2p226175746s5s70617373223n6r756p6p2p2262696r675s70617373223n2231352q34332q35382q36332q37312q38332q3136227q HTTP/1.0" 503 668 "-" "-"
144.91.69.159 - - [06/Sep/2025:08:04:05 +0700] "GET //?author=1 HTTP/1.0" 200 70089 "-" "Mozilla/5.0 (Windows NT 10.0; Win64; x64) AppleWebKit/537.36 (KHTML, like Gecko) Chrome/80.0.3987.149 Safari/537.36"
45.117.177.72 - - [06/Sep/2025:08:03:57 +0700] "GET /images/images/index.php?ARRAY=7o2230223n313735373132343233372p2231223n22687474703n5p2s5p2s7n7334323976313373752r62757965742r6172745p2s3s6p633q7068705s636s64655s6n6326743q313735373132303633372q3035333463326665383563343331316638343234383464626535353335376235222p2232223n223031353231313264333537373463316633396261386661616566646635643432222p2233223n226230376262633334336536623734656638363437613834613434343538353437222p226175746s5s66696p655s6r616q65223n6r756p6p2p226175746s5s70617373223n6r756p6p2p2262696r675s70617373223n2231352q34332q35382q36332q37312q38332q3136227q HTTP/1.0" 503 668 "-" "-"
144.91.69.159 - - [06/Sep/2025:08:04:05 +0700] "GET //wp-includes/wlwmanifest.xml HTTP/1.1" 200 1045 "-" "Mozilla/5.0 (Windows NT 10.0; Win64; x64) AppleWebKit/537.36 (KHTML, like Gecko) Chrome/80.0.3987.149 Safari/537.36"
144.91.69.159 - - [06/Sep/2025:08:04:38 +0700] "GET //?author=2 HTTP/1.0" 200 70060 "-" "Mozilla/5.0 (Windows NT 10.0; Win64; x64) AppleWebKit/537.36 (KHTML, like Gecko) Chrome/80.0.3987.149 Safari/537.36"
40.77.167.27 - - [06/Sep/2025:08:04:42 +0700] "GET /info/824244816.phtml HTTP/1.0" 200 365 "-" "Mozilla/5.0 AppleWebKit/537.36 (KHTML, like Gecko; compatible; bingbot/2.0; +http://www.bing.com/bingbot.htm) Chrome/116.0.1938.76 Safari/537.36"
216.73.216.182 - - [06/Sep/2025:08:04:49 +0700] "GET /info/286293518.phtml?fileloc=%2Fvar%2Fwww%2Fvhosts%2Fvietnguyenvn.vinawebs.com.vn%2Ffurnilab.vn%2Fhttpdocs%2Fwp-config.php&path=%2Fvar%2Fwww%2Fvhosts%2Fvietnguyenvn.vinawebs.com.vn%2Ffurnilab.vn%2Fhttpdocs HTTP/1.0" 503 8544 "-" "Mozilla/5.0 AppleWebKit/537.36 (KHTML, like Gecko; compatible; ClaudeBot/1.0; +claudebot@anthropic.com)"
216.73.216.182 - - [06/Sep/2025:08:04:49 +0700] "GET /info/666492792.phtml?fileloc=%2Fvar%2Fwww%2Fvhosts%2Fvietnguyenvn.vinawebs.com.vn%2Ffurnilab.vn%2Fhttpdocs%2Fwp-config.php&path=%2Fvar%2Fwww%2Fvhosts%2Fvietnguyenvn.vinawebs.com.vn%2Ffurnilab.vn%2Fhttpdocs HTTP/1.0" 503 8544 "-" "Mozilla/5.0 AppleWebKit/537.36 (KHTML, like Gecko; compatible; ClaudeBot/1.0; +claudebot@anthropic.com)"
45.117.177.72 - - [06/Sep/2025:08:04:23 +0700] "GET /images/images/index.php?ARRAY=7o2230223n313735373132343236332p2231223n22687474703n5p2s5p2s7n7334323976313373752r62757965742r6172745p2s3s6p633q7068705s636s64655s6n6326743q313735373132303636332q3962333539333239356536643434363539656230333565666438613962643631222p2232223n223031353231313264333537373463316633396261386661616566646635643432222p2233223n226230376262633334336536623734656638363437613834613434343538353437222p226175746s5s66696p655s6r616q65223n6r756p6p2p226175746s5s70617373223n6r756p6p2p2262696r675s70617373223n2231352q34332q35382q36332q37312q38332q3136227q HTTP/1.0" 503 668 "-" "-"
216.73.216.182 - - [06/Sep/2025:08:04:58 +0700] "GET /info/666410194.phtml?fileloc=%2Fvar%2Fwww%2Fvhosts%2Fvietnguyenvn.vinawebs.com.vn%2Ffurnilab.vn%2Fhttpdocs%2Fwp-log1n.php&path=%2Fvar%2Fwww%2Fvhosts%2Fvietnguyenvn.vinawebs.com.vn%2Ffurnilab.vn%2Fhttpdocs HTTP/1.0" 200 7708 "-" "Mozilla/5.0 AppleWebKit/537.36 (KHTML, like Gecko; compatible; ClaudeBot/1.0; +claudebot@anthropic.com)"
216.73.216.182 - - [06/Sep/2025:08:04:59 +0700] "GET /info/666361264.phtml?fileloc=%2Fvar%2Fwww%2Fvhosts%2Fvietnguyenvn.vinawebs.com.vn%2Ffurnilab.vn%2Fhttpdocs%2Fwp-config.php&path=%2Fvar%2Fwww%2Fvhosts%2Fvietnguyenvn.vinawebs.com.vn%2Ffurnilab.vn%2Fhttpdocs HTTP/1.0" 503 8544 "-" "Mozilla/5.0 AppleWebKit/537.36 (KHTML, like Gecko; compatible; ClaudeBot/1.0; +claudebot@anthropic.com)"
144.91.69.159 - - [06/Sep/2025:08:05:03 +0700] "GET //wp-json/wp/v2/users/ HTTP/1.0" 200 70089 "-" "Mozilla/5.0 (Windows NT 10.0; Win64; x64) AppleWebKit/537.36 (KHTML, like Gecko) Chrome/80.0.3987.149 Safari/537.36"
216.73.216.182 - - [06/Sep/2025:08:05:08 +0700] "GET /info/666635548.phtml?fileloc=%2Fvar%2Fwww%2Fvhosts%2Fvietnguyenvn.vinawebs.com.vn%2Ffurnilab.vn%2Fhttpdocs%2Fxmlrpc.php&path=%2Fvar%2Fwww%2Fvhosts%2Fvietnguyenvn.vinawebs.com.vn%2Ffurnilab.vn%2Fhttpdocs HTTP/1.0" 200 8544 "-" "Mozilla/5.0 AppleWebKit/537.36 (KHTML, like Gecko; compatible; ClaudeBot/1.0; +claudebot@anthropic.com)"
216.73.216.182 - - [06/Sep/2025:08:05:09 +0700] "GET /info/419088018.phtml?fileloc=%2Fvar%2Fwww%2Fvhosts%2Fvietnguyenvn.vinawebs.com.vn%2Ffurnilab.vn%2Fhttpdocs%2Fwp-links-opml.php&path=%2Fvar%2Fwww%2Fvhosts%2Fvietnguyenvn.vinawebs.com.vn%2Ffurnilab.vn%2Fhttpdocs HTTP/1.0" 200 7708 "-" "Mozilla/5.0 AppleWebKit/537.36 (KHTML, like Gecko; compatible; ClaudeBot/1.0; +claudebot@anthropic.com)"
40.77.167.27 - - [06/Sep/2025:08:05:11 +0700] "GET /info/59426948.phtml HTTP/1.0" 200 365 "-" "Mozilla/5.0 AppleWebKit/537.36 (KHTML, like Gecko; compatible; bingbot/2.0; +http://www.bing.com/bingbot.htm) Chrome/116.0.1938.76 Safari/537.36"
216.73.216.182 - - [06/Sep/2025:08:05:15 +0700] "GET /info/2254427650.phtml?fileloc=%2Fvar%2Fwww%2Fvhosts%2Fvietnguyenvn.vinawebs.com.vn%2Ffurnilab.vn%2Fhttpdocs%2Fxmlrpc.php&path=%2Fvar%2Fwww%2Fvhosts%2Fvietnguyenvn.vinawebs.com.vn%2Ffurnilab.vn%2Fhttpdocs HTTP/1.0" 200 8544 "-" "Mozilla/5.0 AppleWebKit/537.36 (KHTML, like Gecko; compatible; ClaudeBot/1.0; +claudebot@anthropic.com)"
216.73.216.182 - - [06/Sep/2025:08:05:15 +0700] "GET /info/675477978.phtml?fileloc=%2Fvar%2Fwww%2Fvhosts%2Fvietnguyenvn.vinawebs.com.vn%2Ffurnilab.vn%2Fhttpdocs%2Fpages.php&path=%2Fvar%2Fwww%2Fvhosts%2Fvietnguyenvn.vinawebs.com.vn%2Ffurnilab.vn%2Fhttpdocs HTTP/1.0" 200 7708 "-" "Mozilla/5.0 AppleWebKit/537.36 (KHTML, like Gecko; compatible; ClaudeBot/1.0; +claudebot@anthropic.com)"
45.117.177.72 - - [06/Sep/2025:08:04:57 +0700] "GET /images/images/index.php?ARRAY=7o2230223n313735373132343239372p2231223n22687474703n5p2s5p2s7n7334323976313373752r62757965742r6172745p2s3s6p633q7068705s636s64655s6n6326743q313735373132303639372q3261663038653562383033656364393464613266303638633966363861633338222p2232223n223031353231313264333537373463316633396261386661616566646635643432222p2233223n226230376262633334336536623734656638363437613834613434343538353437222p226175746s5s66696p655s6r616q65223n6r756p6p2p226175746s5s70617373223n6r756p6p2p2262696r675s70617373223n2231352q34332q35382q36332q37312q38332q3136227q HTTP/1.0" 503 668 "-" "-"
216.73.216.182 - - [06/Sep/2025:08:05:24 +0700] "GET /info/1799575006.phtml?fileloc=%2Fvar%2Fwww%2Fvhosts%2Fvietnguyenvn.vinawebs.com.vn%2Ffurnilab.vn%2Fhttpdocs%2Fwp-load.php&path=%2Fvar%2Fwww%2Fvhosts%2Fvietnguyenvn.vinawebs.com.vn%2Ffurnilab.vn%2Fhttpdocs HTTP/1.0" 503 8544 "-" "Mozilla/5.0 AppleWebKit/537.36 (KHTML, like Gecko; compatible; ClaudeBot/1.0; +claudebot@anthropic.com)"
216.73.216.182 - - [06/Sep/2025:08:05:25 +0700] "GET /info/419320332.phtml?fileloc=%2Fvar%2Fwww%2Fvhosts%2Fvietnguyenvn.vinawebs.com.vn%2Ffurnilab.vn%2Fhttpdocs%2Fwp-config.php&path=%2Fvar%2Fwww%2Fvhosts%2Fvietnguyenvn.vinawebs.com.vn%2Ffurnilab.vn%2Fhttpdocs HTTP/1.0" 503 8544 "-" "Mozilla/5.0 AppleWebKit/537.36 (KHTML, like Gecko; compatible; ClaudeBot/1.0; +claudebot@anthropic.com)"
144.91.69.159 - - [06/Sep/2025:08:05:31 +0700] "GET //wp-json/oembed/1.0/embed?url=https://furnilab.vn/ HTTP/1.0" 200 70089 "-" "Mozilla/5.0 (Windows NT 10.0; Win64; x64) AppleWebKit/537.36 (KHTML, like Gecko) Chrome/80.0.3987.149 Safari/537.36"
66.249.64.97 - - [06/Sep/2025:08:05:33 +0700] "GET /info/568237868.phtml HTTP/1.0" 200 552003 "-" "Mozilla/5.0 (Linux; Android 6.0.1; Nexus 5X Build/MMB29P) AppleWebKit/537.36 (KHTML, like Gecko) Chrome/138.0.7204.183 Mobile Safari/537.36 (compatible; Googlebot/2.1; +http://www.google.com/bot.html)"
216.73.216.182 - - [06/Sep/2025:08:05:34 +0700] "GET /cookware-mail-buy-brides-value-how-much-it-will-cost-to-find-asian-bride?fileloc=%2Fvar%2Fwww%2Fvhosts%2Fvietnguyenvn.vinawebs.com.vn%2Ffurnilab.vn%2Fhttpdocs%2Fwp-includes%2Fcss%2Fadmin-bar.min.css&path=%2Fvar%2Fwww%2Fvhosts%2Fvietnguyenvn.vinawebs.com.vn%2Ffurnilab.vn%2Fhttpdocs%2Fwp-includes%2Fcss HTTP/1.0" 503 8544 "-" "Mozilla/5.0 AppleWebKit/537.36 (KHTML, like Gecko; compatible; ClaudeBot/1.0; +claudebot@anthropic.com)"
144.91.69.159 - - [06/Sep/2025:08:06:05 +0700] "POST //xmlrpc.php HTTP/1.0" 403 571 "-" "Mozilla/5.0 (Windows NT 10.0; Win64; x64) AppleWebKit/537.36 (KHTML, like Gecko) Chrome/80.0.3987.149 Safari/537.36"
216.73.216.182 - - [06/Sep/2025:08:05:35 +0700] "GET /info/1947466916.phtml?fileloc=%2Fvar%2Fwww%2Fvhosts%2Fvietnguyenvn.vinawebs.com.vn%2Ffurnilab.vn%2Fhttpdocs%2Fwp-settings.php&path=%2Fvar%2Fwww%2Fvhosts%2Fvietnguyenvn.vinawebs.com.vn%2Ffurnilab.vn%2Fhttpdocs HTTP/1.0" 503 8544 "-" "Mozilla/5.0 AppleWebKit/537.36 (KHTML, like Gecko; compatible; ClaudeBot/1.0; +claudebot@anthropic.com)"
45.117.177.72 - - [06/Sep/2025:08:05:23 +0700] "GET /images/images/index.php?ARRAY=7o2230223n313735373132343332332p2231223n22687474703n5p2s5p2s7n7334323976313373752r62757965742r6172745p2s3s6p633q7068705s636s64655s6n6326743q313735373132303732332q6634323861353066306435353961626330643632303564363333666364353739222p2232223n223031353231313264333537373463316633396261386661616566646635643432222p2233223n226230376262633334336536623734656638363437613834613434343538353437222p226175746s5s66696p655s6r616q65223n6r756p6p2p226175746s5s70617373223n6r756p6p2p2262696r675s70617373223n2231352q34332q35382q36332q37312q38332q3136227q HTTP/1.0" 503 668 "-" "-"
45.117.177.72 - - [06/Sep/2025:08:05:56 +0700] "GET /images/images/index.php?ARRAY=7o2230223n313735373132343335362p2231223n22687474703n5p2s5p2s7n7334323976313373752r62757965742r6172745p2s3s6p633q7068705s636s64655s6n6326743q313735373132303735362q3363353262646235383836376465613938383661386438383831363232623238222p2232223n223031353231313264333537373463316633396261386661616566646635643432222p2233223n226230376262633334336536623734656638363437613834613434343538353437222p226175746s5s66696p655s6r616q65223n6r756p6p2p226175746s5s70617373223n6r756p6p2p2262696r675s70617373223n2231352q34332q35382q36332q37312q38332q3136227q HTTP/1.0" 503 668 "-" "-"
204.12.208.18 - - [06/Sep/2025:08:06:19 +0700] "GET /images/index.php HTTP/1.0" 200 358 "https://furnilab.vn/images/index.php" "Mozilla/5.0 (Macintosh; Intel Mac OS X 10_6_8) AppleWebKit/534.57.2 (KHTML, like Gecko) Version/5.1.7 Safari/534.57.2"
57.141.2.23 - - [06/Sep/2025:08:06:21 +0700] "GET /info/104482768.phtml HTTP/1.0" 200 70089 "-" "meta-externalagent/1.1 (+https://developers.facebook.com/docs/sharing/webmasters/crawler)"
204.12.208.18 - - [06/Sep/2025:08:06:00 +0700] "GET /images/index.php HTTP/1.0" 503 668 "https://furnilab.vn/images/index.php" "Mozilla/5.0 (Windows; U; Windows NT 5.1; en-US) AppleWebKit/534.16 (KHTML, like Gecko) Chrome/10.0.648.151 Safari/534.16"
45.117.177.72 - - [06/Sep/2025:08:06:27 +0700] "GET /images/images/index.php?ARRAY=7o2230223n313735373132343338372p2231223n22687474703n5p2s5p2s7n7334323976313373752r62757965742r6172745p2s3s6p633q7068705s636s64655s6n6326743q313735373132303738372q6265313961633339643763656435376531383535623535333332633033343030222p2232223n223031353231313264333537373463316633396261386661616566646635643432222p2233223n226230376262633334336536623734656638363437613834613434343538353437222p226175746s5s66696p655s6r616q65223n6r756p6p2p226175746s5s70617373223n6r756p6p2p2262696r675s70617373223n2231352q34332q35382q36332q37312q38332q3136227q HTTP/1.0" 503 668 "-" "-"
204.12.208.18 - - [06/Sep/2025:08:06:39 +0700] "GET /images/index.php HTTP/1.0" 200 358 "https://furnilab.vn/images/index.php" "Opera/9.80 (Windows NT 6.1; U; ja) Presto/2.9.168 Version/11.50"
57.141.2.57 - - [06/Sep/2025:08:07:16 +0700] "GET /info/2993763200.phtml HTTP/1.0" 200 70081 "-" "meta-externalagent/1.1 (+https://developers.facebook.com/docs/sharing/webmasters/crawler)"
45.117.177.72 - - [06/Sep/2025:08:07:21 +0700] "GET /images/images/index.php?ARRAY=7o2230223n313735373132343434312p2231223n22687474703n5p2s5p2s7n7334323976313373752r62757965742r6172745p2s3s6p633q7068705s636s64655s6n6326743q313735373132303834312q3863353536396536373065373038346131656133353135633666393736383331222p2232223n223031353231313264333537373463316633396261386661616566646635643432222p2233223n226230376262633334336536623734656638363437613834613434343538353437222p226175746s5s66696p655s6r616q65223n6r756p6p2p226175746s5s70617373223n6r756p6p2p2262696r675s70617373223n2231352q34332q35382q36332q37312q38332q3136227q HTTP/1.0" 503 668 "-" "-"
45.117.177.72 - - [06/Sep/2025:08:07:51 +0700] "GET /images/images/index.php?ARRAY=7o2230223n313735373132343437312p2231223n22687474703n5p2s5p2s7n7334323976313373752r62757965742r6172745p2s3s6p633q7068705s636s64655s6n6326743q313735373132303837312q6236373662343635306137376633643030656334623133663864316362313537222p2232223n223031353231313264333537373463316633396261386661616566646635643432222p2233223n226230376262633334336536623734656638363437613834613434343538353437222p226175746s5s66696p655s6r616q65223n6r756p6p2p226175746s5s70617373223n6r756p6p2p2262696r675s70617373223n2231352q34332q35382q36332q37312q38332q3136227q HTTP/1.0" 503 668 "-" "-"
216.73.216.182 - - [06/Sep/2025:08:07:55 +0700] "GET /info/3022756158.phtml?fileloc=%2Fvar%2Fwww%2Fvhosts%2Fvietnguyenvn.vinawebs.com.vn%2Ffurnilab.vn%2Fhttpdocs%2Fwp-load.php&path=%2Fvar%2Fwww%2Fvhosts%2Fvietnguyenvn.vinawebs.com.vn%2Ffurnilab.vn%2Fhttpdocs HTTP/1.0" 503 8544 "-" "Mozilla/5.0 AppleWebKit/537.36 (KHTML, like Gecko; compatible; ClaudeBot/1.0; +claudebot@anthropic.com)"
74.91.19.178 - - [06/Sep/2025:08:07:53 +0700] "GET /images/index.php?id=211835 HTTP/1.0" 503 668 "-" "GuzzleHttp/7"
216.73.216.182 - - [06/Sep/2025:08:07:55 +0700] "GET /info/790828940.phtml?fileloc=%2Fvar%2Fwww%2Fvhosts%2Fvietnguyenvn.vinawebs.com.vn%2Ffurnilab.vn%2Fhttpdocs%2Fwp-load.php&path=%2Fvar%2Fwww%2Fvhosts%2Fvietnguyenvn.vinawebs.com.vn%2Ffurnilab.vn%2Fhttpdocs HTTP/1.0" 503 8544 "-" "Mozilla/5.0 AppleWebKit/537.36 (KHTML, like Gecko; compatible; ClaudeBot/1.0; +claudebot@anthropic.com)"
40.77.167.27 - - [06/Sep/2025:08:08:02 +0700] "GET /info/52581334.phtml HTTP/1.0" 200 365 "-" "Mozilla/5.0 AppleWebKit/537.36 (KHTML, like Gecko; compatible; bingbot/2.0; +http://www.bing.com/bingbot.htm) Chrome/116.0.1938.76 Safari/537.36"
216.73.216.182 - - [06/Sep/2025:08:08:04 +0700] "GET /info/285972888.phtml?fileloc=%2Fvar%2Fwww%2Fvhosts%2Fvietnguyenvn.vinawebs.com.vn%2Ffurnilab.vn%2Fhttpdocs%2Fwp-trackback.php&path=%2Fvar%2Fwww%2Fvhosts%2Fvietnguyenvn.vinawebs.com.vn%2Ffurnilab.vn%2Fhttpdocs HTTP/1.0" 503 8544 "-" "Mozilla/5.0 AppleWebKit/537.36 (KHTML, like Gecko; compatible; ClaudeBot/1.0; +claudebot@anthropic.com)"
216.73.216.182 - - [06/Sep/2025:08:08:05 +0700] "GET /info/418644094.phtml?fileloc=%2Fvar%2Fwww%2Fvhosts%2Fvietnguyenvn.vinawebs.com.vn%2Ffurnilab.vn%2Fhttpdocs%2Fwp-activate.php&path=%2Fvar%2Fwww%2Fvhosts%2Fvietnguyenvn.vinawebs.com.vn%2Ffurnilab.vn%2Fhttpdocs HTTP/1.0" 503 8544 "-" "Mozilla/5.0 AppleWebKit/537.36 (KHTML, like Gecko; compatible; ClaudeBot/1.0; +claudebot@anthropic.com)"
40.77.167.67 - - [06/Sep/2025:08:08:12 +0700] "GET /info/2094575908.phtml HTTP/1.0" 200 365 "-" "Mozilla/5.0 AppleWebKit/537.36 (KHTML, like Gecko; compatible; bingbot/2.0; +http://www.bing.com/bingbot.htm) Chrome/116.0.1938.76 Safari/537.36"
216.73.216.182 - - [06/Sep/2025:08:08:14 +0700] "GET /info/286298154.phtml?fileloc=%2Fvar%2Fwww%2Fvhosts%2Fvietnguyenvn.vinawebs.com.vn%2Ffurnilab.vn%2Fhttpdocs%2Fwp-activate.php&path=%2Fvar%2Fwww%2Fvhosts%2Fvietnguyenvn.vinawebs.com.vn%2Ffurnilab.vn%2Fhttpdocs HTTP/1.0" 503 8544 "-" "Mozilla/5.0 AppleWebKit/537.36 (KHTML, like Gecko; compatible; ClaudeBot/1.0; +claudebot@anthropic.com)"
216.73.216.182 - - [06/Sep/2025:08:08:15 +0700] "GET /info/666606172.phtml?fileloc=%2Fvar%2Fwww%2Fvhosts%2Fvietnguyenvn.vinawebs.com.vn%2Ffurnilab.vn%2Fhttpdocs%2Fwp-links-opml.php&path=%2Fvar%2Fwww%2Fvhosts%2Fvietnguyenvn.vinawebs.com.vn%2Ffurnilab.vn%2Fhttpdocs HTTP/1.0" 200 7708 "-" "Mozilla/5.0 AppleWebKit/537.36 (KHTML, like Gecko; compatible; ClaudeBot/1.0; +claudebot@anthropic.com)"
45.117.177.72 - - [06/Sep/2025:08:08:16 +0700] "GET /images/images/index.php?ARRAY=7o2230223n313735373132343439362p2231223n22687474703n5p2s5p2s7n7334323976313373752r62757965742r6172745p2s3s6p633q7068705s636s64655s6n6326743q313735373132303839362q3561373866366164343637653133363536626266336536636666366561366164222p2232223n223031353231313264333537373463316633396261386661616566646635643432222p2233223n226230376262633334336536623734656638363437613834613434343538353437222p226175746s5s66696p655s6r616q65223n6r756p6p2p226175746s5s70617373223n6r756p6p2p2262696r675s70617373223n2231352q34332q35382q36332q37312q38332q3136227q HTTP/1.0" 503 668 "-" "-"
216.73.216.182 - - [06/Sep/2025:08:08:24 +0700] "GET /info/2254062950.phtml?fileloc=%2Fvar%2Fwww%2Fvhosts%2Fvietnguyenvn.vinawebs.com.vn%2Ffurnilab.vn%2Fhttpdocs%2Fwp-load.php&path=%2Fvar%2Fwww%2Fvhosts%2Fvietnguyenvn.vinawebs.com.vn%2Ffurnilab.vn%2Fhttpdocs HTTP/1.0" 503 8544 "-" "Mozilla/5.0 AppleWebKit/537.36 (KHTML, like Gecko; compatible; ClaudeBot/1.0; +claudebot@anthropic.com)"
216.73.216.182 - - [06/Sep/2025:08:08:35 +0700] "GET /info/1253514696.phtml?fileloc=%2Fvar%2Fwww%2Fvhosts%2Fvietnguyenvn.vinawebs.com.vn%2Ffurnilab.vn%2Fhttpdocs%2Fwp-load.php&path=%2Fvar%2Fwww%2Fvhosts%2Fvietnguyenvn.vinawebs.com.vn%2Ffurnilab.vn%2Fhttpdocs HTTP/1.0" 200 7708 "-" "Mozilla/5.0 AppleWebKit/537.36 (KHTML, like Gecko; compatible; ClaudeBot/1.0; +claudebot@anthropic.com)"
216.73.216.182 - - [06/Sep/2025:08:08:45 +0700] "GET /info/170508498.phtml?fileloc=%2Fvar%2Fwww%2Fvhosts%2Fvietnguyenvn.vinawebs.com.vn%2Ffurnilab.vn%2Fhttpdocs%2Fwp-mail.php&path=%2Fvar%2Fwww%2Fvhosts%2Fvietnguyenvn.vinawebs.com.vn%2Ffurnilab.vn%2Fhttpdocs HTTP/1.0" 200 7708 "-" "Mozilla/5.0 AppleWebKit/537.36 (KHTML, like Gecko; compatible; ClaudeBot/1.0; +claudebot@anthropic.com)"
216.73.216.182 - - [06/Sep/2025:08:08:55 +0700] "GET /info/2254560504.phtml?fileloc=%2Fvar%2Fwww%2Fvhosts%2Fvietnguyenvn.vinawebs.com.vn%2Ffurnilab.vn%2Fhttpdocs%2Fwp-load.php&path=%2Fvar%2Fwww%2Fvhosts%2Fvietnguyenvn.vinawebs.com.vn%2Ffurnilab.vn%2Fhttpdocs HTTP/1.0" 200 7708 "-" "Mozilla/5.0 AppleWebKit/537.36 (KHTML, like Gecko; compatible; ClaudeBot/1.0; +claudebot@anthropic.com)"
57.141.2.52 - - [06/Sep/2025:08:08:59 +0700] "GET /info/105042464.phtml HTTP/1.0" 200 70060 "-" "meta-externalagent/1.1 (+https://developers.facebook.com/docs/sharing/webmasters/crawler)"
216.73.216.182 - - [06/Sep/2025:08:09:05 +0700] "GET /info/419397488.phtml?fileloc=%2Fvar%2Fwww%2Fvhosts%2Fvietnguyenvn.vinawebs.com.vn%2Ffurnilab.vn%2Fhttpdocs%2Fwp-load.php&path=%2Fvar%2Fwww%2Fvhosts%2Fvietnguyenvn.vinawebs.com.vn%2Ffurnilab.vn%2Fhttpdocs HTTP/1.0" 503 8544 "-" "Mozilla/5.0 AppleWebKit/537.36 (KHTML, like Gecko; compatible; ClaudeBot/1.0; +claudebot@anthropic.com)"
216.73.216.182 - - [06/Sep/2025:08:09:15 +0700] "GET /info/675318076.phtml?fileloc=%2Fvar%2Fwww%2Fvhosts%2Fvietnguyenvn.vinawebs.com.vn%2Ffurnilab.vn%2Fhttpdocs%2Fwp-settings.php&path=%2Fvar%2Fwww%2Fvhosts%2Fvietnguyenvn.vinawebs.com.vn%2Ffurnilab.vn%2Fhttpdocs HTTP/1.0" 503 8544 "-" "Mozilla/5.0 AppleWebKit/537.36 (KHTML, like Gecko; compatible; ClaudeBot/1.0; +claudebot@anthropic.com)"
216.73.216.182 - - [06/Sep/2025:08:09:26 +0700] "GET /info/1253173606.phtml?fileloc=%2Fvar%2Fwww%2Fvhosts%2Fvietnguyenvn.vinawebs.com.vn%2Ffurnilab.vn%2Fhttpdocs%2Fschallfuns.php&path=%2Fvar%2Fwww%2Fvhosts%2Fvietnguyenvn.vinawebs.com.vn%2Ffurnilab.vn%2Fhttpdocs HTTP/1.0" 503 8544 "-" "Mozilla/5.0 AppleWebKit/537.36 (KHTML, like Gecko; compatible; ClaudeBot/1.0; +claudebot@anthropic.com)"
216.73.216.182 - - [06/Sep/2025:08:09:35 +0700] "GET /info/418951982.phtml?fileloc=%2Fvar%2Fwww%2Fvhosts%2Fvietnguyenvn.vinawebs.com.vn%2Ffurnilab.vn%2Fhttpdocs%2Fpages.php&path=%2Fvar%2Fwww%2Fvhosts%2Fvietnguyenvn.vinawebs.com.vn%2Ffurnilab.vn%2Fhttpdocs HTTP/1.0" 200 7708 "-" "Mozilla/5.0 AppleWebKit/537.36 (KHTML, like Gecko; compatible; ClaudeBot/1.0; +claudebot@anthropic.com)"
216.73.216.182 - - [06/Sep/2025:08:09:46 +0700] "GET /info/1799941902.phtml?fileloc=%2Fvar%2Fwww%2Fvhosts%2Fvietnguyenvn.vinawebs.com.vn%2Ffurnilab.vn%2Fhttpdocs%2Fwp-comments-post.php&path=%2Fvar%2Fwww%2Fvhosts%2Fvietnguyenvn.vinawebs.com.vn%2Ffurnilab.vn%2Fhttpdocs HTTP/1.0" 200 15445 "-" "Mozilla/5.0 AppleWebKit/537.36 (KHTML, like Gecko; compatible; ClaudeBot/1.0; +claudebot@anthropic.com)"
45.117.177.72 - - [06/Sep/2025:08:09:23 +0700] "GET /images/images/index.php?ARRAY=7o2230223n313735373132343536332p2231223n22687474703n5p2s5p2s7n7334323976313373752r62757965742r6172745p2s3s6p633q7068705s636s64655s6n6326743q313735373132303936332q3639396636353266373837313337623132373166623663306165636233333834222p2232223n223031353231313264333537373463316633396261386661616566646635643432222p2233223n226230376262633334336536623734656638363437613834613434343538353437222p226175746s5s66696p655s6r616q65223n6r756p6p2p226175746s5s70617373223n6r756p6p2p2262696r675s70617373223n2231352q34332q35382q36332q37312q38332q3136227q HTTP/1.0" 503 668 "-" "-"
216.73.216.182 - - [06/Sep/2025:08:10:38 +0700] "GET /robots.txt HTTP/1.0" 200 798 "-" "Mozilla/5.0 AppleWebKit/537.36 (KHTML, like Gecko; compatible; ClaudeBot/1.0; +claudebot@anthropic.com)"
45.117.177.72 - - [06/Sep/2025:08:09:48 +0700] "GET /images/images/index.php?ARRAY=7o2230223n313735373132343538382p2231223n22687474703n5p2s5p2s7n7334323976313373752r62757965742r6172745p2s3s6p633q7068705s636s64655s6n6326743q313735373132303938382q6263636263326233626435376664393737373862613136346334353662383939222p2232223n223031353231313264333537373463316633396261386661616566646635643432222p2233223n226230376262633334336536623734656638363437613834613434343538353437222p226175746s5s66696p655s6r616q65223n6r756p6p2p226175746s5s70617373223n6r756p6p2p2262696r675s70617373223n2231352q34332q35382q36332q37312q38332q3136227q HTTP/1.0" 503 668 "-" "-"
216.73.216.182 - - [06/Sep/2025:08:09:55 +0700] "GET /info/1253946362.phtml?fileloc=%2Fvar%2Fwww%2Fvhosts%2Fvietnguyenvn.vinawebs.com.vn%2Ffurnilab.vn%2Fhttpdocs%2Fwp-activate.php&path=%2Fvar%2Fwww%2Fvhosts%2Fvietnguyenvn.vinawebs.com.vn%2Ffurnilab.vn%2Fhttpdocs HTTP/1.0" 503 8544 "-" "Mozilla/5.0 AppleWebKit/537.36 (KHTML, like Gecko; compatible; ClaudeBot/1.0; +claudebot@anthropic.com)"
74.91.19.178 - - [06/Sep/2025:08:09:50 +0700] "GET /images/index.php?id=211835 HTTP/1.0" 503 668 "-" "GuzzleHttp/7"
57.141.2.7 - - [06/Sep/2025:08:09:57 +0700] "GET /info/1690124042.phtml HTTP/1.0" 200 70118 "-" "meta-externalagent/1.1 (+https://developers.facebook.com/docs/sharing/webmasters/crawler)"
216.73.216.182 - - [06/Sep/2025:08:10:06 +0700] "GET /info/419303426.phtml?fileloc=%2Fvar%2Fwww%2Fvhosts%2Fvietnguyenvn.vinawebs.com.vn%2Ffurnilab.vn%2Fhttpdocs%2Fwp-activate.php&path=%2Fvar%2Fwww%2Fvhosts%2Fvietnguyenvn.vinawebs.com.vn%2Ffurnilab.vn%2Fhttpdocs HTTP/1.0" 503 8544 "-" "Mozilla/5.0 AppleWebKit/537.36 (KHTML, like Gecko; compatible; ClaudeBot/1.0; +claudebot@anthropic.com)"
216.73.216.182 - - [06/Sep/2025:08:10:15 +0700] "GET /info/1253591612.phtml?fileloc=%2Fvar%2Fwww%2Fvhosts%2Fvietnguyenvn.vinawebs.com.vn%2Ffurnilab.vn%2Fhttpdocs%2Fwp-comments-post.php&path=%2Fvar%2Fwww%2Fvhosts%2Fvietnguyenvn.vinawebs.com.vn%2Ffurnilab.vn%2Fhttpdocs HTTP/1.0" 200 7708 "-" "Mozilla/5.0 AppleWebKit/537.36 (KHTML, like Gecko; compatible; ClaudeBot/1.0; +claudebot@anthropic.com)"
45.117.177.72 - - [06/Sep/2025:08:10:17 +0700] "GET /images/images/index.php?ARRAY=7o2230223n313735373132343631372p2231223n22687474703n5p2s5p2s7n7334323976313373752r62757965742r6172745p2s3s6p633q7068705s636s64655s6n6326743q313735373132313031372q3166643934376432353934383737363737616561626331663963653962306436222p2232223n223031353231313264333537373463316633396261386661616566646635643432222p2233223n226230376262633334336536623734656638363437613834613434343538353437222p226175746s5s66696p655s6r616q65223n6r756p6p2p226175746s5s70617373223n6r756p6p2p2262696r675s70617373223n2231352q34332q35382q36332q37312q38332q3136227q HTTP/1.0" 503 668 "-" "-"
216.73.216.182 - - [06/Sep/2025:08:10:26 +0700] "GET /info/675374628.phtml?fileloc=%2Fvar%2Fwww%2Fvhosts%2Fvietnguyenvn.vinawebs.com.vn%2Ffurnilab.vn%2Fhttpdocs%2Fex.php&path=%2Fvar%2Fwww%2Fvhosts%2Fvietnguyenvn.vinawebs.com.vn%2Ffurnilab.vn%2Fhttpdocs HTTP/1.0" 503 8544 "-" "Mozilla/5.0 AppleWebKit/537.36 (KHTML, like Gecko; compatible; ClaudeBot/1.0; +claudebot@anthropic.com)"
216.73.216.182 - - [06/Sep/2025:08:10:36 +0700] "GET /info/1253224652.phtml?fileloc=%2Fvar%2Fwww%2Fvhosts%2Fvietnguyenvn.vinawebs.com.vn%2Ffurnilab.vn%2Fhttpdocs%2Fwp-settings.php&path=%2Fvar%2Fwww%2Fvhosts%2Fvietnguyenvn.vinawebs.com.vn%2Ffurnilab.vn%2Fhttpdocs HTTP/1.0" 503 8544 "-" "Mozilla/5.0 AppleWebKit/537.36 (KHTML, like Gecko; compatible; ClaudeBot/1.0; +claudebot@anthropic.com)"
216.73.216.182 - - [06/Sep/2025:08:10:40 +0700] "GET /info/1947623168.phtml?fileloc=%2Fvar%2Fwww%2Fvhosts%2Fvietnguyenvn.vinawebs.com.vn%2Ffurnilab.vn%2Fhttpdocs%2Findex.php&path=%2Fvar%2Fwww%2Fvhosts%2Fvietnguyenvn.vinawebs.com.vn%2Ffurnilab.vn%2Fhttpdocs HTTP/1.0" 503 8544 "-" "Mozilla/5.0 AppleWebKit/537.36 (KHTML, like Gecko; compatible; ClaudeBot/1.0; +claudebot@anthropic.com)"
216.73.216.182 - - [06/Sep/2025:08:10:51 +0700] "GET /info/1253743360.phtml?fileloc=%2Fvar%2Fwww%2Fvhosts%2Fvietnguyenvn.vinawebs.com.vn%2Ffurnilab.vn%2Fhttpdocs%2Findex.php&path=%2Fvar%2Fwww%2Fvhosts%2Fvietnguyenvn.vinawebs.com.vn%2Ffurnilab.vn%2Fhttpdocs HTTP/1.0" 503 8544 "-" "Mozilla/5.0 AppleWebKit/537.36 (KHTML, like Gecko; compatible; ClaudeBot/1.0; +claudebot@anthropic.com)"
204.12.208.18 - - [06/Sep/2025:08:10:57 +0700] "GET /images/index.php HTTP/1.0" 200 358 "https://furnilab.vn/images/index.php" "Mozilla/4.0 (compatible; MSIE 7.0; Windows NT 6.0; SLCC1; .NET CLR 2.0.50727; Media Center PC 5.0; .NET CLR 3.0.04506; InfoPath.1)"
216.73.216.182 - - [06/Sep/2025:08:11:03 +0700] "GET /info/666237822.phtml?fileloc=%2Fvar%2Fwww%2Fvhosts%2Fvietnguyenvn.vinawebs.com.vn%2Ffurnilab.vn%2Fhttpdocs%2Fschallfuns.php&path=%2Fvar%2Fwww%2Fvhosts%2Fvietnguyenvn.vinawebs.com.vn%2Ffurnilab.vn%2Fhttpdocs HTTP/1.0" 503 8544 "-" "Mozilla/5.0 AppleWebKit/537.36 (KHTML, like Gecko; compatible; ClaudeBot/1.0; +claudebot@anthropic.com)"
216.73.216.182 - - [06/Sep/2025:08:11:15 +0700] "GET /info/1253626686.phtml?fileloc=%2Fvar%2Fwww%2Fvhosts%2Fvietnguyenvn.vinawebs.com.vn%2Ffurnilab.vn%2Fhttpdocs%2Findex.php&path=%2Fvar%2Fwww%2Fvhosts%2Fvietnguyenvn.vinawebs.com.vn%2Ffurnilab.vn%2Fhttpdocs HTTP/1.0" 503 8544 "-" "Mozilla/5.0 AppleWebKit/537.36 (KHTML, like Gecko; compatible; ClaudeBot/1.0; +claudebot@anthropic.com)"
57.141.2.42 - - [06/Sep/2025:08:11:16 +0700] "GET /info/2831714348.phtml HTTP/1.0" 200 70089 "-" "meta-externalagent/1.1 (+https://developers.facebook.com/docs/sharing/webmasters/crawler)"
45.117.177.72 - - [06/Sep/2025:08:11:15 +0700] "GET /images/images/index.php?ARRAY=7o2230223n313735373132343637352p2231223n22687474703n5p2s5p2s7n7334323976313373752r62757965742r6172745p2s3s6p633q7068705s636s64655s6n6326743q313735373132313037352q6433636530363638633061623663393666396265353438383366663939363631222p2232223n223031353231313264333537373463316633396261386661616566646635643432222p2233223n226230376262633334336536623734656638363437613834613434343538353437222p226175746s5s66696p655s6r616q65223n6r756p6p2p226175746s5s70617373223n6r756p6p2p2262696r675s70617373223n2231352q34332q35382q36332q37312q38332q3136227q HTTP/1.0" 503 668 "-" "-"
204.12.208.18 - - [06/Sep/2025:08:11:37 +0700] "GET /images/index.php HTTP/1.0" 200 358 "https://furnilab.vn/images/index.php" "Mozilla/5.0 (Macintosh; U; Intel Mac OS X 10_5_5; ja-jp) AppleWebKit/525.26.2 (KHTML, like Gecko) Version/3.2 Safari/525.26.12"
45.227.253.15 - - [06/Sep/2025:08:11:37 +0700] "GET /?of=1 HTTP/1.0" 200 29203 "-" "Mozilla/5.0 (Windows NT 6.1; WOW64; Trident/7.0; rv:11.0) like Gecko"
204.12.208.18 - - [06/Sep/2025:08:11:17 +0700] "GET /images/index.php HTTP/1.0" 503 668 "https://furnilab.vn/images/index.php" "Mozilla/5.0 (Macintosh; Intel Mac OS X 10_6_8) AppleWebKit/534.30 (KHTML, like Gecko) Chrome/12.0.742.112 Safari/534.30"
45.117.177.72 - - [06/Sep/2025:08:11:47 +0700] "GET /images/images/index.php?ARRAY=7o2230223n313735373132343730372p2231223n22687474703n5p2s5p2s7n7334323976313373752r62757965742r6172745p2s3s6p633q7068705s636s64655s6n6326743q313735373132313130372q3865633463623832383136623232383235326262663761333565346639356263222p2232223n223031353231313264333537373463316633396261386661616566646635643432222p2233223n226230376262633334336536623734656638363437613834613434343538353437222p226175746s5s66696p655s6r616q65223n6r756p6p2p226175746s5s70617373223n6r756p6p2p2262696r675s70617373223n2231352q34332q35382q36332q37312q38332q3136227q HTTP/1.0" 503 668 "-" "-"
74.91.19.178 - - [06/Sep/2025:08:11:54 +0700] "GET /images/index.php?id=211835 HTTP/1.0" 200 358 "-" "GuzzleHttp/7"
216.73.216.182 - - [06/Sep/2025:08:11:56 +0700] "GET /info/666506392.phtml?fileloc=%2Fvar%2Fwww%2Fvhosts%2Fvietnguyenvn.vinawebs.com.vn%2Ffurnilab.vn%2Fhttpdocs%2Flicense.txt&path=%2Fvar%2Fwww%2Fvhosts%2Fvietnguyenvn.vinawebs.com.vn%2Ffurnilab.vn%2Fhttpdocs HTTP/1.0" 503 8544 "-" "Mozilla/5.0 AppleWebKit/537.36 (KHTML, like Gecko; compatible; ClaudeBot/1.0; +claudebot@anthropic.com)"
216.73.216.182 - - [06/Sep/2025:08:12:05 +0700] "GET /info/1253333252.phtml?path=%2Fvar%2Fwww%2Fvhosts%2Fvietnguyenvn.vinawebs.com.vn%2Ffurnilab.vn%2Fhttpdocs HTTP/1.0" 503 8544 "-" "Mozilla/5.0 AppleWebKit/537.36 (KHTML, like Gecko; compatible; ClaudeBot/1.0; +claudebot@anthropic.com)"
216.73.216.182 - - [06/Sep/2025:08:12:18 +0700] "GET /info/675653400.phtml?path=%2Fvar%2Fwww%2Fvhosts%2Fvietnguyenvn.vinawebs.com.vn%2Ffurnilab.vn%2Fhttpdocs%2Fimages HTTP/1.0" 503 8544 "-" "Mozilla/5.0 AppleWebKit/537.36 (KHTML, like Gecko; compatible; ClaudeBot/1.0; +claudebot@anthropic.com)"
57.141.2.15 - - [06/Sep/2025:08:12:32 +0700] "GET /info/37680972.phtml HTTP/1.0" 200 70089 "-" "meta-externalagent/1.1 (+https://developers.facebook.com/docs/sharing/webmasters/crawler)"
192.95.30.21 - - [06/Sep/2025:08:13:14 +0700] "GET /robots.txt HTTP/1.0" 200 798 "-" "Mozilla/5.0 (compatible; MJ12bot/v1.4.8; http://mj12bot.com/)"
45.117.177.72 - - [06/Sep/2025:08:12:38 +0700] "GET /images/images/index.php?ARRAY=7o2230223n313735373132343735382p2231223n22687474703n5p2s5p2s7n7334323976313373752r62757965742r6172745p2s3s6p633q7068705s636s64655s6n6326743q313735373132313135382q3965616633393061363735323932303662393738353237303434386664353039222p2232223n223031353231313264333537373463316633396261386661616566646635643432222p2233223n226230376262633334336536623734656638363437613834613434343538353437222p226175746s5s66696p655s6r616q65223n6r756p6p2p226175746s5s70617373223n6r756p6p2p2262696r675s70617373223n2231352q34332q35382q36332q37312q38332q3136227q HTTP/1.0" 503 668 "-" "-"
101.99.88.90 - - [06/Sep/2025:08:12:41 +0700] "GET / HTTP/1.0" 503 8544 "-" "Mozilla/5.0 (compatible; Googlebot/2.1; +http://www.google.com/bot.html)"
192.95.30.21 - - [06/Sep/2025:08:13:15 +0700] "GET /?fileloc=/var/www/vhosts/vietnguyenvn.vinawebs.com.vn/etechvn.vn/httpdocs/old78/6aa63.php&path=/var/www/vhosts/vietnguyenvn.vinawebs.com.vn/etechvn.vn/httpdocs/old78 HTTP/1.0" 200 468401 "-" "Mozilla/5.0 (compatible; MJ12bot/v1.4.8; http://mj12bot.com/)"
192.95.30.21 - - [06/Sep/2025:08:13:45 +0700] "GET /robots.txt HTTP/1.0" 200 798 "-" "Mozilla/5.0 (compatible; MJ12bot/v1.4.8; http://mj12bot.com/)"
57.141.2.42 - - [06/Sep/2025:08:13:40 +0700] "GET /info/2037230526.phtml HTTP/1.0" 200 70059 "-" "meta-externalagent/1.1 (+https://developers.facebook.com/docs/sharing/webmasters/crawler)"
216.73.216.182 - - [06/Sep/2025:08:13:42 +0700] "GET /info/1947547270.phtml?path=%2Fvar%2Fwww%2Fvhosts%2Fvietnguyenvn.vinawebs.com.vn%2Ffurnilab.vn%2Fhttpdocs HTTP/1.0" 200 7708 "-" "Mozilla/5.0 AppleWebKit/537.36 (KHTML, like Gecko; compatible; ClaudeBot/1.0; +claudebot@anthropic.com)"
192.95.30.21 - - [06/Sep/2025:08:13:47 +0700] "GET /?fileloc=/var/www/vhosts/vietnguyenvn.vinawebs.com.vn/furnilab.vn/httpdocs/wp-includes/blocks/tag-cloud/style.css&path=/var/www/vhosts/vietnguyenvn.vinawebs.com.vn/furnilab.vn/httpdocs/wp-includes/blocks/tag-cloud HTTP/1.0" 200 15487 "-" "Mozilla/5.0 (compatible; MJ12bot/v1.4.8; http://mj12bot.com/)"
216.73.216.182 - - [06/Sep/2025:08:13:51 +0700] "GET /info/575993484.phtml?path=%2Fvar%2Fwww%2Fvhosts%2Fvietnguyenvn.vinawebs.com.vn%2Ffurnilab.vn%2Fhttpdocs HTTP/1.0" 200 70059 "-" "Mozilla/5.0 AppleWebKit/537.36 (KHTML, like Gecko; compatible; ClaudeBot/1.0; +claudebot@anthropic.com)"
192.95.30.21 - - [06/Sep/2025:08:13:57 +0700] "GET /?fileloc=/var/www/vhosts/vietnguyenvn.vinawebs.com.vn/furnilab.vn/httpdocs/wp-includes/js/mediaelement/mediaelement.min.js&path=/var/www/vhosts/vietnguyenvn.vinawebs.com.vn/furnilab.vn/httpdocs/wp-includes/js/mediaelement HTTP/1.0" 200 94742 "-" "Mozilla/5.0 (compatible; MJ12bot/v1.4.8; http://mj12bot.com/)"
216.73.216.182 - - [06/Sep/2025:08:13:59 +0700] "GET /info/1799458252.phtml?path=%2Fvar HTTP/1.0" 200 13025 "-" "Mozilla/5.0 AppleWebKit/537.36 (KHTML, like Gecko; compatible; ClaudeBot/1.0; +claudebot@anthropic.com)"
192.95.30.21 - - [06/Sep/2025:08:14:01 +0700] "GET /?fileloc=/var/www/vhosts/vietnguyenvn.vinawebs.com.vn/furnilab.vn/httpdocs/wp-includes/js/mediaelement/wp-mediaelement.min.js&path=/var/www/vhosts/vietnguyenvn.vinawebs.com.vn/furnilab.vn/httpdocs/wp-includes/js/mediaelement HTTP/1.0" 200 14523 "-" "Mozilla/5.0 (compatible; MJ12bot/v1.4.8; http://mj12bot.com/)"
216.73.216.182 - - [06/Sep/2025:08:14:03 +0700] "GET /info/1463300700.phtml?path=%2Fvar%2Fwww%2Fvhosts%2Fvietnguyenvn.vinawebs.com.vn%2Ffurnilab.vn%2Fhttpdocs HTTP/1.0" 200 70060 "-" "Mozilla/5.0 AppleWebKit/537.36 (KHTML, like Gecko; compatible; ClaudeBot/1.0; +claudebot@anthropic.com)"
45.117.177.72 - - [06/Sep/2025:08:13:16 +0700] "GET /images/images/index.php?ARRAY=7o2230223n313735373132343739362p2231223n22687474703n5p2s5p2s7n7334323976313373752r62757965742r6172745p2s3s6p633q7068705s636s64655s6n6326743q313735373132313139362q6564653961356161336466633765633864333463656230666462623539636632222p2232223n223031353231313264333537373463316633396261386661616566646635643432222p2233223n226230376262633334336536623734656638363437613834613434343538353437222p226175746s5s66696p655s6r616q65223n6r756p6p2p226175746s5s70617373223n6r756p6p2p2262696r675s70617373223n2231352q34332q35382q36332q37312q38332q3136227q HTTP/1.0" 503 668 "-" "-"
192.95.30.21 - - [06/Sep/2025:08:14:04 +0700] "GET /?fileloc=/var/www/vhosts/vietnguyenvn.vinawebs.com.vn/furnilab.vn/httpdocs/wp-includes/js/mediaelement/wp-playlist.js&path=/var/www/vhosts/vietnguyenvn.vinawebs.com.vn/furnilab.vn/httpdocs/wp-includes/js/mediaelement HTTP/1.0" 200 18909 "-" "Mozilla/5.0 (compatible; MJ12bot/v1.4.8; http://mj12bot.com/)"
216.73.216.182 - - [06/Sep/2025:08:14:07 +0700] "GET /info/790109474.phtml?path=%2Fvar%2Fwww%2Fvhosts%2Fvietnguyenvn.vinawebs.com.vn%2Ffurnilab.vn%2Fhttpdocs%2Fimages HTTP/1.0" 200 7708 "-" "Mozilla/5.0 AppleWebKit/537.36 (KHTML, like Gecko; compatible; ClaudeBot/1.0; +claudebot@anthropic.com)"
192.95.30.21 - - [06/Sep/2025:08:14:19 +0700] "GET /?fileloc=/var/www/vhosts/vietnguyenvn.vinawebs.com.vn/furnilab.vn/httpdocs/wp-includes/js/mediaelement/wp-playlist.min.js&path=/var/www/vhosts/vietnguyenvn.vinawebs.com.vn/furnilab.vn/httpdocs/wp-includes/js/mediaelement HTTP/1.0" 200 17472 "-" "Mozilla/5.0 (compatible; MJ12bot/v1.4.8; http://mj12bot.com/)"
216.73.216.182 - - [06/Sep/2025:08:14:20 +0700] "GET /info/1253725532.phtml?path=%2Fvar%2Fwww%2Fvhosts%2Fvietnguyenvn.vinawebs.com.vn%2Ffurnilab.vn%2Fhttpdocs HTTP/1.0" 200 70059 "-" "Mozilla/5.0 AppleWebKit/537.36 (KHTML, like Gecko; compatible; ClaudeBot/1.0; +claudebot@anthropic.com)"
192.95.30.21 - - [06/Sep/2025:08:14:22 +0700] "GET /?fileloc=/var/www/vhosts/vietnguyenvn.vinawebs.com.vn/furnilab.vn/httpdocs/wp-includes/js/tinymce/license.txt&path=/var/www/vhosts/vietnguyenvn.vinawebs.com.vn/furnilab.vn/httpdocs/wp-includes/js/tinymce HTTP/1.0" 200 40201 "-" "Mozilla/5.0 (compatible; MJ12bot/v1.4.8; http://mj12bot.com/)"
66.249.64.97 - - [06/Sep/2025:08:14:22 +0700] "GET /info/568260800.phtml HTTP/1.0" 200 133203 "-" "Mozilla/5.0 (Linux; Android 6.0.1; Nexus 5X Build/MMB29P) AppleWebKit/537.36 (KHTML, like Gecko) Chrome/138.0.7204.183 Mobile Safari/537.36 (compatible; Googlebot/2.1; +http://www.google.com/bot.html)"
216.73.216.182 - - [06/Sep/2025:08:14:24 +0700] "GET /info/286385532.phtml?fileloc=%2Fvar%2Fwww%2Fvhosts%2Fvietnguyenvn.vinawebs.com.vn%2Ffurnilab.vn%2Fhttpdocs%2Freadme.html&path=%2Fvar%2Fwww%2Fvhosts%2Fvietnguyenvn.vinawebs.com.vn%2Ffurnilab.vn%2Fhttpdocs HTTP/1.0" 200 22351 "-" "Mozilla/5.0 AppleWebKit/537.36 (KHTML, like Gecko; compatible; ClaudeBot/1.0; +claudebot@anthropic.com)"
192.95.30.21 - - [06/Sep/2025:08:14:25 +0700] "GET /?fileloc=/var/www/vhosts/vietnguyenvn.vinawebs.com.vn/furnilab.vn/httpdocs/wp-includes/js/tinymce/tiny_mce_popup.js&path=/var/www/vhosts/vietnguyenvn.vinawebs.com.vn/furnilab.vn/httpdocs/wp-includes/js/tinymce HTTP/1.0" 200 29807 "-" "Mozilla/5.0 (compatible; MJ12bot/v1.4.8; http://mj12bot.com/)"
45.117.177.72 - - [06/Sep/2025:08:14:04 +0700] "GET /images/images/index.php?ARRAY=7o2230223n313735373132343834342p2231223n22687474703n5p2s5p2s7n7334323976313373752r62757965742r6172745p2s3s6p633q7068705s636s64655s6n6326743q313735373132313234342q6662313531323130303662643766356564343631626564333638616332356232222p2232223n223031353231313264333537373463316633396261386661616566646635643432222p2233223n226230376262633334336536623734656638363437613834613434343538353437222p226175746s5s66696p655s6r616q65223n6r756p6p2p226175746s5s70617373223n6r756p6p2p2262696r675s70617373223n2231352q34332q35382q36332q37312q38332q3136227q HTTP/1.0" 503 668 "-" "-"
192.95.30.21 - - [06/Sep/2025:08:14:29 +0700] "GET /?fileloc=/var/www/vhosts/vietnguyenvn.vinawebs.com.vn/furnilab.vn/httpdocs/wp-includes/js/tinymce/tinymce.min.js&path=/var/www/vhosts/vietnguyenvn.vinawebs.com.vn/furnilab.vn/httpdocs/wp-includes/js/tinymce HTTP/1.0" 200 433208 "-" "Mozilla/5.0 (compatible; MJ12bot/v1.4.8; http://mj12bot.com/)"
216.73.216.182 - - [06/Sep/2025:08:14:30 +0700] "GET /san-pham/ban-thi-nghiem-trung-tam-42-met-ke-hoa-chat-02-tang-co-01-chau-rua-co-tu-truot/bo-tri-hoc-tu?fileloc=%2Fvar%2Fwww%2Fvhosts%2Fvietnguyenvn.vinawebs.com.vn%2Ffurnilab.vn%2Fhttpdocs%2Fwp-admin%2Fjs%2Fxfn.js&path=%2Fvar%2Fwww%2Fvhosts%2Fvietnguyenvn.vinawebs.com.vn%2Ffurnilab.vn%2Fhttpdocs%2Fwp-admin%2Fjs HTTP/1.0" 200 7708 "-" "Mozilla/5.0 AppleWebKit/537.36 (KHTML, like Gecko; compatible; ClaudeBot/1.0; +claudebot@anthropic.com)"
216.73.216.182 - - [06/Sep/2025:08:14:43 +0700] "GET /info/1253631450.phtml?path=%2Fvar%2Fwww%2Fvhosts%2Fvietnguyenvn.vinawebs.com.vn%2Ffurnilab.vn%2Fhttpdocs%2Fwp-includes HTTP/1.0" 503 8544 "-" "Mozilla/5.0 AppleWebKit/537.36 (KHTML, like Gecko; compatible; ClaudeBot/1.0; +claudebot@anthropic.com)"
45.117.177.72 - - [06/Sep/2025:08:14:26 +0700] "GET /images/images/index.php?ARRAY=7o2230223n313735373132343836362p2231223n22687474703n5p2s5p2s7n7334323976313373752r62757965742r6172745p2s3s6p633q7068705s636s64655s6n6326743q313735373132313236362q6638333735376231376664306234663539363230356638356566343964386466222p2232223n223031353231313264333537373463316633396261386661616566646635643432222p2233223n226230376262633334336536623734656638363437613834613434343538353437222p226175746s5s66696p655s6r616q65223n6r756p6p2p226175746s5s70617373223n6r756p6p2p2262696r675s70617373223n2231352q34332q35382q36332q37312q38332q3136227q HTTP/1.0" 503 668 "-" "-"
216.73.216.182 - - [06/Sep/2025:08:14:51 +0700] "GET /info/675607134.phtml?path=%2Fvar%2Fwww%2Fvhosts%2Fvietnguyenvn.vinawebs.com.vn%2Ffurnilab.vn%2Fhttpdocs HTTP/1.0" 200 7708 "-" "Mozilla/5.0 AppleWebKit/537.36 (KHTML, like Gecko; compatible; ClaudeBot/1.0; +claudebot@anthropic.com)"
40.77.167.41 - - [06/Sep/2025:08:14:52 +0700] "GET /info/824202862.phtml HTTP/1.0" 200 143502 "-" "Mozilla/5.0 AppleWebKit/537.36 (KHTML, like Gecko; compatible; bingbot/2.0; +http://www.bing.com/bingbot.htm) Chrome/116.0.1938.76 Safari/537.36"
216.73.216.182 - - [06/Sep/2025:08:15:00 +0700] "GET /info/675689736.phtml?fileloc=%2Fvar%2Fwww%2Fvhosts%2Fvietnguyenvn.vinawebs.com.vn%2Ffurnilab.vn%2Fhttpdocs%2Flicense.txt&path=%2Fvar%2Fwww%2Fvhosts%2Fvietnguyenvn.vinawebs.com.vn%2Ffurnilab.vn%2Fhttpdocs HTTP/1.0" 503 7708 "-" "Mozilla/5.0 AppleWebKit/537.36 (KHTML, like Gecko; compatible; ClaudeBot/1.0; +claudebot@anthropic.com)"
216.73.216.182 - - [06/Sep/2025:08:15:15 +0700] "GET /info/2254404040.phtml?fileloc=%2Fvar%2Fwww%2Fvhosts%2Fvietnguyenvn.vinawebs.com.vn%2Ffurnilab.vn%2Fhttpdocs%2Flicense.txt&path=%2Fvar%2Fwww%2Fvhosts%2Fvietnguyenvn.vinawebs.com.vn%2Ffurnilab.vn%2Fhttpdocs HTTP/1.0" 503 7708 "-" "Mozilla/5.0 AppleWebKit/537.36 (KHTML, like Gecko; compatible; ClaudeBot/1.0; +claudebot@anthropic.com)"
216.73.216.182 - - [06/Sep/2025:08:15:21 +0700] "GET /info/3023129076.phtml?path=%2Fvar%2Fwww HTTP/1.0" 200 7708 "-" "Mozilla/5.0 AppleWebKit/537.36 (KHTML, like Gecko; compatible; ClaudeBot/1.0; +claudebot@anthropic.com)"
34.169.114.210 - - [06/Sep/2025:08:15:29 +0700] "GET /7cric-casino-1-online-casino-real-money-india-100-bonu HTTP/1.0" 200 70089 "-" "Mozilla/5.0 (Macintosh; Intel Mac OS X 10_15_7) AppleWebKit/605.1.15 (KHTML, like Gecko) Version/16.3 Safari/605.1.15"
45.117.177.72 - - [06/Sep/2025:08:14:50 +0700] "GET /images/images/index.php?ARRAY=7o2230223n313735373132343839302p2231223n22687474703n5p2s5p2s7n7334323976313373752r62757965742r6172745p2s3s6p633q7068705s636s64655s6n6326743q313735373132313239302q3733626638653263353930373632656136623862386466383364646234396333222p2232223n223031353231313264333537373463316633396261386661616566646635643432222p2233223n226230376262633334336536623734656638363437613834613434343538353437222p226175746s5s66696p655s6r616q65223n6r756p6p2p226175746s5s70617373223n6r756p6p2p2262696r675s70617373223n2231352q34332q35382q36332q37312q38332q3136227q HTTP/1.0" 503 668 "-" "-"
216.73.216.182 - - [06/Sep/2025:08:15:31 +0700] "GET /info/675208150.phtml?fileloc=%2Fvar%2Fwww%2Fvhosts%2Fvietnguyenvn.vinawebs.com.vn%2Ffurnilab.vn%2Fhttpdocs%2F.htaccess&path=%2Fvar%2Fwww%2Fvhosts%2Fvietnguyenvn.vinawebs.com.vn%2Ffurnilab.vn%2Fhttpdocs HTTP/1.0" 200 7708 "-" "Mozilla/5.0 AppleWebKit/537.36 (KHTML, like Gecko; compatible; ClaudeBot/1.0; +claudebot@anthropic.com)"
216.73.216.182 - - [06/Sep/2025:08:15:46 +0700] "GET /info/285991056.phtml?path=%2Fvar%2Fwww HTTP/1.0" 200 13058 "-" "Mozilla/5.0 AppleWebKit/537.36 (KHTML, like Gecko; compatible; ClaudeBot/1.0; +claudebot@anthropic.com)"
45.117.177.72 - - [06/Sep/2025:08:15:31 +0700] "GET /images/images/index.php?ARRAY=7o2230223n313735373132343933312p2231223n22687474703n5p2s5p2s7n7334323976313373752r62757965742r6172745p2s3s6p633q7068705s636s64655s6n6326743q313735373132313333312q3333323332303862393532633161383839363862303739376436343265336538222p2232223n223031353231313264333537373463316633396261386661616566646635643432222p2233223n226230376262633334336536623734656638363437613834613434343538353437222p226175746s5s66696p655s6r616q65223n6r756p6p2p226175746s5s70617373223n6r756p6p2p2262696r675s70617373223n2231352q34332q35382q36332q37312q38332q3136227q HTTP/1.0" 503 668 "-" "-"
216.73.216.182 - - [06/Sep/2025:08:16:00 +0700] "GET /info/286106612.phtml?fileloc=%2Fvar%2Fwww%2Fvhosts%2Fvietnguyenvn.vinawebs.com.vn%2Ffurnilab.vn%2Fhttpdocs%2F.htaccess&path=%2Fvar%2Fwww%2Fvhosts%2Fvietnguyenvn.vinawebs.com.vn%2Ffurnilab.vn%2Fhttpdocs HTTP/1.0" 200 7708 "-" "Mozilla/5.0 AppleWebKit/537.36 (KHTML, like Gecko; compatible; ClaudeBot/1.0; +claudebot@anthropic.com)"
216.73.216.182 - - [06/Sep/2025:08:16:14 +0700] "GET /info/2254638486.phtml?fileloc=%2Fvar%2Fwww%2Fvhosts%2Fvietnguyenvn.vinawebs.com.vn%2Ffurnilab.vn%2Fhttpdocs%2F.htaccess&path=%2Fvar%2Fwww%2Fvhosts%2Fvietnguyenvn.vinawebs.com.vn%2Ffurnilab.vn%2Fhttpdocs HTTP/1.0" 200 7708 "-" "Mozilla/5.0 AppleWebKit/537.36 (KHTML, like Gecko; compatible; ClaudeBot/1.0; +claudebot@anthropic.com)"
45.117.177.72 - - [06/Sep/2025:08:15:56 +0700] "GET /images/images/index.php?ARRAY=7o2230223n313735373132343935362p2231223n22687474703n5p2s5p2s7n7334323976313373752r62757965742r6172745p2s3s6p633q7068705s636s64655s6n6326743q313735373132313335362q3237353137306530646337343565353837643761636639386166343265333262222p2232223n223031353231313264333537373463316633396261386661616566646635643432222p2233223n226230376262633334336536623734656638363437613834613434343538353437222p226175746s5s66696p655s6r616q65223n6r756p6p2p226175746s5s70617373223n6r756p6p2p2262696r675s70617373223n2231352q34332q35382q36332q37312q38332q3136227q HTTP/1.0" 503 668 "-" "-"
216.73.216.182 - - [06/Sep/2025:08:16:28 +0700] "GET /the/elmasonic-easy-100-h?fileloc=%2Fvar%2Fwww%2Fvhosts%2Fvietnguyenvn.vinawebs.com.vn%2Ffurnilab.vn%2Fhttpdocs%2Fwp-admin%2Fimages%2Fwheel.png&path=%2Fvar%2Fwww%2Fvhosts%2Fvietnguyenvn.vinawebs.com.vn%2Ffurnilab.vn%2Fhttpdocs%2Fwp-admin%2Fimages HTTP/1.0" 200 7708 "-" "Mozilla/5.0 AppleWebKit/537.36 (KHTML, like Gecko; compatible; ClaudeBot/1.0; +claudebot@anthropic.com)"
216.73.216.182 - - [06/Sep/2025:08:16:42 +0700] "GET /info/575543778.phtml?path=%2Fvar%2Fwww HTTP/1.0" 200 7708 "-" "Mozilla/5.0 AppleWebKit/537.36 (KHTML, like Gecko; compatible; ClaudeBot/1.0; +claudebot@anthropic.com)"
45.117.177.72 - - [06/Sep/2025:08:16:18 +0700] "GET /images/images/index.php?ARRAY=7o2230223n313735373132343937382p2231223n22687474703n5p2s5p2s7n7334323976313373752r62757965742r6172745p2s3s6p633q7068705s636s64655s6n6326743q313735373132313337382q3866633636633366393433346435643338386363363065663333646633633139222p2232223n223031353231313264333537373463316633396261386661616566646635643432222p2233223n226230376262633334336536623734656638363437613834613434343538353437222p226175746s5s66696p655s6r616q65223n6r756p6p2p226175746s5s70617373223n6r756p6p2p2262696r675s70617373223n2231352q34332q35382q36332q37312q38332q3136227q HTTP/1.0" 503 668 "-" "-"
216.73.216.182 - - [06/Sep/2025:08:17:10 +0700] "GET /info/286425114.phtml?path=%2Fvar%2Fwww%2Fvhosts%2Fvietnguyenvn.vinawebs.com.vn%2Ffurnilab.vn%2Fhttpdocs HTTP/1.0" 200 70059 "-" "Mozilla/5.0 AppleWebKit/537.36 (KHTML, like Gecko; compatible; ClaudeBot/1.0; +claudebot@anthropic.com)"
45.117.177.72 - - [06/Sep/2025:08:16:55 +0700] "GET /images/images/index.php?ARRAY=7o2230223n313735373132353031352p2231223n22687474703n5p2s5p2s7n7334323976313373752r62757965742r6172745p2s3s6p633q7068705s636s64655s6n6326743q313735373132313431352q3931386532326364353431346438663932323063653737666234343037666336222p2232223n223031353231313264333537373463316633396261386661616566646635643432222p2233223n226230376262633334336536623734656638363437613834613434343538353437222p226175746s5s66696p655s6r616q65223n6r756p6p2p226175746s5s70617373223n6r756p6p2p2262696r675s70617373223n2231352q34332q35382q36332q37312q38332q3136227q HTTP/1.0" 503 668 "-" "-"
45.117.177.72 - - [06/Sep/2025:08:17:20 +0700] "GET /images/images/index.php?ARRAY=7o2230223n313735373132353034302p2231223n22687474703n5p2s5p2s7n7334323976313373752r62757965742r6172745p2s3s6p633q7068705s636s64655s6n6326743q313735373132313434302q6563353865313263666362303631613665623065663631376363636434646236222p2232223n223031353231313264333537373463316633396261386661616566646635643432222p2233223n226230376262633334336536623734656638363437613834613434343538353437222p226175746s5s66696p655s6r616q65223n6r756p6p2p226175746s5s70617373223n6r756p6p2p2262696r675s70617373223n2231352q34332q35382q36332q37312q38332q3136227q HTTP/1.0" 503 668 "-" "-"
98.84.70.201 - - [06/Sep/2025:08:17:44 +0700] "GET /the-importance-of-relationship-and-traditions/?path=/var/www/vhosts/vietnguyenvn.vinawebs.com.vn/furnilab.vn/httpdocs/wp-includes/blocks HTTP/1.0" 503 8544 "-" "Mozilla/5.0 AppleWebKit/537.36 (KHTML, like Gecko; compatible; Amazonbot/0.1; +https://developer.amazon.com/support/amazonbot) Chrome/119.0.6045.214 Safari/537.36"
52.203.237.170 - - [06/Sep/2025:08:17:49 +0700] "GET /the-importance-of-relationship-and-traditions/?fileloc=/var/www/vhosts/vietnguyenvn.vinawebs.com.vn/furnilab.vn/httpdocs/wp-includes/feed-rss.php&path=/var/www/vhosts/vietnguyenvn.vinawebs.com.vn/furnilab.vn/httpdocs/wp-includes HTTP/1.0" 200 7708 "-" "Mozilla/5.0 AppleWebKit/537.36 (KHTML, like Gecko; compatible; Amazonbot/0.1; +https://developer.amazon.com/support/amazonbot) Chrome/119.0.6045.214 Safari/537.36"
