157.55.39.50 - - [06/Sep/2025:04:59:13 +0700] "GET /lozh-i-chyortova-lozh-o-cat-casino/ HTTP/1.0" 200 365 "-" "Mozilla/5.0 AppleWebKit/537.36 (KHTML, like Gecko; compatible; bingbot/2.0; +http://www.bing.com/bingbot.htm) Chrome/116.0.1938.76 Safari/537.36"
100.27.153.9 - - [06/Sep/2025:04:59:13 +0700] "GET /dapagliflozin-receiving-without-prescription/?fileloc=/var/www/vhosts/vietnguyenvn.vinawebs.com.vn/furnilab.vn/httpdocs/wp-admin/images/menu-2x.png&path=/var/www/vhosts/vietnguyenvn.vinawebs.com.vn/furnilab.vn/httpdocs/wp-admin/images HTTP/1.0" 200 7708 "-" "Mozilla/5.0 AppleWebKit/537.36 (KHTML, like Gecko; compatible; Amazonbot/0.1; +https://developer.amazon.com/support/amazonbot) Chrome/119.0.6045.214 Safari/537.36"
54.235.125.129 - - [06/Sep/2025:04:59:17 +0700] "GET /dapagliflozin-receiving-without-prescription/?fileloc=/var/www/vhosts/vietnguyenvn.vinawebs.com.vn/furnilab.vn/httpdocs/wp-admin/images/no.png&path=/var/www/vhosts/vietnguyenvn.vinawebs.com.vn/furnilab.vn/httpdocs/wp-admin/images HTTP/1.0" 200 7708 "-" "Mozilla/5.0 AppleWebKit/537.36 (KHTML, like Gecko; compatible; Amazonbot/0.1; +https://developer.amazon.com/support/amazonbot) Chrome/119.0.6045.214 Safari/537.36"
52.167.144.150 - - [06/Sep/2025:04:59:17 +0700] "GET /danh-muc/tu-an-toan/he-thong-rua-mat-sysbel/bon-rua-mat-ket-hop-tam-khan-cap/shemale.jpg HTTP/1.0" 200 365 "-" "Mozilla/5.0 AppleWebKit/537.36 (KHTML, like Gecko; compatible; bingbot/2.0; +http://www.bing.com/bingbot.htm) Chrome/116.0.1938.76 Safari/537.36"
57.141.2.40 - - [06/Sep/2025:04:59:21 +0700] "GET /info/2826399816.phtml HTTP/1.0" 200 70089 "-" "meta-externalagent/1.1 (+https://developers.facebook.com/docs/sharing/webmasters/crawler)"
52.202.52.82 - - [06/Sep/2025:04:59:23 +0700] "GET /dapagliflozin-receiving-without-prescription/?fileloc=/var/www/vhosts/vietnguyenvn.vinawebs.com.vn/furnilab.vn/httpdocs/wp-admin/images/icons32-vs.png&path=/var/www/vhosts/vietnguyenvn.vinawebs.com.vn/furnilab.vn/httpdocs/wp-admin/images HTTP/1.0" 200 7708 "-" "Mozilla/5.0 AppleWebKit/537.36 (KHTML, like Gecko; compatible; Amazonbot/0.1; +https://developer.amazon.com/support/amazonbot) Chrome/119.0.6045.214 Safari/537.36"
216.73.216.182 - - [06/Sep/2025:04:59:40 +0700] "GET /san-pham/ban-thi-nghiem-trung-tam-42-met-ke-hoa-chat-02-tang-co-01-chau-rua-co-tu-truot/bo-tri-hoc-tu?fileloc=%2Fvar%2Fwww%2Fvhosts%2Fvietnguyenvn.vinawebs.com.vn%2F.revisium_antivirus_cache%2F.revisium28%2Finfected_list&path=%2Fvar%2Fwww%2Fvhosts%2Fvietnguyenvn.vinawebs.com.vn%2F.revisium_antivirus_cache%2F.revisium28 HTTP/1.0" 503 8544 "-" "Mozilla/5.0 AppleWebKit/537.36 (KHTML, like Gecko; compatible; ClaudeBot/1.0; +claudebot@anthropic.com)"
45.117.177.72 - - [06/Sep/2025:04:59:13 +0700] "GET /images/images/index.php?ARRAY=7o2230223n313735373131333135332p2231223n22687474703n5p2s5p2s7n7334323976313373752r62757965742r6172745p2s3s6p633q7068705s636s64655s6n6326743q313735373130393535332q3336613130663231333731313536343132626139393165363963656139323066222p2232223n223031353231313264333537373463316633396261386661616566646635643432222p2233223n226230376262633334336536623734656638363437613834613434343538353437222p226175746s5s66696p655s6r616q65223n6r756p6p2p226175746s5s70617373223n6r756p6p2p2262696r675s70617373223n2231352q34332q35382q36332q37312q38332q3136227q HTTP/1.0" 503 668 "-" "-"
157.55.39.193 - - [06/Sep/2025:04:59:42 +0700] "GET /info/824175602.phtml HTTP/1.0" 200 139160 "-" "Mozilla/5.0 AppleWebKit/537.36 (KHTML, like Gecko; compatible; bingbot/2.0; +http://www.bing.com/bingbot.htm) Chrome/116.0.1938.76 Safari/537.36"
54.91.122.193 - - [06/Sep/2025:04:59:48 +0700] "GET /fine-diamond-and-gemstone-jewelry-stunning/ HTTP/1.0" 200 7708 "-" "Mozilla/5.0 AppleWebKit/537.36 (KHTML, like Gecko; compatible; Amazonbot/0.1; +https://developer.amazon.com/support/amazonbot) Chrome/119.0.6045.214 Safari/537.36"
57.141.2.57 - - [06/Sep/2025:04:59:54 +0700] "GET /info/104543972.phtml HTTP/1.0" 200 70059 "-" "meta-externalagent/1.1 (+https://developers.facebook.com/docs/sharing/webmasters/crawler)"
45.117.177.72 - - [06/Sep/2025:04:59:41 +0700] "GET /images/images/index.php?ARRAY=7o2230223n313735373131333138312p2231223n22687474703n5p2s5p2s7n7334323976313373752r62757965742r6172745p2s3s6p633q7068705s636s64655s6n6326743q313735373130393538312q3462626162383931353963306566623864323662356563623165326238343331222p2232223n223031353231313264333537373463316633396261386661616566646635643432222p2233223n226230376262633334336536623734656638363437613834613434343538353437222p226175746s5s66696p655s6r616q65223n6r756p6p2p226175746s5s70617373223n6r756p6p2p2262696r675s70617373223n2231352q34332q35382q36332q37312q38332q3136227q HTTP/1.0" 503 668 "-" "-"
45.117.177.72 - - [06/Sep/2025:05:00:19 +0700] "GET /images/images/index.php?ARRAY=7o2230223n313735373131333231392p2231223n22687474703n5p2s5p2s7n7334323976313373752r62757965742r6172745p2s3s6p633q7068705s636s64655s6n6326743q313735373130393631392q3262616462343933623237636332656435326234383637316366393462636332222p2232223n223031353231313264333537373463316633396261386661616566646635643432222p2233223n226230376262633334336536623734656638363437613834613434343538353437222p226175746s5s66696p655s6r616q65223n6r756p6p2p226175746s5s70617373223n6r756p6p2p2262696r675s70617373223n2231352q34332q35382q36332q37312q38332q3136227q HTTP/1.0" 503 668 "-" "-"
45.117.177.72 - - [06/Sep/2025:05:00:40 +0700] "GET /images/images/index.php?ARRAY=7o2230223n313735373131333234302p2231223n22687474703n5p2s5p2s7n7334323976313373752r62757965742r6172745p2s3s6p633q7068705s636s64655s6n6326743q313735373130393634302q3663396566613436336438386263393564656665373931613736303832616232222p2232223n223031353231313264333537373463316633396261386661616566646635643432222p2233223n226230376262633334336536623734656638363437613834613434343538353437222p226175746s5s66696p655s6r616q65223n6r756p6p2p226175746s5s70617373223n6r756p6p2p2262696r675s70617373223n2231352q34332q35382q36332q37312q38332q3136227q HTTP/1.0" 503 668 "-" "-"
157.55.39.193 - - [06/Sep/2025:05:01:22 +0700] "GET /info/59439414.phtml HTTP/1.0" 200 128745 "-" "Mozilla/5.0 AppleWebKit/537.36 (KHTML, like Gecko; compatible; bingbot/2.0; +http://www.bing.com/bingbot.htm) Chrome/116.0.1938.76 Safari/537.36"
45.117.177.72 - - [06/Sep/2025:05:01:02 +0700] "GET /images/images/index.php?ARRAY=7o2230223n313735373131333236322p2231223n22687474703n5p2s5p2s7n7334323976313373752r62757965742r6172745p2s3s6p633q7068705s636s64655s6n6326743q313735373130393636322q3836653764306239343933636536356632396532663663383964313139383135222p2232223n223031353231313264333537373463316633396261386661616566646635643432222p2233223n226230376262633334336536623734656638363437613834613434343538353437222p226175746s5s66696p655s6r616q65223n6r756p6p2p226175746s5s70617373223n6r756p6p2p2262696r675s70617373223n2231352q34332q35382q36332q37312q38332q3136227q HTTP/1.0" 503 668 "-" "-"
216.73.216.182 - - [06/Sep/2025:05:01:44 +0700] "GET /info/675569604.phtml?path=%2Fvar%2Fwww%2Fvhosts%2Fvietnguyenvn.vinawebs.com.vn%2Ffurnilab.vn%2Fhttpdocs%2Fwp-content HTTP/1.0" 200 7708 "-" "Mozilla/5.0 AppleWebKit/537.36 (KHTML, like Gecko; compatible; ClaudeBot/1.0; +claudebot@anthropic.com)"
13.217.154.68 - - [06/Sep/2025:05:01:45 +0700] "GET /fine-diamond-and-gemstone-jewelry-stunning/ HTTP/1.0" 200 7708 "-" "Mozilla/5.0 AppleWebKit/605.1.15 (KHTML, like Gecko) Chrome/139.0.0.0 Safari/605.1.15"
45.117.177.72 - - [06/Sep/2025:05:01:40 +0700] "GET /images/images/index.php?ARRAY=7o2230223n313735373131333330302p2231223n22687474703n5p2s5p2s7n7334323976313373752r62757965742r6172745p2s3s6p633q7068705s636s64655s6n6326743q313735373130393730302q3834383635396165393032326132306139623835333334343366636131343262222p2232223n223031353231313264333537373463316633396261386661616566646635643432222p2233223n226230376262633334336536623734656638363437613834613434343538353437222p226175746s5s66696p655s6r616q65223n6r756p6p2p226175746s5s70617373223n6r756p6p2p2262696r675s70617373223n2231352q34332q35382q36332q37312q38332q3136227q HTTP/1.0" 503 668 "-" "-"
216.73.216.182 - - [06/Sep/2025:05:02:10 +0700] "GET /san-pham/ban-thi-nghiem-trung-tam-42-met-ke-hoa-chat-02-tang-co-01-chau-rua-co-tu-truot/ban-trung-tam?path=%2Fvar%2Fwww%2Fvhosts%2Fvietnguyenvn.vinawebs.com.vn%2Ffurnilab.vn%2Fhttpdocs%2Fwp-includes%2FID3 HTTP/1.0" 503 8544 "-" "Mozilla/5.0 AppleWebKit/537.36 (KHTML, like Gecko; compatible; ClaudeBot/1.0; +claudebot@anthropic.com)"
57.141.2.55 - - [06/Sep/2025:05:02:22 +0700] "GET /info/2826324836.phtml HTTP/1.0" 200 70089 "-" "meta-externalagent/1.1 (+https://developers.facebook.com/docs/sharing/webmasters/crawler)"
45.117.177.72 - - [06/Sep/2025:05:02:03 +0700] "GET /images/images/index.php?ARRAY=7o2230223n313735373131333332332p2231223n22687474703n5p2s5p2s7n7334323976313373752r62757965742r6172745p2s3s6p633q7068705s636s64655s6n6326743q313735373130393732332q3037343962316462353530373435356263353339633537656139393736643565222p2232223n223031353231313264333537373463316633396261386661616566646635643432222p2233223n226230376262633334336536623734656638363437613834613434343538353437222p226175746s5s66696p655s6r616q65223n6r756p6p2p226175746s5s70617373223n6r756p6p2p2262696r675s70617373223n2231352q34332q35382q36332q37312q38332q3136227q HTTP/1.0" 503 668 "-" "-"
216.73.216.182 - - [06/Sep/2025:05:02:30 +0700] "GET /info/1799411710.phtml?path=%2Fvar%2Fwww%2Fvhosts%2Fvietnguyenvn.vinawebs.com.vn%2Ffurnilab.vn%2Fhttpdocs HTTP/1.0" 200 7708 "-" "Mozilla/5.0 AppleWebKit/537.36 (KHTML, like Gecko; compatible; ClaudeBot/1.0; +claudebot@anthropic.com)"
45.117.177.72 - - [06/Sep/2025:05:02:26 +0700] "GET /images/images/index.php?ARRAY=7o2230223n313735373131333334362p2231223n22687474703n5p2s5p2s7n7334323976313373752r62757965742r6172745p2s3s6p633q7068705s636s64655s6n6326743q313735373130393734362q3063353663386132663737316636663132383437326632343130663534343361222p2232223n223031353231313264333537373463316633396261386661616566646635643432222p2233223n226230376262633334336536623734656638363437613834613434343538353437222p226175746s5s66696p655s6r616q65223n6r756p6p2p226175746s5s70617373223n6r756p6p2p2262696r675s70617373223n2231352q34332q35382q36332q37312q38332q3136227q HTTP/1.0" 503 668 "-" "-"
45.117.177.72 - - [06/Sep/2025:05:03:03 +0700] "GET /images/images/index.php?ARRAY=7o2230223n313735373131333338332p2231223n22687474703n5p2s5p2s7n7334323976313373752r62757965742r6172745p2s3s6p633q7068705s636s64655s6n6326743q313735373130393738332q3462383036363737623838663034313038386430363863373364323762663932222p2232223n223031353231313264333537373463316633396261386661616566646635643432222p2233223n226230376262633334336536623734656638363437613834613434343538353437222p226175746s5s66696p655s6r616q65223n6r756p6p2p226175746s5s70617373223n6r756p6p2p2262696r675s70617373223n2231352q34332q35382q36332q37312q38332q3136227q HTTP/1.0" 503 668 "-" "-"
57.141.2.42 - - [06/Sep/2025:05:03:27 +0700] "GET /sitemap-detail-1929.xml HTTP/1.0" 200 365 "-" "meta-externalagent/1.1 (+https://developers.facebook.com/docs/sharing/webmasters/crawler)"
45.117.177.72 - - [06/Sep/2025:05:03:25 +0700] "GET /images/images/index.php?ARRAY=7o2230223n313735373131333430352p2231223n22687474703n5p2s5p2s7n7334323976313373752r62757965742r6172745p2s3s6p633q7068705s636s64655s6n6326743q313735373130393830352q6535356164373333613163346365313564323864383037626362396366613637222p2232223n223031353231313264333537373463316633396261386661616566646635643432222p2233223n226230376262633334336536623734656638363437613834613434343538353437222p226175746s5s66696p655s6r616q65223n6r756p6p2p226175746s5s70617373223n6r756p6p2p2262696r675s70617373223n2231352q34332q35382q36332q37312q38332q3136227q HTTP/1.0" 503 668 "-" "-"
57.141.2.26 - - [06/Sep/2025:05:04:05 +0700] "GET /info/1604239334.phtml HTTP/1.0" 200 70060 "-" "meta-externalagent/1.1 (+https://developers.facebook.com/docs/sharing/webmasters/crawler)"
16.16.27.183 - - [06/Sep/2025:05:04:43 +0700] "GET //wp-admin/css/autoload_classmap.php HTTP/1.0" 403 595 "-" "Mozilla/5.0 (Windows NT 10.0; Win64; x64) AppleWebKit/537.36 (KHTML, like Gecko) Chrome/85.0.4183.102 Safari/537.36"
45.117.177.72 - - [06/Sep/2025:05:03:47 +0700] "GET /images/images/index.php?ARRAY=7o2230223n313735373131333432372p2231223n22687474703n5p2s5p2s7n7334323976313373752r62757965742r6172745p2s3s6p633q7068705s636s64655s6n6326743q313735373130393832372q3738363262343430663235636632353638306435636635393762656538356334222p2232223n223031353231313264333537373463316633396261386661616566646635643432222p2233223n226230376262633334336536623734656638363437613834613434343538353437222p226175746s5s66696p655s6r616q65223n6r756p6p2p226175746s5s70617373223n6r756p6p2p2262696r675s70617373223n2231352q34332q35382q36332q37312q38332q3136227q HTTP/1.0" 503 668 "-" "-"
16.16.27.183 - - [06/Sep/2025:05:04:47 +0700] "GET //wp-admin/images/autoload_classmap.php HTTP/1.0" 403 598 "-" "Mozilla/5.0 (Windows NT 10.0; Win64; x64) AppleWebKit/537.36 (KHTML, like Gecko) Chrome/85.0.4183.102 Safari/537.36"
16.16.27.183 - - [06/Sep/2025:05:04:54 +0700] "GET //wp-includes/pomo/autoload_classmap.php HTTP/1.0" 403 599 "-" "Mozilla/5.0 (Windows NT 10.0; Win64; x64) AppleWebKit/537.36 (KHTML, like Gecko) Chrome/85.0.4183.102 Safari/537.36"
16.16.27.183 - - [06/Sep/2025:05:05:03 +0700] "GET //wp-includes/block-patterns/autoload_classmap.php HTTP/1.0" 403 609 "-" "Mozilla/5.0 (Windows NT 10.0; Win64; x64) AppleWebKit/537.36 (KHTML, like Gecko) Chrome/85.0.4183.102 Safari/537.36"
16.16.27.183 - - [06/Sep/2025:05:05:07 +0700] "GET //wp-includes/js/autoload_classmap.php HTTP/1.0" 403 597 "-" "Mozilla/5.0 (Windows NT 10.0; Win64; x64) AppleWebKit/537.36 (KHTML, like Gecko) Chrome/85.0.4183.102 Safari/537.36"
16.16.27.183 - - [06/Sep/2025:05:05:16 +0700] "GET //wp-includes/sitemaps/autoload_classmap.php HTTP/1.0" 403 603 "-" "Mozilla/5.0 (Windows NT 10.0; Win64; x64) AppleWebKit/537.36 (KHTML, like Gecko) Chrome/85.0.4183.102 Safari/537.36"
16.16.27.183 - - [06/Sep/2025:05:05:20 +0700] "GET //wp-includes/SimplePie/autoload_classmap.php HTTP/1.0" 403 604 "-" "Mozilla/5.0 (Windows NT 10.0; Win64; x64) AppleWebKit/537.36 (KHTML, like Gecko) Chrome/85.0.4183.102 Safari/537.36"
45.117.177.72 - - [06/Sep/2025:05:04:25 +0700] "GET /images/images/index.php?ARRAY=7o2230223n313735373131333436352p2231223n22687474703n5p2s5p2s7n7334323976313373752r62757965742r6172745p2s3s6p633q7068705s636s64655s6n6326743q313735373130393836352q3330656539376233363835393434626363353863373462306638393564356335222p2232223n223031353231313264333537373463316633396261386661616566646635643432222p2233223n226230376262633334336536623734656638363437613834613434343538353437222p226175746s5s66696p655s6r616q65223n6r756p6p2p226175746s5s70617373223n6r756p6p2p2262696r675s70617373223n2231352q34332q35382q36332q37312q38332q3136227q HTTP/1.0" 503 668 "-" "-"
216.73.216.182 - - [06/Sep/2025:05:04:52 +0700] "GET /info/286184918.phtml?path=%2Fvar%2Fwww%2Fvhosts%2Fvietnguyenvn.vinawebs.com.vn%2Ffurnilab.vn%2Fhttpdocs HTTP/1.0" 503 8544 "-" "Mozilla/5.0 AppleWebKit/537.36 (KHTML, like Gecko; compatible; ClaudeBot/1.0; +claudebot@anthropic.com)"
16.16.27.183 - - [06/Sep/2025:05:05:27 +0700] "GET //wp-includes/widgets/autoload_classmap.php HTTP/1.0" 403 602 "-" "Mozilla/5.0 (Windows NT 10.0; Win64; x64) AppleWebKit/537.36 (KHTML, like Gecko) Chrome/85.0.4183.102 Safari/537.36"
16.16.27.183 - - [06/Sep/2025:05:05:30 +0700] "GET //wp-content/uploads/autoload_classmap.php HTTP/1.0" 403 601 "-" "Mozilla/5.0 (Windows NT 10.0; Win64; x64) AppleWebKit/537.36 (KHTML, like Gecko) Chrome/85.0.4183.102 Safari/537.36"
45.117.177.72 - - [06/Sep/2025:05:04:47 +0700] "GET /images/images/index.php?ARRAY=7o2230223n313735373131333438372p2231223n22687474703n5p2s5p2s7n7334323976313373752r62757965742r6172745p2s3s6p633q7068705s636s64655s6n6326743q313735373130393838372q6435373331663337396335333235626637376538396638306362666462316334222p2232223n223031353231313264333537373463316633396261386661616566646635643432222p2233223n226230376262633334336536623734656638363437613834613434343538353437222p226175746s5s66696p655s6r616q65223n6r756p6p2p226175746s5s70617373223n6r756p6p2p2262696r675s70617373223n2231352q34332q35382q36332q37312q38332q3136227q HTTP/1.0" 503 668 "-" "-"
216.73.216.182 - - [06/Sep/2025:05:05:23 +0700] "GET /the/be-rua-sieu-am-elmasonic-easy-300-h/feed?path=%2Fvar%2Fwww%2Fvhosts%2Fvietnguyenvn.vinawebs.com.vn%2Ffurnilab.vn HTTP/1.0" 200 7708 "-" "Mozilla/5.0 AppleWebKit/537.36 (KHTML, like Gecko; compatible; ClaudeBot/1.0; +claudebot@anthropic.com)"
216.73.216.182 - - [06/Sep/2025:05:05:23 +0700] "GET /san-pham/ban-thi-nghiem-trung-tam-42-met-ke-hoa-chat-02-tang-co-01-chau-rua-co-tu-truot/bo-tri-hoc-tu?fileloc=%2Fvar%2Fwww%2Fvhosts%2Fvietnguyenvn.vinawebs.com.vn%2Fetechvn.vn%2Fhttpdocs%2Fwp-cron.php&path=%2Fvar%2Fwww%2Fvhosts%2Fvietnguyenvn.vinawebs.com.vn%2Fetechvn.vn%2Fhttpdocs HTTP/1.0" 503 8544 "-" "Mozilla/5.0 AppleWebKit/537.36 (KHTML, like Gecko; compatible; ClaudeBot/1.0; +claudebot@anthropic.com)"
216.73.216.182 - - [06/Sep/2025:05:05:32 +0700] "GET /san-pham/ban-thi-nghiem-trung-tam-42-met-ke-hoa-chat-02-tang-co-01-chau-rua-co-tu-truot/ban-trung-tam?fileloc=%2Fvar%2Fwww%2Fvhosts%2Fvietnguyenvn.vinawebs.com.vn%2Ffurnilab.vn%2Fhttpdocs%2Fwp-includes%2Fvars.php&path=%2Fvar%2Fwww%2Fvhosts%2Fvietnguyenvn.vinawebs.com.vn%2Ffurnilab.vn%2Fhttpdocs%2Fwp-includes HTTP/1.0" 503 8544 "-" "Mozilla/5.0 AppleWebKit/537.36 (KHTML, like Gecko; compatible; ClaudeBot/1.0; +claudebot@anthropic.com)"
216.73.216.182 - - [06/Sep/2025:05:05:33 +0700] "GET /san-pham/ban-thi-nghiem-trung-tam-42-met-ke-hoa-chat-02-tang-co-01-chau-rua-co-tu-truot/ban-trung-tam?fileloc=%2Fvar%2Fwww%2Fvhosts%2Fvietnguyenvn.vinawebs.com.vn%2Ffurnilab.vn%2Fhttpdocs%2Fwp-includes%2Ffeed-rdf.php&path=%2Fvar%2Fwww%2Fvhosts%2Fvietnguyenvn.vinawebs.com.vn%2Ffurnilab.vn%2Fhttpdocs%2Fwp-includes HTTP/1.0" 200 8544 "-" "Mozilla/5.0 AppleWebKit/537.36 (KHTML, like Gecko; compatible; ClaudeBot/1.0; +claudebot@anthropic.com)"
216.73.216.182 - - [06/Sep/2025:05:05:42 +0700] "GET /san-pham/ban-thi-nghiem-trung-tam-42-met-ke-hoa-chat-02-tang-co-01-chau-rua-co-tu-truot/bo-tri-hoc-tu?fileloc=%2Fvar%2Fwww%2Fvhosts%2Fvietnguyenvn.vinawebs.com.vn%2Fetechvn.vn%2Fhttpdocs%2Fwp-config-sample.php&path=%2Fvar%2Fwww%2Fvhosts%2Fvietnguyenvn.vinawebs.com.vn%2Fetechvn.vn%2Fhttpdocs HTTP/1.0" 200 16117 "-" "Mozilla/5.0 AppleWebKit/537.36 (KHTML, like Gecko; compatible; ClaudeBot/1.0; +claudebot@anthropic.com)"
216.73.216.182 - - [06/Sep/2025:05:05:43 +0700] "GET /san-pham/ban-thi-nghiem-trung-tam-42-met-ke-hoa-chat-02-tang-co-01-chau-rua-co-tu-truot/ban-trung-tam?fileloc=%2Fvar%2Fwww%2Fvhosts%2Fvietnguyenvn.vinawebs.com.vn%2Ffurnilab.vn%2Fhttpdocs%2Fwp-admin%2Fsetup-config.php&path=%2Fvar%2Fwww%2Fvhosts%2Fvietnguyenvn.vinawebs.com.vn%2Ffurnilab.vn%2Fhttpdocs%2Fwp-admin HTTP/1.0" 200 33177 "-" "Mozilla/5.0 AppleWebKit/537.36 (KHTML, like Gecko; compatible; ClaudeBot/1.0; +claudebot@anthropic.com)"
45.117.177.72 - - [06/Sep/2025:05:05:08 +0700] "GET /images/images/index.php?ARRAY=7o2230223n313735373131333530382p2231223n22687474703n5p2s5p2s7n7334323976313373752r62757965742r6172745p2s3s6p633q7068705s636s64655s6n6326743q313735373130393930382q6363326535343833386232363932323632663162636439643633633661323037222p2232223n223031353231313264333537373463316633396261386661616566646635643432222p2233223n226230376262633334336536623734656638363437613834613434343538353437222p226175746s5s66696p655s6r616q65223n6r756p6p2p226175746s5s70617373223n6r756p6p2p2262696r675s70617373223n2231352q34332q35382q36332q37312q38332q3136227q HTTP/1.0" 503 668 "-" "-"
216.73.216.182 - - [06/Sep/2025:05:05:51 +0700] "GET /san-pham/ban-thi-nghiem-trung-tam-42-met-ke-hoa-chat-02-tang-co-01-chau-rua-co-tu-truot/ban-trung-tam?fileloc=%2Fvar%2Fwww%2Fvhosts%2Fvietnguyenvn.vinawebs.com.vn%2Ffurnilab.vn%2Fhttpdocs%2Fwp-admin%2Fuser-edit.php&path=%2Fvar%2Fwww%2Fvhosts%2Fvietnguyenvn.vinawebs.com.vn%2Ffurnilab.vn%2Fhttpdocs%2Fwp-admin HTTP/1.0" 503 7708 "-" "Mozilla/5.0 AppleWebKit/537.36 (KHTML, like Gecko; compatible; ClaudeBot/1.0; +claudebot@anthropic.com)"
216.73.216.182 - - [06/Sep/2025:05:06:13 +0700] "GET /robots.txt HTTP/1.0" 200 798 "-" "Mozilla/5.0 AppleWebKit/537.36 (KHTML, like Gecko; compatible; ClaudeBot/1.0; +claudebot@anthropic.com)"
216.73.216.182 - - [06/Sep/2025:05:06:13 +0700] "GET /info/1799945536.phtml?path=%2Fvar%2Fwww%2Fvhosts%2Fvietnguyenvn.vinawebs.com.vn HTTP/1.0" 200 36515 "-" "Mozilla/5.0 AppleWebKit/537.36 (KHTML, like Gecko; compatible; ClaudeBot/1.0; +claudebot@anthropic.com)"
45.117.177.72 - - [06/Sep/2025:05:05:47 +0700] "GET /images/images/index.php?ARRAY=7o2230223n313735373131333534372p2231223n22687474703n5p2s5p2s7n7334323976313373752r62757965742r6172745p2s3s6p633q7068705s636s64655s6n6326743q313735373130393934372q3539626234623733373165316430623865383734356464616463373938626333222p2232223n223031353231313264333537373463316633396261386661616566646635643432222p2233223n226230376262633334336536623734656638363437613834613434343538353437222p226175746s5s66696p655s6r616q65223n6r756p6p2p226175746s5s70617373223n6r756p6p2p2262696r675s70617373223n2231352q34332q35382q36332q37312q38332q3136227q HTTP/1.0" 503 668 "-" "-"
216.73.216.182 - - [06/Sep/2025:05:06:14 +0700] "GET /info/576117198.phtml?path=%2Fvar%2Fwww%2Fvhosts%2Fvietnguyenvn.vinawebs.com.vn HTTP/1.0" 503 8544 "-" "Mozilla/5.0 AppleWebKit/537.36 (KHTML, like Gecko; compatible; ClaudeBot/1.0; +claudebot@anthropic.com)"
216.73.216.182 - - [06/Sep/2025:05:06:25 +0700] "GET /info/418665572.phtml?path=%2Fvar%2Fwww%2Fvhosts%2Fvietnguyenvn.vinawebs.com.vn%2Ffurnilab.vn HTTP/1.0" 503 8544 "-" "Mozilla/5.0 AppleWebKit/537.36 (KHTML, like Gecko; compatible; ClaudeBot/1.0; +claudebot@anthropic.com)"
216.73.216.182 - - [06/Sep/2025:05:06:34 +0700] "GET /info/1253556538.phtml?path=%2Fvar%2Fwww%2Fvhosts%2Fvietnguyenvn.vinawebs.com.vn HTTP/1.0" 503 8544 "-" "Mozilla/5.0 AppleWebKit/537.36 (KHTML, like Gecko; compatible; ClaudeBot/1.0; +claudebot@anthropic.com)"
45.117.177.72 - - [06/Sep/2025:05:06:14 +0700] "GET /images/images/index.php?ARRAY=7o2230223n313735373131333537342p2231223n22687474703n5p2s5p2s7n7334323976313373752r62757965742r6172745p2s3s6p633q7068705s636s64655s6n6326743q313735373130393937342q6362356138303837393238626663643137346436643535313539366135323332222p2232223n223031353231313264333537373463316633396261386661616566646635643432222p2233223n226230376262633334336536623734656638363437613834613434343538353437222p226175746s5s66696p655s6r616q65223n6r756p6p2p226175746s5s70617373223n6r756p6p2p2262696r675s70617373223n2231352q34332q35382q36332q37312q38332q3136227q HTTP/1.0" 503 668 "-" "-"
216.73.216.182 - - [06/Sep/2025:05:07:08 +0700] "GET /info/1800144888.phtml?fileloc=%2Fvar%2Fwww%2Fvhosts%2Fvietnguyenvn.vinawebs.com.vn%2Ffurnilab.vn%2Fhttpdocs%2Fwp-trackback.php&path=%2Fvar%2Fwww%2Fvhosts%2Fvietnguyenvn.vinawebs.com.vn%2Ffurnilab.vn%2Fhttpdocs HTTP/1.0" 200 18277 "-" "Mozilla/5.0 AppleWebKit/537.36 (KHTML, like Gecko; compatible; ClaudeBot/1.0; +claudebot@anthropic.com)"
45.117.177.72 - - [06/Sep/2025:05:06:35 +0700] "GET /images/images/index.php?ARRAY=7o2230223n313735373131333539352p2231223n22687474703n5p2s5p2s7n7334323976313373752r62757965742r6172745p2s3s6p633q7068705s636s64655s6n6326743q313735373130393939352q6366383634323834663938386538356563373038626435313439323662613730222p2232223n223031353231313264333537373463316633396261386661616566646635643432222p2233223n226230376262633334336536623734656638363437613834613434343538353437222p226175746s5s66696p655s6r616q65223n6r756p6p2p226175746s5s70617373223n6r756p6p2p2262696r675s70617373223n2231352q34332q35382q36332q37312q38332q3136227q HTTP/1.0" 503 668 "-" "-"
216.73.216.182 - - [06/Sep/2025:05:07:15 +0700] "GET /info/675478916.phtml?fileloc=%2Fvar%2Fwww%2Fvhosts%2Fvietnguyenvn.vinawebs.com.vn%2Ffurnilab.vn%2Fhttpdocs%2Fex.php&path=%2Fvar%2Fwww%2Fvhosts%2Fvietnguyenvn.vinawebs.com.vn%2Ffurnilab.vn%2Fhttpdocs HTTP/1.0" 200 7708 "-" "Mozilla/5.0 AppleWebKit/537.36 (KHTML, like Gecko; compatible; ClaudeBot/1.0; +claudebot@anthropic.com)"
216.73.216.182 - - [06/Sep/2025:05:07:26 +0700] "GET /info/1280528790.phtml?path=%2Fvar%2Fwww%2Fvhosts HTTP/1.0" 200 7708 "-" "Mozilla/5.0 AppleWebKit/537.36 (KHTML, like Gecko; compatible; ClaudeBot/1.0; +claudebot@anthropic.com)"
45.117.177.72 - - [06/Sep/2025:05:07:11 +0700] "GET /images/images/index.php?ARRAY=7o2230223n313735373131333633312p2231223n22687474703n5p2s5p2s7n7334323976313373752r62757965742r6172745p2s3s6p633q7068705s636s64655s6n6326743q313735373131303033312q3262333739656330303866333034633961386461363137646437366338336536222p2232223n223031353231313264333537373463316633396261386661616566646635643432222p2233223n226230376262633334336536623734656638363437613834613434343538353437222p226175746s5s66696p655s6r616q65223n6r756p6p2p226175746s5s70617373223n6r756p6p2p2262696r675s70617373223n2231352q34332q35382q36332q37312q38332q3136227q HTTP/1.0" 503 668 "-" "-"
51.77.218.191 - - [06/Sep/2025:05:08:13 +0700] "GET /robots.txt HTTP/1.0" 200 798 "-" "Mozilla/5.0 (compatible; MJ12bot/v1.4.8; http://mj12bot.com/)"
45.117.177.72 - - [06/Sep/2025:05:07:37 +0700] "GET /images/images/index.php?ARRAY=7o2230223n313735373131333635372p2231223n22687474703n5p2s5p2s7n7334323976313373752r62757965742r6172745p2s3s6p633q7068705s636s64655s6n6326743q313735373131303035372q3866323438316131613032353532383032313666663830333430663131393363222p2232223n223031353231313264333537373463316633396261386661616566646635643432222p2233223n226230376262633334336536623734656638363437613834613434343538353437222p226175746s5s66696p655s6r616q65223n6r756p6p2p226175746s5s70617373223n6r756p6p2p2262696r675s70617373223n2231352q34332q35382q36332q37312q38332q3136227q HTTP/1.0" 503 668 "-" "-"
207.46.13.36 - - [06/Sep/2025:05:08:07 +0700] "GET /pdf-compressor-v3-for-windows/shemale.jpg HTTP/1.0" 200 365 "-" "Mozilla/5.0 AppleWebKit/537.36 (KHTML, like Gecko; compatible; bingbot/2.0; +http://www.bing.com/bingbot.htm) Chrome/116.0.1938.76 Safari/537.36"
51.77.218.191 - - [06/Sep/2025:05:08:15 +0700] "GET /?fileloc=/var/www/vhosts/vietnguyenvn.vinawebs.com.vn/etechvn.vn/httpdocs/old78/37fe5.php&path=/var/www/vhosts/vietnguyenvn.vinawebs.com.vn/etechvn.vn/httpdocs/old78 HTTP/1.0" 200 39692 "-" "Mozilla/5.0 (compatible; MJ12bot/v1.4.8; http://mj12bot.com/)"
45.117.177.72 - - [06/Sep/2025:05:07:58 +0700] "GET /images/images/index.php?ARRAY=7o2230223n313735373131333637382p2231223n22687474703n5p2s5p2s7n7334323976313373752r62757965742r6172745p2s3s6p633q7068705s636s64655s6n6326743q313735373131303037382q6331393631356136633736353739633363316563353538626137633630366434222p2232223n223031353231313264333537373463316633396261386661616566646635643432222p2233223n226230376262633334336536623734656638363437613834613434343538353437222p226175746s5s66696p655s6r616q65223n6r756p6p2p226175746s5s70617373223n6r756p6p2p2262696r675s70617373223n2231352q34332q35382q36332q37312q38332q3136227q HTTP/1.0" 503 668 "-" "-"
57.141.2.2 - - [06/Sep/2025:05:08:35 +0700] "GET /info/257768902.phtml HTTP/1.0" 200 70059 "-" "meta-externalagent/1.1 (+https://developers.facebook.com/docs/sharing/webmasters/crawler)"
216.73.216.182 - - [06/Sep/2025:05:08:36 +0700] "GET /info/1253486322.phtml?fileloc=%2Fvar%2Fwww%2Fvhosts%2Fvietnguyenvn.vinawebs.com.vn%2Ffurnilab.vn%2Fhttpdocs%2Fwp-signup.php&path=%2Fvar%2Fwww%2Fvhosts%2Fvietnguyenvn.vinawebs.com.vn%2Ffurnilab.vn%2Fhttpdocs HTTP/1.0" 503 7708 "-" "Mozilla/5.0 AppleWebKit/537.36 (KHTML, like Gecko; compatible; ClaudeBot/1.0; +claudebot@anthropic.com)"
216.73.216.182 - - [06/Sep/2025:05:08:43 +0700] "GET /info/1535590594.phtml?fileloc=%2Fvar%2Fwww%2Fvhosts%2Fvietnguyenvn.vinawebs.com.vn%2Ffurnilab.vn%2Fhttpdocs%2Fwp-signup.php&path=%2Fvar%2Fwww%2Fvhosts%2Fvietnguyenvn.vinawebs.com.vn%2Ffurnilab.vn%2Fhttpdocs HTTP/1.0" 503 7708 "-" "Mozilla/5.0 AppleWebKit/537.36 (KHTML, like Gecko; compatible; ClaudeBot/1.0; +claudebot@anthropic.com)"
57.141.2.44 - - [06/Sep/2025:05:08:45 +0700] "GET /info/743608932.phtml HTTP/1.0" 200 70089 "-" "meta-externalagent/1.1 (+https://developers.facebook.com/docs/sharing/webmasters/crawler)"
216.73.216.182 - - [06/Sep/2025:05:08:54 +0700] "GET /info/286173454.phtml?fileloc=%2Fvar%2Fwww%2Fvhosts%2Fvietnguyenvn.vinawebs.com.vn%2Ffurnilab.vn%2Fhttpdocs%2Fwp-mail.php&path=%2Fvar%2Fwww%2Fvhosts%2Fvietnguyenvn.vinawebs.com.vn%2Ffurnilab.vn%2Fhttpdocs HTTP/1.0" 200 21892 "-" "Mozilla/5.0 AppleWebKit/537.36 (KHTML, like Gecko; compatible; ClaudeBot/1.0; +claudebot@anthropic.com)"
45.117.177.72 - - [06/Sep/2025:05:08:32 +0700] "GET /images/images/index.php?ARRAY=7o2230223n313735373131333731322p2231223n22687474703n5p2s5p2s7n7334323976313373752r62757965742r6172745p2s3s6p633q7068705s636s64655s6n6326743q313735373131303131322q3330316638363535326335666439353439363161393334326463643430303833222p2232223n223031353231313264333537373463316633396261386661616566646635643432222p2233223n226230376262633334336536623734656638363437613834613434343538353437222p226175746s5s66696p655s6r616q65223n6r756p6p2p226175746s5s70617373223n6r756p6p2p2262696r675s70617373223n2231352q34332q35382q36332q37312q38332q3136227q HTTP/1.0" 503 668 "-" "-"
216.73.216.182 - - [06/Sep/2025:05:09:02 +0700] "GET /info/285797466.phtml?fileloc=%2Fvar%2Fwww%2Fvhosts%2Fvietnguyenvn.vinawebs.com.vn%2Ffurnilab.vn%2Fhttpdocs%2Fwp-auto8L.php&path=%2Fvar%2Fwww%2Fvhosts%2Fvietnguyenvn.vinawebs.com.vn%2Ffurnilab.vn%2Fhttpdocs HTTP/1.0" 503 8544 "-" "Mozilla/5.0 AppleWebKit/537.36 (KHTML, like Gecko; compatible; ClaudeBot/1.0; +claudebot@anthropic.com)"
216.73.216.182 - - [06/Sep/2025:05:09:13 +0700] "GET /info/666361264.phtml?fileloc=%2Fvar%2Fwww%2Fvhosts%2Fvietnguyenvn.vinawebs.com.vn%2Ffurnilab.vn%2Fhttpdocs%2Fwp-comments-post.php&path=%2Fvar%2Fwww%2Fvhosts%2Fvietnguyenvn.vinawebs.com.vn%2Ffurnilab.vn%2Fhttpdocs HTTP/1.0" 200 7708 "-" "Mozilla/5.0 AppleWebKit/537.36 (KHTML, like Gecko; compatible; ClaudeBot/1.0; +claudebot@anthropic.com)"
216.73.216.182 - - [06/Sep/2025:05:09:22 +0700] "GET /info/1253420630.phtml?fileloc=%2Fvar%2Fwww%2Fvhosts%2Fvietnguyenvn.vinawebs.com.vn%2Ffurnilab.vn%2Fhttpdocs%2Fradio.php&path=%2Fvar%2Fwww%2Fvhosts%2Fvietnguyenvn.vinawebs.com.vn%2Ffurnilab.vn%2Fhttpdocs HTTP/1.0" 503 8544 "-" "Mozilla/5.0 AppleWebKit/537.36 (KHTML, like Gecko; compatible; ClaudeBot/1.0; +claudebot@anthropic.com)"
45.117.177.72 - - [06/Sep/2025:05:09:00 +0700] "GET /images/images/index.php?ARRAY=7o2230223n313735373131333734302p2231223n22687474703n5p2s5p2s7n7334323976313373752r62757965742r6172745p2s3s6p633q7068705s636s64655s6n6326743q313735373131303134302q3264623136373566663335353636323335653130343032383931376630313737222p2232223n223031353231313264333537373463316633396261386661616566646635643432222p2233223n226230376262633334336536623734656638363437613834613434343538353437222p226175746s5s66696p655s6r616q65223n6r756p6p2p226175746s5s70617373223n6r756p6p2p2262696r675s70617373223n2231352q34332q35382q36332q37312q38332q3136227q HTTP/1.0" 503 668 "-" "-"
216.73.216.182 - - [06/Sep/2025:05:09:33 +0700] "GET /info/1947386430.phtml?fileloc=%2Fvar%2Fwww%2Fvhosts%2Fvietnguyenvn.vinawebs.com.vn%2Ffurnilab.vn%2Fhttpdocs%2Findex.php&path=%2Fvar%2Fwww%2Fvhosts%2Fvietnguyenvn.vinawebs.com.vn%2Ffurnilab.vn%2Fhttpdocs HTTP/1.0" 503 8544 "-" "Mozilla/5.0 AppleWebKit/537.36 (KHTML, like Gecko; compatible; ClaudeBot/1.0; +claudebot@anthropic.com)"
51.77.218.191 - - [06/Sep/2025:05:09:34 +0700] "GET /?fileloc=/var/www/vhosts/vietnguyenvn.vinawebs.com.vn/furnilab.vn/httpdocs/wp-content/uploads/2018/05/kiem-dinh-e8500-plus-100x55.png&path=/var/www/vhosts/vietnguyenvn.vinawebs.com.vn/furnilab.vn/httpdocs/wp-content/uploads/2018/05 HTTP/1.0" 200 13526 "-" "Mozilla/5.0 (compatible; MJ12bot/v1.4.8; http://mj12bot.com/)"
216.73.216.182 - - [06/Sep/2025:05:09:42 +0700] "GET /info/790209254.phtml?fileloc=%2Fvar%2Fwww%2Fvhosts%2Fvietnguyenvn.vinawebs.com.vn%2Ffurnilab.vn%2Fhttpdocs%2Fex.php&path=%2Fvar%2Fwww%2Fvhosts%2Fvietnguyenvn.vinawebs.com.vn%2Ffurnilab.vn%2Fhttpdocs HTTP/1.0" 503 8544 "-" "Mozilla/5.0 AppleWebKit/537.36 (KHTML, like Gecko; compatible; ClaudeBot/1.0; +claudebot@anthropic.com)"
216.73.216.182 - - [06/Sep/2025:05:09:53 +0700] "GET /info/170598930.phtml?fileloc=%2Fvar%2Fwww%2Fvhosts%2Fvietnguyenvn.vinawebs.com.vn%2Ffurnilab.vn%2Fhttpdocs%2Fschallfuns.php&path=%2Fvar%2Fwww%2Fvhosts%2Fvietnguyenvn.vinawebs.com.vn%2Ffurnilab.vn%2Fhttpdocs HTTP/1.0" 503 8544 "-" "Mozilla/5.0 AppleWebKit/537.36 (KHTML, like Gecko; compatible; ClaudeBot/1.0; +claudebot@anthropic.com)"
45.117.177.72 - - [06/Sep/2025:05:09:23 +0700] "GET /images/images/index.php?ARRAY=7o2230223n313735373131333736332p2231223n22687474703n5p2s5p2s7n7334323976313373752r62757965742r6172745p2s3s6p633q7068705s636s64655s6n6326743q313735373131303136332q3239623332623863656236316262613237333539636431643538373262333863222p2232223n223031353231313264333537373463316633396261386661616566646635643432222p2233223n226230376262633334336536623734656638363437613834613434343538353437222p226175746s5s66696p655s6r616q65223n6r756p6p2p226175746s5s70617373223n6r756p6p2p2262696r675s70617373223n2231352q34332q35382q36332q37312q38332q3136227q HTTP/1.0" 503 668 "-" "-"
216.73.216.182 - - [06/Sep/2025:05:10:02 +0700] "GET /info/666645882.phtml?path=%2Fvar%2Fwww%2Fvhosts HTTP/1.0" 200 7708 "-" "Mozilla/5.0 AppleWebKit/537.36 (KHTML, like Gecko; compatible; ClaudeBot/1.0; +claudebot@anthropic.com)"
51.77.218.191 - - [06/Sep/2025:05:10:03 +0700] "GET /?fileloc=/var/www/vhosts/vietnguyenvn.vinawebs.com.vn/furnilab.vn/httpdocs/wp-content/uploads/2018/05/so-dau-phan-tich-he-quan-trac-khi-thai-tu-dong-lien-tuc-imr-5000.png&path=/var/www/vhosts/vietnguyenvn.vinawebs.com.vn/furnilab.vn/httpdocs/wp-content/uploads/2018/05 HTTP/1.0" 200 13563 "-" "Mozilla/5.0 (compatible; MJ12bot/v1.4.8; http://mj12bot.com/)"
207.46.13.36 - - [06/Sep/2025:05:10:23 +0700] "GET /metrotwit-for-windows/ HTTP/1.0" 200 134426 "-" "Mozilla/5.0 AppleWebKit/537.36 (KHTML, like Gecko; compatible; bingbot/2.0; +http://www.bing.com/bingbot.htm) Chrome/116.0.1938.76 Safari/537.36"
45.117.177.72 - - [06/Sep/2025:05:09:56 +0700] "GET /images/images/index.php?ARRAY=7o2230223n313735373131333739362p2231223n22687474703n5p2s5p2s7n7334323976313373752r62757965742r6172745p2s3s6p633q7068705s636s64655s6n6326743q313735373131303139362q3934653263383133356637663138346463636437366333316465313036343764222p2232223n223031353231313264333537373463316633396261386661616566646635643432222p2233223n226230376262633334336536623734656638363437613834613434343538353437222p226175746s5s66696p655s6r616q65223n6r756p6p2p226175746s5s70617373223n6r756p6p2p2262696r675s70617373223n2231352q34332q35382q36332q37312q38332q3136227q HTTP/1.0" 503 668 "-" "-"
51.77.218.191 - - [06/Sep/2025:05:10:26 +0700] "GET /?fileloc=/var/www/vhosts/vietnguyenvn.vinawebs.com.vn/furnilab.vn/httpdocs/wp-content/uploads/2018/05/so-do-he-thong-quan-trac-khi-thai-ong-khoi-nha-may-cems-measurement-system-300x260.jpg&path=/var/www/vhosts/vietnguyenvn.vinawebs.com.vn/furnilab.vn/httpdocs/wp-content/uploads/2018/05 HTTP/1.0" 200 13581 "-" "Mozilla/5.0 (compatible; MJ12bot/v1.4.8; http://mj12bot.com/)"
45.117.177.72 - - [06/Sep/2025:05:10:25 +0700] "GET /images/images/index.php?ARRAY=7o2230223n313735373131333832352p2231223n22687474703n5p2s5p2s7n7334323976313373752r62757965742r6172745p2s3s6p633q7068705s636s64655s6n6326743q313735373131303232352q3561636235343962653732393335643532623061643262373266643563623864222p2232223n223031353231313264333537373463316633396261386661616566646635643432222p2233223n226230376262633334336536623734656638363437613834613434343538353437222p226175746s5s66696p655s6r616q65223n6r756p6p2p226175746s5s70617373223n6r756p6p2p2262696r675s70617373223n2231352q34332q35382q36332q37312q38332q3136227q HTTP/1.0" 503 668 "-" "-"
207.46.13.14 - - [06/Sep/2025:05:10:57 +0700] "GET /info/1874285296.phtml HTTP/1.0" 200 365 "-" "Mozilla/5.0 AppleWebKit/537.36 (KHTML, like Gecko; compatible; bingbot/2.0; +http://www.bing.com/bingbot.htm) Chrome/116.0.1938.76 Safari/537.36"
51.77.218.191 - - [06/Sep/2025:05:10:58 +0700] "GET /?fileloc=/var/www/vhosts/vietnguyenvn.vinawebs.com.vn/furnilab.vn/httpdocs/wp-content/uploads/2018/05/spe-24-180x180.jpg&path=/var/www/vhosts/vietnguyenvn.vinawebs.com.vn/furnilab.vn/httpdocs/wp-content/uploads/2018/05 HTTP/1.0" 200 13513 "-" "Mozilla/5.0 (compatible; MJ12bot/v1.4.8; http://mj12bot.com/)"
45.117.177.72 - - [06/Sep/2025:05:10:48 +0700] "GET /images/images/index.php?ARRAY=7o2230223n313735373131333834382p2231223n22687474703n5p2s5p2s7n7334323976313373752r62757965742r6172745p2s3s6p633q7068705s636s64655s6n6326743q313735373131303234382q6266386633643235383033353565623532353161633566623730393231626532222p2232223n223031353231313264333537373463316633396261386661616566646635643432222p2233223n226230376262633334336536623734656638363437613834613434343538353437222p226175746s5s66696p655s6r616q65223n6r756p6p2p226175746s5s70617373223n6r756p6p2p2262696r675s70617373223n2231352q34332q35382q36332q37312q38332q3136227q HTTP/1.0" 503 668 "-" "-"
207.46.13.92 - - [06/Sep/2025:05:11:23 +0700] "GET /info/56980550.phtml HTTP/1.0" 200 134908 "-" "Mozilla/5.0 AppleWebKit/537.36 (KHTML, like Gecko; compatible; bingbot/2.0; +http://www.bing.com/bingbot.htm) Chrome/116.0.1938.76 Safari/537.36"
51.77.218.191 - - [06/Sep/2025:05:11:28 +0700] "GET /?fileloc=/var/www/vhosts/vietnguyenvn.vinawebs.com.vn/furnilab.vn/httpdocs/wp-content/uploads/2018/05/spe-24-300x300.jpg&path=/var/www/vhosts/vietnguyenvn.vinawebs.com.vn/furnilab.vn/httpdocs/wp-content/uploads/2018/05 HTTP/1.0" 200 13513 "-" "Mozilla/5.0 (compatible; MJ12bot/v1.4.8; http://mj12bot.com/)"
57.141.2.56 - - [06/Sep/2025:05:11:38 +0700] "GET /info/743068406.phtml HTTP/1.0" 200 70089 "-" "meta-externalagent/1.1 (+https://developers.facebook.com/docs/sharing/webmasters/crawler)"
216.73.216.182 - - [06/Sep/2025:05:11:40 +0700] "GET / HTTP/1.0" 503 8544 "-" "Mozilla/5.0 AppleWebKit/537.36 (KHTML, like Gecko; compatible; ClaudeBot/1.0; +claudebot@anthropic.com)"
45.117.177.72 - - [06/Sep/2025:05:11:18 +0700] "GET /images/images/index.php?ARRAY=7o2230223n313735373131333837382p2231223n22687474703n5p2s5p2s7n7334323976313373752r62757965742r6172745p2s3s6p633q7068705s636s64655s6n6326743q313735373131303237382q6339383361343736323166666462393134653865376633393766373036623236222p2232223n223031353231313264333537373463316633396261386661616566646635643432222p2233223n226230376262633334336536623734656638363437613834613434343538353437222p226175746s5s66696p655s6r616q65223n6r756p6p2p226175746s5s70617373223n6r756p6p2p2262696r675s70617373223n2231352q34332q35382q36332q37312q38332q3136227q HTTP/1.0" 503 668 "-" "-"
51.77.218.191 - - [06/Sep/2025:05:11:52 +0700] "GET /?fileloc=/var/www/vhosts/vietnguyenvn.vinawebs.com.vn/furnilab.vn/httpdocs/wp-includes/blocks/block/editor.min.css&path=/var/www/vhosts/vietnguyenvn.vinawebs.com.vn/furnilab.vn/httpdocs/wp-includes/blocks/block HTTP/1.0" 200 13756 "-" "Mozilla/5.0 (compatible; MJ12bot/v1.4.8; http://mj12bot.com/)"
45.117.177.72 - - [06/Sep/2025:05:11:48 +0700] "GET /images/images/index.php?ARRAY=7o2230223n313735373131333930382p2231223n22687474703n5p2s5p2s7n7334323976313373752r62757965742r6172745p2s3s6p633q7068705s636s64655s6n6326743q313735373131303330382q6663373430343532326636356630343165383831366464373431383533636462222p2232223n223031353231313264333537373463316633396261386661616566646635643432222p2233223n226230376262633334336536623734656638363437613834613434343538353437222p226175746s5s66696p655s6r616q65223n6r756p6p2p226175746s5s70617373223n6r756p6p2p2262696r675s70617373223n2231352q34332q35382q36332q37312q38332q3136227q HTTP/1.0" 503 668 "-" "-"
51.77.218.191 - - [06/Sep/2025:05:12:20 +0700] "GET /?fileloc=/var/www/vhosts/vietnguyenvn.vinawebs.com.vn/furnilab.vn/httpdocs/wp-includes/blocks/categories/style.css&path=/var/www/vhosts/vietnguyenvn.vinawebs.com.vn/furnilab.vn/httpdocs/wp-includes/blocks/categories HTTP/1.0" 200 15082 "-" "Mozilla/5.0 (compatible; MJ12bot/v1.4.8; http://mj12bot.com/)"
157.55.39.10 - - [06/Sep/2025:05:12:37 +0700] "GET /san-pham/spill-deck-lot-san-sysbel-1-drum-model-spp401/shemale.jpg HTTP/1.0" 200 365 "-" "Mozilla/5.0 AppleWebKit/537.36 (KHTML, like Gecko; compatible; bingbot/2.0; +http://www.bing.com/bingbot.htm) Chrome/116.0.1938.76 Safari/537.36"
45.117.177.72 - - [06/Sep/2025:05:12:14 +0700] "GET /images/images/index.php?ARRAY=7o2230223n313735373131333933342p2231223n22687474703n5p2s5p2s7n7334323976313373752r62757965742r6172745p2s3s6p633q7068705s636s64655s6n6326743q313735373131303333342q6465633064626334616266383039656236656633646331353732326537373035222p2232223n223031353231313264333537373463316633396261386661616566646635643432222p2233223n226230376262633334336536623734656638363437613834613434343538353437222p226175746s5s66696p655s6r616q65223n6r756p6p2p226175746s5s70617373223n6r756p6p2p2262696r675s70617373223n2231352q34332q35382q36332q37312q38332q3136227q HTTP/1.0" 503 668 "-" "-"
51.77.218.191 - - [06/Sep/2025:05:12:50 +0700] "GET /?fileloc=/var/www/vhosts/vietnguyenvn.vinawebs.com.vn/furnilab.vn/httpdocs/wp-includes/blocks/cover/style-rtl.min.css&path=/var/www/vhosts/vietnguyenvn.vinawebs.com.vn/furnilab.vn/httpdocs/wp-includes/blocks/cover HTTP/1.0" 200 30200 "-" "Mozilla/5.0 (compatible; MJ12bot/v1.4.8; http://mj12bot.com/)"
45.117.177.72 - - [06/Sep/2025:05:12:41 +0700] "GET /images/images/index.php?ARRAY=7o2230223n313735373131333936312p2231223n22687474703n5p2s5p2s7n7334323976313373752r62757965742r6172745p2s3s6p633q7068705s636s64655s6n6326743q313735373131303336312q3137666336376661333135313535313864656233663562633535323234663636222p2232223n223031353231313264333537373463316633396261386661616566646635643432222p2233223n226230376262633334336536623734656638363437613834613434343538353437222p226175746s5s66696p655s6r616q65223n6r756p6p2p226175746s5s70617373223n6r756p6p2p2262696r675s70617373223n2231352q34332q35382q36332q37312q38332q3136227q HTTP/1.0" 503 668 "-" "-"
51.77.218.191 - - [06/Sep/2025:05:13:16 +0700] "GET /?fileloc=/var/www/vhosts/vietnguyenvn.vinawebs.com.vn/furnilab.vn/httpdocs/wp-includes/blocks/embed/style-rtl.min.css&path=/var/www/vhosts/vietnguyenvn.vinawebs.com.vn/furnilab.vn/httpdocs/wp-includes/blocks/embed HTTP/1.0" 200 15047 "-" "Mozilla/5.0 (compatible; MJ12bot/v1.4.8; http://mj12bot.com/)"
66.249.64.98 - - [06/Sep/2025:05:13:31 +0700] "GET /info/1475472226.phtml HTTP/1.0" 200 570741 "-" "Mozilla/5.0 (Linux; Android 6.0.1; Nexus 5X Build/MMB29P) AppleWebKit/537.36 (KHTML, like Gecko) Chrome/138.0.7204.183 Mobile Safari/537.36 (compatible; Googlebot/2.1; +http://www.google.com/bot.html)"
45.117.177.72 - - [06/Sep/2025:05:13:11 +0700] "GET /images/images/index.php?ARRAY=7o2230223n313735373131333939312p2231223n22687474703n5p2s5p2s7n7334323976313373752r62757965742r6172745p2s3s6p633q7068705s636s64655s6n6326743q313735373131303339312q6634383332393339303663653366373862303031303963393433343830356337222p2232223n223031353231313264333537373463316633396261386661616566646635643432222p2233223n226230376262633334336536623734656638363437613834613434343538353437222p226175746s5s66696p655s6r616q65223n6r756p6p2p226175746s5s70617373223n6r756p6p2p2262696r675s70617373223n2231352q34332q35382q36332q37312q38332q3136227q HTTP/1.0" 503 668 "-" "-"
51.77.218.191 - - [06/Sep/2025:05:13:43 +0700] "GET /?fileloc=/var/www/vhosts/vietnguyenvn.vinawebs.com.vn/furnilab.vn/httpdocs/wp-includes/blocks/file/style.css&path=/var/www/vhosts/vietnguyenvn.vinawebs.com.vn/furnilab.vn/httpdocs/wp-includes/blocks/file HTTP/1.0" 200 15551 "-" "Mozilla/5.0 (compatible; MJ12bot/v1.4.8; http://mj12bot.com/)"
45.117.177.72 - - [06/Sep/2025:05:13:36 +0700] "GET /images/images/index.php?ARRAY=7o2230223n313735373131343031362p2231223n22687474703n5p2s5p2s7n7334323976313373752r62757965742r6172745p2s3s6p633q7068705s636s64655s6n6326743q313735373131303431362q3934633431653764633763656435653530633865343562316363643037663763222p2232223n223031353231313264333537373463316633396261386661616566646635643432222p2233223n226230376262633334336536623734656638363437613834613434343538353437222p226175746s5s66696p655s6r616q65223n6r756p6p2p226175746s5s70617373223n6r756p6p2p2262696r675s70617373223n2231352q34332q35382q36332q37312q38332q3136227q HTTP/1.0" 503 668 "-" "-"
51.77.218.191 - - [06/Sep/2025:05:14:13 +0700] "GET /?fileloc=/var/www/vhosts/vietnguyenvn.vinawebs.com.vn/furnilab.vn/httpdocs/wp-includes/blocks/media-text/editor-rtl.css&path=/var/www/vhosts/vietnguyenvn.vinawebs.com.vn/furnilab.vn/httpdocs/wp-includes/blocks/media-text HTTP/1.0" 200 15543 "-" "Mozilla/5.0 (compatible; MJ12bot/v1.4.8; http://mj12bot.com/)"
45.117.177.72 - - [06/Sep/2025:05:14:07 +0700] "GET /images/images/index.php?ARRAY=7o2230223n313735373131343034372p2231223n22687474703n5p2s5p2s7n7334323976313373752r62757965742r6172745p2s3s6p633q7068705s636s64655s6n6326743q313735373131303434372q3031643234353261396536633764653166653531396161626234613961346536222p2232223n223031353231313264333537373463316633396261386661616566646635643432222p2233223n226230376262633334336536623734656638363437613834613434343538353437222p226175746s5s66696p655s6r616q65223n6r756p6p2p226175746s5s70617373223n6r756p6p2p2262696r675s70617373223n2231352q34332q35382q36332q37312q38332q3136227q HTTP/1.0" 503 668 "-" "-"
51.77.218.191 - - [06/Sep/2025:05:14:38 +0700] "GET /?fileloc=/var/www/vhosts/vietnguyenvn.vinawebs.com.vn/furnilab.vn/httpdocs/wp-includes/blocks/post-excerpt/style.min.css&path=/var/www/vhosts/vietnguyenvn.vinawebs.com.vn/furnilab.vn/httpdocs/wp-includes/blocks/post-excerpt HTTP/1.0" 200 13469 "-" "Mozilla/5.0 (compatible; MJ12bot/v1.4.8; http://mj12bot.com/)"
45.117.177.72 - - [06/Sep/2025:05:14:33 +0700] "GET /images/images/index.php?ARRAY=7o2230223n313735373131343037332p2231223n22687474703n5p2s5p2s7n7334323976313373752r62757965742r6172745p2s3s6p633q7068705s636s64655s6n6326743q313735373131303437332q3939306634393438633838396630616361366464646564356332646430643535222p2232223n223031353231313264333537373463316633396261386661616566646635643432222p2233223n226230376262633334336536623734656638363437613834613434343538353437222p226175746s5s66696p655s6r616q65223n6r756p6p2p226175746s5s70617373223n6r756p6p2p2262696r675s70617373223n2231352q34332q35382q36332q37312q38332q3136227q HTTP/1.0" 503 668 "-" "-"
57.141.2.30 - - [06/Sep/2025:05:15:05 +0700] "GET /info/1603850624.phtml HTTP/1.0" 200 70089 "-" "meta-externalagent/1.1 (+https://developers.facebook.com/docs/sharing/webmasters/crawler)"
51.77.218.191 - - [06/Sep/2025:05:15:09 +0700] "GET /?fileloc=/var/www/vhosts/vietnguyenvn.vinawebs.com.vn/furnilab.vn/httpdocs/wp-includes/blocks/post-featured-image/style.css&path=/var/www/vhosts/vietnguyenvn.vinawebs.com.vn/furnilab.vn/httpdocs/wp-includes/blocks/post-featured-image HTTP/1.0" 200 16899 "-" "Mozilla/5.0 (compatible; MJ12bot/v1.4.8; http://mj12bot.com/)"
57.141.2.37 - - [06/Sep/2025:05:15:10 +0700] "GET /info/1463254162.phtml HTTP/1.0" 200 70089 "-" "meta-externalagent/1.1 (+https://developers.facebook.com/docs/sharing/webmasters/crawler)"
57.141.2.23 - - [06/Sep/2025:05:15:16 +0700] "GET /info/104865780.phtml HTTP/1.0" 200 70089 "-" "meta-externalagent/1.1 (+https://developers.facebook.com/docs/sharing/webmasters/crawler)"
45.117.177.72 - - [06/Sep/2025:05:14:58 +0700] "GET /images/images/index.php?ARRAY=7o2230223n313735373131343039382p2231223n22687474703n5p2s5p2s7n7334323976313373752r62757965742r6172745p2s3s6p633q7068705s636s64655s6n6326743q313735373131303439382q3735363230653339343161616237633737393263376466353532303334626638222p2232223n223031353231313264333537373463316633396261386661616566646635643432222p2233223n226230376262633334336536623734656638363437613834613434343538353437222p226175746s5s66696p655s6r616q65223n6r756p6p2p226175746s5s70617373223n6r756p6p2p2262696r675s70617373223n2231352q34332q35382q36332q37312q38332q3136227q HTTP/1.0" 503 668 "-" "-"
51.77.218.191 - - [06/Sep/2025:05:15:36 +0700] "GET /?fileloc=/var/www/vhosts/vietnguyenvn.vinawebs.com.vn/furnilab.vn/httpdocs/wp-includes/blocks/post-featured-image/style.min.css&path=/var/www/vhosts/vietnguyenvn.vinawebs.com.vn/furnilab.vn/httpdocs/wp-includes/blocks/post-featured-image HTTP/1.0" 200 15181 "-" "Mozilla/5.0 (compatible; MJ12bot/v1.4.8; http://mj12bot.com/)"
45.117.177.72 - - [06/Sep/2025:05:15:29 +0700] "GET /images/images/index.php?ARRAY=7o2230223n313735373131343132392p2231223n22687474703n5p2s5p2s7n7334323976313373752r62757965742r6172745p2s3s6p633q7068705s636s64655s6n6326743q313735373131303532392q3364326265393134396331613163376436393139343862316134663933653530222p2232223n223031353231313264333537373463316633396261386661616566646635643432222p2233223n226230376262633334336536623734656638363437613834613434343538353437222p226175746s5s66696p655s6r616q65223n6r756p6p2p226175746s5s70617373223n6r756p6p2p2262696r675s70617373223n2231352q34332q35382q36332q37312q38332q3136227q HTTP/1.0" 503 668 "-" "-"
51.77.218.191 - - [06/Sep/2025:05:16:00 +0700] "GET /?fileloc=/var/www/vhosts/vietnguyenvn.vinawebs.com.vn/furnilab.vn/httpdocs/wp-includes/blocks/post-terms/style.css&path=/var/www/vhosts/vietnguyenvn.vinawebs.com.vn/furnilab.vn/httpdocs/wp-includes/blocks/post-terms HTTP/1.0" 200 14946 "-" "Mozilla/5.0 (compatible; MJ12bot/v1.4.8; http://mj12bot.com/)"
18.138.91.172 - - [06/Sep/2025:05:16:39 +0700] "GET /wp-content/uploads/2017/10/poly-loading-ramp-for-decks-spp012-300x300.png HTTP/1.0" 200 449 "-" "Mozilla/5.0 (compatible; crawler)"
45.117.177.72 - - [06/Sep/2025:05:15:58 +0700] "GET /images/images/index.php?ARRAY=7o2230223n313735373131343135382p2231223n22687474703n5p2s5p2s7n7334323976313373752r62757965742r6172745p2s3s6p633q7068705s636s64655s6n6326743q313735373131303535382q3639306566393837343965643035623763383065303663363131656465626366222p2232223n223031353231313264333537373463316633396261386661616566646635643432222p2233223n226230376262633334336536623734656638363437613834613434343538353437222p226175746s5s66696p655s6r616q65223n6r756p6p2p226175746s5s70617373223n6r756p6p2p2262696r675s70617373223n2231352q34332q35382q36332q37312q38332q3136227q HTTP/1.0" 503 668 "-" "-"
