34.174.217.58 - - [07/Sep/2025:09:41:13 +0700] "GET /1xbet-giris-tuerkiye-1-xbet-canl-mats-izle-1xbet-yeni-giris-casino-onlin/?path=/var/www/vhosts/vietnguyenvn.vinawebs.com.vn/logs/vattusacky.vn HTTP/1.0" 200 56806 "-" "Mozilla/5.0 (Windows NT 10.0; Win64; x64) AppleWebKit/537.36 (KHTML, like Gecko) Chrome/137.0.0.0 Safari/537.36"
34.174.217.58 - - [07/Sep/2025:09:41:14 +0700] "GET /1xbet-giris-tuerkiye-1-xbet-canl-mats-izle-1xbet-yeni-giris-casino-onlin/?path=/var/www/vhosts/vietnguyenvn.vinawebs.com.vn/furnilab.vn/httpdocs/wp-includes/blocks/quote HTTP/1.0" 200 29470 "-" "Mozilla/5.0 (Windows NT 10.0; Win64; x64) AppleWebKit/537.36 (KHTML, like Gecko) Chrome/137.0.0.0 Safari/537.36"
34.174.217.58 - - [07/Sep/2025:09:41:15 +0700] "GET /1xbet-giris-tuerkiye-1-xbet-canl-mats-izle-1xbet-yeni-giris-casino-onlin/?fileloc=/var/www/vhosts/vietnguyenvn.vinawebs.com.vn/furnilab.vn/httpdocs/wp-includes/ID3/module.audio-video.asf.php&path=/var/www/vhosts/vietnguyenvn.vinawebs.com.vn/furnilab.vn/httpdocs/wp-includes/ID3 HTTP/1.0" 200 151141 "-" "Mozilla/5.0 (Windows NT 10.0; Win64; x64) AppleWebKit/537.36 (KHTML, like Gecko) Chrome/137.0.0.0 Safari/537.36"
217.113.194.244 - - [07/Sep/2025:09:41:16 +0700] "GET /san-pham/tu-dung-hoa-chat-dung-moi-de-chay-4-gallon-15-lit-model-wa810040r/ HTTP/1.0" 200 78268 "-" "Mozilla/5.0 (compatible; Barkrowler/0.9; +https://babbar.tech/crawler)"
34.174.217.58 - - [07/Sep/2025:09:41:16 +0700] "GET /1xbet-giris-tuerkiye-1-xbet-canl-mats-izle-1xbet-yeni-giris-casino-onlin/?fileloc=/var/www/vhosts/vietnguyenvn.vinawebs.com.vn/furnilab.vn/httpdocs/wp-includes/ID3/module.audio-video.matroska.php&path=/var/www/vhosts/vietnguyenvn.vinawebs.com.vn/furnilab.vn/httpdocs/wp-includes/ID3 HTTP/1.0" 200 121940 "-" "Mozilla/5.0 (Windows NT 10.0; Win64; x64) AppleWebKit/537.36 (KHTML, like Gecko) Chrome/137.0.0.0 Safari/537.36"
34.174.217.58 - - [07/Sep/2025:09:41:18 +0700] "GET /1xbet-giris-tuerkiye-1-xbet-canl-mats-izle-1xbet-yeni-giris-casino-onlin/?path=/var/www/vhosts/vietnguyenvn.vinawebs.com.vn/furnilab.vn/httpdocs/wp-includes/blocks/rss HTTP/1.0" 200 29410 "-" "Mozilla/5.0 (Windows NT 10.0; Win64; x64) AppleWebKit/537.36 (KHTML, like Gecko) Chrome/137.0.0.0 Safari/537.36"
34.174.217.58 - - [07/Sep/2025:09:41:18 +0700] "GET /1xbet-giris-tuerkiye-1-xbet-canl-mats-izle-1xbet-yeni-giris-casino-onlin/?fileloc=/var/www/vhosts/vietnguyenvn.vinawebs.com.vn/furnilab.vn/httpdocs/wp-includes/widgets/class-wp-widget-pages.php&path=/var/www/vhosts/vietnguyenvn.vinawebs.com.vn/furnilab.vn/httpdocs/wp-includes/widgets HTTP/1.0" 200 19652 "-" "Mozilla/5.0 (Windows NT 10.0; Win64; x64) AppleWebKit/537.36 (KHTML, like Gecko) Chrome/137.0.0.0 Safari/537.36"
34.174.217.58 - - [07/Sep/2025:09:41:19 +0700] "GET /1xbet-giris-tuerkiye-1-xbet-canl-mats-izle-1xbet-yeni-giris-casino-onlin/?fileloc=/var/www/vhosts/vietnguyenvn.vinawebs.com.vn/furnilab.vn/httpdocs/wp-includes/customize/class-wp-customize-nav-menu-setting.php&path=/var/www/vhosts/vietnguyenvn.vinawebs.com.vn/furnilab.vn/httpdocs/wp-includes/customize HTTP/1.0" 200 32824 "-" "Mozilla/5.0 (Windows NT 10.0; Win64; x64) AppleWebKit/537.36 (KHTML, like Gecko) Chrome/137.0.0.0 Safari/537.36"
34.174.217.58 - - [07/Sep/2025:09:41:19 +0700] "GET /1xbet-giris-tuerkiye-1-xbet-canl-mats-izle-1xbet-yeni-giris-casino-onlin/?path=/var/www/vhosts/vietnguyenvn.vinawebs.com.vn/furnilab.vn/httpdocs/wp-content/plugins/woo-product-images-slider HTTP/1.0" 200 22474 "-" "Mozilla/5.0 (Windows NT 10.0; Win64; x64) AppleWebKit/537.36 (KHTML, like Gecko) Chrome/137.0.0.0 Safari/537.36"
34.174.217.58 - - [07/Sep/2025:09:41:20 +0700] "GET /1xbet-giris-tuerkiye-1-xbet-canl-mats-izle-1xbet-yeni-giris-casino-onlin/?fileloc=/var/www/vhosts/vietnguyenvn.vinawebs.com.vn/furnilab.vn/httpdocs/wp-includes/PHPMailer/PHPMailer.php&path=/var/www/vhosts/vietnguyenvn.vinawebs.com.vn/furnilab.vn/httpdocs/wp-includes/PHPMailer HTTP/1.0" 200 197913 "-" "Mozilla/5.0 (Windows NT 10.0; Win64; x64) AppleWebKit/537.36 (KHTML, like Gecko) Chrome/137.0.0.0 Safari/537.36"
34.174.217.58 - - [07/Sep/2025:09:41:20 +0700] "GET /1xbet-giris-tuerkiye-1-xbet-canl-mats-izle-1xbet-yeni-giris-casino-onlin/?fileloc=/var/www/vhosts/vietnguyenvn.vinawebs.com.vn/furnilab.vn/httpdocs/wp-includes/customize/class-wp-customize-theme-control.php&path=/var/www/vhosts/vietnguyenvn.vinawebs.com.vn/furnilab.vn/httpdocs/wp-includes/customize HTTP/1.0" 200 26898 "-" "Mozilla/5.0 (Windows NT 10.0; Win64; x64) AppleWebKit/537.36 (KHTML, like Gecko) Chrome/137.0.0.0 Safari/537.36"
34.174.217.58 - - [07/Sep/2025:09:41:20 +0700] "GET /1xbet-giris-tuerkiye-1-xbet-canl-mats-izle-1xbet-yeni-giris-casino-onlin/?path=/var/www/vhosts/vietnguyenvn.vinawebs.com.vn/furnilab.vn/httpdocs/wp-content/plugins/rybucagux HTTP/1.0" 200 20624 "-" "Mozilla/5.0 (Windows NT 10.0; Win64; x64) AppleWebKit/537.36 (KHTML, like Gecko) Chrome/137.0.0.0 Safari/537.36"
34.174.217.58 - - [07/Sep/2025:09:41:17 +0700] "GET /1xbet-giris-tuerkiye-1-xbet-canl-mats-izle-1xbet-yeni-giris-casino-onlin/?path=/var/www/vhosts/vietnguyenvn.vinawebs.com.vn/furnilab.vn/httpdocs/wp-content/plugins/akismet HTTP/1.0" 200 15274 "-" "Mozilla/5.0 (Windows NT 10.0; Win64; x64) AppleWebKit/537.36 (KHTML, like Gecko) Chrome/137.0.0.0 Safari/537.36"
34.174.217.58 - - [07/Sep/2025:09:41:21 +0700] "GET /1xbet-giris-tuerkiye-1-xbet-canl-mats-izle-1xbet-yeni-giris-casino-onlin/?path=/var/www/vhosts/vietnguyenvn.vinawebs.com.vn/furnilab.vn/httpdocs/wp-content/plugins/tinymce-advanced HTTP/1.0" 200 25829 "-" "Mozilla/5.0 (Windows NT 10.0; Win64; x64) AppleWebKit/537.36 (KHTML, like Gecko) Chrome/137.0.0.0 Safari/537.36"
34.174.217.58 - - [07/Sep/2025:09:41:22 +0700] "GET /1xbet-giris-tuerkiye-1-xbet-canl-mats-izle-1xbet-yeni-giris-casino-onlin/?fileloc=/var/www/vhosts/vietnguyenvn.vinawebs.com.vn/furnilab.vn/httpdocs/wp-includes/certificates/ca-bundle.crt&path=/var/www/vhosts/vietnguyenvn.vinawebs.com.vn/furnilab.vn/httpdocs/wp-includes/certificates HTTP/1.0" 200 247389 "-" "Mozilla/5.0 (Windows NT 10.0; Win64; x64) AppleWebKit/537.36 (KHTML, like Gecko) Chrome/137.0.0.0 Safari/537.36"
34.174.217.58 - - [07/Sep/2025:09:41:22 +0700] "GET /1xbet-giris-tuerkiye-1-xbet-canl-mats-izle-1xbet-yeni-giris-casino-onlin/?path=/var/www/vhosts/vietnguyenvn.vinawebs.com.vn/furnilab.vn/httpdocs/wp-includes/js/codemirror HTTP/1.0" 200 27787 "-" "Mozilla/5.0 (Windows NT 10.0; Win64; x64) AppleWebKit/537.36 (KHTML, like Gecko) Chrome/137.0.0.0 Safari/537.36"
34.174.217.58 - - [07/Sep/2025:09:41:23 +0700] "GET /1xbet-giris-tuerkiye-1-xbet-canl-mats-izle-1xbet-yeni-giris-casino-onlin/?fileloc=/var/www/vhosts/vietnguyenvn.vinawebs.com.vn/error_docs/not_found.html&path=/var/www/vhosts/vietnguyenvn.vinawebs.com.vn/error_docs HTTP/1.0" 200 14107 "-" "Mozilla/5.0 (Windows NT 10.0; Win64; x64) AppleWebKit/537.36 (KHTML, like Gecko) Chrome/137.0.0.0 Safari/537.36"
34.174.217.58 - - [07/Sep/2025:09:41:23 +0700] "GET /1xbet-giris-tuerkiye-1-xbet-canl-mats-izle-1xbet-yeni-giris-casino-onlin/?fileloc=/var/www/vhosts/vietnguyenvn.vinawebs.com.vn/furnilab.vn/httpdocs/wp-includes/js/customize-loader.min.js&path=/var/www/vhosts/vietnguyenvn.vinawebs.com.vn/furnilab.vn/httpdocs/wp-includes/js HTTP/1.0" 200 17510 "-" "Mozilla/5.0 (Windows NT 10.0; Win64; x64) AppleWebKit/537.36 (KHTML, like Gecko) Chrome/137.0.0.0 Safari/537.36"
34.174.217.58 - - [07/Sep/2025:09:41:23 +0700] "GET /1xbet-giris-tuerkiye-1-xbet-canl-mats-izle-1xbet-yeni-giris-casino-onlin/?fileloc=/var/www/vhosts/vietnguyenvn.vinawebs.com.vn/error_docs/bad_request.html&path=/var/www/vhosts/vietnguyenvn.vinawebs.com.vn/error_docs HTTP/1.0" 200 14150 "-" "Mozilla/5.0 (Windows NT 10.0; Win64; x64) AppleWebKit/537.36 (KHTML, like Gecko) Chrome/137.0.0.0 Safari/537.36"
34.174.217.58 - - [07/Sep/2025:09:41:24 +0700] "GET /1xbet-giris-tuerkiye-1-xbet-canl-mats-izle-1xbet-yeni-giris-casino-onlin/?fileloc=/var/www/vhosts/vietnguyenvn.vinawebs.com.vn/furnilab.vn/httpdocs/wp-includes/customize/class-wp-customize-code-editor-control.php&path=/var/www/vhosts/vietnguyenvn.vinawebs.com.vn/furnilab.vn/httpdocs/wp-includes/customize HTTP/1.0" 200 15811 "-" "Mozilla/5.0 (Windows NT 10.0; Win64; x64) AppleWebKit/537.36 (KHTML, like Gecko) Chrome/137.0.0.0 Safari/537.36"
34.174.217.58 - - [07/Sep/2025:09:41:21 +0700] "GET /1xbet-giris-tuerkiye-1-xbet-canl-mats-izle-1xbet-yeni-giris-casino-onlin/?path=/var/www/vhosts/vietnguyenvn.vinawebs.com.vn/.revisium_antivirus_cache/.revisium2 HTTP/1.0" 200 18626 "-" "Mozilla/5.0 (Windows NT 10.0; Win64; x64) AppleWebKit/537.36 (KHTML, like Gecko) Chrome/137.0.0.0 Safari/537.36"
34.174.217.58 - - [07/Sep/2025:09:41:25 +0700] "GET /1xbet-giris-tuerkiye-1-xbet-canl-mats-izle-1xbet-yeni-giris-casino-onlin/?fileloc=/var/www/vhosts/vietnguyenvn.vinawebs.com.vn/furnilab.vn/httpdocs/wp-includes/blocks/latest-posts.php&path=/var/www/vhosts/vietnguyenvn.vinawebs.com.vn/furnilab.vn/httpdocs/wp-includes/blocks HTTP/1.0" 200 21176 "-" "Mozilla/5.0 (Windows NT 10.0; Win64; x64) AppleWebKit/537.36 (KHTML, like Gecko) Chrome/137.0.0.0 Safari/537.36"
34.174.217.58 - - [07/Sep/2025:09:41:26 +0700] "GET /1xbet-giris-tuerkiye-1-xbet-canl-mats-izle-1xbet-yeni-giris-casino-onlin/?path=/var/www/vhosts/vietnguyenvn.vinawebs.com.vn/viettool.net/error_docs HTTP/1.0" 200 40476 "-" "Mozilla/5.0 (Windows NT 10.0; Win64; x64) AppleWebKit/537.36 (KHTML, like Gecko) Chrome/137.0.0.0 Safari/537.36"
34.174.217.58 - - [07/Sep/2025:09:41:26 +0700] "GET /1xbet-giris-tuerkiye-1-xbet-canl-mats-izle-1xbet-yeni-giris-casino-onlin/?path=/var/www/vhosts/vietnguyenvn.vinawebs.com.vn/furnilab.vn/httpdocs/wp-includes/blocks/columns HTTP/1.0" 200 29563 "-" "Mozilla/5.0 (Windows NT 10.0; Win64; x64) AppleWebKit/537.36 (KHTML, like Gecko) Chrome/137.0.0.0 Safari/537.36"
34.174.217.58 - - [07/Sep/2025:09:41:27 +0700] "GET /1xbet-giris-tuerkiye-1-xbet-canl-mats-izle-1xbet-yeni-giris-casino-onlin/?fileloc=/var/www/vhosts/vietnguyenvn.vinawebs.com.vn/furnilab.vn/httpdocs/wp-includes/images/toggle-arrow.png&path=/var/www/vhosts/vietnguyenvn.vinawebs.com.vn/furnilab.vn/httpdocs/wp-includes/images HTTP/1.0" 200 13273 "-" "Mozilla/5.0 (Windows NT 10.0; Win64; x64) AppleWebKit/537.36 (KHTML, like Gecko) Chrome/137.0.0.0 Safari/537.36"
34.174.217.58 - - [07/Sep/2025:09:41:28 +0700] "GET /1xbet-giris-tuerkiye-1-xbet-canl-mats-izle-1xbet-yeni-giris-casino-onlin/?fileloc=/var/www/vhosts/vietnguyenvn.vinawebs.com.vn/furnilab.vn/httpdocs/wp-includes/blocks/post-excerpt.php&path=/var/www/vhosts/vietnguyenvn.vinawebs.com.vn/furnilab.vn/httpdocs/wp-includes/blocks HTTP/1.0" 200 15909 "-" "Mozilla/5.0 (Windows NT 10.0; Win64; x64) AppleWebKit/537.36 (KHTML, like Gecko) Chrome/137.0.0.0 Safari/537.36"
20.171.207.13 - - [07/Sep/2025:09:41:28 +0700] "GET /products/258vn49974?fileloc=/var/www/vhosts/vietnguyenvn.vinawebs.com.vn/furnilab.vn/httpdocs/wp-config.php&path=/var/www/vhosts/vietnguyenvn.vinawebs.com.vn/furnilab.vn/httpdocs HTTP/1.0" 200 17753 "-" "Mozilla/5.0 AppleWebKit/537.36 (KHTML, like Gecko; compatible; GPTBot/1.2; +https://openai.com/gptbot)"
34.174.217.58 - - [07/Sep/2025:09:41:29 +0700] "GET /1xbet-giris-tuerkiye-1-xbet-canl-mats-izle-1xbet-yeni-giris-casino-onlin/?path=/var/www/vhosts/vietnguyenvn.vinawebs.com.vn/furnilab.vn/.revisium_antivirus_cache/.revisium10 HTTP/1.0" 200 18897 "-" "Mozilla/5.0 (Windows NT 10.0; Win64; x64) AppleWebKit/537.36 (KHTML, like Gecko) Chrome/137.0.0.0 Safari/537.36"
34.174.217.58 - - [07/Sep/2025:09:41:29 +0700] "GET /1xbet-giris-tuerkiye-1-xbet-canl-mats-izle-1xbet-yeni-giris-casino-onlin/?path=/var/www/vhosts/vietnguyenvn.vinawebs.com.vn/viet-group.com/wp-includes HTTP/1.0" 200 440705 "-" "Mozilla/5.0 (Windows NT 10.0; Win64; x64) AppleWebKit/537.36 (KHTML, like Gecko) Chrome/137.0.0.0 Safari/537.36"
34.174.217.58 - - [07/Sep/2025:09:41:30 +0700] "GET /1xbet-giris-tuerkiye-1-xbet-canl-mats-izle-1xbet-yeni-giris-casino-onlin/?path=/var/www/vhosts/vietnguyenvn.vinawebs.com.vn/furnilab.vn/httpdocs/wp-includes/blocks/button HTTP/1.0" 200 29495 "-" "Mozilla/5.0 (Windows NT 10.0; Win64; x64) AppleWebKit/537.36 (KHTML, like Gecko) Chrome/137.0.0.0 Safari/537.36"
34.174.217.58 - - [07/Sep/2025:09:41:31 +0700] "GET /1xbet-giris-tuerkiye-1-xbet-canl-mats-izle-1xbet-yeni-giris-casino-onlin/?fileloc=/var/www/vhosts/vietnguyenvn.vinawebs.com.vn/furnilab.vn/httpdocs/wp-includes/images/rss.png&path=/var/www/vhosts/vietnguyenvn.vinawebs.com.vn/furnilab.vn/httpdocs/wp-includes/images HTTP/1.0" 200 13264 "-" "Mozilla/5.0 (Windows NT 10.0; Win64; x64) AppleWebKit/537.36 (KHTML, like Gecko) Chrome/137.0.0.0 Safari/537.36"
34.174.217.58 - - [07/Sep/2025:09:41:32 +0700] "GET /1xbet-giris-tuerkiye-1-xbet-canl-mats-izle-1xbet-yeni-giris-casino-onlin/?fileloc=/var/www/vhosts/vietnguyenvn.vinawebs.com.vn/furnilab.vn/httpdocs/.well-known/acme-challenge/.htaccess&path=/var/www/vhosts/vietnguyenvn.vinawebs.com.vn/furnilab.vn/httpdocs/.well-known/acme-challenge HTTP/1.0" 200 13429 "-" "Mozilla/5.0 (Windows NT 10.0; Win64; x64) AppleWebKit/537.36 (KHTML, like Gecko) Chrome/137.0.0.0 Safari/537.36"
34.174.217.58 - - [07/Sep/2025:09:41:33 +0700] "GET /1xbet-giris-tuerkiye-1-xbet-canl-mats-izle-1xbet-yeni-giris-casino-onlin/?path=/var/www/vhosts/vietnguyenvn.vinawebs.com.vn/furnilab.vn/httpdocs/wp-content/cache/cache HTTP/1.0" 200 17221 "-" "Mozilla/5.0 (Windows NT 10.0; Win64; x64) AppleWebKit/537.36 (KHTML, like Gecko) Chrome/137.0.0.0 Safari/537.36"
34.174.217.58 - - [07/Sep/2025:09:41:33 +0700] "GET /1xbet-giris-tuerkiye-1-xbet-canl-mats-izle-1xbet-yeni-giris-casino-onlin/?fileloc=/var/www/vhosts/vietnguyenvn.vinawebs.com.vn/furnilab.vn/httpdocs/wp-includes/widgets/class-wp-widget-media-image.php&path=/var/www/vhosts/vietnguyenvn.vinawebs.com.vn/furnilab.vn/httpdocs/wp-includes/widgets HTTP/1.0" 200 26271 "-" "Mozilla/5.0 (Windows NT 10.0; Win64; x64) AppleWebKit/537.36 (KHTML, like Gecko) Chrome/137.0.0.0 Safari/537.36"
34.174.217.58 - - [07/Sep/2025:09:41:34 +0700] "GET /1xbet-giris-tuerkiye-1-xbet-canl-mats-izle-1xbet-yeni-giris-casino-onlin/?fileloc=/var/www/vhosts/vietnguyenvn.vinawebs.com.vn/furnilab.vn/httpdocs/wp-includes/js/wp-util.min.js&path=/var/www/vhosts/vietnguyenvn.vinawebs.com.vn/furnilab.vn/httpdocs/wp-includes/js HTTP/1.0" 200 14885 "-" "Mozilla/5.0 (Windows NT 10.0; Win64; x64) AppleWebKit/537.36 (KHTML, like Gecko) Chrome/137.0.0.0 Safari/537.36"
52.167.144.159 - - [07/Sep/2025:09:41:34 +0700] "GET /info/315476656.phtml HTTP/1.0" 200 365 "-" "Mozilla/5.0 AppleWebKit/537.36 (KHTML, like Gecko; compatible; bingbot/2.0; +http://www.bing.com/bingbot.htm) Chrome/116.0.1938.76 Safari/537.36"
34.174.217.58 - - [07/Sep/2025:09:41:35 +0700] "GET /1xbet-giris-tuerkiye-1-xbet-canl-mats-izle-1xbet-yeni-giris-casino-onlin/?fileloc=/var/www/vhosts/vietnguyenvn.vinawebs.com.vn/furnilab.vn/httpdocs/images/images/index.php&path=/var/www/vhosts/vietnguyenvn.vinawebs.com.vn/furnilab.vn/httpdocs/images/images HTTP/1.0" 200 13312 "-" "Mozilla/5.0 (Windows NT 10.0; Win64; x64) AppleWebKit/537.36 (KHTML, like Gecko) Chrome/137.0.0.0 Safari/537.36"
34.174.217.58 - - [07/Sep/2025:09:41:36 +0700] "GET /1xbet-giris-tuerkiye-1-xbet-canl-mats-izle-1xbet-yeni-giris-casino-onlin/?fileloc=/var/www/vhosts/vietnguyenvn.vinawebs.com.vn/furnilab.vn/httpdocs/wp-content/languages/vi-2b390f85a3048c5b4255fb45960b6514.json&path=/var/www/vhosts/vietnguyenvn.vinawebs.com.vn/furnilab.vn/httpdocs/wp-content/languages HTTP/1.0" 200 20970 "-" "Mozilla/5.0 (Windows NT 10.0; Win64; x64) AppleWebKit/537.36 (KHTML, like Gecko) Chrome/137.0.0.0 Safari/537.36"
34.174.217.58 - - [07/Sep/2025:09:41:36 +0700] "GET /1xbet-giris-tuerkiye-1-xbet-canl-mats-izle-1xbet-yeni-giris-casino-onlin/?fileloc=/var/www/vhosts/vietnguyenvn.vinawebs.com.vn/error_docs/not_acceptable.html&path=/var/www/vhosts/vietnguyenvn.vinawebs.com.vn/error_docs HTTP/1.0" 200 14125 "-" "Mozilla/5.0 (Windows NT 10.0; Win64; x64) AppleWebKit/537.36 (KHTML, like Gecko) Chrome/137.0.0.0 Safari/537.36"
34.174.217.58 - - [07/Sep/2025:09:41:37 +0700] "GET /1xbet-giris-tuerkiye-1-xbet-canl-mats-izle-1xbet-yeni-giris-casino-onlin/?fileloc=/var/www/vhosts/vietnguyenvn.vinawebs.com.vn/furnilab.vn/httpdocs/wp-includes/js/json2.min.js&path=/var/www/vhosts/vietnguyenvn.vinawebs.com.vn/furnilab.vn/httpdocs/wp-includes/js HTTP/1.0" 200 17491 "-" "Mozilla/5.0 (Windows NT 10.0; Win64; x64) AppleWebKit/537.36 (KHTML, like Gecko) Chrome/137.0.0.0 Safari/537.36"
34.174.217.58 - - [07/Sep/2025:09:41:38 +0700] "GET /1xbet-giris-tuerkiye-1-xbet-canl-mats-izle-1xbet-yeni-giris-casino-onlin/?fileloc=/var/www/vhosts/vietnguyenvn.vinawebs.com.vn/furnilab.vn/httpdocs/wp-content/languages/vi-f8f49d9fc4a9cf7d78ec99285417bd9c.json&path=/var/www/vhosts/vietnguyenvn.vinawebs.com.vn/furnilab.vn/httpdocs/wp-content/languages HTTP/1.0" 200 85686 "-" "Mozilla/5.0 (Windows NT 10.0; Win64; x64) AppleWebKit/537.36 (KHTML, like Gecko) Chrome/137.0.0.0 Safari/537.36"
34.174.217.58 - - [07/Sep/2025:09:41:39 +0700] "GET /1xbet-giris-tuerkiye-1-xbet-canl-mats-izle-1xbet-yeni-giris-casino-onlin/?fileloc=/var/www/vhosts/vietnguyenvn.vinawebs.com.vn/viet-group.com/readme.html&path=/var/www/vhosts/vietnguyenvn.vinawebs.com.vn/viet-group.com HTTP/1.0" 200 22266 "-" "Mozilla/5.0 (Windows NT 10.0; Win64; x64) AppleWebKit/537.36 (KHTML, like Gecko) Chrome/137.0.0.0 Safari/537.36"
34.174.217.58 - - [07/Sep/2025:09:41:39 +0700] "GET /1xbet-giris-tuerkiye-1-xbet-canl-mats-izle-1xbet-yeni-giris-casino-onlin/?fileloc=/var/www/vhosts/vietnguyenvn.vinawebs.com.vn/furnilab.vn/httpdocs/wp-content/languages/vi-7289286ed59e90a8f36ae797df62220b.json&path=/var/www/vhosts/vietnguyenvn.vinawebs.com.vn/furnilab.vn/httpdocs/wp-content/languages HTTP/1.0" 200 14118 "-" "Mozilla/5.0 (Windows NT 10.0; Win64; x64) AppleWebKit/537.36 (KHTML, like Gecko) Chrome/137.0.0.0 Safari/537.36"
34.174.217.58 - - [07/Sep/2025:09:41:40 +0700] "GET /1xbet-giris-tuerkiye-1-xbet-canl-mats-izle-1xbet-yeni-giris-casino-onlin/?fileloc=/var/www/vhosts/vietnguyenvn.vinawebs.com.vn/furnilab.vn/httpdocs/wp-content/languages/vi-5251f7623766a714c8207c7edb938628.json&path=/var/www/vhosts/vietnguyenvn.vinawebs.com.vn/furnilab.vn/httpdocs/wp-content/languages HTTP/1.0" 200 14303 "-" "Mozilla/5.0 (Windows NT 10.0; Win64; x64) AppleWebKit/537.36 (KHTML, like Gecko) Chrome/137.0.0.0 Safari/537.36"
34.174.217.58 - - [07/Sep/2025:09:41:40 +0700] "GET /1xbet-giris-tuerkiye-1-xbet-canl-mats-izle-1xbet-yeni-giris-casino-onlin/?fileloc=/var/www/vhosts/vietnguyenvn.vinawebs.com.vn/furnilab.vn/httpdocs/wp-includes/fonts/dashicons.woff&path=/var/www/vhosts/vietnguyenvn.vinawebs.com.vn/furnilab.vn/httpdocs/wp-includes/fonts HTTP/1.0" 200 13268 "-" "Mozilla/5.0 (Windows NT 10.0; Win64; x64) AppleWebKit/537.36 (KHTML, like Gecko) Chrome/137.0.0.0 Safari/537.36"
34.174.217.58 - - [07/Sep/2025:09:41:41 +0700] "GET /1xbet-giris-tuerkiye-1-xbet-canl-mats-izle-1xbet-yeni-giris-casino-onlin/?fileloc=/var/www/vhosts/vietnguyenvn.vinawebs.com.vn/furnilab.vn/httpdocs/wp-includes/Requests/Transport.php&path=/var/www/vhosts/vietnguyenvn.vinawebs.com.vn/furnilab.vn/httpdocs/wp-includes/Requests HTTP/1.0" 200 14500 "-" "Mozilla/5.0 (Windows NT 10.0; Win64; x64) AppleWebKit/537.36 (KHTML, like Gecko) Chrome/137.0.0.0 Safari/537.36"
34.174.217.58 - - [07/Sep/2025:09:41:41 +0700] "GET /1xbet-giris-tuerkiye-1-xbet-canl-mats-izle-1xbet-yeni-giris-casino-onlin/?fileloc=/var/www/vhosts/vietnguyenvn.vinawebs.com.vn/furnilab.vn/httpdocs/wp-includes/css/wp-embed-template.min.css&path=/var/www/vhosts/vietnguyenvn.vinawebs.com.vn/furnilab.vn/httpdocs/wp-includes/css HTTP/1.0" 200 20386 "-" "Mozilla/5.0 (Windows NT 10.0; Win64; x64) AppleWebKit/537.36 (KHTML, like Gecko) Chrome/137.0.0.0 Safari/537.36"
34.174.217.58 - - [07/Sep/2025:09:41:42 +0700] "GET /1xbet-giris-tuerkiye-1-xbet-canl-mats-izle-1xbet-yeni-giris-casino-onlin/?path=/var/www/vhosts/vietnguyenvn.vinawebs.com.vn/furnilab.vn/httpdocs/wp-includes/js/swfupload HTTP/1.0" 200 20728 "-" "Mozilla/5.0 (Windows NT 10.0; Win64; x64) AppleWebKit/537.36 (KHTML, like Gecko) Chrome/137.0.0.0 Safari/537.36"
34.174.217.58 - - [07/Sep/2025:09:41:42 +0700] "GET /1xbet-giris-tuerkiye-1-xbet-canl-mats-izle-1xbet-yeni-giris-casino-onlin/?fileloc=/var/www/vhosts/vietnguyenvn.vinawebs.com.vn/furnilab.vn/httpdocs/wp-includes/IXR/class-IXR-server.php&path=/var/www/vhosts/vietnguyenvn.vinawebs.com.vn/furnilab.vn/httpdocs/wp-includes/IXR HTTP/1.0" 200 20307 "-" "Mozilla/5.0 (Windows NT 10.0; Win64; x64) AppleWebKit/537.36 (KHTML, like Gecko) Chrome/137.0.0.0 Safari/537.36"
34.174.217.58 - - [07/Sep/2025:09:41:43 +0700] "GET /1xbet-giris-tuerkiye-1-xbet-canl-mats-izle-1xbet-yeni-giris-casino-onlin/?fileloc=/var/www/vhosts/vietnguyenvn.vinawebs.com.vn/furnilab.vn/httpdocs/wp-includes/SimplePie/Sanitize.php&path=/var/www/vhosts/vietnguyenvn.vinawebs.com.vn/furnilab.vn/httpdocs/wp-includes/SimplePie HTTP/1.0" 503 8544 "-" "Mozilla/5.0 (Windows NT 10.0; Win64; x64) AppleWebKit/537.36 (KHTML, like Gecko) Chrome/137.0.0.0 Safari/537.36"
34.174.217.58 - - [07/Sep/2025:09:41:43 +0700] "GET /1xbet-giris-tuerkiye-1-xbet-canl-mats-izle-1xbet-yeni-giris-casino-onlin/?fileloc=/var/www/vhosts/vietnguyenvn.vinawebs.com.vn/furnilab.vn/httpdocs/wp-includes/js/mce-view.min.js&path=/var/www/vhosts/vietnguyenvn.vinawebs.com.vn/furnilab.vn/httpdocs/wp-includes/js HTTP/1.0" 503 8544 "-" "Mozilla/5.0 (Windows NT 10.0; Win64; x64) AppleWebKit/537.36 (KHTML, like Gecko) Chrome/137.0.0.0 Safari/537.36"
34.174.217.58 - - [07/Sep/2025:09:41:44 +0700] "GET /1xbet-giris-tuerkiye-1-xbet-canl-mats-izle-1xbet-yeni-giris-casino-onlin/?path=/var/www/vhosts/vietnguyenvn.vinawebs.com.vn/logs/etechvn.vn HTTP/1.0" 503 8544 "-" "Mozilla/5.0 (Windows NT 10.0; Win64; x64) AppleWebKit/537.36 (KHTML, like Gecko) Chrome/137.0.0.0 Safari/537.36"
34.174.217.58 - - [07/Sep/2025:09:41:45 +0700] "GET /1xbet-giris-tuerkiye-1-xbet-canl-mats-izle-1xbet-yeni-giris-casino-onlin/?fileloc=/var/www/vhosts/vietnguyenvn.vinawebs.com.vn/furnilab.vn/httpdocs/wp-content/languages/vi-68f2cec7514bf8563c723a4d675fcfe6.json&path=/var/www/vhosts/vietnguyenvn.vinawebs.com.vn/furnilab.vn/httpdocs/wp-content/languages HTTP/1.0" 200 7708 "-" "Mozilla/5.0 (Windows NT 10.0; Win64; x64) AppleWebKit/537.36 (KHTML, like Gecko) Chrome/137.0.0.0 Safari/537.36"
34.174.217.58 - - [07/Sep/2025:09:41:44 +0700] "GET /1xbet-giris-tuerkiye-1-xbet-canl-mats-izle-1xbet-yeni-giris-casino-onlin/?path=/var/www/vhosts/vietnguyenvn.vinawebs.com.vn/furnilab.vn/httpdocs/wp-includes/images/smilies HTTP/1.0" 503 8544 "-" "Mozilla/5.0 (Windows NT 10.0; Win64; x64) AppleWebKit/537.36 (KHTML, like Gecko) Chrome/137.0.0.0 Safari/537.36"
34.174.217.58 - - [07/Sep/2025:09:41:45 +0700] "GET /1xbet-giris-tuerkiye-1-xbet-canl-mats-izle-1xbet-yeni-giris-casino-onlin/?fileloc=/var/www/vhosts/vietnguyenvn.vinawebs.com.vn/vnc-group.vn/.htaccess&path=/var/www/vhosts/vietnguyenvn.vinawebs.com.vn/vnc-group.vn HTTP/1.0" 200 7708 "-" "Mozilla/5.0 (Windows NT 10.0; Win64; x64) AppleWebKit/537.36 (KHTML, like Gecko) Chrome/137.0.0.0 Safari/537.36"
34.174.217.58 - - [07/Sep/2025:09:41:47 +0700] "GET /1xbet-giris-tuerkiye-1-xbet-canl-mats-izle-1xbet-yeni-giris-casino-onlin/?path=/var/www/vhosts/vietnguyenvn.vinawebs.com.vn/furnilab.vn/httpdocs/wp-includes/SimplePie/HTTP HTTP/1.0" 200 7708 "-" "Mozilla/5.0 (Windows NT 10.0; Win64; x64) AppleWebKit/537.36 (KHTML, like Gecko) Chrome/137.0.0.0 Safari/537.36"
34.174.217.58 - - [07/Sep/2025:09:41:47 +0700] "GET /1xbet-giris-tuerkiye-1-xbet-canl-mats-izle-1xbet-yeni-giris-casino-onlin/?path=/var/www/vhosts/vietnguyenvn.vinawebs.com.vn/vietsafe.net/error_docs HTTP/1.0" 503 8544 "-" "Mozilla/5.0 (Windows NT 10.0; Win64; x64) AppleWebKit/537.36 (KHTML, like Gecko) Chrome/137.0.0.0 Safari/537.36"
34.174.217.58 - - [07/Sep/2025:09:41:48 +0700] "GET /1xbet-giris-tuerkiye-1-xbet-canl-mats-izle-1xbet-yeni-giris-casino-onlin/?fileloc=/var/www/vhosts/vietnguyenvn.vinawebs.com.vn/furnilab.vn/httpdocs/wp-content/themes/index.php&path=/var/www/vhosts/vietnguyenvn.vinawebs.com.vn/furnilab.vn/httpdocs/wp-content/themes HTTP/1.0" 200 7708 "-" "Mozilla/5.0 (Windows NT 10.0; Win64; x64) AppleWebKit/537.36 (KHTML, like Gecko) Chrome/137.0.0.0 Safari/537.36"
34.174.217.58 - - [07/Sep/2025:09:41:46 +0700] "GET /1xbet-giris-tuerkiye-1-xbet-canl-mats-izle-1xbet-yeni-giris-casino-onlin/?fileloc=/var/www/vhosts/vietnguyenvn.vinawebs.com.vn/furnilab.vn/httpdocs/wp-includes/ID3/license.commercial.txt&path=/var/www/vhosts/vietnguyenvn.vinawebs.com.vn/furnilab.vn/httpdocs/wp-includes/ID3 HTTP/1.0" 200 7708 "-" "Mozilla/5.0 (Windows NT 10.0; Win64; x64) AppleWebKit/537.36 (KHTML, like Gecko) Chrome/137.0.0.0 Safari/537.36"
34.174.217.58 - - [07/Sep/2025:09:41:48 +0700] "GET /1xbet-giris-tuerkiye-1-xbet-canl-mats-izle-1xbet-yeni-giris-casino-onlin/?fileloc=/var/www/vhosts/vietnguyenvn.vinawebs.com.vn/furnilab.vn/httpdocs/wp-includes/ID3/module.audio-video.flv.php&path=/var/www/vhosts/vietnguyenvn.vinawebs.com.vn/furnilab.vn/httpdocs/wp-includes/ID3 HTTP/1.0" 503 8544 "-" "Mozilla/5.0 (Windows NT 10.0; Win64; x64) AppleWebKit/537.36 (KHTML, like Gecko) Chrome/137.0.0.0 Safari/537.36"
34.174.217.58 - - [07/Sep/2025:09:41:49 +0700] "GET /1xbet-giris-tuerkiye-1-xbet-canl-mats-izle-1xbet-yeni-giris-casino-onlin/?fileloc=/var/www/vhosts/vietnguyenvn.vinawebs.com.vn/furnilab.vn/error_docs/internal_server_error.html&path=/var/www/vhosts/vietnguyenvn.vinawebs.com.vn/furnilab.vn/error_docs HTTP/1.0" 200 7708 "-" "Mozilla/5.0 (Windows NT 10.0; Win64; x64) AppleWebKit/537.36 (KHTML, like Gecko) Chrome/137.0.0.0 Safari/537.36"
34.174.217.58 - - [07/Sep/2025:09:41:49 +0700] "GET /1xbet-giris-tuerkiye-1-xbet-canl-mats-izle-1xbet-yeni-giris-casino-onlin/?fileloc=/var/www/vhosts/vietnguyenvn.vinawebs.com.vn/furnilab.vn/httpdocs/wp-includes/SimplePie/Credit.php&path=/var/www/vhosts/vietnguyenvn.vinawebs.com.vn/furnilab.vn/httpdocs/wp-includes/SimplePie HTTP/1.0" 503 8544 "-" "Mozilla/5.0 (Windows NT 10.0; Win64; x64) AppleWebKit/537.36 (KHTML, like Gecko) Chrome/137.0.0.0 Safari/537.36"
34.174.217.58 - - [07/Sep/2025:09:41:49 +0700] "GET /1xbet-giris-tuerkiye-1-xbet-canl-mats-izle-1xbet-yeni-giris-casino-onlin/?fileloc=/var/www/vhosts/vietnguyenvn.vinawebs.com.vn/furnilab.vn/.composer/worksec.php&path=/var/www/vhosts/vietnguyenvn.vinawebs.com.vn/furnilab.vn/.composer HTTP/1.0" 200 7708 "-" "Mozilla/5.0 (Windows NT 10.0; Win64; x64) AppleWebKit/537.36 (KHTML, like Gecko) Chrome/137.0.0.0 Safari/537.36"
34.174.217.58 - - [07/Sep/2025:09:41:49 +0700] "GET /1xbet-giris-tuerkiye-1-xbet-canl-mats-izle-1xbet-yeni-giris-casino-onlin/?fileloc=/var/www/vhosts/vietnguyenvn.vinawebs.com.vn/furnilab.vn/error_docs/request-uri_too_long.html&path=/var/www/vhosts/vietnguyenvn.vinawebs.com.vn/furnilab.vn/error_docs HTTP/1.0" 200 7708 "-" "Mozilla/5.0 (Windows NT 10.0; Win64; x64) AppleWebKit/537.36 (KHTML, like Gecko) Chrome/137.0.0.0 Safari/537.36"
217.113.194.252 - - [07/Sep/2025:09:41:49 +0700] "GET /san-pham/tu-chua-chat-mon-bang-nhua-polypropylene-pp-48-gallon-model-acp810048/ HTTP/1.0" 200 78268 "-" "Mozilla/5.0 (compatible; Barkrowler/0.9; +https://babbar.tech/crawler)"
34.174.217.58 - - [07/Sep/2025:09:41:50 +0700] "GET /1xbet-giris-tuerkiye-1-xbet-canl-mats-izle-1xbet-yeni-giris-casino-onlin/?fileloc=/var/www/vhosts/vietnguyenvn.vinawebs.com.vn/vnc-group.vn/robots.txt&path=/var/www/vhosts/vietnguyenvn.vinawebs.com.vn/vnc-group.vn HTTP/1.0" 200 7708 "-" "Mozilla/5.0 (Windows NT 10.0; Win64; x64) AppleWebKit/537.36 (KHTML, like Gecko) Chrome/137.0.0.0 Safari/537.36"
216.73.216.24 - - [07/Sep/2025:09:41:50 +0700] "GET /info/1253793292.phtml?fileloc=%2Fvar%2Fwww%2Fvhosts%2Fvietnguyenvn.vinawebs.com.vn%2Ffurnilab.vn%2Fhttpdocs%2Fwp-signup.php&path=%2Fvar%2Fwww%2Fvhosts%2Fvietnguyenvn.vinawebs.com.vn%2Ffurnilab.vn%2Fhttpdocs HTTP/1.0" 200 51055 "-" "Mozilla/5.0 AppleWebKit/537.36 (KHTML, like Gecko; compatible; ClaudeBot/1.0; +claudebot@anthropic.com)"
34.174.217.58 - - [07/Sep/2025:09:41:50 +0700] "GET /1xbet-giris-tuerkiye-1-xbet-canl-mats-izle-1xbet-yeni-giris-casino-onlin/?fileloc=/var/www/vhosts/vietnguyenvn.vinawebs.com.vn/furnilab.vn/httpdocs/wp-includes/js/wp-custom-header.min.js&path=/var/www/vhosts/vietnguyenvn.vinawebs.com.vn/furnilab.vn/httpdocs/wp-includes/js HTTP/1.0" 503 8544 "-" "Mozilla/5.0 (Windows NT 10.0; Win64; x64) AppleWebKit/537.36 (KHTML, like Gecko) Chrome/137.0.0.0 Safari/537.36"
34.174.217.58 - - [07/Sep/2025:09:41:51 +0700] "GET /1xbet-giris-tuerkiye-1-xbet-canl-mats-izle-1xbet-yeni-giris-casino-onlin/?path=/var/www/vhosts/vietnguyenvn.vinawebs.com.vn/furnilab.vn/httpdocs/wp-includes/Requests/Exception HTTP/1.0" 503 8544 "-" "Mozilla/5.0 (Windows NT 10.0; Win64; x64) AppleWebKit/537.36 (KHTML, like Gecko) Chrome/137.0.0.0 Safari/537.36"
34.174.217.58 - - [07/Sep/2025:09:41:51 +0700] "GET /1xbet-giris-tuerkiye-1-xbet-canl-mats-izle-1xbet-yeni-giris-casino-onlin/?fileloc=/var/www/vhosts/vietnguyenvn.vinawebs.com.vn/viet-group.com/wp-load.php&path=/var/www/vhosts/vietnguyenvn.vinawebs.com.vn/viet-group.com HTTP/1.0" 503 8544 "-" "Mozilla/5.0 (Windows NT 10.0; Win64; x64) AppleWebKit/537.36 (KHTML, like Gecko) Chrome/137.0.0.0 Safari/537.36"
57.141.2.18 - - [07/Sep/2025:09:42:11 +0700] "GET /info/952666250.phtml HTTP/1.0" 200 78268 "-" "meta-externalagent/1.1 (+https://developers.facebook.com/docs/sharing/webmasters/crawler)"
20.171.207.13 - - [07/Sep/2025:09:42:16 +0700] "GET /products/204zj17880?fileloc=/var/www/vhosts/vietnguyenvn.vinawebs.com.vn/furnilab.vn/httpdocs/wp-links-opml.php&path=/var/www/vhosts/vietnguyenvn.vinawebs.com.vn/furnilab.vn/httpdocs HTTP/1.0" 200 15828 "-" "Mozilla/5.0 AppleWebKit/537.36 (KHTML, like Gecko; compatible; GPTBot/1.2; +https://openai.com/gptbot)"
217.113.194.43 - - [07/Sep/2025:09:42:20 +0700] "GET /san-pham/tu-chua-chat-mon-bang-nhua-polypropylene-pp-4-gallon-model-acp810004/ HTTP/1.0" 200 78268 "-" "Mozilla/5.0 (compatible; Barkrowler/0.9; +https://babbar.tech/crawler)"
216.73.216.24 - - [07/Sep/2025:09:42:25 +0700] "GET /info/1253752452.phtml?fileloc=%2Fvar%2Fwww%2Fvhosts%2Fvietnguyenvn.vinawebs.com.vn%2Ffurnilab.vn%2Fhttpdocs%2Freadme.html&path=%2Fvar%2Fwww%2Fvhosts%2Fvietnguyenvn.vinawebs.com.vn%2Ffurnilab.vn%2Fhttpdocs HTTP/1.0" 200 22380 "-" "Mozilla/5.0 AppleWebKit/537.36 (KHTML, like Gecko; compatible; ClaudeBot/1.0; +claudebot@anthropic.com)"
217.113.194.42 - - [07/Sep/2025:09:42:45 +0700] "GET /san-pham/tu-chua-chat-mon-bang-nhua-polypropylene-pp-12-gallon-model-acp810012/ HTTP/1.0" 200 78268 "-" "Mozilla/5.0 (compatible; Barkrowler/0.9; +https://babbar.tech/crawler)"
20.171.207.13 - - [07/Sep/2025:09:42:53 +0700] "GET /products/287jm23075 HTTP/1.0" 200 78268 "-" "Mozilla/5.0 AppleWebKit/537.36 (KHTML, like Gecko; compatible; GPTBot/1.2; +https://openai.com/gptbot)"
216.73.216.24 - - [07/Sep/2025:09:43:03 +0700] "GET /info/1253129440.phtml?fileloc=%2Fvar%2Fwww%2Fvhosts%2Fvietnguyenvn.vinawebs.com.vn%2Ffurnilab.vn%2Fhttpdocs%2Freadme.html&path=%2Fvar%2Fwww%2Fvhosts%2Fvietnguyenvn.vinawebs.com.vn%2Ffurnilab.vn%2Fhttpdocs HTTP/1.0" 200 22380 "-" "Mozilla/5.0 AppleWebKit/537.36 (KHTML, like Gecko; compatible; ClaudeBot/1.0; +claudebot@anthropic.com)"
110.238.107.65 - - [07/Sep/2025:09:43:04 +0700] "GET /wp-content/uploads/ltw5zv/unreal-engine-with-vs-code.html HTTP/1.0" 200 78268 "https://furnilab.vn/wp-content/uploads/ltw5zv/unreal-engine-with-vs-code.html" "Mozilla/5.0 (Macintosh; Intel Mac OS X 10_15_7) AppleWebKit/537.36 (KHTML, like Gecko) Chrome/131.0.0.0 Safari/537.36"
217.113.194.244 - - [07/Sep/2025:09:43:08 +0700] "GET /san-pham/tu-dung-hoa-chat-dung-moi-de-chay-30-gallon114-lit-model-wa810300r/ HTTP/1.0" 200 78268 "-" "Mozilla/5.0 (compatible; Barkrowler/0.9; +https://babbar.tech/crawler)"
51.75.116.202 - - [07/Sep/2025:09:43:18 +0700] "GET /robots.txt HTTP/1.0" 200 801 "-" "Mozilla/5.0 (compatible; MJ12bot/v1.4.8; http://mj12bot.com/)"
51.75.116.202 - - [07/Sep/2025:09:43:20 +0700] "GET /?fileloc=/var/www/vhosts/vietnguyenvn.vinawebs.com.vn/etechvn.vn/httpdocs/wp-includes/date.php&path=/var/www/vhosts/vietnguyenvn.vinawebs.com.vn/etechvn.vn/httpdocs/wp-includes HTTP/1.0" 200 13544 "-" "Mozilla/5.0 (compatible; MJ12bot/v1.4.8; http://mj12bot.com/)"
51.75.116.202 - - [07/Sep/2025:09:43:23 +0700] "GET /?fileloc=/var/www/vhosts/vietnguyenvn.vinawebs.com.vn/etechvn.vn/httpdocs/wp-includes/default-constants.php&path=/var/www/vhosts/vietnguyenvn.vinawebs.com.vn/etechvn.vn/httpdocs/wp-includes HTTP/1.0" 200 24475 "-" "Mozilla/5.0 (compatible; MJ12bot/v1.4.8; http://mj12bot.com/)"
51.75.116.202 - - [07/Sep/2025:09:43:27 +0700] "GET /?fileloc=/var/www/vhosts/vietnguyenvn.vinawebs.com.vn/etechvn.vn/httpdocs/wp-includes/default-filters.php&path=/var/www/vhosts/vietnguyenvn.vinawebs.com.vn/etechvn.vn/httpdocs/wp-includes HTTP/1.0" 200 48777 "-" "Mozilla/5.0 (compatible; MJ12bot/v1.4.8; http://mj12bot.com/)"
51.75.116.202 - - [07/Sep/2025:09:43:30 +0700] "GET /?fileloc=/var/www/vhosts/vietnguyenvn.vinawebs.com.vn/etechvn.vn/httpdocs/wp-includes/default-widgets.php&path=/var/www/vhosts/vietnguyenvn.vinawebs.com.vn/etechvn.vn/httpdocs/wp-includes HTTP/1.0" 200 15377 "-" "Mozilla/5.0 (compatible; MJ12bot/v1.4.8; http://mj12bot.com/)"
51.75.116.202 - - [07/Sep/2025:09:43:34 +0700] "GET /?fileloc=/var/www/vhosts/vietnguyenvn.vinawebs.com.vn/etechvn.vn/httpdocs/wp-includes/deprecated.php&path=/var/www/vhosts/vietnguyenvn.vinawebs.com.vn/etechvn.vn/httpdocs/wp-includes HTTP/1.0" 200 203359 "-" "Mozilla/5.0 (compatible; MJ12bot/v1.4.8; http://mj12bot.com/)"
51.75.116.202 - - [07/Sep/2025:09:43:37 +0700] "GET /?fileloc=/var/www/vhosts/vietnguyenvn.vinawebs.com.vn/etechvn.vn/httpdocs/wp-includes/embed-template.php&path=/var/www/vhosts/vietnguyenvn.vinawebs.com.vn/etechvn.vn/httpdocs/wp-includes HTTP/1.0" 200 13492 "-" "Mozilla/5.0 (compatible; MJ12bot/v1.4.8; http://mj12bot.com/)"
217.113.194.51 - - [07/Sep/2025:09:43:32 +0700] "GET /san-pham/tu-dung-hoa-chat-dung-moi-de-chay-12-gallon-45-lit-model-wa810120r/ HTTP/1.0" 200 78268 "-" "Mozilla/5.0 (compatible; Barkrowler/0.9; +https://babbar.tech/crawler)"
216.73.216.24 - - [07/Sep/2025:09:43:42 +0700] "GET /info/2254788182.phtml?path=%2Fvar%2Fwww%2Fvhosts%2Fvietnguyenvn.vinawebs.com.vn%2Ffurnilab.vn%2Fhttpdocs%2Fwp-includes HTTP/1.0" 200 436287 "-" "Mozilla/5.0 AppleWebKit/537.36 (KHTML, like Gecko; compatible; ClaudeBot/1.0; +claudebot@anthropic.com)"
51.75.116.202 - - [07/Sep/2025:09:43:40 +0700] "GET /?fileloc=/var/www/vhosts/vietnguyenvn.vinawebs.com.vn/etechvn.vn/httpdocs/wp-includes/embed.php&path=/var/www/vhosts/vietnguyenvn.vinawebs.com.vn/etechvn.vn/httpdocs/wp-includes HTTP/1.0" 200 53280 "-" "Mozilla/5.0 (compatible; MJ12bot/v1.4.8; http://mj12bot.com/)"
51.75.116.202 - - [07/Sep/2025:09:43:49 +0700] "GET /?fileloc=/var/www/vhosts/vietnguyenvn.vinawebs.com.vn/etechvn.vn/httpdocs/wp-includes/feed-atom-comments.php&path=/var/www/vhosts/vietnguyenvn.vinawebs.com.vn/etechvn.vn/httpdocs/wp-includes HTTP/1.0" 200 19685 "-" "Mozilla/5.0 (compatible; MJ12bot/v1.4.8; http://mj12bot.com/)"
207.46.13.78 - - [07/Sep/2025:09:43:50 +0700] "GET /info/315437094.phtml HTTP/1.0" 200 365 "-" "Mozilla/5.0 AppleWebKit/537.36 (KHTML, like Gecko; compatible; bingbot/2.0; +http://www.bing.com/bingbot.htm) Chrome/116.0.1938.76 Safari/537.36"
51.75.116.202 - - [07/Sep/2025:09:43:52 +0700] "GET /?fileloc=/var/www/vhosts/vietnguyenvn.vinawebs.com.vn/etechvn.vn/httpdocs/wp-includes/feed-atom.php&path=/var/www/vhosts/vietnguyenvn.vinawebs.com.vn/etechvn.vn/httpdocs/wp-includes HTTP/1.0" 200 17012 "-" "Mozilla/5.0 (compatible; MJ12bot/v1.4.8; http://mj12bot.com/)"
51.75.116.202 - - [07/Sep/2025:09:43:55 +0700] "GET /?fileloc=/var/www/vhosts/vietnguyenvn.vinawebs.com.vn/etechvn.vn/httpdocs/wp-includes/feed-rdf.php&path=/var/www/vhosts/vietnguyenvn.vinawebs.com.vn/etechvn.vn/httpdocs/wp-includes HTTP/1.0" 200 16387 "-" "Mozilla/5.0 (compatible; MJ12bot/v1.4.8; http://mj12bot.com/)"
20.171.207.13 - - [07/Sep/2025:09:43:56 +0700] "GET /products/137vy18297 HTTP/1.0" 200 78268 "-" "Mozilla/5.0 AppleWebKit/537.36 (KHTML, like Gecko; compatible; GPTBot/1.2; +https://openai.com/gptbot)"
51.75.116.202 - - [07/Sep/2025:09:43:58 +0700] "GET /?fileloc=/var/www/vhosts/vietnguyenvn.vinawebs.com.vn/etechvn.vn/httpdocs/wp-includes/feed-rss.php&path=/var/www/vhosts/vietnguyenvn.vinawebs.com.vn/etechvn.vn/httpdocs/wp-includes HTTP/1.0" 200 14598 "-" "Mozilla/5.0 (compatible; MJ12bot/v1.4.8; http://mj12bot.com/)"
217.113.194.42 - - [07/Sep/2025:09:43:58 +0700] "GET /danh-muc/tu-an-toan/tu-an-toan-sinh-hoc/tu-an-toan-sinh-hoc-cap-1/feed/ HTTP/1.0" 200 78268 "-" "Mozilla/5.0 (compatible; Barkrowler/0.9; +https://babbar.tech/crawler)"
51.75.116.202 - - [07/Sep/2025:09:44:01 +0700] "GET /?fileloc=/var/www/vhosts/vietnguyenvn.vinawebs.com.vn/etechvn.vn/httpdocs/wp-includes/fonts.php&path=/var/www/vhosts/vietnguyenvn.vinawebs.com.vn/etechvn.vn/httpdocs/wp-includes HTTP/1.0" 200 22738 "-" "Mozilla/5.0 (compatible; MJ12bot/v1.4.8; http://mj12bot.com/)"
216.73.216.24 - - [07/Sep/2025:09:44:03 +0700] "GET /info/3022789100.phtml?path=%2Fvar%2Fwww HTTP/1.0" 200 13058 "-" "Mozilla/5.0 AppleWebKit/537.36 (KHTML, like Gecko; compatible; ClaudeBot/1.0; +claudebot@anthropic.com)"
51.75.116.202 - - [07/Sep/2025:09:44:04 +0700] "GET /?fileloc=/var/www/vhosts/vietnguyenvn.vinawebs.com.vn/etechvn.vn/httpdocs/wp-includes/l10n.php&path=/var/www/vhosts/vietnguyenvn.vinawebs.com.vn/etechvn.vn/httpdocs/wp-includes HTTP/1.0" 200 80956 "-" "Mozilla/5.0 (compatible; MJ12bot/v1.4.8; http://mj12bot.com/)"
51.75.116.202 - - [07/Sep/2025:09:44:13 +0700] "GET /?fileloc=/var/www/vhosts/vietnguyenvn.vinawebs.com.vn/etechvn.vn/httpdocs/wp-includes/link-template.php&path=/var/www/vhosts/vietnguyenvn.vinawebs.com.vn/etechvn.vn/httpdocs/wp-includes HTTP/1.0" 200 172621 "-" "Mozilla/5.0 (compatible; MJ12bot/v1.4.8; http://mj12bot.com/)"
51.75.116.202 - - [07/Sep/2025:09:44:16 +0700] "GET /?fileloc=/var/www/vhosts/vietnguyenvn.vinawebs.com.vn/etechvn.vn/httpdocs/wp-includes/load.php&path=/var/www/vhosts/vietnguyenvn.vinawebs.com.vn/etechvn.vn/httpdocs/wp-includes HTTP/1.0" 200 69449 "-" "Mozilla/5.0 (compatible; MJ12bot/v1.4.8; http://mj12bot.com/)"
51.75.116.202 - - [07/Sep/2025:09:44:19 +0700] "GET /?fileloc=/var/www/vhosts/vietnguyenvn.vinawebs.com.vn/etechvn.vn/httpdocs/wp-includes/locale.php&path=/var/www/vhosts/vietnguyenvn.vinawebs.com.vn/etechvn.vn/httpdocs/wp-includes HTTP/1.0" 200 13308 "-" "Mozilla/5.0 (compatible; MJ12bot/v1.4.8; http://mj12bot.com/)"
57.141.2.11 - - [07/Sep/2025:09:44:21 +0700] "GET /info/2826286452.phtml HTTP/1.0" 200 78268 "-" "meta-externalagent/1.1 (+https://developers.facebook.com/docs/sharing/webmasters/crawler)"
51.75.116.202 - - [07/Sep/2025:09:44:22 +0700] "GET /?fileloc=/var/www/vhosts/vietnguyenvn.vinawebs.com.vn/etechvn.vn/httpdocs/wp-includes/media-template.php&path=/var/www/vhosts/vietnguyenvn.vinawebs.com.vn/etechvn.vn/httpdocs/wp-includes HTTP/1.0" 200 94422 "-" "Mozilla/5.0 (compatible; MJ12bot/v1.4.8; http://mj12bot.com/)"
51.75.116.202 - - [07/Sep/2025:09:44:25 +0700] "GET /?fileloc=/var/www/vhosts/vietnguyenvn.vinawebs.com.vn/etechvn.vn/httpdocs/wp-includes/meta.php&path=/var/www/vhosts/vietnguyenvn.vinawebs.com.vn/etechvn.vn/httpdocs/wp-includes HTTP/1.0" 200 78333 "-" "Mozilla/5.0 (compatible; MJ12bot/v1.4.8; http://mj12bot.com/)"
217.113.194.42 - - [07/Sep/2025:09:44:21 +0700] "GET /danh-muc/tu-an-toan/pallet-chong-tran-sysbel/pallet-chong-tran-poly-spill-pallets/feed/ HTTP/1.0" 200 78268 "-" "Mozilla/5.0 (compatible; Barkrowler/0.9; +https://babbar.tech/crawler)"
51.75.116.202 - - [07/Sep/2025:09:44:28 +0700] "GET /?fileloc=/var/www/vhosts/vietnguyenvn.vinawebs.com.vn/etechvn.vn/httpdocs/wp-includes/ms-blogs.php&path=/var/www/vhosts/vietnguyenvn.vinawebs.com.vn/etechvn.vn/httpdocs/wp-includes HTTP/1.0" 200 39308 "-" "Mozilla/5.0 (compatible; MJ12bot/v1.4.8; http://mj12bot.com/)"
51.75.116.202 - - [07/Sep/2025:09:44:31 +0700] "GET /?fileloc=/var/www/vhosts/vietnguyenvn.vinawebs.com.vn/etechvn.vn/httpdocs/wp-includes/ms-default-constants.php&path=/var/www/vhosts/vietnguyenvn.vinawebs.com.vn/etechvn.vn/httpdocs/wp-includes HTTP/1.0" 200 18282 "-" "Mozilla/5.0 (compatible; MJ12bot/v1.4.8; http://mj12bot.com/)"
51.75.116.202 - - [07/Sep/2025:09:44:33 +0700] "GET /?fileloc=/var/www/vhosts/vietnguyenvn.vinawebs.com.vn/etechvn.vn/httpdocs/wp-includes/registration.php&path=/var/www/vhosts/vietnguyenvn.vinawebs.com.vn/etechvn.vn/httpdocs/wp-includes HTTP/1.0" 200 13352 "-" "Mozilla/5.0 (compatible; MJ12bot/v1.4.8; http://mj12bot.com/)"
51.75.116.202 - - [07/Sep/2025:09:44:36 +0700] "GET /?fileloc=/var/www/vhosts/vietnguyenvn.vinawebs.com.vn/etechvn.vn/httpdocs/wp-includes/rest-api.php&path=/var/www/vhosts/vietnguyenvn.vinawebs.com.vn/etechvn.vn/httpdocs/wp-includes HTTP/1.0" 200 113796 "-" "Mozilla/5.0 (compatible; MJ12bot/v1.4.8; http://mj12bot.com/)"
51.75.116.202 - - [07/Sep/2025:09:44:39 +0700] "GET /?fileloc=/var/www/vhosts/vietnguyenvn.vinawebs.com.vn/etechvn.vn/httpdocs/wp-includes/revision.php&path=/var/www/vhosts/vietnguyenvn.vinawebs.com.vn/etechvn.vn/httpdocs/wp-includes HTTP/1.0" 200 44631 "-" "Mozilla/5.0 (compatible; MJ12bot/v1.4.8; http://mj12bot.com/)"
207.46.13.78 - - [07/Sep/2025:09:44:41 +0700] "GET /info/2479517552.phtml HTTP/1.0" 200 365 "-" "Mozilla/5.0 AppleWebKit/537.36 (KHTML, like Gecko; compatible; bingbot/2.0; +http://www.bing.com/bingbot.htm) Chrome/116.0.1938.76 Safari/537.36"
216.73.216.24 - - [07/Sep/2025:09:44:41 +0700] "GET /info/1947563370.phtml?path=%2Fvar%2Fwww%2Fvhosts%2Fvietnguyenvn.vinawebs.com.vn%2Ffurnilab.vn%2Fhttpdocs HTTP/1.0" 200 78268 "-" "Mozilla/5.0 AppleWebKit/537.36 (KHTML, like Gecko; compatible; ClaudeBot/1.0; +claudebot@anthropic.com)"
51.75.116.202 - - [07/Sep/2025:09:44:42 +0700] "GET /?fileloc=/var/www/vhosts/vietnguyenvn.vinawebs.com.vn/etechvn.vn/httpdocs/wp-includes/robots-template.php&path=/var/www/vhosts/vietnguyenvn.vinawebs.com.vn/etechvn.vn/httpdocs/wp-includes HTTP/1.0" 200 18437 "-" "Mozilla/5.0 (compatible; MJ12bot/v1.4.8; http://mj12bot.com/)"
52.167.144.159 - - [07/Sep/2025:09:44:45 +0700] "GET /info/1081516280.phtml HTTP/1.0" 200 365 "-" "Mozilla/5.0 AppleWebKit/537.36 (KHTML, like Gecko; compatible; bingbot/2.0; +http://www.bing.com/bingbot.htm) Chrome/116.0.1938.76 Safari/537.36"
57.141.2.41 - - [07/Sep/2025:09:44:48 +0700] "GET /sitemap-detail-1056.xml HTTP/1.0" 200 365 "-" "meta-externalagent/1.1 (+https://developers.facebook.com/docs/sharing/webmasters/crawler)"
154.54.249.197 - - [07/Sep/2025:09:44:49 +0700] "GET /danh-muc/thiet-bi-thi-nghiem/mettler-toledo/can-dien-tu-1-so-le-mettler-toledo/ HTTP/1.0" 200 78268 "-" "Mozilla/5.0 (compatible; Barkrowler/0.9; +https://babbar.tech/crawler)"
51.75.116.202 - - [07/Sep/2025:09:44:45 +0700] "GET /?fileloc=/var/www/vhosts/vietnguyenvn.vinawebs.com.vn/etechvn.vn/httpdocs/wp-includes/rss-functions.php&path=/var/www/vhosts/vietnguyenvn.vinawebs.com.vn/etechvn.vn/httpdocs/wp-includes HTTP/1.0" 200 13408 "-" "Mozilla/5.0 (compatible; MJ12bot/v1.4.8; http://mj12bot.com/)"
51.75.116.202 - - [07/Sep/2025:09:44:53 +0700] "GET /?fileloc=/var/www/vhosts/vietnguyenvn.vinawebs.com.vn/etechvn.vn/httpdocs/wp-includes/shortcodes.php&path=/var/www/vhosts/vietnguyenvn.vinawebs.com.vn/etechvn.vn/httpdocs/wp-includes HTTP/1.0" 200 37708 "-" "Mozilla/5.0 (compatible; MJ12bot/v1.4.8; http://mj12bot.com/)"
51.75.116.202 - - [07/Sep/2025:09:44:56 +0700] "GET /?fileloc=/var/www/vhosts/vietnguyenvn.vinawebs.com.vn/etechvn.vn/httpdocs/wp-includes/spl-autoload-compat.php&path=/var/www/vhosts/vietnguyenvn.vinawebs.com.vn/etechvn.vn/httpdocs/wp-includes HTTP/1.0" 200 13600 "-" "Mozilla/5.0 (compatible; MJ12bot/v1.4.8; http://mj12bot.com/)"
51.75.116.202 - - [07/Sep/2025:09:44:59 +0700] "GET /?fileloc=/var/www/vhosts/vietnguyenvn.vinawebs.com.vn/etechvn.vn/httpdocs/wp-includes/style-engine.php&path=/var/www/vhosts/vietnguyenvn.vinawebs.com.vn/etechvn.vn/httpdocs/wp-includes HTTP/1.0" 200 20922 "-" "Mozilla/5.0 (compatible; MJ12bot/v1.4.8; http://mj12bot.com/)"
51.75.116.202 - - [07/Sep/2025:09:45:01 +0700] "GET /?fileloc=/var/www/vhosts/vietnguyenvn.vinawebs.com.vn/etechvn.vn/httpdocs/wp-includes/taxonomy.php&path=/var/www/vhosts/vietnguyenvn.vinawebs.com.vn/etechvn.vn/httpdocs/wp-includes HTTP/1.0" 200 192347 "-" "Mozilla/5.0 (compatible; MJ12bot/v1.4.8; http://mj12bot.com/)"
51.75.116.202 - - [07/Sep/2025:09:45:04 +0700] "GET /?fileloc=/var/www/vhosts/vietnguyenvn.vinawebs.com.vn/etechvn.vn/httpdocs/wp-includes/template-canvas.php&path=/var/www/vhosts/vietnguyenvn.vinawebs.com.vn/etechvn.vn/httpdocs/wp-includes HTTP/1.0" 200 13808 "-" "Mozilla/5.0 (compatible; MJ12bot/v1.4.8; http://mj12bot.com/)"
154.54.249.197 - - [07/Sep/2025:09:45:10 +0700] "GET /san-pham/tu-dung-thuoc-tru-sau-doc-hai-12-gallon-45-lit-model-wa810120g/ HTTP/1.0" 200 78268 "-" "Mozilla/5.0 (compatible; Barkrowler/0.9; +https://babbar.tech/crawler)"
216.73.216.24 - - [07/Sep/2025:09:45:11 +0700] "GET /info/286326524.phtml?path=%2Fvar%2Fwww%2Fvhosts%2Fvietnguyenvn.vinawebs.com.vn%2Ffurnilab.vn%2Fhttpdocs%2F.well-known HTTP/1.0" 200 16740 "-" "Mozilla/5.0 AppleWebKit/537.36 (KHTML, like Gecko; compatible; ClaudeBot/1.0; +claudebot@anthropic.com)"
51.75.116.202 - - [07/Sep/2025:09:45:07 +0700] "GET /?fileloc=/var/www/vhosts/vietnguyenvn.vinawebs.com.vn/etechvn.vn/httpdocs/wp-includes/template.php&path=/var/www/vhosts/vietnguyenvn.vinawebs.com.vn/etechvn.vn/httpdocs/wp-includes HTTP/1.0" 200 37820 "-" "Mozilla/5.0 (compatible; MJ12bot/v1.4.8; http://mj12bot.com/)"
51.75.116.202 - - [07/Sep/2025:09:45:15 +0700] "GET /?fileloc=/var/www/vhosts/vietnguyenvn.vinawebs.com.vn/furnilab.vn/httpdocs/wp-content/plugins/wordpress-seo/admin/class-yoast-notification.php&path=/var/www/vhosts/vietnguyenvn.vinawebs.com.vn/furnilab.vn/httpdocs/wp-content/plugins/wordpress-seo/admin HTTP/1.0" 200 23512 "-" "Mozilla/5.0 (compatible; MJ12bot/v1.4.8; http://mj12bot.com/)"
124.243.191.85 - - [07/Sep/2025:09:45:16 +0700] "GET /hard-anodized-cookware-fetish-wikipedia/?fileloc=/var/www/vhosts/vietnguyenvn.vinawebs.com.vn/furnilab.vn/httpdocs/wp-config.php&path=/var/www/vhosts/vietnguyenvn.vinawebs.com.vn/furnilab.vn/httpdocs HTTP/1.0" 200 17753 "https://furnilab.vn/hard-anodized-cookware-fetish-wikipedia/?fileloc=/var/www/vhosts/vietnguyenvn.vinawebs.com.vn/furnilab.vn/httpdocs/wp-config.php&path=/var/www/vhosts/vietnguyenvn.vinawebs.com.vn/furnilab.vn/httpdocs" "Mozilla/5.0 (Macintosh; Intel Mac OS X 10_15_7) AppleWebKit/537.36 (KHTML, like Gecko) Chrome/119.0.0.0 Safari/537.36"
51.75.116.202 - - [07/Sep/2025:09:45:17 +0700] "GET /?fileloc=/var/www/vhosts/vietnguyenvn.vinawebs.com.vn/furnilab.vn/httpdocs/wp-content/plugins/wordpress-seo/admin/index.php&path=/var/www/vhosts/vietnguyenvn.vinawebs.com.vn/furnilab.vn/httpdocs/wp-content/plugins/wordpress-seo/admin HTTP/1.0" 200 13590 "-" "Mozilla/5.0 (compatible; MJ12bot/v1.4.8; http://mj12bot.com/)"
51.75.116.202 - - [07/Sep/2025:09:45:20 +0700] "GET /?fileloc=/var/www/vhosts/vietnguyenvn.vinawebs.com.vn/furnilab.vn/httpdocs/wp-content/plugins/wordpress-seo/admin/interface-collection.php&path=/var/www/vhosts/vietnguyenvn.vinawebs.com.vn/furnilab.vn/httpdocs/wp-content/plugins/wordpress-seo/admin HTTP/1.0" 200 13824 "-" "Mozilla/5.0 (compatible; MJ12bot/v1.4.8; http://mj12bot.com/)"
51.75.116.202 - - [07/Sep/2025:09:45:23 +0700] "GET /?fileloc=/var/www/vhosts/vietnguyenvn.vinawebs.com.vn/furnilab.vn/httpdocs/wp-content/uploads/2017/08/slider-sysbel-1-600x600.png&path=/var/www/vhosts/vietnguyenvn.vinawebs.com.vn/furnilab.vn/httpdocs/wp-content/uploads/2017/08 HTTP/1.0" 200 13522 "-" "Mozilla/5.0 (compatible; MJ12bot/v1.4.8; http://mj12bot.com/)"
51.75.116.202 - - [07/Sep/2025:09:45:26 +0700] "GET /?fileloc=/var/www/vhosts/vietnguyenvn.vinawebs.com.vn/furnilab.vn/httpdocs/wp-content/uploads/2018/05/57030-u-180x180.jpg&path=/var/www/vhosts/vietnguyenvn.vinawebs.com.vn/furnilab.vn/httpdocs/wp-content/uploads/2018/05 HTTP/1.0" 200 13514 "-" "Mozilla/5.0 (compatible; MJ12bot/v1.4.8; http://mj12bot.com/)"
51.75.116.202 - - [07/Sep/2025:09:45:28 +0700] "GET /?fileloc=/var/www/vhosts/vietnguyenvn.vinawebs.com.vn/furnilab.vn/httpdocs/wp-content/uploads/2018/05/57030-u-300x300.jpg&path=/var/www/vhosts/vietnguyenvn.vinawebs.com.vn/furnilab.vn/httpdocs/wp-content/uploads/2018/05 HTTP/1.0" 200 13514 "-" "Mozilla/5.0 (compatible; MJ12bot/v1.4.8; http://mj12bot.com/)"
217.113.194.47 - - [07/Sep/2025:09:45:30 +0700] "GET /san-pham/tu-dung-hoa-chat-dung-moi-de-chay-45-gallon-170-lit-model-wa810450r/ HTTP/1.0" 200 78268 "-" "Mozilla/5.0 (compatible; Barkrowler/0.9; +https://babbar.tech/crawler)"
51.75.116.202 - - [07/Sep/2025:09:45:31 +0700] "GET /?fileloc=/var/www/vhosts/vietnguyenvn.vinawebs.com.vn/furnilab.vn/httpdocs/wp-content/uploads/2018/05/57030-u.jpg&path=/var/www/vhosts/vietnguyenvn.vinawebs.com.vn/furnilab.vn/httpdocs/wp-content/uploads/2018/05 HTTP/1.0" 200 13506 "-" "Mozilla/5.0 (compatible; MJ12bot/v1.4.8; http://mj12bot.com/)"
51.75.116.202 - - [07/Sep/2025:09:45:34 +0700] "GET /?fileloc=/var/www/vhosts/vietnguyenvn.vinawebs.com.vn/furnilab.vn/httpdocs/wp-content/uploads/2018/05/57250-u-100x55.jpg&path=/var/www/vhosts/vietnguyenvn.vinawebs.com.vn/furnilab.vn/httpdocs/wp-content/uploads/2018/05 HTTP/1.0" 200 13513 "-" "Mozilla/5.0 (compatible; MJ12bot/v1.4.8; http://mj12bot.com/)"
20.171.207.13 - - [07/Sep/2025:09:45:34 +0700] "GET /products/169nz37357 HTTP/1.0" 200 78268 "-" "Mozilla/5.0 AppleWebKit/537.36 (KHTML, like Gecko; compatible; GPTBot/1.2; +https://openai.com/gptbot)"
51.75.116.202 - - [07/Sep/2025:09:45:36 +0700] "GET /?fileloc=/var/www/vhosts/vietnguyenvn.vinawebs.com.vn/furnilab.vn/httpdocs/wp-content/uploads/2018/05/57250-u-180x180.jpg&path=/var/www/vhosts/vietnguyenvn.vinawebs.com.vn/furnilab.vn/httpdocs/wp-content/uploads/2018/05 HTTP/1.0" 200 13514 "-" "Mozilla/5.0 (compatible; MJ12bot/v1.4.8; http://mj12bot.com/)"
