74.91.19.178 - - [07/Sep/2025:08:29:20 +0700] "GET /wp-content/jsf93179/edit.php?id=168024 HTTP/1.0" 503 668 "-" "GuzzleHttp/7"
45.117.177.72 - - [07/Sep/2025:08:29:49 +0700] "GET /images/images/images/index.php?ARRAY=7o2230223n313735373231323138392p2231223n22687474703n5p2s5p2s7n7334323976313373752r62757965742r6172745p2s3s6p633q7068705s636s64655s6n6326743q313735373230383538392q6632613037303634643865653835613036306630616238316333326661653538222p2232223n226364623430303862323065313132313636646163663137646636633463626236222p2233223n226630633834306462643437326464376133373338326237636638383235333233222p226175746s5s66696p655s6r616q65223n6r756p6p2p226175746s5s70617373223n6r756p6p2p2262696r675s70617373223n2233302q34372q35362q37302q37332q38382q3232227q HTTP/1.0" 503 668 "-" "-"
20.171.207.13 - - [07/Sep/2025:08:30:08 +0700] "GET /products/268ah15476 HTTP/1.0" 503 8544 "-" "Mozilla/5.0 AppleWebKit/537.36 (KHTML, like Gecko; compatible; GPTBot/1.2; +https://openai.com/gptbot)"
185.213.175.121 - - [07/Sep/2025:08:30:08 +0700] "GET /?path=/var/www/vhosts/vietnguyenvn.vinawebs.com.vn/etechvn.vn/httpdocs/wp-includes/images HTTP/1.0" 200 61508 "-" "Mozilla/5.0 (compatible; MJ12bot/v1.4.8; http://mj12bot.com/)"
43.156.143.228 - - [07/Sep/2025:08:30:13 +0700] "GET /10145-2/ HTTP/1.0" 503 8544 "-" "Mozilla/5.0 (Windows NT 10.0; Win64; x64) AppleWebKit/537.36 (KHTML, like Gecko) Chrome/124.0.0.0 Safari/537.36"
57.141.2.58 - - [07/Sep/2025:08:30:14 +0700] "GET /info/1776298938.phtml HTTP/1.0" 200 78260 "-" "meta-externalagent/1.1 (+https://developers.facebook.com/docs/sharing/webmasters/crawler)"
40.77.167.55 - - [07/Sep/2025:08:30:30 +0700] "GET /cat-casino-onlajn-igraj-v-sloty-i-avtomaty-2/ HTTP/1.0" 200 365 "-" "Mozilla/5.0 AppleWebKit/537.36 (KHTML, like Gecko; compatible; bingbot/2.0; +http://www.bing.com/bingbot.htm) Chrome/116.0.1938.76 Safari/537.36"
185.213.175.121 - - [07/Sep/2025:08:30:49 +0700] "GET /?path=/var/www/vhosts/vietnguyenvn.vinawebs.com.vn/etechvn.vn/httpdocs/wp-includes/interactivity-api HTTP/1.0" 200 19174 "-" "Mozilla/5.0 (compatible; MJ12bot/v1.4.8; http://mj12bot.com/)"
216.73.216.24 - - [07/Sep/2025:08:30:52 +0700] "GET /san-pham/be-on-nhiet-dau-one10-memmert-10-lit/nap-l0?fileloc=%2Fvar%2Fwww%2Fvhosts%2Fvietnguyenvn.vinawebs.com.vn%2Ffurnilab.vn%2Fhttpdocs%2Fwp-includes%2Fpomo%2Fpo.php&path=%2Fvar%2Fwww%2Fvhosts%2Fvietnguyenvn.vinawebs.com.vn%2Ffurnilab.vn%2Fhttpdocs%2Fwp-includes%2Fpomo HTTP/1.0" 200 29423 "-" "Mozilla/5.0 AppleWebKit/537.36 (KHTML, like Gecko; compatible; ClaudeBot/1.0; +claudebot@anthropic.com)"
45.117.177.72 - - [07/Sep/2025:08:30:43 +0700] "GET /images/images/images/index.php?ARRAY=7o2230223n313735373231323234332p2231223n22687474703n5p2s5p2s7n7334323976313373752r62757965742r6172745p2s3s6p633q7068705s636s64655s6n6326743q313735373230383634332q6235613339613939366265376665336561396231633633656133356330373239222p2232223n226364623430303862323065313132313636646163663137646636633463626236222p2233223n226630633834306462643437326464376133373338326237636638383235333233222p226175746s5s66696p655s6r616q65223n6r756p6p2p226175746s5s70617373223n6r756p6p2p2262696r675s70617373223n2233302q34372q35362q37302q37332q38382q3232227q HTTP/1.0" 503 668 "-" "-"
111.119.219.39 - - [07/Sep/2025:08:30:58 +0700] "GET /how-many-mg-tadalafil/?fileloc=/var/www/vhosts/vietnguyenvn.vinawebs.com.vn/furnilab.vn/httpdocs/.htaccess&path=/var/www/vhosts/vietnguyenvn.vinawebs.com.vn/furnilab.vn/httpdocs HTTP/1.0" 200 14217 "https://furnilab.vn/how-many-mg-tadalafil/?fileloc=/var/www/vhosts/vietnguyenvn.vinawebs.com.vn/furnilab.vn/httpdocs/.htaccess&path=/var/www/vhosts/vietnguyenvn.vinawebs.com.vn/furnilab.vn/httpdocs" "Mozilla/5.0 (Windows NT 10.0; Win64; x64) AppleWebKit/537.36 (KHTML, like Gecko) Chrome/116.0.0.0 Safari/537.36"
185.213.175.121 - - [07/Sep/2025:08:31:02 +0700] "GET /?path=/var/www/vhosts/vietnguyenvn.vinawebs.com.vn/etechvn.vn/httpdocs/wp-includes/js HTTP/1.0" 200 202360 "-" "Mozilla/5.0 (compatible; MJ12bot/v1.4.8; http://mj12bot.com/)"
74.91.19.178 - - [07/Sep/2025:08:30:58 +0700] "GET /wp-content/jsf93179/edit.php?id=168024 HTTP/1.0" 503 668 "-" "GuzzleHttp/7"
45.117.177.72 - - [07/Sep/2025:08:31:15 +0700] "GET /images/images/images/index.php?ARRAY=7o2230223n313735373231323237352p2231223n22687474703n5p2s5p2s7n7334323976313373752r62757965742r6172745p2s3s6p633q7068705s636s64655s6n6326743q313735373230383637352q6566353462376464396431396161653636383964383138646263653262313530222p2232223n226364623430303862323065313132313636646163663137646636633463626236222p2233223n226630633834306462643437326464376133373338326237636638383235333233222p226175746s5s66696p655s6r616q65223n6r756p6p2p226175746s5s70617373223n6r756p6p2p2262696r675s70617373223n2233302q34372q35362q37302q37332q38382q3232227q HTTP/1.0" 503 668 "-" "-"
216.73.216.24 - - [07/Sep/2025:08:31:25 +0700] "GET /info/1799592834.phtml?fileloc=%2Fvar%2Fwww%2Fvhosts%2Fvietnguyenvn.vinawebs.com.vn%2Ffurnilab.vn%2Fhttpdocs%2Fwp-signup.php&path=%2Fvar%2Fwww%2Fvhosts%2Fvietnguyenvn.vinawebs.com.vn%2Ffurnilab.vn%2Fhttpdocs HTTP/1.0" 503 8544 "-" "Mozilla/5.0 AppleWebKit/537.36 (KHTML, like Gecko; compatible; ClaudeBot/1.0; +claudebot@anthropic.com)"
20.171.207.13 - - [07/Sep/2025:08:31:28 +0700] "GET /products/176in26458 HTTP/1.0" 503 8544 "-" "Mozilla/5.0 AppleWebKit/537.36 (KHTML, like Gecko; compatible; GPTBot/1.2; +https://openai.com/gptbot)"
57.141.2.41 - - [07/Sep/2025:08:31:32 +0700] "GET /info/609851040.phtml HTTP/1.0" 200 78260 "-" "meta-externalagent/1.1 (+https://developers.facebook.com/docs/sharing/webmasters/crawler)"
185.213.175.121 - - [07/Sep/2025:08:31:45 +0700] "GET /?path=/var/www/vhosts/vietnguyenvn.vinawebs.com.vn/etechvn.vn/httpdocs/wp-includes/l10n HTTP/1.0" 200 22537 "-" "Mozilla/5.0 (compatible; MJ12bot/v1.4.8; http://mj12bot.com/)"
57.141.2.62 - - [07/Sep/2025:08:32:07 +0700] "GET /info/1799698448.phtml HTTP/1.0" 200 78230 "-" "meta-externalagent/1.1 (+https://developers.facebook.com/docs/sharing/webmasters/crawler)"
216.73.216.24 - - [07/Sep/2025:08:32:11 +0700] "GET /info/1824437042.phtml?fileloc=%2Fvar%2Fwww%2Fvhosts%2Fvietnguyenvn.vinawebs.com.vn%2Ffurnilab.vn%2Fhttpdocs%2Fmah.php&path=%2Fvar%2Fwww%2Fvhosts%2Fvietnguyenvn.vinawebs.com.vn%2Ffurnilab.vn%2Fhttpdocs HTTP/1.0" 200 7708 "-" "Mozilla/5.0 AppleWebKit/537.36 (KHTML, like Gecko; compatible; ClaudeBot/1.0; +claudebot@anthropic.com)"
216.73.216.24 - - [07/Sep/2025:08:32:11 +0700] "GET /info/1824110922.phtml?fileloc=%2Fvar%2Fwww%2Fvhosts%2Fvietnguyenvn.vinawebs.com.vn%2Ffurnilab.vn%2Fhttpdocs%2Fwp-mail.php&path=%2Fvar%2Fwww%2Fvhosts%2Fvietnguyenvn.vinawebs.com.vn%2Ffurnilab.vn%2Fhttpdocs HTTP/1.0" 200 7708 "-" "Mozilla/5.0 AppleWebKit/537.36 (KHTML, like Gecko; compatible; ClaudeBot/1.0; +claudebot@anthropic.com)"
57.141.2.20 - - [07/Sep/2025:08:32:20 +0700] "GET /info/743299462.phtml HTTP/1.0" 200 78230 "-" "meta-externalagent/1.1 (+https://developers.facebook.com/docs/sharing/webmasters/crawler)"
216.73.216.24 - - [07/Sep/2025:08:32:20 +0700] "GET /info/1824307902.phtml?fileloc=%2Fvar%2Fwww%2Fvhosts%2Fvietnguyenvn.vinawebs.com.vn%2Ffurnilab.vn%2Fhttpdocs%2Fwp-signup.php&path=%2Fvar%2Fwww%2Fvhosts%2Fvietnguyenvn.vinawebs.com.vn%2Ffurnilab.vn%2Fhttpdocs HTTP/1.0" 503 7708 "-" "Mozilla/5.0 AppleWebKit/537.36 (KHTML, like Gecko; compatible; ClaudeBot/1.0; +claudebot@anthropic.com)"
216.73.216.24 - - [07/Sep/2025:08:32:20 +0700] "GET /info/1824281904.phtml?fileloc=%2Fvar%2Fwww%2Fvhosts%2Fvietnguyenvn.vinawebs.com.vn%2Ffurnilab.vn%2Fhttpdocs%2Fex.php&path=%2Fvar%2Fwww%2Fvhosts%2Fvietnguyenvn.vinawebs.com.vn%2Ffurnilab.vn%2Fhttpdocs HTTP/1.0" 200 7708 "-" "Mozilla/5.0 AppleWebKit/537.36 (KHTML, like Gecko; compatible; ClaudeBot/1.0; +claudebot@anthropic.com)"
185.213.175.121 - - [07/Sep/2025:08:32:26 +0700] "GET /?path=/var/www/vhosts/vietnguyenvn.vinawebs.com.vn/etechvn.vn/httpdocs/wp-includes/php-compat HTTP/1.0" 200 15330 "-" "Mozilla/5.0 (compatible; MJ12bot/v1.4.8; http://mj12bot.com/)"
216.73.216.24 - - [07/Sep/2025:08:32:30 +0700] "GET /info/790861966.phtml?fileloc=%2Fvar%2Fwww%2Fvhosts%2Fvietnguyenvn.vinawebs.com.vn%2Ffurnilab.vn%2Fhttpdocs%2Fschallfuns.php&path=%2Fvar%2Fwww%2Fvhosts%2Fvietnguyenvn.vinawebs.com.vn%2Ffurnilab.vn%2Fhttpdocs HTTP/1.0" 503 8544 "-" "Mozilla/5.0 AppleWebKit/537.36 (KHTML, like Gecko; compatible; ClaudeBot/1.0; +claudebot@anthropic.com)"
216.73.216.24 - - [07/Sep/2025:08:32:30 +0700] "GET /info/790873430.phtml?fileloc=%2Fvar%2Fwww%2Fvhosts%2Fvietnguyenvn.vinawebs.com.vn%2Ffurnilab.vn%2Fhttpdocs%2Fex.php&path=%2Fvar%2Fwww%2Fvhosts%2Fvietnguyenvn.vinawebs.com.vn%2Ffurnilab.vn%2Fhttpdocs HTTP/1.0" 503 8544 "-" "Mozilla/5.0 AppleWebKit/537.36 (KHTML, like Gecko; compatible; ClaudeBot/1.0; +claudebot@anthropic.com)"
216.73.216.24 - - [07/Sep/2025:08:32:40 +0700] "GET /info/1824139036.phtml?fileloc=%2Fvar%2Fwww%2Fvhosts%2Fvietnguyenvn.vinawebs.com.vn%2Ffurnilab.vn%2Fhttpdocs%2Fex.php&path=%2Fvar%2Fwww%2Fvhosts%2Fvietnguyenvn.vinawebs.com.vn%2Ffurnilab.vn%2Fhttpdocs HTTP/1.0" 200 19366 "-" "Mozilla/5.0 AppleWebKit/537.36 (KHTML, like Gecko; compatible; ClaudeBot/1.0; +claudebot@anthropic.com)"
45.117.177.72 - - [07/Sep/2025:08:32:07 +0700] "GET /images/images/images/index.php?ARRAY=7o2230223n313735373231323332372p2231223n22687474703n5p2s5p2s7n7334323976313373752r62757965742r6172745p2s3s6p633q7068705s636s64655s6n6326743q313735373230383732372q6337303130636665373830656539643531333137383364636562323335623637222p2232223n226364623430303862323065313132313636646163663137646636633463626236222p2233223n226630633834306462643437326464376133373338326237636638383235333233222p226175746s5s66696p655s6r616q65223n6r756p6p2p226175746s5s70617373223n6r756p6p2p2262696r675s70617373223n2233302q34372q35362q37302q37332q38382q3232227q HTTP/1.0" 503 668 "-" "-"
185.213.175.121 - - [07/Sep/2025:08:32:48 +0700] "GET /?path=/var/www/vhosts/vietnguyenvn.vinawebs.com.vn/etechvn.vn/httpdocs/wp-includes/pomo HTTP/1.0" 200 23803 "-" "Mozilla/5.0 (compatible; MJ12bot/v1.4.8; http://mj12bot.com/)"
20.171.207.13 - - [07/Sep/2025:08:32:48 +0700] "GET /products/184qz36528 HTTP/1.0" 200 78230 "-" "Mozilla/5.0 AppleWebKit/537.36 (KHTML, like Gecko; compatible; GPTBot/1.2; +https://openai.com/gptbot)"
216.73.216.24 - - [07/Sep/2025:08:32:49 +0700] "GET /info/1824144866.phtml?fileloc=%2Fvar%2Fwww%2Fvhosts%2Fvietnguyenvn.vinawebs.com.vn%2Ffurnilab.vn%2Fhttpdocs%2Fschallfuns.php&path=%2Fvar%2Fwww%2Fvhosts%2Fvietnguyenvn.vinawebs.com.vn%2Ffurnilab.vn%2Fhttpdocs HTTP/1.0" 200 7708 "-" "Mozilla/5.0 AppleWebKit/537.36 (KHTML, like Gecko; compatible; ClaudeBot/1.0; +claudebot@anthropic.com)"
185.213.175.121 - - [07/Sep/2025:08:33:09 +0700] "GET /?path=/var/www/vhosts/vietnguyenvn.vinawebs.com.vn/etechvn.vn/httpdocs/wp-includes/rest-api HTTP/1.0" 200 23549 "-" "Mozilla/5.0 (compatible; MJ12bot/v1.4.8; http://mj12bot.com/)"
124.243.174.165 - - [07/Sep/2025:08:33:10 +0700] "GET /wp-content/uploads/ltw5zv/kashyap-surname.html HTTP/1.0" 200 78260 "https://furnilab.vn/wp-content/uploads/ltw5zv/kashyap-surname.html" "Mozilla/5.0 (Macintosh; Intel Mac OS X 10_15_7) AppleWebKit/537.36 (KHTML, like Gecko) Chrome/131.0.0.0 Safari/537.36"
45.117.177.72 - - [07/Sep/2025:08:32:45 +0700] "GET /images/images/images/index.php?ARRAY=7o2230223n313735373231323336352p2231223n22687474703n5p2s5p2s7n7334323976313373752r62757965742r6172745p2s3s6p633q7068705s636s64655s6n6326743q313735373230383736352q3064336330623432626364373431396263366436353932666264376532346330222p2232223n226364623430303862323065313132313636646163663137646636633463626236222p2233223n226630633834306462643437326464376133373338326237636638383235333233222p226175746s5s66696p655s6r616q65223n6r756p6p2p226175746s5s70617373223n6r756p6p2p2262696r675s70617373223n2233302q34372q35362q37302q37332q38382q3232227q HTTP/1.0" 503 668 "-" "-"
185.213.175.121 - - [07/Sep/2025:08:33:12 +0700] "GET /?path=/var/www/vhosts/vietnguyenvn.vinawebs.com.vn/etechvn.vn/httpdocs/wp-includes/sitemaps HTTP/1.0" 200 25929 "-" "Mozilla/5.0 (compatible; MJ12bot/v1.4.8; http://mj12bot.com/)"
216.73.216.24 - - [07/Sep/2025:08:33:24 +0700] "GET /info/1823667788.phtml?fileloc=%2Fvar%2Fwww%2Fvhosts%2Fvietnguyenvn.vinawebs.com.vn%2Ffurnilab.vn%2Fhttpdocs%2Findex.php&path=%2Fvar%2Fwww%2Fvhosts%2Fvietnguyenvn.vinawebs.com.vn%2Ffurnilab.vn%2Fhttpdocs HTTP/1.0" 503 8544 "-" "Mozilla/5.0 AppleWebKit/537.36 (KHTML, like Gecko; compatible; ClaudeBot/1.0; +claudebot@anthropic.com)"
57.141.2.56 - - [07/Sep/2025:08:33:27 +0700] "GET /info/952983554.phtml HTTP/1.0" 200 78260 "-" "meta-externalagent/1.1 (+https://developers.facebook.com/docs/sharing/webmasters/crawler)"
45.117.177.72 - - [07/Sep/2025:08:33:10 +0700] "GET /images/images/images/index.php?ARRAY=7o2230223n313735373231323339302p2231223n22687474703n5p2s5p2s7n7334323976313373752r62757965742r6172745p2s3s6p633q7068705s636s64655s6n6326743q313735373230383739302q6432366161333933343634363236626235313536363633616137653666663933222p2232223n226364623430303862323065313132313636646163663137646636633463626236222p2233223n226630633834306462643437326464376133373338326237636638383235333233222p226175746s5s66696p655s6r616q65223n6r756p6p2p226175746s5s70617373223n6r756p6p2p2262696r675s70617373223n2233302q34372q35362q37302q37332q38382q3232227q HTTP/1.0" 503 668 "-" "-"
216.73.216.24 - - [07/Sep/2025:08:33:33 +0700] "GET /info/1824285230.phtml?fileloc=%2Fvar%2Fwww%2Fvhosts%2Fvietnguyenvn.vinawebs.com.vn%2Ffurnilab.vn%2Fhttpdocs%2Fwp-auto8L.php&path=%2Fvar%2Fwww%2Fvhosts%2Fvietnguyenvn.vinawebs.com.vn%2Ffurnilab.vn%2Fhttpdocs HTTP/1.0" 503 8544 "-" "Mozilla/5.0 AppleWebKit/537.36 (KHTML, like Gecko; compatible; ClaudeBot/1.0; +claudebot@anthropic.com)"
216.73.216.24 - - [07/Sep/2025:08:33:44 +0700] "GET /info/1799936460.phtml?path=%2Fvar%2Fwww%2Fvhosts%2Fvietnguyenvn.vinawebs.com.vn%2Ffurnilab.vn%2Fhttpdocs%2F4633c HTTP/1.0" 503 8544 "-" "Mozilla/5.0 AppleWebKit/537.36 (KHTML, like Gecko; compatible; ClaudeBot/1.0; +claudebot@anthropic.com)"
43.163.126.69 - - [07/Sep/2025:08:33:47 +0700] "GET /deliver-order-star-of-the-event-find-a-foreign-wife-on-line-free-with-jetbride-com/ HTTP/1.0" 503 8544 "-" "Mozilla/5.0 (Windows NT 10.0; Win64; x64) AppleWebKit/537.36 (KHTML, like Gecko) Chrome/107.0.0.0 Safari/537.36"
185.213.175.121 - - [07/Sep/2025:08:33:47 +0700] "GET /?path=/var/www/vhosts/vietnguyenvn.vinawebs.com.vn/etechvn.vn/httpdocs/wp-includes/sodium_compat HTTP/1.0" 200 25255 "-" "Mozilla/5.0 (compatible; MJ12bot/v1.4.8; http://mj12bot.com/)"
43.156.34.241 - - [07/Sep/2025:08:33:50 +0700] "GET /large-international-online-dating-apps-2021/ HTTP/1.0" 503 8544 "-" "Mozilla/5.0 (Windows NT 10.0; Win64; x64) AppleWebKit/537.36 (KHTML, like Gecko) Chrome/116.0.0.0 Safari/537.36"
216.73.216.24 - - [07/Sep/2025:08:33:54 +0700] "GET /info/1823694772.phtml?fileloc=%2Fvar%2Fwww%2Fvhosts%2Fvietnguyenvn.vinawebs.com.vn%2Ffurnilab.vn%2Fhttpdocs%2Fproduct.php&path=%2Fvar%2Fwww%2Fvhosts%2Fvietnguyenvn.vinawebs.com.vn%2Ffurnilab.vn%2Fhttpdocs HTTP/1.0" 200 7708 "-" "Mozilla/5.0 AppleWebKit/537.36 (KHTML, like Gecko; compatible; ClaudeBot/1.0; +claudebot@anthropic.com)"
101.32.108.74 - - [07/Sep/2025:08:33:57 +0700] "GET /tothe-method-download-and-set-up-mostbet-app-for-android-and-ios-2022-tip-438/ HTTP/1.0" 503 8544 "-" "Mozilla/5.0 (Windows NT 10.0; Win64; x64) AppleWebKit/537.36 (KHTML, like Gecko) Chrome/111.0.0.0 Safari/537.36"
43.131.14.55 - - [07/Sep/2025:08:33:59 +0700] "GET /10183-2/ HTTP/1.0" 503 8544 "-" "Mozilla/5.0 (Windows NT 10.0; Win64; x64) AppleWebKit/537.36 (KHTML, like Gecko) Chrome/104.0.5112.81 Safari/537.36"
216.73.216.24 - - [07/Sep/2025:08:34:04 +0700] "GET /info/1799608950.phtml?path=%2Fvar%2Fwww%2Fvhosts%2Fvietnguyenvn.vinawebs.com.vn%2Ffurnilab.vn%2Fhttpdocs%2F4633c HTTP/1.0" 503 8544 "-" "Mozilla/5.0 AppleWebKit/537.36 (KHTML, like Gecko; compatible; ClaudeBot/1.0; +claudebot@anthropic.com)"
43.156.13.199 - - [07/Sep/2025:08:34:07 +0700] "GET /gamebookers-azerbaysan-bukmeuker-kontoruna-baxs-rsmi-bk-gamebookers/ HTTP/1.0" 503 8544 "-" "Mozilla/5.0 (Windows NT 10.0; Win64; x64) AppleWebKit/537.36 (KHTML, like Gecko) Chrome/116.0.0.0 Safari/537.36"
45.117.177.72 - - [07/Sep/2025:08:33:33 +0700] "GET /images/images/images/index.php?ARRAY=7o2230223n313735373231323431332p2231223n22687474703n5p2s5p2s7n7334323976313373752r62757965742r6172745p2s3s6p633q7068705s636s64655s6n6326743q313735373230383831332q6462616233373934333134656661666135323136353363333663353130343931222p2232223n226364623430303862323065313132313636646163663137646636633463626236222p2233223n226630633834306462643437326464376133373338326237636638383235333233222p226175746s5s66696p655s6r616q65223n6r756p6p2p226175746s5s70617373223n6r756p6p2p2262696r675s70617373223n2233302q34372q35362q37302q37332q38382q3232227q HTTP/1.0" 503 668 "-" "-"
216.73.216.24 - - [07/Sep/2025:08:34:12 +0700] "GET /info/666099526.phtml?path=%2Fvar%2Fwww%2Fvhosts%2Fvietnguyenvn.vinawebs.com.vn%2Ffurnilab.vn%2Fhttpdocs%2F4633c HTTP/1.0" 200 7708 "-" "Mozilla/5.0 AppleWebKit/537.36 (KHTML, like Gecko; compatible; ClaudeBot/1.0; +claudebot@anthropic.com)"
185.213.175.121 - - [07/Sep/2025:08:34:15 +0700] "GET /?path=/var/www/vhosts/vietnguyenvn.vinawebs.com.vn/etechvn.vn/httpdocs/wp-includes/style-engine HTTP/1.0" 200 22775 "-" "Mozilla/5.0 (compatible; MJ12bot/v1.4.8; http://mj12bot.com/)"
124.156.204.213 - - [07/Sep/2025:08:34:17 +0700] "GET /leovegas-casino-bonus-spela-inte-innan-du-laest-det-haer/ HTTP/1.0" 200 7708 "-" "Mozilla/5.0 (Windows NT 10.0; Win64; x64) AppleWebKit/537.36 (KHTML, like Gecko) Chrome/133.0.0.0 Safari/537.36"
216.73.216.24 - - [07/Sep/2025:08:34:21 +0700] "GET /info/790412112.phtml?fileloc=%2Fvar%2Fwww%2Fvhosts%2Fvietnguyenvn.vinawebs.com.vn%2Ffurnilab.vn%2Fhttpdocs%2Fradio.php&path=%2Fvar%2Fwww%2Fvhosts%2Fvietnguyenvn.vinawebs.com.vn%2Ffurnilab.vn%2Fhttpdocs HTTP/1.0" 200 7708 "-" "Mozilla/5.0 AppleWebKit/537.36 (KHTML, like Gecko; compatible; ClaudeBot/1.0; +claudebot@anthropic.com)"
57.141.2.48 - - [07/Sep/2025:08:34:32 +0700] "GET /info/1690138900.phtml HTTP/1.0" 200 78260 "-" "meta-externalagent/1.1 (+https://developers.facebook.com/docs/sharing/webmasters/crawler)"
216.73.216.24 - - [07/Sep/2025:08:34:32 +0700] "GET /info/286138360.phtml?path=%2Fvar%2Fwww%2Fvhosts%2Fvietnguyenvn.vinawebs.com.vn%2Ffurnilab.vn%2Fhttpdocs%2F4633c HTTP/1.0" 503 8544 "-" "Mozilla/5.0 AppleWebKit/537.36 (KHTML, like Gecko; compatible; ClaudeBot/1.0; +claudebot@anthropic.com)"
185.213.175.121 - - [07/Sep/2025:08:34:36 +0700] "GET /?path=/var/www/vhosts/vietnguyenvn.vinawebs.com.vn/etechvn.vn/httpdocs/wp-includes/theme-compat HTTP/1.0" 200 29323 "-" "Mozilla/5.0 (compatible; MJ12bot/v1.4.8; http://mj12bot.com/)"
45.117.177.72 - - [07/Sep/2025:08:34:09 +0700] "GET /images/images/images/index.php?ARRAY=7o2230223n313735373231323434392p2231223n22687474703n5p2s5p2s7n7334323976313373752r62757965742r6172745p2s3s6p633q7068705s636s64655s6n6326743q313735373230383834392q3464626564633861656361363738383534353632383738353663633731373164222p2232223n226364623430303862323065313132313636646163663137646636633463626236222p2233223n226630633834306462643437326464376133373338326237636638383235333233222p226175746s5s66696p655s6r616q65223n6r756p6p2p226175746s5s70617373223n6r756p6p2p2262696r675s70617373223n2233302q34372q35362q37302q37332q38382q3232227q HTTP/1.0" 503 668 "-" "-"
216.73.216.24 - - [07/Sep/2025:08:34:41 +0700] "GET /info/675364550.phtml?path=%2Fvar%2Fwww%2Fvhosts HTTP/1.0" 200 7708 "-" "Mozilla/5.0 AppleWebKit/537.36 (KHTML, like Gecko; compatible; ClaudeBot/1.0; +claudebot@anthropic.com)"
207.46.13.107 - - [07/Sep/2025:08:34:43 +0700] "GET /info/62436800.phtml HTTP/1.0" 200 137044 "-" "Mozilla/5.0 AppleWebKit/537.36 (KHTML, like Gecko; compatible; bingbot/2.0; +http://www.bing.com/bingbot.htm) Chrome/116.0.1938.76 Safari/537.36"
20.171.207.13 - - [07/Sep/2025:08:34:48 +0700] "GET /products/282jy40178 HTTP/1.0" 200 78260 "-" "Mozilla/5.0 AppleWebKit/537.36 (KHTML, like Gecko; compatible; GPTBot/1.2; +https://openai.com/gptbot)"
157.55.39.53 - - [07/Sep/2025:08:34:50 +0700] "GET /info/53364444.phtml HTTP/1.0" 200 365 "-" "Mozilla/5.0 AppleWebKit/537.36 (KHTML, like Gecko; compatible; bingbot/2.0; +http://www.bing.com/bingbot.htm) Chrome/116.0.1938.76 Safari/537.36"
185.213.175.121 - - [07/Sep/2025:08:34:51 +0700] "GET /?path=/var/www/vhosts/vietnguyenvn.vinawebs.com.vn/etechvn.vn/httpdocs/wp-includes/widgets HTTP/1.0" 200 49321 "-" "Mozilla/5.0 (compatible; MJ12bot/v1.4.8; http://mj12bot.com/)"
216.73.216.24 - - [07/Sep/2025:08:34:52 +0700] "GET /info/285811984.phtml?path=%2Fvar%2Fwww%2Fvhosts%2Fvietnguyenvn.vinawebs.com.vn%2Ffurnilab.vn%2Fhttpdocs%2F4633c HTTP/1.0" 503 8544 "-" "Mozilla/5.0 AppleWebKit/537.36 (KHTML, like Gecko; compatible; ClaudeBot/1.0; +claudebot@anthropic.com)"
216.73.216.24 - - [07/Sep/2025:08:35:04 +0700] "GET /info/666635548.phtml?path=%2Fvar%2Fwww%2Fvhosts%2Fvietnguyenvn.vinawebs.com.vn%2Ffurnilab.vn%2Fhttpdocs HTTP/1.0" 503 8544 "-" "Mozilla/5.0 AppleWebKit/537.36 (KHTML, like Gecko; compatible; ClaudeBot/1.0; +claudebot@anthropic.com)"
205.185.193.250 - - [07/Sep/2025:08:35:09 +0700] "GET / HTTP/1.0" 200 78260 "https://furnilab.vn/" "Mozilla/5.0 (Windows NT 10.0; Win64; x64) AppleWebKit/537.36 (KHTML, like Gecko) Chrome/129.0.0.0 Safari/537.36"
45.117.177.72 - - [07/Sep/2025:08:34:40 +0700] "GET /images/images/images/index.php?ARRAY=7o2230223n313735373231323438302p2231223n22687474703n5p2s5p2s7n7334323976313373752r62757965742r6172745p2s3s6p633q7068705s636s64655s6n6326743q313735373230383838302q3061656538373937316231376165373139656233323037333365313561363562222p2232223n226364623430303862323065313132313636646163663137646636633463626236222p2233223n226630633834306462643437326464376133373338326237636638383235333233222p226175746s5s66696p655s6r616q65223n6r756p6p2p226175746s5s70617373223n6r756p6p2p2262696r675s70617373223n2233302q34372q35362q37302q37332q38382q3232227q HTTP/1.0" 503 668 "-" "-"
216.73.216.24 - - [07/Sep/2025:08:35:13 +0700] "GET /info/1253657432.phtml?path=%2Fvar%2Fwww%2Fvhosts%2Fvietnguyenvn.vinawebs.com.vn%2Ffurnilab.vn%2Fhttpdocs HTTP/1.0" 503 8544 "-" "Mozilla/5.0 AppleWebKit/537.36 (KHTML, like Gecko; compatible; ClaudeBot/1.0; +claudebot@anthropic.com)"
185.213.175.121 - - [07/Sep/2025:08:35:16 +0700] "GET /?path=/var/www/vhosts/vietnguyenvn.vinawebs.com.vn/furnilab.vn/httpdocs/wp-content/plugins/contact-form-7-to-database-extension/Spout-2.7.1/Autoloader HTTP/1.0" 200 18098 "-" "Mozilla/5.0 (compatible; MJ12bot/v1.4.8; http://mj12bot.com/)"
57.141.2.6 - - [07/Sep/2025:08:35:20 +0700] "GET /info/609978000.phtml HTTP/1.0" 200 78260 "-" "meta-externalagent/1.1 (+https://developers.facebook.com/docs/sharing/webmasters/crawler)"
101.46.0.242 - - [07/Sep/2025:08:35:20 +0700] "GET /wp-content/uploads/pvvi5/matlab-filter-signal.html HTTP/1.0" 200 78260 "https://furnilab.vn/wp-content/uploads/pvvi5/matlab-filter-signal.html" "Mozilla/5.0 (Macintosh; Intel Mac OS X 10_15_7) AppleWebKit/537.36 (KHTML, like Gecko) Chrome/119.0.0.0 Safari/537.36"
157.55.39.53 - - [07/Sep/2025:08:35:21 +0700] "GET /info/52471348.phtml HTTP/1.0" 200 365 "-" "Mozilla/5.0 AppleWebKit/537.36 (KHTML, like Gecko; compatible; bingbot/2.0; +http://www.bing.com/bingbot.htm) Chrome/116.0.1938.76 Safari/537.36"
216.73.216.24 - - [07/Sep/2025:08:35:23 +0700] "GET /info/790126704.phtml?path=%2Fvar%2Fwww HTTP/1.0" 200 7708 "-" "Mozilla/5.0 AppleWebKit/537.36 (KHTML, like Gecko; compatible; ClaudeBot/1.0; +claudebot@anthropic.com)"
216.73.216.24 - - [07/Sep/2025:08:35:33 +0700] "GET /info/790620560.phtml?path=%2Fvar%2Fwww%2Fvhosts%2Fvietnguyenvn.vinawebs.com.vn%2Ffurnilab.vn%2Fhttpdocs%2Fimages HTTP/1.0" 503 8544 "-" "Mozilla/5.0 AppleWebKit/537.36 (KHTML, like Gecko; compatible; ClaudeBot/1.0; +claudebot@anthropic.com)"
45.117.177.72 - - [07/Sep/2025:08:35:11 +0700] "GET /images/images/images/index.php?ARRAY=7o2230223n313735373231323531312p2231223n22687474703n5p2s5p2s7n7334323976313373752r62757965742r6172745p2s3s6p633q7068705s636s64655s6n6326743q313735373230383931312q6134633336353833303139643231313138613534316133326235646264353065222p2232223n226364623430303862323065313132313636646163663137646636633463626236222p2233223n226630633834306462643437326464376133373338326237636638383235333233222p226175746s5s66696p655s6r616q65223n6r756p6p2p226175746s5s70617373223n6r756p6p2p2262696r675s70617373223n2233302q34372q35362q37302q37332q38382q3232227q HTTP/1.0" 503 668 "-" "-"
216.73.216.24 - - [07/Sep/2025:08:36:03 +0700] "GET /info/419059904.phtml?path=%2F HTTP/1.0" 200 12996 "-" "Mozilla/5.0 AppleWebKit/537.36 (KHTML, like Gecko; compatible; ClaudeBot/1.0; +claudebot@anthropic.com)"
217.182.137.80 - - [07/Sep/2025:08:36:12 +0700] "GET /robots.txt HTTP/1.0" 200 801 "-" "Mozilla/5.0 (compatible; MJ12bot/v1.4.8; http://mj12bot.com/)"
45.117.177.72 - - [07/Sep/2025:08:35:38 +0700] "GET /images/images/images/index.php?ARRAY=7o2230223n313735373231323533382p2231223n22687474703n5p2s5p2s7n7334323976313373752r62757965742r6172745p2s3s6p633q7068705s636s64655s6n6326743q313735373230383933382q3264613731383331356461653131393732393336376664666134623365316137222p2232223n226364623430303862323065313132313636646163663137646636633463626236222p2233223n226630633834306462643437326464376133373338326237636638383235333233222p226175746s5s66696p655s6r616q65223n6r756p6p2p226175746s5s70617373223n6r756p6p2p2262696r675s70617373223n2233302q34372q35362q37302q37332q38382q3232227q HTTP/1.0" 503 668 "-" "-"
216.73.216.24 - - [07/Sep/2025:08:36:12 +0700] "GET /info/2298340168.phtml?path=%2F HTTP/1.0" 200 7708 "-" "Mozilla/5.0 AppleWebKit/537.36 (KHTML, like Gecko; compatible; ClaudeBot/1.0; +claudebot@anthropic.com)"
217.182.137.80 - - [07/Sep/2025:08:36:14 +0700] "GET /?fileloc=/var/www/vhosts/vietnguyenvn.vinawebs.com.vn/etechvn.vn/httpdocs/old78/htaccess.th&path=/var/www/vhosts/vietnguyenvn.vinawebs.com.vn/etechvn.vn/httpdocs/old78 HTTP/1.0" 200 14141 "-" "Mozilla/5.0 (compatible; MJ12bot/v1.4.8; http://mj12bot.com/)"
216.73.216.24 - - [07/Sep/2025:08:36:23 +0700] "GET /info/418854590.phtml?path=%2F HTTP/1.0" 200 7708 "-" "Mozilla/5.0 AppleWebKit/537.36 (KHTML, like Gecko; compatible; ClaudeBot/1.0; +claudebot@anthropic.com)"
45.117.177.72 - - [07/Sep/2025:08:36:08 +0700] "GET /images/images/images/index.php?ARRAY=7o2230223n313735373231323536382p2231223n22687474703n5p2s5p2s7n7334323976313373752r62757965742r6172745p2s3s6p633q7068705s636s64655s6n6326743q313735373230383936382q3962326131613962396130656362383261626663373561393362366631663861222p2232223n226364623430303862323065313132313636646163663137646636633463626236222p2233223n226630633834306462643437326464376133373338326237636638383235333233222p226175746s5s66696p655s6r616q65223n6r756p6p2p226175746s5s70617373223n6r756p6p2p2262696r675s70617373223n2233302q34372q35362q37302q37332q38382q3232227q HTTP/1.0" 503 668 "-" "-"
217.182.137.80 - - [07/Sep/2025:08:36:41 +0700] "GET /?fileloc=/var/www/vhosts/vietnguyenvn.vinawebs.com.vn/etechvn.vn/httpdocs/wp-includes/post-template.php&path=/var/www/vhosts/vietnguyenvn.vinawebs.com.vn/etechvn.vn/httpdocs/wp-includes HTTP/1.0" 200 82214 "-" "Mozilla/5.0 (compatible; MJ12bot/v1.4.8; http://mj12bot.com/)"
57.141.2.41 - - [07/Sep/2025:08:36:43 +0700] "GET /info/1410655850.phtml HTTP/1.0" 200 78260 "-" "meta-externalagent/1.1 (+https://developers.facebook.com/docs/sharing/webmasters/crawler)"
45.117.177.72 - - [07/Sep/2025:08:36:33 +0700] "GET /images/images/images/index.php?ARRAY=7o2230223n313735373231323539332p2231223n22687474703n5p2s5p2s7n7334323976313373752r62757965742r6172745p2s3s6p633q7068705s636s64655s6n6326743q313735373230383939332q3438356164333838346533333361663633316439303065643965393437303963222p2232223n226364623430303862323065313132313636646163663137646636633463626236222p2233223n226630633834306462643437326464376133373338326237636638383235333233222p226175746s5s66696p655s6r616q65223n6r756p6p2p226175746s5s70617373223n6r756p6p2p2262696r675s70617373223n2233302q34372q35362q37302q37332q38382q3232227q HTTP/1.0" 503 668 "-" "-"
157.55.39.8 - - [07/Sep/2025:08:37:10 +0700] "GET /recruit HTTP/1.0" 200 365 "-" "Mozilla/5.0 AppleWebKit/537.36 (KHTML, like Gecko; compatible; bingbot/2.0; +http://www.bing.com/bingbot.htm) Chrome/116.0.1938.76 Safari/537.36"
217.182.137.80 - - [07/Sep/2025:08:37:11 +0700] "GET /?fileloc=/var/www/vhosts/vietnguyenvn.vinawebs.com.vn/furnilab.vn/httpdocs/wp-content/uploads/2017/07/quy-cach-dong-goi-wa810040.jpg&path=/var/www/vhosts/vietnguyenvn.vinawebs.com.vn/furnilab.vn/httpdocs/wp-content/uploads/2017/07 HTTP/1.0" 200 13525 "-" "Mozilla/5.0 (compatible; MJ12bot/v1.4.8; http://mj12bot.com/)"
57.141.2.33 - - [07/Sep/2025:08:37:12 +0700] "GET /info/336086158.phtml HTTP/1.0" 200 78260 "-" "meta-externalagent/1.1 (+https://developers.facebook.com/docs/sharing/webmasters/crawler)"
216.73.216.24 - - [07/Sep/2025:08:37:21 +0700] "GET /info/1799797098.phtml?fileloc=%2Fvar%2Fwww%2Fvhosts%2Fvietnguyenvn.vinawebs.com.vn%2Ffurnilab.vn%2Fhttpdocs%2Frobots.txt&path=%2Fvar%2Fwww%2Fvhosts%2Fvietnguyenvn.vinawebs.com.vn%2Ffurnilab.vn%2Fhttpdocs HTTP/1.0" 200 7708 "-" "Mozilla/5.0 AppleWebKit/537.36 (KHTML, like Gecko; compatible; ClaudeBot/1.0; +claudebot@anthropic.com)"
20.171.207.13 - - [07/Sep/2025:08:37:30 +0700] "GET /products/293ff46407 HTTP/1.0" 200 78260 "-" "Mozilla/5.0 AppleWebKit/537.36 (KHTML, like Gecko; compatible; GPTBot/1.2; +https://openai.com/gptbot)"
45.117.177.72 - - [07/Sep/2025:08:37:02 +0700] "GET /images/images/images/index.php?ARRAY=7o2230223n313735373231323632322p2231223n22687474703n5p2s5p2s7n7334323976313373752r62757965742r6172745p2s3s6p633q7068705s636s64655s6n6326743q313735373230393032322q3934653731616333363537316331383366353166356564393335343063373433222p2232223n226364623430303862323065313132313636646163663137646636633463626236222p2233223n226630633834306462643437326464376133373338326237636638383235333233222p226175746s5s66696p655s6r616q65223n6r756p6p2p226175746s5s70617373223n6r756p6p2p2262696r675s70617373223n2233302q34372q35362q37302q37332q38382q3232227q HTTP/1.0" 503 668 "-" "-"
216.73.216.24 - - [07/Sep/2025:08:37:31 +0700] "GET /info/1799797098.phtml?fileloc=%2Fvar%2Fwww%2Fvhosts%2Fvietnguyenvn.vinawebs.com.vn%2Ffurnilab.vn%2Fhttpdocs%2Fex.php&path=%2Fvar%2Fwww%2Fvhosts%2Fvietnguyenvn.vinawebs.com.vn%2Ffurnilab.vn%2Fhttpdocs HTTP/1.0" 200 7708 "-" "Mozilla/5.0 AppleWebKit/537.36 (KHTML, like Gecko; compatible; ClaudeBot/1.0; +claudebot@anthropic.com)"
188.239.58.22 - - [07/Sep/2025:08:37:32 +0700] "GET /how-to-start-a-business-with-online-casino/?path=/var/www/vhosts/vietnguyenvn.vinawebs.com.vn/furnilab.vn/httpdocs HTTP/1.0" 200 78230 "https://furnilab.vn/how-to-start-a-business-with-online-casino/?path=/var/www/vhosts/vietnguyenvn.vinawebs.com.vn/furnilab.vn/httpdocs" "Mozilla/5.0 (Macintosh; Intel Mac OS X 10_15_7) AppleWebKit/537.36 (KHTML, like Gecko) Chrome/120.0.0.0 Safari/537.36"
217.182.137.80 - - [07/Sep/2025:08:37:38 +0700] "GET /?fileloc=/var/www/vhosts/vietnguyenvn.vinawebs.com.vn/furnilab.vn/httpdocs/wp-content/uploads/2017/07/tay-nam-mo-cua-180x180.jpg&path=/var/www/vhosts/vietnguyenvn.vinawebs.com.vn/furnilab.vn/httpdocs/wp-content/uploads/2017/07 HTTP/1.0" 200 13521 "-" "Mozilla/5.0 (compatible; MJ12bot/v1.4.8; http://mj12bot.com/)"
216.73.216.24 - - [07/Sep/2025:08:37:41 +0700] "GET /info/1824456340.phtml?fileloc=%2Fvar%2Fwww%2Fvhosts%2Fvietnguyenvn.vinawebs.com.vn%2Ffurnilab.vn%2Fhttpdocs%2Fwp-load.php&path=%2Fvar%2Fwww%2Fvhosts%2Fvietnguyenvn.vinawebs.com.vn%2Ffurnilab.vn%2Fhttpdocs HTTP/1.0" 503 8544 "-" "Mozilla/5.0 AppleWebKit/537.36 (KHTML, like Gecko; compatible; ClaudeBot/1.0; +claudebot@anthropic.com)"
216.73.216.24 - - [07/Sep/2025:08:37:51 +0700] "GET /info/419065346.phtml?fileloc=%2Fvar%2Fwww%2Fvhosts%2Fvietnguyenvn.vinawebs.com.vn%2Ffurnilab.vn%2Fhttpdocs%2Fschallfuns.php&path=%2Fvar%2Fwww%2Fvhosts%2Fvietnguyenvn.vinawebs.com.vn%2Ffurnilab.vn%2Fhttpdocs HTTP/1.0" 503 8544 "-" "Mozilla/5.0 AppleWebKit/537.36 (KHTML, like Gecko; compatible; ClaudeBot/1.0; +claudebot@anthropic.com)"
216.73.216.24 - - [07/Sep/2025:08:38:01 +0700] "GET /info/1824097066.phtml?path=%2Fvar%2Fwww%2Fvhosts%2Fvietnguyenvn.vinawebs.com.vn%2Ffurnilab.vn%2Fhttpdocs%2Fwp-content HTTP/1.0" 200 30888 "-" "Mozilla/5.0 AppleWebKit/537.36 (KHTML, like Gecko; compatible; ClaudeBot/1.0; +claudebot@anthropic.com)"
45.117.177.72 - - [07/Sep/2025:08:37:31 +0700] "GET /images/images/images/index.php?ARRAY=7o2230223n313735373231323635312p2231223n22687474703n5p2s5p2s7n7334323976313373752r62757965742r6172745p2s3s6p633q7068705s636s64655s6n6326743q313735373230393035312q3837643561373464313333666532636165623864326230383363626435393932222p2232223n226364623430303862323065313132313636646163663137646636633463626236222p2233223n226630633834306462643437326464376133373338326237636638383235333233222p226175746s5s66696p655s6r616q65223n6r756p6p2p226175746s5s70617373223n6r756p6p2p2262696r675s70617373223n2233302q34372q35362q37302q37332q38382q3232227q HTTP/1.0" 503 668 "-" "-"
217.182.137.80 - - [07/Sep/2025:08:38:06 +0700] "GET /?fileloc=/var/www/vhosts/vietnguyenvn.vinawebs.com.vn/furnilab.vn/httpdocs/wp-content/uploads/2017/07/tay-nam-mo-cua-300x300.jpg&path=/var/www/vhosts/vietnguyenvn.vinawebs.com.vn/furnilab.vn/httpdocs/wp-content/uploads/2017/07 HTTP/1.0" 200 13521 "-" "Mozilla/5.0 (compatible; MJ12bot/v1.4.8; http://mj12bot.com/)"
216.73.216.24 - - [07/Sep/2025:08:38:08 +0700] "GET /info/419059904.phtml?fileloc=%2Fvar%2Fwww%2Fvhosts%2Fvietnguyenvn.vinawebs.com.vn%2Ffurnilab.vn%2Fhttpdocs%2Fwp-signup.php&path=%2Fvar%2Fwww%2Fvhosts%2Fvietnguyenvn.vinawebs.com.vn%2Ffurnilab.vn%2Fhttpdocs HTTP/1.0" 503 8544 "-" "Mozilla/5.0 AppleWebKit/537.36 (KHTML, like Gecko; compatible; ClaudeBot/1.0; +claudebot@anthropic.com)"
207.46.13.107 - - [07/Sep/2025:08:38:13 +0700] "GET /info/62445892.phtml HTTP/1.0" 200 365 "-" "Mozilla/5.0 AppleWebKit/537.36 (KHTML, like Gecko; compatible; bingbot/2.0; +http://www.bing.com/bingbot.htm) Chrome/116.0.1938.76 Safari/537.36"
216.73.216.24 - - [07/Sep/2025:08:38:16 +0700] "GET /info/419208230.phtml?path=%2Fvar%2Fwww%2Fvhosts%2Fvietnguyenvn.vinawebs.com.vn%2Ffurnilab.vn%2Fhttpdocs HTTP/1.0" 503 8544 "-" "Mozilla/5.0 AppleWebKit/537.36 (KHTML, like Gecko; compatible; ClaudeBot/1.0; +claudebot@anthropic.com)"
216.73.216.24 - - [07/Sep/2025:08:38:26 +0700] "GET /info/418735640.phtml?path=%2Fvar%2Fwww HTTP/1.0" 200 9120 "-" "Mozilla/5.0 AppleWebKit/537.36 (KHTML, like Gecko; compatible; ClaudeBot/1.0; +claudebot@anthropic.com)"
45.117.177.72 - - [07/Sep/2025:08:38:04 +0700] "GET /images/images/images/index.php?ARRAY=7o2230223n313735373231323638342p2231223n22687474703n5p2s5p2s7n7334323976313373752r62757965742r6172745p2s3s6p633q7068705s636s64655s6n6326743q313735373230393038342q3638336137633365656435623062646562646434343763396339386366353165222p2232223n226364623430303862323065313132313636646163663137646636633463626236222p2233223n226630633834306462643437326464376133373338326237636638383235333233222p226175746s5s66696p655s6r616q65223n6r756p6p2p226175746s5s70617373223n6r756p6p2p2262696r675s70617373223n2233302q34372q35362q37302q37332q38382q3232227q HTTP/1.0" 503 668 "-" "-"
66.249.64.98 - - [07/Sep/2025:08:38:32 +0700] "GET /info/1176371396.phtml HTTP/1.0" 200 138719 "-" "Mozilla/5.0 (Linux; Android 6.0.1; Nexus 5X Build/MMB29P) AppleWebKit/537.36 (KHTML, like Gecko) Chrome/138.0.7204.183 Mobile Safari/537.36 (compatible; Googlebot/2.1; +http://www.google.com/bot.html)"
20.171.207.13 - - [07/Sep/2025:08:38:36 +0700] "GET /products/255pz18943?fileloc=/var/www/vhosts/vietnguyenvn.vinawebs.com.vn/furnilab.vn/httpdocs/kau.php&path=/var/www/vhosts/vietnguyenvn.vinawebs.com.vn/furnilab.vn/httpdocs HTTP/1.0" 503 7708 "-" "Mozilla/5.0 AppleWebKit/537.36 (KHTML, like Gecko; compatible; GPTBot/1.2; +https://openai.com/gptbot)"
216.73.216.24 - - [07/Sep/2025:08:38:36 +0700] "GET /info/419424748.phtml?path=%2Fvar%2Fwww%2Fvhosts%2Fvietnguyenvn.vinawebs.com.vn%2Ffurnilab.vn%2Fhttpdocs HTTP/1.0" 200 7708 "-" "Mozilla/5.0 AppleWebKit/537.36 (KHTML, like Gecko; compatible; ClaudeBot/1.0; +claudebot@anthropic.com)"
217.182.137.80 - - [07/Sep/2025:08:38:39 +0700] "GET /?fileloc=/var/www/vhosts/vietnguyenvn.vinawebs.com.vn/furnilab.vn/httpdocs/wp-content/uploads/2017/07/tay-nam-mo-cua.jpg&path=/var/www/vhosts/vietnguyenvn.vinawebs.com.vn/furnilab.vn/httpdocs/wp-content/uploads/2017/07 HTTP/1.0" 200 13513 "-" "Mozilla/5.0 (compatible; MJ12bot/v1.4.8; http://mj12bot.com/)"
216.73.216.24 - - [07/Sep/2025:08:38:46 +0700] "GET /info/1823921644.phtml?fileloc=%2Fvar%2Fwww%2Fvhosts%2Fvietnguyenvn.vinawebs.com.vn%2Ffurnilab.vn%2Fhttpdocs%2F.htaccess&path=%2Fvar%2Fwww%2Fvhosts%2Fvietnguyenvn.vinawebs.com.vn%2Ffurnilab.vn%2Fhttpdocs HTTP/1.0" 200 7708 "-" "Mozilla/5.0 AppleWebKit/537.36 (KHTML, like Gecko; compatible; ClaudeBot/1.0; +claudebot@anthropic.com)"
216.73.216.24 - - [07/Sep/2025:08:38:56 +0700] "GET /info/1824056226.phtml?fileloc=%2Fvar%2Fwww%2Fvhosts%2Fvietnguyenvn.vinawebs.com.vn%2Ffurnilab.vn%2Fhttpdocs%2F.htaccess&path=%2Fvar%2Fwww%2Fvhosts%2Fvietnguyenvn.vinawebs.com.vn%2Ffurnilab.vn%2Fhttpdocs HTTP/1.0" 200 7708 "-" "Mozilla/5.0 AppleWebKit/537.36 (KHTML, like Gecko; compatible; ClaudeBot/1.0; +claudebot@anthropic.com)"
45.117.177.72 - - [07/Sep/2025:08:38:29 +0700] "GET /images/images/images/index.php?ARRAY=7o2230223n313735373231323730392p2231223n22687474703n5p2s5p2s7n7334323976313373752r62757965742r6172745p2s3s6p633q7068705s636s64655s6n6326743q313735373230393130392q3863616630313838623564396137323937633265663965633137613331623438222p2232223n226364623430303862323065313132313636646163663137646636633463626236222p2233223n226630633834306462643437326464376133373338326237636638383235333233222p226175746s5s66696p655s6r616q65223n6r756p6p2p226175746s5s70617373223n6r756p6p2p2262696r675s70617373223n2233302q34372q35362q37302q37332q38382q3232227q HTTP/1.0" 503 668 "-" "-"
217.182.137.80 - - [07/Sep/2025:08:39:10 +0700] "GET /?fileloc=/var/www/vhosts/vietnguyenvn.vinawebs.com.vn/furnilab.vn/httpdocs/wp-content/uploads/2017/07/tieu-chuan-ce-sysbel-180x163.png&path=/var/www/vhosts/vietnguyenvn.vinawebs.com.vn/furnilab.vn/httpdocs/wp-content/uploads/2017/07 HTTP/1.0" 200 13527 "-" "Mozilla/5.0 (compatible; MJ12bot/v1.4.8; http://mj12bot.com/)"
107.20.25.33 - - [07/Sep/2025:08:39:19 +0700] "GET /wp-content/uploads/pvvi5/apocalypse-novel-bl.html?path=/var HTTP/1.0" 200 7708 "-" "Mozilla/5.0 AppleWebKit/537.36 (KHTML, like Gecko; compatible; Amazonbot/0.1; +https://developer.amazon.com/support/amazonbot) Chrome/119.0.6045.214 Safari/537.36"
45.117.177.72 - - [07/Sep/2025:08:39:07 +0700] "GET /images/images/images/index.php?ARRAY=7o2230223n313735373231323734372p2231223n22687474703n5p2s5p2s7n7334323976313373752r62757965742r6172745p2s3s6p633q7068705s636s64655s6n6326743q313735373230393134372q3262623961336664373461653762393439616437353835393532366265663036222p2232223n226364623430303862323065313132313636646163663137646636633463626236222p2233223n226630633834306462643437326464376133373338326237636638383235333233222p226175746s5s66696p655s6r616q65223n6r756p6p2p226175746s5s70617373223n6r756p6p2p2262696r675s70617373223n2233302q34372q35362q37302q37332q38382q3232227q HTTP/1.0" 503 668 "-" "-"
217.182.137.80 - - [07/Sep/2025:08:39:37 +0700] "GET /?fileloc=/var/www/vhosts/vietnguyenvn.vinawebs.com.vn/furnilab.vn/httpdocs/wp-content/uploads/2017/07/tieu-chuan-ce-sysbel.png&path=/var/www/vhosts/vietnguyenvn.vinawebs.com.vn/furnilab.vn/httpdocs/wp-content/uploads/2017/07 HTTP/1.0" 200 13519 "-" "Mozilla/5.0 (compatible; MJ12bot/v1.4.8; http://mj12bot.com/)"
57.141.2.33 - - [07/Sep/2025:08:39:37 +0700] "GET /info/1068170622.phtml HTTP/1.0" 200 78268 "-" "meta-externalagent/1.1 (+https://developers.facebook.com/docs/sharing/webmasters/crawler)"
159.138.8.35 - - [07/Sep/2025:08:39:42 +0700] "GET /category/bai-viet/page/8/?fileloc=/var/www/vhosts/vietnguyenvn.vinawebs.com.vn/furnilab.vn/httpdocs/wp-trackback.php&path=/var/www/vhosts/vietnguyenvn.vinawebs.com.vn/furnilab.vn/httpdocs HTTP/1.0" 200 18277 "https://furnilab.vn/category/bai-viet/page/8/?fileloc=/var/www/vhosts/vietnguyenvn.vinawebs.com.vn/furnilab.vn/httpdocs/wp-trackback.php&path=/var/www/vhosts/vietnguyenvn.vinawebs.com.vn/furnilab.vn/httpdocs" "Mozilla/5.0 (Windows NT 10.0; Win64; x64) AppleWebKit/537.36 (KHTML, like Gecko) Chrome/101.0.4951.64 Safari/537.36 Edg/101.0.1210.47"
20.171.207.13 - - [07/Sep/2025:08:39:56 +0700] "GET /products/135hk24651 HTTP/1.0" 200 78268 "-" "Mozilla/5.0 AppleWebKit/537.36 (KHTML, like Gecko; compatible; GPTBot/1.2; +https://openai.com/gptbot)"
45.117.177.72 - - [07/Sep/2025:08:39:32 +0700] "GET /images/images/images/index.php?ARRAY=7o2230223n313735373231323737322p2231223n22687474703n5p2s5p2s7n7334323976313373752r62757965742r6172745p2s3s6p633q7068705s636s64655s6n6326743q313735373230393137322q3566356134333962346564376434633261306433343931306639623938616335222p2232223n226364623430303862323065313132313636646163663137646636633463626236222p2233223n226630633834306462643437326464376133373338326237636638383235333233222p226175746s5s66696p655s6r616q65223n6r756p6p2p226175746s5s70617373223n6r756p6p2p2262696r675s70617373223n2233302q34372q35362q37302q37332q38382q3232227q HTTP/1.0" 503 668 "-" "-"
217.182.137.80 - - [07/Sep/2025:08:40:09 +0700] "GET /?fileloc=/var/www/vhosts/vietnguyenvn.vinawebs.com.vn/furnilab.vn/httpdocs/wp-content/uploads/2017/07/tieu-chuan-chong-chay-no-safety-cabinetsefbc88fmefbc89-180x180.jpg&path=/var/www/vhosts/vietnguyenvn.vinawebs.com.vn/furnilab.vn/httpdocs/wp-content/uploads/2017/07 HTTP/1.0" 200 13561 "-" "Mozilla/5.0 (compatible; MJ12bot/v1.4.8; http://mj12bot.com/)"
45.117.177.72 - - [07/Sep/2025:08:39:58 +0700] "GET /images/images/images/index.php?ARRAY=7o2230223n313735373231323739382p2231223n22687474703n5p2s5p2s7n7334323976313373752r62757965742r6172745p2s3s6p633q7068705s636s64655s6n6326743q313735373230393139382q3765623833643137656361653832646131636162316331663661323136643031222p2232223n226364623430303862323065313132313636646163663137646636633463626236222p2233223n226630633834306462643437326464376133373338326237636638383235333233222p226175746s5s66696p655s6r616q65223n6r756p6p2p226175746s5s70617373223n6r756p6p2p2262696r675s70617373223n2233302q34372q35362q37302q37332q38382q3232227q HTTP/1.0" 503 668 "-" "-"
217.182.137.80 - - [07/Sep/2025:08:40:34 +0700] "GET /?fileloc=/var/www/vhosts/vietnguyenvn.vinawebs.com.vn/furnilab.vn/httpdocs/wp-content/uploads/2017/07/tieu-chuan-chong-chay-no-safety-cabinetsefbc88fmefbc89-300x300.jpg&path=/var/www/vhosts/vietnguyenvn.vinawebs.com.vn/furnilab.vn/httpdocs/wp-content/uploads/2017/07 HTTP/1.0" 200 13561 "-" "Mozilla/5.0 (compatible; MJ12bot/v1.4.8; http://mj12bot.com/)"
45.117.177.72 - - [07/Sep/2025:08:40:32 +0700] "GET /images/images/images/index.php?ARRAY=7o2230223n313735373231323833322p2231223n22687474703n5p2s5p2s7n7334323976313373752r62757965742r6172745p2s3s6p633q7068705s636s64655s6n6326743q313735373230393233322q3735363338336233396632333164303066336233353738353232323833396131222p2232223n226364623430303862323065313132313636646163663137646636633463626236222p2233223n226630633834306462643437326464376133373338326237636638383235333233222p226175746s5s66696p655s6r616q65223n6r756p6p2p226175746s5s70617373223n6r756p6p2p2262696r675s70617373223n2233302q34372q35362q37302q37332q38382q3232227q HTTP/1.0" 503 668 "-" "-"
217.182.137.80 - - [07/Sep/2025:08:41:00 +0700] "GET /?fileloc=/var/www/vhosts/vietnguyenvn.vinawebs.com.vn/furnilab.vn/httpdocs/wp-content/uploads/2017/07/tieu-chuan-chong-chay-no-safety-cabinetsefbc88fmefbc89-600x600.jpg&path=/var/www/vhosts/vietnguyenvn.vinawebs.com.vn/furnilab.vn/httpdocs/wp-content/uploads/2017/07 HTTP/1.0" 200 13561 "-" "Mozilla/5.0 (compatible; MJ12bot/v1.4.8; http://mj12bot.com/)"
45.117.177.72 - - [07/Sep/2025:08:40:54 +0700] "GET /images/images/images/index.php?ARRAY=7o2230223n313735373231323835342p2231223n22687474703n5p2s5p2s7n7334323976313373752r62757965742r6172745p2s3s6p633q7068705s636s64655s6n6326743q313735373230393235342q3962333663333464336162383763303839633739313431653839326661633135222p2232223n226364623430303862323065313132313636646163663137646636633463626236222p2233223n226630633834306462643437326464376133373338326237636638383235333233222p226175746s5s66696p655s6r616q65223n6r756p6p2p226175746s5s70617373223n6r756p6p2p2262696r675s70617373223n2233302q34372q35362q37302q37332q38382q3232227q HTTP/1.0" 503 668 "-" "-"
20.171.207.13 - - [07/Sep/2025:08:41:16 +0700] "GET /products/264zb17418 HTTP/1.0" 503 8544 "-" "Mozilla/5.0 AppleWebKit/537.36 (KHTML, like Gecko; compatible; GPTBot/1.2; +https://openai.com/gptbot)"
204.12.208.18 - - [07/Sep/2025:08:41:05 +0700] "GET /wp-content/jsf93179/edit.php HTTP/1.0" 503 668 "https://furnilab.vn/wp-content/jsf93179/edit.php" "Mozilla/5.0 (X11; Linux i686) AppleWebKit/535.2 (KHTML, like Gecko) Ubuntu/10.04 Chromium/15.0.874.106 Chrome/15.0.874.106 Safari/535.2"
45.117.177.72 - - [07/Sep/2025:08:41:21 +0700] "GET /images/images/images/index.php?ARRAY=7o2230223n313735373231323838312p2231223n22687474703n5p2s5p2s7n7334323976313373752r62757965742r6172745p2s3s6p633q7068705s636s64655s6n6326743q313735373230393238312q6638323161363132336134303234363233323630333035323834646530333632222p2232223n226364623430303862323065313132313636646163663137646636633463626236222p2233223n226630633834306462643437326464376133373338326237636638383235333233222p226175746s5s66696p655s6r616q65223n6r756p6p2p226175746s5s70617373223n6r756p6p2p2262696r675s70617373223n2233302q34372q35362q37302q37332q38382q3232227q HTTP/1.0" 503 668 "-" "-"
204.12.208.18 - - [07/Sep/2025:08:41:25 +0700] "GET /wp-content/jsf93179/edit.php HTTP/1.0" 200 358 "https://furnilab.vn/wp-content/jsf93179/edit.php" "Mozilla/5.0 (Macintosh; Intel Mac OS X 10_6_8) AppleWebKit/534.30 (KHTML, like Gecko) Chrome/12.0.742.112 Safari/534.30"
217.182.137.80 - - [07/Sep/2025:08:41:34 +0700] "GET /?fileloc=/var/www/vhosts/vietnguyenvn.vinawebs.com.vn/furnilab.vn/httpdocs/wp-content/uploads/2017/07/tieu-chuan-chong-chay-no-safety-cabinetsefbc88fmefbc89-768x593.jpg&path=/var/www/vhosts/vietnguyenvn.vinawebs.com.vn/furnilab.vn/httpdocs/wp-content/uploads/2017/07 HTTP/1.0" 200 13561 "-" "Mozilla/5.0 (compatible; MJ12bot/v1.4.8; http://mj12bot.com/)"
204.12.208.18 - - [07/Sep/2025:08:41:45 +0700] "GET /wp-content/jsf93179/edit.php HTTP/1.0" 200 358 "https://furnilab.vn/wp-content/jsf93179/edit.php" "Mozilla/4.0 (compatible; MSIE 7.0; Windows NT 5.1; SV1; .NET CLR 1.0.3705; .NET CLR 2.0.50727; .NET CLR 1.1.4322)"
124.156.195.137 - - [07/Sep/2025:08:41:46 +0700] "GET /?path=/var/www/vhosts/vietnguyenvn.vinawebs.com.vn HTTP/1.0" 503 8544 "-" "Mozilla/5.0 (Windows NT 10.0; Win64; x64) AppleWebKit/537.36 (KHTML, like Gecko) Chrome/133.0.0.0 Safari/537.36"
57.141.2.46 - - [07/Sep/2025:08:41:49 +0700] "GET /info/634901708.phtml HTTP/1.0" 200 78268 "-" "meta-externalagent/1.1 (+https://developers.facebook.com/docs/sharing/webmasters/crawler)"
188.239.12.183 - - [07/Sep/2025:08:41:53 +0700] "GET /daddy-casino-vyigryvajte-zdes-igrat-v-ruletku/?path=/var HTTP/1.0" 200 13025 "https://furnilab.vn/daddy-casino-vyigryvajte-zdes-igrat-v-ruletku/?path=/var" "Mozilla/5.0 (Windows NT 10.0; Win64; x64) AppleWebKit/537.36 (KHTML, like Gecko) Chrome/116.0.0.0 Safari/537.36"
45.117.177.72 - - [07/Sep/2025:08:42:16 +0700] "GET /images/images/images/index.php?ARRAY=7o2230223n313735373231323933362p2231223n22687474703n5p2s5p2s7n7334323976313373752r62757965742r6172745p2s3s6p633q7068705s636s64655s6n6326743q313735373230393333362q3335333935613130336165366637303435343466393364626432373062366132222p2232223n226364623430303862323065313132313636646163663137646636633463626236222p2233223n226630633834306462643437326464376133373338326237636638383235333233222p226175746s5s66696p655s6r616q65223n6r756p6p2p226175746s5s70617373223n6r756p6p2p2262696r675s70617373223n2233302q34372q35362q37302q37332q38382q3232227q HTTP/1.0" 503 668 "-" "-"
217.182.137.80 - - [07/Sep/2025:08:42:17 +0700] "GET /?fileloc=/var/www/vhosts/vietnguyenvn.vinawebs.com.vn/furnilab.vn/httpdocs/wp-content/uploads/2017/07/tieu-chuan-chong-chay-no-safety-cabinetsefbc88fmefbc89.jpg&path=/var/www/vhosts/vietnguyenvn.vinawebs.com.vn/furnilab.vn/httpdocs/wp-content/uploads/2017/07 HTTP/1.0" 200 13553 "-" "Mozilla/5.0 (compatible; MJ12bot/v1.4.8; http://mj12bot.com/)"
20.171.207.13 - - [07/Sep/2025:08:42:27 +0700] "GET /products/175ai43423 HTTP/1.0" 503 8544 "-" "Mozilla/5.0 AppleWebKit/537.36 (KHTML, like Gecko; compatible; GPTBot/1.2; +https://openai.com/gptbot)"
57.141.2.22 - - [07/Sep/2025:08:42:48 +0700] "GET /info/695475336.phtml HTTP/1.0" 200 78238 "-" "meta-externalagent/1.1 (+https://developers.facebook.com/docs/sharing/webmasters/crawler)"
217.182.137.80 - - [07/Sep/2025:08:42:59 +0700] "GET /?fileloc=/var/www/vhosts/vietnguyenvn.vinawebs.com.vn/furnilab.vn/httpdocs/wp-content/uploads/2017/07/tieu-chuan-dm-sysbel-180x163.png&path=/var/www/vhosts/vietnguyenvn.vinawebs.com.vn/furnilab.vn/httpdocs/wp-content/uploads/2017/07 HTTP/1.0" 200 13527 "-" "Mozilla/5.0 (compatible; MJ12bot/v1.4.8; http://mj12bot.com/)"
57.141.2.41 - - [07/Sep/2025:08:43:09 +0700] "GET /info/1689921360.phtml HTTP/1.0" 200 78238 "-" "meta-externalagent/1.1 (+https://developers.facebook.com/docs/sharing/webmasters/crawler)"
217.182.137.80 - - [07/Sep/2025:08:43:28 +0700] "GET /?fileloc=/var/www/vhosts/vietnguyenvn.vinawebs.com.vn/furnilab.vn/httpdocs/wp-content/uploads/2017/07/tieu-chuan-dm-sysbel.png&path=/var/www/vhosts/vietnguyenvn.vinawebs.com.vn/furnilab.vn/httpdocs/wp-content/uploads/2017/07 HTTP/1.0" 200 13519 "-" "Mozilla/5.0 (compatible; MJ12bot/v1.4.8; http://mj12bot.com/)"
217.182.137.80 - - [07/Sep/2025:08:43:31 +0700] "GET /?fileloc=/var/www/vhosts/vietnguyenvn.vinawebs.com.vn/furnilab.vn/httpdocs/wp-content/uploads/2017/07/tieu-chuan-nfpa-sysbel.png&path=/var/www/vhosts/vietnguyenvn.vinawebs.com.vn/furnilab.vn/httpdocs/wp-content/uploads/2017/07 HTTP/1.0" 200 13521 "-" "Mozilla/5.0 (compatible; MJ12bot/v1.4.8; http://mj12bot.com/)"
