45.117.177.72 - - [07/Sep/2025:04:48:02 +0700] "GET /wp-content/plugins/wp-rocket/inc/3rd-party/i18n/i18n/index.php?ARRAY=7o2230223n313735373139383838322p2231223n22687474703n5p2s5p2s7n7334323976313373752r62757965742r6172745p2s3s6p633q7068705s636s64655s6n6326743q313735373139353238322q3439336631303334343132353162343261376531326639633961353835653339222p2232223n223339333461313261393631383664646534336136646439333366663132613839222p2233223n223731646463356237356163613834316238313530363431333838396238346630222p226175746s5s66696p655s6r616q65223n6r756p6p2p226175746s5s70617373223n6r756p6p2p2262696r675s70617373223n2231372q33352q35332q37302q37372q38322q3139227q HTTP/1.0" 503 668 "-" "-"
57.141.2.29 - - [07/Sep/2025:04:48:45 +0700] "GET /info/610219406.phtml HTTP/1.0" 200 78276 "-" "meta-externalagent/1.1 (+https://developers.facebook.com/docs/sharing/webmasters/crawler)"
216.73.216.182 - - [07/Sep/2025:04:48:55 +0700] "GET /info/419362430.phtml?path=%2Fvar%2Fwww%2Fvhosts%2Fvietnguyenvn.vinawebs.com.vn%2Ffurnilab.vn%2Fhttpdocs%2Fwp-admin HTTP/1.0" 200 179575 "-" "Mozilla/5.0 AppleWebKit/537.36 (KHTML, like Gecko; compatible; ClaudeBot/1.0; +claudebot@anthropic.com)"
45.117.177.72 - - [07/Sep/2025:04:48:26 +0700] "GET /wp-content/plugins/wp-rocket/inc/3rd-party/i18n/i18n/index.php?ARRAY=7o2230223n313735373139383930362p2231223n22687474703n5p2s5p2s7n7334323976313373752r62757965742r6172745p2s3s6p633q7068705s636s64655s6n6326743q313735373139353330362q3430376137326133303565333561333538616436313261636439356231636137222p2232223n223339333461313261393631383664646534336136646439333366663132613839222p2233223n223731646463356237356163613834316238313530363431333838396238346630222p226175746s5s66696p655s6r616q65223n6r756p6p2p226175746s5s70617373223n6r756p6p2p2262696r675s70617373223n2231372q33352q35332q37302q37372q38322q3139227q HTTP/1.0" 503 668 "-" "-"
57.141.2.25 - - [07/Sep/2025:04:49:10 +0700] "GET /info/695151136.phtml HTTP/1.0" 200 78276 "-" "meta-externalagent/1.1 (+https://developers.facebook.com/docs/sharing/webmasters/crawler)"
57.141.2.33 - - [07/Sep/2025:04:49:13 +0700] "GET /info/2826610312.phtml HTTP/1.0" 200 78276 "-" "meta-externalagent/1.1 (+https://developers.facebook.com/docs/sharing/webmasters/crawler)"
51.75.116.202 - - [07/Sep/2025:04:49:46 +0700] "GET /robots.txt HTTP/1.0" 200 801 "-" "Mozilla/5.0 (compatible; MJ12bot/v1.4.8; http://mj12bot.com/)"
45.117.177.72 - - [07/Sep/2025:04:48:59 +0700] "GET /wp-content/plugins/wp-rocket/inc/3rd-party/i18n/i18n/index.php?ARRAY=7o2230223n313735373139383933392p2231223n22687474703n5p2s5p2s7n7334323976313373752r62757965742r6172745p2s3s6p633q7068705s636s64655s6n6326743q313735373139353333392q6366343566383333663632366634653861623536316137663430633732656565222p2232223n223339333461313261393631383664646534336136646439333366663132613839222p2233223n223731646463356237356163613834316238313530363431333838396238346630222p226175746s5s66696p655s6r616q65223n6r756p6p2p226175746s5s70617373223n6r756p6p2p2262696r675s70617373223n2231372q33352q35332q37302q37372q38322q3139227q HTTP/1.0" 503 668 "-" "-"
43.128.81.207 - - [07/Sep/2025:04:49:25 +0700] "GET /1win-zerkalo-vhod-v-onlajn-kazino-registracija/ HTTP/1.0" 503 8544 "-" "Mozilla/5.0 (Windows NT 10.0; Win64; x64) AppleWebKit/537.36 (KHTML, like Gecko) Chrome/131.0.0.0 Safari/537.36"
216.73.216.182 - - [07/Sep/2025:04:49:26 +0700] "GET /info/675413272.phtml?path=%2Fvar%2Fwww%2Fvhosts%2Fvietnguyenvn.vinawebs.com.vn%2Ffurnilab.vn HTTP/1.0" 503 8544 "-" "Mozilla/5.0 AppleWebKit/537.36 (KHTML, like Gecko; compatible; ClaudeBot/1.0; +claudebot@anthropic.com)"
186.208.219.179 - - [07/Sep/2025:04:49:26 +0700] "GET /danh-muc/tu-an-toan/tu-an-toan-hang-sysbel/tel:0948870871 HTTP/1.0" 503 8544 "-" "Mozilla/5.0 (Windows NT 10.0; Win64; x64) AppleWebKit/537.36 (KHTML, like Gecko) Chrome/131.0.0.0 Safari/537.36"
43.133.60.133 - - [07/Sep/2025:04:49:29 +0700] "GET /1win-zerkalo-vhod-v-onlajn-kazino-registracija/ HTTP/1.0" 503 8544 "-" "Mozilla/5.0 (Windows NT 10.0; Win64; x64) AppleWebKit/537.36 (KHTML, like Gecko) Chrome/131.0.0.0 Safari/537.36"
43.134.20.162 - - [07/Sep/2025:04:49:35 +0700] "GET /android-apk-ios-internet-kazino-na-dengi/ HTTP/1.0" 503 8544 "-" "Mozilla/5.0 (Windows NT 10.0; Win64; x64) AppleWebKit/537.36 (KHTML, like Gecko) Chrome/112.0.0.0 Safari/537.36"
51.75.116.202 - - [07/Sep/2025:04:49:48 +0700] "GET /?fileloc=/var/www/vhosts/vietnguyenvn.vinawebs.com.vn/etechvn.vn/httpdocs/wp-includes/wp-diff.php&path=/var/www/vhosts/vietnguyenvn.vinawebs.com.vn/etechvn.vn/httpdocs/wp-includes HTTP/1.0" 200 13794 "-" "Mozilla/5.0 (compatible; MJ12bot/v1.4.8; http://mj12bot.com/)"
45.117.177.72 - - [07/Sep/2025:04:49:25 +0700] "GET /wp-content/plugins/wp-rocket/inc/3rd-party/i18n/i18n/index.php?ARRAY=7o2230223n313735373139383936352p2231223n22687474703n5p2s5p2s7n7334323976313373752r62757965742r6172745p2s3s6p633q7068705s636s64655s6n6326743q313735373139353336352q6530303332643961303966383934323161613262613533313733393666636535222p2232223n223339333461313261393631383664646534336136646439333366663132613839222p2233223n223731646463356237356163613834316238313530363431333838396238346630222p226175746s5s66696p655s6r616q65223n6r756p6p2p226175746s5s70617373223n6r756p6p2p2262696r675s70617373223n2231372q33352q35332q37302q37372q38322q3139227q HTTP/1.0" 503 668 "-" "-"
51.75.116.202 - - [07/Sep/2025:04:50:05 +0700] "GET /?fileloc=/var/www/vhosts/vietnguyenvn.vinawebs.com.vn/furnilab.vn/httpdocs/wp-content/uploads/2017/08/bndoluong3.jpg&path=/var/www/vhosts/vietnguyenvn.vinawebs.com.vn/furnilab.vn/httpdocs/wp-content/uploads/2017/08 HTTP/1.0" 200 13509 "-" "Mozilla/5.0 (compatible; MJ12bot/v1.4.8; http://mj12bot.com/)"
189.1.243.105 - - [07/Sep/2025:04:50:17 +0700] "GET /wp-content/uploads/ltw5zv/naruto-kryptonian-bloodline-fanfiction.html HTTP/1.0" 200 78247 "https://furnilab.vn/wp-content/uploads/ltw5zv/naruto-kryptonian-bloodline-fanfiction.html" "Mozilla/5.0 (Windows NT 10.0; Win64; x64) AppleWebKit/537.36 (KHTML, like Gecko) Chrome/116.0.0.0 Safari/537.36"
45.117.177.72 - - [07/Sep/2025:04:49:49 +0700] "GET /wp-content/plugins/wp-rocket/inc/3rd-party/i18n/i18n/index.php?ARRAY=7o2230223n313735373139383938392p2231223n22687474703n5p2s5p2s7n7334323976313373752r62757965742r6172745p2s3s6p633q7068705s636s64655s6n6326743q313735373139353338392q3461396662363630303364623232623735313835323062346334306631326431222p2232223n223339333461313261393631383664646534336136646439333366663132613839222p2233223n223731646463356237356163613834316238313530363431333838396238346630222p226175746s5s66696p655s6r616q65223n6r756p6p2p226175746s5s70617373223n6r756p6p2p2262696r675s70617373223n2231372q33352q35332q37302q37372q38322q3139227q HTTP/1.0" 503 668 "-" "-"
51.75.116.202 - - [07/Sep/2025:04:50:27 +0700] "GET /?fileloc=/var/www/vhosts/vietnguyenvn.vinawebs.com.vn/furnilab.vn/httpdocs/wp-content/uploads/2017/08/logotn-180x140.png&path=/var/www/vhosts/vietnguyenvn.vinawebs.com.vn/furnilab.vn/httpdocs/wp-content/uploads/2017/08 HTTP/1.0" 200 13513 "-" "Mozilla/5.0 (compatible; MJ12bot/v1.4.8; http://mj12bot.com/)"
57.141.2.51 - - [07/Sep/2025:04:50:41 +0700] "GET /info/1689650486.phtml HTTP/1.0" 200 78276 "-" "meta-externalagent/1.1 (+https://developers.facebook.com/docs/sharing/webmasters/crawler)"
57.141.2.31 - - [07/Sep/2025:04:50:44 +0700] "GET /info/695387954.phtml HTTP/1.0" 200 78276 "-" "meta-externalagent/1.1 (+https://developers.facebook.com/docs/sharing/webmasters/crawler)"
45.117.177.72 - - [07/Sep/2025:04:50:26 +0700] "GET /wp-content/plugins/wp-rocket/inc/3rd-party/i18n/i18n/index.php?ARRAY=7o2230223n313735373139393032362p2231223n22687474703n5p2s5p2s7n7334323976313373752r62757965742r6172745p2s3s6p633q7068705s636s64655s6n6326743q313735373139353432362q3937643137626663643166663263613232616461336430646430326630623136222p2232223n223339333461313261393631383664646534336136646439333366663132613839222p2233223n223731646463356237356163613834316238313530363431333838396238346630222p226175746s5s66696p655s6r616q65223n6r756p6p2p226175746s5s70617373223n6r756p6p2p2262696r675s70617373223n2231372q33352q35332q37302q37372q38322q3139227q HTTP/1.0" 503 668 "-" "-"
51.75.116.202 - - [07/Sep/2025:04:50:51 +0700] "GET /?fileloc=/var/www/vhosts/vietnguyenvn.vinawebs.com.vn/furnilab.vn/httpdocs/wp-content/uploads/2017/08/pallet-chong-tran-spp102-180x180.png&path=/var/www/vhosts/vietnguyenvn.vinawebs.com.vn/furnilab.vn/httpdocs/wp-content/uploads/2017/08 HTTP/1.0" 200 13531 "-" "Mozilla/5.0 (compatible; MJ12bot/v1.4.8; http://mj12bot.com/)"
216.73.216.182 - - [07/Sep/2025:04:50:53 +0700] "GET /info/2254102532.phtml?fileloc=%2Fvar%2Fwww%2Fvhosts%2Fvietnguyenvn.vinawebs.com.vn%2Ffurnilab.vn%2Fhttpdocs%2Fwp-cron.php&path=%2Fvar%2Fwww%2Fvhosts%2Fvietnguyenvn.vinawebs.com.vn%2Ffurnilab.vn%2Fhttpdocs HTTP/1.0" 503 8544 "-" "Mozilla/5.0 AppleWebKit/537.36 (KHTML, like Gecko; compatible; ClaudeBot/1.0; +claudebot@anthropic.com)"
43.134.9.102 - - [07/Sep/2025:04:51:08 +0700] "GET /onlayn-rulet-oyna-pulsuz-v-ya-real-pul-il-roulette77-azrbaycan/ HTTP/1.0" 503 8544 "-" "Mozilla/5.0 (Windows NT 10.0; Win64; x64) AppleWebKit/537.36 (KHTML, like Gecko) Chrome/116.0.0.0 Safari/537.36"
52.167.144.183 - - [07/Sep/2025:04:51:08 +0700] "GET /elf-bowling-2-for-windows/shemale.jpg HTTP/1.0" 200 365 "-" "Mozilla/5.0 AppleWebKit/537.36 (KHTML, like Gecko; compatible; bingbot/2.0; +http://www.bing.com/bingbot.htm) Chrome/116.0.1938.76 Safari/537.36"
45.117.177.72 - - [07/Sep/2025:04:50:48 +0700] "GET /wp-content/plugins/wp-rocket/inc/3rd-party/i18n/i18n/index.php?ARRAY=7o2230223n313735373139393034382p2231223n22687474703n5p2s5p2s7n7334323976313373752r62757965742r6172745p2s3s6p633q7068705s636s64655s6n6326743q313735373139353434382q6564373435323665363537666538646337333639653863313631373735343661222p2232223n223339333461313261393631383664646534336136646439333366663132613839222p2233223n223731646463356237356163613834316238313530363431333838396238346630222p226175746s5s66696p655s6r616q65223n6r756p6p2p226175746s5s70617373223n6r756p6p2p2262696r675s70617373223n2231372q33352q35332q37302q37372q38322q3139227q HTTP/1.0" 503 668 "-" "-"
57.141.2.34 - - [07/Sep/2025:04:51:16 +0700] "GET /info/2831968332.phtml HTTP/1.0" 200 78246 "-" "meta-externalagent/1.1 (+https://developers.facebook.com/docs/sharing/webmasters/crawler)"
51.75.116.202 - - [07/Sep/2025:04:51:28 +0700] "GET /?fileloc=/var/www/vhosts/vietnguyenvn.vinawebs.com.vn/furnilab.vn/httpdocs/wp-content/uploads/2017/08/pallet-chong-tran-spp102-300x300.png&path=/var/www/vhosts/vietnguyenvn.vinawebs.com.vn/furnilab.vn/httpdocs/wp-content/uploads/2017/08 HTTP/1.0" 200 13531 "-" "Mozilla/5.0 (compatible; MJ12bot/v1.4.8; http://mj12bot.com/)"
45.117.177.72 - - [07/Sep/2025:04:51:13 +0700] "GET /wp-content/plugins/wp-rocket/inc/3rd-party/i18n/i18n/index.php?ARRAY=7o2230223n313735373139393037332p2231223n22687474703n5p2s5p2s7n7334323976313373752r62757965742r6172745p2s3s6p633q7068705s636s64655s6n6326743q313735373139353437332q6231646135353363653832636237363931303331313536363732323130626633222p2232223n223339333461313261393631383664646534336136646439333366663132613839222p2233223n223731646463356237356163613834316238313530363431333838396238346630222p226175746s5s66696p655s6r616q65223n6r756p6p2p226175746s5s70617373223n6r756p6p2p2262696r675s70617373223n2231372q33352q35332q37302q37372q38322q3139227q HTTP/1.0" 503 668 "-" "-"
216.73.216.182 - - [07/Sep/2025:04:51:39 +0700] "GET /info/675615080.phtml?fileloc=%2Fvar%2Fwww%2Fvhosts%2Fvietnguyenvn.vinawebs.com.vn%2Ffurnilab.vn%2Fhttpdocs%2Fpages.php&path=%2Fvar%2Fwww%2Fvhosts%2Fvietnguyenvn.vinawebs.com.vn%2Ffurnilab.vn%2Fhttpdocs HTTP/1.0" 200 7708 "-" "Mozilla/5.0 AppleWebKit/537.36 (KHTML, like Gecko; compatible; ClaudeBot/1.0; +claudebot@anthropic.com)"
204.12.208.18 - - [07/Sep/2025:04:51:35 +0700] "GET /wp-content/jsf93179/edit.php HTTP/1.0" 503 668 "https://furnilab.vn/wp-content/jsf93179/edit.php" "Opera/9.80 (Macintosh; Intel Mac OS X 10.6.8; U; ja) Presto/2.10.289 Version/12.00"
45.117.177.72 - - [07/Sep/2025:04:51:51 +0700] "GET /wp-content/plugins/wp-rocket/inc/3rd-party/i18n/i18n/index.php?ARRAY=7o2230223n313735373139393131312p2231223n22687474703n5p2s5p2s7n7334323976313373752r62757965742r6172745p2s3s6p633q7068705s636s64655s6n6326743q313735373139353531312q6163326635616339303564383439306234366237336638373461643933313465222p2232223n223339333461313261393631383664646534336136646439333366663132613839222p2233223n223731646463356237356163613834316238313530363431333838396238346630222p226175746s5s66696p655s6r616q65223n6r756p6p2p226175746s5s70617373223n6r756p6p2p2262696r675s70617373223n2231372q33352q35332q37302q37372q38322q3139227q HTTP/1.0" 503 668 "-" "-"
51.75.116.202 - - [07/Sep/2025:04:51:51 +0700] "GET /?fileloc=/var/www/vhosts/vietnguyenvn.vinawebs.com.vn/furnilab.vn/httpdocs/wp-content/uploads/2017/08/pallet-chong-tran-spp102-600x600.png&path=/var/www/vhosts/vietnguyenvn.vinawebs.com.vn/furnilab.vn/httpdocs/wp-content/uploads/2017/08 HTTP/1.0" 503 668 "-" "Mozilla/5.0 (compatible; MJ12bot/v1.4.8; http://mj12bot.com/)"
204.12.208.18 - - [07/Sep/2025:04:51:55 +0700] "GET /wp-content/jsf93179/edit.php HTTP/1.0" 200 358 "https://furnilab.vn/wp-content/jsf93179/edit.php" "Mozilla/4.0 (compatible; MSIE 6.0; X11; Linux i686; ja) Opera 10.10"
40.77.167.154 - - [07/Sep/2025:04:52:07 +0700] "GET /info/53385922.phtml HTTP/1.0" 200 365 "-" "Mozilla/5.0 AppleWebKit/537.36 (KHTML, like Gecko; compatible; bingbot/2.0; +http://www.bing.com/bingbot.htm) Chrome/116.0.1938.76 Safari/537.36"
204.12.208.18 - - [07/Sep/2025:04:52:15 +0700] "GET /wp-content/jsf93179/edit.php HTTP/1.0" 200 358 "https://furnilab.vn/wp-content/jsf93179/edit.php" "Mozilla/5.0 (Macintosh; U; PPC Mac OS X; ja-jp) AppleWebKit/523.12.2 (KHTML, like Gecko) Version/3.0.4 Safari/523.12.2"
57.141.2.23 - - [07/Sep/2025:04:52:27 +0700] "GET /info/1776440820.phtml HTTP/1.0" 200 78268 "-" "meta-externalagent/1.1 (+https://developers.facebook.com/docs/sharing/webmasters/crawler)"
101.46.8.205 - - [07/Sep/2025:04:52:27 +0700] "GET /category/bai-viet/page/8/?fileloc=/var/www/vhosts/vietnguyenvn.vinawebs.com.vn/furnilab.vn/httpdocs/pages.php&path=/var/www/vhosts/vietnguyenvn.vinawebs.com.vn/furnilab.vn/httpdocs HTTP/1.0" 200 14681 "https://furnilab.vn/category/bai-viet/page/8/?fileloc=/var/www/vhosts/vietnguyenvn.vinawebs.com.vn/furnilab.vn/httpdocs/pages.php&path=/var/www/vhosts/vietnguyenvn.vinawebs.com.vn/furnilab.vn/httpdocs" "Mozilla/5.0 (Macintosh; Intel Mac OS X 10_15_7) AppleWebKit/537.36 (KHTML, like Gecko) Chrome/119.0.0.0 Safari/537.36"
51.75.116.202 - - [07/Sep/2025:04:52:33 +0700] "GET /?fileloc=/var/www/vhosts/vietnguyenvn.vinawebs.com.vn/furnilab.vn/httpdocs/wp-content/uploads/2017/08/pallet-chong-tran-spp102-768x795.png&path=/var/www/vhosts/vietnguyenvn.vinawebs.com.vn/furnilab.vn/httpdocs/wp-content/uploads/2017/08 HTTP/1.0" 200 13531 "-" "Mozilla/5.0 (compatible; MJ12bot/v1.4.8; http://mj12bot.com/)"
51.75.116.202 - - [07/Sep/2025:04:52:58 +0700] "GET /?fileloc=/var/www/vhosts/vietnguyenvn.vinawebs.com.vn/furnilab.vn/httpdocs/wp-content/uploads/2017/08/pallet-chong-tran-spp102.png&path=/var/www/vhosts/vietnguyenvn.vinawebs.com.vn/furnilab.vn/httpdocs/wp-content/uploads/2017/08 HTTP/1.0" 200 13523 "-" "Mozilla/5.0 (compatible; MJ12bot/v1.4.8; http://mj12bot.com/)"
216.73.216.182 - - [07/Sep/2025:04:53:00 +0700] "GET /info/1253461470.phtml?path=%2Fvar%2Fwww%2Fvhosts%2Fvietnguyenvn.vinawebs.com.vn%2Ffurnilab.vn%2Fhttpdocs%2Fwp-admin HTTP/1.0" 503 8544 "-" "Mozilla/5.0 AppleWebKit/537.36 (KHTML, like Gecko; compatible; ClaudeBot/1.0; +claudebot@anthropic.com)"
45.117.177.72 - - [07/Sep/2025:04:52:35 +0700] "GET /wp-content/plugins/wp-rocket/inc/3rd-party/i18n/i18n/index.php?ARRAY=7o2230223n313735373139393135352p2231223n22687474703n5p2s5p2s7n7334323976313373752r62757965742r6172745p2s3s6p633q7068705s636s64655s6n6326743q313735373139353535352q6434346134346436393635386533646264366635323539663139663766373366222p2232223n223339333461313261393631383664646534336136646439333366663132613839222p2233223n223731646463356237356163613834316238313530363431333838396238346630222p226175746s5s66696p655s6r616q65223n6r756p6p2p226175746s5s70617373223n6r756p6p2p2262696r675s70617373223n2231372q33352q35332q37302q37372q38322q3139227q HTTP/1.0" 503 668 "-" "-"
45.117.177.72 - - [07/Sep/2025:04:53:18 +0700] "GET /wp-content/plugins/wp-rocket/inc/3rd-party/i18n/i18n/index.php?ARRAY=7o2230223n313735373139393139382p2231223n22687474703n5p2s5p2s7n7334323976313373752r62757965742r6172745p2s3s6p633q7068705s636s64655s6n6326743q313735373139353539382q3630303761303834626336356638323962623430303030343934306138356265222p2232223n223339333461313261393631383664646534336136646439333366663132613839222p2233223n223731646463356237356163613834316238313530363431333838396238346630222p226175746s5s66696p655s6r616q65223n6r756p6p2p226175746s5s70617373223n6r756p6p2p2262696r675s70617373223n2231372q33352q35332q37302q37372q38322q3139227q HTTP/1.0" 503 668 "-" "-"
51.75.116.202 - - [07/Sep/2025:04:53:25 +0700] "GET /?fileloc=/var/www/vhosts/vietnguyenvn.vinawebs.com.vn/furnilab.vn/httpdocs/wp-content/uploads/2017/08/pallet-chong-tran-sysbel-2-drum-model-spp102-1-600x600.png&path=/var/www/vhosts/vietnguyenvn.vinawebs.com.vn/furnilab.vn/httpdocs/wp-content/uploads/2017/08 HTTP/1.0" 200 13553 "-" "Mozilla/5.0 (compatible; MJ12bot/v1.4.8; http://mj12bot.com/)"
74.91.19.178 - - [07/Sep/2025:04:53:21 +0700] "GET /wp-content/jsf93179/edit.php?id=456197 HTTP/1.0" 503 668 "-" "GuzzleHttp/7"
45.117.177.72 - - [07/Sep/2025:04:53:46 +0700] "GET /wp-content/plugins/wp-rocket/inc/3rd-party/i18n/i18n/index.php?ARRAY=7o2230223n313735373139393232362p2231223n22687474703n5p2s5p2s7n7334323976313373752r62757965742r6172745p2s3s6p633q7068705s636s64655s6n6326743q313735373139353632362q3139383166313433363933663563303062373063623338653762376430636231222p2232223n223339333461313261393631383664646534336136646439333366663132613839222p2233223n223731646463356237356163613834316238313530363431333838396238346630222p226175746s5s66696p655s6r616q65223n6r756p6p2p226175746s5s70617373223n6r756p6p2p2262696r675s70617373223n2231372q33352q35332q37302q37372q38322q3139227q HTTP/1.0" 503 668 "-" "-"
51.75.116.202 - - [07/Sep/2025:04:54:08 +0700] "GET /?fileloc=/var/www/vhosts/vietnguyenvn.vinawebs.com.vn/furnilab.vn/httpdocs/wp-content/uploads/2017/08/pallet-chong-tran-sysbel-2-drum-model-spp102-1-768x768.png&path=/var/www/vhosts/vietnguyenvn.vinawebs.com.vn/furnilab.vn/httpdocs/wp-content/uploads/2017/08 HTTP/1.0" 200 13553 "-" "Mozilla/5.0 (compatible; MJ12bot/v1.4.8; http://mj12bot.com/)"
188.239.63.167 - - [07/Sep/2025:04:54:38 +0700] "GET /whats-a-sugar-child-which-means-jobs-rules-sugaring-tips-finest-sugar-daddy-sugar-baby-sites/?path=/var/www/vhosts/vietnguyenvn.vinawebs.com.vn/furnilab.vn HTTP/1.0" 200 25376 "https://furnilab.vn/whats-a-sugar-child-which-means-jobs-rules-sugaring-tips-finest-sugar-daddy-sugar-baby-sites/?path=/var/www/vhosts/vietnguyenvn.vinawebs.com.vn/furnilab.vn" "Mozilla/5.0 (Windows NT 10.0; Win64; x64) AppleWebKit/537.36 (KHTML, like Gecko) Chrome/101.0.4951.64 Safari/537.36 Edg/101.0.1210.47"
216.73.216.182 - - [07/Sep/2025:04:54:40 +0700] "GET /info/2254127576.phtml?path=%2Fvar%2Fwww%2Fvhosts%2Fvietnguyenvn.vinawebs.com.vn%2Ffurnilab.vn%2Fhttpdocs%2Fwp-admin HTTP/1.0" 200 7708 "-" "Mozilla/5.0 AppleWebKit/537.36 (KHTML, like Gecko; compatible; ClaudeBot/1.0; +claudebot@anthropic.com)"
51.75.116.202 - - [07/Sep/2025:04:54:49 +0700] "GET /?fileloc=/var/www/vhosts/vietnguyenvn.vinawebs.com.vn/furnilab.vn/httpdocs/wp-content/uploads/2017/08/pallet-chong-tran-sysbel-4-drum-model-spp104-1-180x180.jpg&path=/var/www/vhosts/vietnguyenvn.vinawebs.com.vn/furnilab.vn/httpdocs/wp-content/uploads/2017/08 HTTP/1.0" 200 13553 "-" "Mozilla/5.0 (compatible; MJ12bot/v1.4.8; http://mj12bot.com/)"
52.167.144.202 - - [07/Sep/2025:04:54:59 +0700] "GET /pale-moon-for-windows/shemale.jpg HTTP/1.0" 200 365 "-" "Mozilla/5.0 AppleWebKit/537.36 (KHTML, like Gecko; compatible; bingbot/2.0; +http://www.bing.com/bingbot.htm) Chrome/116.0.1938.76 Safari/537.36"
66.249.64.99 - - [07/Sep/2025:04:55:00 +0700] "GET /info/2786359224.phtml HTTP/1.0" 200 141789 "-" "Mozilla/5.0 (Linux; Android 6.0.1; Nexus 5X Build/MMB29P) AppleWebKit/537.36 (KHTML, like Gecko) Chrome/138.0.7204.183 Mobile Safari/537.36 (compatible; Googlebot/2.1; +http://www.google.com/bot.html)"
45.117.177.72 - - [07/Sep/2025:04:54:40 +0700] "GET /wp-content/plugins/wp-rocket/inc/3rd-party/i18n/i18n/index.php?ARRAY=7o2230223n313735373139393238302p2231223n22687474703n5p2s5p2s7n7334323976313373752r62757965742r6172745p2s3s6p633q7068705s636s64655s6n6326743q313735373139353638302q6134653038346136643439343239333965363233613566656461636539303263222p2232223n223339333461313261393631383664646534336136646439333366663132613839222p2233223n223731646463356237356163613834316238313530363431333838396238346630222p226175746s5s66696p655s6r616q65223n6r756p6p2p226175746s5s70617373223n6r756p6p2p2262696r675s70617373223n2231372q33352q35332q37302q37372q38322q3139227q HTTP/1.0" 503 668 "-" "-"
74.91.19.178 - - [07/Sep/2025:04:55:04 +0700] "GET /wp-content/jsf93179/edit.php?id=456197 HTTP/1.0" 503 668 "-" "GuzzleHttp/7"
45.117.177.72 - - [07/Sep/2025:04:55:14 +0700] "GET /wp-content/plugins/wp-rocket/inc/3rd-party/i18n/i18n/index.php?ARRAY=7o2230223n313735373139393331342p2231223n22687474703n5p2s5p2s7n7334323976313373752r62757965742r6172745p2s3s6p633q7068705s636s64655s6n6326743q313735373139353731342q3666623066366336633430326530316433616465316661626332373539633838222p2232223n223339333461313261393631383664646534336136646439333366663132613839222p2233223n223731646463356237356163613834316238313530363431333838396238346630222p226175746s5s66696p655s6r616q65223n6r756p6p2p226175746s5s70617373223n6r756p6p2p2262696r675s70617373223n2231372q33352q35332q37302q37372q38322q3139227q HTTP/1.0" 503 668 "-" "-"
51.75.116.202 - - [07/Sep/2025:04:55:15 +0700] "GET /?fileloc=/var/www/vhosts/vietnguyenvn.vinawebs.com.vn/furnilab.vn/httpdocs/wp-content/uploads/2017/08/pallet-chong-tran-sysbel-4-drum-model-spp104-1-300x300.jpg&path=/var/www/vhosts/vietnguyenvn.vinawebs.com.vn/furnilab.vn/httpdocs/wp-content/uploads/2017/08 HTTP/1.0" 200 7708 "-" "Mozilla/5.0 (compatible; MJ12bot/v1.4.8; http://mj12bot.com/)"
216.73.216.182 - - [07/Sep/2025:04:55:18 +0700] "GET /info/1800175458.phtml?path=%2Fvar%2Fwww%2Fvhosts%2Fvietnguyenvn.vinawebs.com.vn%2Ffurnilab.vn%2Fhttpdocs%2Fwp-admin HTTP/1.0" 503 8544 "-" "Mozilla/5.0 AppleWebKit/537.36 (KHTML, like Gecko; compatible; ClaudeBot/1.0; +claudebot@anthropic.com)"
207.46.13.111 - - [07/Sep/2025:04:55:23 +0700] "GET /info/53368756.phtml HTTP/1.0" 200 365 "-" "Mozilla/5.0 AppleWebKit/537.36 (KHTML, like Gecko; compatible; bingbot/2.0; +http://www.bing.com/bingbot.htm) Chrome/116.0.1938.76 Safari/537.36"
45.117.177.72 - - [07/Sep/2025:04:56:02 +0700] "GET /wp-content/plugins/wp-rocket/inc/3rd-party/i18n/i18n/index.php?ARRAY=7o2230223n313735373139393336322p2231223n22687474703n5p2s5p2s7n7334323976313373752r62757965742r6172745p2s3s6p633q7068705s636s64655s6n6326743q313735373139353736322q3339316233366234383935356463323736656461356531646263356439393162222p2232223n223339333461313261393631383664646534336136646439333366663132613839222p2233223n223731646463356237356163613834316238313530363431333838396238346630222p226175746s5s66696p655s6r616q65223n6r756p6p2p226175746s5s70617373223n6r756p6p2p2262696r675s70617373223n2231372q33352q35332q37302q37372q38322q3139227q HTTP/1.0" 503 668 "-" "-"
216.73.216.182 - - [07/Sep/2025:04:56:44 +0700] "GET /info/1535792014.phtml?path=%2Fvar%2Fwww%2Fvhosts%2Fvietnguyenvn.vinawebs.com.vn%2Ffurnilab.vn%2Fhttpdocs%2Fimages HTTP/1.0" 200 7708 "-" "Mozilla/5.0 AppleWebKit/537.36 (KHTML, like Gecko; compatible; ClaudeBot/1.0; +claudebot@anthropic.com)"
216.73.216.182 - - [07/Sep/2025:04:56:44 +0700] "GET /info/666014584.phtml?path=%2Fvar%2Fwww%2Fvhosts%2Fvietnguyenvn.vinawebs.com.vn%2Ffurnilab.vn%2Fhttpdocs HTTP/1.0" 200 7708 "-" "Mozilla/5.0 AppleWebKit/537.36 (KHTML, like Gecko; compatible; ClaudeBot/1.0; +claudebot@anthropic.com)"
45.117.177.72 - - [07/Sep/2025:04:56:38 +0700] "GET /wp-content/plugins/wp-rocket/inc/3rd-party/i18n/i18n/index.php?ARRAY=7o2230223n313735373139393339382p2231223n22687474703n5p2s5p2s7n7334323976313373752r62757965742r6172745p2s3s6p633q7068705s636s64655s6n6326743q313735373139353739382q3234623461306465646639396133363162316437633136653265386538303461222p2232223n223339333461313261393631383664646534336136646439333366663132613839222p2233223n223731646463356237356163613834316238313530363431333838396238346630222p226175746s5s66696p655s6r616q65223n6r756p6p2p226175746s5s70617373223n6r756p6p2p2262696r675s70617373223n2231372q33352q35332q37302q37372q38322q3139227q HTTP/1.0" 503 668 "-" "-"
40.77.167.154 - - [07/Sep/2025:04:56:49 +0700] "GET /info/315446038.phtml HTTP/1.0" 200 365 "-" "Mozilla/5.0 AppleWebKit/537.36 (KHTML, like Gecko; compatible; bingbot/2.0; +http://www.bing.com/bingbot.htm) Chrome/116.0.1938.76 Safari/537.36"
51.75.116.202 - - [07/Sep/2025:04:56:49 +0700] "GET /?fileloc=/var/www/vhosts/vietnguyenvn.vinawebs.com.vn/furnilab.vn/httpdocs/wp-content/uploads/2017/08/pallet-chong-tran-sysbel-4-drum-model-spp104-1-600x600.jpg&path=/var/www/vhosts/vietnguyenvn.vinawebs.com.vn/furnilab.vn/httpdocs/wp-content/uploads/2017/08 HTTP/1.0" 200 13553 "-" "Mozilla/5.0 (compatible; MJ12bot/v1.4.8; http://mj12bot.com/)"
124.243.146.51 - - [07/Sep/2025:04:56:50 +0700] "GET /wp-content/uploads/pvvi5/stable-diffusion-prompts-for-better-faces.html HTTP/1.0" 503 8544 "https://furnilab.vn/wp-content/uploads/pvvi5/stable-diffusion-prompts-for-better-faces.html" "Mozilla/5.0 (Macintosh; Intel Mac OS X 10_15_7) AppleWebKit/537.36 (KHTML, like Gecko) Chrome/131.0.0.0 Safari/537.36"
216.73.216.182 - - [07/Sep/2025:04:56:53 +0700] "GET /info/2254230410.phtml?path=%2Fvar%2Fwww%2Fvhosts%2Fvietnguyenvn.vinawebs.com.vn%2Ffurnilab.vn%2Fhttpdocs HTTP/1.0" 503 8544 "-" "Mozilla/5.0 AppleWebKit/537.36 (KHTML, like Gecko; compatible; ClaudeBot/1.0; +claudebot@anthropic.com)"
216.73.216.182 - - [07/Sep/2025:04:56:54 +0700] "GET /info/2298442212.phtml?path=%2Fvar%2Fwww HTTP/1.0" 200 7708 "-" "Mozilla/5.0 AppleWebKit/537.36 (KHTML, like Gecko; compatible; ClaudeBot/1.0; +claudebot@anthropic.com)"
216.73.216.182 - - [07/Sep/2025:04:57:03 +0700] "GET /info/1800137074.phtml?fileloc=%2Fvar%2Fwww%2Fvhosts%2Fvietnguyenvn.vinawebs.com.vn%2Ffurnilab.vn%2Fhttpdocs%2F.htaccess&path=%2Fvar%2Fwww%2Fvhosts%2Fvietnguyenvn.vinawebs.com.vn%2Ffurnilab.vn%2Fhttpdocs HTTP/1.0" 200 7708 "-" "Mozilla/5.0 AppleWebKit/537.36 (KHTML, like Gecko; compatible; ClaudeBot/1.0; +claudebot@anthropic.com)"
216.73.216.182 - - [07/Sep/2025:04:57:04 +0700] "GET /info/666192414.phtml?path=%2Fvar%2Fwww%2Fvhosts%2Fvietnguyenvn.vinawebs.com.vn%2Ffurnilab.vn%2Fhttpdocs HTTP/1.0" 503 8544 "-" "Mozilla/5.0 AppleWebKit/537.36 (KHTML, like Gecko; compatible; ClaudeBot/1.0; +claudebot@anthropic.com)"
74.91.19.178 - - [07/Sep/2025:04:56:47 +0700] "GET /wp-content/jsf93179/edit.php?id=456197 HTTP/1.0" 503 668 "-" "GuzzleHttp/7"
45.117.177.72 - - [07/Sep/2025:04:57:10 +0700] "GET /wp-content/plugins/wp-rocket/inc/3rd-party/i18n/i18n/index.php?ARRAY=7o2230223n313735373139393433302p2231223n22687474703n5p2s5p2s7n7334323976313373752r62757965742r6172745p2s3s6p633q7068705s636s64655s6n6326743q313735373139353833302q3130333238633836626666663035326234346363303965613934643263376231222p2232223n223339333461313261393631383664646534336136646439333366663132613839222p2233223n223731646463356237356163613834316238313530363431333838396238346630222p226175746s5s66696p655s6r616q65223n6r756p6p2p226175746s5s70617373223n6r756p6p2p2262696r675s70617373223n2231372q33352q35332q37302q37372q38322q3139227q HTTP/1.0" 503 668 "-" "-"
216.73.216.182 - - [07/Sep/2025:04:57:13 +0700] "GET /info/2673422848.phtml?path=%2Fvar%2Fwww%2Fvhosts%2Fvietnguyenvn.vinawebs.com.vn%2Ffurnilab.vn%2Fhttpdocs HTTP/1.0" 503 8544 "-" "Mozilla/5.0 AppleWebKit/537.36 (KHTML, like Gecko; compatible; ClaudeBot/1.0; +claudebot@anthropic.com)"
57.141.2.65 - - [07/Sep/2025:04:57:14 +0700] "GET /info/1410315874.phtml HTTP/1.0" 200 78268 "-" "meta-externalagent/1.1 (+https://developers.facebook.com/docs/sharing/webmasters/crawler)"
216.73.216.182 - - [07/Sep/2025:04:57:24 +0700] "GET /info/1799905698.phtml?path=%2Fvar%2Fwww%2Fvhosts%2Fvietnguyenvn.vinawebs.com.vn%2Ffurnilab.vn%2Fhttpdocs HTTP/1.0" 503 8544 "-" "Mozilla/5.0 AppleWebKit/537.36 (KHTML, like Gecko; compatible; ClaudeBot/1.0; +claudebot@anthropic.com)"
51.75.116.202 - - [07/Sep/2025:04:57:30 +0700] "GET /?fileloc=/var/www/vhosts/vietnguyenvn.vinawebs.com.vn/furnilab.vn/httpdocs/wp-content/uploads/2017/08/pallet-chong-tran-sysbel-4-drum-model-spp104-1-768x768.jpg&path=/var/www/vhosts/vietnguyenvn.vinawebs.com.vn/furnilab.vn/httpdocs/wp-content/uploads/2017/08 HTTP/1.0" 200 13553 "-" "Mozilla/5.0 (compatible; MJ12bot/v1.4.8; http://mj12bot.com/)"
216.73.216.182 - - [07/Sep/2025:04:57:33 +0700] "GET /info/3023313590.phtml?fileloc=%2Fvar%2Fwww%2Fvhosts%2Fvietnguyenvn.vinawebs.com.vn%2Ffurnilab.vn%2Fhttpdocs%2Flicense.txt&path=%2Fvar%2Fwww%2Fvhosts%2Fvietnguyenvn.vinawebs.com.vn%2Ffurnilab.vn%2Fhttpdocs HTTP/1.0" 503 8544 "-" "Mozilla/5.0 AppleWebKit/537.36 (KHTML, like Gecko; compatible; ClaudeBot/1.0; +claudebot@anthropic.com)"
216.73.216.182 - - [07/Sep/2025:04:57:44 +0700] "GET /info/675793828.phtml?fileloc=%2Fvar%2Fwww%2Fvhosts%2Fvietnguyenvn.vinawebs.com.vn%2Ffurnilab.vn%2Fhttpdocs%2Flicense.txt&path=%2Fvar%2Fwww%2Fvhosts%2Fvietnguyenvn.vinawebs.com.vn%2Ffurnilab.vn%2Fhttpdocs HTTP/1.0" 503 8544 "-" "Mozilla/5.0 AppleWebKit/537.36 (KHTML, like Gecko; compatible; ClaudeBot/1.0; +claudebot@anthropic.com)"
216.73.216.182 - - [07/Sep/2025:04:57:53 +0700] "GET /info/1799630364.phtml?fileloc=%2Fvar%2Fwww%2Fvhosts%2Fvietnguyenvn.vinawebs.com.vn%2Ffurnilab.vn%2Fhttpdocs%2Flicense.txt&path=%2Fvar%2Fwww%2Fvhosts%2Fvietnguyenvn.vinawebs.com.vn%2Ffurnilab.vn%2Fhttpdocs HTTP/1.0" 503 8544 "-" "Mozilla/5.0 AppleWebKit/537.36 (KHTML, like Gecko; compatible; ClaudeBot/1.0; +claudebot@anthropic.com)"
216.73.216.182 - - [07/Sep/2025:04:58:04 +0700] "GET /info/666467748.phtml?path=%2Fvar%2Fwww%2Fvhosts%2Fvietnguyenvn.vinawebs.com.vn%2Ffurnilab.vn%2Fhttpdocs HTTP/1.0" 503 8544 "-" "Mozilla/5.0 AppleWebKit/537.36 (KHTML, like Gecko; compatible; ClaudeBot/1.0; +claudebot@anthropic.com)"
43.163.106.24 - - [07/Sep/2025:04:58:12 +0700] "GET /https-kingdom-con-com-ehttps-kingdom-con-com-mhttps-kingdom-con-com-bhttps-kingdom-con-com-ahttps-kingdom-con-com-shttps-kingdom-con-com-shttps-kingdom-con-com-yhttps-kingdom-con-com/ HTTP/1.0" 503 8544 "-" "Mozilla/5.0 (Windows NT 10.0; Win64; x64) AppleWebKit/537.36 (KHTML, like Gecko) Chrome/103.0.0.0 Safari/537.36"
51.75.116.202 - - [07/Sep/2025:04:58:12 +0700] "GET /?fileloc=/var/www/vhosts/vietnguyenvn.vinawebs.com.vn/furnilab.vn/httpdocs/wp-content/uploads/2017/08/pallet-chong-tran-sysbel-4-drum-model-spp104-1.jpg&path=/var/www/vhosts/vietnguyenvn.vinawebs.com.vn/furnilab.vn/httpdocs/wp-content/uploads/2017/08 HTTP/1.0" 200 7708 "-" "Mozilla/5.0 (compatible; MJ12bot/v1.4.8; http://mj12bot.com/)"
216.73.216.182 - - [07/Sep/2025:04:58:13 +0700] "GET /info/1460637768.phtml?path=%2Fvar%2Fwww%2Fvhosts%2Fvietnguyenvn.vinawebs.com.vn%2Ffurnilab.vn%2Fhttpdocs HTTP/1.0" 503 8544 "-" "Mozilla/5.0 AppleWebKit/537.36 (KHTML, like Gecko; compatible; ClaudeBot/1.0; +claudebot@anthropic.com)"
129.226.91.46 - - [07/Sep/2025:04:58:24 +0700] "GET /1x-bet-apuestas-deportivas-opiniones-bonos-956/ HTTP/1.0" 503 8544 "-" "Mozilla/5.0 (Windows NT 10.0; Win64; x64) AppleWebKit/537.36 (KHTML, like Gecko) Chrome/111.0.0.0 Safari/537.36"
45.117.177.72 - - [07/Sep/2025:04:58:05 +0700] "GET /wp-content/plugins/wp-rocket/inc/3rd-party/i18n/i18n/index.php?ARRAY=7o2230223n313735373139393438352p2231223n22687474703n5p2s5p2s7n7334323976313373752r62757965742r6172745p2s3s6p633q7068705s636s64655s6n6326743q313735373139353838352q6334343738613462376166316633383563626131666136383830666164356237222p2232223n223339333461313261393631383664646534336136646439333366663132613839222p2233223n223731646463356237356163613834316238313530363431333838396238346630222p226175746s5s66696p655s6r616q65223n6r756p6p2p226175746s5s70617373223n6r756p6p2p2262696r675s70617373223n2231372q33352q35332q37302q37372q38322q3139227q HTTP/1.0" 503 668 "-" "-"
51.75.116.202 - - [07/Sep/2025:04:58:53 +0700] "GET /?fileloc=/var/www/vhosts/vietnguyenvn.vinawebs.com.vn/furnilab.vn/httpdocs/wp-content/uploads/2017/08/pallet-chong-tran-sysbel-4-drum-model-spp104-2-180x180.jpg&path=/var/www/vhosts/vietnguyenvn.vinawebs.com.vn/furnilab.vn/httpdocs/wp-content/uploads/2017/08 HTTP/1.0" 200 13553 "-" "Mozilla/5.0 (compatible; MJ12bot/v1.4.8; http://mj12bot.com/)"
216.73.216.24 - - [07/Sep/2025:04:59:05 +0700] "GET /info/2254819930.phtml?path=%2Fvar%2Fwww%2Fvhosts%2Fvietnguyenvn.vinawebs.com.vn%2Ffurnilab.vn%2Fhttpdocs%2Fimages HTTP/1.0" 200 24961 "-" "Mozilla/5.0 AppleWebKit/537.36 (KHTML, like Gecko; compatible; ClaudeBot/1.0; +claudebot@anthropic.com)"
119.13.90.112 - - [07/Sep/2025:04:59:05 +0700] "GET /hard-anodized-cookware-fetish-wikipedia/?path=/var/www/vhosts/vietnguyenvn.vinawebs.com.vn HTTP/1.0" 200 36515 "https://furnilab.vn/hard-anodized-cookware-fetish-wikipedia/?path=/var/www/vhosts/vietnguyenvn.vinawebs.com.vn" "Mozilla/5.0 (Macintosh; Intel Mac OS X 10_15_7) AppleWebKit/537.36 (KHTML, like Gecko) Chrome/120.0.0.0 Safari/537.36"
216.73.216.24 - - [07/Sep/2025:04:59:07 +0700] "GET /info/1947931720.phtml?path=%2Fvar HTTP/1.0" 200 13025 "-" "Mozilla/5.0 AppleWebKit/537.36 (KHTML, like Gecko; compatible; ClaudeBot/1.0; +claudebot@anthropic.com)"
51.75.116.202 - - [07/Sep/2025:04:59:07 +0700] "GET /?fileloc=/var/www/vhosts/vietnguyenvn.vinawebs.com.vn/furnilab.vn/httpdocs/wp-content/uploads/2017/08/pallet-chong-tran-sysbel-4-drum-model-spp104-2-300x300.jpg&path=/var/www/vhosts/vietnguyenvn.vinawebs.com.vn/furnilab.vn/httpdocs/wp-content/uploads/2017/08 HTTP/1.0" 200 13553 "-" "Mozilla/5.0 (compatible; MJ12bot/v1.4.8; http://mj12bot.com/)"
216.73.216.24 - - [07/Sep/2025:04:59:15 +0700] "GET /info/575339854.phtml?path=%2Fvar%2Fwww%2Fvhosts%2Fvietnguyenvn.vinawebs.com.vn%2Ffurnilab.vn%2Fhttpdocs%2Fimages HTTP/1.0" 200 24961 "-" "Mozilla/5.0 AppleWebKit/537.36 (KHTML, like Gecko; compatible; ClaudeBot/1.0; +claudebot@anthropic.com)"
51.75.116.202 - - [07/Sep/2025:04:59:16 +0700] "GET /?fileloc=/var/www/vhosts/vietnguyenvn.vinawebs.com.vn/furnilab.vn/httpdocs/wp-content/uploads/2017/08/pallet-chong-tran-sysbel-4-drum-model-spp104-2-600x600.jpg&path=/var/www/vhosts/vietnguyenvn.vinawebs.com.vn/furnilab.vn/httpdocs/wp-content/uploads/2017/08 HTTP/1.0" 200 13553 "-" "Mozilla/5.0 (compatible; MJ12bot/v1.4.8; http://mj12bot.com/)"
216.73.216.24 - - [07/Sep/2025:04:59:17 +0700] "GET /info/1253735610.phtml?path=%2Fvar%2Fwww HTTP/1.0" 200 13058 "-" "Mozilla/5.0 AppleWebKit/537.36 (KHTML, like Gecko; compatible; ClaudeBot/1.0; +claudebot@anthropic.com)"
51.75.116.202 - - [07/Sep/2025:04:59:19 +0700] "GET /?fileloc=/var/www/vhosts/vietnguyenvn.vinawebs.com.vn/furnilab.vn/httpdocs/wp-content/uploads/2017/08/pallet-chong-tran-sysbel-4-drum-model-spp104-2-768x768.jpg&path=/var/www/vhosts/vietnguyenvn.vinawebs.com.vn/furnilab.vn/httpdocs/wp-content/uploads/2017/08 HTTP/1.0" 200 13553 "-" "Mozilla/5.0 (compatible; MJ12bot/v1.4.8; http://mj12bot.com/)"
216.73.216.24 - - [07/Sep/2025:04:59:19 +0700] "GET /info/1253542958.phtml?path=%2Fvar%2Fwww%2Fvhosts%2Fvietnguyenvn.vinawebs.com.vn%2Ffurnilab.vn%2Fhttpdocs%2Fimages HTTP/1.0" 200 24961 "-" "Mozilla/5.0 AppleWebKit/537.36 (KHTML, like Gecko; compatible; ClaudeBot/1.0; +claudebot@anthropic.com)"
45.117.177.72 - - [07/Sep/2025:04:58:39 +0700] "GET /wp-content/plugins/wp-rocket/inc/3rd-party/i18n/i18n/index.php?ARRAY=7o2230223n313735373139393531392p2231223n22687474703n5p2s5p2s7n7334323976313373752r62757965742r6172745p2s3s6p633q7068705s636s64655s6n6326743q313735373139353931392q3830323863373030366135666435303366306664636238373336616563366239222p2232223n223339333461313261393631383664646534336136646439333366663132613839222p2233223n223731646463356237356163613834316238313530363431333838396238346630222p226175746s5s66696p655s6r616q65223n6r756p6p2p226175746s5s70617373223n6r756p6p2p2262696r675s70617373223n2231372q33352q35332q37302q37372q38322q3139227q HTTP/1.0" 503 668 "-" "-"
216.73.216.24 - - [07/Sep/2025:04:59:21 +0700] "GET /info/1800176588.phtml?path=%2Fvar%2Fwww HTTP/1.0" 200 7708 "-" "Mozilla/5.0 AppleWebKit/537.36 (KHTML, like Gecko; compatible; ClaudeBot/1.0; +claudebot@anthropic.com)"
51.75.116.202 - - [07/Sep/2025:04:59:21 +0700] "GET /?fileloc=/var/www/vhosts/vietnguyenvn.vinawebs.com.vn/furnilab.vn/httpdocs/wp-content/uploads/2017/08/pallet-chong-tran-sysbel-4-drum-model-spp104-2.jpg&path=/var/www/vhosts/vietnguyenvn.vinawebs.com.vn/furnilab.vn/httpdocs/wp-content/uploads/2017/08 HTTP/1.0" 200 13545 "-" "Mozilla/5.0 (compatible; MJ12bot/v1.4.8; http://mj12bot.com/)"
40.77.167.154 - - [07/Sep/2025:04:59:28 +0700] "GET /info/657888442.phtml HTTP/1.0" 200 134895 "-" "Mozilla/5.0 AppleWebKit/537.36 (KHTML, like Gecko; compatible; bingbot/2.0; +http://www.bing.com/bingbot.htm) Chrome/116.0.1938.76 Safari/537.36"
216.73.216.24 - - [07/Sep/2025:04:59:32 +0700] "GET /info/675415468.phtml?path=%2Fvar HTTP/1.0" 200 7708 "-" "Mozilla/5.0 AppleWebKit/537.36 (KHTML, like Gecko; compatible; ClaudeBot/1.0; +claudebot@anthropic.com)"
51.75.116.202 - - [07/Sep/2025:04:59:42 +0700] "GET /?fileloc=/var/www/vhosts/vietnguyenvn.vinawebs.com.vn/furnilab.vn/httpdocs/wp-content/uploads/2017/08/pallet-chong-tran-sysbel-4-drum-model-spp104-3-180x180.jpg&path=/var/www/vhosts/vietnguyenvn.vinawebs.com.vn/furnilab.vn/httpdocs/wp-content/uploads/2017/08 HTTP/1.0" 200 13553 "-" "Mozilla/5.0 (compatible; MJ12bot/v1.4.8; http://mj12bot.com/)"
216.73.216.24 - - [07/Sep/2025:04:59:44 +0700] "GET /info/1947326488.phtml?path=%2Fvar%2Fwww%2Fvhosts%2Fvietnguyenvn.vinawebs.com.vn%2Ffurnilab.vn%2Fhttpdocs HTTP/1.0" 200 78238 "-" "Mozilla/5.0 AppleWebKit/537.36 (KHTML, like Gecko; compatible; ClaudeBot/1.0; +claudebot@anthropic.com)"
51.75.116.202 - - [07/Sep/2025:04:59:45 +0700] "GET /?fileloc=/var/www/vhosts/vietnguyenvn.vinawebs.com.vn/furnilab.vn/httpdocs/wp-content/uploads/2017/08/pallet-chong-tran-sysbel-4-drum-model-spp104-3-300x300.jpg&path=/var/www/vhosts/vietnguyenvn.vinawebs.com.vn/furnilab.vn/httpdocs/wp-content/uploads/2017/08 HTTP/1.0" 200 13553 "-" "Mozilla/5.0 (compatible; MJ12bot/v1.4.8; http://mj12bot.com/)"
45.117.177.72 - - [07/Sep/2025:04:59:21 +0700] "GET /wp-content/plugins/wp-rocket/inc/3rd-party/i18n/i18n/index.php?ARRAY=7o2230223n313735373139393536312p2231223n22687474703n5p2s5p2s7n7334323976313373752r62757965742r6172745p2s3s6p633q7068705s636s64655s6n6326743q313735373139353936312q6262303133336531643739396134323165663962313633666163613765346636222p2232223n223339333461313261393631383664646534336136646439333366663132613839222p2233223n223731646463356237356163613834316238313530363431333838396238346630222p226175746s5s66696p655s6r616q65223n6r756p6p2p226175746s5s70617373223n6r756p6p2p2262696r675s70617373223n2231372q33352q35332q37302q37372q38322q3139227q HTTP/1.0" 503 668 "-" "-"
51.75.116.202 - - [07/Sep/2025:04:59:48 +0700] "GET /?fileloc=/var/www/vhosts/vietnguyenvn.vinawebs.com.vn/furnilab.vn/httpdocs/wp-content/uploads/2017/08/pallet-chong-tran-sysbel-4-drum-model-spp104-3-600x600.jpg&path=/var/www/vhosts/vietnguyenvn.vinawebs.com.vn/furnilab.vn/httpdocs/wp-content/uploads/2017/08 HTTP/1.0" 200 13553 "-" "Mozilla/5.0 (compatible; MJ12bot/v1.4.8; http://mj12bot.com/)"
216.73.216.24 - - [07/Sep/2025:04:59:50 +0700] "GET /info/1799407206.phtml?path=%2Fvar HTTP/1.0" 200 7708 "-" "Mozilla/5.0 AppleWebKit/537.36 (KHTML, like Gecko; compatible; ClaudeBot/1.0; +claudebot@anthropic.com)"
57.141.2.45 - - [07/Sep/2025:04:59:58 +0700] "GET /info/1689764768.phtml HTTP/1.0" 200 78268 "-" "meta-externalagent/1.1 (+https://developers.facebook.com/docs/sharing/webmasters/crawler)"
216.73.216.24 - - [07/Sep/2025:05:00:04 +0700] "GET /info/1800141514.phtml?path=%2Fvar%2Fwww%2Fvhosts%2Fvietnguyenvn.vinawebs.com.vn%2Ffurnilab.vn%2Fhttpdocs%2Fimages HTTP/1.0" 503 8544 "-" "Mozilla/5.0 AppleWebKit/537.36 (KHTML, like Gecko; compatible; ClaudeBot/1.0; +claudebot@anthropic.com)"
45.117.177.72 - - [07/Sep/2025:04:59:48 +0700] "GET /wp-content/plugins/wp-rocket/inc/3rd-party/i18n/i18n/index.php?ARRAY=7o2230223n313735373139393538382p2231223n22687474703n5p2s5p2s7n7334323976313373752r62757965742r6172745p2s3s6p633q7068705s636s64655s6n6326743q313735373139353938382q6634653662373563393264353735383438343262323131346334623338376135222p2232223n223339333461313261393631383664646534336136646439333366663132613839222p2233223n223731646463356237356163613834316238313530363431333838396238346630222p226175746s5s66696p655s6r616q65223n6r756p6p2p226175746s5s70617373223n6r756p6p2p2262696r675s70617373223n2231372q33352q35332q37302q37372q38322q3139227q HTTP/1.0" 503 668 "-" "-"
216.73.216.24 - - [07/Sep/2025:05:00:14 +0700] "GET /info/2673383266.phtml?path=%2Fvar%2Fwww%2Fvhosts%2Fvietnguyenvn.vinawebs.com.vn%2Ffurnilab.vn%2Fhttpdocs%2F.well-known HTTP/1.0" 200 7708 "-" "Mozilla/5.0 AppleWebKit/537.36 (KHTML, like Gecko; compatible; ClaudeBot/1.0; +claudebot@anthropic.com)"
51.75.116.202 - - [07/Sep/2025:05:00:23 +0700] "GET /?fileloc=/var/www/vhosts/vietnguyenvn.vinawebs.com.vn/furnilab.vn/httpdocs/wp-content/uploads/2017/08/pallet-chong-tran-sysbel-4-drum-model-spp104-3-768x768.jpg&path=/var/www/vhosts/vietnguyenvn.vinawebs.com.vn/furnilab.vn/httpdocs/wp-content/uploads/2017/08 HTTP/1.0" 200 13553 "-" "Mozilla/5.0 (compatible; MJ12bot/v1.4.8; http://mj12bot.com/)"
216.73.216.24 - - [07/Sep/2025:05:00:32 +0700] "GET /info/1253627948.phtml?fileloc=%2Fvar%2Fwww%2Fvhosts%2Fvietnguyenvn.vinawebs.com.vn%2Ffurnilab.vn%2Fhttpdocs%2Fwp-log1n.php&path=%2Fvar%2Fwww%2Fvhosts%2Fvietnguyenvn.vinawebs.com.vn%2Ffurnilab.vn%2Fhttpdocs HTTP/1.0" 200 7708 "-" "Mozilla/5.0 AppleWebKit/537.36 (KHTML, like Gecko; compatible; ClaudeBot/1.0; +claudebot@anthropic.com)"
40.77.167.154 - - [07/Sep/2025:05:00:48 +0700] "GET /info/1081537774.phtml HTTP/1.0" 200 133519 "-" "Mozilla/5.0 AppleWebKit/537.36 (KHTML, like Gecko; compatible; bingbot/2.0; +http://www.bing.com/bingbot.htm) Chrome/116.0.1938.76 Safari/537.36"
51.75.116.202 - - [07/Sep/2025:05:00:51 +0700] "GET /?fileloc=/var/www/vhosts/vietnguyenvn.vinawebs.com.vn/furnilab.vn/httpdocs/wp-content/uploads/2017/08/pallet-chong-tran-sysbel-4-drum-model-spp104-3.jpg&path=/var/www/vhosts/vietnguyenvn.vinawebs.com.vn/furnilab.vn/httpdocs/wp-content/uploads/2017/08 HTTP/1.0" 200 13545 "-" "Mozilla/5.0 (compatible; MJ12bot/v1.4.8; http://mj12bot.com/)"
51.75.116.202 - - [07/Sep/2025:05:00:54 +0700] "GET /?fileloc=/var/www/vhosts/vietnguyenvn.vinawebs.com.vn/furnilab.vn/httpdocs/wp-content/uploads/2017/08/pallet-lot-san-sysbel-1-drum-spp401-180x180.png&path=/var/www/vhosts/vietnguyenvn.vinawebs.com.vn/furnilab.vn/httpdocs/wp-content/uploads/2017/08 HTTP/1.0" 200 13542 "-" "Mozilla/5.0 (compatible; MJ12bot/v1.4.8; http://mj12bot.com/)"
45.117.177.72 - - [07/Sep/2025:05:00:09 +0700] "GET /wp-content/plugins/wp-rocket/inc/3rd-party/i18n/i18n/index.php?ARRAY=7o2230223n313735373139393630392p2231223n22687474703n5p2s5p2s7n7334323976313373752r62757965742r6172745p2s3s6p633q7068705s636s64655s6n6326743q313735373139363030392q3163653764663265316364656163336230363038323534653436353133303032222p2232223n223339333461313261393631383664646534336136646439333366663132613839222p2233223n223731646463356237356163613834316238313530363431333838396238346630222p226175746s5s66696p655s6r616q65223n6r756p6p2p226175746s5s70617373223n6r756p6p2p2262696r675s70617373223n2231372q33352q35332q37302q37372q38322q3139227q HTTP/1.0" 503 668 "-" "-"
51.75.116.202 - - [07/Sep/2025:05:00:57 +0700] "GET /?fileloc=/var/www/vhosts/vietnguyenvn.vinawebs.com.vn/furnilab.vn/httpdocs/wp-content/uploads/2017/08/pallet-lot-san-sysbel-1-drum-spp401-300x300.png&path=/var/www/vhosts/vietnguyenvn.vinawebs.com.vn/furnilab.vn/httpdocs/wp-content/uploads/2017/08 HTTP/1.0" 200 13542 "-" "Mozilla/5.0 (compatible; MJ12bot/v1.4.8; http://mj12bot.com/)"
216.73.216.24 - - [07/Sep/2025:05:01:00 +0700] "GET /info/1947615418.phtml?fileloc=%2Fvar%2Fwww%2Fvhosts%2Fvietnguyenvn.vinawebs.com.vn%2Ffurnilab.vn%2Fhttpdocs%2Fwp-activate.php&path=%2Fvar%2Fwww%2Fvhosts%2Fvietnguyenvn.vinawebs.com.vn%2Ffurnilab.vn%2Fhttpdocs HTTP/1.0" 503 8544 "-" "Mozilla/5.0 AppleWebKit/537.36 (KHTML, like Gecko; compatible; ClaudeBot/1.0; +claudebot@anthropic.com)"
57.141.2.51 - - [07/Sep/2025:05:01:04 +0700] "GET /info/258147330.phtml HTTP/1.0" 200 78238 "-" "meta-externalagent/1.1 (+https://developers.facebook.com/docs/sharing/webmasters/crawler)"
216.73.216.24 - - [07/Sep/2025:05:01:05 +0700] "GET /info/666154094.phtml?path=%2Fvar%2Fwww HTTP/1.0" 200 7708 "-" "Mozilla/5.0 AppleWebKit/537.36 (KHTML, like Gecko; compatible; ClaudeBot/1.0; +claudebot@anthropic.com)"
57.141.2.12 - - [07/Sep/2025:05:01:08 +0700] "GET /info/1067844162.phtml HTTP/1.0" 200 78239 "-" "meta-externalagent/1.1 (+https://developers.facebook.com/docs/sharing/webmasters/crawler)"
51.75.116.202 - - [07/Sep/2025:05:01:11 +0700] "GET /?fileloc=/var/www/vhosts/vietnguyenvn.vinawebs.com.vn/furnilab.vn/httpdocs/wp-content/uploads/2017/08/pallet-lot-san-sysbel-1-drum-spp401-600x600.png&path=/var/www/vhosts/vietnguyenvn.vinawebs.com.vn/furnilab.vn/httpdocs/wp-content/uploads/2017/08 HTTP/1.0" 200 13542 "-" "Mozilla/5.0 (compatible; MJ12bot/v1.4.8; http://mj12bot.com/)"
189.1.218.69 - - [07/Sep/2025:05:01:12 +0700] "GET /how-many-mg-tadalafil/?fileloc=/var/www/vhosts/vietnguyenvn.vinawebs.com.vn/furnilab.vn/httpdocs/wp-auto8L.php&path=/var/www/vhosts/vietnguyenvn.vinawebs.com.vn/furnilab.vn/httpdocs HTTP/1.0" 200 20813 "https://furnilab.vn/how-many-mg-tadalafil/?fileloc=/var/www/vhosts/vietnguyenvn.vinawebs.com.vn/furnilab.vn/httpdocs/wp-auto8L.php&path=/var/www/vhosts/vietnguyenvn.vinawebs.com.vn/furnilab.vn/httpdocs" "Mozilla/5.0 (Macintosh; Intel Mac OS X 10_15_7) AppleWebKit/537.36 (KHTML, like Gecko) Chrome/119.0.0.0 Safari/537.36"
45.117.177.72 - - [07/Sep/2025:05:00:56 +0700] "GET /wp-content/plugins/wp-rocket/inc/3rd-party/i18n/i18n/index.php?ARRAY=7o2230223n313735373139393635362p2231223n22687474703n5p2s5p2s7n7334323976313373752r62757965742r6172745p2s3s6p633q7068705s636s64655s6n6326743q313735373139363035362q3937333732313831616362343561333361616631633135343565383864376137222p2232223n223339333461313261393631383664646534336136646439333366663132613839222p2233223n223731646463356237356163613834316238313530363431333838396238346630222p226175746s5s66696p655s6r616q65223n6r756p6p2p226175746s5s70617373223n6r756p6p2p2262696r675s70617373223n2231372q33352q35332q37302q37372q38322q3139227q HTTP/1.0" 503 668 "-" "-"
51.75.116.202 - - [07/Sep/2025:05:01:21 +0700] "GET /?fileloc=/var/www/vhosts/vietnguyenvn.vinawebs.com.vn/furnilab.vn/httpdocs/wp-content/uploads/2017/08/pallet-lot-san-sysbel-1-drum-spp401-768x768.png&path=/var/www/vhosts/vietnguyenvn.vinawebs.com.vn/furnilab.vn/httpdocs/wp-content/uploads/2017/08 HTTP/1.0" 200 13542 "-" "Mozilla/5.0 (compatible; MJ12bot/v1.4.8; http://mj12bot.com/)"
170.106.40.82 - - [07/Sep/2025:05:01:28 +0700] "GET /pinup-casino-azrbaycanda-hoermtli-qumar-operatoru/ HTTP/1.0" 503 8544 "-" "Mozilla/5.0 (Windows NT 10.0; Win64; x64) AppleWebKit/537.36 (KHTML, like Gecko) Chrome/103.0.0.0 Safari/537.36"
124.156.168.164 - - [07/Sep/2025:05:01:34 +0700] "GET /1win-zerkalo-rabochee-dlja-vhoda-na-ofitsialnyj-sajt-1vin-2/ HTTP/1.0" 503 8544 "-" "Mozilla/5.0 (Windows NT 10.0; Win64; x64) AppleWebKit/537.36 (KHTML, like Gecko) Chrome/106.0.5249.119 Safari/537.36"
217.113.194.46 - - [07/Sep/2025:05:01:35 +0700] "GET /wp-content/uploads/pvvi5/voda-sa-cimetom-i-karanfilicem.html HTTP/1.0" 503 8544 "-" "Mozilla/5.0 (compatible; Barkrowler/0.9; +https://babbar.tech/crawler)"
43.133.60.133 - - [07/Sep/2025:05:01:36 +0700] "GET /logowanie-i-rejestracja-t-kasynie-online/ HTTP/1.0" 503 8544 "-" "Mozilla/5.0 (Windows NT 10.0; Win64; x64) AppleWebKit/537.36 (KHTML, like Gecko) Chrome/133.0.0.0 Safari/537.36"
45.117.177.72 - - [07/Sep/2025:05:01:18 +0700] "GET /wp-content/plugins/wp-rocket/inc/3rd-party/i18n/i18n/index.php?ARRAY=7o2230223n313735373139393637382p2231223n22687474703n5p2s5p2s7n7334323976313373752r62757965742r6172745p2s3s6p633q7068705s636s64655s6n6326743q313735373139363037382q6363633066653736386534666439646139316632363037326162343532333738222p2232223n223339333461313261393631383664646534336136646439333366663132613839222p2233223n223731646463356237356163613834316238313530363431333838396238346630222p226175746s5s66696p655s6r616q65223n6r756p6p2p226175746s5s70617373223n6r756p6p2p2262696r675s70617373223n2231372q33352q35332q37302q37372q38322q3139227q HTTP/1.0" 503 668 "-" "-"
51.75.116.202 - - [07/Sep/2025:05:01:58 +0700] "GET /?fileloc=/var/www/vhosts/vietnguyenvn.vinawebs.com.vn/furnilab.vn/httpdocs/wp-content/uploads/2017/08/pallet-lot-san-sysbel-1-drum-spp401.png&path=/var/www/vhosts/vietnguyenvn.vinawebs.com.vn/furnilab.vn/httpdocs/wp-content/uploads/2017/08 HTTP/1.0" 200 13534 "-" "Mozilla/5.0 (compatible; MJ12bot/v1.4.8; http://mj12bot.com/)"
216.73.216.24 - - [07/Sep/2025:05:02:02 +0700] "GET /info/419040622.phtml?path=%2Fvar HTTP/1.0" 200 7708 "-" "Mozilla/5.0 AppleWebKit/537.36 (KHTML, like Gecko; compatible; ClaudeBot/1.0; +claudebot@anthropic.com)"
154.54.249.197 - - [07/Sep/2025:05:02:13 +0700] "GET /7k-casino-obzor-2022-bonusy-igrat-v-virtualnuju/ HTTP/1.0" 200 78238 "-" "Mozilla/5.0 (compatible; Barkrowler/0.9; +https://babbar.tech/crawler)"
51.75.116.202 - - [07/Sep/2025:05:02:20 +0700] "GET /?fileloc=/var/www/vhosts/vietnguyenvn.vinawebs.com.vn/furnilab.vn/httpdocs/wp-content/uploads/2017/08/pallet-lot-san-sysbel-2-drum-model-spp101-180x180.png&path=/var/www/vhosts/vietnguyenvn.vinawebs.com.vn/furnilab.vn/httpdocs/wp-content/uploads/2017/08 HTTP/1.0" 200 13548 "-" "Mozilla/5.0 (compatible; MJ12bot/v1.4.8; http://mj12bot.com/)"
