57.141.2.40 - - [07/Sep/2025:07:46:07 +0700] "GET /info/1689549636.phtml HTTP/1.0" 200 78268 "-" "meta-externalagent/1.1 (+https://developers.facebook.com/docs/sharing/webmasters/crawler)"
216.73.216.24 - - [07/Sep/2025:07:46:07 +0700] "GET /info/1799589524.phtml?path=%2Fvar%2Fwww HTTP/1.0" 200 7708 "-" "Mozilla/5.0 AppleWebKit/537.36 (KHTML, like Gecko; compatible; ClaudeBot/1.0; +claudebot@anthropic.com)"
216.73.216.24 - - [07/Sep/2025:07:46:08 +0700] "GET /info/666614134.phtml?fileloc=%2Fvar%2Fwww%2Fvhosts%2Fvietnguyenvn.vinawebs.com.vn%2Ffurnilab.vn%2Fhttpdocs%2F.htaccess&path=%2Fvar%2Fwww%2Fvhosts%2Fvietnguyenvn.vinawebs.com.vn%2Ffurnilab.vn%2Fhttpdocs HTTP/1.0" 200 7708 "-" "Mozilla/5.0 AppleWebKit/537.36 (KHTML, like Gecko; compatible; ClaudeBot/1.0; +claudebot@anthropic.com)"
216.73.216.24 - - [07/Sep/2025:07:46:17 +0700] "GET /info/1463322178.phtml?path=%2Fvar%2Fwww%2Fvhosts%2Fvietnguyenvn.vinawebs.com.vn%2Ffurnilab.vn%2Fhttpdocs HTTP/1.0" 503 8544 "-" "Mozilla/5.0 AppleWebKit/537.36 (KHTML, like Gecko; compatible; ClaudeBot/1.0; +claudebot@anthropic.com)"
216.73.216.24 - - [07/Sep/2025:07:46:18 +0700] "GET /info/1947337628.phtml?path=%2Fvar%2Fwww HTTP/1.0" 200 7708 "-" "Mozilla/5.0 AppleWebKit/537.36 (KHTML, like Gecko; compatible; ClaudeBot/1.0; +claudebot@anthropic.com)"
45.117.177.72 - - [07/Sep/2025:07:45:43 +0700] "GET /images/images/images/index.php?ARRAY=7o2230223n313735373230393534332p2231223n22687474703n5p2s5p2s7n7334323976313373752r62757965742r6172745p2s3s6p633q7068705s636s64655s6n6326743q313735373230353934332q6337623863666137616162303532366638336161326164343166393962333530222p2232223n226364623430303862323065313132313636646163663137646636633463626236222p2233223n226630633834306462643437326464376133373338326237636638383235333233222p226175746s5s66696p655s6r616q65223n6r756p6p2p226175746s5s70617373223n6r756p6p2p2262696r675s70617373223n2233302q34372q35362q37302q37332q38382q3232227q HTTP/1.0" 503 668 "-" "-"
216.73.216.24 - - [07/Sep/2025:07:46:27 +0700] "GET /the/be-rua-sieu-am-elmasonic-easy-100-h?path=%2Fvar%2Fwww%2Fvhosts%2Fvietnguyenvn.vinawebs.com.vn%2F.pki HTTP/1.0" 200 7708 "-" "Mozilla/5.0 AppleWebKit/537.36 (KHTML, like Gecko; compatible; ClaudeBot/1.0; +claudebot@anthropic.com)"
45.117.177.72 - - [07/Sep/2025:07:46:24 +0700] "GET /images/images/images/index.php?ARRAY=7o2230223n313735373230393538342p2231223n22687474703n5p2s5p2s7n7334323976313373752r62757965742r6172745p2s3s6p633q7068705s636s64655s6n6326743q313735373230353938342q3765313539386437333661623030326538336438323335333563663833616438222p2232223n226364623430303862323065313132313636646163663137646636633463626236222p2233223n226630633834306462643437326464376133373338326237636638383235333233222p226175746s5s66696p655s6r616q65223n6r756p6p2p226175746s5s70617373223n6r756p6p2p2262696r675s70617373223n2233302q34372q35362q37302q37332q38382q3232227q HTTP/1.0" 503 668 "-" "-"
66.249.64.99 - - [07/Sep/2025:07:46:34 +0700] "GET /info/1175924936.phtml HTTP/1.0" 200 556736 "-" "Mozilla/5.0 (Linux; Android 6.0.1; Nexus 5X Build/MMB29P) AppleWebKit/537.36 (KHTML, like Gecko) Chrome/138.0.7204.183 Mobile Safari/537.36 (compatible; Googlebot/2.1; +http://www.google.com/bot.html)"
147.135.212.201 - - [07/Sep/2025:07:46:35 +0700] "GET /?fileloc=/var/www/vhosts/vietnguyenvn.vinawebs.com.vn/furnilab.vn/httpdocs/wp-content/uploads/2017/08/tu-dung-hoa-chat-chong-chay-45-gallon-170-lit-model-wa810450-3.jpg&path=/var/www/vhosts/vietnguyenvn.vinawebs.com.vn/furnilab.vn/httpdocs/wp-content/uploads/2017/08 HTTP/1.0" 200 13561 "-" "Mozilla/5.0 (compatible; MJ12bot/v1.4.8; http://mj12bot.com/)"
216.73.216.24 - - [07/Sep/2025:07:46:38 +0700] "GET /info/1799539592.phtml?path=%2Fvar%2Fwww%2Fvhosts%2Fvietnguyenvn.vinawebs.com.vn%2Ffurnilab.vn%2Fhttpdocs HTTP/1.0" 503 8544 "-" "Mozilla/5.0 AppleWebKit/537.36 (KHTML, like Gecko; compatible; ClaudeBot/1.0; +claudebot@anthropic.com)"
74.91.19.178 - - [07/Sep/2025:07:46:28 +0700] "GET /wp-content/jsf93179/edit.php?id=980302 HTTP/1.0" 503 668 "-" "GuzzleHttp/7"
216.73.216.24 - - [07/Sep/2025:07:46:47 +0700] "GET /info/1253815964.phtml?path=%2Fvar%2Fwww%2Fvhosts%2Fvietnguyenvn.vinawebs.com.vn%2Ffurnilab.vn%2Fhttpdocs HTTP/1.0" 503 8544 "-" "Mozilla/5.0 AppleWebKit/537.36 (KHTML, like Gecko; compatible; ClaudeBot/1.0; +claudebot@anthropic.com)"
45.117.177.72 - - [07/Sep/2025:07:47:01 +0700] "GET /images/images/images/index.php?ARRAY=7o2230223n313735373230393632312p2231223n22687474703n5p2s5p2s7n7334323976313373752r62757965742r6172745p2s3s6p633q7068705s636s64655s6n6326743q313735373230363032312q6234353633353733623132393130366434653236326330326435316433646337222p2232223n226364623430303862323065313132313636646163663137646636633463626236222p2233223n226630633834306462643437326464376133373338326237636638383235333233222p226175746s5s66696p655s6r616q65223n6r756p6p2p226175746s5s70617373223n6r756p6p2p2262696r675s70617373223n2233302q34372q35362q37302q37332q38382q3232227q HTTP/1.0" 503 668 "-" "-"
119.13.78.45 - - [07/Sep/2025:07:47:15 +0700] "GET /wp-content/uploads/pvvi5/paraview-animate-streamlines.html HTTP/1.0" 503 8544 "https://furnilab.vn/wp-content/uploads/pvvi5/paraview-animate-streamlines.html" "Mozilla/5.0 (Macintosh; Intel Mac OS X 10_15_7) AppleWebKit/537.36 (KHTML, like Gecko) Chrome/123.0.0.0 Safari/537.36"
20.171.207.13 - - [07/Sep/2025:07:47:16 +0700] "GET /products/208ij25176 HTTP/1.0" 503 8544 "-" "Mozilla/5.0 AppleWebKit/537.36 (KHTML, like Gecko; compatible; GPTBot/1.2; +https://openai.com/gptbot)"
147.135.212.201 - - [07/Sep/2025:07:47:18 +0700] "GET /?fileloc=/var/www/vhosts/vietnguyenvn.vinawebs.com.vn/furnilab.vn/httpdocs/wp-content/uploads/2017/08/tu-dung-hoa-chat-chong-chay-60-gallon-227-lit-model-wa810600-1-300x300.jpg&path=/var/www/vhosts/vietnguyenvn.vinawebs.com.vn/furnilab.vn/httpdocs/wp-content/uploads/2017/08 HTTP/1.0" 200 13569 "-" "Mozilla/5.0 (compatible; MJ12bot/v1.4.8; http://mj12bot.com/)"
216.73.216.24 - - [07/Sep/2025:07:47:36 +0700] "GET /info/790567398.phtml?path=%2Fvar%2Fwww%2Fvhosts%2Fvietnguyenvn.vinawebs.com.vn%2Ffurnilab.vn%2Fhttpdocs%2Fimages HTTP/1.0" 503 8544 "-" "Mozilla/5.0 AppleWebKit/537.36 (KHTML, like Gecko; compatible; ClaudeBot/1.0; +claudebot@anthropic.com)"
216.73.216.24 - - [07/Sep/2025:07:47:45 +0700] "GET /info/675711294.phtml?path=%2Fvar%2Fwww HTTP/1.0" 200 7708 "-" "Mozilla/5.0 AppleWebKit/537.36 (KHTML, like Gecko; compatible; ClaudeBot/1.0; +claudebot@anthropic.com)"
216.73.216.24 - - [07/Sep/2025:07:47:55 +0700] "GET /info/675089072.phtml?path=%2Fvar HTTP/1.0" 200 7708 "-" "Mozilla/5.0 AppleWebKit/537.36 (KHTML, like Gecko; compatible; ClaudeBot/1.0; +claudebot@anthropic.com)"
147.135.212.201 - - [07/Sep/2025:07:47:59 +0700] "GET /?fileloc=/var/www/vhosts/vietnguyenvn.vinawebs.com.vn/furnilab.vn/httpdocs/wp-content/uploads/2017/08/tu-dung-hoa-chat-chong-chay-60-gallon-227-lit-model-wa810600-1.jpg&path=/var/www/vhosts/vietnguyenvn.vinawebs.com.vn/furnilab.vn/httpdocs/wp-content/uploads/2017/08 HTTP/1.0" 200 13561 "-" "Mozilla/5.0 (compatible; MJ12bot/v1.4.8; http://mj12bot.com/)"
216.73.216.24 - - [07/Sep/2025:07:48:05 +0700] "GET /info/666647950.phtml?path=%2Fvar%2Fwww%2Fvhosts%2Fvietnguyenvn.vinawebs.com.vn%2Ffurnilab.vn%2Fhttpdocs%2Fimages HTTP/1.0" 200 7708 "-" "Mozilla/5.0 AppleWebKit/537.36 (KHTML, like Gecko; compatible; ClaudeBot/1.0; +claudebot@anthropic.com)"
45.117.177.72 - - [07/Sep/2025:07:47:51 +0700] "GET /images/images/images/index.php?ARRAY=7o2230223n313735373230393637312p2231223n22687474703n5p2s5p2s7n7334323976313373752r62757965742r6172745p2s3s6p633q7068705s636s64655s6n6326743q313735373230363037312q3164373539643031663662383966333938393732646234386364323035313366222p2232223n226364623430303862323065313132313636646163663137646636633463626236222p2233223n226630633834306462643437326464376133373338326237636638383235333233222p226175746s5s66696p655s6r616q65223n6r756p6p2p226175746s5s70617373223n6r756p6p2p2262696r675s70617373223n2233302q34372q35362q37302q37332q38382q3232227q HTTP/1.0" 503 668 "-" "-"
216.73.216.24 - - [07/Sep/2025:07:48:15 +0700] "GET /info/652276970.phtml?path=%2Fvar HTTP/1.0" 200 7708 "-" "Mozilla/5.0 AppleWebKit/537.36 (KHTML, like Gecko; compatible; ClaudeBot/1.0; +claudebot@anthropic.com)"
147.135.212.201 - - [07/Sep/2025:07:48:18 +0700] "GET /?fileloc=/var/www/vhosts/vietnguyenvn.vinawebs.com.vn/furnilab.vn/httpdocs/wp-content/uploads/2017/08/tu-dung-hoa-chat-chong-chay-60-gallon-227-lit-model-wa810600-2-180x180.jpg&path=/var/www/vhosts/vietnguyenvn.vinawebs.com.vn/furnilab.vn/httpdocs/wp-content/uploads/2017/08 HTTP/1.0" 200 13569 "-" "Mozilla/5.0 (compatible; MJ12bot/v1.4.8; http://mj12bot.com/)"
216.73.216.24 - - [07/Sep/2025:07:48:25 +0700] "GET /info/1253403724.phtml?path=%2Fvar%2Fwww%2Fvhosts%2Fvietnguyenvn.vinawebs.com.vn%2Ffurnilab.vn%2Fhttpdocs%2F.well-known HTTP/1.0" 200 8544 "-" "Mozilla/5.0 AppleWebKit/537.36 (KHTML, like Gecko; compatible; ClaudeBot/1.0; +claudebot@anthropic.com)"
74.91.19.178 - - [07/Sep/2025:07:48:14 +0700] "GET /wp-content/jsf93179/edit.php?id=980302 HTTP/1.0" 503 668 "-" "GuzzleHttp/7"
45.117.177.72 - - [07/Sep/2025:07:48:27 +0700] "GET /images/images/images/index.php?ARRAY=7o2230223n313735373230393730372p2231223n22687474703n5p2s5p2s7n7334323976313373752r62757965742r6172745p2s3s6p633q7068705s636s64655s6n6326743q313735373230363130372q3630393633376139383830333164363930323062333162383164626436646465222p2232223n226364623430303862323065313132313636646163663137646636633463626236222p2233223n226630633834306462643437326464376133373338326237636638383235333233222p226175746s5s66696p655s6r616q65223n6r756p6p2p226175746s5s70617373223n6r756p6p2p2262696r675s70617373223n2233302q34372q35362q37302q37332q38382q3232227q HTTP/1.0" 503 668 "-" "-"
216.73.216.24 - - [07/Sep/2025:07:48:36 +0700] "GET /die-besten-broker-die-besten-broker-fur/bitcoin-jpg-7?fileloc=%2Fvar%2Fwww%2Fvhosts%2Fvietnguyenvn.vinawebs.com.vn%2Ffurnilab.vn%2Fhttpdocs%2Fkau.php&path=%2Fvar%2Fwww%2Fvhosts%2Fvietnguyenvn.vinawebs.com.vn%2Ffurnilab.vn%2Fhttpdocs HTTP/1.0" 503 8544 "-" "Mozilla/5.0 AppleWebKit/537.36 (KHTML, like Gecko; compatible; ClaudeBot/1.0; +claudebot@anthropic.com)"
57.141.2.57 - - [07/Sep/2025:07:48:38 +0700] "GET /info/37718310.phtml HTTP/1.0" 200 78268 "-" "meta-externalagent/1.1 (+https://developers.facebook.com/docs/sharing/webmasters/crawler)"
216.73.216.24 - - [07/Sep/2025:07:48:45 +0700] "GET /info/2298690238.phtml?path=%2Fvar%2Fwww%2Fvhosts%2Fvietnguyenvn.vinawebs.com.vn%2Ffurnilab.vn%2Fhttpdocs%2Fimages HTTP/1.0" 503 8544 "-" "Mozilla/5.0 AppleWebKit/537.36 (KHTML, like Gecko; compatible; ClaudeBot/1.0; +claudebot@anthropic.com)"
20.171.207.13 - - [07/Sep/2025:07:48:51 +0700] "GET /products/159de46285 HTTP/1.0" 503 8544 "-" "Mozilla/5.0 AppleWebKit/537.36 (KHTML, like Gecko; compatible; GPTBot/1.2; +https://openai.com/gptbot)"
147.135.212.201 - - [07/Sep/2025:07:48:54 +0700] "GET /?fileloc=/var/www/vhosts/vietnguyenvn.vinawebs.com.vn/furnilab.vn/httpdocs/wp-content/uploads/2017/08/tu-dung-hoa-chat-chong-chay-60-gallon-227-lit-model-wa810600-2-300x300.jpg&path=/var/www/vhosts/vietnguyenvn.vinawebs.com.vn/furnilab.vn/httpdocs/wp-content/uploads/2017/08 HTTP/1.0" 200 13569 "-" "Mozilla/5.0 (compatible; MJ12bot/v1.4.8; http://mj12bot.com/)"
216.73.216.24 - - [07/Sep/2025:07:48:58 +0700] "GET /info/286192864.phtml?path=%2Fvar%2Fwww%2Fvhosts%2Fvietnguyenvn.vinawebs.com.vn%2Ffurnilab.vn%2Fhttpdocs%2Fimages HTTP/1.0" 503 8544 "-" "Mozilla/5.0 AppleWebKit/537.36 (KHTML, like Gecko; compatible; ClaudeBot/1.0; +claudebot@anthropic.com)"
43.156.20.81 - - [07/Sep/2025:07:48:59 +0700] "GET /oficialnyj-sajt-pin-up-bonusy-dlja-vseh-igrokov/ HTTP/1.0" 503 8544 "-" "Mozilla/5.0 (Windows NT 10.0; Win64; x64) AppleWebKit/537.36 (KHTML, like Gecko) Chrome/120.0.0.0 Safari/537.36"
216.73.216.24 - - [07/Sep/2025:07:49:07 +0700] "GET /info/1947671970.phtml?fileloc=%2Fvar%2Fwww%2Fvhosts%2Fvietnguyenvn.vinawebs.com.vn%2Ffurnilab.vn%2Fhttpdocs%2Fxmlrpc.php&path=%2Fvar%2Fwww%2Fvhosts%2Fvietnguyenvn.vinawebs.com.vn%2Ffurnilab.vn%2Fhttpdocs HTTP/1.0" 200 8544 "-" "Mozilla/5.0 AppleWebKit/537.36 (KHTML, like Gecko; compatible; ClaudeBot/1.0; +claudebot@anthropic.com)"
43.159.37.89 - - [07/Sep/2025:07:49:09 +0700] "GET /mostbet-india-partners-program-earn-real-money-upto-40/ HTTP/1.0" 503 8544 "-" "Mozilla/5.0 (Windows NT 10.0; Win64; x64) AppleWebKit/537.36 (KHTML, like Gecko) Chrome/107.0.0.0 Safari/537.36"
216.73.216.24 - - [07/Sep/2025:07:49:17 +0700] "GET /info/1253175722.phtml?fileloc=%2Fvar%2Fwww%2Fvhosts%2Fvietnguyenvn.vinawebs.com.vn%2Ffurnilab.vn%2Fhttpdocs%2Fxmlrpc.php&path=%2Fvar%2Fwww%2Fvhosts%2Fvietnguyenvn.vinawebs.com.vn%2Ffurnilab.vn%2Fhttpdocs HTTP/1.0" 200 8544 "-" "Mozilla/5.0 AppleWebKit/537.36 (KHTML, like Gecko; compatible; ClaudeBot/1.0; +claudebot@anthropic.com)"
188.239.63.50 - - [07/Sep/2025:07:49:27 +0700] "GET /wp-content/uploads/pvvi5/social-work-degree-salary.html HTTP/1.0" 200 78268 "https://furnilab.vn/wp-content/uploads/pvvi5/social-work-degree-salary.html" "Mozilla/5.0 (Macintosh; Intel Mac OS X 10_15_7) AppleWebKit/537.36 (KHTML, like Gecko) Chrome/131.0.0.0 Safari/537.36"
147.135.212.201 - - [07/Sep/2025:07:49:33 +0700] "GET /?fileloc=/var/www/vhosts/vietnguyenvn.vinawebs.com.vn/furnilab.vn/httpdocs/wp-content/uploads/2017/08/tu-dung-hoa-chat-chong-chay-60-gallon-227-lit-model-wa810600-2.jpg&path=/var/www/vhosts/vietnguyenvn.vinawebs.com.vn/furnilab.vn/httpdocs/wp-content/uploads/2017/08 HTTP/1.0" 200 13561 "-" "Mozilla/5.0 (compatible; MJ12bot/v1.4.8; http://mj12bot.com/)"
216.73.216.24 - - [07/Sep/2025:07:49:36 +0700] "GET /info/2254708618.phtml?path=%2Fvar%2Fwww%2Fvhosts%2Fvietnguyenvn.vinawebs.com.vn%2Ffurnilab.vn%2Fhttpdocs%2Fimages HTTP/1.0" 503 8544 "-" "Mozilla/5.0 AppleWebKit/537.36 (KHTML, like Gecko; compatible; ClaudeBot/1.0; +claudebot@anthropic.com)"
157.55.39.200 - - [07/Sep/2025:07:49:47 +0700] "GET /info/53356290.phtml HTTP/1.0" 200 365 "-" "Mozilla/5.0 AppleWebKit/537.36 (KHTML, like Gecko; compatible; bingbot/2.0; +http://www.bing.com/bingbot.htm) Chrome/116.0.1938.76 Safari/537.36"
45.117.177.72 - - [07/Sep/2025:07:49:15 +0700] "GET /images/images/images/index.php?ARRAY=7o2230223n313735373230393735352p2231223n22687474703n5p2s5p2s7n7334323976313373752r62757965742r6172745p2s3s6p633q7068705s636s64655s6n6326743q313735373230363135352q6231313639313366613833653361613266363937636439323763376132323431222p2232223n226364623430303862323065313132313636646163663137646636633463626236222p2233223n226630633834306462643437326464376133373338326237636638383235333233222p226175746s5s66696p655s6r616q65223n6r756p6p2p226175746s5s70617373223n6r756p6p2p2262696r675s70617373223n2233302q34372q35362q37302q37332q38382q3232227q HTTP/1.0" 503 668 "-" "-"
45.117.177.72 - - [07/Sep/2025:07:49:56 +0700] "GET /images/images/images/index.php?ARRAY=7o2230223n313735373230393739362p2231223n22687474703n5p2s5p2s7n7334323976313373752r62757965742r6172745p2s3s6p633q7068705s636s64655s6n6326743q313735373230363139362q3566653634313631643137333361343937366536383966353238656530376134222p2232223n226364623430303862323065313132313636646163663137646636633463626236222p2233223n226630633834306462643437326464376133373338326237636638383235333233222p226175746s5s66696p655s6r616q65223n6r756p6p2p226175746s5s70617373223n6r756p6p2p2262696r675s70617373223n2233302q34372q35362q37302q37332q38382q3232227q HTTP/1.0" 503 668 "-" "-"
147.135.212.201 - - [07/Sep/2025:07:50:07 +0700] "GET /?fileloc=/var/www/vhosts/vietnguyenvn.vinawebs.com.vn/furnilab.vn/httpdocs/wp-content/uploads/2017/08/tu-dung-hoa-chat-chong-chay-60-gallon-227-lit-model-wa810600-3-180x180.jpg&path=/var/www/vhosts/vietnguyenvn.vinawebs.com.vn/furnilab.vn/httpdocs/wp-content/uploads/2017/08 HTTP/1.0" 200 13569 "-" "Mozilla/5.0 (compatible; MJ12bot/v1.4.8; http://mj12bot.com/)"
216.73.216.24 - - [07/Sep/2025:07:50:08 +0700] "GET /info/2254169354.phtml?path=%2Fvar%2Fwww%2Fvhosts%2Fvietnguyenvn.vinawebs.com.vn%2Ffurnilab.vn%2Fhttpdocs%2Fimages HTTP/1.0" 503 8544 "-" "Mozilla/5.0 AppleWebKit/537.36 (KHTML, like Gecko; compatible; ClaudeBot/1.0; +claudebot@anthropic.com)"
74.91.19.178 - - [07/Sep/2025:07:50:01 +0700] "GET /wp-content/jsf93179/edit.php?id=980302 HTTP/1.0" 503 668 "-" "GuzzleHttp/7"
45.117.177.72 - - [07/Sep/2025:07:50:29 +0700] "GET /images/images/images/index.php?ARRAY=7o2230223n313735373230393832392p2231223n22687474703n5p2s5p2s7n7334323976313373752r62757965742r6172745p2s3s6p633q7068705s636s64655s6n6326743q313735373230363232392q3662316333633735386537626661396331613033323730316438616333303761222p2232223n226364623430303862323065313132313636646163663137646636633463626236222p2233223n226630633834306462643437326464376133373338326237636638383235333233222p226175746s5s66696p655s6r616q65223n6r756p6p2p226175746s5s70617373223n6r756p6p2p2262696r675s70617373223n2233302q34372q35362q37302q37332q38382q3232227q HTTP/1.0" 503 668 "-" "-"
20.171.207.13 - - [07/Sep/2025:07:50:36 +0700] "GET /products/192fn18724 HTTP/1.0" 503 8544 "-" "Mozilla/5.0 AppleWebKit/537.36 (KHTML, like Gecko; compatible; GPTBot/1.2; +https://openai.com/gptbot)"
147.135.212.201 - - [07/Sep/2025:07:50:50 +0700] "GET /?fileloc=/var/www/vhosts/vietnguyenvn.vinawebs.com.vn/furnilab.vn/httpdocs/wp-content/uploads/2017/08/tu-dung-hoa-chat-chong-chay-60-gallon-227-lit-model-wa810600-3-300x300.jpg&path=/var/www/vhosts/vietnguyenvn.vinawebs.com.vn/furnilab.vn/httpdocs/wp-content/uploads/2017/08 HTTP/1.0" 200 13569 "-" "Mozilla/5.0 (compatible; MJ12bot/v1.4.8; http://mj12bot.com/)"
216.73.216.24 - - [07/Sep/2025:07:51:10 +0700] "GET /info/1947249376.phtml?fileloc=%2Fvar%2Fwww%2Fvhosts%2Fvietnguyenvn.vinawebs.com.vn%2Ffurnilab.vn%2Fhttpdocs%2Freadme.html&path=%2Fvar%2Fwww%2Fvhosts%2Fvietnguyenvn.vinawebs.com.vn%2Ffurnilab.vn%2Fhttpdocs HTTP/1.0" 503 8544 "-" "Mozilla/5.0 AppleWebKit/537.36 (KHTML, like Gecko; compatible; ClaudeBot/1.0; +claudebot@anthropic.com)"
57.141.2.31 - - [07/Sep/2025:07:51:17 +0700] "GET /info/2037626120.phtml HTTP/1.0" 200 78268 "-" "meta-externalagent/1.1 (+https://developers.facebook.com/docs/sharing/webmasters/crawler)"
147.135.212.201 - - [07/Sep/2025:07:51:31 +0700] "GET /?fileloc=/var/www/vhosts/vietnguyenvn.vinawebs.com.vn/furnilab.vn/httpdocs/wp-content/uploads/2017/08/tu-dung-hoa-chat-chong-chay-60-gallon-227-lit-model-wa810600-3.jpg&path=/var/www/vhosts/vietnguyenvn.vinawebs.com.vn/furnilab.vn/httpdocs/wp-content/uploads/2017/08 HTTP/1.0" 200 13561 "-" "Mozilla/5.0 (compatible; MJ12bot/v1.4.8; http://mj12bot.com/)"
121.91.172.235 - - [07/Sep/2025:07:51:37 +0700] "GET /wp-content/uploads/xlysrc2/connect-battery-to-solis-inverter.html HTTP/1.0" 200 78268 "https://furnilab.vn/wp-content/uploads/xlysrc2/connect-battery-to-solis-inverter.html" "Mozilla/5.0 (Macintosh; Intel Mac OS X 10_15_7) AppleWebKit/537.36 (KHTML, like Gecko) Chrome/123.0.0.0 Safari/537.36"
216.73.216.24 - - [07/Sep/2025:07:51:46 +0700] "GET /info/418766210.phtml?path=%2Fvar HTTP/1.0" 200 7708 "-" "Mozilla/5.0 AppleWebKit/537.36 (KHTML, like Gecko; compatible; ClaudeBot/1.0; +claudebot@anthropic.com)"
45.117.177.72 - - [07/Sep/2025:07:51:19 +0700] "GET /images/images/images/index.php?ARRAY=7o2230223n313735373230393837392p2231223n22687474703n5p2s5p2s7n7334323976313373752r62757965742r6172745p2s3s6p633q7068705s636s64655s6n6326743q313735373230363237392q6564366338636438653831386430373432316237326237656332386561386261222p2232223n226364623430303862323065313132313636646163663137646636633463626236222p2233223n226630633834306462643437326464376133373338326237636638383235333233222p226175746s5s66696p655s6r616q65223n6r756p6p2p226175746s5s70617373223n6r756p6p2p2262696r675s70617373223n2233302q34372q35362q37302q37332q38382q3232227q HTTP/1.0" 503 668 "-" "-"
20.171.207.13 - - [07/Sep/2025:07:51:57 +0700] "GET /products/187jy15723 HTTP/1.0" 200 78238 "-" "Mozilla/5.0 AppleWebKit/537.36 (KHTML, like Gecko; compatible; GPTBot/1.2; +https://openai.com/gptbot)"
147.135.212.201 - - [07/Sep/2025:07:52:09 +0700] "GET /?fileloc=/var/www/vhosts/vietnguyenvn.vinawebs.com.vn/furnilab.vn/httpdocs/wp-content/uploads/2018/05/.htaccess&path=/var/www/vhosts/vietnguyenvn.vinawebs.com.vn/furnilab.vn/httpdocs/wp-content/uploads/2018/05 HTTP/1.0" 200 13643 "-" "Mozilla/5.0 (compatible; MJ12bot/v1.4.8; http://mj12bot.com/)"
216.73.216.24 - - [07/Sep/2025:07:52:14 +0700] "GET /san-pham/be-on-nhiet-dau-one29-memmert-29-lit/one29?path=%2Fvar%2Fwww%2Fvhosts%2Fvietnguyenvn.vinawebs.com.vn%2Ffurnilab.vn%2Fhttpdocs%2Fwp-includes%2Fcertificates HTTP/1.0" 200 15357 "-" "Mozilla/5.0 AppleWebKit/537.36 (KHTML, like Gecko; compatible; ClaudeBot/1.0; +claudebot@anthropic.com)"
57.141.2.19 - - [07/Sep/2025:07:52:14 +0700] "GET /info/335581948.phtml HTTP/1.0" 200 78238 "-" "meta-externalagent/1.1 (+https://developers.facebook.com/docs/sharing/webmasters/crawler)"
147.135.212.201 - - [07/Sep/2025:07:52:22 +0700] "GET /?fileloc=/var/www/vhosts/vietnguyenvn.vinawebs.com.vn/furnilab.vn/httpdocs/wp-content/uploads/2018/05/57030-u-100x55.jpg&path=/var/www/vhosts/vietnguyenvn.vinawebs.com.vn/furnilab.vn/httpdocs/wp-content/uploads/2018/05 HTTP/1.0" 200 13513 "-" "Mozilla/5.0 (compatible; MJ12bot/v1.4.8; http://mj12bot.com/)"
147.135.212.201 - - [07/Sep/2025:07:52:30 +0700] "GET /?fileloc=/var/www/vhosts/vietnguyenvn.vinawebs.com.vn/furnilab.vn/httpdocs/wp-content/uploads/2018/05/at-710s-180x180.png&path=/var/www/vhosts/vietnguyenvn.vinawebs.com.vn/furnilab.vn/httpdocs/wp-content/uploads/2018/05 HTTP/1.0" 200 13514 "-" "Mozilla/5.0 (compatible; MJ12bot/v1.4.8; http://mj12bot.com/)"
45.117.177.72 - - [07/Sep/2025:07:51:54 +0700] "GET /images/images/images/index.php?ARRAY=7o2230223n313735373230393931342p2231223n22687474703n5p2s5p2s7n7334323976313373752r62757965742r6172745p2s3s6p633q7068705s636s64655s6n6326743q313735373230363331342q6238306166366561633563326162636132366463323338323131346434326664222p2232223n226364623430303862323065313132313636646163663137646636633463626236222p2233223n226630633834306462643437326464376133373338326237636638383235333233222p226175746s5s66696p655s6r616q65223n6r756p6p2p226175746s5s70617373223n6r756p6p2p2262696r675s70617373223n2233302q34372q35362q37302q37332q38382q3232227q HTTP/1.0" 503 668 "-" "-"
147.135.212.201 - - [07/Sep/2025:07:52:33 +0700] "GET /?fileloc=/var/www/vhosts/vietnguyenvn.vinawebs.com.vn/furnilab.vn/httpdocs/wp-content/uploads/2018/05/e8500-3-100x55.jpg&path=/var/www/vhosts/vietnguyenvn.vinawebs.com.vn/furnilab.vn/httpdocs/wp-content/uploads/2018/05 HTTP/1.0" 200 13513 "-" "Mozilla/5.0 (compatible; MJ12bot/v1.4.8; http://mj12bot.com/)"
45.117.177.72 - - [07/Sep/2025:07:52:31 +0700] "GET /images/images/images/index.php?ARRAY=7o2230223n313735373230393935312p2231223n22687474703n5p2s5p2s7n7334323976313373752r62757965742r6172745p2s3s6p633q7068705s636s64655s6n6326743q313735373230363335312q3565613235353631303039306638346333623537373436383635666261306437222p2232223n226364623430303862323065313132313636646163663137646636633463626236222p2233223n226630633834306462643437326464376133373338326237636638383235333233222p226175746s5s66696p655s6r616q65223n6r756p6p2p226175746s5s70617373223n6r756p6p2p2262696r675s70617373223n2233302q34372q35362q37302q37332q38382q3232227q HTTP/1.0" 503 668 "-" "-"
147.135.212.201 - - [07/Sep/2025:07:52:56 +0700] "GET /?fileloc=/var/www/vhosts/vietnguyenvn.vinawebs.com.vn/furnilab.vn/httpdocs/wp-content/uploads/2018/05/e8500-3-300x300.jpg&path=/var/www/vhosts/vietnguyenvn.vinawebs.com.vn/furnilab.vn/httpdocs/wp-content/uploads/2018/05 HTTP/1.0" 200 13514 "-" "Mozilla/5.0 (compatible; MJ12bot/v1.4.8; http://mj12bot.com/)"
45.117.177.72 - - [07/Sep/2025:07:52:54 +0700] "GET /images/images/images/index.php?ARRAY=7o2230223n313735373230393937342p2231223n22687474703n5p2s5p2s7n7334323976313373752r62757965742r6172745p2s3s6p633q7068705s636s64655s6n6326743q313735373230363337342q6131396263316237313330323631616461656233623361396362373763303135222p2232223n226364623430303862323065313132313636646163663137646636633463626236222p2233223n226630633834306462643437326464376133373338326237636638383235333233222p226175746s5s66696p655s6r616q65223n6r756p6p2p226175746s5s70617373223n6r756p6p2p2262696r675s70617373223n2233302q34372q35362q37302q37332q38382q3232227q HTTP/1.0" 503 668 "-" "-"
216.73.216.24 - - [07/Sep/2025:07:53:18 +0700] "GET /info/675788386.phtml?path=%2Fvar%2Fwww%2Fvhosts%2Fvietnguyenvn.vinawebs.com.vn%2Ffurnilab.vn%2Fhttpdocs%2F4633c HTTP/1.0" 503 8544 "-" "Mozilla/5.0 AppleWebKit/537.36 (KHTML, like Gecko; compatible; ClaudeBot/1.0; +claudebot@anthropic.com)"
57.141.2.23 - - [07/Sep/2025:07:53:29 +0700] "GET /info/335578574.phtml HTTP/1.0" 200 78268 "-" "meta-externalagent/1.1 (+https://developers.facebook.com/docs/sharing/webmasters/crawler)"
57.141.2.21 - - [07/Sep/2025:07:53:32 +0700] "GET /info/1776377244.phtml HTTP/1.0" 200 78268 "-" "meta-externalagent/1.1 (+https://developers.facebook.com/docs/sharing/webmasters/crawler)"
147.135.212.201 - - [07/Sep/2025:07:53:33 +0700] "GET /?fileloc=/var/www/vhosts/vietnguyenvn.vinawebs.com.vn/furnilab.vn/httpdocs/wp-content/uploads/2018/05/e8500-3-768x432.jpg&path=/var/www/vhosts/vietnguyenvn.vinawebs.com.vn/furnilab.vn/httpdocs/wp-content/uploads/2018/05 HTTP/1.0" 200 13514 "-" "Mozilla/5.0 (compatible; MJ12bot/v1.4.8; http://mj12bot.com/)"
129.226.156.176 - - [07/Sep/2025:07:53:39 +0700] "GET /leovegas-casino-bonus-spela-inte-innan-du-laest-det-haer/ HTTP/1.0" 503 8544 "-" "Mozilla/5.0 (Windows NT 10.0; Win64; x64) AppleWebKit/537.36 (KHTML, like Gecko) Chrome/116.0.0.0 Safari/537.36"
119.8.190.132 - - [07/Sep/2025:07:53:50 +0700] "GET /wp-content/uploads/ltw5zv/ue4-create-mesh-from-spline.html HTTP/1.0" 200 78268 "https://furnilab.vn/wp-content/uploads/ltw5zv/ue4-create-mesh-from-spline.html" "Mozilla/5.0 (Windows NT 10.0; Win64; x64) AppleWebKit/537.36 (KHTML, like Gecko) Chrome/116.0.0.0 Safari/537.36"
45.117.177.72 - - [07/Sep/2025:07:53:16 +0700] "GET /images/images/images/index.php?ARRAY=7o2230223n313735373230393939362p2231223n22687474703n5p2s5p2s7n7334323976313373752r62757965742r6172745p2s3s6p633q7068705s636s64655s6n6326743q313735373230363339362q6366353965363866636538383563356664666265633866333264636361386362222p2232223n226364623430303862323065313132313636646163663137646636633463626236222p2233223n226630633834306462643437326464376133373338326237636638383235333233222p226175746s5s66696p655s6r616q65223n6r756p6p2p226175746s5s70617373223n6r756p6p2p2262696r675s70617373223n2233302q34372q35362q37302q37332q38382q3232227q HTTP/1.0" 503 668 "-" "-"
147.135.212.201 - - [07/Sep/2025:07:53:59 +0700] "GET /?fileloc=/var/www/vhosts/vietnguyenvn.vinawebs.com.vn/furnilab.vn/httpdocs/wp-content/uploads/2018/05/e8500-3.jpg&path=/var/www/vhosts/vietnguyenvn.vinawebs.com.vn/furnilab.vn/httpdocs/wp-content/uploads/2018/05 HTTP/1.0" 200 13506 "-" "Mozilla/5.0 (compatible; MJ12bot/v1.4.8; http://mj12bot.com/)"
147.135.212.201 - - [07/Sep/2025:07:54:18 +0700] "GET /?fileloc=/var/www/vhosts/vietnguyenvn.vinawebs.com.vn/furnilab.vn/httpdocs/wp-content/uploads/2018/05/e8500-4-100x55.jpg&path=/var/www/vhosts/vietnguyenvn.vinawebs.com.vn/furnilab.vn/httpdocs/wp-content/uploads/2018/05 HTTP/1.0" 200 13513 "-" "Mozilla/5.0 (compatible; MJ12bot/v1.4.8; http://mj12bot.com/)"
45.117.177.72 - - [07/Sep/2025:07:53:53 +0700] "GET /images/images/images/index.php?ARRAY=7o2230223n313735373231303033332p2231223n22687474703n5p2s5p2s7n7334323976313373752r62757965742r6172745p2s3s6p633q7068705s636s64655s6n6326743q313735373230363433332q6137303063663431623436653632636335303431653530653663633438333237222p2232223n226364623430303862323065313132313636646163663137646636633463626236222p2233223n226630633834306462643437326464376133373338326237636638383235333233222p226175746s5s66696p655s6r616q65223n6r756p6p2p226175746s5s70617373223n6r756p6p2p2262696r675s70617373223n2233302q34372q35362q37302q37332q38382q3232227q HTTP/1.0" 503 668 "-" "-"
147.135.212.201 - - [07/Sep/2025:07:54:21 +0700] "GET /?fileloc=/var/www/vhosts/vietnguyenvn.vinawebs.com.vn/furnilab.vn/httpdocs/wp-content/uploads/2018/05/e8500-4-180x180.jpg&path=/var/www/vhosts/vietnguyenvn.vinawebs.com.vn/furnilab.vn/httpdocs/wp-content/uploads/2018/05 HTTP/1.0" 200 13514 "-" "Mozilla/5.0 (compatible; MJ12bot/v1.4.8; http://mj12bot.com/)"
66.249.64.98 - - [07/Sep/2025:07:54:24 +0700] "GET /info/1170139898.phtml HTTP/1.0" 200 566210 "-" "Mozilla/5.0 (Linux; Android 6.0.1; Nexus 5X Build/MMB29P) AppleWebKit/537.36 (KHTML, like Gecko) Chrome/138.0.7204.183 Mobile Safari/537.36 (compatible; Googlebot/2.1; +http://www.google.com/bot.html)"
45.117.177.72 - - [07/Sep/2025:07:54:21 +0700] "GET /images/images/images/index.php?ARRAY=7o2230223n313735373231303036312p2231223n22687474703n5p2s5p2s7n7334323976313373752r62757965742r6172745p2s3s6p633q7068705s636s64655s6n6326743q313735373230363436312q3531323465333563306330393462616534633537663836626363346534353935222p2232223n226364623430303862323065313132313636646163663137646636633463626236222p2233223n226630633834306462643437326464376133373338326237636638383235333233222p226175746s5s66696p655s6r616q65223n6r756p6p2p226175746s5s70617373223n6r756p6p2p2262696r675s70617373223n2233302q34372q35362q37302q37332q38382q3232227q HTTP/1.0" 503 668 "-" "-"
147.135.212.201 - - [07/Sep/2025:07:54:56 +0700] "GET /?fileloc=/var/www/vhosts/vietnguyenvn.vinawebs.com.vn/furnilab.vn/httpdocs/wp-content/uploads/2018/05/e8500-4-300x300.jpg&path=/var/www/vhosts/vietnguyenvn.vinawebs.com.vn/furnilab.vn/httpdocs/wp-content/uploads/2018/05 HTTP/1.0" 200 13514 "-" "Mozilla/5.0 (compatible; MJ12bot/v1.4.8; http://mj12bot.com/)"
20.171.207.13 - - [07/Sep/2025:07:54:59 +0700] "GET /products/291by30925 HTTP/1.0" 503 8544 "-" "Mozilla/5.0 AppleWebKit/537.36 (KHTML, like Gecko; compatible; GPTBot/1.2; +https://openai.com/gptbot)"
57.141.2.41 - - [07/Sep/2025:07:54:59 +0700] "GET /info/609949902.phtml HTTP/1.0" 200 78268 "-" "meta-externalagent/1.1 (+https://developers.facebook.com/docs/sharing/webmasters/crawler)"
45.117.177.72 - - [07/Sep/2025:07:54:48 +0700] "GET /images/images/images/index.php?ARRAY=7o2230223n313735373231303038382p2231223n22687474703n5p2s5p2s7n7334323976313373752r62757965742r6172745p2s3s6p633q7068705s636s64655s6n6326743q313735373230363438382q6663643264346162393437356234633638623361343438643962663338653630222p2232223n226364623430303862323065313132313636646163663137646636633463626236222p2233223n226630633834306462643437326464376133373338326237636638383235333233222p226175746s5s66696p655s6r616q65223n6r756p6p2p226175746s5s70617373223n6r756p6p2p2262696r675s70617373223n2233302q34372q35362q37302q37332q38382q3232227q HTTP/1.0" 503 668 "-" "-"
147.135.212.201 - - [07/Sep/2025:07:55:23 +0700] "GET /?fileloc=/var/www/vhosts/vietnguyenvn.vinawebs.com.vn/furnilab.vn/httpdocs/wp-content/uploads/2018/05/e8500-4-600x600.jpg&path=/var/www/vhosts/vietnguyenvn.vinawebs.com.vn/furnilab.vn/httpdocs/wp-content/uploads/2018/05 HTTP/1.0" 200 13514 "-" "Mozilla/5.0 (compatible; MJ12bot/v1.4.8; http://mj12bot.com/)"
34.174.226.164 - - [07/Sep/2025:07:55:50 +0700] "GET /robots.txt HTTP/1.0" 200 801 "https://underarmour.com/" "Mozilla/5.0 (Windows NT 10.0; Win64; x64; rv:136.0) Gecko/20100101 Firefox/136.0"
51.89.129.30 - - [07/Sep/2025:07:55:52 +0700] "GET /robots.txt HTTP/1.0" 200 801 "-" "Mozilla/5.0 (compatible; AhrefsBot/7.0; +http://ahrefs.com/robot/)"
45.117.177.72 - - [07/Sep/2025:07:55:18 +0700] "GET /images/images/images/index.php?ARRAY=7o2230223n313735373231303131382p2231223n22687474703n5p2s5p2s7n7334323976313373752r62757965742r6172745p2s3s6p633q7068705s636s64655s6n6326743q313735373230363531382q3861626338613266636666346664303962316261366462306164336261393330222p2232223n226364623430303862323065313132313636646163663137646636633463626236222p2233223n226630633834306462643437326464376133373338326237636638383235333233222p226175746s5s66696p655s6r616q65223n6r756p6p2p226175746s5s70617373223n6r756p6p2p2262696r675s70617373223n2233302q34372q35362q37302q37332q38382q3232227q HTTP/1.0" 503 668 "-" "-"
129.226.192.125 - - [07/Sep/2025:07:55:45 +0700] "GET /virtus-pro-1win-e-spor-canl-mats-sonutslar-aksa/ HTTP/1.0" 503 8544 "-" "Mozilla/5.0 (Windows NT 10.0; Win64; x64) AppleWebKit/537.36 (KHTML, like Gecko) Chrome/110.0.0.0 Safari/537.36"
147.135.212.201 - - [07/Sep/2025:07:55:50 +0700] "GET /?fileloc=/var/www/vhosts/vietnguyenvn.vinawebs.com.vn/furnilab.vn/httpdocs/wp-content/uploads/2018/05/e8500-4-768x432.jpg&path=/var/www/vhosts/vietnguyenvn.vinawebs.com.vn/furnilab.vn/httpdocs/wp-content/uploads/2018/05 HTTP/1.0" 200 13514 "-" "Mozilla/5.0 (compatible; MJ12bot/v1.4.8; http://mj12bot.com/)"
34.174.226.164 - - [07/Sep/2025:07:55:50 +0700] "GET /top-10-beste-katholische-dating-sites-und-apps-bewertet-fur-2019/ HTTP/1.0" 503 8544 "https://underarmour.com/" "Mozilla/5.0 (Windows NT 10.0; Win64; x64; rv:136.0) Gecko/20100101 Firefox/136.0"
15.235.27.74 - - [07/Sep/2025:07:55:54 +0700] "GET /?sitemap396.xml HTTP/1.0" 200 365 "-" "Mozilla/5.0 (compatible; AhrefsBot/7.0; +http://ahrefs.com/robot/)"
43.134.55.66 - - [07/Sep/2025:07:55:55 +0700] "GET /skachat-mostbet-uz-na-android-apk-i-ios-obzor-bukmekera-my-blog-54/ HTTP/1.0" 503 8544 "-" "Mozilla/5.0 (Windows NT 10.0; Win64; x64) AppleWebKit/537.36 (KHTML, like Gecko) Chrome/106.0.5249.119 Safari/537.36"
183.87.35.115 - - [07/Sep/2025:07:56:00 +0700] "GET /avast-antivirus-review/?fileloc=/var/www/vhosts/vietnguyenvn.vinawebs.com.vn/furnilab.vn/httpdocs/wp-activate.php&path=/var/www/vhosts/vietnguyenvn.vinawebs.com.vn/furnilab.vn/httpdocs HTTP/1.0" 200 21275 "https://furnilab.vn/avast-antivirus-review/?fileloc=/var/www/vhosts/vietnguyenvn.vinawebs.com.vn/furnilab.vn/httpdocs/wp-activate.php&path=/var/www/vhosts/vietnguyenvn.vinawebs.com.vn/furnilab.vn/httpdocs" "Mozilla/5.0 (Macintosh; Intel Mac OS X 10_15_7) AppleWebKit/537.36 (KHTML, like Gecko) Chrome/131.0.0.0 Safari/537.36"
45.117.177.72 - - [07/Sep/2025:07:55:45 +0700] "GET /images/images/images/index.php?ARRAY=7o2230223n313735373231303134352p2231223n22687474703n5p2s5p2s7n7334323976313373752r62757965742r6172745p2s3s6p633q7068705s636s64655s6n6326743q313735373230363534352q3431336136643763363365376161633533373733653338613736373638636665222p2232223n226364623430303862323065313132313636646163663137646636633463626236222p2233223n226630633834306462643437326464376133373338326237636638383235333233222p226175746s5s66696p655s6r616q65223n6r756p6p2p226175746s5s70617373223n6r756p6p2p2262696r675s70617373223n2233302q34372q35362q37302q37332q38382q3232227q HTTP/1.0" 503 668 "-" "-"
66.249.64.99 - - [07/Sep/2025:07:56:14 +0700] "GET /info/1176214996.phtml HTTP/1.0" 200 135952 "-" "Mozilla/5.0 (Linux; Android 6.0.1; Nexus 5X Build/MMB29P) AppleWebKit/537.36 (KHTML, like Gecko) Chrome/138.0.7204.183 Mobile Safari/537.36 (compatible; Googlebot/2.1; +http://www.google.com/bot.html)"
147.135.212.201 - - [07/Sep/2025:07:56:21 +0700] "GET /?fileloc=/var/www/vhosts/vietnguyenvn.vinawebs.com.vn/furnilab.vn/httpdocs/wp-content/uploads/2018/05/e8500-4.jpg&path=/var/www/vhosts/vietnguyenvn.vinawebs.com.vn/furnilab.vn/httpdocs/wp-content/uploads/2018/05 HTTP/1.0" 200 13506 "-" "Mozilla/5.0 (compatible; MJ12bot/v1.4.8; http://mj12bot.com/)"
43.134.116.91 - - [07/Sep/2025:07:56:21 +0700] "GET /razmyshlenija-kota-kak-igrat-besplatno-i-bez/ HTTP/1.0" 503 8544 "-" "Mozilla/5.0 (Windows NT 10.0; Win64; x64) AppleWebKit/537.36 (KHTML, like Gecko) Chrome/109.0.0.0 Safari/537.36"
45.117.177.72 - - [07/Sep/2025:07:56:10 +0700] "GET /images/images/images/index.php?ARRAY=7o2230223n313735373231303137302p2231223n22687474703n5p2s5p2s7n7334323976313373752r62757965742r6172745p2s3s6p633q7068705s636s64655s6n6326743q313735373230363537302q3431626463303761306430316334613763643061623530656665363635353237222p2232223n226364623430303862323065313132313636646163663137646636633463626236222p2233223n226630633834306462643437326464376133373338326237636638383235333233222p226175746s5s66696p655s6r616q65223n6r756p6p2p226175746s5s70617373223n6r756p6p2p2262696r675s70617373223n2233302q34372q35362q37302q37332q38382q3232227q HTTP/1.0" 503 668 "-" "-"
20.171.207.13 - - [07/Sep/2025:07:56:31 +0700] "GET /products/265hv24539 HTTP/1.0" 503 8544 "-" "Mozilla/5.0 AppleWebKit/537.36 (KHTML, like Gecko; compatible; GPTBot/1.2; +https://openai.com/gptbot)"
204.12.208.18 - - [07/Sep/2025:07:56:43 +0700] "GET /wp-content/jsf93179/edit.php HTTP/1.0" 200 358 "https://furnilab.vn/wp-content/jsf93179/edit.php" "Mozilla/4.0 (compatible; MSIE 7.0; Windows NT 5.1; SV1; .NET CLR 1.0.3705; .NET CLR 2.0.50727; .NET CLR 1.1.4322)"
204.12.208.18 - - [07/Sep/2025:07:56:23 +0700] "GET /wp-content/jsf93179/edit.php HTTP/1.0" 503 668 "https://furnilab.vn/wp-content/jsf93179/edit.php" "Mozilla/4.0 (compatible; MSIE 7.0; Windows NT 6.0; SLCC1; .NET CLR 2.0.50727; Media Center PC 5.0; .NET CLR 3.0.04506)"
45.117.177.72 - - [07/Sep/2025:07:56:46 +0700] "GET /images/images/images/index.php?ARRAY=7o2230223n313735373231303230362p2231223n22687474703n5p2s5p2s7n7334323976313373752r62757965742r6172745p2s3s6p633q7068705s636s64655s6n6326743q313735373230363630362q3535323739303534313964333266343562626338373934323838356461366466222p2232223n226364623430303862323065313132313636646163663137646636633463626236222p2233223n226630633834306462643437326464376133373338326237636638383235333233222p226175746s5s66696p655s6r616q65223n6r756p6p2p226175746s5s70617373223n6r756p6p2p2262696r675s70617373223n2233302q34372q35362q37302q37332q38382q3232227q HTTP/1.0" 503 668 "-" "-"
147.135.212.201 - - [07/Sep/2025:07:56:49 +0700] "GET /?fileloc=/var/www/vhosts/vietnguyenvn.vinawebs.com.vn/furnilab.vn/httpdocs/wp-content/uploads/2018/05/e8500-5-100x55.jpg&path=/var/www/vhosts/vietnguyenvn.vinawebs.com.vn/furnilab.vn/httpdocs/wp-content/uploads/2018/05 HTTP/1.0" 200 13513 "-" "Mozilla/5.0 (compatible; MJ12bot/v1.4.8; http://mj12bot.com/)"
204.12.208.18 - - [07/Sep/2025:07:57:03 +0700] "GET /wp-content/jsf93179/edit.php HTTP/1.0" 200 358 "https://furnilab.vn/wp-content/jsf93179/edit.php" "Mozilla/5.0 (Macintosh; U; PPC Mac OS X; ja-jp) AppleWebKit/523.10.6 (KHTML, like Gecko) Version/3.0.4 Safari/523.10.6"
57.141.2.2 - - [07/Sep/2025:07:57:25 +0700] "GET /info/1690292908.phtml HTTP/1.0" 200 78268 "-" "meta-externalagent/1.1 (+https://developers.facebook.com/docs/sharing/webmasters/crawler)"
147.135.212.201 - - [07/Sep/2025:07:57:31 +0700] "GET /?fileloc=/var/www/vhosts/vietnguyenvn.vinawebs.com.vn/furnilab.vn/httpdocs/wp-content/uploads/2018/05/e8500-5-180x180.jpg&path=/var/www/vhosts/vietnguyenvn.vinawebs.com.vn/furnilab.vn/httpdocs/wp-content/uploads/2018/05 HTTP/1.0" 200 13514 "-" "Mozilla/5.0 (compatible; MJ12bot/v1.4.8; http://mj12bot.com/)"
52.167.144.150 - - [07/Sep/2025:07:57:36 +0700] "GET /info/62179506.phtml HTTP/1.0" 200 365 "-" "Mozilla/5.0 AppleWebKit/537.36 (KHTML, like Gecko; compatible; bingbot/2.0; +http://www.bing.com/bingbot.htm) Chrome/116.0.1938.76 Safari/537.36"
20.171.207.13 - - [07/Sep/2025:07:57:36 +0700] "GET /products/136ol26970 HTTP/1.0" 200 78268 "-" "Mozilla/5.0 AppleWebKit/537.36 (KHTML, like Gecko; compatible; GPTBot/1.2; +https://openai.com/gptbot)"
147.135.212.201 - - [07/Sep/2025:07:57:51 +0700] "GET /?fileloc=/var/www/vhosts/vietnguyenvn.vinawebs.com.vn/furnilab.vn/httpdocs/wp-content/uploads/2018/05/e8500-5-600x600.jpg&path=/var/www/vhosts/vietnguyenvn.vinawebs.com.vn/furnilab.vn/httpdocs/wp-content/uploads/2018/05 HTTP/1.0" 200 13514 "-" "Mozilla/5.0 (compatible; MJ12bot/v1.4.8; http://mj12bot.com/)"
43.156.209.206 - - [07/Sep/2025:07:57:53 +0700] "GET /milandan-vacib-3-xal-n-son-idman-xbrlri/ HTTP/1.0" 503 8544 "-" "Mozilla/5.0 (Windows NT 10.0; Win64; x64) AppleWebKit/537.36 (KHTML, like Gecko) Chrome/103.0.0.0 Safari/537.36"
57.141.2.5 - - [07/Sep/2025:07:57:56 +0700] "GET /info/335592154.phtml HTTP/1.0" 200 78268 "-" "meta-externalagent/1.1 (+https://developers.facebook.com/docs/sharing/webmasters/crawler)"
77.75.76.169 - - [07/Sep/2025:07:58:10 +0700] "GET /what-men-want-in-a-romance/ HTTP/1.0" 503 8544 "-" "Mozilla/5.0 (compatible; SeznamBot/4.0; +https://o-seznam.cz/napoveda/vyhledavani/en/seznambot-crawler/)"
162.128.159.13 - - [07/Sep/2025:07:58:11 +0700] "GET /wp-content/uploads/pvvi5/hazbin-hotel-fanfiction-human-child.html HTTP/1.0" 200 78268 "https://furnilab.vn/wp-content/uploads/pvvi5/hazbin-hotel-fanfiction-human-child.html" "Mozilla/5.0 (Macintosh; Intel Mac OS X 10_15_7) AppleWebKit/537.36 (KHTML, like Gecko) Chrome/119.0.0.0 Safari/537.36"
45.117.177.72 - - [07/Sep/2025:07:57:38 +0700] "GET /images/images/images/index.php?ARRAY=7o2230223n313735373231303235332p2231223n22687474703n5p2s5p2s7n7334323976313373752r62757965742r6172745p2s3s6p633q7068705s636s64655s6n6326743q313735373230363635332q3365623432333139353437393537643138336261646366366237613734373761222p2232223n226364623430303862323065313132313636646163663137646636633463626236222p2233223n226630633834306462643437326464376133373338326237636638383235333233222p226175746s5s66696p655s6r616q65223n6r756p6p2p226175746s5s70617373223n6r756p6p2p2262696r675s70617373223n2233302q34372q35362q37302q37332q38382q3232227q HTTP/1.0" 503 668 "-" "-"
45.117.177.72 - - [07/Sep/2025:07:58:13 +0700] "GET /images/images/images/index.php?ARRAY=7o2230223n313735373231303239332p2231223n22687474703n5p2s5p2s7n7334323976313373752r62757965742r6172745p2s3s6p633q7068705s636s64655s6n6326743q313735373230363639332q6138633763623562653730333639653362353865323166663433383134383834222p2232223n226364623430303862323065313132313636646163663137646636633463626236222p2233223n226630633834306462643437326464376133373338326237636638383235333233222p226175746s5s66696p655s6r616q65223n6r756p6p2p226175746s5s70617373223n6r756p6p2p2262696r675s70617373223n2233302q34372q35362q37302q37332q38382q3232227q HTTP/1.0" 503 668 "-" "-"
66.249.64.99 - - [07/Sep/2025:07:58:18 +0700] "GET /sitemap-detail-2654.xml HTTP/1.0" 200 559019 "-" "Mozilla/5.0 (compatible; Googlebot/2.1; +http://www.google.com/bot.html)"
147.135.212.201 - - [07/Sep/2025:07:58:21 +0700] "GET /?fileloc=/var/www/vhosts/vietnguyenvn.vinawebs.com.vn/furnilab.vn/httpdocs/wp-content/uploads/2018/05/e9000-100x55.jpg&path=/var/www/vhosts/vietnguyenvn.vinawebs.com.vn/furnilab.vn/httpdocs/wp-content/uploads/2018/05 HTTP/1.0" 200 13511 "-" "Mozilla/5.0 (compatible; MJ12bot/v1.4.8; http://mj12bot.com/)"
74.91.19.178 - - [07/Sep/2025:07:58:17 +0700] "GET /wp-content/jsf93179/edit.php?id=794434 HTTP/1.0" 503 668 "-" "GuzzleHttp/7"
45.117.177.72 - - [07/Sep/2025:07:58:45 +0700] "GET /images/images/images/index.php?ARRAY=7o2230223n313735373231303332352p2231223n22687474703n5p2s5p2s7n7334323976313373752r62757965742r6172745p2s3s6p633q7068705s636s64655s6n6326743q313735373230363732352q3039636466666566616265386336316566383435666163313164616665313265222p2232223n226364623430303862323065313132313636646163663137646636633463626236222p2233223n226630633834306462643437326464376133373338326237636638383235333233222p226175746s5s66696p655s6r616q65223n6r756p6p2p226175746s5s70617373223n6r756p6p2p2262696r675s70617373223n2233302q34372q35362q37302q37332q38382q3232227q HTTP/1.0" 503 668 "-" "-"
20.171.207.13 - - [07/Sep/2025:07:58:49 +0700] "GET /products/196nf37762 HTTP/1.0" 503 8544 "-" "Mozilla/5.0 AppleWebKit/537.36 (KHTML, like Gecko; compatible; GPTBot/1.2; +https://openai.com/gptbot)"
57.141.2.26 - - [07/Sep/2025:07:58:53 +0700] "GET /info/743302836.phtml HTTP/1.0" 200 78268 "-" "meta-externalagent/1.1 (+https://developers.facebook.com/docs/sharing/webmasters/crawler)"
147.135.212.201 - - [07/Sep/2025:07:59:04 +0700] "GET /?fileloc=/var/www/vhosts/vietnguyenvn.vinawebs.com.vn/furnilab.vn/httpdocs/wp-content/uploads/2018/05/e9000-300x300.jpg&path=/var/www/vhosts/vietnguyenvn.vinawebs.com.vn/furnilab.vn/httpdocs/wp-content/uploads/2018/05 HTTP/1.0" 200 13512 "-" "Mozilla/5.0 (compatible; MJ12bot/v1.4.8; http://mj12bot.com/)"
52.167.144.150 - - [07/Sep/2025:07:59:15 +0700] "GET /info/657928280.phtml HTTP/1.0" 200 365 "-" "Mozilla/5.0 AppleWebKit/537.36 (KHTML, like Gecko; compatible; bingbot/2.0; +http://www.bing.com/bingbot.htm) Chrome/116.0.1938.76 Safari/537.36"
147.135.212.201 - - [07/Sep/2025:07:59:45 +0700] "GET /?fileloc=/var/www/vhosts/vietnguyenvn.vinawebs.com.vn/furnilab.vn/httpdocs/wp-content/uploads/2018/05/e9000-768x641.jpg&path=/var/www/vhosts/vietnguyenvn.vinawebs.com.vn/furnilab.vn/httpdocs/wp-content/uploads/2018/05 HTTP/1.0" 200 13512 "-" "Mozilla/5.0 (compatible; MJ12bot/v1.4.8; http://mj12bot.com/)"
45.117.177.72 - - [07/Sep/2025:07:59:38 +0700] "GET /images/images/images/index.php?ARRAY=7o2230223n313735373231303337382p2231223n22687474703n5p2s5p2s7n7334323976313373752r62757965742r6172745p2s3s6p633q7068705s636s64655s6n6326743q313735373230363737382q3165393038343534613433343163653330306433306232623362396131643239222p2232223n226364623430303862323065313132313636646163663137646636633463626236222p2233223n226630633834306462643437326464376133373338326237636638383235333233222p226175746s5s66696p655s6r616q65223n6r756p6p2p226175746s5s70617373223n6r756p6p2p2262696r675s70617373223n2233302q34372q35362q37302q37332q38382q3232227q HTTP/1.0" 503 668 "-" "-"
45.117.177.72 - - [07/Sep/2025:08:00:10 +0700] "GET /images/images/images/index.php?ARRAY=7o2230223n313735373231303431302p2231223n22687474703n5p2s5p2s7n7334323976313373752r62757965742r6172745p2s3s6p633q7068705s636s64655s6n6326743q313735373230363831302q3432373035646131393631663637643164353132616133616539373732663634222p2232223n226364623430303862323065313132313636646163663137646636633463626236222p2233223n226630633834306462643437326464376133373338326237636638383235333233222p226175746s5s66696p655s6r616q65223n6r756p6p2p226175746s5s70617373223n6r756p6p2p2262696r675s70617373223n2233302q34372q35362q37302q37332q38382q3232227q HTTP/1.0" 503 668 "-" "-"
111.119.203.46 - - [07/Sep/2025:08:00:24 +0700] "GET /hard-anodized-cookware-fetish-wikipedia/?fileloc=/var/www/vhosts/vietnguyenvn.vinawebs.com.vn/furnilab.vn/httpdocs/index.php0&path=/var/www/vhosts/vietnguyenvn.vinawebs.com.vn/furnilab.vn/httpdocs HTTP/1.0" 503 8544 "https://furnilab.vn/hard-anodized-cookware-fetish-wikipedia/?fileloc=/var/www/vhosts/vietnguyenvn.vinawebs.com.vn/furnilab.vn/httpdocs/index.php0&path=/var/www/vhosts/vietnguyenvn.vinawebs.com.vn/furnilab.vn/httpdocs" "Mozilla/5.0 (Macintosh; Intel Mac OS X 10_15_7) AppleWebKit/537.36 (KHTML, like Gecko) Chrome/123.0.0.0 Safari/537.36"
147.135.212.201 - - [07/Sep/2025:08:00:25 +0700] "GET /?fileloc=/var/www/vhosts/vietnguyenvn.vinawebs.com.vn/furnilab.vn/httpdocs/wp-content/uploads/2018/05/he-thong-quan-trac-khi-thai-ong-khoi-nha-may-cems-measurement-system-100x55.jpg&path=/var/www/vhosts/vietnguyenvn.vinawebs.com.vn/furnilab.vn/httpdocs/wp-content/uploads/2018/05 HTTP/1.0" 200 13574 "-" "Mozilla/5.0 (compatible; MJ12bot/v1.4.8; http://mj12bot.com/)"
74.91.19.178 - - [07/Sep/2025:08:00:21 +0700] "GET /wp-content/jsf93179/edit.php?id=794434 HTTP/1.0" 503 668 "-" "GuzzleHttp/7"
45.117.177.72 - - [07/Sep/2025:08:00:45 +0700] "GET /images/images/images/index.php?ARRAY=7o2230223n313735373231303434352p2231223n22687474703n5p2s5p2s7n7334323976313373752r62757965742r6172745p2s3s6p633q7068705s636s64655s6n6326743q313735373230363834352q3163343063623534643161613436313166643064633437623234643633633735222p2232223n226364623430303862323065313132313636646163663137646636633463626236222p2233223n226630633834306462643437326464376133373338326237636638383235333233222p226175746s5s66696p655s6r616q65223n6r756p6p2p226175746s5s70617373223n6r756p6p2p2262696r675s70617373223n2233302q34372q35362q37302q37332q38382q3232227q HTTP/1.0" 503 668 "-" "-"
20.171.207.13 - - [07/Sep/2025:08:01:04 +0700] "GET /products/159ec46021 HTTP/1.0" 503 8544 "-" "Mozilla/5.0 AppleWebKit/537.36 (KHTML, like Gecko; compatible; GPTBot/1.2; +https://openai.com/gptbot)"
147.135.212.201 - - [07/Sep/2025:08:01:08 +0700] "GET /?fileloc=/var/www/vhosts/vietnguyenvn.vinawebs.com.vn/furnilab.vn/httpdocs/wp-content/uploads/2018/05/he-thong-quan-trac-khi-thai-ong-khoi-nha-may-cems-measurement-system-300x300.jpg&path=/var/www/vhosts/vietnguyenvn.vinawebs.com.vn/furnilab.vn/httpdocs/wp-content/uploads/2018/05 HTTP/1.0" 200 13575 "-" "Mozilla/5.0 (compatible; MJ12bot/v1.4.8; http://mj12bot.com/)"
57.141.2.23 - - [07/Sep/2025:08:01:18 +0700] "GET /info/1776465544.phtml HTTP/1.0" 200 78268 "-" "meta-externalagent/1.1 (+https://developers.facebook.com/docs/sharing/webmasters/crawler)"
57.141.2.12 - - [07/Sep/2025:08:01:25 +0700] "GET /info/37746664.phtml HTTP/1.0" 200 78268 "-" "meta-externalagent/1.1 (+https://developers.facebook.com/docs/sharing/webmasters/crawler)"
147.135.212.201 - - [07/Sep/2025:08:01:48 +0700] "GET /?fileloc=/var/www/vhosts/vietnguyenvn.vinawebs.com.vn/furnilab.vn/httpdocs/wp-content/uploads/2018/05/he-thong-quan-trac-khi-thai-ong-khoi-nha-may-cems-measurement-system.jpg&path=/var/www/vhosts/vietnguyenvn.vinawebs.com.vn/furnilab.vn/httpdocs/wp-content/uploads/2018/05 HTTP/1.0" 200 13567 "-" "Mozilla/5.0 (compatible; MJ12bot/v1.4.8; http://mj12bot.com/)"
57.141.2.40 - - [07/Sep/2025:08:02:02 +0700] "GET /info/2831377874.phtml HTTP/1.0" 200 78238 "-" "meta-externalagent/1.1 (+https://developers.facebook.com/docs/sharing/webmasters/crawler)"
45.117.177.72 - - [07/Sep/2025:08:01:33 +0700] "GET /images/images/images/index.php?ARRAY=7o2230223n313735373231303439332p2231223n22687474703n5p2s5p2s7n7334323976313373752r62757965742r6172745p2s3s6p633q7068705s636s64655s6n6326743q313735373230363839332q3064313763396333346437363963633136306131366662666364313361653566222p2232223n226364623430303862323065313132313636646163663137646636633463626236222p2233223n226630633834306462643437326464376133373338326237636638383235333233222p226175746s5s66696p655s6r616q65223n6r756p6p2p226175746s5s70617373223n6r756p6p2p2262696r675s70617373223n2233302q34372q35362q37302q37332q38382q3232227q HTTP/1.0" 503 668 "-" "-"
