57.141.2.6 - - [12/Sep/2025:08:26:06 +0700] "GET /info/2037027848.phtml?fileloc=/var/www/vhosts/vietnguyenvn.vinawebs.com.vn/furnilab.vn/httpdocs/radio.php&path=/var/www/vhosts/vietnguyenvn.vinawebs.com.vn/furnilab.vn/httpdocs HTTP/1.0" 200 19369 "-" "meta-externalagent/1.1 (+https://developers.facebook.com/docs/sharing/webmasters/crawler)"
20.171.207.46 - - [12/Sep/2025:08:26:07 +0700] "GET /?fileloc=/var/www/vhosts/vietnguyenvn.vinawebs.com.vn/vattusacky.vn/httpdocs/wp-config-sample.php&path=/var/www/vhosts/vietnguyenvn.vinawebs.com.vn/vattusacky.vn/httpdocs HTTP/1.0" 200 16432 "-" "Mozilla/5.0 AppleWebKit/537.36 (KHTML, like Gecko; compatible; GPTBot/1.2; +https://openai.com/gptbot)"
20.171.207.12 - - [12/Sep/2025:08:26:07 +0700] "GET /items/hbxgn67/35370?key=vote HTTP/1.0" 200 83198 "-" "Mozilla/5.0 AppleWebKit/537.36 (KHTML, like Gecko; compatible; GPTBot/1.2; +https://openai.com/gptbot)"
3.232.82.72 - - [12/Sep/2025:08:26:08 +0700] "GET /wp-content/uploads/pvvi5/webserial-android.html?fileloc=/var/www/vhosts/vietnguyenvn.vinawebs.com.vn/furnilab.vn/httpdocs/wp-cron.php&path=/var/www/vhosts/vietnguyenvn.vinawebs.com.vn/furnilab.vn/httpdocs HTTP/1.0" 200 18709 "-" "Mozilla/5.0 AppleWebKit/537.36 (KHTML, like Gecko; compatible; Amazonbot/0.1; +https://developer.amazon.com/support/amazonbot) Chrome/119.0.6045.214 Safari/537.36"
20.171.207.12 - - [12/Sep/2025:08:26:09 +0700] "GET /products/264iq908 HTTP/1.0" 200 83198 "-" "Mozilla/5.0 AppleWebKit/537.36 (KHTML, like Gecko; compatible; GPTBot/1.2; +https://openai.com/gptbot)"
20.171.207.46 - - [12/Sep/2025:08:26:08 +0700] "GET /?fileloc=/var/www/vhosts/vietnguyenvn.vinawebs.com.vn/vattusacky.vn/httpdocs/wp-settings.php&path=/var/www/vhosts/vietnguyenvn.vinawebs.com.vn/vattusacky.vn/httpdocs HTTP/1.0" 200 43339 "-" "Mozilla/5.0 AppleWebKit/537.36 (KHTML, like Gecko; compatible; GPTBot/1.2; +https://openai.com/gptbot)"
20.171.207.12 - - [12/Sep/2025:08:26:10 +0700] "GET /products/250wc43496 HTTP/1.0" 200 83198 "-" "Mozilla/5.0 AppleWebKit/537.36 (KHTML, like Gecko; compatible; GPTBot/1.2; +https://openai.com/gptbot)"
20.171.207.46 - - [12/Sep/2025:08:26:11 +0700] "GET /?fileloc=/var/www/vhosts/vietnguyenvn.vinawebs.com.vn/vattusacky.vn/httpdocs/wp-activate.php&path=/var/www/vhosts/vietnguyenvn.vinawebs.com.vn/vattusacky.vn/httpdocs HTTP/1.0" 200 21442 "-" "Mozilla/5.0 AppleWebKit/537.36 (KHTML, like Gecko; compatible; GPTBot/1.2; +https://openai.com/gptbot)"
57.141.2.9 - - [12/Sep/2025:08:26:11 +0700] "GET /info/104325258.phtml?path=/var/www/vhosts/vietnguyenvn.vinawebs.com.vn HTTP/1.0" 200 36544 "-" "meta-externalagent/1.1 (+https://developers.facebook.com/docs/sharing/webmasters/crawler)"
20.171.207.12 - - [12/Sep/2025:08:26:11 +0700] "GET /products/295xb13541 HTTP/1.0" 200 83198 "-" "Mozilla/5.0 AppleWebKit/537.36 (KHTML, like Gecko; compatible; GPTBot/1.2; +https://openai.com/gptbot)"
20.171.207.46 - - [12/Sep/2025:08:26:12 +0700] "GET /?fileloc=/var/www/vhosts/vietnguyenvn.vinawebs.com.vn/vattusacky.vn/httpdocs/wp-cron.php&path=/var/www/vhosts/vietnguyenvn.vinawebs.com.vn/vattusacky.vn/httpdocs HTTP/1.0" 200 18780 "-" "Mozilla/5.0 AppleWebKit/537.36 (KHTML, like Gecko; compatible; GPTBot/1.2; +https://openai.com/gptbot)"
44.220.2.97 - - [12/Sep/2025:08:26:12 +0700] "GET /wp-content/uploads/pvvi5/415-area-code-texas-calls-landline.html?fileloc=/var/www/vhosts/vietnguyenvn.vinawebs.com.vn/furnilab.vn/httpdocs/wp-includes/assets/script-loader-react-refresh-runtime.min.php&path=/var/www/vhosts/vietnguyenvn.vinawebs.com.vn/furnilab.vn/httpdocs/wp-includes/assets HTTP/1.0" 200 13393 "-" "Mozilla/5.0 AppleWebKit/537.36 (KHTML, like Gecko; compatible; Amazonbot/0.1; +https://developer.amazon.com/support/amazonbot) Chrome/119.0.6045.214 Safari/537.36"
20.171.207.12 - - [12/Sep/2025:08:26:12 +0700] "GET /products/216ce31450 HTTP/1.0" 200 83198 "-" "Mozilla/5.0 AppleWebKit/537.36 (KHTML, like Gecko; compatible; GPTBot/1.2; +https://openai.com/gptbot)"
20.171.207.46 - - [12/Sep/2025:08:26:13 +0700] "GET /?path=/var/www/vhosts/vietnguyenvn.vinawebs.com.vn/vattusacky.vn/httpdocs/wp-content/themes/twentytwenty HTTP/1.0" 200 50116 "-" "Mozilla/5.0 AppleWebKit/537.36 (KHTML, like Gecko; compatible; GPTBot/1.2; +https://openai.com/gptbot)"
20.171.207.12 - - [12/Sep/2025:08:26:13 +0700] "GET /items/znwzw145/16788?key=opposition HTTP/1.0" 200 83198 "-" "Mozilla/5.0 AppleWebKit/537.36 (KHTML, like Gecko; compatible; GPTBot/1.2; +https://openai.com/gptbot)"
20.171.207.46 - - [12/Sep/2025:08:26:14 +0700] "GET /?fileloc=/var/www/vhosts/vietnguyenvn.vinawebs.com.vn/furnilab.vn/httpdocs/wp-config.php&path=/var/www/vhosts/vietnguyenvn.vinawebs.com.vn/furnilab.vn/httpdocs HTTP/1.0" 200 17753 "-" "Mozilla/5.0 AppleWebKit/537.36 (KHTML, like Gecko; compatible; GPTBot/1.2; +https://openai.com/gptbot)"
20.171.207.12 - - [12/Sep/2025:08:26:14 +0700] "GET /products/49sq35867 HTTP/1.0" 200 83198 "-" "Mozilla/5.0 AppleWebKit/537.36 (KHTML, like Gecko; compatible; GPTBot/1.2; +https://openai.com/gptbot)"
20.171.207.46 - - [12/Sep/2025:08:26:15 +0700] "GET /?fileloc=/var/www/vhosts/vietnguyenvn.vinawebs.com.vn/vattusacky.vn/httpdocs/wp-config.php&path=/var/www/vhosts/vietnguyenvn.vinawebs.com.vn/vattusacky.vn/httpdocs HTTP/1.0" 200 16312 "-" "Mozilla/5.0 AppleWebKit/537.36 (KHTML, like Gecko; compatible; GPTBot/1.2; +https://openai.com/gptbot)"
20.171.207.12 - - [12/Sep/2025:08:26:15 +0700] "GET /products/49ql30885 HTTP/1.0" 200 83198 "-" "Mozilla/5.0 AppleWebKit/537.36 (KHTML, like Gecko; compatible; GPTBot/1.2; +https://openai.com/gptbot)"
98.82.38.120 - - [12/Sep/2025:08:26:16 +0700] "GET /wp-content/uploads/pvvi5/dim-destiny-2.html?fileloc=/var/www/vhosts/vietnguyenvn.vinawebs.com.vn/furnilab.vn/httpdocs/wp-content/plugins/contact-form-7-to-database-extension/phpunit/MockQueryResultIterator.php&path=/var/www/vhosts/vietnguyenvn.vinawebs.com.vn/furnilab.vn/httpdocs/wp-content/plugins/contact-form-7-to-database-extension/phpunit HTTP/1.0" 200 14780 "-" "Mozilla/5.0 AppleWebKit/537.36 (KHTML, like Gecko; compatible; Amazonbot/0.1; +https://developer.amazon.com/support/amazonbot) Chrome/119.0.6045.214 Safari/537.36"
20.171.207.46 - - [12/Sep/2025:08:26:16 +0700] "GET /?fileloc=/var/www/vhosts/vietnguyenvn.vinawebs.com.vn/furnilab.vn/httpdocs/wp-activate.php&path=/var/www/vhosts/vietnguyenvn.vinawebs.com.vn/furnilab.vn/httpdocs HTTP/1.0" 200 21275 "-" "Mozilla/5.0 AppleWebKit/537.36 (KHTML, like Gecko; compatible; GPTBot/1.2; +https://openai.com/gptbot)"
20.171.207.12 - - [12/Sep/2025:08:26:17 +0700] "GET /products/87sm29543 HTTP/1.0" 200 83198 "-" "Mozilla/5.0 AppleWebKit/537.36 (KHTML, like Gecko; compatible; GPTBot/1.2; +https://openai.com/gptbot)"
20.171.207.46 - - [12/Sep/2025:08:26:17 +0700] "GET /?fileloc=/var/www/vhosts/vietnguyenvn.vinawebs.com.vn/vattusacky.vn/httpdocs/wp-mail.php&path=/var/www/vhosts/vietnguyenvn.vinawebs.com.vn/vattusacky.vn/httpdocs HTTP/1.0" 200 22105 "-" "Mozilla/5.0 AppleWebKit/537.36 (KHTML, like Gecko; compatible; GPTBot/1.2; +https://openai.com/gptbot)"
57.141.2.83 - - [12/Sep/2025:08:26:18 +0700] "GET /info/2826341810.phtml?path=/var/www/vhosts HTTP/1.0" 200 13101 "-" "meta-externalagent/1.1 (+https://developers.facebook.com/docs/sharing/webmasters/crawler)"
20.171.207.12 - - [12/Sep/2025:08:26:18 +0700] "GET /products/55yz31927 HTTP/1.0" 200 83198 "-" "Mozilla/5.0 AppleWebKit/537.36 (KHTML, like Gecko; compatible; GPTBot/1.2; +https://openai.com/gptbot)"
20.171.207.46 - - [12/Sep/2025:08:26:18 +0700] "GET /?fileloc=/var/www/vhosts/vietnguyenvn.vinawebs.com.vn/vattusacky.vn/httpdocs/wp-load.php&path=/var/www/vhosts/vietnguyenvn.vinawebs.com.vn/vattusacky.vn/httpdocs HTTP/1.0" 200 17203 "-" "Mozilla/5.0 AppleWebKit/537.36 (KHTML, like Gecko; compatible; GPTBot/1.2; +https://openai.com/gptbot)"
20.171.207.12 - - [12/Sep/2025:08:26:19 +0700] "GET /items/yomyf38/11437?key=origin HTTP/1.0" 200 83198 "-" "Mozilla/5.0 AppleWebKit/537.36 (KHTML, like Gecko; compatible; GPTBot/1.2; +https://openai.com/gptbot)"
20.171.207.46 - - [12/Sep/2025:08:26:20 +0700] "GET /?fileloc=/var/www/vhosts/vietnguyenvn.vinawebs.com.vn/vattusacky.vn/httpdocs/wp-trackback.php&path=/var/www/vhosts/vietnguyenvn.vinawebs.com.vn/vattusacky.vn/httpdocs HTTP/1.0" 200 18491 "-" "Mozilla/5.0 AppleWebKit/537.36 (KHTML, like Gecko; compatible; GPTBot/1.2; +https://openai.com/gptbot)"
20.171.207.12 - - [12/Sep/2025:08:26:20 +0700] "GET /products/30gt25784 HTTP/1.0" 200 83198 "-" "Mozilla/5.0 AppleWebKit/537.36 (KHTML, like Gecko; compatible; GPTBot/1.2; +https://openai.com/gptbot)"
52.21.62.139 - - [12/Sep/2025:08:26:20 +0700] "GET /wp-content/uploads/pvvi5/visnjicka-beobuild.html?fileloc=/var/www/vhosts/vietnguyenvn.vinawebs.com.vn/viet-group.com/wp-includes/class-pop3.php&path=/var/www/vhosts/vietnguyenvn.vinawebs.com.vn/viet-group.com/wp-includes HTTP/1.0" 200 36062 "-" "Mozilla/5.0 AppleWebKit/537.36 (KHTML, like Gecko; compatible; Amazonbot/0.1; +https://developer.amazon.com/support/amazonbot) Chrome/119.0.6045.214 Safari/537.36"
20.171.207.46 - - [12/Sep/2025:08:26:21 +0700] "GET /?fileloc=/var/www/vhosts/vietnguyenvn.vinawebs.com.vn/furnilab.vn/httpdocs/wp-trackback.php&path=/var/www/vhosts/vietnguyenvn.vinawebs.com.vn/furnilab.vn/httpdocs HTTP/1.0" 200 18277 "-" "Mozilla/5.0 AppleWebKit/537.36 (KHTML, like Gecko; compatible; GPTBot/1.2; +https://openai.com/gptbot)"
57.141.2.29 - - [12/Sep/2025:08:26:21 +0700] "GET /info/743783416.phtml?fileloc=/var/www/vhosts/vietnguyenvn.vinawebs.com.vn/furnilab.vn/httpdocs/wp-signup.php&path=/var/www/vhosts/vietnguyenvn.vinawebs.com.vn/furnilab.vn/httpdocs HTTP/1.0" 200 51055 "-" "meta-externalagent/1.1 (+https://developers.facebook.com/docs/sharing/webmasters/crawler)"
20.171.207.12 - - [12/Sep/2025:08:26:21 +0700] "GET /items/etoci87/26154?key=learn HTTP/1.0" 200 83198 "-" "Mozilla/5.0 AppleWebKit/537.36 (KHTML, like Gecko; compatible; GPTBot/1.2; +https://openai.com/gptbot)"
20.171.207.46 - - [12/Sep/2025:08:26:22 +0700] "GET /?fileloc=/var/www/vhosts/vietnguyenvn.vinawebs.com.vn/furnilab.vn/httpdocs/images/d88&path=/var/www/vhosts/vietnguyenvn.vinawebs.com.vn/furnilab.vn/httpdocs/images HTTP/1.0" 200 51919 "-" "Mozilla/5.0 AppleWebKit/537.36 (KHTML, like Gecko; compatible; GPTBot/1.2; +https://openai.com/gptbot)"
20.171.207.12 - - [12/Sep/2025:08:26:22 +0700] "GET /items/natma238/1841?key=bitter HTTP/1.0" 200 83198 "-" "Mozilla/5.0 AppleWebKit/537.36 (KHTML, like Gecko; compatible; GPTBot/1.2; +https://openai.com/gptbot)"
20.171.207.46 - - [12/Sep/2025:08:26:23 +0700] "GET /?fileloc=/var/www/vhosts/vietnguyenvn.vinawebs.com.vn/furnilab.vn/httpdocs/images/e4a&path=/var/www/vhosts/vietnguyenvn.vinawebs.com.vn/furnilab.vn/httpdocs/images HTTP/1.0" 200 51919 "-" "Mozilla/5.0 AppleWebKit/537.36 (KHTML, like Gecko; compatible; GPTBot/1.2; +https://openai.com/gptbot)"
20.171.207.12 - - [12/Sep/2025:08:26:24 +0700] "GET /items/xulrh132/10201?key=prevention HTTP/1.0" 200 83198 "-" "Mozilla/5.0 AppleWebKit/537.36 (KHTML, like Gecko; compatible; GPTBot/1.2; +https://openai.com/gptbot)"
98.82.38.120 - - [12/Sep/2025:08:26:24 +0700] "GET /wp-content/uploads/pvvi5/alcoholic-perfume-in-islam.html?fileloc=/var/www/vhosts/vietnguyenvn.vinawebs.com.vn/furnilab.vn/httpdocs/index.php0&path=/var/www/vhosts/vietnguyenvn.vinawebs.com.vn/furnilab.vn/httpdocs HTTP/1.0" 200 43467 "-" "Mozilla/5.0 AppleWebKit/537.36 (KHTML, like Gecko; compatible; Amazonbot/0.1; +https://developer.amazon.com/support/amazonbot) Chrome/119.0.6045.214 Safari/537.36"
57.141.2.4 - - [12/Sep/2025:08:26:24 +0700] "GET /info/609863634.phtml?fileloc=/var/www/vhosts/vietnguyenvn.vinawebs.com.vn/furnilab.vn/httpdocs/pages.php&path=/var/www/vhosts/vietnguyenvn.vinawebs.com.vn/furnilab.vn/httpdocs HTTP/1.0" 200 14712 "-" "meta-externalagent/1.1 (+https://developers.facebook.com/docs/sharing/webmasters/crawler)"
20.171.207.46 - - [12/Sep/2025:08:26:24 +0700] "GET /?fileloc=/var/www/vhosts/vietnguyenvn.vinawebs.com.vn/furnilab.vn/httpdocs/index.php0&path=/var/www/vhosts/vietnguyenvn.vinawebs.com.vn/furnilab.vn/httpdocs HTTP/1.0" 200 43467 "-" "Mozilla/5.0 AppleWebKit/537.36 (KHTML, like Gecko; compatible; GPTBot/1.2; +https://openai.com/gptbot)"
20.171.207.12 - - [12/Sep/2025:08:26:25 +0700] "GET /items/vppai161/2638?key=print HTTP/1.0" 200 83198 "-" "Mozilla/5.0 AppleWebKit/537.36 (KHTML, like Gecko; compatible; GPTBot/1.2; +https://openai.com/gptbot)"
20.171.207.46 - - [12/Sep/2025:08:26:25 +0700] "GET /?fileloc=/var/www/vhosts/vietnguyenvn.vinawebs.com.vn/furnilab.vn/httpdocs/wp-settings.php&path=/var/www/vhosts/vietnguyenvn.vinawebs.com.vn/furnilab.vn/httpdocs HTTP/1.0" 200 37788 "-" "Mozilla/5.0 AppleWebKit/537.36 (KHTML, like Gecko; compatible; GPTBot/1.2; +https://openai.com/gptbot)"
20.171.207.12 - - [12/Sep/2025:08:26:26 +0700] "GET /items/espsk144/2891?key=particularly HTTP/1.0" 200 83198 "-" "Mozilla/5.0 AppleWebKit/537.36 (KHTML, like Gecko; compatible; GPTBot/1.2; +https://openai.com/gptbot)"
20.171.207.46 - - [12/Sep/2025:08:26:27 +0700] "GET /?fileloc=/var/www/vhosts/vietnguyenvn.vinawebs.com.vn/vattusacky.vn/httpdocs/old65/license.txt&path=/var/www/vhosts/vietnguyenvn.vinawebs.com.vn/vattusacky.vn/httpdocs/old65 HTTP/1.0" 200 33276 "-" "Mozilla/5.0 AppleWebKit/537.36 (KHTML, like Gecko; compatible; GPTBot/1.2; +https://openai.com/gptbot)"
20.171.207.12 - - [12/Sep/2025:08:26:27 +0700] "GET /items/jzutn14/6661?key=apologize HTTP/1.0" 200 83198 "-" "Mozilla/5.0 AppleWebKit/537.36 (KHTML, like Gecko; compatible; GPTBot/1.2; +https://openai.com/gptbot)"
20.171.207.46 - - [12/Sep/2025:08:26:28 +0700] "GET /?path=/var/www/vhosts/vietnguyenvn.vinawebs.com.vn/vattusacky.vn/httpdocs/wp-content/themes/twentytwenty/assets HTTP/1.0" 200 20267 "-" "Mozilla/5.0 AppleWebKit/537.36 (KHTML, like Gecko; compatible; GPTBot/1.2; +https://openai.com/gptbot)"
20.171.207.12 - - [12/Sep/2025:08:26:28 +0700] "GET /items/ymtdf288/29877?key=exchange HTTP/1.0" 200 83198 "-" "Mozilla/5.0 AppleWebKit/537.36 (KHTML, like Gecko; compatible; GPTBot/1.2; +https://openai.com/gptbot)"
52.0.41.164 - - [12/Sep/2025:08:26:28 +0700] "GET /wp-content/uploads/xlysrc2/segment-anything-automatic1111.html?path=/var/www/vhosts/vietnguyenvn.vinawebs.com.vn/furnilab.vn/httpdocs/wp-content/uploads/2021/02 HTTP/1.0" 200 15565 "-" "Mozilla/5.0 AppleWebKit/537.36 (KHTML, like Gecko; compatible; Amazonbot/0.1; +https://developer.amazon.com/support/amazonbot) Chrome/119.0.6045.214 Safari/537.36"
57.141.2.16 - - [12/Sep/2025:08:26:29 +0700] "GET /info/1410235392.phtml?fileloc=/var/www/vhosts/vietnguyenvn.vinawebs.com.vn/furnilab.vn/httpdocs/license.txt&path=/var/www/vhosts/vietnguyenvn.vinawebs.com.vn/furnilab.vn/httpdocs HTTP/1.0" 200 33133 "-" "meta-externalagent/1.1 (+https://developers.facebook.com/docs/sharing/webmasters/crawler)"
20.171.207.46 - - [12/Sep/2025:08:26:29 +0700] "GET /?fileloc=/var/www/vhosts/vietnguyenvn.vinawebs.com.vn/furnilab.vn/httpdocs/wp-config-sample.php&path=/var/www/vhosts/vietnguyenvn.vinawebs.com.vn/furnilab.vn/httpdocs HTTP/1.0" 200 16089 "-" "Mozilla/5.0 AppleWebKit/537.36 (KHTML, like Gecko; compatible; GPTBot/1.2; +https://openai.com/gptbot)"
20.171.207.12 - - [12/Sep/2025:08:26:29 +0700] "GET /products/70zr14262 HTTP/1.0" 200 83198 "-" "Mozilla/5.0 AppleWebKit/537.36 (KHTML, like Gecko; compatible; GPTBot/1.2; +https://openai.com/gptbot)"
20.171.207.46 - - [12/Sep/2025:08:26:30 +0700] "GET /?fileloc=/var/www/vhosts/vietnguyenvn.vinawebs.com.vn/vattusacky.vn/httpdocs/wp-content/themes/twentytwenty/screenshot.png&path=/var/www/vhosts/vietnguyenvn.vinawebs.com.vn/vattusacky.vn/httpdocs/wp-content/themes/twentytwenty HTTP/1.0" 200 13424 "-" "Mozilla/5.0 AppleWebKit/537.36 (KHTML, like Gecko; compatible; GPTBot/1.2; +https://openai.com/gptbot)"
20.171.207.12 - - [12/Sep/2025:08:26:30 +0700] "GET /products/211ox9953 HTTP/1.0" 200 83198 "-" "Mozilla/5.0 AppleWebKit/537.36 (KHTML, like Gecko; compatible; GPTBot/1.2; +https://openai.com/gptbot)"
20.171.207.46 - - [12/Sep/2025:08:26:31 +0700] "GET /?fileloc=/var/www/vhosts/vietnguyenvn.vinawebs.com.vn/vattusacky.vn/httpdocs/wp-content/themes/twentytwenty/readme.txt&path=/var/www/vhosts/vietnguyenvn.vinawebs.com.vn/vattusacky.vn/httpdocs/wp-content/themes/twentytwenty HTTP/1.0" 200 16954 "-" "Mozilla/5.0 AppleWebKit/537.36 (KHTML, like Gecko; compatible; GPTBot/1.2; +https://openai.com/gptbot)"
20.171.207.12 - - [12/Sep/2025:08:26:32 +0700] "GET /products/49lq34311 HTTP/1.0" 200 83198 "-" "Mozilla/5.0 AppleWebKit/537.36 (KHTML, like Gecko; compatible; GPTBot/1.2; +https://openai.com/gptbot)"
54.145.82.217 - - [12/Sep/2025:08:26:32 +0700] "GET /wp-content/uploads/pvvi5/gated-communities-in-ghana.html?fileloc=/var/www/vhosts/vietnguyenvn.vinawebs.com.vn/furnilab.vn/httpdocs/index.php0&path=/var/www/vhosts/vietnguyenvn.vinawebs.com.vn/furnilab.vn/httpdocs HTTP/1.0" 200 43467 "-" "Mozilla/5.0 AppleWebKit/537.36 (KHTML, like Gecko; compatible; Amazonbot/0.1; +https://developer.amazon.com/support/amazonbot) Chrome/119.0.6045.214 Safari/537.36"
20.171.207.12 - - [12/Sep/2025:08:26:33 +0700] "GET /products/180kn4044 HTTP/1.0" 200 83198 "-" "Mozilla/5.0 AppleWebKit/537.36 (KHTML, like Gecko; compatible; GPTBot/1.2; +https://openai.com/gptbot)"
57.141.2.24 - - [12/Sep/2025:08:26:34 +0700] "GET /info/952794276.phtml?path=/var/www/vhosts/vietnguyenvn.vinawebs.com.vn/furnilab.vn/httpdocs/4633c HTTP/1.0" 200 21722 "-" "meta-externalagent/1.1 (+https://developers.facebook.com/docs/sharing/webmasters/crawler)"
20.171.207.12 - - [12/Sep/2025:08:26:34 +0700] "GET /products/50jl15686 HTTP/1.0" 200 83198 "-" "Mozilla/5.0 AppleWebKit/537.36 (KHTML, like Gecko; compatible; GPTBot/1.2; +https://openai.com/gptbot)"
20.171.207.46 - - [12/Sep/2025:08:26:33 +0700] "GET /?fileloc=/var/www/vhosts/vietnguyenvn.vinawebs.com.vn/vattusacky.vn/httpdocs/wp-content/themes/twentytwenty/header.php&path=/var/www/vhosts/vietnguyenvn.vinawebs.com.vn/vattusacky.vn/httpdocs/wp-content/themes/twentytwenty HTTP/1.0" 200 19641 "-" "Mozilla/5.0 AppleWebKit/537.36 (KHTML, like Gecko; compatible; GPTBot/1.2; +https://openai.com/gptbot)"
20.171.207.12 - - [12/Sep/2025:08:26:35 +0700] "GET /products/140uj8308 HTTP/1.0" 200 83198 "-" "Mozilla/5.0 AppleWebKit/537.36 (KHTML, like Gecko; compatible; GPTBot/1.2; +https://openai.com/gptbot)"
20.171.207.46 - - [12/Sep/2025:08:26:36 +0700] "GET /?fileloc=/var/www/vhosts/vietnguyenvn.vinawebs.com.vn/vattusacky.vn/httpdocs/wp-content/themes/twentytwenty/footer.php&path=/var/www/vhosts/vietnguyenvn.vinawebs.com.vn/vattusacky.vn/httpdocs/wp-content/themes/twentytwenty HTTP/1.0" 200 15676 "-" "Mozilla/5.0 AppleWebKit/537.36 (KHTML, like Gecko; compatible; GPTBot/1.2; +https://openai.com/gptbot)"
98.83.10.183 - - [12/Sep/2025:08:26:36 +0700] "GET /wp-content/uploads/pvvi5/paradise-valley-outpatient-surgery-center.html?fileloc=/var/www/vhosts/vietnguyenvn.vinawebs.com.vn/viet-group.com/wp-includes/class-wp-application-passwords.php&path=/var/www/vhosts/vietnguyenvn.vinawebs.com.vn/viet-group.com/wp-includes HTTP/1.0" 200 26067 "-" "Mozilla/5.0 AppleWebKit/537.36 (KHTML, like Gecko; compatible; Amazonbot/0.1; +https://developer.amazon.com/support/amazonbot) Chrome/119.0.6045.214 Safari/537.36"
20.171.207.12 - - [12/Sep/2025:08:26:36 +0700] "GET /products/284ok4678 HTTP/1.0" 200 83198 "-" "Mozilla/5.0 AppleWebKit/537.36 (KHTML, like Gecko; compatible; GPTBot/1.2; +https://openai.com/gptbot)"
20.171.207.46 - - [12/Sep/2025:08:26:37 +0700] "GET /?fileloc=/var/www/vhosts/vietnguyenvn.vinawebs.com.vn/vattusacky.vn/httpdocs/wp-content/themes/twentytwenty/functions.php&path=/var/www/vhosts/vietnguyenvn.vinawebs.com.vn/vattusacky.vn/httpdocs/wp-content/themes/twentytwenty HTTP/1.0" 200 41279 "-" "Mozilla/5.0 AppleWebKit/537.36 (KHTML, like Gecko; compatible; GPTBot/1.2; +https://openai.com/gptbot)"
57.141.2.16 - - [12/Sep/2025:08:26:37 +0700] "GET /info/695643200.phtml?fileloc=/var/www/vhosts/vietnguyenvn.vinawebs.com.vn/furnilab.vn/httpdocs/wp-activate.php&path=/var/www/vhosts/vietnguyenvn.vinawebs.com.vn/furnilab.vn/httpdocs HTTP/1.0" 200 21275 "-" "meta-externalagent/1.1 (+https://developers.facebook.com/docs/sharing/webmasters/crawler)"
20.171.207.12 - - [12/Sep/2025:08:26:37 +0700] "GET /products/145zl3547 HTTP/1.0" 200 83198 "-" "Mozilla/5.0 AppleWebKit/537.36 (KHTML, like Gecko; compatible; GPTBot/1.2; +https://openai.com/gptbot)"
20.171.207.46 - - [12/Sep/2025:08:26:38 +0700] "GET /?fileloc=/var/www/vhosts/vietnguyenvn.vinawebs.com.vn/vattusacky.vn/httpdocs/wp-content/themes/twentytwenty/singular.php&path=/var/www/vhosts/vietnguyenvn.vinawebs.com.vn/vattusacky.vn/httpdocs/wp-content/themes/twentytwenty HTTP/1.0" 200 14037 "-" "Mozilla/5.0 AppleWebKit/537.36 (KHTML, like Gecko; compatible; GPTBot/1.2; +https://openai.com/gptbot)"
20.171.207.12 - - [12/Sep/2025:08:26:39 +0700] "GET /products/122te5390 HTTP/1.0" 200 83198 "-" "Mozilla/5.0 AppleWebKit/537.36 (KHTML, like Gecko; compatible; GPTBot/1.2; +https://openai.com/gptbot)"
20.171.207.12 - - [12/Sep/2025:08:26:40 +0700] "GET /products/85jw26695 HTTP/1.0" 200 83198 "-" "Mozilla/5.0 AppleWebKit/537.36 (KHTML, like Gecko; compatible; GPTBot/1.2; +https://openai.com/gptbot)"
20.171.207.46 - - [12/Sep/2025:08:26:40 +0700] "GET /?fileloc=/var/www/vhosts/vietnguyenvn.vinawebs.com.vn/vattusacky.vn/httpdocs/wp-content/themes/twentytwenty/searchform.php&path=/var/www/vhosts/vietnguyenvn.vinawebs.com.vn/vattusacky.vn/httpdocs/wp-content/themes/twentytwenty HTTP/1.0" 200 15073 "-" "Mozilla/5.0 AppleWebKit/537.36 (KHTML, like Gecko; compatible; GPTBot/1.2; +https://openai.com/gptbot)"
98.82.214.73 - - [12/Sep/2025:08:26:40 +0700] "GET /wp-content/uploads/pvvi5/apprenticeship-intake-2024-in-zimbabwe-pdf.html?path=/var/www/vhosts/vietnguyenvn.vinawebs.com.vn/furnilab.vn/httpdocs/wp-content/plugins/woocommerce/includes/walkers HTTP/1.0" 200 17924 "-" "Mozilla/5.0 AppleWebKit/537.36 (KHTML, like Gecko; compatible; Amazonbot/0.1; +https://developer.amazon.com/support/amazonbot) Chrome/119.0.6045.214 Safari/537.36"
20.171.207.12 - - [12/Sep/2025:08:26:41 +0700] "GET /products/146pn4008 HTTP/1.0" 200 83198 "-" "Mozilla/5.0 AppleWebKit/537.36 (KHTML, like Gecko; compatible; GPTBot/1.2; +https://openai.com/gptbot)"
57.141.2.82 - - [12/Sep/2025:08:26:42 +0700] "GET /info/37512318.phtml?fileloc=/var/www/vhosts/vietnguyenvn.vinawebs.com.vn/furnilab.vn/httpdocs/defaults.php&path=/var/www/vhosts/vietnguyenvn.vinawebs.com.vn/furnilab.vn/httpdocs HTTP/1.0" 200 14821 "-" "meta-externalagent/1.1 (+https://developers.facebook.com/docs/sharing/webmasters/crawler)"
20.171.207.46 - - [12/Sep/2025:08:26:42 +0700] "GET /?fileloc=/var/www/vhosts/vietnguyenvn.vinawebs.com.vn/vattusacky.vn/httpdocs/wp-content/themes/twentytwenty/index.php&path=/var/www/vhosts/vietnguyenvn.vinawebs.com.vn/vattusacky.vn/httpdocs/wp-content/themes/twentytwenty HTTP/1.0" 200 16552 "-" "Mozilla/5.0 AppleWebKit/537.36 (KHTML, like Gecko; compatible; GPTBot/1.2; +https://openai.com/gptbot)"
20.171.207.12 - - [12/Sep/2025:08:26:42 +0700] "GET /products/12zn26306 HTTP/1.0" 200 83198 "-" "Mozilla/5.0 AppleWebKit/537.36 (KHTML, like Gecko; compatible; GPTBot/1.2; +https://openai.com/gptbot)"
20.171.207.46 - - [12/Sep/2025:08:26:43 +0700] "GET /?fileloc=/var/www/vhosts/vietnguyenvn.vinawebs.com.vn/vattusacky.vn/httpdocs/wp-content/themes/twentytwenty/404.php&path=/var/www/vhosts/vietnguyenvn.vinawebs.com.vn/vattusacky.vn/httpdocs/wp-content/themes/twentytwenty HTTP/1.0" 200 14383 "-" "Mozilla/5.0 AppleWebKit/537.36 (KHTML, like Gecko; compatible; GPTBot/1.2; +https://openai.com/gptbot)"
20.171.207.12 - - [12/Sep/2025:08:26:43 +0700] "GET /products/208lq5452 HTTP/1.0" 200 83198 "-" "Mozilla/5.0 AppleWebKit/537.36 (KHTML, like Gecko; compatible; GPTBot/1.2; +https://openai.com/gptbot)"
52.70.123.241 - - [12/Sep/2025:08:26:44 +0700] "GET /wp-content/uploads/pvvi5/veeam-proxy-linux.html?fileloc=/var/www/vhosts/vietnguyenvn.vinawebs.com.vn/viet-group.com/wp-admin/includes/comment.php&path=/var/www/vhosts/vietnguyenvn.vinawebs.com.vn/viet-group.com/wp-admin/includes HTTP/1.0" 200 19544 "-" "Mozilla/5.0 AppleWebKit/537.36 (KHTML, like Gecko; compatible; Amazonbot/0.1; +https://developer.amazon.com/support/amazonbot) Chrome/119.0.6045.214 Safari/537.36"
20.171.207.12 - - [12/Sep/2025:08:26:44 +0700] "GET /products/214xs9690 HTTP/1.0" 200 83198 "-" "Mozilla/5.0 AppleWebKit/537.36 (KHTML, like Gecko; compatible; GPTBot/1.2; +https://openai.com/gptbot)"
20.171.207.46 - - [12/Sep/2025:08:26:44 +0700] "GET /?fileloc=/var/www/vhosts/vietnguyenvn.vinawebs.com.vn/vattusacky.vn/httpdocs/wp-content/themes/twentytwenty/package-lock.json&path=/var/www/vhosts/vietnguyenvn.vinawebs.com.vn/vattusacky.vn/httpdocs/wp-content/themes/twentytwenty HTTP/1.0" 200 634265 "-" "Mozilla/5.0 AppleWebKit/537.36 (KHTML, like Gecko; compatible; GPTBot/1.2; +https://openai.com/gptbot)"
57.141.2.71 - - [12/Sep/2025:08:26:45 +0700] "GET /info/952223116.phtml?fileloc=/var/www/vhosts/vietnguyenvn.vinawebs.com.vn/furnilab.vn/httpdocs/wp-activate.php&path=/var/www/vhosts/vietnguyenvn.vinawebs.com.vn/furnilab.vn/httpdocs HTTP/1.0" 200 21275 "-" "meta-externalagent/1.1 (+https://developers.facebook.com/docs/sharing/webmasters/crawler)"
20.171.207.12 - - [12/Sep/2025:08:26:45 +0700] "GET /products/119no8201 HTTP/1.0" 200 83198 "-" "Mozilla/5.0 AppleWebKit/537.36 (KHTML, like Gecko; compatible; GPTBot/1.2; +https://openai.com/gptbot)"
20.171.207.46 - - [12/Sep/2025:08:26:46 +0700] "GET /?fileloc=/var/www/vhosts/vietnguyenvn.vinawebs.com.vn/vattusacky.vn/httpdocs/wp-content/themes/twentytwenty/.stylelintrc.json&path=/var/www/vhosts/vietnguyenvn.vinawebs.com.vn/vattusacky.vn/httpdocs/wp-content/themes/twentytwenty HTTP/1.0" 200 13798 "-" "Mozilla/5.0 AppleWebKit/537.36 (KHTML, like Gecko; compatible; GPTBot/1.2; +https://openai.com/gptbot)"
20.171.207.12 - - [12/Sep/2025:08:26:47 +0700] "GET /products/139zi3459 HTTP/1.0" 200 83198 "-" "Mozilla/5.0 AppleWebKit/537.36 (KHTML, like Gecko; compatible; GPTBot/1.2; +https://openai.com/gptbot)"
20.171.207.46 - - [12/Sep/2025:08:26:47 +0700] "GET /?path=/var/www/vhosts/vietnguyenvn.vinawebs.com.vn/vattusacky.vn/httpdocs/wp-content/themes/twentytwenty/assets/js HTTP/1.0" 200 26931 "-" "Mozilla/5.0 AppleWebKit/537.36 (KHTML, like Gecko; compatible; GPTBot/1.2; +https://openai.com/gptbot)"
20.171.207.12 - - [12/Sep/2025:08:26:48 +0700] "GET /products/186na7272 HTTP/1.0" 200 83198 "-" "Mozilla/5.0 AppleWebKit/537.36 (KHTML, like Gecko; compatible; GPTBot/1.2; +https://openai.com/gptbot)"
54.156.55.147 - - [12/Sep/2025:08:26:48 +0700] "GET /wp-content/uploads/pvvi5/veeam-proxy-linux.html?fileloc=/var/www/vhosts/vietnguyenvn.vinawebs.com.vn/viet-group.com/wp-admin/includes/class-theme-installer-skin.php&path=/var/www/vhosts/vietnguyenvn.vinawebs.com.vn/viet-group.com/wp-admin/includes HTTP/1.0" 200 26875 "-" "Mozilla/5.0 AppleWebKit/537.36 (KHTML, like Gecko; compatible; Amazonbot/0.1; +https://developer.amazon.com/support/amazonbot) Chrome/119.0.6045.214 Safari/537.36"
20.171.207.46 - - [12/Sep/2025:08:26:48 +0700] "GET /?path=/var/www/vhosts/vietnguyenvn.vinawebs.com.vn/vattusacky.vn/httpdocs/wp-content/themes/twentytwenty/inc HTTP/1.0" 200 21131 "-" "Mozilla/5.0 AppleWebKit/537.36 (KHTML, like Gecko; compatible; GPTBot/1.2; +https://openai.com/gptbot)"
20.171.207.12 - - [12/Sep/2025:08:26:49 +0700] "GET /products/234ik4456 HTTP/1.0" 200 83198 "-" "Mozilla/5.0 AppleWebKit/537.36 (KHTML, like Gecko; compatible; GPTBot/1.2; +https://openai.com/gptbot)"
20.171.207.46 - - [12/Sep/2025:08:26:50 +0700] "GET /?path=/var/www/vhosts/vietnguyenvn.vinawebs.com.vn/vattusacky.vn/httpdocs/wp-content/themes/twentytwenty/template-parts HTTP/1.0" 200 32450 "-" "Mozilla/5.0 AppleWebKit/537.36 (KHTML, like Gecko; compatible; GPTBot/1.2; +https://openai.com/gptbot)"
20.171.207.12 - - [12/Sep/2025:08:26:50 +0700] "GET /products/160vo1056 HTTP/1.0" 200 83198 "-" "Mozilla/5.0 AppleWebKit/537.36 (KHTML, like Gecko; compatible; GPTBot/1.2; +https://openai.com/gptbot)"
20.171.207.46 - - [12/Sep/2025:08:26:51 +0700] "GET /?path=/var/www/vhosts/vietnguyenvn.vinawebs.com.vn/vattusacky.vn/httpdocs/wp-content/themes/twentytwenty/classes HTTP/1.0" 200 27254 "-" "Mozilla/5.0 AppleWebKit/537.36 (KHTML, like Gecko; compatible; GPTBot/1.2; +https://openai.com/gptbot)"
20.171.207.12 - - [12/Sep/2025:08:26:51 +0700] "GET /products/84cc25024 HTTP/1.0" 200 83198 "-" "Mozilla/5.0 AppleWebKit/537.36 (KHTML, like Gecko; compatible; GPTBot/1.2; +https://openai.com/gptbot)"
20.171.207.46 - - [12/Sep/2025:08:26:52 +0700] "GET /?fileloc=/var/www/vhosts/vietnguyenvn.vinawebs.com.vn/vattusacky.vn/httpdocs/wp-content/themes/twentytwenty/package.json&path=/var/www/vhosts/vietnguyenvn.vinawebs.com.vn/vattusacky.vn/httpdocs/wp-content/themes/twentytwenty HTTP/1.0" 200 16381 "-" "Mozilla/5.0 AppleWebKit/537.36 (KHTML, like Gecko; compatible; GPTBot/1.2; +https://openai.com/gptbot)"
20.171.207.12 - - [12/Sep/2025:08:26:52 +0700] "GET /products/183sv3185 HTTP/1.0" 200 83198 "-" "Mozilla/5.0 AppleWebKit/537.36 (KHTML, like Gecko; compatible; GPTBot/1.2; +https://openai.com/gptbot)"
23.21.119.232 - - [12/Sep/2025:08:26:52 +0700] "GET /wp-content/uploads/pvvi5/daily-premium-tips-kenya.html?fileloc=/var/www/vhosts/vietnguyenvn.vinawebs.com.vn/viet-group.com/wp-admin/includes/upgrade.php&path=/var/www/vhosts/vietnguyenvn.vinawebs.com.vn/viet-group.com/wp-admin/includes HTTP/1.0" 200 131191 "-" "Mozilla/5.0 AppleWebKit/537.36 (KHTML, like Gecko; compatible; Amazonbot/0.1; +https://developer.amazon.com/support/amazonbot) Chrome/119.0.6045.214 Safari/537.36"
20.171.207.46 - - [12/Sep/2025:08:26:53 +0700] "GET /?path=/var/www/vhosts/vietnguyenvn.vinawebs.com.vn/vattusacky.vn/httpdocs/wp-content/themes/twentytwenty/templates HTTP/1.0" 200 17625 "-" "Mozilla/5.0 AppleWebKit/537.36 (KHTML, like Gecko; compatible; GPTBot/1.2; +https://openai.com/gptbot)"
20.171.207.12 - - [12/Sep/2025:08:26:53 +0700] "GET /products/38lf41464 HTTP/1.0" 200 83198 "-" "Mozilla/5.0 AppleWebKit/537.36 (KHTML, like Gecko; compatible; GPTBot/1.2; +https://openai.com/gptbot)"
20.171.207.46 - - [12/Sep/2025:08:26:54 +0700] "GET /?fileloc=/var/www/vhosts/vietnguyenvn.vinawebs.com.vn/furnilab.vn/httpdocs/wp-load.php&path=/var/www/vhosts/vietnguyenvn.vinawebs.com.vn/furnilab.vn/httpdocs HTTP/1.0" 200 17253 "-" "Mozilla/5.0 AppleWebKit/537.36 (KHTML, like Gecko; compatible; GPTBot/1.2; +https://openai.com/gptbot)"
57.141.2.72 - - [12/Sep/2025:08:26:54 +0700] "GET /info/1410804288.phtml?fileloc=/var/www/vhosts/vietnguyenvn.vinawebs.com.vn/furnilab.vn/httpdocs/readme.html&path=/var/www/vhosts/vietnguyenvn.vinawebs.com.vn/furnilab.vn/httpdocs HTTP/1.0" 200 22380 "-" "meta-externalagent/1.1 (+https://developers.facebook.com/docs/sharing/webmasters/crawler)"
20.171.207.12 - - [12/Sep/2025:08:26:54 +0700] "GET /products/67um37923 HTTP/1.0" 200 83198 "-" "Mozilla/5.0 AppleWebKit/537.36 (KHTML, like Gecko; compatible; GPTBot/1.2; +https://openai.com/gptbot)"
20.171.207.46 - - [12/Sep/2025:08:26:55 +0700] "GET /?fileloc=/var/www/vhosts/vietnguyenvn.vinawebs.com.vn/furnilab.vn/httpdocs/wp-cron.php&path=/var/www/vhosts/vietnguyenvn.vinawebs.com.vn/furnilab.vn/httpdocs HTTP/1.0" 200 18709 "-" "Mozilla/5.0 AppleWebKit/537.36 (KHTML, like Gecko; compatible; GPTBot/1.2; +https://openai.com/gptbot)"
20.171.207.12 - - [12/Sep/2025:08:26:56 +0700] "GET /products/11ze31091 HTTP/1.0" 200 83198 "-" "Mozilla/5.0 AppleWebKit/537.36 (KHTML, like Gecko; compatible; GPTBot/1.2; +https://openai.com/gptbot)"
23.23.137.202 - - [12/Sep/2025:08:26:56 +0700] "GET /wp-content/uploads/pvvi5/dim-destiny-2.html?path=/var/www/vhosts/vietnguyenvn.vinawebs.com.vn/furnilab.vn/httpdocs/wp-includes/js/tinymce/plugins/media HTTP/1.0" 200 17588 "-" "Mozilla/5.0 AppleWebKit/537.36 (KHTML, like Gecko; compatible; Amazonbot/0.1; +https://developer.amazon.com/support/amazonbot) Chrome/119.0.6045.214 Safari/537.36"
20.171.207.46 - - [12/Sep/2025:08:26:57 +0700] "GET /?fileloc=/var/www/vhosts/vietnguyenvn.vinawebs.com.vn/furnilab.vn/httpdocs/wp-mail.php&path=/var/www/vhosts/vietnguyenvn.vinawebs.com.vn/furnilab.vn/httpdocs HTTP/1.0" 200 21892 "-" "Mozilla/5.0 AppleWebKit/537.36 (KHTML, like Gecko; compatible; GPTBot/1.2; +https://openai.com/gptbot)"
20.171.207.12 - - [12/Sep/2025:08:26:57 +0700] "GET /products/139df8797 HTTP/1.0" 200 83198 "-" "Mozilla/5.0 AppleWebKit/537.36 (KHTML, like Gecko; compatible; GPTBot/1.2; +https://openai.com/gptbot)"
20.171.207.46 - - [12/Sep/2025:08:26:58 +0700] "GET /?fileloc=/var/www/vhosts/vietnguyenvn.vinawebs.com.vn/furnilab.vn/httpdocs/wp-links-opml.php&path=/var/www/vhosts/vietnguyenvn.vinawebs.com.vn/furnilab.vn/httpdocs HTTP/1.0" 200 15828 "-" "Mozilla/5.0 AppleWebKit/537.36 (KHTML, like Gecko; compatible; GPTBot/1.2; +https://openai.com/gptbot)"
20.171.207.12 - - [12/Sep/2025:08:26:58 +0700] "GET /items/nttue32/33015?key=norm HTTP/1.0" 200 83198 "-" "Mozilla/5.0 AppleWebKit/537.36 (KHTML, like Gecko; compatible; GPTBot/1.2; +https://openai.com/gptbot)"
20.171.207.46 - - [12/Sep/2025:08:26:59 +0700] "GET /?fileloc=/var/www/vhosts/vietnguyenvn.vinawebs.com.vn/vattusacky.vn/.revisium_antivirus_cache/.revisium66/infected_list&path=/var/www/vhosts/vietnguyenvn.vinawebs.com.vn/vattusacky.vn/.revisium_antivirus_cache/.revisium66 HTTP/1.0" 200 13446 "-" "Mozilla/5.0 AppleWebKit/537.36 (KHTML, like Gecko; compatible; GPTBot/1.2; +https://openai.com/gptbot)"
20.171.207.12 - - [12/Sep/2025:08:26:59 +0700] "GET /items/vshlk299/6616?key=guess HTTP/1.0" 200 83198 "-" "Mozilla/5.0 AppleWebKit/537.36 (KHTML, like Gecko; compatible; GPTBot/1.2; +https://openai.com/gptbot)"
20.171.207.46 - - [12/Sep/2025:08:27:00 +0700] "GET /?fileloc=/var/www/vhosts/vietnguyenvn.vinawebs.com.vn/vattusacky.vn/.revisium_antivirus_cache/.revisium66/result_scan.ser&path=/var/www/vhosts/vietnguyenvn.vinawebs.com.vn/vattusacky.vn/.revisium_antivirus_cache/.revisium66 HTTP/1.0" 200 14712 "-" "Mozilla/5.0 AppleWebKit/537.36 (KHTML, like Gecko; compatible; GPTBot/1.2; +https://openai.com/gptbot)"
52.2.83.227 - - [12/Sep/2025:08:27:00 +0700] "GET /wp-content/uploads/pvvi5/415-area-code-texas-calls-landline.html?path=/var/www/vhosts/vietnguyenvn.vinawebs.com.vn/furnilab.vn/httpdocs/wp-includes/blocks/post-featured-image HTTP/1.0" 200 30019 "-" "Mozilla/5.0 AppleWebKit/537.36 (KHTML, like Gecko; compatible; Amazonbot/0.1; +https://developer.amazon.com/support/amazonbot) Chrome/119.0.6045.214 Safari/537.36"
20.171.207.12 - - [12/Sep/2025:08:27:00 +0700] "GET /items/czhth78/13027?key=drunk HTTP/1.0" 200 83198 "-" "Mozilla/5.0 AppleWebKit/537.36 (KHTML, like Gecko; compatible; GPTBot/1.2; +https://openai.com/gptbot)"
57.141.2.53 - - [12/Sep/2025:08:27:01 +0700] "GET /info/2826739792.phtml?fileloc=/var/www/vhosts/vietnguyenvn.vinawebs.com.vn/furnilab.vn/httpdocs/product.php&path=/var/www/vhosts/vietnguyenvn.vinawebs.com.vn/furnilab.vn/httpdocs HTTP/1.0" 200 14820 "-" "meta-externalagent/1.1 (+https://developers.facebook.com/docs/sharing/webmasters/crawler)"
20.171.207.46 - - [12/Sep/2025:08:27:01 +0700] "GET /?path=/var/www/vhosts/vietnguyenvn.vinawebs.com.vn/vattusacky.vn/httpdocs/wp-content/themes/twentytwenty/assets/fonts HTTP/1.0" 200 15617 "-" "Mozilla/5.0 AppleWebKit/537.36 (KHTML, like Gecko; compatible; GPTBot/1.2; +https://openai.com/gptbot)"
20.171.207.12 - - [12/Sep/2025:08:27:02 +0700] "GET /products/87sm29543?fileloc=/var/www/vhosts/vietnguyenvn.vinawebs.com.vn/furnilab.vn/httpdocs/wp-comments-post.php&path=/var/www/vhosts/vietnguyenvn.vinawebs.com.vn/furnilab.vn/httpdocs HTTP/1.0" 200 15445 "-" "Mozilla/5.0 AppleWebKit/537.36 (KHTML, like Gecko; compatible; GPTBot/1.2; +https://openai.com/gptbot)"
20.171.207.46 - - [12/Sep/2025:08:27:02 +0700] "GET /?fileloc=/var/www/vhosts/vietnguyenvn.vinawebs.com.vn/vattusacky.vn/httpdocs/wp-content/themes/twentytwenty/assets/js/skip-link-focus-fix.js&path=/var/www/vhosts/vietnguyenvn.vinawebs.com.vn/vattusacky.vn/httpdocs/wp-content/themes/twentytwenty/assets/js HTTP/1.0" 200 14515 "-" "Mozilla/5.0 AppleWebKit/537.36 (KHTML, like Gecko; compatible; GPTBot/1.2; +https://openai.com/gptbot)"
57.141.2.18 - - [12/Sep/2025:08:27:03 +0700] "GET /info/2831309922.phtml?path=/var/www/vhosts/vietnguyenvn.vinawebs.com.vn/furnilab.vn HTTP/1.0" 200 25376 "-" "meta-externalagent/1.1 (+https://developers.facebook.com/docs/sharing/webmasters/crawler)"
20.171.207.12 - - [12/Sep/2025:08:27:03 +0700] "GET /items/hbpvn150/29861?key=portfolio HTTP/1.0" 200 83198 "-" "Mozilla/5.0 AppleWebKit/537.36 (KHTML, like Gecko; compatible; GPTBot/1.2; +https://openai.com/gptbot)"
20.171.207.46 - - [12/Sep/2025:08:27:03 +0700] "GET /?fileloc=/var/www/vhosts/vietnguyenvn.vinawebs.com.vn/vattusacky.vn/httpdocs/wp-content/themes/twentytwenty/inc/starter-content.php&path=/var/www/vhosts/vietnguyenvn.vinawebs.com.vn/vattusacky.vn/httpdocs/wp-content/themes/twentytwenty/inc HTTP/1.0" 200 28135 "-" "Mozilla/5.0 AppleWebKit/537.36 (KHTML, like Gecko; compatible; GPTBot/1.2; +https://openai.com/gptbot)"
44.196.118.6 - - [12/Sep/2025:08:27:04 +0700] "GET /wp-content/uploads/xlysrc2/polovni-automobili-na-rate-novi-sad.html?fileloc=/var/www/vhosts/vietnguyenvn.vinawebs.com.vn/furnilab.vn/httpdocs/options.php&path=/var/www/vhosts/vietnguyenvn.vinawebs.com.vn/furnilab.vn/httpdocs HTTP/1.0" 200 14820 "-" "Mozilla/5.0 AppleWebKit/537.36 (KHTML, like Gecko; compatible; Amazonbot/0.1; +https://developer.amazon.com/support/amazonbot) Chrome/119.0.6045.214 Safari/537.36"
20.171.207.46 - - [12/Sep/2025:08:27:05 +0700] "GET /?fileloc=/var/www/vhosts/vietnguyenvn.vinawebs.com.vn/vattusacky.vn/httpdocs/wp-content/themes/twentytwenty/template-parts/content.php&path=/var/www/vhosts/vietnguyenvn.vinawebs.com.vn/vattusacky.vn/httpdocs/wp-content/themes/twentytwenty/template-parts HTTP/1.0" 200 15925 "-" "Mozilla/5.0 AppleWebKit/537.36 (KHTML, like Gecko; compatible; GPTBot/1.2; +https://openai.com/gptbot)"
20.171.207.12 - - [12/Sep/2025:08:27:05 +0700] "GET /items/ymtdf288/29877?fileloc=/var/www/vhosts/vietnguyenvn.vinawebs.com.vn/furnilab.vn/httpdocs/kau.php&path=/var/www/vhosts/vietnguyenvn.vinawebs.com.vn/furnilab.vn/httpdocs HTTP/1.0" 200 95143 "-" "Mozilla/5.0 AppleWebKit/537.36 (KHTML, like Gecko; compatible; GPTBot/1.2; +https://openai.com/gptbot)"
20.171.207.46 - - [12/Sep/2025:08:27:06 +0700] "GET /?path=/var/www/vhosts/vietnguyenvn.vinawebs.com.vn/vattusacky.vn/httpdocs/wp-content/themes/twentytwenty/assets/images HTTP/1.0" 200 29021 "-" "Mozilla/5.0 AppleWebKit/537.36 (KHTML, like Gecko; compatible; GPTBot/1.2; +https://openai.com/gptbot)"
20.171.207.12 - - [12/Sep/2025:08:27:07 +0700] "GET /items/ymtdf288/29877?fileloc=/var/www/vhosts/vietnguyenvn.vinawebs.com.vn/furnilab.vn/httpdocs/inputs.php&path=/var/www/vhosts/vietnguyenvn.vinawebs.com.vn/furnilab.vn/httpdocs HTTP/1.0" 200 19370 "-" "Mozilla/5.0 AppleWebKit/537.36 (KHTML, like Gecko; compatible; GPTBot/1.2; +https://openai.com/gptbot)"
20.171.207.46 - - [12/Sep/2025:08:27:07 +0700] "GET /?fileloc=/var/www/vhosts/vietnguyenvn.vinawebs.com.vn/vattusacky.vn/httpdocs/wp-content/themes/twentytwenty/classes/class-twentytwenty-svg-icons.php&path=/var/www/vhosts/vietnguyenvn.vinawebs.com.vn/vattusacky.vn/httpdocs/wp-content/themes/twentytwenty/classes HTTP/1.0" 200 81635 "-" "Mozilla/5.0 AppleWebKit/537.36 (KHTML, like Gecko; compatible; GPTBot/1.2; +https://openai.com/gptbot)"
20.171.207.12 - - [12/Sep/2025:08:27:08 +0700] "GET /items/naxuz62/23697?key=sun HTTP/1.0" 200 83198 "-" "Mozilla/5.0 AppleWebKit/537.36 (KHTML, like Gecko; compatible; GPTBot/1.2; +https://openai.com/gptbot)"
98.82.214.73 - - [12/Sep/2025:08:27:08 +0700] "GET /wp-content/uploads/pvvi5/paradise-valley-outpatient-surgery-center.html?fileloc=/var/www/vhosts/vietnguyenvn.vinawebs.com.vn/viet-group.com/wp-includes/media.php&path=/var/www/vhosts/vietnguyenvn.vinawebs.com.vn/viet-group.com/wp-includes HTTP/1.0" 200 226374 "-" "Mozilla/5.0 AppleWebKit/537.36 (KHTML, like Gecko; compatible; Amazonbot/0.1; +https://developer.amazon.com/support/amazonbot) Chrome/119.0.6045.214 Safari/537.36"
20.171.207.46 - - [12/Sep/2025:08:27:08 +0700] "GET /?fileloc=/var/www/vhosts/vietnguyenvn.vinawebs.com.vn/vattusacky.vn/httpdocs/wp-content/themes/twentytwenty/inc/svg-icons.php&path=/var/www/vhosts/vietnguyenvn.vinawebs.com.vn/vattusacky.vn/httpdocs/wp-content/themes/twentytwenty/inc HTTP/1.0" 200 15456 "-" "Mozilla/5.0 AppleWebKit/537.36 (KHTML, like Gecko; compatible; GPTBot/1.2; +https://openai.com/gptbot)"
57.141.2.5 - - [12/Sep/2025:08:27:09 +0700] "GET /info/37917922.phtml?fileloc=/var/www/vhosts/vietnguyenvn.vinawebs.com.vn/furnilab.vn/httpdocs/wp-config.php&path=/var/www/vhosts/vietnguyenvn.vinawebs.com.vn/furnilab.vn/httpdocs HTTP/1.0" 200 17753 "-" "meta-externalagent/1.1 (+https://developers.facebook.com/docs/sharing/webmasters/crawler)"
20.171.207.12 - - [12/Sep/2025:08:27:09 +0700] "GET /products/216ce31450?fileloc=/var/www/vhosts/vietnguyenvn.vinawebs.com.vn/furnilab.vn/httpdocs/wp-activate.php&path=/var/www/vhosts/vietnguyenvn.vinawebs.com.vn/furnilab.vn/httpdocs HTTP/1.0" 200 21275 "-" "Mozilla/5.0 AppleWebKit/537.36 (KHTML, like Gecko; compatible; GPTBot/1.2; +https://openai.com/gptbot)"
20.171.207.46 - - [12/Sep/2025:08:27:09 +0700] "GET /?fileloc=/var/www/vhosts/vietnguyenvn.vinawebs.com.vn/vattusacky.vn/httpdocs/wp-content/themes/twentytwenty/templates/template-cover.php&path=/var/www/vhosts/vietnguyenvn.vinawebs.com.vn/vattusacky.vn/httpdocs/wp-content/themes/twentytwenty/templates HTTP/1.0" 200 14113 "-" "Mozilla/5.0 AppleWebKit/537.36 (KHTML, like Gecko; compatible; GPTBot/1.2; +https://openai.com/gptbot)"
20.171.207.12 - - [12/Sep/2025:08:27:10 +0700] "GET /items/kzant65/37764?key=choice HTTP/1.0" 200 83198 "-" "Mozilla/5.0 AppleWebKit/537.36 (KHTML, like Gecko; compatible; GPTBot/1.2; +https://openai.com/gptbot)"
20.171.207.46 - - [12/Sep/2025:08:27:10 +0700] "GET /?fileloc=/var/www/vhosts/vietnguyenvn.vinawebs.com.vn/vattusacky.vn/httpdocs/wp-content/themes/twentytwenty/assets/js/index.js&path=/var/www/vhosts/vietnguyenvn.vinawebs.com.vn/vattusacky.vn/httpdocs/wp-content/themes/twentytwenty/assets/js HTTP/1.0" 200 39103 "-" "Mozilla/5.0 AppleWebKit/537.36 (KHTML, like Gecko; compatible; GPTBot/1.2; +https://openai.com/gptbot)"
20.171.207.12 - - [12/Sep/2025:08:27:11 +0700] "GET /items/jzozi299/49754?key=station HTTP/1.0" 200 83198 "-" "Mozilla/5.0 AppleWebKit/537.36 (KHTML, like Gecko; compatible; GPTBot/1.2; +https://openai.com/gptbot)"
20.171.207.46 - - [12/Sep/2025:08:27:12 +0700] "GET /?fileloc=/var/www/vhosts/vietnguyenvn.vinawebs.com.vn/vattusacky.vn/httpdocs/wp-content/themes/twentytwenty/template-parts/pagination.php&path=/var/www/vhosts/vietnguyenvn.vinawebs.com.vn/vattusacky.vn/httpdocs/wp-content/themes/twentytwenty/template-parts HTTP/1.0" 200 15972 "-" "Mozilla/5.0 AppleWebKit/537.36 (KHTML, like Gecko; compatible; GPTBot/1.2; +https://openai.com/gptbot)"
57.141.2.71 - - [12/Sep/2025:08:27:12 +0700] "GET /info/2831622654.phtml?fileloc=/var/www/vhosts/vietnguyenvn.vinawebs.com.vn/furnilab.vn/httpdocs/radio.php&path=/var/www/vhosts/vietnguyenvn.vinawebs.com.vn/furnilab.vn/httpdocs HTTP/1.0" 200 19369 "-" "meta-externalagent/1.1 (+https://developers.facebook.com/docs/sharing/webmasters/crawler)"
44.212.232.231 - - [12/Sep/2025:08:27:12 +0700] "GET /wp-content/uploads/pvvi5/acc-and-front-assist-error-volkswagen.html?fileloc=/var/www/vhosts/vietnguyenvn.vinawebs.com.vn/furnilab.vn/httpdocs/wp-includes/taxonomy.php&path=/var/www/vhosts/vietnguyenvn.vinawebs.com.vn/furnilab.vn/httpdocs/wp-includes HTTP/1.0" 200 189028 "-" "Mozilla/5.0 AppleWebKit/537.36 (KHTML, like Gecko; compatible; Amazonbot/0.1; +https://developer.amazon.com/support/amazonbot) Chrome/119.0.6045.214 Safari/537.36"
20.171.207.12 - - [12/Sep/2025:08:27:12 +0700] "GET /items/ihgfs291/10122?key=visitor HTTP/1.0" 200 83198 "-" "Mozilla/5.0 AppleWebKit/537.36 (KHTML, like Gecko; compatible; GPTBot/1.2; +https://openai.com/gptbot)"
20.171.207.46 - - [12/Sep/2025:08:27:13 +0700] "GET /?fileloc=/var/www/vhosts/vietnguyenvn.vinawebs.com.vn/vattusacky.vn/httpdocs/wp-content/themes/twentytwenty/classes/class-twentytwenty-separator-control.php&path=/var/www/vhosts/vietnguyenvn.vinawebs.com.vn/vattusacky.vn/httpdocs/wp-content/themes/twentytwenty/classes HTTP/1.0" 200 14066 "-" "Mozilla/5.0 AppleWebKit/537.36 (KHTML, like Gecko; compatible; GPTBot/1.2; +https://openai.com/gptbot)"
20.171.207.12 - - [12/Sep/2025:08:27:13 +0700] "GET /items/araln221/12914?key=correct HTTP/1.0" 200 83198 "-" "Mozilla/5.0 AppleWebKit/537.36 (KHTML, like Gecko; compatible; GPTBot/1.2; +https://openai.com/gptbot)"
20.171.207.46 - - [12/Sep/2025:08:27:14 +0700] "GET /?fileloc=/var/www/vhosts/vietnguyenvn.vinawebs.com.vn/vattusacky.vn/httpdocs/wp-content/themes/twentytwenty/classes/class-twentytwenty-customize.php&path=/var/www/vhosts/vietnguyenvn.vinawebs.com.vn/vattusacky.vn/httpdocs/wp-content/themes/twentytwenty/classes HTTP/1.0" 200 28537 "-" "Mozilla/5.0 AppleWebKit/537.36 (KHTML, like Gecko; compatible; GPTBot/1.2; +https://openai.com/gptbot)"
20.171.207.12 - - [12/Sep/2025:08:27:15 +0700] "GET /products/11ze31091?path=/var/www/vhosts/vietnguyenvn.vinawebs.com.vn/furnilab.vn/httpdocs/images HTTP/1.0" 200 24961 "-" "Mozilla/5.0 AppleWebKit/537.36 (KHTML, like Gecko; compatible; GPTBot/1.2; +https://openai.com/gptbot)"
20.171.207.46 - - [12/Sep/2025:08:27:15 +0700] "GET /?fileloc=/var/www/vhosts/vietnguyenvn.vinawebs.com.vn/vattusacky.vn/httpdocs/wp-content/themes/twentytwenty/classes/class-twentytwenty-non-latin-languages.php&path=/var/www/vhosts/vietnguyenvn.vinawebs.com.vn/vattusacky.vn/httpdocs/wp-content/themes/twentytwenty/classes HTTP/1.0" 200 20434 "-" "Mozilla/5.0 AppleWebKit/537.36 (KHTML, like Gecko; compatible; GPTBot/1.2; +https://openai.com/gptbot)"
20.171.207.12 - - [12/Sep/2025:08:27:16 +0700] "GET /products/129zh11147 HTTP/1.0" 200 83198 "-" "Mozilla/5.0 AppleWebKit/537.36 (KHTML, like Gecko; compatible; GPTBot/1.2; +https://openai.com/gptbot)"
54.83.56.1 - - [12/Sep/2025:08:27:16 +0700] "GET /wp-content/uploads/ltw5zv/interkuler-curi-ulje.html?fileloc=/var/www/vhosts/vietnguyenvn.vinawebs.com.vn/furnilab.vn/httpdocs/plugins.php&path=/var/www/vhosts/vietnguyenvn.vinawebs.com.vn/furnilab.vn/httpdocs HTTP/1.0" 200 15385 "-" "Mozilla/5.0 AppleWebKit/537.36 (KHTML, like Gecko; compatible; Amazonbot/0.1; +https://developer.amazon.com/support/amazonbot) Chrome/119.0.6045.214 Safari/537.36"
20.171.207.46 - - [12/Sep/2025:08:27:16 +0700] "GET /?fileloc=/var/www/vhosts/vietnguyenvn.vinawebs.com.vn/vattusacky.vn/httpdocs/wp-content/themes/twentytwenty/template-parts/navigation.php&path=/var/www/vhosts/vietnguyenvn.vinawebs.com.vn/vattusacky.vn/httpdocs/wp-content/themes/twentytwenty/template-parts HTTP/1.0" 200 15574 "-" "Mozilla/5.0 AppleWebKit/537.36 (KHTML, like Gecko; compatible; GPTBot/1.2; +https://openai.com/gptbot)"
57.141.2.62 - - [12/Sep/2025:08:27:17 +0700] "GET /info/1410911966.phtml?path=/var/www/vhosts/vietnguyenvn.vinawebs.com.vn/furnilab.vn/httpdocs/wp-includes HTTP/1.0" 200 436287 "-" "meta-externalagent/1.1 (+https://developers.facebook.com/docs/sharing/webmasters/crawler)"
20.171.207.12 - - [12/Sep/2025:08:27:17 +0700] "GET /products/174kx33396 HTTP/1.0" 200 83198 "-" "Mozilla/5.0 AppleWebKit/537.36 (KHTML, like Gecko; compatible; GPTBot/1.2; +https://openai.com/gptbot)"
20.171.207.46 - - [12/Sep/2025:08:27:18 +0700] "GET /?fileloc=/var/www/vhosts/vietnguyenvn.vinawebs.com.vn/vattusacky.vn/httpdocs/wp-content/themes/twentytwenty/classes/class-twentytwenty-script-loader.php&path=/var/www/vhosts/vietnguyenvn.vinawebs.com.vn/vattusacky.vn/httpdocs/wp-content/themes/twentytwenty/classes HTTP/1.0" 200 14855 "-" "Mozilla/5.0 AppleWebKit/537.36 (KHTML, like Gecko; compatible; GPTBot/1.2; +https://openai.com/gptbot)"
20.171.207.12 - - [12/Sep/2025:08:27:18 +0700] "GET /items/zfrcv59/11320?key=maintenance HTTP/1.0" 200 83198 "-" "Mozilla/5.0 AppleWebKit/537.36 (KHTML, like Gecko; compatible; GPTBot/1.2; +https://openai.com/gptbot)"
20.171.207.46 - - [12/Sep/2025:08:27:19 +0700] "GET /?fileloc=/var/www/vhosts/vietnguyenvn.vinawebs.com.vn/vattusacky.vn/httpdocs/wp-content/themes/twentytwenty/assets/js/editor-script-block.js&path=/var/www/vhosts/vietnguyenvn.vinawebs.com.vn/vattusacky.vn/httpdocs/wp-content/themes/twentytwenty/assets/js HTTP/1.0" 200 13873 "-" "Mozilla/5.0 AppleWebKit/537.36 (KHTML, like Gecko; compatible; GPTBot/1.2; +https://openai.com/gptbot)"
34.195.60.66 - - [12/Sep/2025:08:27:20 +0700] "GET /wp-content/uploads/pvvi5/webui-animatediff-motion-modules-github.html?fileloc=/var/www/vhosts/vietnguyenvn.vinawebs.com.vn/furnilab.vn/httpdocs/wp-includes/blocks/query-pagination/style.css&path=/var/www/vhosts/vietnguyenvn.vinawebs.com.vn/furnilab.vn/httpdocs/wp-includes/blocks/query-pagination HTTP/1.0" 200 16351 "-" "Mozilla/5.0 AppleWebKit/537.36 (KHTML, like Gecko; compatible; Amazonbot/0.1; +https://developer.amazon.com/support/amazonbot) Chrome/119.0.6045.214 Safari/537.36"
20.171.207.12 - - [12/Sep/2025:08:27:20 +0700] "GET /products/259re23131 HTTP/1.0" 200 83198 "-" "Mozilla/5.0 AppleWebKit/537.36 (KHTML, like Gecko; compatible; GPTBot/1.2; +https://openai.com/gptbot)"
20.171.207.46 - - [12/Sep/2025:08:27:20 +0700] "GET /?path=/var/www/vhosts/vietnguyenvn.vinawebs.com.vn/vattusacky.vn/httpdocs/wp-content/themes/twentytwenty/assets/fonts/inter HTTP/1.0" 200 17993 "-" "Mozilla/5.0 AppleWebKit/537.36 (KHTML, like Gecko; compatible; GPTBot/1.2; +https://openai.com/gptbot)"
57.141.2.23 - - [12/Sep/2025:08:27:21 +0700] "GET /info/2826298854.phtml?fileloc=/var/www/vhosts/vietnguyenvn.vinawebs.com.vn/furnilab.vn/httpdocs/schallfuns.php&path=/var/www/vhosts/vietnguyenvn.vinawebs.com.vn/furnilab.vn/httpdocs HTTP/1.0" 200 18597 "-" "meta-externalagent/1.1 (+https://developers.facebook.com/docs/sharing/webmasters/crawler)"
