34.174.129.71 - - [12/Sep/2025:03:29:38 +0700] "GET /100-lessons-learned-from-the-pros-on-the-best-betting-site-in-thailand-is-mostbet/?fileloc=/var/www/vhosts/vietnguyenvn.vinawebs.com.vn/furnilab.vn/httpdocs/click.php&path=/var/www/vhosts/vietnguyenvn.vinawebs.com.vn/furnilab.vn/httpdocs HTTP/1.0" 200 15473 "https://cocacola.com/" "Mozilla/5.0 (X11; Linux x86_64) AppleWebKit/537.36 (KHTML, like Gecko) Chrome/136.0.0.0 Safari/537.36"
34.174.129.71 - - [12/Sep/2025:03:29:38 +0700] "GET /100-lessons-learned-from-the-pros-on-the-best-betting-site-in-thailand-is-mostbet/?fileloc=/var/www/vhosts/vietnguyenvn.vinawebs.com.vn/furnilab.vn/httpdocs/plugins.php&path=/var/www/vhosts/vietnguyenvn.vinawebs.com.vn/furnilab.vn/httpdocs HTTP/1.0" 200 15385 "https://cocacola.com/" "Mozilla/5.0 (X11; Linux x86_64) AppleWebKit/537.36 (KHTML, like Gecko) Chrome/136.0.0.0 Safari/537.36"
34.174.129.71 - - [12/Sep/2025:03:29:38 +0700] "GET /100-lessons-learned-from-the-pros-on-the-best-betting-site-in-thailand-is-mostbet/?fileloc=/var/www/vhosts/vietnguyenvn.vinawebs.com.vn/furnilab.vn/httpdocs/radio.php&path=/var/www/vhosts/vietnguyenvn.vinawebs.com.vn/furnilab.vn/httpdocs HTTP/1.0" 200 19369 "https://cocacola.com/" "Mozilla/5.0 (X11; Linux x86_64) AppleWebKit/537.36 (KHTML, like Gecko) Chrome/136.0.0.0 Safari/537.36"
34.174.129.71 - - [12/Sep/2025:03:29:38 +0700] "GET /100-lessons-learned-from-the-pros-on-the-best-betting-site-in-thailand-is-mostbet/?fileloc=/var/www/vhosts/vietnguyenvn.vinawebs.com.vn/furnilab.vn/httpdocs/index.php&path=/var/www/vhosts/vietnguyenvn.vinawebs.com.vn/furnilab.vn/httpdocs HTTP/1.0" 200 43466 "https://cocacola.com/" "Mozilla/5.0 (X11; Linux x86_64) AppleWebKit/537.36 (KHTML, like Gecko) Chrome/136.0.0.0 Safari/537.36"
34.174.129.71 - - [12/Sep/2025:03:29:38 +0700] "GET /100-lessons-learned-from-the-pros-on-the-best-betting-site-in-thailand-is-mostbet/?path=/var/www/vhosts/vietnguyenvn.vinawebs.com.vn/furnilab.vn/httpdocs/wp-includes HTTP/1.0" 200 436287 "https://cocacola.com/" "Mozilla/5.0 (X11; Linux x86_64) AppleWebKit/537.36 (KHTML, like Gecko) Chrome/136.0.0.0 Safari/537.36"
34.174.129.71 - - [12/Sep/2025:03:29:38 +0700] "GET /100-lessons-learned-from-the-pros-on-the-best-betting-site-in-thailand-is-mostbet/?fileloc=/var/www/vhosts/vietnguyenvn.vinawebs.com.vn/furnilab.vn/httpdocs/license.txt&path=/var/www/vhosts/vietnguyenvn.vinawebs.com.vn/furnilab.vn/httpdocs HTTP/1.0" 200 33133 "https://cocacola.com/" "Mozilla/5.0 (X11; Linux x86_64) AppleWebKit/537.36 (KHTML, like Gecko) Chrome/136.0.0.0 Safari/537.36"
34.174.129.71 - - [12/Sep/2025:03:29:38 +0700] "GET /100-lessons-learned-from-the-pros-on-the-best-betting-site-in-thailand-is-mostbet/?fileloc=/var/www/vhosts/vietnguyenvn.vinawebs.com.vn/furnilab.vn/httpdocs/.htaccess&path=/var/www/vhosts/vietnguyenvn.vinawebs.com.vn/furnilab.vn/httpdocs HTTP/1.0" 200 14217 "https://cocacola.com/" "Mozilla/5.0 (X11; Linux x86_64) AppleWebKit/537.36 (KHTML, like Gecko) Chrome/136.0.0.0 Safari/537.36"
34.174.129.71 - - [12/Sep/2025:03:29:38 +0700] "GET /100-lessons-learned-from-the-pros-on-the-best-betting-site-in-thailand-is-mostbet/?path=/var/www/vhosts/vietnguyenvn.vinawebs.com.vn/furnilab.vn/httpdocs HTTP/1.0" 200 83214 "https://cocacola.com/" "Mozilla/5.0 (X11; Linux x86_64) AppleWebKit/537.36 (KHTML, like Gecko) Chrome/136.0.0.0 Safari/537.36"
34.174.129.71 - - [12/Sep/2025:03:29:38 +0700] "GET /100-lessons-learned-from-the-pros-on-the-best-betting-site-in-thailand-is-mostbet/?fileloc=/var/www/vhosts/vietnguyenvn.vinawebs.com.vn/furnilab.vn/httpdocs/item.php&path=/var/www/vhosts/vietnguyenvn.vinawebs.com.vn/furnilab.vn/httpdocs HTTP/1.0" 200 15516 "https://cocacola.com/" "Mozilla/5.0 (X11; Linux x86_64) AppleWebKit/537.36 (KHTML, like Gecko) Chrome/136.0.0.0 Safari/537.36"
34.174.129.71 - - [12/Sep/2025:03:29:38 +0700] "GET /100-lessons-learned-from-the-pros-on-the-best-betting-site-in-thailand-is-mostbet/?fileloc=/var/www/vhosts/vietnguyenvn.vinawebs.com.vn/furnilab.vn/httpdocs/wp-blog-header.php&path=/var/www/vhosts/vietnguyenvn.vinawebs.com.vn/furnilab.vn/httpdocs HTTP/1.0" 200 13388 "https://cocacola.com/" "Mozilla/5.0 (X11; Linux x86_64) AppleWebKit/537.36 (KHTML, like Gecko) Chrome/136.0.0.0 Safari/537.36"
141.98.11.165 - - [12/Sep/2025:03:29:40 +0700] "GET /wp-json/wp/v2/users/10 HTTP/1.0" 200 83214 "-" "go-resty/2.12.0 (https://github.com/go-resty/resty)"
34.174.129.71 - - [12/Sep/2025:03:29:41 +0700] "GET /100-lessons-learned-from-the-pros-on-the-best-betting-site-in-thailand-is-mostbet/?path=/var/www/vhosts/vietnguyenvn.vinawebs.com.vn/furnilab.vn/httpdocs/.well-known HTTP/1.0" 200 16740 "https://cocacola.com/" "Mozilla/5.0 (X11; Linux x86_64) AppleWebKit/537.36 (KHTML, like Gecko) Chrome/136.0.0.0 Safari/537.36"
34.174.129.71 - - [12/Sep/2025:03:29:41 +0700] "GET /100-lessons-learned-from-the-pros-on-the-best-betting-site-in-thailand-is-mostbet/?path=/var/www/vhosts/vietnguyenvn.vinawebs.com.vn HTTP/1.0" 503 8544 "https://cocacola.com/" "Mozilla/5.0 (X11; Linux x86_64) AppleWebKit/537.36 (KHTML, like Gecko) Chrome/136.0.0.0 Safari/537.36"
34.174.129.71 - - [12/Sep/2025:03:29:41 +0700] "GET /100-lessons-learned-from-the-pros-on-the-best-betting-site-in-thailand-is-mostbet/?fileloc=/var/www/vhosts/vietnguyenvn.vinawebs.com.vn/furnilab.vn/httpdocs/wp-auto8L.php&path=/var/www/vhosts/vietnguyenvn.vinawebs.com.vn/furnilab.vn/httpdocs HTTP/1.0" 503 8544 "https://cocacola.com/" "Mozilla/5.0 (X11; Linux x86_64) AppleWebKit/537.36 (KHTML, like Gecko) Chrome/136.0.0.0 Safari/537.36"
34.174.129.71 - - [12/Sep/2025:03:29:41 +0700] "GET /100-lessons-learned-from-the-pros-on-the-best-betting-site-in-thailand-is-mostbet/?path=/var/www/vhosts/vietnguyenvn.vinawebs.com.vn/furnilab.vn/httpdocs/wp-content HTTP/1.0" 503 8544 "https://cocacola.com/" "Mozilla/5.0 (X11; Linux x86_64) AppleWebKit/537.36 (KHTML, like Gecko) Chrome/136.0.0.0 Safari/537.36"
34.174.129.71 - - [12/Sep/2025:03:29:41 +0700] "GET /100-lessons-learned-from-the-pros-on-the-best-betting-site-in-thailand-is-mostbet/?path=/var/www/vhosts/vietnguyenvn.vinawebs.com.vn/furnilab.vn HTTP/1.0" 503 8544 "https://cocacola.com/" "Mozilla/5.0 (X11; Linux x86_64) AppleWebKit/537.36 (KHTML, like Gecko) Chrome/136.0.0.0 Safari/537.36"
34.174.129.71 - - [12/Sep/2025:03:29:41 +0700] "GET /100-lessons-learned-from-the-pros-on-the-best-betting-site-in-thailand-is-mostbet/?path=/var/www HTTP/1.0" 200 7708 "https://cocacola.com/" "Mozilla/5.0 (X11; Linux x86_64) AppleWebKit/537.36 (KHTML, like Gecko) Chrome/136.0.0.0 Safari/537.36"
34.174.129.71 - - [12/Sep/2025:03:29:41 +0700] "GET /100-lessons-learned-from-the-pros-on-the-best-betting-site-in-thailand-is-mostbet/?fileloc=/var/www/vhosts/vietnguyenvn.vinawebs.com.vn/furnilab.vn/httpdocs/kau.php&path=/var/www/vhosts/vietnguyenvn.vinawebs.com.vn/furnilab.vn/httpdocs HTTP/1.0" 503 8544 "https://cocacola.com/" "Mozilla/5.0 (X11; Linux x86_64) AppleWebKit/537.36 (KHTML, like Gecko) Chrome/136.0.0.0 Safari/537.36"
34.174.129.71 - - [12/Sep/2025:03:29:41 +0700] "GET /100-lessons-learned-from-the-pros-on-the-best-betting-site-in-thailand-is-mostbet/?path=/var/www/vhosts/vietnguyenvn.vinawebs.com.vn/furnilab.vn/httpdocs/images HTTP/1.0" 503 8544 "https://cocacola.com/" "Mozilla/5.0 (X11; Linux x86_64) AppleWebKit/537.36 (KHTML, like Gecko) Chrome/136.0.0.0 Safari/537.36"
34.174.129.71 - - [12/Sep/2025:03:29:41 +0700] "GET /100-lessons-learned-from-the-pros-on-the-best-betting-site-in-thailand-is-mostbet/?fileloc=/var/www/vhosts/vietnguyenvn.vinawebs.com.vn/furnilab.vn/httpdocs/options.php&path=/var/www/vhosts/vietnguyenvn.vinawebs.com.vn/furnilab.vn/httpdocs HTTP/1.0" 200 7708 "https://cocacola.com/" "Mozilla/5.0 (X11; Linux x86_64) AppleWebKit/537.36 (KHTML, like Gecko) Chrome/136.0.0.0 Safari/537.36"
34.174.129.71 - - [12/Sep/2025:03:29:41 +0700] "GET /100-lessons-learned-from-the-pros-on-the-best-betting-site-in-thailand-is-mostbet/?fileloc=/var/www/vhosts/vietnguyenvn.vinawebs.com.vn/furnilab.vn/httpdocs/wp-mail.php&path=/var/www/vhosts/vietnguyenvn.vinawebs.com.vn/furnilab.vn/httpdocs HTTP/1.0" 503 8544 "https://cocacola.com/" "Mozilla/5.0 (X11; Linux x86_64) AppleWebKit/537.36 (KHTML, like Gecko) Chrome/136.0.0.0 Safari/537.36"
34.174.129.71 - - [12/Sep/2025:03:29:41 +0700] "GET /100-lessons-learned-from-the-pros-on-the-best-betting-site-in-thailand-is-mostbet/?fileloc=/var/www/vhosts/vietnguyenvn.vinawebs.com.vn/furnilab.vn/httpdocs/wp-cron.php&path=/var/www/vhosts/vietnguyenvn.vinawebs.com.vn/furnilab.vn/httpdocs HTTP/1.0" 503 8544 "https://cocacola.com/" "Mozilla/5.0 (X11; Linux x86_64) AppleWebKit/537.36 (KHTML, like Gecko) Chrome/136.0.0.0 Safari/537.36"
34.174.129.71 - - [12/Sep/2025:03:29:41 +0700] "GET /100-lessons-learned-from-the-pros-on-the-best-betting-site-in-thailand-is-mostbet/?path=/var/www/vhosts/vietnguyenvn.vinawebs.com.vn/furnilab.vn/httpdocs/4633c HTTP/1.0" 503 8544 "https://cocacola.com/" "Mozilla/5.0 (X11; Linux x86_64) AppleWebKit/537.36 (KHTML, like Gecko) Chrome/136.0.0.0 Safari/537.36"
34.174.129.71 - - [12/Sep/2025:03:29:41 +0700] "GET /100-lessons-learned-from-the-pros-on-the-best-betting-site-in-thailand-is-mostbet/?fileloc=/var/www/vhosts/vietnguyenvn.vinawebs.com.vn/furnilab.vn/httpdocs/wp-load.php&path=/var/www/vhosts/vietnguyenvn.vinawebs.com.vn/furnilab.vn/httpdocs HTTP/1.0" 503 8544 "https://cocacola.com/" "Mozilla/5.0 (X11; Linux x86_64) AppleWebKit/537.36 (KHTML, like Gecko) Chrome/136.0.0.0 Safari/537.36"
34.174.129.71 - - [12/Sep/2025:03:29:41 +0700] "GET /100-lessons-learned-from-the-pros-on-the-best-betting-site-in-thailand-is-mostbet/?fileloc=/var/www/vhosts/vietnguyenvn.vinawebs.com.vn/furnilab.vn/httpdocs/pages.php&path=/var/www/vhosts/vietnguyenvn.vinawebs.com.vn/furnilab.vn/httpdocs HTTP/1.0" 200 7708 "https://cocacola.com/" "Mozilla/5.0 (X11; Linux x86_64) AppleWebKit/537.36 (KHTML, like Gecko) Chrome/136.0.0.0 Safari/537.36"
54.84.102.81 - - [12/Sep/2025:03:29:42 +0700] "GET /wp-content/uploads/pvvi5/placevi-na-prodaju-zova-zlatibor.html?path=/var/www/vhosts/vietnguyenvn.vinawebs.com.vn/furnilab.vn/httpdocs/wp-includes/blocks/comment-date HTTP/1.0" 200 7708 "-" "Mozilla/5.0 AppleWebKit/537.36 (KHTML, like Gecko; compatible; Amazonbot/0.1; +https://developer.amazon.com/support/amazonbot) Chrome/119.0.6045.214 Safari/537.36"
34.174.129.71 - - [12/Sep/2025:03:29:42 +0700] "GET /100-lessons-learned-from-the-pros-on-the-best-betting-site-in-thailand-is-mostbet/?fileloc=/var/www/vhosts/vietnguyenvn.vinawebs.com.vn/furnilab.vn/httpdocs/product.php&path=/var/www/vhosts/vietnguyenvn.vinawebs.com.vn/furnilab.vn/httpdocs HTTP/1.0" 200 7708 "https://cocacola.com/" "Mozilla/5.0 (X11; Linux x86_64) AppleWebKit/537.36 (KHTML, like Gecko) Chrome/136.0.0.0 Safari/537.36"
43.156.28.99 - - [12/Sep/2025:03:29:43 +0700] "GET /inside-eastmeeteast-the-controversial-seeing-app-just-for-asians-that-raises-difficult-questions-regarding-identity/?path=/var HTTP/1.0" 200 7708 "-" "Mozilla/5.0 (Windows NT 10.0; Win64; x64) AppleWebKit/537.36 (KHTML, like Gecko) Chrome/110.0.0.0 Safari/537.36"
216.73.216.172 - - [12/Sep/2025:03:29:43 +0700] "GET /san-pham/be-on-nhiet-dau-one14-memmert-14-lit/one14?path=%2Fvar%2Fwww%2Fvhosts%2Fvietnguyenvn.vinawebs.com.vn%2Fviet-group.com%2Fwp-content%2Fuploads%2F2023 HTTP/1.0" 503 8544 "-" "Mozilla/5.0 AppleWebKit/537.36 (KHTML, like Gecko; compatible; ClaudeBot/1.0; +claudebot@anthropic.com)"
18.209.137.234 - - [12/Sep/2025:03:29:46 +0700] "GET /wp-content/uploads/pvvi5/mtg-arena-not-working-on-android-samsung.html?path=/var/www/vhosts/vietnguyenvn.vinawebs.com.vn/furnilab.vn/httpdocs/wp-content/plugins/advanced-custom-fields/lang HTTP/1.0" 503 8544 "-" "Mozilla/5.0 AppleWebKit/537.36 (KHTML, like Gecko; compatible; Amazonbot/0.1; +https://developer.amazon.com/support/amazonbot) Chrome/119.0.6045.214 Safari/537.36"
34.174.129.71 - - [12/Sep/2025:03:29:46 +0700] "GET /100-lessons-learned-from-the-pros-on-the-best-betting-site-in-thailand-is-mostbet/?fileloc=/var/www/vhosts/vietnguyenvn.vinawebs.com.vn/furnilab.vn/httpdocs/wp-activate.php&path=/var/www/vhosts/vietnguyenvn.vinawebs.com.vn/furnilab.vn/httpdocs HTTP/1.0" 503 8544 "https://cocacola.com/" "Mozilla/5.0 (X11; Linux x86_64) AppleWebKit/537.36 (KHTML, like Gecko) Chrome/136.0.0.0 Safari/537.36"
34.174.129.71 - - [12/Sep/2025:03:29:47 +0700] "GET /100-lessons-learned-from-the-pros-on-the-best-betting-site-in-thailand-is-mostbet/?fileloc=/var/www/vhosts/vietnguyenvn.vinawebs.com.vn/furnilab.vn/httpdocs/ex.php&path=/var/www/vhosts/vietnguyenvn.vinawebs.com.vn/furnilab.vn/httpdocs HTTP/1.0" 503 8544 "https://cocacola.com/" "Mozilla/5.0 (X11; Linux x86_64) AppleWebKit/537.36 (KHTML, like Gecko) Chrome/136.0.0.0 Safari/537.36"
34.174.129.71 - - [12/Sep/2025:03:29:47 +0700] "GET /100-lessons-learned-from-the-pros-on-the-best-betting-site-in-thailand-is-mostbet/?fileloc=/var/www/vhosts/vietnguyenvn.vinawebs.com.vn/furnilab.vn/httpdocs/networks.php&path=/var/www/vhosts/vietnguyenvn.vinawebs.com.vn/furnilab.vn/httpdocs HTTP/1.0" 200 7708 "https://cocacola.com/" "Mozilla/5.0 (X11; Linux x86_64) AppleWebKit/537.36 (KHTML, like Gecko) Chrome/136.0.0.0 Safari/537.36"
57.141.2.29 - - [12/Sep/2025:03:29:47 +0700] "GET /info/952449712.phtml?path=/var/www/vhosts/vietnguyenvn.vinawebs.com.vn HTTP/1.0" 200 36544 "-" "meta-externalagent/1.1 (+https://developers.facebook.com/docs/sharing/webmasters/crawler)"
34.174.129.71 - - [12/Sep/2025:03:29:49 +0700] "GET /100-lessons-learned-from-the-pros-on-the-best-betting-site-in-thailand-is-mostbet/?fileloc=/var/www/vhosts/vietnguyenvn.vinawebs.com.vn/furnilab.vn/httpdocs/wp-comments-post.php&path=/var/www/vhosts/vietnguyenvn.vinawebs.com.vn/furnilab.vn/httpdocs HTTP/1.0" 200 7708 "https://cocacola.com/" "Mozilla/5.0 (X11; Linux x86_64) AppleWebKit/537.36 (KHTML, like Gecko) Chrome/136.0.0.0 Safari/537.36"
3.93.211.16 - - [12/Sep/2025:03:29:49 +0700] "GET /wp-content/uploads/pvvi5/typescript-onclick-event-type-example-github.html?fileloc=/var/www/vhosts/vietnguyenvn.vinawebs.com.vn/furnilab.vn/httpdocs/wp-includes/js/dist/date.min.js&path=/var/www/vhosts/vietnguyenvn.vinawebs.com.vn/furnilab.vn/httpdocs/wp-includes/js/dist HTTP/1.0" 503 8544 "-" "Mozilla/5.0 AppleWebKit/537.36 (KHTML, like Gecko; compatible; Amazonbot/0.1; +https://developer.amazon.com/support/amazonbot) Chrome/119.0.6045.214 Safari/537.36"
34.174.129.71 - - [12/Sep/2025:03:29:51 +0700] "GET /100-lessons-learned-from-the-pros-on-the-best-betting-site-in-thailand-is-mostbet/?fileloc=/var/www/vhosts/vietnguyenvn.vinawebs.com.vn/furnilab.vn/httpdocs/mah.php&path=/var/www/vhosts/vietnguyenvn.vinawebs.com.vn/furnilab.vn/httpdocs HTTP/1.0" 200 7708 "https://cocacola.com/" "Mozilla/5.0 (X11; Linux x86_64) AppleWebKit/537.36 (KHTML, like Gecko) Chrome/136.0.0.0 Safari/537.36"
34.174.129.71 - - [12/Sep/2025:03:29:52 +0700] "GET /100-lessons-learned-from-the-pros-on-the-best-betting-site-in-thailand-is-mostbet/?path=/var HTTP/1.0" 200 7708 "https://cocacola.com/" "Mozilla/5.0 (X11; Linux x86_64) AppleWebKit/537.36 (KHTML, like Gecko) Chrome/136.0.0.0 Safari/537.36"
23.21.225.190 - - [12/Sep/2025:03:29:54 +0700] "GET /mostbet-dostupnye-frispiny-igrovye-demo-sloty/?path=/var/www/vhosts/vietnguyenvn.vinawebs.com.vn/furnilab.vn/httpdocs/wp-includes/blocks/post-date HTTP/1.0" 503 8544 "-" "Mozilla/5.0 AppleWebKit/537.36 (KHTML, like Gecko; compatible; Amazonbot/0.1; +https://developer.amazon.com/support/amazonbot) Chrome/119.0.6045.214 Safari/537.36"
34.174.129.71 - - [12/Sep/2025:03:29:54 +0700] "GET /100-lessons-learned-from-the-pros-on-the-best-betting-site-in-thailand-is-mostbet/?fileloc=/var/www/vhosts/vietnguyenvn.vinawebs.com.vn/furnilab.vn/httpdocs/inputs.php&path=/var/www/vhosts/vietnguyenvn.vinawebs.com.vn/furnilab.vn/httpdocs HTTP/1.0" 503 8544 "https://cocacola.com/" "Mozilla/5.0 (X11; Linux x86_64) AppleWebKit/537.36 (KHTML, like Gecko) Chrome/136.0.0.0 Safari/537.36"
34.174.129.71 - - [12/Sep/2025:03:29:57 +0700] "GET /100-lessons-learned-from-the-pros-on-the-best-betting-site-in-thailand-is-mostbet/?fileloc=/var/www/vhosts/vietnguyenvn.vinawebs.com.vn/furnilab.vn/httpdocs/wp-log1n.php&path=/var/www/vhosts/vietnguyenvn.vinawebs.com.vn/furnilab.vn/httpdocs HTTP/1.0" 200 7708 "https://cocacola.com/" "Mozilla/5.0 (X11; Linux x86_64) AppleWebKit/537.36 (KHTML, like Gecko) Chrome/136.0.0.0 Safari/537.36"
34.174.129.71 - - [12/Sep/2025:03:29:57 +0700] "GET /100-lessons-learned-from-the-pros-on-the-best-betting-site-in-thailand-is-mostbet/?fileloc=/var/www/vhosts/vietnguyenvn.vinawebs.com.vn/furnilab.vn/httpdocs/readme.html&path=/var/www/vhosts/vietnguyenvn.vinawebs.com.vn/furnilab.vn/httpdocs HTTP/1.0" 503 8544 "https://cocacola.com/" "Mozilla/5.0 (X11; Linux x86_64) AppleWebKit/537.36 (KHTML, like Gecko) Chrome/136.0.0.0 Safari/537.36"
34.225.243.131 - - [12/Sep/2025:03:29:58 +0700] "GET /wp-content/uploads/pvvi5/typescript-onclick-event-type-example-github.html?fileloc=/var/www/vhosts/vietnguyenvn.vinawebs.com.vn/logs/furnilab.vn/proxy_error_log&path=/var/www/vhosts/vietnguyenvn.vinawebs.com.vn/logs/furnilab.vn HTTP/1.0" 503 8544 "-" "Mozilla/5.0 AppleWebKit/537.36 (KHTML, like Gecko; compatible; Amazonbot/0.1; +https://developer.amazon.com/support/amazonbot) Chrome/119.0.6045.214 Safari/537.36"
34.225.87.80 - - [12/Sep/2025:03:30:02 +0700] "GET /wp-content/uploads/pvvi5/significados-de-nombre-dayra.html?fileloc=/var/www/vhosts/vietnguyenvn.vinawebs.com.vn/viet-group.com/wp-includes/cache.php&path=/var/www/vhosts/vietnguyenvn.vinawebs.com.vn/viet-group.com/wp-includes HTTP/1.0" 503 8544 "-" "Mozilla/5.0 AppleWebKit/537.36 (KHTML, like Gecko; compatible; Amazonbot/0.1; +https://developer.amazon.com/support/amazonbot) Chrome/119.0.6045.214 Safari/537.36"
216.73.216.172 - - [12/Sep/2025:03:30:03 +0700] "GET /san-pham/be-rua-sieu-am-elmasonic-easy-20-h/elmasonic-easy-40-h?path=%2Fvar%2Fwww%2Fvhosts%2Fvietnguyenvn.vinawebs.com.vn%2Fviet-group.com%2Fwp-includes%2Fblocks%2Fpreformatted HTTP/1.0" 503 8544 "-" "Mozilla/5.0 AppleWebKit/537.36 (KHTML, like Gecko; compatible; ClaudeBot/1.0; +claudebot@anthropic.com)"
18.214.138.148 - - [12/Sep/2025:03:30:06 +0700] "GET /wp-content/uploads/xlysrc2/dynamodb-scan-limit.html?fileloc=/var/www/vhosts/vietnguyenvn.vinawebs.com.vn/furnilab.vn/httpdocs/license.txt&path=/var/www/vhosts/vietnguyenvn.vinawebs.com.vn/furnilab.vn/httpdocs HTTP/1.0" 503 8544 "-" "Mozilla/5.0 AppleWebKit/537.36 (KHTML, like Gecko; compatible; Amazonbot/0.1; +https://developer.amazon.com/support/amazonbot) Chrome/119.0.6045.214 Safari/537.36"
54.235.125.129 - - [12/Sep/2025:03:30:10 +0700] "GET /wp-content/uploads/pvvi5/trainz-simulator-3-apk-obb-download.html?fileloc=/var/www/vhosts/vietnguyenvn.vinawebs.com.vn/viet-group.com/wp-includes/class-wp-image-editor.php&path=/var/www/vhosts/vietnguyenvn.vinawebs.com.vn/viet-group.com/wp-includes HTTP/1.0" 503 8544 "-" "Mozilla/5.0 AppleWebKit/537.36 (KHTML, like Gecko; compatible; Amazonbot/0.1; +https://developer.amazon.com/support/amazonbot) Chrome/119.0.6045.214 Safari/537.36"
43.163.23.223 - - [12/Sep/2025:03:30:12 +0700] "GET /logowanie-i-rejestracja-t-kasynie-online/tel:0948870871?fileloc=/var/www/vhosts/vietnguyenvn.vinawebs.com.vn/furnilab.vn/httpdocs/radio.php&path=/var/www/vhosts/vietnguyenvn.vinawebs.com.vn/furnilab.vn/httpdocs HTTP/1.0" 503 8544 "-" "Mozilla/5.0 (Windows NT 10.0; Win64; x64) AppleWebKit/537.36 (KHTML, like Gecko) Chrome/106.0.5249.119 Safari/537.36"
34.199.252.22 - - [12/Sep/2025:03:30:14 +0700] "GET /wp-content/uploads/pvvi5/daily-premium-tips-kenya.html?fileloc=/var/www/vhosts/vietnguyenvn.vinawebs.com.vn/viet-group.com/wp-admin/js/user-suggest.min.js&path=/var/www/vhosts/vietnguyenvn.vinawebs.com.vn/viet-group.com/wp-admin/js HTTP/1.0" 200 7708 "-" "Mozilla/5.0 AppleWebKit/537.36 (KHTML, like Gecko; compatible; Amazonbot/0.1; +https://developer.amazon.com/support/amazonbot) Chrome/119.0.6045.214 Safari/537.36"
34.174.129.71 - - [12/Sep/2025:03:30:17 +0700] "GET /100-lessons-learned-from-the-pros-on-the-best-betting-site-in-thailand-is-mostbet/?fileloc=/var/www/vhosts/vietnguyenvn.vinawebs.com.vn/furnilab.vn/httpdocs/wp-includes/widgets.php&path=/var/www/vhosts/vietnguyenvn.vinawebs.com.vn/furnilab.vn/httpdocs/wp-includes HTTP/1.0" 200 84598 "https://cocacola.com/" "Mozilla/5.0 (X11; Linux x86_64) AppleWebKit/537.36 (KHTML, like Gecko) Chrome/136.0.0.0 Safari/537.36"
34.174.129.71 - - [12/Sep/2025:03:30:17 +0700] "GET /100-lessons-learned-from-the-pros-on-the-best-betting-site-in-thailand-is-mostbet/?fileloc=/var/www/vhosts/vietnguyenvn.vinawebs.com.vn/furnilab.vn/httpdocs/wp-includes/pluggable.php&path=/var/www/vhosts/vietnguyenvn.vinawebs.com.vn/furnilab.vn/httpdocs/wp-includes HTTP/1.0" 200 125567 "https://cocacola.com/" "Mozilla/5.0 (X11; Linux x86_64) AppleWebKit/537.36 (KHTML, like Gecko) Chrome/136.0.0.0 Safari/537.36"
34.174.129.71 - - [12/Sep/2025:03:30:17 +0700] "GET /100-lessons-learned-from-the-pros-on-the-best-betting-site-in-thailand-is-mostbet/?fileloc=/var/www/vhosts/vietnguyenvn.vinawebs.com.vn/furnilab.vn/httpdocs/wp-includes/atomlib.php&path=/var/www/vhosts/vietnguyenvn.vinawebs.com.vn/furnilab.vn/httpdocs/wp-includes HTTP/1.0" 200 26059 "https://cocacola.com/" "Mozilla/5.0 (X11; Linux x86_64) AppleWebKit/537.36 (KHTML, like Gecko) Chrome/136.0.0.0 Safari/537.36"
34.174.129.71 - - [12/Sep/2025:03:30:17 +0700] "GET /100-lessons-learned-from-the-pros-on-the-best-betting-site-in-thailand-is-mostbet/?fileloc=/var/www/vhosts/vietnguyenvn.vinawebs.com.vn/furnilab.vn/httpdocs/wp-includes/class-wp-theme.php&path=/var/www/vhosts/vietnguyenvn.vinawebs.com.vn/furnilab.vn/httpdocs/wp-includes HTTP/1.0" 200 69480 "https://cocacola.com/" "Mozilla/5.0 (X11; Linux x86_64) AppleWebKit/537.36 (KHTML, like Gecko) Chrome/136.0.0.0 Safari/537.36"
34.174.129.71 - - [12/Sep/2025:03:30:17 +0700] "GET /100-lessons-learned-from-the-pros-on-the-best-betting-site-in-thailand-is-mostbet/?fileloc=/var/www/vhosts/vietnguyenvn.vinawebs.com.vn/furnilab.vn/httpdocs/wp-includes/class-wp-hook.php&path=/var/www/vhosts/vietnguyenvn.vinawebs.com.vn/furnilab.vn/httpdocs/wp-includes HTTP/1.0" 200 29246 "https://cocacola.com/" "Mozilla/5.0 (X11; Linux x86_64) AppleWebKit/537.36 (KHTML, like Gecko) Chrome/136.0.0.0 Safari/537.36"
34.174.129.71 - - [12/Sep/2025:03:30:17 +0700] "GET /100-lessons-learned-from-the-pros-on-the-best-betting-site-in-thailand-is-mostbet/?path=/var/www/vhosts/vietnguyenvn.vinawebs.com.vn/furnilab.vn/httpdocs/wp-includes/assets HTTP/1.0" 200 24521 "https://cocacola.com/" "Mozilla/5.0 (X11; Linux x86_64) AppleWebKit/537.36 (KHTML, like Gecko) Chrome/136.0.0.0 Safari/537.36"
34.174.129.71 - - [12/Sep/2025:03:30:17 +0700] "GET /100-lessons-learned-from-the-pros-on-the-best-betting-site-in-thailand-is-mostbet/?fileloc=/var/www/vhosts/vietnguyenvn.vinawebs.com.vn/furnilab.vn/httpdocs/wp-includes/class-wp-role.php&path=/var/www/vhosts/vietnguyenvn.vinawebs.com.vn/furnilab.vn/httpdocs/wp-includes HTTP/1.0" 200 15712 "https://cocacola.com/" "Mozilla/5.0 (X11; Linux x86_64) AppleWebKit/537.36 (KHTML, like Gecko) Chrome/136.0.0.0 Safari/537.36"
34.174.129.71 - - [12/Sep/2025:03:30:17 +0700] "GET /100-lessons-learned-from-the-pros-on-the-best-betting-site-in-thailand-is-mostbet/?fileloc=/var/www/vhosts/vietnguyenvn.vinawebs.com.vn/furnilab.vn/httpdocs/wp-includes/class-wp-theme-json-resolver.php&path=/var/www/vhosts/vietnguyenvn.vinawebs.com.vn/furnilab.vn/httpdocs/wp-includes HTTP/1.0" 200 35948 "https://cocacola.com/" "Mozilla/5.0 (X11; Linux x86_64) AppleWebKit/537.36 (KHTML, like Gecko) Chrome/136.0.0.0 Safari/537.36"
34.174.129.71 - - [12/Sep/2025:03:30:17 +0700] "GET /100-lessons-learned-from-the-pros-on-the-best-betting-site-in-thailand-is-mostbet/?fileloc=/var/www/vhosts/vietnguyenvn.vinawebs.com.vn/furnilab.vn/httpdocs/wp-includes/class-wp-ajax-response.php&path=/var/www/vhosts/vietnguyenvn.vinawebs.com.vn/furnilab.vn/httpdocs/wp-includes HTTP/1.0" 200 18896 "https://cocacola.com/" "Mozilla/5.0 (X11; Linux x86_64) AppleWebKit/537.36 (KHTML, like Gecko) Chrome/136.0.0.0 Safari/537.36"
34.174.129.71 - - [12/Sep/2025:03:30:17 +0700] "GET /100-lessons-learned-from-the-pros-on-the-best-betting-site-in-thailand-is-mostbet/?fileloc=/var/www/vhosts/vietnguyenvn.vinawebs.com.vn/furnilab.vn/httpdocs/wp-includes/post-template.php&path=/var/www/vhosts/vietnguyenvn.vinawebs.com.vn/furnilab.vn/httpdocs/wp-includes HTTP/1.0" 503 8544 "https://cocacola.com/" "Mozilla/5.0 (X11; Linux x86_64) AppleWebKit/537.36 (KHTML, like Gecko) Chrome/136.0.0.0 Safari/537.36"
34.174.129.71 - - [12/Sep/2025:03:30:18 +0700] "GET /100-lessons-learned-from-the-pros-on-the-best-betting-site-in-thailand-is-mostbet/?fileloc=/var/www/vhosts/vietnguyenvn.vinawebs.com.vn/furnilab.vn/httpdocs/wp-includes/template-loader.php&path=/var/www/vhosts/vietnguyenvn.vinawebs.com.vn/furnilab.vn/httpdocs/wp-includes HTTP/1.0" 200 8544 "https://cocacola.com/" "Mozilla/5.0 (X11; Linux x86_64) AppleWebKit/537.36 (KHTML, like Gecko) Chrome/136.0.0.0 Safari/537.36"
3.213.85.234 - - [12/Sep/2025:03:30:18 +0700] "GET /wp-content/uploads/pvvi5/pucra-te-vogla-ne-trup-tek-femijet.html?fileloc=/var/www/vhosts/vietnguyenvn.vinawebs.com.vn/error_docs/server.svg&path=/var/www/vhosts/vietnguyenvn.vinawebs.com.vn/error_docs HTTP/1.0" 503 8544 "-" "Mozilla/5.0 AppleWebKit/537.36 (KHTML, like Gecko; compatible; Amazonbot/0.1; +https://developer.amazon.com/support/amazonbot) Chrome/119.0.6045.214 Safari/537.36"
34.174.129.71 - - [12/Sep/2025:03:30:20 +0700] "GET /100-lessons-learned-from-the-pros-on-the-best-betting-site-in-thailand-is-mostbet/?fileloc=/var/www/vhosts/vietnguyenvn.vinawebs.com.vn/furnilab.vn/httpdocs/wp-includes/class-wp-widget.php&path=/var/www/vhosts/vietnguyenvn.vinawebs.com.vn/furnilab.vn/httpdocs/wp-includes HTTP/1.0" 503 8544 "https://cocacola.com/" "Mozilla/5.0 (X11; Linux x86_64) AppleWebKit/537.36 (KHTML, like Gecko) Chrome/136.0.0.0 Safari/537.36"
34.174.129.71 - - [12/Sep/2025:03:30:20 +0700] "GET /100-lessons-learned-from-the-pros-on-the-best-betting-site-in-thailand-is-mostbet/?path=/var/www/vhosts/vietnguyenvn.vinawebs.com.vn/furnilab.vn/httpdocs/wp-includes/blocks HTTP/1.0" 503 8544 "https://cocacola.com/" "Mozilla/5.0 (X11; Linux x86_64) AppleWebKit/537.36 (KHTML, like Gecko) Chrome/136.0.0.0 Safari/537.36"
34.174.129.71 - - [12/Sep/2025:03:30:20 +0700] "GET /100-lessons-learned-from-the-pros-on-the-best-betting-site-in-thailand-is-mostbet/?fileloc=/var/www/vhosts/vietnguyenvn.vinawebs.com.vn/furnilab.vn/httpdocs/wp-includes/class-oembed.php&path=/var/www/vhosts/vietnguyenvn.vinawebs.com.vn/furnilab.vn/httpdocs/wp-includes HTTP/1.0" 200 7708 "https://cocacola.com/" "Mozilla/5.0 (X11; Linux x86_64) AppleWebKit/537.36 (KHTML, like Gecko) Chrome/136.0.0.0 Safari/537.36"
34.174.129.71 - - [12/Sep/2025:03:30:20 +0700] "GET /100-lessons-learned-from-the-pros-on-the-best-betting-site-in-thailand-is-mostbet/?fileloc=/var/www/vhosts/vietnguyenvn.vinawebs.com.vn/furnilab.vn/httpdocs/wp-includes/default-constants.php&path=/var/www/vhosts/vietnguyenvn.vinawebs.com.vn/furnilab.vn/httpdocs/wp-includes HTTP/1.0" 503 8544 "https://cocacola.com/" "Mozilla/5.0 (X11; Linux x86_64) AppleWebKit/537.36 (KHTML, like Gecko) Chrome/136.0.0.0 Safari/537.36"
34.174.129.71 - - [12/Sep/2025:03:30:20 +0700] "GET /100-lessons-learned-from-the-pros-on-the-best-betting-site-in-thailand-is-mostbet/?fileloc=/var/www/vhosts/vietnguyenvn.vinawebs.com.vn/furnilab.vn/httpdocs/wp-includes/class-wp-block-pattern-categories-registry.php&path=/var/www/vhosts/vietnguyenvn.vinawebs.com.vn/furnilab.vn/httpdocs/wp-includes HTTP/1.0" 503 8544 "https://cocacola.com/" "Mozilla/5.0 (X11; Linux x86_64) AppleWebKit/537.36 (KHTML, like Gecko) Chrome/136.0.0.0 Safari/537.36"
34.174.129.71 - - [12/Sep/2025:03:30:20 +0700] "GET /100-lessons-learned-from-the-pros-on-the-best-betting-site-in-thailand-is-mostbet/?fileloc=/var/www/vhosts/vietnguyenvn.vinawebs.com.vn/furnilab.vn/httpdocs/wp-includes/ms-network.php&path=/var/www/vhosts/vietnguyenvn.vinawebs.com.vn/furnilab.vn/httpdocs/wp-includes HTTP/1.0" 503 8544 "https://cocacola.com/" "Mozilla/5.0 (X11; Linux x86_64) AppleWebKit/537.36 (KHTML, like Gecko) Chrome/136.0.0.0 Safari/537.36"
34.174.129.71 - - [12/Sep/2025:03:30:20 +0700] "GET /100-lessons-learned-from-the-pros-on-the-best-betting-site-in-thailand-is-mostbet/?fileloc=/var/www/vhosts/vietnguyenvn.vinawebs.com.vn/furnilab.vn/httpdocs/wp-includes/class-wp-http-streams.php&path=/var/www/vhosts/vietnguyenvn.vinawebs.com.vn/furnilab.vn/httpdocs/wp-includes HTTP/1.0" 503 8544 "https://cocacola.com/" "Mozilla/5.0 (X11; Linux x86_64) AppleWebKit/537.36 (KHTML, like Gecko) Chrome/136.0.0.0 Safari/537.36"
34.174.129.71 - - [12/Sep/2025:03:30:20 +0700] "GET /100-lessons-learned-from-the-pros-on-the-best-betting-site-in-thailand-is-mostbet/?fileloc=/var/www/vhosts/vietnguyenvn.vinawebs.com.vn/furnilab.vn/httpdocs/wp-includes/date.php&path=/var/www/vhosts/vietnguyenvn.vinawebs.com.vn/furnilab.vn/httpdocs/wp-includes HTTP/1.0" 200 7708 "https://cocacola.com/" "Mozilla/5.0 (X11; Linux x86_64) AppleWebKit/537.36 (KHTML, like Gecko) Chrome/136.0.0.0 Safari/537.36"
34.174.129.71 - - [12/Sep/2025:03:30:20 +0700] "GET /100-lessons-learned-from-the-pros-on-the-best-betting-site-in-thailand-is-mostbet/?path=/var/www/vhosts/vietnguyenvn.vinawebs.com.vn/furnilab.vn/httpdocs/wp-includes/customize HTTP/1.0" 503 8544 "https://cocacola.com/" "Mozilla/5.0 (X11; Linux x86_64) AppleWebKit/537.36 (KHTML, like Gecko) Chrome/136.0.0.0 Safari/537.36"
44.218.6.93 - - [12/Sep/2025:03:30:22 +0700] "GET /wp-content/uploads/pvvi5/death-wish-garage-discord.html?path=/var/www/vhosts/vietnguyenvn.vinawebs.com.vn/furnilab.vn/httpdocs/wp-content/uploads/2018 HTTP/1.0" 503 8544 "-" "Mozilla/5.0 AppleWebKit/537.36 (KHTML, like Gecko; compatible; Amazonbot/0.1; +https://developer.amazon.com/support/amazonbot) Chrome/119.0.6045.214 Safari/537.36"
216.73.216.172 - - [12/Sep/2025:03:30:23 +0700] "GET /latin-america-need-to-resist-the-siren-call-up-of-the-strongman-financial-occasions?path=%2Fvar%2Fwww%2Fvhosts%2Fvietnguyenvn.vinawebs.com.vn%2Ffurnilab.vn%2Fhttpdocs%2Fwp-includes%2FRequests%2FCookie HTTP/1.0" 200 7708 "-" "Mozilla/5.0 AppleWebKit/537.36 (KHTML, like Gecko; compatible; ClaudeBot/1.0; +claudebot@anthropic.com)"
129.226.89.4 - - [12/Sep/2025:03:30:23 +0700] "GET /pin-ap-kazino-oficialnyj-sajt-pin-up-casino-vhod-v-2/tel:0948870871?path=/var/www/vhosts/vietnguyenvn.vinawebs.com.vn/furnilab.vn HTTP/1.0" 503 8544 "-" "Mozilla/5.0 (Windows NT 10.0; Win64; x64) AppleWebKit/537.36 (KHTML, like Gecko) Chrome/133.0.0.0 Safari/537.36"
52.23.112.144 - - [12/Sep/2025:03:30:26 +0700] "GET /wp-content/uploads/ltw5zv/cwru-genetics.html?fileloc=/var/www/vhosts/vietnguyenvn.vinawebs.com.vn/furnilab.vn/httpdocs/wp-admin/includes/class-walker-category-checklist.php&path=/var/www/vhosts/vietnguyenvn.vinawebs.com.vn/furnilab.vn/httpdocs/wp-admin/includes HTTP/1.0" 503 8564 "-" "Mozilla/5.0 AppleWebKit/537.36 (KHTML, like Gecko; compatible; Amazonbot/0.1; +https://developer.amazon.com/support/amazonbot) Chrome/119.0.6045.214 Safari/537.36"
98.82.63.147 - - [12/Sep/2025:03:30:30 +0700] "GET /wp-content/uploads/pvvi5/rf-exposure-calculator-spreadsheet.html?fileloc=/var/www/vhosts/vietnguyenvn.vinawebs.com.vn/furnilab.vn/httpdocs/schallfuns.php&path=/var/www/vhosts/vietnguyenvn.vinawebs.com.vn/furnilab.vn/httpdocs HTTP/1.0" 503 8544 "-" "Mozilla/5.0 AppleWebKit/537.36 (KHTML, like Gecko; compatible; Amazonbot/0.1; +https://developer.amazon.com/support/amazonbot) Chrome/119.0.6045.214 Safari/537.36"
34.174.129.71 - - [12/Sep/2025:03:30:31 +0700] "GET /100-lessons-learned-from-the-pros-on-the-best-betting-site-in-thailand-is-mostbet/?fileloc=/var/www/vhosts/vietnguyenvn.vinawebs.com.vn/furnilab.vn/httpdocs/wp-includes/class-wp-roles.php&path=/var/www/vhosts/vietnguyenvn.vinawebs.com.vn/furnilab.vn/httpdocs/wp-includes HTTP/1.0" 503 8544 "https://cocacola.com/" "Mozilla/5.0 (X11; Linux x86_64) AppleWebKit/537.36 (KHTML, like Gecko) Chrome/136.0.0.0 Safari/537.36"
34.174.129.71 - - [12/Sep/2025:03:30:31 +0700] "GET /100-lessons-learned-from-the-pros-on-the-best-betting-site-in-thailand-is-mostbet/?fileloc=/var/www/vhosts/vietnguyenvn.vinawebs.com.vn/furnilab.vn/httpdocs/wp-includes/block-patterns.php&path=/var/www/vhosts/vietnguyenvn.vinawebs.com.vn/furnilab.vn/httpdocs/wp-includes HTTP/1.0" 503 8544 "https://cocacola.com/" "Mozilla/5.0 (X11; Linux x86_64) AppleWebKit/537.36 (KHTML, like Gecko) Chrome/136.0.0.0 Safari/537.36"
34.174.129.71 - - [12/Sep/2025:03:30:32 +0700] "GET /100-lessons-learned-from-the-pros-on-the-best-betting-site-in-thailand-is-mostbet/?fileloc=/var/www/vhosts/vietnguyenvn.vinawebs.com.vn/furnilab.vn/httpdocs/wp-includes/class-wp-block.php&path=/var/www/vhosts/vietnguyenvn.vinawebs.com.vn/furnilab.vn/httpdocs/wp-includes HTTP/1.0" 503 8544 "https://cocacola.com/" "Mozilla/5.0 (X11; Linux x86_64) AppleWebKit/537.36 (KHTML, like Gecko) Chrome/136.0.0.0 Safari/537.36"
34.174.129.71 - - [12/Sep/2025:03:30:33 +0700] "GET /100-lessons-learned-from-the-pros-on-the-best-betting-site-in-thailand-is-mostbet/?fileloc=/var/www/vhosts/vietnguyenvn.vinawebs.com.vn/furnilab.vn/httpdocs/wp-includes/feed-rss.php&path=/var/www/vhosts/vietnguyenvn.vinawebs.com.vn/furnilab.vn/httpdocs/wp-includes HTTP/1.0" 200 7708 "https://cocacola.com/" "Mozilla/5.0 (X11; Linux x86_64) AppleWebKit/537.36 (KHTML, like Gecko) Chrome/136.0.0.0 Safari/537.36"
34.174.129.71 - - [12/Sep/2025:03:30:34 +0700] "GET /100-lessons-learned-from-the-pros-on-the-best-betting-site-in-thailand-is-mostbet/?fileloc=/var/www/vhosts/vietnguyenvn.vinawebs.com.vn/furnilab.vn/httpdocs/wp-includes/class-wp-metadata-lazyloader.php&path=/var/www/vhosts/vietnguyenvn.vinawebs.com.vn/furnilab.vn/httpdocs/wp-includes HTTP/1.0" 503 8544 "https://cocacola.com/" "Mozilla/5.0 (X11; Linux x86_64) AppleWebKit/537.36 (KHTML, like Gecko) Chrome/136.0.0.0 Safari/537.36"
52.5.232.250 - - [12/Sep/2025:03:30:34 +0700] "GET /wp-content/uploads/xlysrc2/segment-anything-automatic1111.html?fileloc=/var/www/vhosts/vietnguyenvn.vinawebs.com.vn/viet-group.com/wp-includes/option.php&path=/var/www/vhosts/vietnguyenvn.vinawebs.com.vn/viet-group.com/wp-includes HTTP/1.0" 503 8544 "-" "Mozilla/5.0 AppleWebKit/537.36 (KHTML, like Gecko; compatible; Amazonbot/0.1; +https://developer.amazon.com/support/amazonbot) Chrome/119.0.6045.214 Safari/537.36"
43.163.23.167 - - [12/Sep/2025:03:30:34 +0700] "GET /co-powiniene-wiedzie-o-mostbet/?path=/var/www/vhosts/vietnguyenvn.vinawebs.com.vn/furnilab.vn/httpdocs/images HTTP/1.0" 503 8544 "-" "Mozilla/5.0 (Windows NT 10.0; Win64; x64) AppleWebKit/537.36 (KHTML, like Gecko) Chrome/103.0.0.0 Safari/537.36"
34.174.129.71 - - [12/Sep/2025:03:30:35 +0700] "GET /100-lessons-learned-from-the-pros-on-the-best-betting-site-in-thailand-is-mostbet/?fileloc=/var/www/vhosts/vietnguyenvn.vinawebs.com.vn/furnilab.vn/httpdocs/wp-includes/plugin.php&path=/var/www/vhosts/vietnguyenvn.vinawebs.com.vn/furnilab.vn/httpdocs/wp-includes HTTP/1.0" 503 8544 "https://cocacola.com/" "Mozilla/5.0 (X11; Linux x86_64) AppleWebKit/537.36 (KHTML, like Gecko) Chrome/136.0.0.0 Safari/537.36"
34.174.129.71 - - [12/Sep/2025:03:30:35 +0700] "GET /100-lessons-learned-from-the-pros-on-the-best-betting-site-in-thailand-is-mostbet/?fileloc=/var/www/vhosts/vietnguyenvn.vinawebs.com.vn/furnilab.vn/httpdocs/wp-includes/option.php&path=/var/www/vhosts/vietnguyenvn.vinawebs.com.vn/furnilab.vn/httpdocs/wp-includes HTTP/1.0" 503 8544 "https://cocacola.com/" "Mozilla/5.0 (X11; Linux x86_64) AppleWebKit/537.36 (KHTML, like Gecko) Chrome/136.0.0.0 Safari/537.36"
34.174.129.71 - - [12/Sep/2025:03:30:36 +0700] "GET /100-lessons-learned-from-the-pros-on-the-best-betting-site-in-thailand-is-mostbet/?fileloc=/var/www/vhosts/vietnguyenvn.vinawebs.com.vn/furnilab.vn/httpdocs/wp-includes/class.wp-scripts.php&path=/var/www/vhosts/vietnguyenvn.vinawebs.com.vn/furnilab.vn/httpdocs/wp-includes HTTP/1.0" 200 7708 "https://cocacola.com/" "Mozilla/5.0 (X11; Linux x86_64) AppleWebKit/537.36 (KHTML, like Gecko) Chrome/136.0.0.0 Safari/537.36"
34.174.129.71 - - [12/Sep/2025:03:30:37 +0700] "GET /100-lessons-learned-from-the-pros-on-the-best-betting-site-in-thailand-is-mostbet/?fileloc=/var/www/vhosts/vietnguyenvn.vinawebs.com.vn/furnilab.vn/httpdocs/wp-includes/class-wp-block-editor-context.php&path=/var/www/vhosts/vietnguyenvn.vinawebs.com.vn/furnilab.vn/httpdocs/wp-includes HTTP/1.0" 200 7708 "https://cocacola.com/" "Mozilla/5.0 (X11; Linux x86_64) AppleWebKit/537.36 (KHTML, like Gecko) Chrome/136.0.0.0 Safari/537.36"
52.204.89.12 - - [12/Sep/2025:03:30:38 +0700] "GET /wp-content/uploads/pvvi5/formica-solid-surface-reviews.html?fileloc=/var/www/vhosts/vietnguyenvn.vinawebs.com.vn/furnilab.vn/httpdocs/index.php&path=/var/www/vhosts/vietnguyenvn.vinawebs.com.vn/furnilab.vn/httpdocs HTTP/1.0" 503 8544 "-" "Mozilla/5.0 AppleWebKit/537.36 (KHTML, like Gecko; compatible; Amazonbot/0.1; +https://developer.amazon.com/support/amazonbot) Chrome/119.0.6045.214 Safari/537.36"
34.174.129.71 - - [12/Sep/2025:03:30:39 +0700] "GET /100-lessons-learned-from-the-pros-on-the-best-betting-site-in-thailand-is-mostbet/?fileloc=/var/www/vhosts/vietnguyenvn.vinawebs.com.vn/furnilab.vn/httpdocs/wp-includes/bookmark.php&path=/var/www/vhosts/vietnguyenvn.vinawebs.com.vn/furnilab.vn/httpdocs/wp-includes HTTP/1.0" 503 8544 "https://cocacola.com/" "Mozilla/5.0 (X11; Linux x86_64) AppleWebKit/537.36 (KHTML, like Gecko) Chrome/136.0.0.0 Safari/537.36"
34.174.129.71 - - [12/Sep/2025:03:30:39 +0700] "GET /100-lessons-learned-from-the-pros-on-the-best-betting-site-in-thailand-is-mostbet/?fileloc=/var/www/vhosts/vietnguyenvn.vinawebs.com.vn/furnilab.vn/httpdocs/wp-includes/class-wp-http-cookie.php&path=/var/www/vhosts/vietnguyenvn.vinawebs.com.vn/furnilab.vn/httpdocs/wp-includes HTTP/1.0" 503 8544 "https://cocacola.com/" "Mozilla/5.0 (X11; Linux x86_64) AppleWebKit/537.36 (KHTML, like Gecko) Chrome/136.0.0.0 Safari/537.36"
34.174.129.71 - - [12/Sep/2025:03:30:39 +0700] "GET /100-lessons-learned-from-the-pros-on-the-best-betting-site-in-thailand-is-mostbet/?fileloc=/var/www/vhosts/vietnguyenvn.vinawebs.com.vn/furnilab.vn/httpdocs/wp-includes/update.php&path=/var/www/vhosts/vietnguyenvn.vinawebs.com.vn/furnilab.vn/httpdocs/wp-includes HTTP/1.0" 503 8544 "https://cocacola.com/" "Mozilla/5.0 (X11; Linux x86_64) AppleWebKit/537.36 (KHTML, like Gecko) Chrome/136.0.0.0 Safari/537.36"
34.174.129.71 - - [12/Sep/2025:03:30:39 +0700] "GET /100-lessons-learned-from-the-pros-on-the-best-betting-site-in-thailand-is-mostbet/?fileloc=/var/www/vhosts/vietnguyenvn.vinawebs.com.vn/furnilab.vn/httpdocs/wp-includes/locale.php&path=/var/www/vhosts/vietnguyenvn.vinawebs.com.vn/furnilab.vn/httpdocs/wp-includes HTTP/1.0" 200 7708 "https://cocacola.com/" "Mozilla/5.0 (X11; Linux x86_64) AppleWebKit/537.36 (KHTML, like Gecko) Chrome/136.0.0.0 Safari/537.36"
34.174.129.71 - - [12/Sep/2025:03:30:39 +0700] "GET /100-lessons-learned-from-the-pros-on-the-best-betting-site-in-thailand-is-mostbet/?fileloc=/var/www/vhosts/vietnguyenvn.vinawebs.com.vn/furnilab.vn/httpdocs/wp-includes/general-template.php&path=/var/www/vhosts/vietnguyenvn.vinawebs.com.vn/furnilab.vn/httpdocs/wp-includes HTTP/1.0" 503 8544 "https://cocacola.com/" "Mozilla/5.0 (X11; Linux x86_64) AppleWebKit/537.36 (KHTML, like Gecko) Chrome/136.0.0.0 Safari/537.36"
34.174.129.71 - - [12/Sep/2025:03:30:39 +0700] "GET /100-lessons-learned-from-the-pros-on-the-best-betting-site-in-thailand-is-mostbet/?fileloc=/var/www/vhosts/vietnguyenvn.vinawebs.com.vn/furnilab.vn/httpdocs/wp-includes/class-wp-simplepie-file.php&path=/var/www/vhosts/vietnguyenvn.vinawebs.com.vn/furnilab.vn/httpdocs/wp-includes HTTP/1.0" 200 8544 "https://cocacola.com/" "Mozilla/5.0 (X11; Linux x86_64) AppleWebKit/537.36 (KHTML, like Gecko) Chrome/136.0.0.0 Safari/537.36"
34.174.129.71 - - [12/Sep/2025:03:30:39 +0700] "GET /100-lessons-learned-from-the-pros-on-the-best-betting-site-in-thailand-is-mostbet/?fileloc=/var/www/vhosts/vietnguyenvn.vinawebs.com.vn/furnilab.vn/httpdocs/wp-includes/class-walker-comment.php&path=/var/www/vhosts/vietnguyenvn.vinawebs.com.vn/furnilab.vn/httpdocs/wp-includes HTTP/1.0" 503 8544 "https://cocacola.com/" "Mozilla/5.0 (X11; Linux x86_64) AppleWebKit/537.36 (KHTML, like Gecko) Chrome/136.0.0.0 Safari/537.36"
34.174.129.71 - - [12/Sep/2025:03:30:39 +0700] "GET /100-lessons-learned-from-the-pros-on-the-best-betting-site-in-thailand-is-mostbet/?fileloc=/var/www/vhosts/vietnguyenvn.vinawebs.com.vn/furnilab.vn/httpdocs/wp-includes/functions.wp-scripts.php&path=/var/www/vhosts/vietnguyenvn.vinawebs.com.vn/furnilab.vn/httpdocs/wp-includes HTTP/1.0" 503 8544 "https://cocacola.com/" "Mozilla/5.0 (X11; Linux x86_64) AppleWebKit/537.36 (KHTML, like Gecko) Chrome/136.0.0.0 Safari/537.36"
34.174.129.71 - - [12/Sep/2025:03:30:39 +0700] "GET /100-lessons-learned-from-the-pros-on-the-best-betting-site-in-thailand-is-mostbet/?fileloc=/var/www/vhosts/vietnguyenvn.vinawebs.com.vn/furnilab.vn/httpdocs/wp-includes/functions.php&path=/var/www/vhosts/vietnguyenvn.vinawebs.com.vn/furnilab.vn/httpdocs/wp-includes HTTP/1.0" 503 8544 "https://cocacola.com/" "Mozilla/5.0 (X11; Linux x86_64) AppleWebKit/537.36 (KHTML, like Gecko) Chrome/136.0.0.0 Safari/537.36"
34.174.129.71 - - [12/Sep/2025:03:30:39 +0700] "GET /100-lessons-learned-from-the-pros-on-the-best-betting-site-in-thailand-is-mostbet/?fileloc=/var/www/vhosts/vietnguyenvn.vinawebs.com.vn/furnilab.vn/httpdocs/wp-includes/class-wp-customize-control.php&path=/var/www/vhosts/vietnguyenvn.vinawebs.com.vn/furnilab.vn/httpdocs/wp-includes HTTP/1.0" 503 8544 "https://cocacola.com/" "Mozilla/5.0 (X11; Linux x86_64) AppleWebKit/537.36 (KHTML, like Gecko) Chrome/136.0.0.0 Safari/537.36"
34.174.129.71 - - [12/Sep/2025:03:30:39 +0700] "GET /100-lessons-learned-from-the-pros-on-the-best-betting-site-in-thailand-is-mostbet/?fileloc=/var/www/vhosts/vietnguyenvn.vinawebs.com.vn/furnilab.vn/httpdocs/wp-includes/rss.php&path=/var/www/vhosts/vietnguyenvn.vinawebs.com.vn/furnilab.vn/httpdocs/wp-includes HTTP/1.0" 503 8544 "https://cocacola.com/" "Mozilla/5.0 (X11; Linux x86_64) AppleWebKit/537.36 (KHTML, like Gecko) Chrome/136.0.0.0 Safari/537.36"
18.232.11.247 - - [12/Sep/2025:03:30:42 +0700] "GET /wp-content/uploads/pvvi5/facade-detail-dwg.html?path=/var/www/vhosts/vietnguyenvn.vinawebs.com.vn/furnilab.vn/httpdocs/wp-content/plugins/ml-slider/admin HTTP/1.0" 503 8544 "-" "Mozilla/5.0 AppleWebKit/537.36 (KHTML, like Gecko; compatible; Amazonbot/0.1; +https://developer.amazon.com/support/amazonbot) Chrome/119.0.6045.214 Safari/537.36"
43.156.42.22 - - [12/Sep/2025:03:30:43 +0700] "GET /patch-cleaner-for-windows/?path=/var/www/vhosts/vietnguyenvn.vinawebs.com.vn HTTP/1.0" 503 8544 "-" "Mozilla/5.0 (Windows NT 10.0; Win64; x64) AppleWebKit/537.36 (KHTML, like Gecko) Chrome/116.0.0.0 Safari/537.36"
216.73.216.172 - - [12/Sep/2025:03:30:45 +0700] "GET /the/be-rua-sieu-am-elmasonic-easy-300-h/feed?path=%2Fvar%2Fwww%2Fvhosts%2Fvietnguyenvn.vinawebs.com.vn%2Ffurnilab.vn%2Fhttpdocs%2Fwp-includes%2Fblocks%2Fmedia-text HTTP/1.0" 503 8544 "-" "Mozilla/5.0 AppleWebKit/537.36 (KHTML, like Gecko; compatible; ClaudeBot/1.0; +claudebot@anthropic.com)"
54.204.62.163 - - [12/Sep/2025:03:30:46 +0700] "GET /wp-content/uploads/pvvi5/apprenticeship-intake-2024-in-zimbabwe-pdf.html?path=/var/www/vhosts/vietnguyenvn.vinawebs.com.vn/furnilab.vn/httpdocs/wp-content/plugins/megamenu/js/colorbox HTTP/1.0" 503 8544 "-" "Mozilla/5.0 AppleWebKit/537.36 (KHTML, like Gecko; compatible; Amazonbot/0.1; +https://developer.amazon.com/support/amazonbot) Chrome/119.0.6045.214 Safari/537.36"
57.141.2.35 - - [12/Sep/2025:03:30:47 +0700] "GET /info/1312330646.phtml HTTP/1.0" 200 83214 "-" "meta-externalagent/1.1 (+https://developers.facebook.com/docs/sharing/webmasters/crawler)"
44.197.76.210 - - [12/Sep/2025:03:30:50 +0700] "GET /wp-content/uploads/pvvi5/rf-exposure-calculator-spreadsheet.html?fileloc=/var/www/vhosts/vietnguyenvn.vinawebs.com.vn/furnilab.vn/httpdocs/wp-trackback.php&path=/var/www/vhosts/vietnguyenvn.vinawebs.com.vn/furnilab.vn/httpdocs HTTP/1.0" 503 8544 "-" "Mozilla/5.0 AppleWebKit/537.36 (KHTML, like Gecko; compatible; Amazonbot/0.1; +https://developer.amazon.com/support/amazonbot) Chrome/119.0.6045.214 Safari/537.36"
34.174.129.71 - - [12/Sep/2025:03:30:52 +0700] "GET /100-lessons-learned-from-the-pros-on-the-best-betting-site-in-thailand-is-mostbet/?fileloc=/var/www/vhosts/vietnguyenvn.vinawebs.com.vn/furnilab.vn/httpdocs/wp-includes/blocks.php&path=/var/www/vhosts/vietnguyenvn.vinawebs.com.vn/furnilab.vn/httpdocs/wp-includes HTTP/1.0" 503 8544 "https://cocacola.com/" "Mozilla/5.0 (X11; Linux x86_64) AppleWebKit/537.36 (KHTML, like Gecko) Chrome/136.0.0.0 Safari/537.36"
34.174.129.71 - - [12/Sep/2025:03:30:52 +0700] "GET /100-lessons-learned-from-the-pros-on-the-best-betting-site-in-thailand-is-mostbet/?path=/var/www/vhosts/vietnguyenvn.vinawebs.com.vn/furnilab.vn/httpdocs/wp-includes/pomo HTTP/1.0" 503 8544 "https://cocacola.com/" "Mozilla/5.0 (X11; Linux x86_64) AppleWebKit/537.36 (KHTML, like Gecko) Chrome/136.0.0.0 Safari/537.36"
34.174.129.71 - - [12/Sep/2025:03:30:53 +0700] "GET /100-lessons-learned-from-the-pros-on-the-best-betting-site-in-thailand-is-mostbet/?fileloc=/var/www/vhosts/vietnguyenvn.vinawebs.com.vn/furnilab.vn/httpdocs/wp-includes/class-wp-fatal-error-handler.php&path=/var/www/vhosts/vietnguyenvn.vinawebs.com.vn/furnilab.vn/httpdocs/wp-includes HTTP/1.0" 503 8544 "https://cocacola.com/" "Mozilla/5.0 (X11; Linux x86_64) AppleWebKit/537.36 (KHTML, like Gecko) Chrome/136.0.0.0 Safari/537.36"
34.174.129.71 - - [12/Sep/2025:03:30:53 +0700] "GET /100-lessons-learned-from-the-pros-on-the-best-betting-site-in-thailand-is-mostbet/?path=/var/www/vhosts/vietnguyenvn.vinawebs.com.vn/furnilab.vn/httpdocs/.well-known/acme-challenge HTTP/1.0" 200 7708 "https://cocacola.com/" "Mozilla/5.0 (X11; Linux x86_64) AppleWebKit/537.36 (KHTML, like Gecko) Chrome/136.0.0.0 Safari/537.36"
184.73.195.18 - - [12/Sep/2025:03:30:54 +0700] "GET /wp-content/uploads/pvvi5/typescript-onclick-event-type-example-github.html?fileloc=/var/www/vhosts/vietnguyenvn.vinawebs.com.vn/viet-group.com/wp-includes/kses.php&path=/var/www/vhosts/vietnguyenvn.vinawebs.com.vn/viet-group.com/wp-includes HTTP/1.0" 503 8544 "-" "Mozilla/5.0 AppleWebKit/537.36 (KHTML, like Gecko; compatible; Amazonbot/0.1; +https://developer.amazon.com/support/amazonbot) Chrome/119.0.6045.214 Safari/537.36"
34.174.129.71 - - [12/Sep/2025:03:30:54 +0700] "GET /100-lessons-learned-from-the-pros-on-the-best-betting-site-in-thailand-is-mostbet/?fileloc=/var/www/vhosts/vietnguyenvn.vinawebs.com.vn/furnilab.vn/httpdocs/wp-includes/feed-rdf.php&path=/var/www/vhosts/vietnguyenvn.vinawebs.com.vn/furnilab.vn/httpdocs/wp-includes HTTP/1.0" 200 8544 "https://cocacola.com/" "Mozilla/5.0 (X11; Linux x86_64) AppleWebKit/537.36 (KHTML, like Gecko) Chrome/136.0.0.0 Safari/537.36"
34.174.129.71 - - [12/Sep/2025:03:30:55 +0700] "GET /100-lessons-learned-from-the-pros-on-the-best-betting-site-in-thailand-is-mostbet/?fileloc=/var/www/vhosts/vietnguyenvn.vinawebs.com.vn/furnilab.vn/httpdocs/wp-includes/class-wp-block-type-registry.php&path=/var/www/vhosts/vietnguyenvn.vinawebs.com.vn/furnilab.vn/httpdocs/wp-includes HTTP/1.0" 503 8544 "https://cocacola.com/" "Mozilla/5.0 (X11; Linux x86_64) AppleWebKit/537.36 (KHTML, like Gecko) Chrome/136.0.0.0 Safari/537.36"
34.174.129.71 - - [12/Sep/2025:03:30:56 +0700] "GET /100-lessons-learned-from-the-pros-on-the-best-betting-site-in-thailand-is-mostbet/?fileloc=/var/www/vhosts/vietnguyenvn.vinawebs.com.vn/furnilab.vn/httpdocs/wp-includes/class-wp-feed-cache.php&path=/var/www/vhosts/vietnguyenvn.vinawebs.com.vn/furnilab.vn/httpdocs/wp-includes HTTP/1.0" 200 7708 "https://cocacola.com/" "Mozilla/5.0 (X11; Linux x86_64) AppleWebKit/537.36 (KHTML, like Gecko) Chrome/136.0.0.0 Safari/537.36"
34.174.129.71 - - [12/Sep/2025:03:30:57 +0700] "GET /100-lessons-learned-from-the-pros-on-the-best-betting-site-in-thailand-is-mostbet/?path=/var/www/vhosts/vietnguyenvn.vinawebs.com.vn/furnilab.vn/httpdocs/wp-includes/css HTTP/1.0" 503 8544 "https://cocacola.com/" "Mozilla/5.0 (X11; Linux x86_64) AppleWebKit/537.36 (KHTML, like Gecko) Chrome/136.0.0.0 Safari/537.36"
34.174.129.71 - - [12/Sep/2025:03:30:57 +0700] "GET /100-lessons-learned-from-the-pros-on-the-best-betting-site-in-thailand-is-mostbet/?fileloc=/var/www/vhosts/vietnguyenvn.vinawebs.com.vn/furnilab.vn/httpdocs/wp-includes/class-wp-dependency.php&path=/var/www/vhosts/vietnguyenvn.vinawebs.com.vn/furnilab.vn/httpdocs/wp-includes HTTP/1.0" 200 7708 "https://cocacola.com/" "Mozilla/5.0 (X11; Linux x86_64) AppleWebKit/537.36 (KHTML, like Gecko) Chrome/136.0.0.0 Safari/537.36"
18.213.102.186 - - [12/Sep/2025:03:30:58 +0700] "GET /wp-content/uploads/pvvi5/death-wish-garage-discord.html?path=/var/www/vhosts/vietnguyenvn.vinawebs.com.vn/furnilab.vn/httpdocs/wp-content/plugins/akismet HTTP/1.0" 200 7708 "-" "Mozilla/5.0 AppleWebKit/537.36 (KHTML, like Gecko; compatible; Amazonbot/0.1; +https://developer.amazon.com/support/amazonbot) Chrome/119.0.6045.214 Safari/537.36"
34.174.129.71 - - [12/Sep/2025:03:30:58 +0700] "GET /100-lessons-learned-from-the-pros-on-the-best-betting-site-in-thailand-is-mostbet/?fileloc=/var/www/vhosts/vietnguyenvn.vinawebs.com.vn/furnilab.vn/httpdocs/wp-includes/block-template.php&path=/var/www/vhosts/vietnguyenvn.vinawebs.com.vn/furnilab.vn/httpdocs/wp-includes HTTP/1.0" 503 8544 "https://cocacola.com/" "Mozilla/5.0 (X11; Linux x86_64) AppleWebKit/537.36 (KHTML, like Gecko) Chrome/136.0.0.0 Safari/537.36"
