217.113.194.78 - - [17/Sep/2025:06:11:48 +0700] "GET /1win-bukmekerskaja-kontora-ofitsialnyj-sajt-bk-1vin-bet-zerkalo-na-segodnja/feed/ HTTP/1.0" 200 1880 "-" "Mozilla/5.0 (compatible; Barkrowler/0.9; +https://babbar.tech/crawler)"
142.44.228.102 - - [17/Sep/2025:06:12:02 +0700] "GET /starda-casino-onlajn-kazino-bonusy-kazino-sloty-2/feed/ HTTP/1.0" 200 1793 "-" "Mozilla/5.0 (compatible; AhrefsBot/7.0; +http://ahrefs.com/robot/)"
217.113.194.72 - - [17/Sep/2025:06:12:07 +0700] "GET /category/1xbet-apk-descargar-la-aplicacion-1xbet-aplicacion-1xbet-android-costa-de-marfil-307/ HTTP/1.0" 200 60335 "-" "Mozilla/5.0 (compatible; Barkrowler/0.9; +https://babbar.tech/crawler)"
45.117.177.72 - - [17/Sep/2025:06:12:32 +0700] "POST /wp-cron.php?doing_wp_cron=1758064351.8490340709686279296875 HTTP/1.0" 200 416 "-" "WordPress/6.8.1; https://vattusacky.vn"
217.113.194.217 - - [17/Sep/2025:06:12:30 +0700] "GET /san-pham/bo-lay-mau-loi-2%E2%80%B3-x-6%E2%80%B3-co-ky-hieu-signature-scs-complete/feed/ HTTP/1.0" 200 1786 "-" "Mozilla/5.0 (compatible; Barkrowler/0.9; +https://babbar.tech/crawler)"
162.221.187.154 - - [17/Sep/2025:06:12:37 +0700] "POST /xmlrpc.php HTTP/1.0" 200 956 "https://vattusacky.vn" "Mozilla/5.0 (Windows NT 10.0; Win64; x64; rv:126.0) Gecko/20100101 Firefox/126.0"
148.113.128.105 - - [17/Sep/2025:06:12:39 +0700] "GET /77ups-24-15/feed/ HTTP/1.0" 200 1754 "-" "Mozilla/5.0 (compatible; AhrefsBot/7.0; +http://ahrefs.com/robot/)"
162.221.187.154 - - [17/Sep/2025:06:12:40 +0700] "POST /wp-login.php HTTP/1.0" 200 11725 "https://vattusacky.vn" "Mozilla/5.0 (Macintosh; Intel Mac OS X 10_15_7; rv:129.0) Gecko/20100101 Firefox/129.0"
217.113.194.81 - - [17/Sep/2025:06:12:50 +0700] "GET /san-pham/bo-dung-cu-lay-mau-dat-2%C2%BC-co-ky-hieu-signature-soil-sampler-kit/feed/ HTTP/1.0" 200 1791 "-" "Mozilla/5.0 (compatible; Barkrowler/0.9; +https://babbar.tech/crawler)"
217.113.194.79 - - [17/Sep/2025:06:13:09 +0700] "GET /san-pham/bom-lay-mau-khi-the-tich-050-den-300-l-phut-sibata-mp-sigma300nii/feed/ HTTP/1.0" 200 1781 "-" "Mozilla/5.0 (compatible; Barkrowler/0.9; +https://babbar.tech/crawler)"
51.161.37.109 - - [17/Sep/2025:06:13:15 +0700] "GET /can-you-take-atorvastatin-and-propranolol-together/feed/ HTTP/1.0" 200 1749 "-" "Mozilla/5.0 (compatible; AhrefsBot/7.0; +http://ahrefs.com/robot/)"
45.117.177.72 - - [17/Sep/2025:06:13:29 +0700] "POST /wp-cron.php?doing_wp_cron=1758064409.4690680503845214843750 HTTP/1.0" 200 416 "-" "WordPress/6.8.1; https://vattusacky.vn"
217.113.194.75 - - [17/Sep/2025:06:13:28 +0700] "GET /san-pham/thiet-bi-lay-mau-bui-puf-58-280-lpm-khong-choi-than-03-cap/feed/ HTTP/1.0" 200 1764 "-" "Mozilla/5.0 (compatible; Barkrowler/0.9; +https://babbar.tech/crawler)"
45.117.177.72 - - [17/Sep/2025:06:13:49 +0700] "POST /wp-cron.php?doing_wp_cron=1758064429.5829870700836181640625 HTTP/1.0" 200 416 "-" "WordPress/6.8.1; https://vattusacky.vn"
217.113.194.78 - - [17/Sep/2025:06:13:48 +0700] "GET /cach-tim-khoan-tra-truoc-vay-online-nhanh-24-7-duoc-tiet-lo-cho-ban-cai-thien/ HTTP/1.0" 200 211103 "-" "Mozilla/5.0 (compatible; Barkrowler/0.9; +https://babbar.tech/crawler)"
51.222.168.84 - - [17/Sep/2025:06:13:58 +0700] "GET /getx-igra-na-dengi-igra-na-dengi-otzyvy-skachat-2/feed/ HTTP/1.0" 200 1787 "-" "Mozilla/5.0 (compatible; AhrefsBot/7.0; +http://ahrefs.com/robot/)"
45.117.177.72 - - [17/Sep/2025:06:14:22 +0700] "POST /wp-cron.php?doing_wp_cron=1758064462.7260780334472656250000 HTTP/1.0" 200 416 "-" "WordPress/6.8.1; https://vattusacky.vn"
217.113.194.218 - - [17/Sep/2025:06:14:21 +0700] "GET /thiet-bi-lay-mau-bui-pm10-pm2-5-xung-quanh-dong-thoi-model-ipm-fds-2510/feed/ HTTP/1.0" 200 1827 "-" "Mozilla/5.0 (compatible; Barkrowler/0.9; +https://babbar.tech/crawler)"
217.113.194.74 - - [17/Sep/2025:06:14:39 +0700] "GET /leo-vegas-casino-welcome-reward-100-deposit-bonus-upwards-to-1000-and-up-200-free-moves-for-july-2023/feed/ HTTP/1.0" 200 1901 "-" "Mozilla/5.0 (compatible; Barkrowler/0.9; +https://babbar.tech/crawler)"
54.39.210.240 - - [17/Sep/2025:06:14:43 +0700] "GET /ggbet-casino-erfahrungsbericht-das-spielangebot-2/feed/ HTTP/1.0" 200 1777 "-" "Mozilla/5.0 (compatible; AhrefsBot/7.0; +http://ahrefs.com/robot/)"
217.113.194.76 - - [17/Sep/2025:06:14:58 +0700] "GET /mang-lai-thoi-gian-nghi-ngoi-cashberry-vay-tien-lien-quan-den-tin-dung-tuc-thi/feed/ HTTP/1.0" 200 1850 "-" "Mozilla/5.0 (compatible; Barkrowler/0.9; +https://babbar.tech/crawler)"
45.117.177.72 - - [17/Sep/2025:06:15:14 +0700] "POST /wp-cron.php?doing_wp_cron=1758064514.6461250782012939453125 HTTP/1.0" 200 416 "-" "WordPress/6.8.1; https://vattusacky.vn"
4.227.36.49 - - [17/Sep/2025:06:15:12 +0700] "GET /robots.txt HTTP/1.0" 301 562 "http://www.vattusacky.vn/robots.txt" "Mozilla/5.0 AppleWebKit/537.36 (KHTML, like Gecko; compatible; GPTBot/1.2; +https://openai.com/gptbot)"
4.227.36.49 - - [17/Sep/2025:06:15:15 +0700] "GET /robots.txt HTTP/1.0" 200 984 "https://www.vattusacky.vn/robots.txt" "Mozilla/5.0 AppleWebKit/537.36 (KHTML, like Gecko; compatible; GPTBot/1.2; +https://openai.com/gptbot)"
217.113.194.72 - - [17/Sep/2025:06:15:17 +0700] "GET /phan-mem-tien-do-senmo-nhanh-chong-gapvay-don-gian-va-de-dang-co-the-van-chuyen/feed/ HTTP/1.0" 200 1870 "-" "Mozilla/5.0 (compatible; Barkrowler/0.9; +https://babbar.tech/crawler)"
45.117.177.72 - - [17/Sep/2025:06:15:29 +0700] "POST /wp-cron.php?doing_wp_cron=1758064529.7405390739440917968750 HTTP/1.0" 200 416 "-" "WordPress/6.8.1; https://vattusacky.vn"
188.213.248.117 - - [17/Sep/2025:06:15:26 +0700] "GET /quan-trac-khi-thai-theo-thong-tu-24/ HTTP/1.0" 200 287416 "-" "Mozilla/5.0 (Linux; Android 8.0; Pixel 2 Build/OPD3.170816.012) AppleWebKit/537.36 (KHTML, like Gecko) Chrome/59.0.6916.1047 Mobile Safari/537.36"
188.213.248.117 - - [17/Sep/2025:06:15:30 +0700] "GET /wp-content/plugins/gridlist-view-for-woocommerce/css/shop_lgv.css?ver=1.1.8 HTTP/1.0" 200 440 "https://vattusacky.vn/quan-trac-khi-thai-theo-thong-tu-24/" "Mozilla/5.0 (Linux; Android 8.0; Pixel 2 Build/OPD3.170816.012) AppleWebKit/537.36 (KHTML, like Gecko) Chrome/59.0.6916.1047 Mobile Safari/537.36"
188.213.248.117 - - [17/Sep/2025:06:15:30 +0700] "GET /wp-content/plugins/gridlist-view-for-woocommerce/berocket/assets/css/font-awesome.min.css?ver=6.8.1 HTTP/1.0" 200 464 "https://vattusacky.vn/quan-trac-khi-thai-theo-thong-tu-24/" "Mozilla/5.0 (Linux; Android 8.0; Pixel 2 Build/OPD3.170816.012) AppleWebKit/537.36 (KHTML, like Gecko) Chrome/59.0.6916.1047 Mobile Safari/537.36"
188.213.248.117 - - [17/Sep/2025:06:15:31 +0700] "GET /wp-includes/css/dist/block-library/style.min.css?ver=6.8.1 HTTP/1.0" 200 423 "https://vattusacky.vn/quan-trac-khi-thai-theo-thong-tu-24/" "Mozilla/5.0 (Linux; Android 8.0; Pixel 2 Build/OPD3.170816.012) AppleWebKit/537.36 (KHTML, like Gecko) Chrome/59.0.6916.1047 Mobile Safari/537.36"
188.213.248.117 - - [17/Sep/2025:06:15:31 +0700] "GET /wp-content/plugins/content-views-query-and-display-post-page/public/assets/css/cv.css?ver=4.1 HTTP/1.0" 200 460 "https://vattusacky.vn/quan-trac-khi-thai-theo-thong-tu-24/" "Mozilla/5.0 (Linux; Android 8.0; Pixel 2 Build/OPD3.170816.012) AppleWebKit/537.36 (KHTML, like Gecko) Chrome/59.0.6916.1047 Mobile Safari/537.36"
188.213.248.117 - - [17/Sep/2025:06:15:31 +0700] "GET /wp-content/plugins/contact-form-7/includes/css/styles.css?ver=6.0.6 HTTP/1.0" 200 432 "https://vattusacky.vn/quan-trac-khi-thai-theo-thong-tu-24/" "Mozilla/5.0 (Linux; Android 8.0; Pixel 2 Build/OPD3.170816.012) AppleWebKit/537.36 (KHTML, like Gecko) Chrome/59.0.6916.1047 Mobile Safari/537.36"
188.213.248.117 - - [17/Sep/2025:06:15:31 +0700] "GET /wp-content/plugins/devvn-stickytooltip/stickytooltip.css?ver=1.0.0 HTTP/1.0" 200 431 "https://vattusacky.vn/quan-trac-khi-thai-theo-thong-tu-24/" "Mozilla/5.0 (Linux; Android 8.0; Pixel 2 Build/OPD3.170816.012) AppleWebKit/537.36 (KHTML, like Gecko) Chrome/59.0.6916.1047 Mobile Safari/537.36"
188.213.248.117 - - [17/Sep/2025:06:15:31 +0700] "GET /wp-content/plugins/woocommerce/assets/css/woocommerce-smallscreen.css?ver=9.8.3 HTTP/1.0" 200 444 "https://vattusacky.vn/quan-trac-khi-thai-theo-thong-tu-24/" "Mozilla/5.0 (Linux; Android 8.0; Pixel 2 Build/OPD3.170816.012) AppleWebKit/537.36 (KHTML, like Gecko) Chrome/59.0.6916.1047 Mobile Safari/537.36"
188.213.248.117 - - [17/Sep/2025:06:15:31 +0700] "GET /wp-content/plugins/woocommerce/assets/css/woocommerce-layout.css?ver=9.8.3 HTTP/1.0" 200 439 "https://vattusacky.vn/quan-trac-khi-thai-theo-thong-tu-24/" "Mozilla/5.0 (Linux; Android 8.0; Pixel 2 Build/OPD3.170816.012) AppleWebKit/537.36 (KHTML, like Gecko) Chrome/59.0.6916.1047 Mobile Safari/537.36"
188.213.248.117 - - [17/Sep/2025:06:15:32 +0700] "GET /wp-content/plugins/woocommerce/assets/css/woocommerce.css?ver=9.8.3 HTTP/1.0" 200 432 "https://vattusacky.vn/quan-trac-khi-thai-theo-thong-tu-24/" "Mozilla/5.0 (Linux; Android 8.0; Pixel 2 Build/OPD3.170816.012) AppleWebKit/537.36 (KHTML, like Gecko) Chrome/59.0.6916.1047 Mobile Safari/537.36"
188.213.248.117 - - [17/Sep/2025:06:15:32 +0700] "GET /wp-content/plugins/yith-woocommerce-category-accordion-premium/assets/css/ywcca_style.css?ver=1.0.12 HTTP/1.0" 200 464 "https://vattusacky.vn/quan-trac-khi-thai-theo-thong-tu-24/" "Mozilla/5.0 (Linux; Android 8.0; Pixel 2 Build/OPD3.170816.012) AppleWebKit/537.36 (KHTML, like Gecko) Chrome/59.0.6916.1047 Mobile Safari/537.36"
188.213.248.117 - - [17/Sep/2025:06:15:32 +0700] "GET /wp-content/plugins/yith-woocommerce-category-accordion-premium/cache/ywcca_dynamics.css?ver=6.8.1 HTTP/1.0" 200 462 "https://vattusacky.vn/quan-trac-khi-thai-theo-thong-tu-24/" "Mozilla/5.0 (Linux; Android 8.0; Pixel 2 Build/OPD3.170816.012) AppleWebKit/537.36 (KHTML, like Gecko) Chrome/59.0.6916.1047 Mobile Safari/537.36"
188.213.248.117 - - [17/Sep/2025:06:15:32 +0700] "GET /wp-content/plugins/woocommerce/assets/css/brands.css?ver=9.8.3 HTTP/1.0" 200 427 "https://vattusacky.vn/quan-trac-khi-thai-theo-thong-tu-24/" "Mozilla/5.0 (Linux; Android 8.0; Pixel 2 Build/OPD3.170816.012) AppleWebKit/537.36 (KHTML, like Gecko) Chrome/59.0.6916.1047 Mobile Safari/537.36"
188.213.248.117 - - [17/Sep/2025:06:15:32 +0700] "GET /wp-content/themes/tem_techno_v2/inc/css/bootstrap.min.css?ver=6.8.1 HTTP/1.0" 200 432 "https://vattusacky.vn/quan-trac-khi-thai-theo-thong-tu-24/" "Mozilla/5.0 (Linux; Android 8.0; Pixel 2 Build/OPD3.170816.012) AppleWebKit/537.36 (KHTML, like Gecko) Chrome/59.0.6916.1047 Mobile Safari/537.36"
188.213.248.117 - - [17/Sep/2025:06:15:32 +0700] "GET /wp-content/themes/tem_techno_v2/style.css?ver=6.8.1 HTTP/1.0" 200 416 "https://vattusacky.vn/quan-trac-khi-thai-theo-thong-tu-24/" "Mozilla/5.0 (Linux; Android 8.0; Pixel 2 Build/OPD3.170816.012) AppleWebKit/537.36 (KHTML, like Gecko) Chrome/59.0.6916.1047 Mobile Safari/537.36"
188.213.248.117 - - [17/Sep/2025:06:15:32 +0700] "GET /wp-content/themes/tem_techno_v2/inc/css/font-awesome.min.css?ver=6.8.1 HTTP/1.0" 200 435 "https://vattusacky.vn/quan-trac-khi-thai-theo-thong-tu-24/" "Mozilla/5.0 (Linux; Android 8.0; Pixel 2 Build/OPD3.170816.012) AppleWebKit/537.36 (KHTML, like Gecko) Chrome/59.0.6916.1047 Mobile Safari/537.36"
188.213.248.117 - - [17/Sep/2025:06:15:32 +0700] "GET /wp-content/themes/tem_techno_v2/slmenu.css HTTP/1.0" 200 417 "https://vattusacky.vn/quan-trac-khi-thai-theo-thong-tu-24/" "Mozilla/5.0 (Linux; Android 8.0; Pixel 2 Build/OPD3.170816.012) AppleWebKit/537.36 (KHTML, like Gecko) Chrome/59.0.6916.1047 Mobile Safari/537.36"
188.213.248.117 - - [17/Sep/2025:06:15:32 +0700] "GET /wp-content/plugins/wp-pagenavi/pagenavi-css.css?ver=2.70 HTTP/1.0" 200 823 "https://vattusacky.vn/quan-trac-khi-thai-theo-thong-tu-24/" "Mozilla/5.0 (Linux; Android 8.0; Pixel 2 Build/OPD3.170816.012) AppleWebKit/537.36 (KHTML, like Gecko) Chrome/59.0.6916.1047 Mobile Safari/537.36"
188.213.248.117 - - [17/Sep/2025:06:15:32 +0700] "GET /wp-content/uploads/2018/04/o-nhiem-bau-khong-khi-tai-viet-nam.jpg HTTP/1.0" 200 442 "https://vattusacky.vn/quan-trac-khi-thai-theo-thong-tu-24/" "Mozilla/5.0 (Linux; Android 8.0; Pixel 2 Build/OPD3.170816.012) AppleWebKit/537.36 (KHTML, like Gecko) Chrome/59.0.6916.1047 Mobile Safari/537.36"
188.213.248.117 - - [17/Sep/2025:06:15:33 +0700] "GET /wp-content/plugins/woocommerce/assets/client/blocks/wc-blocks.css?ver=wc-9.8.3 HTTP/1.0" 200 440 "https://vattusacky.vn/quan-trac-khi-thai-theo-thong-tu-24/" "Mozilla/5.0 (Linux; Android 8.0; Pixel 2 Build/OPD3.170816.012) AppleWebKit/537.36 (KHTML, like Gecko) Chrome/59.0.6916.1047 Mobile Safari/537.36"
188.213.248.117 - - [17/Sep/2025:06:15:34 +0700] "GET /wp-content/uploads/2016/09/cropped-logo-vietnguyen.png HTTP/1.0" 200 430 "https://vattusacky.vn/quan-trac-khi-thai-theo-thong-tu-24/" "Mozilla/5.0 (Linux; Android 8.0; Pixel 2 Build/OPD3.170816.012) AppleWebKit/537.36 (KHTML, like Gecko) Chrome/59.0.6916.1047 Mobile Safari/537.36"
188.213.248.117 - - [17/Sep/2025:06:15:34 +0700] "GET /wp-content/uploads/2018/08/untitled-1-2.jpg HTTP/1.0" 200 420 "https://vattusacky.vn/quan-trac-khi-thai-theo-thong-tu-24/" "Mozilla/5.0 (Linux; Android 8.0; Pixel 2 Build/OPD3.170816.012) AppleWebKit/537.36 (KHTML, like Gecko) Chrome/59.0.6916.1047 Mobile Safari/537.36"
188.213.248.117 - - [17/Sep/2025:06:15:34 +0700] "GET /wp-content/uploads/2016/07/bw-technologies.png HTTP/1.0" 200 422 "https://vattusacky.vn/quan-trac-khi-thai-theo-thong-tu-24/" "Mozilla/5.0 (Linux; Android 8.0; Pixel 2 Build/OPD3.170816.012) AppleWebKit/537.36 (KHTML, like Gecko) Chrome/59.0.6916.1047 Mobile Safari/537.36"
188.213.248.117 - - [17/Sep/2025:06:15:35 +0700] "GET /wp-content/uploads/2016/07/berghof_logo.png HTTP/1.0" 200 419 "https://vattusacky.vn/quan-trac-khi-thai-theo-thong-tu-24/" "Mozilla/5.0 (Linux; Android 8.0; Pixel 2 Build/OPD3.170816.012) AppleWebKit/537.36 (KHTML, like Gecko) Chrome/59.0.6916.1047 Mobile Safari/537.36"
188.213.248.117 - - [17/Sep/2025:06:15:35 +0700] "GET /wp-content/uploads/2016/07/bandelin-logo.png HTTP/1.0" 200 420 "https://vattusacky.vn/quan-trac-khi-thai-theo-thong-tu-24/" "Mozilla/5.0 (Linux; Android 8.0; Pixel 2 Build/OPD3.170816.012) AppleWebKit/537.36 (KHTML, like Gecko) Chrome/59.0.6916.1047 Mobile Safari/537.36"
188.213.248.117 - - [17/Sep/2025:06:15:35 +0700] "GET /wp-content/uploads/2016/07/analytical-testing-corp-logo.jpg HTTP/1.0" 200 436 "https://vattusacky.vn/quan-trac-khi-thai-theo-thong-tu-24/" "Mozilla/5.0 (Linux; Android 8.0; Pixel 2 Build/OPD3.170816.012) AppleWebKit/537.36 (KHTML, like Gecko) Chrome/59.0.6916.1047 Mobile Safari/537.36"
188.213.248.117 - - [17/Sep/2025:06:15:35 +0700] "GET /wp-content/uploads/2018/06/hiq-logo.png HTTP/1.0" 200 415 "https://vattusacky.vn/quan-trac-khi-thai-theo-thong-tu-24/" "Mozilla/5.0 (Linux; Android 8.0; Pixel 2 Build/OPD3.170816.012) AppleWebKit/537.36 (KHTML, like Gecko) Chrome/59.0.6916.1047 Mobile Safari/537.36"
188.213.248.117 - - [17/Sep/2025:06:15:35 +0700] "GET /wp-content/uploads/2018/06/halmilton-logo.jpg HTTP/1.0" 200 422 "https://vattusacky.vn/quan-trac-khi-thai-theo-thong-tu-24/" "Mozilla/5.0 (Linux; Android 8.0; Pixel 2 Build/OPD3.170816.012) AppleWebKit/537.36 (KHTML, like Gecko) Chrome/59.0.6916.1047 Mobile Safari/537.36"
188.213.248.117 - - [17/Sep/2025:06:15:35 +0700] "GET /wp-content/uploads/2018/06/gfg.jpg HTTP/1.0" 200 411 "https://vattusacky.vn/quan-trac-khi-thai-theo-thong-tu-24/" "Mozilla/5.0 (Linux; Android 8.0; Pixel 2 Build/OPD3.170816.012) AppleWebKit/537.36 (KHTML, like Gecko) Chrome/59.0.6916.1047 Mobile Safari/537.36"
188.213.248.117 - - [17/Sep/2025:06:15:35 +0700] "GET /wp-content/uploads/2018/06/witeg-logo.jpg HTTP/1.0" 200 418 "https://vattusacky.vn/quan-trac-khi-thai-theo-thong-tu-24/" "Mozilla/5.0 (Linux; Android 8.0; Pixel 2 Build/OPD3.170816.012) AppleWebKit/537.36 (KHTML, like Gecko) Chrome/59.0.6916.1047 Mobile Safari/537.36"
188.213.248.117 - - [17/Sep/2025:06:15:35 +0700] "GET /wp-content/uploads/2018/06/evoqua-logo.jpg HTTP/1.0" 200 419 "https://vattusacky.vn/quan-trac-khi-thai-theo-thong-tu-24/" "Mozilla/5.0 (Linux; Android 8.0; Pixel 2 Build/OPD3.170816.012) AppleWebKit/537.36 (KHTML, like Gecko) Chrome/59.0.6916.1047 Mobile Safari/537.36"
188.213.248.117 - - [17/Sep/2025:06:15:34 +0700] "GET /path/to/default.png HTTP/1.0" 404 70667 "https://vattusacky.vn/quan-trac-khi-thai-theo-thong-tu-24/" "Mozilla/5.0 (Linux; Android 8.0; Pixel 2 Build/OPD3.170816.012) AppleWebKit/537.36 (KHTML, like Gecko) Chrome/59.0.6916.1047 Mobile Safari/537.36"
188.213.248.117 - - [17/Sep/2025:06:15:36 +0700] "GET /wp-content/uploads/2018/06/sibata.gif HTTP/1.0" 200 413 "https://vattusacky.vn/quan-trac-khi-thai-theo-thong-tu-24/" "Mozilla/5.0 (Linux; Android 8.0; Pixel 2 Build/OPD3.170816.012) AppleWebKit/537.36 (KHTML, like Gecko) Chrome/59.0.6916.1047 Mobile Safari/537.36"
188.213.248.117 - - [17/Sep/2025:06:15:36 +0700] "GET /wp-content/uploads/2018/06/wildco-logo.png HTTP/1.0" 200 418 "https://vattusacky.vn/quan-trac-khi-thai-theo-thong-tu-24/" "Mozilla/5.0 (Linux; Android 8.0; Pixel 2 Build/OPD3.170816.012) AppleWebKit/537.36 (KHTML, like Gecko) Chrome/59.0.6916.1047 Mobile Safari/537.36"
188.213.248.117 - - [17/Sep/2025:06:15:36 +0700] "GET /wp-content/uploads/2018/06/mettler-logo.png HTTP/1.0" 200 419 "https://vattusacky.vn/quan-trac-khi-thai-theo-thong-tu-24/" "Mozilla/5.0 (Linux; Android 8.0; Pixel 2 Build/OPD3.170816.012) AppleWebKit/537.36 (KHTML, like Gecko) Chrome/59.0.6916.1047 Mobile Safari/537.36"
188.213.248.117 - - [17/Sep/2025:06:15:36 +0700] "GET /wp-content/uploads/2018/06/logo-aco.gif HTTP/1.0" 200 415 "https://vattusacky.vn/quan-trac-khi-thai-theo-thong-tu-24/" "Mozilla/5.0 (Linux; Android 8.0; Pixel 2 Build/OPD3.170816.012) AppleWebKit/537.36 (KHTML, like Gecko) Chrome/59.0.6916.1047 Mobile Safari/537.36"
188.213.248.117 - - [17/Sep/2025:06:15:36 +0700] "GET /wp-content/uploads/2018/06/kruess-logo.png HTTP/1.0" 200 418 "https://vattusacky.vn/quan-trac-khi-thai-theo-thong-tu-24/" "Mozilla/5.0 (Linux; Android 8.0; Pixel 2 Build/OPD3.170816.012) AppleWebKit/537.36 (KHTML, like Gecko) Chrome/59.0.6916.1047 Mobile Safari/537.36"
188.213.248.117 - - [17/Sep/2025:06:15:36 +0700] "GET /wp-content/uploads/2018/06/evermed-logo.jpg HTTP/1.0" 200 420 "https://vattusacky.vn/quan-trac-khi-thai-theo-thong-tu-24/" "Mozilla/5.0 (Linux; Android 8.0; Pixel 2 Build/OPD3.170816.012) AppleWebKit/537.36 (KHTML, like Gecko) Chrome/59.0.6916.1047 Mobile Safari/537.36"
217.113.194.217 - - [17/Sep/2025:06:15:35 +0700] "GET /san-pham/thiet-bi-lay-mau-nuoc-alpha-van-dorn-loai-doc-4-2-lit-nhan-hang-wildco/feed/ HTTP/1.0" 200 1801 "-" "Mozilla/5.0 (compatible; Barkrowler/0.9; +https://babbar.tech/crawler)"
188.213.248.117 - - [17/Sep/2025:06:15:37 +0700] "GET /wp-content/uploads/2018/06/dlab-logo.jpg HTTP/1.0" 200 417 "https://vattusacky.vn/quan-trac-khi-thai-theo-thong-tu-24/" "Mozilla/5.0 (Linux; Android 8.0; Pixel 2 Build/OPD3.170816.012) AppleWebKit/537.36 (KHTML, like Gecko) Chrome/59.0.6916.1047 Mobile Safari/537.36"
188.213.248.117 - - [17/Sep/2025:06:15:37 +0700] "GET /wp-content/themes/tem_techno_v2/images/iconMobile.png HTTP/1.0" 200 429 "https://vattusacky.vn/wp-content/themes/tem_techno_v2/style.css?ver=6.8.1" "Mozilla/5.0 (Linux; Android 8.0; Pixel 2 Build/OPD3.170816.012) AppleWebKit/537.36 (KHTML, like Gecko) Chrome/59.0.6916.1047 Mobile Safari/537.36"
188.213.248.117 - - [17/Sep/2025:06:15:37 +0700] "GET /images/image002.jpg HTTP/1.0" 404 70667 "https://vattusacky.vn/quan-trac-khi-thai-theo-thong-tu-24/" "Mozilla/5.0 (Linux; Android 8.0; Pixel 2 Build/OPD3.170816.012) AppleWebKit/537.36 (KHTML, like Gecko) Chrome/59.0.6916.1047 Mobile Safari/537.36"
188.213.248.117 - - [17/Sep/2025:06:15:37 +0700] "GET /images/image004.jpg HTTP/1.0" 404 70667 "https://vattusacky.vn/quan-trac-khi-thai-theo-thong-tu-24/" "Mozilla/5.0 (Linux; Android 8.0; Pixel 2 Build/OPD3.170816.012) AppleWebKit/537.36 (KHTML, like Gecko) Chrome/59.0.6916.1047 Mobile Safari/537.36"
188.213.248.117 - - [17/Sep/2025:06:15:37 +0700] "GET /images/image005.jpg HTTP/1.0" 404 70667 "https://vattusacky.vn/quan-trac-khi-thai-theo-thong-tu-24/" "Mozilla/5.0 (Linux; Android 8.0; Pixel 2 Build/OPD3.170816.012) AppleWebKit/537.36 (KHTML, like Gecko) Chrome/59.0.6916.1047 Mobile Safari/537.36"
188.213.248.117 - - [17/Sep/2025:06:15:37 +0700] "GET /images/image003.jpg HTTP/1.0" 404 70667 "https://vattusacky.vn/quan-trac-khi-thai-theo-thong-tu-24/" "Mozilla/5.0 (Linux; Android 8.0; Pixel 2 Build/OPD3.170816.012) AppleWebKit/537.36 (KHTML, like Gecko) Chrome/59.0.6916.1047 Mobile Safari/537.36"
188.213.248.117 - - [17/Sep/2025:06:15:37 +0700] "GET /images/logo-vietnguyen.png HTTP/1.0" 404 70667 "https://vattusacky.vn/quan-trac-khi-thai-theo-thong-tu-24/" "Mozilla/5.0 (Linux; Android 8.0; Pixel 2 Build/OPD3.170816.012) AppleWebKit/537.36 (KHTML, like Gecko) Chrome/59.0.6916.1047 Mobile Safari/537.36"
51.161.65.70 - - [17/Sep/2025:06:15:39 +0700] "GET /gama-casino-oficialnyj-sajt-kazino-demo-bystryj-2/feed/ HTTP/1.0" 200 1796 "-" "Mozilla/5.0 (compatible; AhrefsBot/7.0; +http://ahrefs.com/robot/)"
217.113.194.217 - - [17/Sep/2025:06:15:55 +0700] "GET /san-pham/thiet-bi-lay-mau-nuoc-alpha-van-dorn-loai-doc-8-2-lit-nhan-hang-wildco/feed/ HTTP/1.0" 200 1801 "-" "Mozilla/5.0 (compatible; Barkrowler/0.9; +https://babbar.tech/crawler)"
110.249.202.158 - - [17/Sep/2025:06:15:56 +0700] "GET /robots.txt HTTP/1.0" 200 984 "-" "Mozilla/5.0 (Linux; Android 5.0) AppleWebKit/537.36 (KHTML, like Gecko) Mobile Safari/537.36 (compatible; Bytespider; https://zhanzhang.toutiao.com/)"
217.113.194.78 - - [17/Sep/2025:06:16:14 +0700] "GET /san-pham/thiet-bi-lay-mau-nuoc-alpha-van-dorn-loai-doc-6-2-lit-nhan-hang-wildco/feed/ HTTP/1.0" 200 1801 "-" "Mozilla/5.0 (compatible; Barkrowler/0.9; +https://babbar.tech/crawler)"
54.39.89.71 - - [17/Sep/2025:06:16:14 +0700] "GET /temple-university-press/feed/ HTTP/1.0" 200 1666 "-" "Mozilla/5.0 (compatible; AhrefsBot/7.0; +http://ahrefs.com/robot/)"
45.117.177.72 - - [17/Sep/2025:06:16:34 +0700] "POST /wp-cron.php?doing_wp_cron=1758064594.4443519115447998046875 HTTP/1.0" 200 416 "-" "WordPress/6.8.1; https://vattusacky.vn"
217.113.194.218 - - [17/Sep/2025:06:16:33 +0700] "GET /san-pham/hi-q-_-phan-loc-bui-pm2-5-hi-vol-inlet-bo-kit-ho-tro-chuyen-dau/feed/ HTTP/1.0" 200 1786 "-" "Mozilla/5.0 (compatible; Barkrowler/0.9; +https://babbar.tech/crawler)"
217.113.194.78 - - [17/Sep/2025:06:16:52 +0700] "GET /lam-the-nao-de-mua-mot-ung-vay-nhanh-1-trieu-truoc-truc-tuyen-nhanh-chong/feed/ HTTP/1.0" 200 1837 "-" "Mozilla/5.0 (compatible; Barkrowler/0.9; +https://babbar.tech/crawler)"