66.249.70.71 - - [15/Sep/2025:18:44:17 +0700] "GET /goods/voyag72923086.htm HTTP/1.0" 200 184504 "-" "Mozilla/5.0 (Linux; Android 6.0.1; Nexus 5X Build/MMB29P) AppleWebKit/537.36 (KHTML, like Gecko) Chrome/140.0.7339.127 Mobile Safari/537.36 (compatible; Googlebot/2.1; +http://www.google.com/bot.html)"
66.249.70.64 - - [15/Sep/2025:18:46:17 +0700] "POST /get-message-notify HTTP/1.0" 503 8544 "https://vnc-group.vn/goods/voyag72923086.htm" "Mozilla/5.0 (Linux; Android 6.0.1; Nexus 5X Build/MMB29P) AppleWebKit/537.36 (KHTML, like Gecko) Chrome/139.0.7258.127 Mobile Safari/537.36 (compatible; Googlebot/2.1; +http://www.google.com/bot.html)"
66.249.70.64 - - [15/Sep/2025:18:47:21 +0700] "GET /goods/more30861594.htm HTTP/1.0" 200 172926 "-" "Mozilla/5.0 (Linux; Android 6.0.1; Nexus 5X Build/MMB29P) AppleWebKit/537.36 (KHTML, like Gecko) Chrome/140.0.7339.127 Mobile Safari/537.36 (compatible; Googlebot/2.1; +http://www.google.com/bot.html)"
57.141.2.65 - - [15/Sep/2025:18:49:04 +0700] "GET /goods/canoe20822521.htm HTTP/1.0" 200 323 "-" "meta-externalagent/1.1 (+https://developers.facebook.com/docs/sharing/webmasters/crawler)"
66.249.70.71 - - [15/Sep/2025:18:50:10 +0700] "GET /goods/label42934547.htm HTTP/1.0" 200 179471 "-" "Mozilla/5.0 (Linux; Android 6.0.1; Nexus 5X Build/MMB29P) AppleWebKit/537.36 (KHTML, like Gecko) Chrome/140.0.7339.127 Mobile Safari/537.36 (compatible; Googlebot/2.1; +http://www.google.com/bot.html)"
57.141.2.67 - - [15/Sep/2025:18:51:59 +0700] "GET /goods/profo81986343.htm HTTP/1.0" 200 323 "-" "meta-externalagent/1.1 (+https://developers.facebook.com/docs/sharing/webmasters/crawler)"
57.141.2.82 - - [15/Sep/2025:18:55:06 +0700] "GET /goods/cast42446491.htm HTTP/1.0" 200 323 "-" "meta-externalagent/1.1 (+https://developers.facebook.com/docs/sharing/webmasters/crawler)"
66.249.70.71 - - [15/Sep/2025:18:56:15 +0700] "GET /goods/ward61999909.htm HTTP/1.0" 200 182855 "-" "Mozilla/5.0 (Linux; Android 6.0.1; Nexus 5X Build/MMB29P) AppleWebKit/537.36 (KHTML, like Gecko) Chrome/140.0.7339.127 Mobile Safari/537.36 (compatible; Googlebot/2.1; +http://www.google.com/bot.html)"
66.249.71.33 - - [15/Sep/2025:18:58:07 +0700] "GET /goods/headq22193913.htm HTTP/1.0" 200 172608 "-" "Mozilla/5.0 (Linux; Android 6.0.1; Nexus 5X Build/MMB29P) AppleWebKit/537.36 (KHTML, like Gecko) Chrome/140.0.7339.127 Mobile Safari/537.36 (compatible; GoogleOther)"
57.141.2.53 - - [15/Sep/2025:19:00:28 +0700] "GET /goods/diff50107828.htm HTTP/1.0" 200 323 "-" "meta-externalagent/1.1 (+https://developers.facebook.com/docs/sharing/webmasters/crawler)"
57.141.2.24 - - [15/Sep/2025:19:01:51 +0700] "GET /goods/indiv52453836.htm HTTP/1.0" 200 323 "-" "meta-externalagent/1.1 (+https://developers.facebook.com/docs/sharing/webmasters/crawler)"
45.227.253.15 - - [15/Sep/2025:19:02:44 +0700] "GET /index.php/jk HTTP/1.0" 200 395 "-" "Mozilla/5.0 (Macintosh; Intel Mac OS X 10.14; rv:103.0) Gecko/20100101 Firefox/102.0"
66.249.70.64 - - [15/Sep/2025:19:02:52 +0700] "GET /goods/custo60177461.htm HTTP/1.0" 200 181736 "-" "Mozilla/5.0 (Linux; Android 6.0.1; Nexus 5X Build/MMB29P) AppleWebKit/537.36 (KHTML, like Gecko) Chrome/140.0.7339.127 Mobile Safari/537.36 (compatible; GoogleOther)"
57.141.2.80 - - [15/Sep/2025:19:03:56 +0700] "GET /goods/agent42277523.htm HTTP/1.0" 200 323 "-" "meta-externalagent/1.1 (+https://developers.facebook.com/docs/sharing/webmasters/crawler)"
66.249.70.71 - - [15/Sep/2025:19:03:47 +0700] "GET /goods/stack31174490.htm HTTP/1.0" 200 174004 "-" "Mozilla/5.0 (Linux; Android 6.0.1; Nexus 5X Build/MMB29P) AppleWebKit/537.36 (KHTML, like Gecko) Chrome/140.0.7339.127 Mobile Safari/537.36 (compatible; Googlebot/2.1; +http://www.google.com/bot.html)"
57.141.2.31 - - [15/Sep/2025:19:09:09 +0700] "GET /goods/altog31479162.htm HTTP/1.0" 200 323 "-" "meta-externalagent/1.1 (+https://developers.facebook.com/docs/sharing/webmasters/crawler)"
66.249.70.71 - - [15/Sep/2025:19:09:14 +0700] "GET /goods/panda32376538.htm HTTP/1.0" 200 173497 "-" "Mozilla/5.0 (Linux; Android 6.0.1; Nexus 5X Build/MMB29P) AppleWebKit/537.36 (KHTML, like Gecko) Chrome/140.0.7339.127 Mobile Safari/537.36 (compatible; Googlebot/2.1; +http://www.google.com/bot.html)"
66.249.70.64 - - [15/Sep/2025:19:10:19 +0700] "GET /goods/aspec82315399.htm HTTP/1.0" 200 177693 "-" "Mozilla/5.0 (Linux; Android 6.0.1; Nexus 5X Build/MMB29P) AppleWebKit/537.36 (KHTML, like Gecko) Chrome/140.0.7339.127 Mobile Safari/537.36 (compatible; Googlebot/2.1; +http://www.google.com/bot.html)"
57.141.2.74 - - [15/Sep/2025:19:11:03 +0700] "GET /goods/when61145309.htm HTTP/1.0" 200 323 "-" "meta-externalagent/1.1 (+https://developers.facebook.com/docs/sharing/webmasters/crawler)"
66.249.70.64 - - [15/Sep/2025:19:13:27 +0700] "GET /goods/among32768626.htm HTTP/1.0" 200 181203 "-" "Mozilla/5.0 (Linux; Android 6.0.1; Nexus 5X Build/MMB29P) AppleWebKit/537.36 (KHTML, like Gecko) Chrome/140.0.7339.127 Mobile Safari/537.36 (compatible; Googlebot/2.1; +http://www.google.com/bot.html)"
57.141.2.14 - - [15/Sep/2025:19:14:50 +0700] "GET /goods/butch71011534.htm HTTP/1.0" 200 323 "-" "meta-externalagent/1.1 (+https://developers.facebook.com/docs/sharing/webmasters/crawler)"
57.141.2.16 - - [15/Sep/2025:19:15:20 +0700] "GET /goods/vice72179166.htm HTTP/1.0" 200 323 "-" "meta-externalagent/1.1 (+https://developers.facebook.com/docs/sharing/webmasters/crawler)"
66.249.71.32 - - [15/Sep/2025:19:19:26 +0700] "GET /goods/recog21246577.htm HTTP/1.0" 200 177443 "-" "Mozilla/5.0 (Linux; Android 6.0.1; Nexus 5X Build/MMB29P) AppleWebKit/537.36 (KHTML, like Gecko) Chrome/140.0.7339.127 Mobile Safari/537.36 (compatible; Googlebot/2.1; +http://www.google.com/bot.html)"
57.141.2.94 - - [15/Sep/2025:19:21:02 +0700] "GET /goods/poten62450245.htm HTTP/1.0" 200 323 "-" "meta-externalagent/1.1 (+https://developers.facebook.com/docs/sharing/webmasters/crawler)"
66.249.71.33 - - [15/Sep/2025:19:22:52 +0700] "GET /goods/damn61675805.htm HTTP/1.0" 200 178232 "-" "Mozilla/5.0 (Linux; Android 6.0.1; Nexus 5X Build/MMB29P) AppleWebKit/537.36 (KHTML, like Gecko) Chrome/140.0.7339.127 Mobile Safari/537.36 (compatible; GoogleOther)"
66.249.70.64 - - [15/Sep/2025:19:26:25 +0700] "GET /goods/knife42325707.htm HTTP/1.0" 200 179153 "-" "Mozilla/5.0 (Linux; Android 6.0.1; Nexus 5X Build/MMB29P) AppleWebKit/537.36 (KHTML, like Gecko) Chrome/140.0.7339.127 Mobile Safari/537.36 (compatible; Googlebot/2.1; +http://www.google.com/bot.html)"
66.249.70.70 - - [15/Sep/2025:19:26:57 +0700] "POST /get-message-notify HTTP/1.0" 503 8544 "https://vnc-group.vn/goods/knife42325707.htm" "Mozilla/5.0 (Linux; Android 6.0.1; Nexus 5X Build/MMB29P) AppleWebKit/537.36 (KHTML, like Gecko) Chrome/139.0.7258.127 Mobile Safari/537.36 (compatible; Googlebot/2.1; +http://www.google.com/bot.html)"
57.141.2.5 - - [15/Sep/2025:19:28:02 +0700] "GET /goods/voice22980161.htm HTTP/1.0" 200 323 "-" "meta-externalagent/1.1 (+https://developers.facebook.com/docs/sharing/webmasters/crawler)"
66.249.70.71 - - [15/Sep/2025:19:28:34 +0700] "GET /goods/rough21586801.htm HTTP/1.0" 200 187310 "-" "Mozilla/5.0 (Linux; Android 6.0.1; Nexus 5X Build/MMB29P) AppleWebKit/537.36 (KHTML, like Gecko) Chrome/140.0.7339.127 Mobile Safari/537.36 (compatible; Googlebot/2.1; +http://www.google.com/bot.html)"
66.249.70.70 - - [15/Sep/2025:19:29:23 +0700] "GET /goods/relea72450342.htm HTTP/1.0" 200 172099 "-" "Mozilla/5.0 (Linux; Android 6.0.1; Nexus 5X Build/MMB29P) AppleWebKit/537.36 (KHTML, like Gecko) Chrome/140.0.7339.127 Mobile Safari/537.36 (compatible; Googlebot/2.1; +http://www.google.com/bot.html)"
57.141.2.23 - - [15/Sep/2025:19:30:46 +0700] "GET /goods/test31200530.htm HTTP/1.0" 200 323 "-" "meta-externalagent/1.1 (+https://developers.facebook.com/docs/sharing/webmasters/crawler)"
57.141.2.74 - - [15/Sep/2025:19:32:58 +0700] "GET /goods/prepa70236166.htm HTTP/1.0" 200 323 "-" "meta-externalagent/1.1 (+https://developers.facebook.com/docs/sharing/webmasters/crawler)"
66.249.71.34 - - [15/Sep/2025:19:32:06 +0700] "GET /goods/look62021149.htm HTTP/1.0" 503 1362 "-" "Mozilla/5.0 (Linux; Android 6.0.1; Nexus 5X Build/MMB29P) AppleWebKit/537.36 (KHTML, like Gecko) Chrome/140.0.7339.127 Mobile Safari/537.36 (compatible; GoogleOther)"
57.141.2.60 - - [15/Sep/2025:19:33:07 +0700] "GET /goods/midni52070756.htm HTTP/1.0" 200 323 "-" "meta-externalagent/1.1 (+https://developers.facebook.com/docs/sharing/webmasters/crawler)"
66.249.70.70 - - [15/Sep/2025:19:33:07 +0700] "GET /sitemapg.xml HTTP/1.0" 200 106885 "-" "Mozilla/5.0 (compatible; Googlebot/2.1; +http://www.google.com/bot.html)"
4.217.255.182 - - [15/Sep/2025:19:36:05 +0700] "GET / HTTP/1.0" 200 417 "-" "-"
4.217.255.182 - - [15/Sep/2025:19:36:05 +0700] "GET / HTTP/1.0" 200 417 "-" "-"
4.217.255.182 - - [15/Sep/2025:19:36:06 +0700] "GET /wp-content/plugins/hellopress/wp_filemanager.php HTTP/1.0" 200 323 "-" "-"
4.217.255.182 - - [15/Sep/2025:19:36:06 +0700] "GET /error.php HTTP/1.0" 403 1229 "-" "-"
4.217.255.182 - - [15/Sep/2025:19:36:06 +0700] "GET /cabs.php HTTP/1.0" 403 1229 "-" "-"
4.217.255.182 - - [15/Sep/2025:19:36:06 +0700] "GET /get.php HTTP/1.0" 403 1229 "-" "-"
4.217.255.182 - - [15/Sep/2025:19:36:06 +0700] "GET /huangs.php HTTP/1.0" 403 1229 "-" "-"
4.217.255.182 - - [15/Sep/2025:19:36:06 +0700] "GET /vee.php HTTP/1.0" 403 1229 "-" "-"
4.217.255.182 - - [15/Sep/2025:19:36:07 +0700] "GET /law.php HTTP/1.0" 403 1229 "-" "-"
4.217.255.182 - - [15/Sep/2025:19:36:07 +0700] "GET /gelap.php HTTP/1.0" 403 1229 "-" "-"
4.217.255.182 - - [15/Sep/2025:19:36:07 +0700] "GET /class19.php HTTP/1.0" 403 1229 "-" "-"
4.217.255.182 - - [15/Sep/2025:19:36:07 +0700] "GET /tyasd.php HTTP/1.0" 403 1229 "-" "-"
4.217.255.182 - - [15/Sep/2025:19:36:07 +0700] "GET /ff2.php HTTP/1.0" 403 1229 "-" "-"
4.217.255.182 - - [15/Sep/2025:19:36:07 +0700] "GET /aa2.php HTTP/1.0" 403 1229 "-" "-"
4.217.255.182 - - [15/Sep/2025:19:36:08 +0700] "GET /samll.php HTTP/1.0" 403 1229 "-" "-"
4.217.255.182 - - [15/Sep/2025:19:36:08 +0700] "GET /resp.php HTTP/1.0" 403 1229 "-" "-"
4.217.255.182 - - [15/Sep/2025:19:36:08 +0700] "GET /ipil.php HTTP/1.0" 403 1229 "-" "-"
4.217.255.182 - - [15/Sep/2025:19:36:08 +0700] "GET /vanta.php HTTP/1.0" 403 1229 "-" "-"
4.217.255.182 - - [15/Sep/2025:19:36:08 +0700] "GET /racs3.php HTTP/1.0" 403 1229 "-" "-"
4.217.255.182 - - [15/Sep/2025:19:36:08 +0700] "GET /2clas.php HTTP/1.0" 403 1229 "-" "-"
4.217.255.182 - - [15/Sep/2025:19:36:08 +0700] "GET /bp.php HTTP/1.0" 403 1229 "-" "-"
4.217.255.182 - - [15/Sep/2025:19:36:09 +0700] "GET /tox.php HTTP/1.0" 403 1229 "-" "-"
4.217.255.182 - - [15/Sep/2025:19:36:09 +0700] "GET /bless5.php HTTP/1.0" 403 1229 "-" "-"
4.217.255.182 - - [15/Sep/2025:19:36:09 +0700] "GET /blex.php HTTP/1.0" 403 1229 "-" "-"
4.217.255.182 - - [15/Sep/2025:19:36:09 +0700] "GET /ssss.php HTTP/1.0" 403 1229 "-" "-"
4.217.255.182 - - [15/Sep/2025:19:36:09 +0700] "GET /akses.php HTTP/1.0" 403 1229 "-" "-"
4.217.255.182 - - [15/Sep/2025:19:36:09 +0700] "GET /fass.php HTTP/1.0" 403 1229 "-" "-"
4.217.255.182 - - [15/Sep/2025:19:36:10 +0700] "GET /0x0x.php HTTP/1.0" 403 1229 "-" "-"
4.217.255.182 - - [15/Sep/2025:19:36:10 +0700] "GET /xrp.php HTTP/1.0" 403 1229 "-" "-"
4.217.255.182 - - [15/Sep/2025:19:36:10 +0700] "GET /file15.php HTTP/1.0" 403 1229 "-" "-"
4.217.255.182 - - [15/Sep/2025:19:36:10 +0700] "GET /333.php HTTP/1.0" 403 1229 "-" "-"
4.217.255.182 - - [15/Sep/2025:19:36:10 +0700] "GET /zeal.php HTTP/1.0" 403 1229 "-" "-"
4.217.255.182 - - [15/Sep/2025:19:36:10 +0700] "GET /file.php HTTP/1.0" 403 1229 "-" "-"
4.217.255.182 - - [15/Sep/2025:19:36:10 +0700] "GET /file1.php HTTP/1.0" 403 1229 "-" "-"
4.217.255.182 - - [15/Sep/2025:19:36:11 +0700] "GET /file2.php HTTP/1.0" 403 1229 "-" "-"
4.217.255.182 - - [15/Sep/2025:19:36:11 +0700] "GET /file5.php HTTP/1.0" 403 1229 "-" "-"
4.217.255.182 - - [15/Sep/2025:19:36:11 +0700] "GET /file17.php HTTP/1.0" 403 1229 "-" "-"
4.217.255.182 - - [15/Sep/2025:19:36:11 +0700] "GET /file32.php HTTP/1.0" 403 1229 "-" "-"
4.217.255.182 - - [15/Sep/2025:19:36:11 +0700] "GET /filesss.php HTTP/1.0" 403 1229 "-" "-"
4.217.255.182 - - [15/Sep/2025:19:36:11 +0700] "GET /file9.php HTTP/1.0" 403 1229 "-" "-"
4.217.255.182 - - [15/Sep/2025:19:36:12 +0700] "GET /file13.php HTTP/1.0" 403 1229 "-" "-"
4.217.255.182 - - [15/Sep/2025:19:36:12 +0700] "GET /file3.php HTTP/1.0" 403 1229 "-" "-"
4.217.255.182 - - [15/Sep/2025:19:36:12 +0700] "GET /atomlib.php HTTP/1.0" 403 1229 "-" "-"
4.217.255.182 - - [15/Sep/2025:19:36:12 +0700] "GET /manager.php HTTP/1.0" 403 1229 "-" "-"
4.217.255.182 - - [15/Sep/2025:19:36:12 +0700] "GET /abcd.php HTTP/1.0" 403 1229 "-" "-"
4.217.255.182 - - [15/Sep/2025:19:36:12 +0700] "GET /efile.php HTTP/1.0" 403 1229 "-" "-"
4.217.255.182 - - [15/Sep/2025:19:36:12 +0700] "GET /file18.php HTTP/1.0" 403 1229 "-" "-"
4.217.255.182 - - [15/Sep/2025:19:36:13 +0700] "GET /520.php HTTP/1.0" 403 1229 "-" "-"
4.217.255.182 - - [15/Sep/2025:19:36:13 +0700] "GET /031.php HTTP/1.0" 403 1229 "-" "-"
4.217.255.182 - - [15/Sep/2025:19:36:13 +0700] "GET /file7.php HTTP/1.0" 403 1229 "-" "-"
4.217.255.182 - - [15/Sep/2025:19:36:13 +0700] "GET /file4.php HTTP/1.0" 403 1229 "-" "-"
4.217.255.182 - - [15/Sep/2025:19:36:13 +0700] "GET /wp-freya.php HTTP/1.0" 403 1229 "-" "-"
4.217.255.182 - - [15/Sep/2025:19:36:13 +0700] "GET /keu.php HTTP/1.0" 403 1229 "-" "-"
4.217.255.182 - - [15/Sep/2025:19:36:14 +0700] "GET /file88.php HTTP/1.0" 403 1229 "-" "-"
4.217.255.182 - - [15/Sep/2025:19:36:14 +0700] "GET /lock360.php HTTP/1.0" 403 1229 "-" "-"
4.217.255.182 - - [15/Sep/2025:19:36:14 +0700] "GET /jmfi2.php HTTP/1.0" 403 1229 "-" "-"
4.217.255.182 - - [15/Sep/2025:19:36:14 +0700] "GET /class.1.php HTTP/1.0" 403 1229 "-" "-"
4.217.255.182 - - [15/Sep/2025:19:36:14 +0700] "GET /an.php HTTP/1.0" 403 1229 "-" "-"
4.217.255.182 - - [15/Sep/2025:19:36:14 +0700] "GET /fs.php HTTP/1.0" 403 1229 "-" "-"
4.217.255.182 - - [15/Sep/2025:19:36:14 +0700] "GET /CLA.php HTTP/1.0" 403 1229 "-" "-"
4.217.255.182 - - [15/Sep/2025:19:36:15 +0700] "GET /gfile.php HTTP/1.0" 403 1229 "-" "-"
4.217.255.182 - - [15/Sep/2025:19:36:15 +0700] "GET /file6.php HTTP/1.0" 403 1229 "-" "-"
4.217.255.182 - - [15/Sep/2025:19:36:15 +0700] "GET /eauu.php HTTP/1.0" 403 1229 "-" "-"
4.217.255.182 - - [15/Sep/2025:19:36:15 +0700] "GET /we.php HTTP/1.0" 403 1229 "-" "-"
4.217.255.182 - - [15/Sep/2025:19:36:15 +0700] "GET /fe5.php HTTP/1.0" 403 1229 "-" "-"
4.217.255.182 - - [15/Sep/2025:19:36:15 +0700] "GET /cccc.php HTTP/1.0" 403 1229 "-" "-"
4.217.255.182 - - [15/Sep/2025:19:36:16 +0700] "GET /gmo.php HTTP/1.0" 403 1229 "-" "-"
4.217.255.182 - - [15/Sep/2025:19:36:16 +0700] "GET /shell1.php HTTP/1.0" 403 1229 "-" "-"
4.217.255.182 - - [15/Sep/2025:19:36:16 +0700] "GET /gm.php HTTP/1.0" 403 1229 "-" "-"
4.217.255.182 - - [15/Sep/2025:19:36:16 +0700] "GET /lala.php HTTP/1.0" 403 1229 "-" "-"
4.217.255.182 - - [15/Sep/2025:19:36:16 +0700] "GET /hexx.php HTTP/1.0" 403 1229 "-" "-"
4.217.255.182 - - [15/Sep/2025:19:36:16 +0700] "GET /444.php HTTP/1.0" 403 1229 "-" "-"
4.217.255.182 - - [15/Sep/2025:19:36:16 +0700] "GET /a2.php HTTP/1.0" 403 1229 "-" "-"
4.217.255.182 - - [15/Sep/2025:19:36:17 +0700] "GET /cfile.php HTTP/1.0" 403 1229 "-" "-"
4.217.255.182 - - [15/Sep/2025:19:36:17 +0700] "GET /lv.php HTTP/1.0" 403 1229 "-" "-"
4.217.255.182 - - [15/Sep/2025:19:36:17 +0700] "GET /goat.php HTTP/1.0" 403 1229 "-" "-"
4.217.255.182 - - [15/Sep/2025:19:36:17 +0700] "GET /222.php HTTP/1.0" 403 1229 "-" "-"
4.217.255.182 - - [15/Sep/2025:19:36:17 +0700] "GET /aa.php HTTP/1.0" 403 1229 "-" "-"
4.217.255.182 - - [15/Sep/2025:19:36:17 +0700] "GET /vast.php HTTP/1.0" 403 1229 "-" "-"
4.217.255.182 - - [15/Sep/2025:19:36:18 +0700] "GET /cool.php HTTP/1.0" 403 1229 "-" "-"
4.217.255.182 - - [15/Sep/2025:19:36:18 +0700] "GET /yanki.php HTTP/1.0" 403 1229 "-" "-"
4.217.255.182 - - [15/Sep/2025:19:36:18 +0700] "GET /bolt.php HTTP/1.0" 403 1229 "-" "-"
4.217.255.182 - - [15/Sep/2025:19:36:18 +0700] "GET /nfile.php HTTP/1.0" 403 1229 "-" "-"
4.217.255.182 - - [15/Sep/2025:19:36:18 +0700] "GET /ilex.php HTTP/1.0" 403 1229 "-" "-"
4.217.255.182 - - [15/Sep/2025:19:36:18 +0700] "GET /des.php HTTP/1.0" 403 1229 "-" "-"
4.217.255.182 - - [15/Sep/2025:19:36:18 +0700] "GET /ext.php HTTP/1.0" 403 1229 "-" "-"
4.217.255.182 - - [15/Sep/2025:19:36:19 +0700] "GET /axx.php HTTP/1.0" 403 1229 "-" "-"
4.217.255.182 - - [15/Sep/2025:19:36:19 +0700] "GET /wp-update.php HTTP/1.0" 403 1229 "-" "-"
4.217.255.182 - - [15/Sep/2025:19:36:19 +0700] "GET /yasnu.php HTTP/1.0" 403 1229 "-" "-"
4.217.255.182 - - [15/Sep/2025:19:36:19 +0700] "GET /new4.php HTTP/1.0" 403 1229 "-" "-"
4.217.255.182 - - [15/Sep/2025:19:36:19 +0700] "GET /ava.php HTTP/1.0" 403 1229 "-" "-"
4.217.255.182 - - [15/Sep/2025:19:36:19 +0700] "GET /ioxi2.php HTTP/1.0" 403 1229 "-" "-"
4.217.255.182 - - [15/Sep/2025:19:36:20 +0700] "GET /gfile1.php HTTP/1.0" 403 1229 "-" "-"
4.217.255.182 - - [15/Sep/2025:19:36:20 +0700] "GET /ffile.php HTTP/1.0" 403 1229 "-" "-"
4.217.255.182 - - [15/Sep/2025:19:36:20 +0700] "GET /rsnu.php HTTP/1.0" 403 1229 "-" "-"
4.217.255.182 - - [15/Sep/2025:19:36:20 +0700] "GET /CLA.php HTTP/1.0" 403 1229 "-" "-"
4.217.255.182 - - [15/Sep/2025:19:36:20 +0700] "GET /default.php HTTP/1.0" 403 1229 "-" "-"
4.217.255.182 - - [15/Sep/2025:19:36:20 +0700] "GET /.well-known/acme-challenge/about.php HTTP/1.1" 404 146 "-" "-"
4.217.255.182 - - [15/Sep/2025:19:36:21 +0700] "GET /dfre.php HTTP/1.0" 403 1229 "-" "-"
4.217.255.182 - - [15/Sep/2025:19:36:21 +0700] "GET /pp.php HTTP/1.0" 403 1229 "-" "-"
4.217.255.182 - - [15/Sep/2025:19:36:21 +0700] "GET /13.php HTTP/1.0" 403 1229 "-" "-"
4.217.255.182 - - [15/Sep/2025:19:36:21 +0700] "GET /usep.php HTTP/1.0" 403 1229 "-" "-"
4.217.255.182 - - [15/Sep/2025:19:36:21 +0700] "GET /3.php HTTP/1.0" 403 1229 "-" "-"
66.249.71.32 - - [15/Sep/2025:19:36:42 +0700] "GET /goods/clari10891648.htm HTTP/1.0" 503 1362 "-" "Mozilla/5.0 (Linux; Android 6.0.1; Nexus 5X Build/MMB29P) AppleWebKit/537.36 (KHTML, like Gecko) Chrome/140.0.7339.127 Mobile Safari/537.36 (compatible; Googlebot/2.1; +http://www.google.com/bot.html)"
57.141.2.86 - - [15/Sep/2025:19:39:08 +0700] "GET /goods/flaw41445819.htm HTTP/1.0" 200 323 "-" "meta-externalagent/1.1 (+https://developers.facebook.com/docs/sharing/webmasters/crawler)"
57.141.2.55 - - [15/Sep/2025:19:40:54 +0700] "GET /goods/porta10691448.htm HTTP/1.0" 200 323 "-" "meta-externalagent/1.1 (+https://developers.facebook.com/docs/sharing/webmasters/crawler)"
66.249.71.33 - - [15/Sep/2025:19:41:11 +0700] "GET /goods/emper31411450.htm HTTP/1.0" 200 179801 "-" "Mozilla/5.0 (Linux; Android 6.0.1; Nexus 5X Build/MMB29P) AppleWebKit/537.36 (KHTML, like Gecko) Chrome/140.0.7339.127 Mobile Safari/537.36 (compatible; Googlebot/2.1; +http://www.google.com/bot.html)"
57.141.2.81 - - [15/Sep/2025:19:42:38 +0700] "GET /goods/sorro12290632.htm HTTP/1.0" 200 323 "-" "meta-externalagent/1.1 (+https://developers.facebook.com/docs/sharing/webmasters/crawler)"
66.249.70.64 - - [15/Sep/2025:19:44:42 +0700] "GET /goods/carri30431322.htm HTTP/1.0" 200 177289 "-" "Mozilla/5.0 (Linux; Android 6.0.1; Nexus 5X Build/MMB29P) AppleWebKit/537.36 (KHTML, like Gecko) Chrome/140.0.7339.127 Mobile Safari/537.36 (compatible; Googlebot/2.1; +http://www.google.com/bot.html)"
57.141.2.83 - - [15/Sep/2025:19:47:55 +0700] "GET /goods/bean20066553.htm HTTP/1.0" 200 323 "-" "meta-externalagent/1.1 (+https://developers.facebook.com/docs/sharing/webmasters/crawler)"
66.249.70.70 - - [15/Sep/2025:19:48:38 +0700] "GET /goods/airpl72148142.htm HTTP/1.0" 503 1362 "-" "Mozilla/5.0 (Linux; Android 6.0.1; Nexus 5X Build/MMB29P) AppleWebKit/537.36 (KHTML, like Gecko) Chrome/140.0.7339.127 Mobile Safari/537.36 (compatible; Googlebot/2.1; +http://www.google.com/bot.html)"
4.217.254.229 - - [15/Sep/2025:19:50:06 +0700] "GET /wp-content/plugins/hellopress/wp_filemanager.php HTTP/1.0" 200 323 "-" "-"
4.217.254.229 - - [15/Sep/2025:19:50:06 +0700] "GET /file.php?fm=true HTTP/1.0" 403 1229 "-" "-"
4.217.254.229 - - [15/Sep/2025:19:50:07 +0700] "GET /wp-admin/css/colors/blue/about.php HTTP/1.0" 200 323 "-" "-"
4.217.254.229 - - [15/Sep/2025:19:50:07 +0700] "GET /wp-admin/css/colors/blue/atomlib.php HTTP/1.0" 200 323 "-" "-"
4.217.254.229 - - [15/Sep/2025:19:50:07 +0700] "GET /post.php HTTP/1.0" 200 323 "-" "-"
4.217.254.229 - - [15/Sep/2025:19:50:08 +0700] "GET /config.php HTTP/1.0" 403 1229 "-" "-"
4.217.254.229 - - [15/Sep/2025:19:50:08 +0700] "GET /.well-known/content.php HTTP/1.0" 200 323 "-" "-"
4.217.254.229 - - [15/Sep/2025:19:50:08 +0700] "GET /phpshelldownload.com/index.php HTTP/1.0" 200 323 "-" "-"
4.217.254.229 - - [15/Sep/2025:19:50:09 +0700] "GET /mah.php HTTP/1.0" 403 1229 "-" "-"
4.217.254.229 - - [15/Sep/2025:19:50:10 +0700] "GET /wp-includes/Text/Diff/Renderer/about.php HTTP/1.0" 200 323 "-" "-"
4.217.254.229 - - [15/Sep/2025:19:50:10 +0700] "GET /wp-content/uploads/wp-conflg.php HTTP/1.0" 200 323 "-" "-"
4.217.254.229 - - [15/Sep/2025:19:50:10 +0700] "GET /cong.php HTTP/1.0" 403 1229 "-" "-"
4.217.254.229 - - [15/Sep/2025:19:50:11 +0700] "GET /wp-admin/function.php HTTP/1.0" 200 323 "-" "-"
4.217.254.229 - - [15/Sep/2025:19:50:11 +0700] "GET /content.php HTTP/1.0" 403 1229 "-" "-"
4.217.254.229 - - [15/Sep/2025:19:50:11 +0700] "GET /wp-includes/pomo/pomo.php HTTP/1.0" 200 323 "-" "-"
4.217.254.229 - - [15/Sep/2025:19:50:11 +0700] "GET /wp.php HTTP/1.0" 403 1229 "-" "-"
4.217.254.229 - - [15/Sep/2025:19:50:11 +0700] "GET /wp-includes/Text/Diff/alfa-rex.php HTTP/1.0" 200 323 "-" "-"
4.217.254.229 - - [15/Sep/2025:19:50:11 +0700] "GET /doc.php HTTP/1.0" 403 1229 "-" "-"
4.217.254.229 - - [15/Sep/2025:19:50:11 +0700] "GET /ALFA_DATA/index.php HTTP/1.0" 200 323 "-" "-"
4.217.254.229 - - [15/Sep/2025:19:50:12 +0700] "GET /wp/pomo/pomo.php HTTP/1.0" 200 323 "-" "-"
4.217.254.229 - - [15/Sep/2025:19:50:12 +0700] "GET /chosen.php HTTP/1.0" 403 1229 "-" "-"
4.217.254.229 - - [15/Sep/2025:19:50:13 +0700] "GET /index.php HTTP/1.0" 200 323 "-" "-"
4.217.254.229 - - [15/Sep/2025:19:50:13 +0700] "GET /wp-content/content.php HTTP/1.0" 200 323 "-" "-"
4.217.254.229 - - [15/Sep/2025:19:50:13 +0700] "GET /wp-includes/css/wp-conflg.php HTTP/1.0" 200 323 "-" "-"
4.217.254.229 - - [15/Sep/2025:19:50:13 +0700] "GET /uploads/bigdump.php HTTP/1.0" 200 323 "-" "-"
4.217.254.229 - - [15/Sep/2025:19:50:13 +0700] "GET /wp-admin/autoload_classmap.php HTTP/1.0" 200 323 "-" "-"
4.217.254.229 - - [15/Sep/2025:19:50:14 +0700] "GET /file.php HTTP/1.0" 403 1229 "-" "-"
4.217.254.229 - - [15/Sep/2025:19:50:14 +0700] "GET /wp-includes/fonts/index.php HTTP/1.0" 200 323 "-" "-"
4.217.254.229 - - [15/Sep/2025:19:50:14 +0700] "GET /makeasmtp.php HTTP/1.0" 403 1229 "-" "-"
4.217.254.229 - - [15/Sep/2025:19:50:15 +0700] "GET /egaiska.ru/doc.php HTTP/1.0" 200 323 "-" "-"
4.217.254.229 - - [15/Sep/2025:19:50:15 +0700] "GET /wp-admin/admin-post.php HTTP/1.0" 200 323 "-" "-"
4.217.254.229 - - [15/Sep/2025:19:50:15 +0700] "GET /sts.php HTTP/1.0" 403 1229 "-" "-"
57.141.2.76 - - [15/Sep/2025:19:52:57 +0700] "GET /goods/lie12272240.htm HTTP/1.0" 200 323 "-" "meta-externalagent/1.1 (+https://developers.facebook.com/docs/sharing/webmasters/crawler)"
57.141.2.75 - - [15/Sep/2025:19:53:04 +0700] "GET /goods/pint12291064.htm HTTP/1.0" 200 323 "-" "meta-externalagent/1.1 (+https://developers.facebook.com/docs/sharing/webmasters/crawler)"
66.249.70.64 - - [15/Sep/2025:19:54:45 +0700] "GET /goods/fond20319241.htm HTTP/1.0" 200 182674 "-" "Mozilla/5.0 (Linux; Android 6.0.1; Nexus 5X Build/MMB29P) AppleWebKit/537.36 (KHTML, like Gecko) Chrome/140.0.7339.127 Mobile Safari/537.36 (compatible; Googlebot/2.1; +http://www.google.com/bot.html)"
66.249.70.64 - - [15/Sep/2025:19:59:28 +0700] "GET /goods/ineff62055525.htm HTTP/1.0" 200 174549 "-" "Mozilla/5.0 (Linux; Android 6.0.1; Nexus 5X Build/MMB29P) AppleWebKit/537.36 (KHTML, like Gecko) Chrome/140.0.7339.127 Mobile Safari/537.36 (compatible; Googlebot/2.1; +http://www.google.com/bot.html)"
196.251.118.173 - - [15/Sep/2025:20:01:57 +0700] "GET / HTTP/1.0" 200 417 "-" "-"
196.251.118.173 - - [15/Sep/2025:20:01:58 +0700] "GET /wordpress HTTP/1.0" 200 323 "-" "-"
196.251.118.173 - - [15/Sep/2025:20:01:58 +0700] "GET /wp-admin/setup-config.php HTTP/1.0" 200 323 "-" "-"
196.251.118.173 - - [15/Sep/2025:20:01:59 +0700] "GET /wp-admin/install.php HTTP/1.0" 200 323 "-" "-"
196.251.118.173 - - [15/Sep/2025:20:01:59 +0700] "GET /wp HTTP/1.0" 200 323 "-" "-"
196.251.118.173 - - [15/Sep/2025:20:02:00 +0700] "GET /blog HTTP/1.0" 200 323 "-" "-"
196.251.118.173 - - [15/Sep/2025:20:02:01 +0700] "GET /new HTTP/1.0" 200 323 "-" "-"
196.251.118.173 - - [15/Sep/2025:20:02:03 +0700] "GET /old HTTP/1.0" 200 323 "-" "-"
196.251.118.173 - - [15/Sep/2025:20:02:04 +0700] "GET /newsite HTTP/1.0" 200 323 "-" "-"
196.251.118.173 - - [15/Sep/2025:20:02:04 +0700] "GET /test HTTP/1.0" 200 323 "-" "-"
196.251.118.173 - - [15/Sep/2025:20:02:05 +0700] "GET /main HTTP/1.0" 200 323 "-" "-"
57.141.2.80 - - [15/Sep/2025:20:02:05 +0700] "GET /goods/tide42865891.htm HTTP/1.0" 200 323 "-" "meta-externalagent/1.1 (+https://developers.facebook.com/docs/sharing/webmasters/crawler)"
196.251.118.173 - - [15/Sep/2025:20:02:06 +0700] "GET /testing HTTP/1.0" 200 323 "-" "-"
196.251.118.173 - - [15/Sep/2025:20:02:07 +0700] "GET /site HTTP/1.0" 200 323 "-" "-"
196.251.118.173 - - [15/Sep/2025:20:02:07 +0700] "GET /backup HTTP/1.0" 200 323 "-" "-"
196.251.118.173 - - [15/Sep/2025:20:02:08 +0700] "GET /demo HTTP/1.0" 200 323 "-" "-"
196.251.118.173 - - [15/Sep/2025:20:02:08 +0700] "GET /home HTTP/1.0" 200 323 "-" "-"
196.251.118.173 - - [15/Sep/2025:20:02:09 +0700] "GET /tmp HTTP/1.0" 200 323 "-" "-"
196.251.118.173 - - [15/Sep/2025:20:02:09 +0700] "GET /dev HTTP/1.0" 200 323 "-" "-"
196.251.118.173 - - [15/Sep/2025:20:02:10 +0700] "GET /cms HTTP/1.0" 200 323 "-" "-"
57.141.2.6 - - [15/Sep/2025:20:02:12 +0700] "GET /goods/norm72459870.htm HTTP/1.0" 200 323 "-" "meta-externalagent/1.1 (+https://developers.facebook.com/docs/sharing/webmasters/crawler)"
196.251.118.173 - - [15/Sep/2025:20:02:12 +0700] "GET /portal HTTP/1.0" 200 323 "-" "-"
196.251.118.173 - - [15/Sep/2025:20:02:14 +0700] "GET /web HTTP/1.0" 200 323 "-" "-"
45.227.253.15 - - [15/Sep/2025:20:02:50 +0700] "GET /images/images/images/images/images/images/images/index.php?ARRAY=7o2230223n313735373934353139382p2231223n22687474703n5p2s5p2s6p776n39372r676165646s2r73746s72655p2s3s6p633q78696164616r5s72616r645s7061746826743q313735373934313539382q3236343464663662346634326233316364373365376134353366326365343665222p2232223n226466313935396137613633393131653433386433383565373635633264306536222p2233223n226231616666386161376538363561333763653066363134633539323434666263222p2262696r675s70617373223n2232392q33332q35352q37302q37352q38362q3239227q HTTP/1.0" 200 1118 "-" "Mozilla/5.0 (Windows NT 6.1; Win64; x64) AppleWebKit/537.36 (KHTML, like Gecko) Chrome/86.0.4240.111 Safari/537.36"
57.141.2.23 - - [15/Sep/2025:20:03:33 +0700] "GET /goods/debt32942402.htm HTTP/1.0" 200 323 "-" "meta-externalagent/1.1 (+https://developers.facebook.com/docs/sharing/webmasters/crawler)"
57.141.2.13 - - [15/Sep/2025:20:05:13 +0700] "GET /goods/packa30012802.htm HTTP/1.0" 200 323 "-" "meta-externalagent/1.1 (+https://developers.facebook.com/docs/sharing/webmasters/crawler)"
66.249.71.34 - - [15/Sep/2025:20:04:44 +0700] "GET /goods/unlik80738783.htm HTTP/1.0" 200 182458 "-" "Mozilla/5.0 (Linux; Android 6.0.1; Nexus 5X Build/MMB29P) AppleWebKit/537.36 (KHTML, like Gecko) Chrome/140.0.7339.127 Mobile Safari/537.36 (compatible; Googlebot/2.1; +http://www.google.com/bot.html)"
57.141.2.57 - - [15/Sep/2025:20:06:44 +0700] "GET /goods/cross70768854.htm HTTP/1.0" 200 323 "-" "meta-externalagent/1.1 (+https://developers.facebook.com/docs/sharing/webmasters/crawler)"
57.141.2.27 - - [15/Sep/2025:20:07:30 +0700] "GET /goods/quarr10383336.htm HTTP/1.0" 200 323 "-" "meta-externalagent/1.1 (+https://developers.facebook.com/docs/sharing/webmasters/crawler)"
57.141.2.71 - - [15/Sep/2025:20:09:28 +0700] "GET /goods/schoo60296269.htm HTTP/1.0" 200 323 "-" "meta-externalagent/1.1 (+https://developers.facebook.com/docs/sharing/webmasters/crawler)"
57.141.2.21 - - [15/Sep/2025:20:10:19 +0700] "GET /goods/attai51326764.htm HTTP/1.0" 200 323 "-" "meta-externalagent/1.1 (+https://developers.facebook.com/docs/sharing/webmasters/crawler)"
66.249.70.70 - - [15/Sep/2025:20:10:04 +0700] "GET /goods/volun41077635.htm HTTP/1.0" 503 1362 "-" "Mozilla/5.0 (Linux; Android 6.0.1; Nexus 5X Build/MMB29P) AppleWebKit/537.36 (KHTML, like Gecko) Chrome/140.0.7339.127 Mobile Safari/537.36 (compatible; Googlebot/2.1; +http://www.google.com/bot.html)"
66.249.71.32 - - [15/Sep/2025:20:11:37 +0700] "GET /goods/brist52770708.htm HTTP/1.0" 200 186720 "-" "Mozilla/5.0 (Linux; Android 6.0.1; Nexus 5X Build/MMB29P) AppleWebKit/537.36 (KHTML, like Gecko) Chrome/140.0.7339.127 Mobile Safari/537.36 (compatible; GoogleOther)"
57.141.2.72 - - [15/Sep/2025:20:13:08 +0700] "GET /goods/fifth40933195.htm HTTP/1.0" 200 323 "-" "meta-externalagent/1.1 (+https://developers.facebook.com/docs/sharing/webmasters/crawler)"
66.249.70.70 - - [15/Sep/2025:20:12:25 +0700] "POST /get-message-notify HTTP/1.0" 503 8544 "https://vnc-group.vn/goods/brist52770708.htm" "Mozilla/5.0 (Linux; Android 6.0.1; Nexus 5X Build/MMB29P) AppleWebKit/537.36 (KHTML, like Gecko) Chrome/139.0.7258.127 Mobile Safari/537.36 (compatible; Googlebot/2.1; +http://www.google.com/bot.html)"
57.141.2.82 - - [15/Sep/2025:20:13:38 +0700] "GET /goods/besid40068443.htm HTTP/1.0" 200 323 "-" "meta-externalagent/1.1 (+https://developers.facebook.com/docs/sharing/webmasters/crawler)"
57.141.2.53 - - [15/Sep/2025:20:14:09 +0700] "GET /goods/trous41177243.htm HTTP/1.0" 200 323 "-" "meta-externalagent/1.1 (+https://developers.facebook.com/docs/sharing/webmasters/crawler)"
57.141.2.33 - - [15/Sep/2025:20:14:39 +0700] "GET /goods/behin80129167.htm HTTP/1.0" 200 323 "-" "meta-externalagent/1.1 (+https://developers.facebook.com/docs/sharing/webmasters/crawler)"
57.141.2.77 - - [15/Sep/2025:20:14:57 +0700] "GET /goods/overn40335267.htm HTTP/1.0" 200 323 "-" "meta-externalagent/1.1 (+https://developers.facebook.com/docs/sharing/webmasters/crawler)"
66.249.70.64 - - [15/Sep/2025:20:15:04 +0700] "GET /goods/ten51212036.htm HTTP/1.0" 200 176608 "-" "Mozilla/5.0 (Linux; Android 6.0.1; Nexus 5X Build/MMB29P) AppleWebKit/537.36 (KHTML, like Gecko) Chrome/140.0.7339.127 Mobile Safari/537.36 (compatible; Googlebot/2.1; +http://www.google.com/bot.html)"
57.141.2.58 - - [15/Sep/2025:20:16:34 +0700] "GET /goods/inexp62087245.htm HTTP/1.0" 200 323 "-" "meta-externalagent/1.1 (+https://developers.facebook.com/docs/sharing/webmasters/crawler)"
57.141.2.7 - - [15/Sep/2025:20:16:52 +0700] "GET /goods/circl21008593.htm HTTP/1.0" 200 323 "-" "meta-externalagent/1.1 (+https://developers.facebook.com/docs/sharing/webmasters/crawler)"
57.141.2.21 - - [15/Sep/2025:20:19:15 +0700] "GET /goods/bubbl71234886.htm HTTP/1.0" 200 323 "-" "meta-externalagent/1.1 (+https://developers.facebook.com/docs/sharing/webmasters/crawler)"
34.170.2.21 - - [15/Sep/2025:20:19:32 +0700] "GET /media/system/js/core.js HTTP/1.0" 200 323 "http://vnc-group.vn/media/system/js/core.js" "Mozilla/5.0 (Macintosh; Intel Mac OS X 10_10_1) AppleWebKit/537.36 (KHTML, like Gecko) Chrome/39.0.2171.95 Safari/537.36"
34.170.2.21 - - [15/Sep/2025:20:19:32 +0700] "GET /wp-includes/js/jquery/jquery.js HTTP/1.0" 200 323 "http://vnc-group.vn/wp-includes/js/jquery/jquery.js" "Mozilla/5.0 (Macintosh; Intel Mac OS X 10_10_1) AppleWebKit/537.36 (KHTML, like Gecko) Chrome/39.0.2171.95 Safari/537.36"
66.249.70.64 - - [15/Sep/2025:20:21:07 +0700] "GET /goods/worst51505636.htm HTTP/1.0" 200 175217 "-" "Mozilla/5.0 (Linux; Android 6.0.1; Nexus 5X Build/MMB29P) AppleWebKit/537.36 (KHTML, like Gecko) Chrome/140.0.7339.127 Mobile Safari/537.36 (compatible; Googlebot/2.1; +http://www.google.com/bot.html)"
57.141.2.16 - - [15/Sep/2025:20:21:39 +0700] "GET /goods/pace21323033.htm HTTP/1.0" 200 323 "-" "meta-externalagent/1.1 (+https://developers.facebook.com/docs/sharing/webmasters/crawler)"
57.141.2.84 - - [15/Sep/2025:20:22:37 +0700] "GET /goods/alloy22938625.htm HTTP/1.0" 200 323 "-" "meta-externalagent/1.1 (+https://developers.facebook.com/docs/sharing/webmasters/crawler)"
57.141.2.82 - - [15/Sep/2025:20:24:21 +0700] "GET /goods/wall41260995.htm HTTP/1.0" 200 323 "-" "meta-externalagent/1.1 (+https://developers.facebook.com/docs/sharing/webmasters/crawler)"
66.249.70.70 - - [15/Sep/2025:20:25:16 +0700] "GET /goods/high22436633.htm HTTP/1.0" 200 172099 "-" "Mozilla/5.0 (Linux; Android 6.0.1; Nexus 5X Build/MMB29P) AppleWebKit/537.36 (KHTML, like Gecko) Chrome/140.0.7339.127 Mobile Safari/537.36 (compatible; Googlebot/2.1; +http://www.google.com/bot.html)"
35.192.73.107 - - [15/Sep/2025:20:27:15 +0700] "GET /media/system/js/core.js HTTP/1.0" 200 323 "http://vnc-group.vn/media/system/js/core.js" "Mozilla/5.0 (Macintosh; Intel Mac OS X 10_10_1) AppleWebKit/537.36 (KHTML, like Gecko) Chrome/39.0.2171.95 Safari/537.36"
35.192.73.107 - - [15/Sep/2025:20:27:16 +0700] "GET /wp-includes/js/jquery/jquery.js HTTP/1.0" 200 323 "http://vnc-group.vn/wp-includes/js/jquery/jquery.js" "Mozilla/5.0 (Macintosh; Intel Mac OS X 10_10_1) AppleWebKit/537.36 (KHTML, like Gecko) Chrome/39.0.2171.95 Safari/537.36"
57.141.2.94 - - [15/Sep/2025:20:27:44 +0700] "GET /goods/hero32353802.htm HTTP/1.0" 200 323 "-" "meta-externalagent/1.1 (+https://developers.facebook.com/docs/sharing/webmasters/crawler)"
66.249.70.64 - - [15/Sep/2025:20:27:25 +0700] "GET /goods/actre62318773.htm HTTP/1.0" 200 174395 "-" "Mozilla/5.0 (Linux; Android 6.0.1; Nexus 5X Build/MMB29P) AppleWebKit/537.36 (KHTML, like Gecko) Chrome/140.0.7339.127 Mobile Safari/537.36 (compatible; Googlebot/2.1; +http://www.google.com/bot.html)"
66.249.71.34 - - [15/Sep/2025:20:28:21 +0700] "GET /goods/atom%2022199817.htm HTTP/1.0" 200 176424 "-" "Mozilla/5.0 (Linux; Android 6.0.1; Nexus 5X Build/MMB29P) AppleWebKit/537.36 (KHTML, like Gecko) Chrome/140.0.7339.127 Mobile Safari/537.36 (compatible; GoogleOther)"
57.141.2.81 - - [15/Sep/2025:20:29:40 +0700] "GET /goods/motiv60350141.htm HTTP/1.0" 200 323 "-" "meta-externalagent/1.1 (+https://developers.facebook.com/docs/sharing/webmasters/crawler)"
57.141.2.64 - - [15/Sep/2025:20:32:04 +0700] "GET /goods/ton82692935.htm HTTP/1.0" 200 323 "-" "meta-externalagent/1.1 (+https://developers.facebook.com/docs/sharing/webmasters/crawler)"
57.141.2.10 - - [15/Sep/2025:20:32:26 +0700] "GET /goods/survi31310258.htm HTTP/1.0" 200 323 "-" "meta-externalagent/1.1 (+https://developers.facebook.com/docs/sharing/webmasters/crawler)"
57.141.2.4 - - [15/Sep/2025:20:32:45 +0700] "GET /goods/maze30395858.htm HTTP/1.0" 200 323 "-" "meta-externalagent/1.1 (+https://developers.facebook.com/docs/sharing/webmasters/crawler)"
57.141.2.49 - - [15/Sep/2025:20:33:25 +0700] "GET /goods/tense82217735.htm HTTP/1.0" 200 323 "-" "meta-externalagent/1.1 (+https://developers.facebook.com/docs/sharing/webmasters/crawler)"
57.141.2.13 - - [15/Sep/2025:20:33:43 +0700] "GET /goods/ambas61819733.htm HTTP/1.0" 200 323 "-" "meta-externalagent/1.1 (+https://developers.facebook.com/docs/sharing/webmasters/crawler)"
57.141.2.26 - - [15/Sep/2025:20:33:44 +0700] "GET /goods/conte61821837.htm HTTP/1.0" 200 323 "-" "meta-externalagent/1.1 (+https://developers.facebook.com/docs/sharing/webmasters/crawler)"
57.141.2.60 - - [15/Sep/2025:20:34:12 +0700] "GET /goods/desir82725967.htm HTTP/1.0" 200 323 "-" "meta-externalagent/1.1 (+https://developers.facebook.com/docs/sharing/webmasters/crawler)"
57.141.2.68 - - [15/Sep/2025:20:34:28 +0700] "GET /goods/waste71760814.htm HTTP/1.0" 200 323 "-" "meta-externalagent/1.1 (+https://developers.facebook.com/docs/sharing/webmasters/crawler)"
57.141.2.67 - - [15/Sep/2025:20:34:31 +0700] "GET /goods/achie61025101.htm HTTP/1.0" 200 323 "-" "meta-externalagent/1.1 (+https://developers.facebook.com/docs/sharing/webmasters/crawler)"
57.141.2.77 - - [15/Sep/2025:20:34:33 +0700] "GET /goods/deck22007585.htm HTTP/1.0" 200 323 "-" "meta-externalagent/1.1 (+https://developers.facebook.com/docs/sharing/webmasters/crawler)"
66.249.70.71 - - [15/Sep/2025:20:34:21 +0700] "GET /goods/twelf21476513.htm HTTP/1.0" 200 179495 "-" "Mozilla/5.0 (Linux; Android 6.0.1; Nexus 5X Build/MMB29P) AppleWebKit/537.36 (KHTML, like Gecko) Chrome/140.0.7339.127 Mobile Safari/537.36 (compatible; Googlebot/2.1; +http://www.google.com/bot.html)"
57.141.2.11 - - [15/Sep/2025:20:34:39 +0700] "GET /goods/earn41359115.htm HTTP/1.0" 200 323 "-" "meta-externalagent/1.1 (+https://developers.facebook.com/docs/sharing/webmasters/crawler)"
57.141.2.62 - - [15/Sep/2025:20:34:43 +0700] "GET /goods/peach11243280.htm HTTP/1.0" 200 323 "-" "meta-externalagent/1.1 (+https://developers.facebook.com/docs/sharing/webmasters/crawler)"
57.141.2.79 - - [15/Sep/2025:20:34:50 +0700] "GET /goods/docum10345352.htm HTTP/1.0" 200 323 "-" "meta-externalagent/1.1 (+https://developers.facebook.com/docs/sharing/webmasters/crawler)"
57.141.2.53 - - [15/Sep/2025:20:35:06 +0700] "GET /goods/techn21536473.htm HTTP/1.0" 200 323 "-" "meta-externalagent/1.1 (+https://developers.facebook.com/docs/sharing/webmasters/crawler)"
66.249.70.70 - - [15/Sep/2025:20:34:42 +0700] "GET /goods/groce41681859.htm HTTP/1.0" 200 175845 "-" "Mozilla/5.0 (Linux; Android 6.0.1; Nexus 5X Build/MMB29P) AppleWebKit/537.36 (KHTML, like Gecko) Chrome/140.0.7339.127 Mobile Safari/537.36 (compatible; Googlebot/2.1; +http://www.google.com/bot.html)"
57.141.2.92 - - [15/Sep/2025:20:35:21 +0700] "GET /goods/feath51899268.htm HTTP/1.0" 200 323 "-" "meta-externalagent/1.1 (+https://developers.facebook.com/docs/sharing/webmasters/crawler)"
57.141.2.74 - - [15/Sep/2025:20:35:23 +0700] "GET /goods/dismi22764289.htm HTTP/1.0" 200 323 "-" "meta-externalagent/1.1 (+https://developers.facebook.com/docs/sharing/webmasters/crawler)"
57.141.2.14 - - [15/Sep/2025:20:36:02 +0700] "GET /goods/facto32000834.htm HTTP/1.0" 200 323 "-" "meta-externalagent/1.1 (+https://developers.facebook.com/docs/sharing/webmasters/crawler)"
57.141.2.65 - - [15/Sep/2025:20:36:40 +0700] "GET /goods/dim70927494.htm HTTP/1.0" 200 323 "-" "meta-externalagent/1.1 (+https://developers.facebook.com/docs/sharing/webmasters/crawler)"
57.141.2.77 - - [15/Sep/2025:20:36:49 +0700] "GET /goods/era81373871.htm HTTP/1.0" 200 323 "-" "meta-externalagent/1.1 (+https://developers.facebook.com/docs/sharing/webmasters/crawler)"
57.141.2.20 - - [15/Sep/2025:20:37:39 +0700] "GET /goods/maths61001693.htm HTTP/1.0" 200 323 "-" "meta-externalagent/1.1 (+https://developers.facebook.com/docs/sharing/webmasters/crawler)"
57.141.2.33 - - [15/Sep/2025:20:37:57 +0700] "GET /goods/bind21707177.htm HTTP/1.0" 200 323 "-" "meta-externalagent/1.1 (+https://developers.facebook.com/docs/sharing/webmasters/crawler)"
57.141.2.63 - - [15/Sep/2025:20:38:04 +0700] "GET /goods/pant62011877.htm HTTP/1.0" 200 323 "-" "meta-externalagent/1.1 (+https://developers.facebook.com/docs/sharing/webmasters/crawler)"
34.74.112.242 - - [15/Sep/2025:20:38:29 +0700] "GET / HTTP/1.0" 200 417 "http://vnc-group.vn" "Mozilla/5.0 (compatible; CMS-Checker/1.0; +https://example.com)"
57.141.2.14 - - [15/Sep/2025:20:38:41 +0700] "GET /goods/trial22039009.htm HTTP/1.0" 200 323 "-" "meta-externalagent/1.1 (+https://developers.facebook.com/docs/sharing/webmasters/crawler)"
196.251.71.192 - - [15/Sep/2025:20:38:46 +0700] "GET / HTTP/1.0" 200 417 "-" "Mozilla/5.0 (Windows NT 10.0; Win64; x64) AppleWebKit/537.36 (KHTML, like Gecko) Chrome/89.0.4389.114 Safari/537.36"
57.141.2.70 - - [15/Sep/2025:20:38:49 +0700] "GET /goods/struc71129502.htm HTTP/1.0" 200 323 "-" "meta-externalagent/1.1 (+https://developers.facebook.com/docs/sharing/webmasters/crawler)"
196.251.71.192 - - [15/Sep/2025:20:38:46 +0700] "GET //wp-includes/wlwmanifest.xml HTTP/1.0" 200 149475 "-" "Mozilla/5.0 (Windows NT 10.0; Win64; x64) AppleWebKit/537.36 (KHTML, like Gecko) Chrome/89.0.4389.114 Safari/537.36"
196.251.71.192 - - [15/Sep/2025:20:39:26 +0700] "GET //xmlrpc.php?rsd HTTP/1.0" 200 323 "-" "Mozilla/5.0 (Windows NT 10.0; Win64; x64) AppleWebKit/537.36 (KHTML, like Gecko) Chrome/89.0.4389.114 Safari/537.36"
196.251.71.192 - - [15/Sep/2025:20:39:26 +0700] "GET / HTTP/1.0" 200 417 "-" "Mozilla/5.0 (Windows NT 10.0; Win64; x64) AppleWebKit/537.36 (KHTML, like Gecko) Chrome/89.0.4389.114 Safari/537.36"
57.141.2.73 - - [15/Sep/2025:20:39:28 +0700] "GET /goods/trend81323207.htm HTTP/1.0" 200 323 "-" "meta-externalagent/1.1 (+https://developers.facebook.com/docs/sharing/webmasters/crawler)"
196.251.71.192 - - [15/Sep/2025:20:39:26 +0700] "GET //blog/wp-includes/wlwmanifest.xml HTTP/1.0" 200 82695 "-" "Mozilla/5.0 (Windows NT 10.0; Win64; x64) AppleWebKit/537.36 (KHTML, like Gecko) Chrome/89.0.4389.114 Safari/537.36"
196.251.71.192 - - [15/Sep/2025:20:39:39 +0700] "GET //web/wp-includes/wlwmanifest.xml HTTP/1.0" 200 139033 "-" "Mozilla/5.0 (Windows NT 10.0; Win64; x64) AppleWebKit/537.36 (KHTML, like Gecko) Chrome/89.0.4389.114 Safari/537.36"
57.141.2.79 - - [15/Sep/2025:20:39:57 +0700] "GET /goods/induc11326224.htm HTTP/1.0" 200 323 "-" "meta-externalagent/1.1 (+https://developers.facebook.com/docs/sharing/webmasters/crawler)"
196.251.71.192 - - [15/Sep/2025:20:39:58 +0700] "GET //wordpress/wp-includes/wlwmanifest.xml HTTP/1.0" 200 118720 "-" "Mozilla/5.0 (Windows NT 10.0; Win64; x64) AppleWebKit/537.36 (KHTML, like Gecko) Chrome/89.0.4389.114 Safari/537.36"
196.251.71.192 - - [15/Sep/2025:20:40:26 +0700] "GET //website/wp-includes/wlwmanifest.xml HTTP/1.0" 200 125834 "-" "Mozilla/5.0 (Windows NT 10.0; Win64; x64) AppleWebKit/537.36 (KHTML, like Gecko) Chrome/89.0.4389.114 Safari/537.36"
196.251.71.192 - - [15/Sep/2025:20:40:51 +0700] "GET //wp/wp-includes/wlwmanifest.xml HTTP/1.0" 200 133074 "-" "Mozilla/5.0 (Windows NT 10.0; Win64; x64) AppleWebKit/537.36 (KHTML, like Gecko) Chrome/89.0.4389.114 Safari/537.36"
196.251.71.192 - - [15/Sep/2025:20:41:09 +0700] "GET //news/wp-includes/wlwmanifest.xml HTTP/1.0" 200 87921 "-" "Mozilla/5.0 (Windows NT 10.0; Win64; x64) AppleWebKit/537.36 (KHTML, like Gecko) Chrome/89.0.4389.114 Safari/537.36"
57.141.2.75 - - [15/Sep/2025:20:41:44 +0700] "GET /goods/the42780987.htm HTTP/1.0" 200 323 "-" "meta-externalagent/1.1 (+https://developers.facebook.com/docs/sharing/webmasters/crawler)"
196.251.71.192 - - [15/Sep/2025:20:41:31 +0700] "GET //2020/wp-includes/wlwmanifest.xml HTTP/1.0" 200 116820 "-" "Mozilla/5.0 (Windows NT 10.0; Win64; x64) AppleWebKit/537.36 (KHTML, like Gecko) Chrome/89.0.4389.114 Safari/537.36"
196.251.71.192 - - [15/Sep/2025:20:41:56 +0700] "GET //2019/wp-includes/wlwmanifest.xml HTTP/1.0" 200 120383 "-" "Mozilla/5.0 (Windows NT 10.0; Win64; x64) AppleWebKit/537.36 (KHTML, like Gecko) Chrome/89.0.4389.114 Safari/537.36"
57.141.2.59 - - [15/Sep/2025:20:42:32 +0700] "GET /goods/lugga42319147.htm HTTP/1.0" 200 323 "-" "meta-externalagent/1.1 (+https://developers.facebook.com/docs/sharing/webmasters/crawler)"
57.141.2.3 - - [15/Sep/2025:20:42:33 +0700] "GET /goods/durat61783277.htm HTTP/1.0" 200 323 "-" "meta-externalagent/1.1 (+https://developers.facebook.com/docs/sharing/webmasters/crawler)"
57.141.2.72 - - [15/Sep/2025:20:42:39 +0700] "GET /goods/semic32235026.htm HTTP/1.0" 200 323 "-" "meta-externalagent/1.1 (+https://developers.facebook.com/docs/sharing/webmasters/crawler)"
66.249.71.32 - - [15/Sep/2025:20:42:17 +0700] "GET /goods/ship80060111.htm HTTP/1.0" 200 172752 "-" "Mozilla/5.0 (Linux; Android 6.0.1; Nexus 5X Build/MMB29P) AppleWebKit/537.36 (KHTML, like Gecko) Chrome/140.0.7339.127 Mobile Safari/537.36 (compatible; Googlebot/2.1; +http://www.google.com/bot.html)"
57.141.2.6 - - [15/Sep/2025:20:42:53 +0700] "GET /goods/medic50085252.htm HTTP/1.0" 200 323 "-" "meta-externalagent/1.1 (+https://developers.facebook.com/docs/sharing/webmasters/crawler)"
57.141.2.60 - - [15/Sep/2025:20:42:56 +0700] "GET /goods/engla60268237.htm HTTP/1.0" 200 323 "-" "meta-externalagent/1.1 (+https://developers.facebook.com/docs/sharing/webmasters/crawler)"
57.141.2.73 - - [15/Sep/2025:20:43:08 +0700] "GET /goods/tower72221182.htm HTTP/1.0" 200 323 "-" "meta-externalagent/1.1 (+https://developers.facebook.com/docs/sharing/webmasters/crawler)"
57.141.2.36 - - [15/Sep/2025:20:43:15 +0700] "GET /goods/poet12655616.htm HTTP/1.0" 200 323 "-" "meta-externalagent/1.1 (+https://developers.facebook.com/docs/sharing/webmasters/crawler)"
196.251.71.192 - - [15/Sep/2025:20:42:42 +0700] "GET //shop/wp-includes/wlwmanifest.xml HTTP/1.0" 200 140883 "-" "Mozilla/5.0 (Windows NT 10.0; Win64; x64) AppleWebKit/537.36 (KHTML, like Gecko) Chrome/89.0.4389.114 Safari/537.36"
57.141.2.49 - - [15/Sep/2025:20:43:32 +0700] "GET /goods/glass70893022.htm HTTP/1.0" 200 323 "-" "meta-externalagent/1.1 (+https://developers.facebook.com/docs/sharing/webmasters/crawler)"
196.251.71.192 - - [15/Sep/2025:20:43:21 +0700] "GET //wp1/wp-includes/wlwmanifest.xml HTTP/1.0" 200 106153 "-" "Mozilla/5.0 (Windows NT 10.0; Win64; x64) AppleWebKit/537.36 (KHTML, like Gecko) Chrome/89.0.4389.114 Safari/537.36"
57.141.2.20 - - [15/Sep/2025:20:43:50 +0700] "GET /goods/narro40185963.htm HTTP/1.0" 200 323 "-" "meta-externalagent/1.1 (+https://developers.facebook.com/docs/sharing/webmasters/crawler)"
57.141.2.68 - - [15/Sep/2025:20:43:54 +0700] "GET /goods/lip11650696.htm HTTP/1.0" 200 323 "-" "meta-externalagent/1.1 (+https://developers.facebook.com/docs/sharing/webmasters/crawler)"
57.141.2.66 - - [15/Sep/2025:20:43:55 +0700] "GET /goods/fee81902511.htm HTTP/1.0" 200 323 "-" "meta-externalagent/1.1 (+https://developers.facebook.com/docs/sharing/webmasters/crawler)"
57.141.2.86 - - [15/Sep/2025:20:44:00 +0700] "GET /goods/navy70515462.htm HTTP/1.0" 200 323 "-" "meta-externalagent/1.1 (+https://developers.facebook.com/docs/sharing/webmasters/crawler)"
57.141.2.71 - - [15/Sep/2025:20:44:13 +0700] "GET /goods/audie11999200.htm HTTP/1.0" 200 323 "-" "meta-externalagent/1.1 (+https://developers.facebook.com/docs/sharing/webmasters/crawler)"
57.141.2.27 - - [15/Sep/2025:20:44:24 +0700] "GET /goods/melt50134420.htm HTTP/1.0" 200 323 "-" "meta-externalagent/1.1 (+https://developers.facebook.com/docs/sharing/webmasters/crawler)"
196.251.71.192 - - [15/Sep/2025:20:43:42 +0700] "GET //test/wp-includes/wlwmanifest.xml HTTP/1.0" 503 1362 "-" "Mozilla/5.0 (Windows NT 10.0; Win64; x64) AppleWebKit/537.36 (KHTML, like Gecko) Chrome/89.0.4389.114 Safari/537.36"
196.251.71.192 - - [15/Sep/2025:20:44:42 +0700] "GET //wp2/wp-includes/wlwmanifest.xml HTTP/1.0" 200 78042 "-" "Mozilla/5.0 (Windows NT 10.0; Win64; x64) AppleWebKit/537.36 (KHTML, like Gecko) Chrome/89.0.4389.114 Safari/537.36"
57.141.2.38 - - [15/Sep/2025:20:44:47 +0700] "GET /goods/sciss32242570.htm HTTP/1.0" 200 323 "-" "meta-externalagent/1.1 (+https://developers.facebook.com/docs/sharing/webmasters/crawler)"
196.251.71.192 - - [15/Sep/2025:20:45:02 +0700] "GET //site/wp-includes/wlwmanifest.xml HTTP/1.0" 200 109301 "-" "Mozilla/5.0 (Windows NT 10.0; Win64; x64) AppleWebKit/537.36 (KHTML, like Gecko) Chrome/89.0.4389.114 Safari/537.36"
57.141.2.21 - - [15/Sep/2025:20:45:08 +0700] "GET /goods/adjus62955077.htm HTTP/1.0" 200 323 "-" "meta-externalagent/1.1 (+https://developers.facebook.com/docs/sharing/webmasters/crawler)"
57.141.2.94 - - [15/Sep/2025:20:45:19 +0700] "GET /goods/reass10938408.htm HTTP/1.0" 200 323 "-" "meta-externalagent/1.1 (+https://developers.facebook.com/docs/sharing/webmasters/crawler)"
196.251.71.192 - - [15/Sep/2025:20:45:26 +0700] "GET //cms/wp-includes/wlwmanifest.xml HTTP/1.0" 200 92861 "-" "Mozilla/5.0 (Windows NT 10.0; Win64; x64) AppleWebKit/537.36 (KHTML, like Gecko) Chrome/89.0.4389.114 Safari/537.36"
57.141.2.12 - - [15/Sep/2025:20:45:34 +0700] "GET /goods/geniu40994859.htm HTTP/1.0" 200 323 "-" "meta-externalagent/1.1 (+https://developers.facebook.com/docs/sharing/webmasters/crawler)"
57.141.2.31 - - [15/Sep/2025:20:45:43 +0700] "GET /goods/acros40817179.htm HTTP/1.0" 200 323 "-" "meta-externalagent/1.1 (+https://developers.facebook.com/docs/sharing/webmasters/crawler)"
196.251.71.192 - - [15/Sep/2025:20:45:50 +0700] "GET //sito/wp-includes/wlwmanifest.xml HTTP/1.0" 200 107046 "-" "Mozilla/5.0 (Windows NT 10.0; Win64; x64) AppleWebKit/537.36 (KHTML, like Gecko) Chrome/89.0.4389.114 Safari/537.36"
196.251.71.192 - - [15/Sep/2025:20:46:20 +0700] "" 400 0 "-" "-"
66.249.70.71 - - [15/Sep/2025:20:46:32 +0700] "GET /goods/typic81291191.htm HTTP/1.0" 200 176522 "-" "Mozilla/5.0 (Linux; Android 6.0.1; Nexus 5X Build/MMB29P) AppleWebKit/537.36 (KHTML, like Gecko) Chrome/140.0.7339.127 Mobile Safari/537.36 (compatible; Googlebot/2.1; +http://www.google.com/bot.html)"
57.141.2.33 - - [15/Sep/2025:20:46:58 +0700] "GET /goods/chemi12192736.htm HTTP/1.0" 200 323 "-" "meta-externalagent/1.1 (+https://developers.facebook.com/docs/sharing/webmasters/crawler)"
66.249.70.64 - - [15/Sep/2025:20:48:00 +0700] "GET /goods/dream51969732.htm HTTP/1.0" 200 176269 "-" "Mozilla/5.0 (Linux; Android 6.0.1; Nexus 5X Build/MMB29P) AppleWebKit/537.36 (KHTML, like Gecko) Chrome/140.0.7339.127 Mobile Safari/537.36 (compatible; Googlebot/2.1; +http://www.google.com/bot.html)"
66.249.70.71 - - [15/Sep/2025:20:48:41 +0700] "POST /get-message-notify HTTP/1.0" 503 8544 "https://vnc-group.vn/goods/dream51969732.htm" "Mozilla/5.0 (Linux; Android 6.0.1; Nexus 5X Build/MMB29P) AppleWebKit/537.36 (KHTML, like Gecko) Chrome/139.0.7258.127 Mobile Safari/537.36 (compatible; Googlebot/2.1; +http://www.google.com/bot.html)"
57.141.2.15 - - [15/Sep/2025:20:49:40 +0700] "GET /goods/fierc10622680.htm HTTP/1.0" 200 323 "-" "meta-externalagent/1.1 (+https://developers.facebook.com/docs/sharing/webmasters/crawler)"
57.141.2.10 - - [15/Sep/2025:20:49:52 +0700] "GET /goods/fact20820521.htm HTTP/1.0" 200 323 "-" "meta-externalagent/1.1 (+https://developers.facebook.com/docs/sharing/webmasters/crawler)"
