20.171.207.135 - - [11/Sep/2025:03:43:11 +0700] "GET /wp-json/oembed/1.0/embed?format=xml&url=https%3A%2F%2Fvattusacky.vn%2F%3Fattachment_id%3D745 HTTP/1.0" 200 4076 "-" "Mozilla/5.0 AppleWebKit/537.36 (KHTML, like Gecko; compatible; GPTBot/1.2; +https://openai.com/gptbot)"
44.221.180.179 - - [11/Sep/2025:03:43:14 +0700] "GET /category/mostbet-app-download-for-pc-windows-and-mac-os-installation-instruction-502/ HTTP/1.0" 200 64657 "-" "Mozilla/5.0 AppleWebKit/537.36 (KHTML, like Gecko; compatible; Amazonbot/0.1; +https://developer.amazon.com/support/amazonbot) Chrome/119.0.6045.214 Safari/537.36"
20.171.207.135 - - [11/Sep/2025:03:43:14 +0700] "GET /wp-json/oembed/1.0/embed?format=xml&url=https%3A%2F%2Fvattusacky.vn%2F%3Fattachment_id%3D505 HTTP/1.0" 200 4107 "-" "Mozilla/5.0 AppleWebKit/537.36 (KHTML, like Gecko; compatible; GPTBot/1.2; +https://openai.com/gptbot)"
45.117.177.72 - - [11/Sep/2025:03:43:18 +0700] "POST /wp-cron.php?doing_wp_cron=1757536998.8822720050811767578125 HTTP/1.0" 200 416 "-" "WordPress/6.8.1; https://vattusacky.vn"
20.171.207.135 - - [11/Sep/2025:03:43:17 +0700] "GET /?attachment_id=525/embed/ HTTP/1.0" 301 416 "-" "Mozilla/5.0 AppleWebKit/537.36 (KHTML, like Gecko; compatible; GPTBot/1.2; +https://openai.com/gptbot)"
54.84.93.8 - - [11/Sep/2025:03:43:18 +0700] "GET /the-impact-of-online-friendships-on-self-esteem/ HTTP/1.0" 200 91071 "-" "Mozilla/5.0 AppleWebKit/537.36 (KHTML, like Gecko; compatible; Amazonbot/0.1; +https://developer.amazon.com/support/amazonbot) Chrome/119.0.6045.214 Safari/537.36"
20.171.207.135 - - [11/Sep/2025:03:43:19 +0700] "GET /?attachment_id=525 HTTP/1.0" 200 197313 "-" "Mozilla/5.0 AppleWebKit/537.36 (KHTML, like Gecko; compatible; GPTBot/1.2; +https://openai.com/gptbot)"
217.113.194.218 - - [11/Sep/2025:03:43:21 +0700] "GET /068c3b173bdfe0f097ca05038b9f42f0-4/ HTTP/1.0" 200 69208 "-" "Mozilla/5.0 (compatible; Barkrowler/0.9; +https://babbar.tech/crawler)"
52.7.33.248 - - [11/Sep/2025:03:43:22 +0700] "GET /celebrating-diversity-on-omegles-global-platform/ HTTP/1.0" 200 90193 "-" "Mozilla/5.0 AppleWebKit/537.36 (KHTML, like Gecko; compatible; Amazonbot/0.1; +https://developer.amazon.com/support/amazonbot) Chrome/119.0.6045.214 Safari/537.36"
20.171.207.135 - - [11/Sep/2025:03:43:23 +0700] "GET /?attachment_id=364/embed/ HTTP/1.0" 301 416 "-" "Mozilla/5.0 AppleWebKit/537.36 (KHTML, like Gecko; compatible; GPTBot/1.2; +https://openai.com/gptbot)"
20.171.207.135 - - [11/Sep/2025:03:43:24 +0700] "GET /?attachment_id=364 HTTP/1.0" 200 198134 "-" "Mozilla/5.0 AppleWebKit/537.36 (KHTML, like Gecko; compatible; GPTBot/1.2; +https://openai.com/gptbot)"
23.21.228.180 - - [11/Sep/2025:03:43:26 +0700] "GET /finding-love-on-omegle/ HTTP/1.0" 200 89394 "-" "Mozilla/5.0 AppleWebKit/537.36 (KHTML, like Gecko; compatible; Amazonbot/0.1; +https://developer.amazon.com/support/amazonbot) Chrome/119.0.6045.214 Safari/537.36"
20.171.207.135 - - [11/Sep/2025:03:43:29 +0700] "GET /wp-json/oembed/1.0/embed?format=xml&url=https%3A%2F%2Fvattusacky.vn%2F%3Fattachment_id%3D774 HTTP/1.0" 200 4194 "-" "Mozilla/5.0 AppleWebKit/537.36 (KHTML, like Gecko; compatible; GPTBot/1.2; +https://openai.com/gptbot)"
98.83.177.42 - - [11/Sep/2025:03:43:30 +0700] "GET /how-to-spot-a-reliable-online-source-for-anabolic/ HTTP/1.0" 200 79918 "-" "Mozilla/5.0 AppleWebKit/537.36 (KHTML, like Gecko; compatible; Amazonbot/0.1; +https://developer.amazon.com/support/amazonbot) Chrome/119.0.6045.214 Safari/537.36"
20.171.207.135 - - [11/Sep/2025:03:43:32 +0700] "GET /wp-json/oembed/1.0/embed?format=xml&url=https%3A%2F%2Fvattusacky.vn%2F%3Fattachment_id%3D348 HTTP/1.0" 200 4106 "-" "Mozilla/5.0 AppleWebKit/537.36 (KHTML, like Gecko; compatible; GPTBot/1.2; +https://openai.com/gptbot)"
107.20.181.148 - - [11/Sep/2025:03:43:34 +0700] "GET /exploring-unique-artistic-partnerships-on-omegle/ HTTP/1.0" 200 93081 "-" "Mozilla/5.0 AppleWebKit/537.36 (KHTML, like Gecko; compatible; Amazonbot/0.1; +https://developer.amazon.com/support/amazonbot) Chrome/119.0.6045.214 Safari/537.36"
20.171.207.135 - - [11/Sep/2025:03:43:35 +0700] "GET /?attachment_id=745/embed/ HTTP/1.0" 301 416 "-" "Mozilla/5.0 AppleWebKit/537.36 (KHTML, like Gecko; compatible; GPTBot/1.2; +https://openai.com/gptbot)"
20.171.207.135 - - [11/Sep/2025:03:43:37 +0700] "GET /?attachment_id=745 HTTP/1.0" 200 197482 "-" "Mozilla/5.0 AppleWebKit/537.36 (KHTML, like Gecko; compatible; GPTBot/1.2; +https://openai.com/gptbot)"
98.82.107.102 - - [11/Sep/2025:03:43:38 +0700] "GET /enhancing-language-skills-through-omegle-conversations/ HTTP/1.0" 200 90781 "-" "Mozilla/5.0 AppleWebKit/537.36 (KHTML, like Gecko; compatible; Amazonbot/0.1; +https://developer.amazon.com/support/amazonbot) Chrome/119.0.6045.214 Safari/537.36"
20.171.207.135 - - [11/Sep/2025:03:43:40 +0700] "GET /?attachment_id=505/embed/ HTTP/1.0" 301 416 "-" "Mozilla/5.0 AppleWebKit/537.36 (KHTML, like Gecko; compatible; GPTBot/1.2; +https://openai.com/gptbot)"
217.113.194.75 - - [11/Sep/2025:03:43:41 +0700] "GET /alman-bahis-girnecasino-50-tl-deneme-bonusu-bahis/ HTTP/1.0" 200 269763 "-" "Mozilla/5.0 (compatible; Barkrowler/0.9; +https://babbar.tech/crawler)"
20.171.207.135 - - [11/Sep/2025:03:43:41 +0700] "GET /?attachment_id=505 HTTP/1.0" 200 197467 "-" "Mozilla/5.0 AppleWebKit/537.36 (KHTML, like Gecko; compatible; GPTBot/1.2; +https://openai.com/gptbot)"
18.215.112.101 - - [11/Sep/2025:03:43:42 +0700] "GET /embracing-diverse-communities-on-omegle-connecting-the-global-village/ HTTP/1.0" 200 91348 "-" "Mozilla/5.0 AppleWebKit/537.36 (KHTML, like Gecko; compatible; Amazonbot/0.1; +https://developer.amazon.com/support/amazonbot) Chrome/119.0.6045.214 Safari/537.36"
20.171.207.135 - - [11/Sep/2025:03:43:45 +0700] "GET /?attachment_id=504/embed/ HTTP/1.0" 301 416 "-" "Mozilla/5.0 AppleWebKit/537.36 (KHTML, like Gecko; compatible; GPTBot/1.2; +https://openai.com/gptbot)"
44.212.131.50 - - [11/Sep/2025:03:43:46 +0700] "GET /omegle-controversies-from-privacy-concerns-to-inappropriate-content/ HTTP/1.0" 200 91970 "-" "Mozilla/5.0 AppleWebKit/537.36 (KHTML, like Gecko; compatible; Amazonbot/0.1; +https://developer.amazon.com/support/amazonbot) Chrome/119.0.6045.214 Safari/537.36"
20.171.207.135 - - [11/Sep/2025:03:43:46 +0700] "GET /?attachment_id=504 HTTP/1.0" 200 197562 "-" "Mozilla/5.0 AppleWebKit/537.36 (KHTML, like Gecko; compatible; GPTBot/1.2; +https://openai.com/gptbot)"
20.171.207.135 - - [11/Sep/2025:03:43:49 +0700] "GET /wp-json/oembed/1.0/embed?format=xml&url=https%3A%2F%2Fvattusacky.vn%2F%3Fattachment_id%3D754 HTTP/1.0" 200 4092 "-" "Mozilla/5.0 AppleWebKit/537.36 (KHTML, like Gecko; compatible; GPTBot/1.2; +https://openai.com/gptbot)"
34.206.193.60 - - [11/Sep/2025:03:43:50 +0700] "GET /category/chatbot-news/ HTTP/1.0" 200 77259 "-" "Mozilla/5.0 AppleWebKit/537.36 (KHTML, like Gecko; compatible; Amazonbot/0.1; +https://developer.amazon.com/support/amazonbot) Chrome/119.0.6045.214 Safari/537.36"
20.171.207.135 - - [11/Sep/2025:03:43:53 +0700] "GET /?attachment_id=348/embed/ HTTP/1.0" 301 416 "-" "Mozilla/5.0 AppleWebKit/537.36 (KHTML, like Gecko; compatible; GPTBot/1.2; +https://openai.com/gptbot)"
18.205.127.11 - - [11/Sep/2025:03:43:54 +0700] "GET /the-future-of-random-video-chats-trends-and-predictions/ HTTP/1.0" 200 92986 "-" "Mozilla/5.0 AppleWebKit/537.36 (KHTML, like Gecko; compatible; Amazonbot/0.1; +https://developer.amazon.com/support/amazonbot) Chrome/119.0.6045.214 Safari/537.36"
20.171.207.135 - - [11/Sep/2025:03:43:54 +0700] "GET /?attachment_id=348 HTTP/1.0" 200 197719 "-" "Mozilla/5.0 AppleWebKit/537.36 (KHTML, like Gecko; compatible; GPTBot/1.2; +https://openai.com/gptbot)"
3.94.199.128 - - [11/Sep/2025:03:43:57 +0700] "GET /factors-influencing-anonymity-and-authenticity-on-omegle-a-user-perspective/ HTTP/1.0" 200 92028 "-" "Mozilla/5.0 AppleWebKit/537.36 (KHTML, like Gecko; compatible; Amazonbot/0.1; +https://developer.amazon.com/support/amazonbot) Chrome/119.0.6045.214 Safari/537.36"
20.171.207.135 - - [11/Sep/2025:03:43:57 +0700] "GET /wp-json/oembed/1.0/embed?format=xml&url=https%3A%2F%2Fvattusacky.vn%2F%3Fattachment_id%3D233 HTTP/1.0" 200 4106 "-" "Mozilla/5.0 AppleWebKit/537.36 (KHTML, like Gecko; compatible; GPTBot/1.2; +https://openai.com/gptbot)"
20.171.207.135 - - [11/Sep/2025:03:44:00 +0700] "GET /?attachment_id=774/embed/ HTTP/1.0" 301 416 "-" "Mozilla/5.0 AppleWebKit/537.36 (KHTML, like Gecko; compatible; GPTBot/1.2; +https://openai.com/gptbot)"
20.171.207.135 - - [11/Sep/2025:03:44:02 +0700] "GET /?attachment_id=774 HTTP/1.0" 200 197926 "-" "Mozilla/5.0 AppleWebKit/537.36 (KHTML, like Gecko; compatible; GPTBot/1.2; +https://openai.com/gptbot)"
44.220.2.97 - - [11/Sep/2025:03:44:02 +0700] "GET /seeing-different-ethnicities-how-to-deal-with15443-cultural-variances/ HTTP/1.0" 200 73221 "-" "Mozilla/5.0 AppleWebKit/537.36 (KHTML, like Gecko; compatible; Amazonbot/0.1; +https://developer.amazon.com/support/amazonbot) Chrome/119.0.6045.214 Safari/537.36"
20.171.207.135 - - [11/Sep/2025:03:44:05 +0700] "GET /wp-json/oembed/1.0/embed?format=xml&url=https%3A%2F%2Fvattusacky.vn%2F%3Fattachment_id%3D753 HTTP/1.0" 200 4092 "-" "Mozilla/5.0 AppleWebKit/537.36 (KHTML, like Gecko; compatible; GPTBot/1.2; +https://openai.com/gptbot)"
18.215.24.66 - - [11/Sep/2025:03:44:06 +0700] "GET /the-thrills-and-challenges-of-psychological-experiments-on-omegle/ HTTP/1.0" 200 82585 "-" "Mozilla/5.0 AppleWebKit/537.36 (KHTML, like Gecko; compatible; Amazonbot/0.1; +https://developer.amazon.com/support/amazonbot) Chrome/119.0.6045.214 Safari/537.36"
20.171.207.135 - - [11/Sep/2025:03:44:08 +0700] "GET /wp-json/oembed/1.0/embed?format=xml&url=https%3A%2F%2Fvattusacky.vn%2F%3Fattachment_id%3D431 HTTP/1.0" 200 4154 "-" "Mozilla/5.0 AppleWebKit/537.36 (KHTML, like Gecko; compatible; GPTBot/1.2; +https://openai.com/gptbot)"
217.113.194.75 - - [11/Sep/2025:03:44:09 +0700] "GET /flexibility-and-convenience-ometvs-text-chat-functionality/feed/ HTTP/1.0" 200 1771 "-" "Mozilla/5.0 (compatible; Barkrowler/0.9; +https://babbar.tech/crawler)"
44.207.207.36 - - [11/Sep/2025:03:44:10 +0700] "GET /the-power-of-first-impressions-in-omegles-social-experiment/ HTTP/1.0" 200 90392 "-" "Mozilla/5.0 AppleWebKit/537.36 (KHTML, like Gecko; compatible; Amazonbot/0.1; +https://developer.amazon.com/support/amazonbot) Chrome/119.0.6045.214 Safari/537.36"
20.171.207.135 - - [11/Sep/2025:03:44:11 +0700] "GET /?attachment_id=754/embed/ HTTP/1.0" 301 416 "-" "Mozilla/5.0 AppleWebKit/537.36 (KHTML, like Gecko; compatible; GPTBot/1.2; +https://openai.com/gptbot)"
20.171.207.135 - - [11/Sep/2025:03:44:13 +0700] "GET /?attachment_id=754 HTTP/1.0" 200 198119 "-" "Mozilla/5.0 AppleWebKit/537.36 (KHTML, like Gecko; compatible; GPTBot/1.2; +https://openai.com/gptbot)"
18.214.186.220 - - [11/Sep/2025:03:44:14 +0700] "GET /managing-unwanted-interactions-on-omegle-video-chat/ HTTP/1.0" 200 92902 "-" "Mozilla/5.0 AppleWebKit/537.36 (KHTML, like Gecko; compatible; Amazonbot/0.1; +https://developer.amazon.com/support/amazonbot) Chrome/119.0.6045.214 Safari/537.36"
45.117.177.72 - - [11/Sep/2025:03:44:18 +0700] "POST /wp-cron.php?doing_wp_cron=1757537058.1058049201965332031250 HTTP/1.0" 200 416 "-" "WordPress/6.8.1; https://vattusacky.vn"
20.171.207.135 - - [11/Sep/2025:03:44:16 +0700] "GET /wp-json/oembed/1.0/embed?format=xml&url=https%3A%2F%2Fvattusacky.vn%2F%3Fattachment_id%3D975 HTTP/1.0" 200 4308 "-" "Mozilla/5.0 AppleWebKit/537.36 (KHTML, like Gecko; compatible; GPTBot/1.2; +https://openai.com/gptbot)"
44.193.102.198 - - [11/Sep/2025:03:44:18 +0700] "GET /omegle-risks-exposed-safeguarding-your-information-online/ HTTP/1.0" 200 90706 "-" "Mozilla/5.0 AppleWebKit/537.36 (KHTML, like Gecko; compatible; Amazonbot/0.1; +https://developer.amazon.com/support/amazonbot) Chrome/119.0.6045.214 Safari/537.36"
54.163.116.76 - - [11/Sep/2025:03:44:20 +0700] "GET /the-role-of-family-dynamics-in-omegle-therapy/ HTTP/1.0" 403 607 "-" "Mozilla/5.0 AppleWebKit/605.1.15 (KHTML, like Gecko) Chrome/139.0.0.0 Safari/605.1.15"
20.171.207.135 - - [11/Sep/2025:03:44:20 +0700] "GET /?attachment_id=233/embed/ HTTP/1.0" 301 416 "-" "Mozilla/5.0 AppleWebKit/537.36 (KHTML, like Gecko; compatible; GPTBot/1.2; +https://openai.com/gptbot)"
20.171.207.135 - - [11/Sep/2025:03:44:21 +0700] "GET /?attachment_id=233 HTTP/1.0" 200 197706 "-" "Mozilla/5.0 AppleWebKit/537.36 (KHTML, like Gecko; compatible; GPTBot/1.2; +https://openai.com/gptbot)"
18.213.27.222 - - [11/Sep/2025:03:44:22 +0700] "GET /breaking-the-mold-omegles-role-in-challenging-traditional-art-boundaries/ HTTP/1.0" 200 89961 "-" "Mozilla/5.0 AppleWebKit/537.36 (KHTML, like Gecko; compatible; Amazonbot/0.1; +https://developer.amazon.com/support/amazonbot) Chrome/119.0.6045.214 Safari/537.36"
20.171.207.135 - - [11/Sep/2025:03:44:26 +0700] "GET /wp-json/oembed/1.0/embed?format=xml&url=https%3A%2F%2Fvattusacky.vn%2F%3Fattachment_id%3D503 HTTP/1.0" 200 4107 "-" "Mozilla/5.0 AppleWebKit/537.36 (KHTML, like Gecko; compatible; GPTBot/1.2; +https://openai.com/gptbot)"
54.225.148.123 - - [11/Sep/2025:03:44:26 +0700] "GET /the-role-of-anonymity-in-fostering-honest-communication-on-omegle/ HTTP/1.0" 200 90667 "-" "Mozilla/5.0 AppleWebKit/537.36 (KHTML, like Gecko; compatible; Amazonbot/0.1; +https://developer.amazon.com/support/amazonbot) Chrome/119.0.6045.214 Safari/537.36"
217.113.194.72 - - [11/Sep/2025:03:44:27 +0700] "GET /obzor-getx-onlajn-gde-igrat-v-getx-na-dengi/ HTTP/1.0" 200 108710 "-" "Mozilla/5.0 (compatible; Barkrowler/0.9; +https://babbar.tech/crawler)"
20.171.207.135 - - [11/Sep/2025:03:44:29 +0700] "GET /?attachment_id=753/embed/ HTTP/1.0" 301 416 "-" "Mozilla/5.0 AppleWebKit/537.36 (KHTML, like Gecko; compatible; GPTBot/1.2; +https://openai.com/gptbot)"
35.169.102.85 - - [11/Sep/2025:03:44:30 +0700] "GET /the-rise-of-anonymous-chat-platforms/ HTTP/1.0" 200 89556 "-" "Mozilla/5.0 AppleWebKit/537.36 (KHTML, like Gecko; compatible; Amazonbot/0.1; +https://developer.amazon.com/support/amazonbot) Chrome/119.0.6045.214 Safari/537.36"
20.171.207.135 - - [11/Sep/2025:03:44:30 +0700] "GET /?attachment_id=753 HTTP/1.0" 200 198119 "-" "Mozilla/5.0 AppleWebKit/537.36 (KHTML, like Gecko; compatible; GPTBot/1.2; +https://openai.com/gptbot)"
20.171.207.135 - - [11/Sep/2025:03:44:34 +0700] "GET /?attachment_id=431/embed/ HTTP/1.0" 301 416 "-" "Mozilla/5.0 AppleWebKit/537.36 (KHTML, like Gecko; compatible; GPTBot/1.2; +https://openai.com/gptbot)"
54.156.124.2 - - [11/Sep/2025:03:44:33 +0700] "GET /serendipity-and-the-power-of-random-encounters-on-omegle-and-ometv/ HTTP/1.0" 200 88759 "-" "Mozilla/5.0 AppleWebKit/537.36 (KHTML, like Gecko; compatible; Amazonbot/0.1; +https://developer.amazon.com/support/amazonbot) Chrome/119.0.6045.214 Safari/537.36"
20.171.207.135 - - [11/Sep/2025:03:44:35 +0700] "GET /?attachment_id=431 HTTP/1.0" 200 198170 "-" "Mozilla/5.0 AppleWebKit/537.36 (KHTML, like Gecko; compatible; GPTBot/1.2; +https://openai.com/gptbot)"
52.5.232.250 - - [11/Sep/2025:03:44:38 +0700] "GET /understanding-the-quest-for-authentic-connections-in-omegle/ HTTP/1.0" 200 91308 "-" "Mozilla/5.0 AppleWebKit/537.36 (KHTML, like Gecko; compatible; Amazonbot/0.1; +https://developer.amazon.com/support/amazonbot) Chrome/119.0.6045.214 Safari/537.36"
20.171.207.135 - - [11/Sep/2025:03:44:38 +0700] "GET /wp-json/oembed/1.0/embed?format=xml&url=https%3A%2F%2Fvattusacky.vn%2F%3Fattachment_id%3D412 HTTP/1.0" 200 4108 "-" "Mozilla/5.0 AppleWebKit/537.36 (KHTML, like Gecko; compatible; GPTBot/1.2; +https://openai.com/gptbot)"
52.2.83.227 - - [11/Sep/2025:03:44:41 +0700] "GET /exploring-the-dynamics-of-online-intimacy-on-omegle/ HTTP/1.0" 200 91026 "-" "Mozilla/5.0 AppleWebKit/537.36 (KHTML, like Gecko; compatible; Amazonbot/0.1; +https://developer.amazon.com/support/amazonbot) Chrome/119.0.6045.214 Safari/537.36"
20.171.207.135 - - [11/Sep/2025:03:44:42 +0700] "GET /?attachment_id=975/embed/ HTTP/1.0" 301 416 "-" "Mozilla/5.0 AppleWebKit/537.36 (KHTML, like Gecko; compatible; GPTBot/1.2; +https://openai.com/gptbot)"
20.171.207.135 - - [11/Sep/2025:03:44:43 +0700] "GET /?attachment_id=975 HTTP/1.0" 200 198570 "-" "Mozilla/5.0 AppleWebKit/537.36 (KHTML, like Gecko; compatible; GPTBot/1.2; +https://openai.com/gptbot)"
98.82.39.241 - - [11/Sep/2025:03:44:46 +0700] "GET /building-trust-and-rapport-on-omegle-and-ometv/ HTTP/1.0" 200 87267 "-" "Mozilla/5.0 AppleWebKit/537.36 (KHTML, like Gecko; compatible; Amazonbot/0.1; +https://developer.amazon.com/support/amazonbot) Chrome/119.0.6045.214 Safari/537.36"
20.171.207.135 - - [11/Sep/2025:03:44:46 +0700] "GET /wp-json/oembed/1.0/embed?format=xml&url=https%3A%2F%2Fvattusacky.vn%2F%3Fattachment_id%3D399 HTTP/1.0" 200 4076 "-" "Mozilla/5.0 AppleWebKit/537.36 (KHTML, like Gecko; compatible; GPTBot/1.2; +https://openai.com/gptbot)"
20.171.207.135 - - [11/Sep/2025:03:44:50 +0700] "GET /?attachment_id=503/embed/ HTTP/1.0" 301 416 "-" "Mozilla/5.0 AppleWebKit/537.36 (KHTML, like Gecko; compatible; GPTBot/1.2; +https://openai.com/gptbot)"
154.54.249.200 - - [11/Sep/2025:03:44:50 +0700] "GET /1xbet-bangladesh-1xbet-bookmaker-1xbet-sport-betting/ HTTP/1.0" 200 217042 "-" "Mozilla/5.0 (compatible; Barkrowler/0.9; +https://babbar.tech/crawler)"
20.171.207.135 - - [11/Sep/2025:03:44:51 +0700] "GET /?attachment_id=503 HTTP/1.0" 200 197464 "-" "Mozilla/5.0 AppleWebKit/537.36 (KHTML, like Gecko; compatible; GPTBot/1.2; +https://openai.com/gptbot)"
20.171.207.135 - - [11/Sep/2025:03:44:54 +0700] "GET /wp-json/oembed/1.0/embed?format=xml&url=https%3A%2F%2Fvattusacky.vn%2F%3Fattachment_id%3D684 HTTP/1.0" 200 3408 "-" "Mozilla/5.0 AppleWebKit/537.36 (KHTML, like Gecko; compatible; GPTBot/1.2; +https://openai.com/gptbot)"
20.171.207.135 - - [11/Sep/2025:03:44:57 +0700] "GET /wp-json/oembed/1.0/embed?format=xml&url=https%3A%2F%2Fvattusacky.vn%2F%3Fattachment_id%3D518 HTTP/1.0" 200 4094 "-" "Mozilla/5.0 AppleWebKit/537.36 (KHTML, like Gecko; compatible; GPTBot/1.2; +https://openai.com/gptbot)"
20.171.207.135 - - [11/Sep/2025:03:45:00 +0700] "GET /?attachment_id=412/embed/ HTTP/1.0" 301 416 "-" "Mozilla/5.0 AppleWebKit/537.36 (KHTML, like Gecko; compatible; GPTBot/1.2; +https://openai.com/gptbot)"
20.171.207.135 - - [11/Sep/2025:03:45:02 +0700] "GET /?attachment_id=412 HTTP/1.0" 200 197520 "-" "Mozilla/5.0 AppleWebKit/537.36 (KHTML, like Gecko; compatible; GPTBot/1.2; +https://openai.com/gptbot)"
20.171.207.135 - - [11/Sep/2025:03:45:06 +0700] "GET /wp-json/oembed/1.0/embed?format=xml&url=https%3A%2F%2Fvattusacky.vn%2F%3Fattachment_id%3D531 HTTP/1.0" 200 4128 "-" "Mozilla/5.0 AppleWebKit/537.36 (KHTML, like Gecko; compatible; GPTBot/1.2; +https://openai.com/gptbot)"
20.171.207.135 - - [11/Sep/2025:03:45:09 +0700] "GET /?attachment_id=399/embed/ HTTP/1.0" 301 416 "-" "Mozilla/5.0 AppleWebKit/537.36 (KHTML, like Gecko; compatible; GPTBot/1.2; +https://openai.com/gptbot)"
20.171.207.135 - - [11/Sep/2025:03:45:10 +0700] "GET /?attachment_id=399 HTTP/1.0" 200 197502 "-" "Mozilla/5.0 AppleWebKit/537.36 (KHTML, like Gecko; compatible; GPTBot/1.2; +https://openai.com/gptbot)"
20.171.207.135 - - [11/Sep/2025:03:45:14 +0700] "GET /wp-json/oembed/1.0/embed?format=xml&url=https%3A%2F%2Fvattusacky.vn%2F%3Fattachment_id%3D486 HTTP/1.0" 200 4107 "-" "Mozilla/5.0 AppleWebKit/537.36 (KHTML, like Gecko; compatible; GPTBot/1.2; +https://openai.com/gptbot)"
45.117.177.72 - - [11/Sep/2025:03:45:17 +0700] "POST /wp-cron.php?doing_wp_cron=1757537117.6055469512939453125000 HTTP/1.0" 200 416 "-" "WordPress/6.8.1; https://vattusacky.vn"
217.113.194.217 - - [11/Sep/2025:03:45:16 +0700] "GET /1xbet-app-download-for-android-apk-ios-free-2023-47/feed/ HTTP/1.0" 200 1754 "-" "Mozilla/5.0 (compatible; Barkrowler/0.9; +https://babbar.tech/crawler)"
20.171.207.135 - - [11/Sep/2025:03:45:17 +0700] "GET /?attachment_id=684/embed/ HTTP/1.0" 301 416 "-" "Mozilla/5.0 AppleWebKit/537.36 (KHTML, like Gecko; compatible; GPTBot/1.2; +https://openai.com/gptbot)"
20.171.207.135 - - [11/Sep/2025:03:45:18 +0700] "GET /?attachment_id=684 HTTP/1.0" 200 197807 "-" "Mozilla/5.0 AppleWebKit/537.36 (KHTML, like Gecko; compatible; GPTBot/1.2; +https://openai.com/gptbot)"
20.171.207.135 - - [11/Sep/2025:03:45:22 +0700] "GET /?attachment_id=518/embed/ HTTP/1.0" 301 416 "-" "Mozilla/5.0 AppleWebKit/537.36 (KHTML, like Gecko; compatible; GPTBot/1.2; +https://openai.com/gptbot)"
20.171.207.135 - - [11/Sep/2025:03:45:23 +0700] "GET /?attachment_id=518 HTTP/1.0" 200 197677 "-" "Mozilla/5.0 AppleWebKit/537.36 (KHTML, like Gecko; compatible; GPTBot/1.2; +https://openai.com/gptbot)"
20.171.207.135 - - [11/Sep/2025:03:45:27 +0700] "GET /wp-json/oembed/1.0/embed?format=xml&url=https%3A%2F%2Fvattusacky.vn%2F%3Fattachment_id%3D430 HTTP/1.0" 200 4138 "-" "Mozilla/5.0 AppleWebKit/537.36 (KHTML, like Gecko; compatible; GPTBot/1.2; +https://openai.com/gptbot)"
20.171.207.135 - - [11/Sep/2025:03:45:30 +0700] "GET /?attachment_id=531/embed/ HTTP/1.0" 301 562 "-" "Mozilla/5.0 AppleWebKit/537.36 (KHTML, like Gecko; compatible; GPTBot/1.2; +https://openai.com/gptbot)"
20.171.207.135 - - [11/Sep/2025:03:45:32 +0700] "GET /?attachment_id=531 HTTP/1.0" 200 197785 "-" "Mozilla/5.0 AppleWebKit/537.36 (KHTML, like Gecko; compatible; GPTBot/1.2; +https://openai.com/gptbot)"
85.208.96.193 - - [11/Sep/2025:03:45:33 +0700] "GET /breaking-the-mold-omegles-role-in-challenging-traditional-art-boundaries/ HTTP/1.0" 200 89961 "-" "Mozilla/5.0 (compatible; SemrushBot/7~bl; +http://www.semrush.com/bot.html)"
217.113.194.75 - - [11/Sep/2025:03:45:34 +0700] "GET /1xbet-app-download-xbet-login-and-promocode-2023-37-2/ HTTP/1.0" 200 97717 "-" "Mozilla/5.0 (compatible; Barkrowler/0.9; +https://babbar.tech/crawler)"
20.171.207.135 - - [11/Sep/2025:03:45:35 +0700] "GET /wp-json/oembed/1.0/embed?format=xml&url=https%3A%2F%2Fvattusacky.vn%2F%3Fattachment_id%3D445 HTTP/1.0" 200 4078 "-" "Mozilla/5.0 AppleWebKit/537.36 (KHTML, like Gecko; compatible; GPTBot/1.2; +https://openai.com/gptbot)"
20.171.207.135 - - [11/Sep/2025:03:45:39 +0700] "GET /?attachment_id=486/embed/ HTTP/1.0" 301 416 "-" "Mozilla/5.0 AppleWebKit/537.36 (KHTML, like Gecko; compatible; GPTBot/1.2; +https://openai.com/gptbot)"
20.171.207.135 - - [11/Sep/2025:03:45:41 +0700] "GET /?attachment_id=486 HTTP/1.0" 200 197631 "-" "Mozilla/5.0 AppleWebKit/537.36 (KHTML, like Gecko; compatible; GPTBot/1.2; +https://openai.com/gptbot)"
20.171.207.135 - - [11/Sep/2025:03:45:44 +0700] "GET /wp-json/oembed/1.0/embed?format=xml&url=https%3A%2F%2Fvattusacky.vn%2Fbetwinner-1351%2F HTTP/1.0" 200 3437 "-" "Mozilla/5.0 AppleWebKit/537.36 (KHTML, like Gecko; compatible; GPTBot/1.2; +https://openai.com/gptbot)"
20.171.207.135 - - [11/Sep/2025:03:45:48 +0700] "GET /wp-json/oembed/1.0/embed?format=xml&url=https%3A%2F%2Fvattusacky.vn%2F%3Fattachment_id%3D662 HTTP/1.0" 200 3604 "-" "Mozilla/5.0 AppleWebKit/537.36 (KHTML, like Gecko; compatible; GPTBot/1.2; +https://openai.com/gptbot)"
20.171.207.135 - - [11/Sep/2025:03:45:51 +0700] "GET /?attachment_id=430/embed/ HTTP/1.0" 301 416 "-" "Mozilla/5.0 AppleWebKit/537.36 (KHTML, like Gecko; compatible; GPTBot/1.2; +https://openai.com/gptbot)"
20.171.207.135 - - [11/Sep/2025:03:45:52 +0700] "GET /?attachment_id=430 HTTP/1.0" 200 197821 "-" "Mozilla/5.0 AppleWebKit/537.36 (KHTML, like Gecko; compatible; GPTBot/1.2; +https://openai.com/gptbot)"
154.54.249.200 - - [11/Sep/2025:03:45:54 +0700] "GET /1xbet-app-obtain-xbet-login-and-promocode-2023-207/ HTTP/1.0" 200 102643 "-" "Mozilla/5.0 (compatible; Barkrowler/0.9; +https://babbar.tech/crawler)"
20.171.207.135 - - [11/Sep/2025:03:45:56 +0700] "GET /wp-json/oembed/1.0/embed?format=xml&url=https%3A%2F%2Fvattusacky.vn%2F%3Fattachment_id%3D671 HTTP/1.0" 200 4183 "-" "Mozilla/5.0 AppleWebKit/537.36 (KHTML, like Gecko; compatible; GPTBot/1.2; +https://openai.com/gptbot)"
20.171.207.135 - - [11/Sep/2025:03:45:59 +0700] "GET /?attachment_id=445/embed/ HTTP/1.0" 301 416 "-" "Mozilla/5.0 AppleWebKit/537.36 (KHTML, like Gecko; compatible; GPTBot/1.2; +https://openai.com/gptbot)"
20.171.207.135 - - [11/Sep/2025:03:46:00 +0700] "GET /?attachment_id=445 HTTP/1.0" 200 197700 "-" "Mozilla/5.0 AppleWebKit/537.36 (KHTML, like Gecko; compatible; GPTBot/1.2; +https://openai.com/gptbot)"
20.171.207.135 - - [11/Sep/2025:03:46:04 +0700] "GET /wp-json/oembed/1.0/embed?format=xml&url=https%3A%2F%2Fvattusacky.vn%2F%3Fattachment_id%3D442 HTTP/1.0" 200 4106 "-" "Mozilla/5.0 AppleWebKit/537.36 (KHTML, like Gecko; compatible; GPTBot/1.2; +https://openai.com/gptbot)"
20.171.207.135 - - [11/Sep/2025:03:46:08 +0700] "GET /wp-json/oembed/1.0/embed?format=xml&url=https%3A%2F%2Fvattusacky.vn%2F%3Fattachment_id%3D694 HTTP/1.0" 200 3919 "-" "Mozilla/5.0 AppleWebKit/537.36 (KHTML, like Gecko; compatible; GPTBot/1.2; +https://openai.com/gptbot)"
20.171.207.135 - - [11/Sep/2025:03:46:12 +0700] "GET /betwinner-1351/embed/ HTTP/1.0" 200 22943 "-" "Mozilla/5.0 AppleWebKit/537.36 (KHTML, like Gecko; compatible; GPTBot/1.2; +https://openai.com/gptbot)"
20.171.207.135 - - [11/Sep/2025:03:46:15 +0700] "GET /?attachment_id=662/embed/ HTTP/1.0" 301 416 "-" "Mozilla/5.0 AppleWebKit/537.36 (KHTML, like Gecko; compatible; GPTBot/1.2; +https://openai.com/gptbot)"
45.117.177.72 - - [11/Sep/2025:03:46:18 +0700] "POST /wp-cron.php?doing_wp_cron=1757537178.1381990909576416015625 HTTP/1.0" 200 416 "-" "WordPress/6.8.1; https://vattusacky.vn"
20.171.207.135 - - [11/Sep/2025:03:46:17 +0700] "GET /?attachment_id=662 HTTP/1.0" 200 198159 "-" "Mozilla/5.0 AppleWebKit/537.36 (KHTML, like Gecko; compatible; GPTBot/1.2; +https://openai.com/gptbot)"
217.113.194.78 - - [11/Sep/2025:03:46:17 +0700] "GET /1xbet-app-obtain-apk-for-android-ios-home-windows-212/feed/ HTTP/1.0" 200 1768 "-" "Mozilla/5.0 (compatible; Barkrowler/0.9; +https://babbar.tech/crawler)"
20.171.207.135 - - [11/Sep/2025:03:46:21 +0700] "GET /?attachment_id=671/embed/ HTTP/1.0" 301 416 "-" "Mozilla/5.0 AppleWebKit/537.36 (KHTML, like Gecko; compatible; GPTBot/1.2; +https://openai.com/gptbot)"
20.171.207.135 - - [11/Sep/2025:03:46:22 +0700] "GET /?attachment_id=671 HTTP/1.0" 200 198124 "-" "Mozilla/5.0 AppleWebKit/537.36 (KHTML, like Gecko; compatible; GPTBot/1.2; +https://openai.com/gptbot)"
20.171.207.135 - - [11/Sep/2025:03:46:26 +0700] "GET /wp-json/oembed/1.0/embed?format=xml&url=https%3A%2F%2Fvattusacky.vn%2Fdaddy-top-kazino-demo-sloty-besplatno-demo-sloty%2F HTTP/1.0" 200 6402 "-" "Mozilla/5.0 AppleWebKit/537.36 (KHTML, like Gecko; compatible; GPTBot/1.2; +https://openai.com/gptbot)"
45.117.177.72 - - [11/Sep/2025:03:46:30 +0700] "POST /wp-cron.php?doing_wp_cron=1757537190.7967040538787841796875 HTTP/1.0" 200 416 "-" "WordPress/6.8.1; https://vattusacky.vn"
20.171.207.135 - - [11/Sep/2025:03:46:29 +0700] "GET /?attachment_id=442/embed/ HTTP/1.0" 301 416 "-" "Mozilla/5.0 AppleWebKit/537.36 (KHTML, like Gecko; compatible; GPTBot/1.2; +https://openai.com/gptbot)"
20.171.207.135 - - [11/Sep/2025:03:46:31 +0700] "GET /?attachment_id=442 HTTP/1.0" 200 197634 "-" "Mozilla/5.0 AppleWebKit/537.36 (KHTML, like Gecko; compatible; GPTBot/1.2; +https://openai.com/gptbot)"
217.113.194.74 - - [11/Sep/2025:03:46:34 +0700] "GET /1xbet-cellular-app-apk-obtain-for-android-65/feed/ HTTP/1.0" 200 1726 "-" "Mozilla/5.0 (compatible; Barkrowler/0.9; +https://babbar.tech/crawler)"
20.171.207.135 - - [11/Sep/2025:03:46:35 +0700] "GET /wp-json/oembed/1.0/embed?format=xml&url=https%3A%2F%2Fvattusacky.vn%2F%3Fattachment_id%3D346 HTTP/1.0" 200 4106 "-" "Mozilla/5.0 AppleWebKit/537.36 (KHTML, like Gecko; compatible; GPTBot/1.2; +https://openai.com/gptbot)"
20.171.207.135 - - [11/Sep/2025:03:46:38 +0700] "GET /wp-json/oembed/1.0/embed?format=xml&url=https%3A%2F%2Fvattusacky.vn%2F%3Fattachment_id%3D683 HTTP/1.0" 200 4152 "-" "Mozilla/5.0 AppleWebKit/537.36 (KHTML, like Gecko; compatible; GPTBot/1.2; +https://openai.com/gptbot)"
20.171.207.135 - - [11/Sep/2025:03:46:41 +0700] "GET /?attachment_id=694/embed/ HTTP/1.0" 301 416 "-" "Mozilla/5.0 AppleWebKit/537.36 (KHTML, like Gecko; compatible; GPTBot/1.2; +https://openai.com/gptbot)"
20.171.207.135 - - [11/Sep/2025:03:46:43 +0700] "GET /?attachment_id=694 HTTP/1.0" 200 194764 "-" "Mozilla/5.0 AppleWebKit/537.36 (KHTML, like Gecko; compatible; GPTBot/1.2; +https://openai.com/gptbot)"
20.171.207.135 - - [11/Sep/2025:03:46:46 +0700] "GET /daddy-top-kazino-demo-sloty-besplatno-demo-sloty/embed/ HTTP/1.0" 200 24032 "-" "Mozilla/5.0 AppleWebKit/537.36 (KHTML, like Gecko; compatible; GPTBot/1.2; +https://openai.com/gptbot)"
20.171.207.135 - - [11/Sep/2025:03:46:50 +0700] "GET /wp-json/oembed/1.0/embed?format=xml&url=https%3A%2F%2Fvattusacky.vn%2F%3Fattachment_id%3D647 HTTP/1.0" 200 3505 "-" "Mozilla/5.0 AppleWebKit/537.36 (KHTML, like Gecko; compatible; GPTBot/1.2; +https://openai.com/gptbot)"
213.180.203.69 - - [11/Sep/2025:03:46:51 +0700] "GET /empathy-and-understanding-through-omegle-connections/ HTTP/1.0" 200 90402 "-" "Mozilla/5.0 (compatible; YandexBot/3.0; +http://yandex.com/bots)"
217.113.194.73 - - [11/Sep/2025:03:46:52 +0700] "GET /managing-expectations-how-anonymity-and-authenticity-shape-omegle-conversations/ HTTP/1.0" 200 91888 "-" "Mozilla/5.0 (compatible; Barkrowler/0.9; +https://babbar.tech/crawler)"
20.171.207.135 - - [11/Sep/2025:03:46:53 +0700] "GET /wp-json/oembed/1.0/embed?format=xml&url=https%3A%2F%2Fvattusacky.vn%2F%3Fattachment_id%3D235 HTTP/1.0" 200 4217 "-" "Mozilla/5.0 AppleWebKit/537.36 (KHTML, like Gecko; compatible; GPTBot/1.2; +https://openai.com/gptbot)"
20.171.207.135 - - [11/Sep/2025:03:46:57 +0700] "GET /?attachment_id=346/embed/ HTTP/1.0" 301 416 "-" "Mozilla/5.0 AppleWebKit/537.36 (KHTML, like Gecko; compatible; GPTBot/1.2; +https://openai.com/gptbot)"
20.171.207.135 - - [11/Sep/2025:03:46:58 +0700] "GET /?attachment_id=346 HTTP/1.0" 200 197707 "-" "Mozilla/5.0 AppleWebKit/537.36 (KHTML, like Gecko; compatible; GPTBot/1.2; +https://openai.com/gptbot)"
20.171.207.135 - - [11/Sep/2025:03:47:02 +0700] "GET /?attachment_id=683/embed/ HTTP/1.0" 301 416 "-" "Mozilla/5.0 AppleWebKit/537.36 (KHTML, like Gecko; compatible; GPTBot/1.2; +https://openai.com/gptbot)"
20.171.207.135 - - [11/Sep/2025:03:47:03 +0700] "GET /?attachment_id=683 HTTP/1.0" 200 198075 "-" "Mozilla/5.0 AppleWebKit/537.36 (KHTML, like Gecko; compatible; GPTBot/1.2; +https://openai.com/gptbot)"
20.171.207.135 - - [11/Sep/2025:03:47:08 +0700] "GET /wp-json/oembed/1.0/embed?format=xml&url=https%3A%2F%2Fvattusacky.vn%2Fbetwinner-1123%2F HTTP/1.0" 200 3442 "-" "Mozilla/5.0 AppleWebKit/537.36 (KHTML, like Gecko; compatible; GPTBot/1.2; +https://openai.com/gptbot)"
20.171.207.135 - - [11/Sep/2025:03:47:11 +0700] "GET /wp-json/oembed/1.0/embed?format=xml&url=https%3A%2F%2Fvattusacky.vn%2F%3Fattachment_id%3D646 HTTP/1.0" 200 3488 "-" "Mozilla/5.0 AppleWebKit/537.36 (KHTML, like Gecko; compatible; GPTBot/1.2; +https://openai.com/gptbot)"
20.171.207.135 - - [11/Sep/2025:03:47:14 +0700] "GET /?attachment_id=647/embed/ HTTP/1.0" 301 416 "-" "Mozilla/5.0 AppleWebKit/537.36 (KHTML, like Gecko; compatible; GPTBot/1.2; +https://openai.com/gptbot)"
45.117.177.72 - - [11/Sep/2025:03:47:17 +0700] "POST /wp-cron.php?doing_wp_cron=1757537237.3119130134582519531250 HTTP/1.0" 200 416 "-" "WordPress/6.8.1; https://vattusacky.vn"
20.171.207.135 - - [11/Sep/2025:03:47:16 +0700] "GET /?attachment_id=647 HTTP/1.0" 200 198006 "-" "Mozilla/5.0 AppleWebKit/537.36 (KHTML, like Gecko; compatible; GPTBot/1.2; +https://openai.com/gptbot)"
217.113.194.73 - - [11/Sep/2025:03:47:18 +0700] "GET /unlocking-omegles-future-predicting-the-platforms-development-and-advancements/ HTTP/1.0" 200 95020 "-" "Mozilla/5.0 (compatible; Barkrowler/0.9; +https://babbar.tech/crawler)"
20.171.207.135 - - [11/Sep/2025:03:47:20 +0700] "GET /wp-json/oembed/1.0/embed?format=xml&url=https%3A%2F%2Fvattusacky.vn%2F%3Fattachment_id%3D340 HTTP/1.0" 200 4106 "-" "Mozilla/5.0 AppleWebKit/537.36 (KHTML, like Gecko; compatible; GPTBot/1.2; +https://openai.com/gptbot)"
20.171.207.135 - - [11/Sep/2025:03:47:24 +0700] "GET /?attachment_id=235/embed/ HTTP/1.0" 301 416 "-" "Mozilla/5.0 AppleWebKit/537.36 (KHTML, like Gecko; compatible; GPTBot/1.2; +https://openai.com/gptbot)"
20.171.207.135 - - [11/Sep/2025:03:47:25 +0700] "GET /?attachment_id=235 HTTP/1.0" 200 198352 "-" "Mozilla/5.0 AppleWebKit/537.36 (KHTML, like Gecko; compatible; GPTBot/1.2; +https://openai.com/gptbot)"
20.171.207.135 - - [11/Sep/2025:03:47:29 +0700] "GET /wp-json/oembed/1.0/embed?format=xml&url=https%3A%2F%2Fvattusacky.vn%2F%3Fattachment_id%3D473 HTTP/1.0" 200 4106 "-" "Mozilla/5.0 AppleWebKit/537.36 (KHTML, like Gecko; compatible; GPTBot/1.2; +https://openai.com/gptbot)"
20.171.207.135 - - [11/Sep/2025:03:47:32 +0700] "GET /?attachment_id=646/embed/ HTTP/1.0" 301 416 "-" "Mozilla/5.0 AppleWebKit/537.36 (KHTML, like Gecko; compatible; GPTBot/1.2; +https://openai.com/gptbot)"
17.241.227.90 - - [11/Sep/2025:03:47:33 +0700] "GET /unlocking-the-secrets-of-omegles-cosmic-connections/ HTTP/1.0" 200 91014 "-" "Mozilla/5.0 (Macintosh; Intel Mac OS X 10_15_7) AppleWebKit/605.1.15 (KHTML, like Gecko) Version/17.4 Safari/605.1.15 (Applebot/0.1; +http://www.apple.com/go/applebot)"
20.171.207.135 - - [11/Sep/2025:03:47:34 +0700] "GET /?attachment_id=646 HTTP/1.0" 200 198235 "-" "Mozilla/5.0 AppleWebKit/537.36 (KHTML, like Gecko; compatible; GPTBot/1.2; +https://openai.com/gptbot)"
20.171.207.135 - - [11/Sep/2025:03:47:37 +0700] "GET /betwinner-1123/embed/ HTTP/1.0" 200 22955 "-" "Mozilla/5.0 AppleWebKit/537.36 (KHTML, like Gecko; compatible; GPTBot/1.2; +https://openai.com/gptbot)"
217.113.194.79 - - [11/Sep/2025:03:47:38 +0700] "GET /unlocking-artistic-potential-how-omegle-fosters-creative-growth/ HTTP/1.0" 200 92593 "-" "Mozilla/5.0 (compatible; Barkrowler/0.9; +https://babbar.tech/crawler)"
20.171.207.135 - - [11/Sep/2025:03:47:40 +0700] "GET /wp-json/oembed/1.0/embed?format=xml&url=https%3A%2F%2Fvattusacky.vn%2F%3Fattachment_id%3D464 HTTP/1.0" 200 4108 "-" "Mozilla/5.0 AppleWebKit/537.36 (KHTML, like Gecko; compatible; GPTBot/1.2; +https://openai.com/gptbot)"
20.171.207.135 - - [11/Sep/2025:03:47:43 +0700] "GET /?attachment_id=340/embed/ HTTP/1.0" 301 416 "-" "Mozilla/5.0 AppleWebKit/537.36 (KHTML, like Gecko; compatible; GPTBot/1.2; +https://openai.com/gptbot)"
20.171.207.135 - - [11/Sep/2025:03:47:44 +0700] "GET /?attachment_id=340 HTTP/1.0" 200 197705 "-" "Mozilla/5.0 AppleWebKit/537.36 (KHTML, like Gecko; compatible; GPTBot/1.2; +https://openai.com/gptbot)"
20.171.207.135 - - [11/Sep/2025:03:47:48 +0700] "GET /wp-json/oembed/1.0/embed?format=xml&url=https%3A%2F%2Fvattusacky.vn%2F%3Fattachment_id%3D370 HTTP/1.0" 200 4128 "-" "Mozilla/5.0 AppleWebKit/537.36 (KHTML, like Gecko; compatible; GPTBot/1.2; +https://openai.com/gptbot)"
20.171.207.135 - - [11/Sep/2025:03:47:51 +0700] "GET /?attachment_id=473/embed/ HTTP/1.0" 301 416 "-" "Mozilla/5.0 AppleWebKit/537.36 (KHTML, like Gecko; compatible; GPTBot/1.2; +https://openai.com/gptbot)"
20.171.207.135 - - [11/Sep/2025:03:47:52 +0700] "GET /?attachment_id=473 HTTP/1.0" 200 197693 "-" "Mozilla/5.0 AppleWebKit/537.36 (KHTML, like Gecko; compatible; GPTBot/1.2; +https://openai.com/gptbot)"
20.171.207.135 - - [11/Sep/2025:03:47:56 +0700] "GET /wp-json/oembed/1.0/embed?format=xml&url=https%3A%2F%2Fvattusacky.vn%2F%3Fattachment_id%3D482 HTTP/1.0" 200 4107 "-" "Mozilla/5.0 AppleWebKit/537.36 (KHTML, like Gecko; compatible; GPTBot/1.2; +https://openai.com/gptbot)"
217.113.194.79 - - [11/Sep/2025:03:47:59 +0700] "GET /unveiling-omegles-future-a-glimpse-into-the-next-phase/ HTTP/1.0" 200 91392 "-" "Mozilla/5.0 (compatible; Barkrowler/0.9; +https://babbar.tech/crawler)"
20.171.207.135 - - [11/Sep/2025:03:48:00 +0700] "GET /wp-json/oembed/1.0/embed?format=xml&url=https%3A%2F%2Fvattusacky.vn%2F%3Fattachment_id%3D475 HTTP/1.0" 200 4106 "-" "Mozilla/5.0 AppleWebKit/537.36 (KHTML, like Gecko; compatible; GPTBot/1.2; +https://openai.com/gptbot)"
20.171.207.135 - - [11/Sep/2025:03:48:04 +0700] "GET /?attachment_id=464/embed/ HTTP/1.0" 301 416 "-" "Mozilla/5.0 AppleWebKit/537.36 (KHTML, like Gecko; compatible; GPTBot/1.2; +https://openai.com/gptbot)"
20.171.207.135 - - [11/Sep/2025:03:48:06 +0700] "GET /?attachment_id=464 HTTP/1.0" 200 197392 "-" "Mozilla/5.0 AppleWebKit/537.36 (KHTML, like Gecko; compatible; GPTBot/1.2; +https://openai.com/gptbot)"
20.171.207.135 - - [11/Sep/2025:03:48:09 +0700] "GET /wp-json/oembed/1.0/embed?format=xml&url=https%3A%2F%2Fvattusacky.vn%2F%3Fattachment_id%3D500 HTTP/1.0" 200 4107 "-" "Mozilla/5.0 AppleWebKit/537.36 (KHTML, like Gecko; compatible; GPTBot/1.2; +https://openai.com/gptbot)"
20.171.207.135 - - [11/Sep/2025:03:48:14 +0700] "GET /?attachment_id=370/embed/ HTTP/1.0" 301 416 "-" "Mozilla/5.0 AppleWebKit/537.36 (KHTML, like Gecko; compatible; GPTBot/1.2; +https://openai.com/gptbot)"
20.171.207.135 - - [11/Sep/2025:03:48:15 +0700] "GET /?attachment_id=370 HTTP/1.0" 200 197891 "-" "Mozilla/5.0 AppleWebKit/537.36 (KHTML, like Gecko; compatible; GPTBot/1.2; +https://openai.com/gptbot)"
45.117.177.72 - - [11/Sep/2025:03:48:19 +0700] "POST /wp-cron.php?doing_wp_cron=1757537299.7496190071105957031250 HTTP/1.0" 200 416 "-" "WordPress/6.8.1; https://vattusacky.vn"
20.171.207.135 - - [11/Sep/2025:03:48:18 +0700] "GET /wp-json/oembed/1.0/embed?format=xml&url=https%3A%2F%2Fvattusacky.vn%2F%3Fattachment_id%3D439 HTTP/1.0" 200 4118 "-" "Mozilla/5.0 AppleWebKit/537.36 (KHTML, like Gecko; compatible; GPTBot/1.2; +https://openai.com/gptbot)"
20.171.207.135 - - [11/Sep/2025:03:48:21 +0700] "GET /?attachment_id=482/embed/ HTTP/1.0" 301 416 "-" "Mozilla/5.0 AppleWebKit/537.36 (KHTML, like Gecko; compatible; GPTBot/1.2; +https://openai.com/gptbot)"
217.113.194.75 - - [11/Sep/2025:03:48:22 +0700] "GET /bukmekerskaja-kontora-winline-onlajn-stavki-na-sport/ HTTP/1.0" 200 220424 "-" "Mozilla/5.0 (compatible; Barkrowler/0.9; +https://babbar.tech/crawler)"
20.171.207.135 - - [11/Sep/2025:03:48:23 +0700] "GET /?attachment_id=482 HTTP/1.0" 200 197391 "-" "Mozilla/5.0 AppleWebKit/537.36 (KHTML, like Gecko; compatible; GPTBot/1.2; +https://openai.com/gptbot)"
20.171.207.135 - - [11/Sep/2025:03:48:26 +0700] "GET /?attachment_id=475/embed/ HTTP/1.0" 301 416 "-" "Mozilla/5.0 AppleWebKit/537.36 (KHTML, like Gecko; compatible; GPTBot/1.2; +https://openai.com/gptbot)"
20.171.207.135 - - [11/Sep/2025:03:48:28 +0700] "GET /?attachment_id=475 HTTP/1.0" 200 197726 "-" "Mozilla/5.0 AppleWebKit/537.36 (KHTML, like Gecko; compatible; GPTBot/1.2; +https://openai.com/gptbot)"
20.171.207.135 - - [11/Sep/2025:03:48:32 +0700] "GET /wp-json/oembed/1.0/embed?format=xml&url=https%3A%2F%2Fvattusacky.vn%2F%3Fattachment_id%3D329 HTTP/1.0" 200 4076 "-" "Mozilla/5.0 AppleWebKit/537.36 (KHTML, like Gecko; compatible; GPTBot/1.2; +https://openai.com/gptbot)"
20.171.207.135 - - [11/Sep/2025:03:48:35 +0700] "GET /?attachment_id=500/embed/ HTTP/1.0" 301 416 "-" "Mozilla/5.0 AppleWebKit/537.36 (KHTML, like Gecko; compatible; GPTBot/1.2; +https://openai.com/gptbot)"
20.171.207.135 - - [11/Sep/2025:03:48:36 +0700] "GET /?attachment_id=500 HTTP/1.0" 200 197733 "-" "Mozilla/5.0 AppleWebKit/537.36 (KHTML, like Gecko; compatible; GPTBot/1.2; +https://openai.com/gptbot)"
52.167.144.225 - - [11/Sep/2025:03:48:40 +0700] "GET /the-psychology-of-omegle-why-people-are-drawn-to-randomized-chatting/ HTTP/1.0" 200 91583 "-" "Mozilla/5.0 AppleWebKit/537.36 (KHTML, like Gecko; compatible; bingbot/2.0; +http://www.bing.com/bingbot.htm) Chrome/116.0.1938.76 Safari/537.36"
20.171.207.135 - - [11/Sep/2025:03:48:40 +0700] "GET /wp-json/oembed/1.0/embed?format=xml&url=https%3A%2F%2Fvattusacky.vn%2F%3Fattachment_id%3D755 HTTP/1.0" 200 4084 "-" "Mozilla/5.0 AppleWebKit/537.36 (KHTML, like Gecko; compatible; GPTBot/1.2; +https://openai.com/gptbot)"
20.171.207.135 - - [11/Sep/2025:03:48:44 +0700] "GET /?attachment_id=439/embed/ HTTP/1.0" 301 416 "-" "Mozilla/5.0 AppleWebKit/537.36 (KHTML, like Gecko; compatible; GPTBot/1.2; +https://openai.com/gptbot)"
20.171.207.135 - - [11/Sep/2025:03:48:45 +0700] "GET /?attachment_id=439 HTTP/1.0" 200 197874 "-" "Mozilla/5.0 AppleWebKit/537.36 (KHTML, like Gecko; compatible; GPTBot/1.2; +https://openai.com/gptbot)"
20.171.207.135 - - [11/Sep/2025:03:48:49 +0700] "GET /wp-json/oembed/1.0/embed?format=xml&url=https%3A%2F%2Fvattusacky.vn%2F%3Fattachment_id%3D351 HTTP/1.0" 200 4106 "-" "Mozilla/5.0 AppleWebKit/537.36 (KHTML, like Gecko; compatible; GPTBot/1.2; +https://openai.com/gptbot)"
20.171.207.135 - - [11/Sep/2025:03:48:52 +0700] "GET /wp-json/oembed/1.0/embed?format=xml&url=https%3A%2F%2Fvattusacky.vn%2F%3Fattachment_id%3D508 HTTP/1.0" 200 4078 "-" "Mozilla/5.0 AppleWebKit/537.36 (KHTML, like Gecko; compatible; GPTBot/1.2; +https://openai.com/gptbot)"
217.113.194.75 - - [11/Sep/2025:03:48:57 +0700] "GET /being-true-to-yourself-authenticity-in-online-self-presentation-on-omegle/feed/ HTTP/1.0" 200 1816 "-" "Mozilla/5.0 (compatible; Barkrowler/0.9; +https://babbar.tech/crawler)"
20.171.207.135 - - [11/Sep/2025:03:48:57 +0700] "GET /?attachment_id=329/embed/ HTTP/1.0" 301 416 "-" "Mozilla/5.0 AppleWebKit/537.36 (KHTML, like Gecko; compatible; GPTBot/1.2; +https://openai.com/gptbot)"
20.171.207.135 - - [11/Sep/2025:03:48:58 +0700] "GET /?attachment_id=329 HTTP/1.0" 200 197325 "-" "Mozilla/5.0 AppleWebKit/537.36 (KHTML, like Gecko; compatible; GPTBot/1.2; +https://openai.com/gptbot)"
45.117.177.72 - - [11/Sep/2025:03:49:03 +0700] "POST /wp-cron.php?doing_wp_cron=1757537343.2043468952178955078125 HTTP/1.0" 200 416 "-" "WordPress/6.8.1; https://vattusacky.vn"
20.171.207.135 - - [11/Sep/2025:03:49:01 +0700] "GET /wp-json/oembed/1.0/embed?format=xml&url=https%3A%2F%2Fvattusacky.vn%2F%3Fattachment_id%3D772 HTTP/1.0" 200 4190 "-" "Mozilla/5.0 AppleWebKit/537.36 (KHTML, like Gecko; compatible; GPTBot/1.2; +https://openai.com/gptbot)"
20.171.207.135 - - [11/Sep/2025:03:49:06 +0700] "GET /?attachment_id=755/embed/ HTTP/1.0" 301 416 "-" "Mozilla/5.0 AppleWebKit/537.36 (KHTML, like Gecko; compatible; GPTBot/1.2; +https://openai.com/gptbot)"
20.171.207.135 - - [11/Sep/2025:03:49:07 +0700] "GET /?attachment_id=755 HTTP/1.0" 200 197982 "-" "Mozilla/5.0 AppleWebKit/537.36 (KHTML, like Gecko; compatible; GPTBot/1.2; +https://openai.com/gptbot)"
20.171.207.135 - - [11/Sep/2025:03:49:11 +0700] "GET /wp-json/oembed/1.0/embed?format=xml&url=https%3A%2F%2Fvattusacky.vn%2F%3Fattachment_id%3D337 HTTP/1.0" 200 4104 "-" "Mozilla/5.0 AppleWebKit/537.36 (KHTML, like Gecko; compatible; GPTBot/1.2; +https://openai.com/gptbot)"
20.171.207.135 - - [11/Sep/2025:03:49:14 +0700] "GET /?attachment_id=351/embed/ HTTP/1.0" 301 416 "-" "Mozilla/5.0 AppleWebKit/537.36 (KHTML, like Gecko; compatible; GPTBot/1.2; +https://openai.com/gptbot)"
217.113.194.217 - - [11/Sep/2025:03:49:14 +0700] "GET /san-pham/bo-cat-dam-ban-tu-dong-udk129_velp/ HTTP/1.0" 200 254386 "-" "Mozilla/5.0 (compatible; Barkrowler/0.9; +https://babbar.tech/crawler)"
45.117.177.72 - - [11/Sep/2025:03:49:17 +0700] "POST /wp-cron.php?doing_wp_cron=1757537357.4526610374450683593750 HTTP/1.0" 200 416 "-" "WordPress/6.8.1; https://vattusacky.vn"
20.171.207.135 - - [11/Sep/2025:03:49:16 +0700] "GET /?attachment_id=351 HTTP/1.0" 200 197712 "-" "Mozilla/5.0 AppleWebKit/537.36 (KHTML, like Gecko; compatible; GPTBot/1.2; +https://openai.com/gptbot)"
20.171.207.135 - - [11/Sep/2025:03:49:19 +0700] "GET /?attachment_id=508/embed/ HTTP/1.0" 301 416 "-" "Mozilla/5.0 AppleWebKit/537.36 (KHTML, like Gecko; compatible; GPTBot/1.2; +https://openai.com/gptbot)"
20.171.207.135 - - [11/Sep/2025:03:49:21 +0700] "GET /?attachment_id=508 HTTP/1.0" 200 197626 "-" "Mozilla/5.0 AppleWebKit/537.36 (KHTML, like Gecko; compatible; GPTBot/1.2; +https://openai.com/gptbot)"
20.171.207.135 - - [11/Sep/2025:03:49:25 +0700] "GET /wp-json/oembed/1.0/embed?format=xml&url=https%3A%2F%2Fvattusacky.vn%2F%3Fattachment_id%3D342 HTTP/1.0" 200 4106 "-" "Mozilla/5.0 AppleWebKit/537.36 (KHTML, like Gecko; compatible; GPTBot/1.2; +https://openai.com/gptbot)"
20.171.207.135 - - [11/Sep/2025:03:49:29 +0700] "GET /?attachment_id=772/embed/ HTTP/1.0" 301 416 "-" "Mozilla/5.0 AppleWebKit/537.36 (KHTML, like Gecko; compatible; GPTBot/1.2; +https://openai.com/gptbot)"
20.171.207.135 - - [11/Sep/2025:03:49:30 +0700] "GET /?attachment_id=772 HTTP/1.0" 200 197910 "-" "Mozilla/5.0 AppleWebKit/537.36 (KHTML, like Gecko; compatible; GPTBot/1.2; +https://openai.com/gptbot)"
213.180.203.223 - - [11/Sep/2025:03:49:33 +0700] "GET /the/may-do-do-on/ HTTP/1.0" 200 67718 "-" "Mozilla/5.0 (compatible; YandexBot/3.0; +http://yandex.com/bots)"
20.171.207.135 - - [11/Sep/2025:03:49:35 +0700] "GET /?attachment_id=337/embed/ HTTP/1.0" 301 416 "-" "Mozilla/5.0 AppleWebKit/537.36 (KHTML, like Gecko; compatible; GPTBot/1.2; +https://openai.com/gptbot)"
20.171.207.135 - - [11/Sep/2025:03:49:36 +0700] "GET /?attachment_id=337 HTTP/1.0" 200 197667 "-" "Mozilla/5.0 AppleWebKit/537.36 (KHTML, like Gecko; compatible; GPTBot/1.2; +https://openai.com/gptbot)"
20.171.207.135 - - [11/Sep/2025:03:49:39 +0700] "GET /wp-json/oembed/1.0/embed?format=xml&url=https%3A%2F%2Fvattusacky.vn%2F%3Fattachment_id%3D249 HTTP/1.0" 200 4416 "-" "Mozilla/5.0 AppleWebKit/537.36 (KHTML, like Gecko; compatible; GPTBot/1.2; +https://openai.com/gptbot)"
217.113.194.217 - - [11/Sep/2025:03:49:41 +0700] "GET /san-pham/bo-phan-tich-o2-khi-thai-fyrite-classic/ HTTP/1.0" 200 102952 "-" "Mozilla/5.0 (compatible; Barkrowler/0.9; +https://babbar.tech/crawler)"
20.171.207.135 - - [11/Sep/2025:03:49:42 +0700] "GET /wp-json/oembed/1.0/embed?format=xml&url=https%3A%2F%2Fvattusacky.vn%2F%3Fattachment_id%3D680 HTTP/1.0" 200 3372 "-" "Mozilla/5.0 AppleWebKit/537.36 (KHTML, like Gecko; compatible; GPTBot/1.2; +https://openai.com/gptbot)"
20.171.207.135 - - [11/Sep/2025:03:49:46 +0700] "GET /?attachment_id=342/embed/ HTTP/1.0" 301 416 "-" "Mozilla/5.0 AppleWebKit/537.36 (KHTML, like Gecko; compatible; GPTBot/1.2; +https://openai.com/gptbot)"
20.171.207.135 - - [11/Sep/2025:03:49:48 +0700] "GET /?attachment_id=342 HTTP/1.0" 200 197709 "-" "Mozilla/5.0 AppleWebKit/537.36 (KHTML, like Gecko; compatible; GPTBot/1.2; +https://openai.com/gptbot)"
20.171.207.135 - - [11/Sep/2025:03:49:51 +0700] "GET /wp-json/oembed/1.0/embed?format=xml&url=https%3A%2F%2Fvattusacky.vn%2F%3Fattachment_id%3D744 HTTP/1.0" 200 3411 "-" "Mozilla/5.0 AppleWebKit/537.36 (KHTML, like Gecko; compatible; GPTBot/1.2; +https://openai.com/gptbot)"
20.171.207.135 - - [11/Sep/2025:03:49:55 +0700] "GET /wp-json/oembed/1.0/embed?format=xml&url=https%3A%2F%2Fvattusacky.vn%2F%3Fattachment_id%3D776 HTTP/1.0" 200 4138 "-" "Mozilla/5.0 AppleWebKit/537.36 (KHTML, like Gecko; compatible; GPTBot/1.2; +https://openai.com/gptbot)"
20.171.207.135 - - [11/Sep/2025:03:49:58 +0700] "GET /wp-json/oembed/1.0/embed?format=xml&url=https%3A%2F%2Fvattusacky.vn%2F%3Fattachment_id%3D236 HTTP/1.0" 200 4182 "-" "Mozilla/5.0 AppleWebKit/537.36 (KHTML, like Gecko; compatible; GPTBot/1.2; +https://openai.com/gptbot)"
20.171.207.135 - - [11/Sep/2025:03:50:01 +0700] "GET /?attachment_id=249/embed/ HTTP/1.0" 301 416 "-" "Mozilla/5.0 AppleWebKit/537.36 (KHTML, like Gecko; compatible; GPTBot/1.2; +https://openai.com/gptbot)"
20.171.207.135 - - [11/Sep/2025:03:50:03 +0700] "GET /?attachment_id=249 HTTP/1.0" 200 199299 "-" "Mozilla/5.0 AppleWebKit/537.36 (KHTML, like Gecko; compatible; GPTBot/1.2; +https://openai.com/gptbot)"
217.113.194.75 - - [11/Sep/2025:03:50:03 +0700] "GET /san-pham/thietbiphantichnuocuonghs-1000dw/ HTTP/1.0" 200 169155 "-" "Mozilla/5.0 (compatible; Barkrowler/0.9; +https://babbar.tech/crawler)"
20.171.207.135 - - [11/Sep/2025:03:50:06 +0700] "GET /?attachment_id=680/embed/ HTTP/1.0" 301 416 "-" "Mozilla/5.0 AppleWebKit/537.36 (KHTML, like Gecko; compatible; GPTBot/1.2; +https://openai.com/gptbot)"
20.171.207.135 - - [11/Sep/2025:03:50:08 +0700] "GET /?attachment_id=680 HTTP/1.0" 200 197699 "-" "Mozilla/5.0 AppleWebKit/537.36 (KHTML, like Gecko; compatible; GPTBot/1.2; +https://openai.com/gptbot)"
20.171.207.135 - - [11/Sep/2025:03:50:11 +0700] "GET /wp-json/oembed/1.0/embed?format=xml&url=https%3A%2F%2Fvattusacky.vn%2F%3Fattachment_id%3D962 HTTP/1.0" 200 4280 "-" "Mozilla/5.0 AppleWebKit/537.36 (KHTML, like Gecko; compatible; GPTBot/1.2; +https://openai.com/gptbot)"
20.171.207.135 - - [11/Sep/2025:03:50:14 +0700] "GET /?attachment_id=744/embed/ HTTP/1.0" 301 416 "-" "Mozilla/5.0 AppleWebKit/537.36 (KHTML, like Gecko; compatible; GPTBot/1.2; +https://openai.com/gptbot)"
45.117.177.72 - - [11/Sep/2025:03:50:17 +0700] "POST /wp-cron.php?doing_wp_cron=1757537417.3647949695587158203125 HTTP/1.0" 200 416 "-" "WordPress/6.8.1; https://vattusacky.vn"
20.171.207.135 - - [11/Sep/2025:03:50:16 +0700] "GET /?attachment_id=744 HTTP/1.0" 200 197901 "-" "Mozilla/5.0 AppleWebKit/537.36 (KHTML, like Gecko; compatible; GPTBot/1.2; +https://openai.com/gptbot)"
20.171.207.135 - - [11/Sep/2025:03:50:19 +0700] "GET /wp-json/oembed/1.0/embed?format=xml&url=https%3A%2F%2Fvattusacky.vn%2F%3Fattachment_id%3D661 HTTP/1.0" 200 3604 "-" "Mozilla/5.0 AppleWebKit/537.36 (KHTML, like Gecko; compatible; GPTBot/1.2; +https://openai.com/gptbot)"
20.171.207.135 - - [11/Sep/2025:03:50:23 +0700] "GET /?attachment_id=236/embed/ HTTP/1.0" 301 416 "-" "Mozilla/5.0 AppleWebKit/537.36 (KHTML, like Gecko; compatible; GPTBot/1.2; +https://openai.com/gptbot)"
20.171.207.135 - - [11/Sep/2025:03:50:24 +0700] "GET /?attachment_id=236 HTTP/1.0" 200 197961 "-" "Mozilla/5.0 AppleWebKit/537.36 (KHTML, like Gecko; compatible; GPTBot/1.2; +https://openai.com/gptbot)"
217.113.194.73 - - [11/Sep/2025:03:50:26 +0700] "GET /san-pham/thiet-bi-do-phong-xa-gamma-khu-vuc/ HTTP/1.0" 200 242061 "-" "Mozilla/5.0 (compatible; Barkrowler/0.9; +https://babbar.tech/crawler)"
20.171.207.135 - - [11/Sep/2025:03:50:28 +0700] "GET /?attachment_id=776/embed/ HTTP/1.0" 301 416 "-" "Mozilla/5.0 AppleWebKit/537.36 (KHTML, like Gecko; compatible; GPTBot/1.2; +https://openai.com/gptbot)"
20.171.207.135 - - [11/Sep/2025:03:50:29 +0700] "GET /?attachment_id=776 HTTP/1.0" 200 197702 "-" "Mozilla/5.0 AppleWebKit/537.36 (KHTML, like Gecko; compatible; GPTBot/1.2; +https://openai.com/gptbot)"
