20.171.207.207 - - [11/Sep/2025:04:31:07 +0700] "GET /wp-json/oembed/1.0/embed?format=xml&url=https%3A%2F%2Fvattusacky.vn%2Fprotecting-identity-video-vs-text-communication-on-omegle-and-ometv%2F HTTP/1.0" 200 3762 "-" "Mozilla/5.0 AppleWebKit/537.36 (KHTML, like Gecko; compatible; GPTBot/1.2; +https://openai.com/gptbot)"
217.113.194.74 - - [11/Sep/2025:04:31:09 +0700] "GET /omegles-role-in-breaking-down-social-barriers-and-promoting-inclusiveness/ HTTP/1.0" 200 89845 "-" "Mozilla/5.0 (compatible; Barkrowler/0.9; +https://babbar.tech/crawler)"
20.171.207.207 - - [11/Sep/2025:04:31:11 +0700] "GET /creating-an-effective-online-dating-services-profile-2/embed/ HTTP/1.0" 200 23468 "-" "Mozilla/5.0 AppleWebKit/537.36 (KHTML, like Gecko; compatible; GPTBot/1.2; +https://openai.com/gptbot)"
20.171.207.207 - - [11/Sep/2025:04:31:14 +0700] "GET /understanding-the-features-omegle-vs-ometv-face-to-face-video-chats/embed/ HTTP/1.0" 200 23629 "-" "Mozilla/5.0 AppleWebKit/537.36 (KHTML, like Gecko; compatible; GPTBot/1.2; +https://openai.com/gptbot)"
45.117.177.72 - - [11/Sep/2025:04:31:19 +0700] "POST /wp-cron.php?doing_wp_cron=1757539879.1091570854187011718750 HTTP/1.0" 200 416 "-" "WordPress/6.8.1; https://vattusacky.vn"
20.171.207.207 - - [11/Sep/2025:04:31:17 +0700] "GET /the-psychology-behind-random-video-chats-on-chatroulette-and-omegle/embed/ HTTP/1.0" 200 23628 "-" "Mozilla/5.0 AppleWebKit/537.36 (KHTML, like Gecko; compatible; GPTBot/1.2; +https://openai.com/gptbot)"
20.171.207.207 - - [11/Sep/2025:04:31:21 +0700] "GET /wp-json/oembed/1.0/embed?format=xml&url=https%3A%2F%2Fvattusacky.vn%2Fovercoming-communication-barriers-video-vs-text-on-omegle-and-ometv%2F HTTP/1.0" 200 3729 "-" "Mozilla/5.0 AppleWebKit/537.36 (KHTML, like Gecko; compatible; GPTBot/1.2; +https://openai.com/gptbot)"
20.171.207.207 - - [11/Sep/2025:04:31:25 +0700] "GET /expressing-emotions-video-vs-text-communication-on-omegle-and-ometv/embed/ HTTP/1.0" 200 23660 "-" "Mozilla/5.0 AppleWebKit/537.36 (KHTML, like Gecko; compatible; GPTBot/1.2; +https://openai.com/gptbot)"
20.171.207.207 - - [11/Sep/2025:04:31:28 +0700] "GET /wp-json/oembed/1.0/embed?format=xml&url=https%3A%2F%2Fvattusacky.vn%2Fmostbetten-nasil-para-cekilir-582%2F HTTP/1.0" 200 3774 "-" "Mozilla/5.0 AppleWebKit/537.36 (KHTML, like Gecko; compatible; GPTBot/1.2; +https://openai.com/gptbot)"
217.113.194.76 - - [11/Sep/2025:04:31:31 +0700] "GET /omegles-role-in-dismantling-societal-barriers-and-promoting-inclusivity/ HTTP/1.0" 200 86804 "-" "Mozilla/5.0 (compatible; Barkrowler/0.9; +https://babbar.tech/crawler)"
20.171.207.207 - - [11/Sep/2025:04:31:31 +0700] "GET /protecting-identity-video-vs-text-communication-on-omegle-and-ometv/embed/ HTTP/1.0" 200 23667 "-" "Mozilla/5.0 AppleWebKit/537.36 (KHTML, like Gecko; compatible; GPTBot/1.2; +https://openai.com/gptbot)"
20.171.207.207 - - [11/Sep/2025:04:31:36 +0700] "GET /wp-json/oembed/1.0/embed?format=xml&url=https%3A%2F%2Fvattusacky.vn%2Fparental-control-video-vs-text-communication-on-omegle-and-ometv%2F HTTP/1.0" 200 3762 "-" "Mozilla/5.0 AppleWebKit/537.36 (KHTML, like Gecko; compatible; GPTBot/1.2; +https://openai.com/gptbot)"
20.171.207.207 - - [11/Sep/2025:04:31:40 +0700] "GET /wp-json/oembed/1.0/embed?format=xml&url=https%3A%2F%2Fvattusacky.vn%2Fcreating-meaningful-connections-video-vs-text-on-omegle-and-ometv%2F HTTP/1.0" 200 3724 "-" "Mozilla/5.0 AppleWebKit/537.36 (KHTML, like Gecko; compatible; GPTBot/1.2; +https://openai.com/gptbot)"
20.171.207.207 - - [11/Sep/2025:04:31:43 +0700] "GET /wp-json/oembed/1.0/embed?format=xml&url=https%3A%2F%2Fvattusacky.vn%2Fprivacy-matters-video-vs-text-communication-on-omegle-and-ometv%2F HTTP/1.0" 200 3734 "-" "Mozilla/5.0 AppleWebKit/537.36 (KHTML, like Gecko; compatible; GPTBot/1.2; +https://openai.com/gptbot)"
20.171.207.207 - - [11/Sep/2025:04:31:47 +0700] "GET /overcoming-communication-barriers-video-vs-text-on-omegle-and-ometv/embed/ HTTP/1.0" 200 23635 "-" "Mozilla/5.0 AppleWebKit/537.36 (KHTML, like Gecko; compatible; GPTBot/1.2; +https://openai.com/gptbot)"
20.171.207.207 - - [11/Sep/2025:04:31:51 +0700] "GET /wp-json/oembed/1.0/embed?format=xml&url=https%3A%2F%2Fvattusacky.vn%2Fonline-security-video-vs-text-communication-on-omegle-and-ometv%2F HTTP/1.0" 200 3704 "-" "Mozilla/5.0 AppleWebKit/537.36 (KHTML, like Gecko; compatible; GPTBot/1.2; +https://openai.com/gptbot)"
20.171.207.207 - - [11/Sep/2025:04:31:55 +0700] "GET /mostbetten-nasil-para-cekilir-582/embed/ HTTP/1.0" 200 23328 "-" "Mozilla/5.0 AppleWebKit/537.36 (KHTML, like Gecko; compatible; GPTBot/1.2; +https://openai.com/gptbot)"
217.113.194.77 - - [11/Sep/2025:04:31:55 +0700] "GET /omegles-role-in-facilitating-cross-cultural-understanding-and-empathy/ HTTP/1.0" 200 91734 "-" "Mozilla/5.0 (compatible; Barkrowler/0.9; +https://babbar.tech/crawler)"
20.171.207.207 - - [11/Sep/2025:04:31:58 +0700] "GET /wp-json/oembed/1.0/embed?format=xml&url=https%3A%2F%2Fvattusacky.vn%2Fprivacy-concerns-video-vs-text-communication-on-omegle-and-ometv%2F HTTP/1.0" 200 3725 "-" "Mozilla/5.0 AppleWebKit/537.36 (KHTML, like Gecko; compatible; GPTBot/1.2; +https://openai.com/gptbot)"
20.171.207.207 - - [11/Sep/2025:04:32:01 +0700] "GET /parental-control-video-vs-text-communication-on-omegle-and-ometv/embed/ HTTP/1.0" 200 23654 "-" "Mozilla/5.0 AppleWebKit/537.36 (KHTML, like Gecko; compatible; GPTBot/1.2; +https://openai.com/gptbot)"
20.171.207.207 - - [11/Sep/2025:04:32:04 +0700] "GET /creating-meaningful-connections-video-vs-text-on-omegle-and-ometv/embed/ HTTP/1.0" 200 23624 "-" "Mozilla/5.0 AppleWebKit/537.36 (KHTML, like Gecko; compatible; GPTBot/1.2; +https://openai.com/gptbot)"
20.171.207.207 - - [11/Sep/2025:04:32:08 +0700] "GET /privacy-matters-video-vs-text-communication-on-omegle-and-ometv/embed/ HTTP/1.0" 200 23603 "-" "Mozilla/5.0 AppleWebKit/537.36 (KHTML, like Gecko; compatible; GPTBot/1.2; +https://openai.com/gptbot)"
20.171.207.207 - - [11/Sep/2025:04:32:11 +0700] "GET /wp-json/oembed/1.0/embed?format=xml&url=https%3A%2F%2Fvattusacky.vn%2Fasian-games-2026-aichi-23%2F HTTP/1.0" 200 3484 "-" "Mozilla/5.0 AppleWebKit/537.36 (KHTML, like Gecko; compatible; GPTBot/1.2; +https://openai.com/gptbot)"
20.171.207.207 - - [11/Sep/2025:04:32:15 +0700] "GET /features-and-functions-of-ometv/embed/ HTTP/1.0" 200 23169 "-" "Mozilla/5.0 AppleWebKit/537.36 (KHTML, like Gecko; compatible; GPTBot/1.2; +https://openai.com/gptbot)"
45.117.177.72 - - [11/Sep/2025:04:32:18 +0700] "POST /wp-cron.php?doing_wp_cron=1757539938.7880680561065673828125 HTTP/1.0" 200 416 "-" "WordPress/6.8.1; https://vattusacky.vn"
217.113.194.79 - - [11/Sep/2025:04:32:17 +0700] "GET /omegles-role-in-online-activism-empowering-individuals-to-make-a-difference/ HTTP/1.0" 200 94631 "-" "Mozilla/5.0 (compatible; Barkrowler/0.9; +https://babbar.tech/crawler)"
20.171.207.207 - - [11/Sep/2025:04:32:18 +0700] "GET /online-security-video-vs-text-communication-on-omegle-and-ometv/embed/ HTTP/1.0" 200 23590 "-" "Mozilla/5.0 AppleWebKit/537.36 (KHTML, like Gecko; compatible; GPTBot/1.2; +https://openai.com/gptbot)"
20.171.207.207 - - [11/Sep/2025:04:32:23 +0700] "GET /privacy-concerns-video-vs-text-communication-on-omegle-and-ometv/embed/ HTTP/1.0" 200 23617 "-" "Mozilla/5.0 AppleWebKit/537.36 (KHTML, like Gecko; compatible; GPTBot/1.2; +https://openai.com/gptbot)"
20.171.207.207 - - [11/Sep/2025:04:32:26 +0700] "GET /wp-json/oembed/1.0/embed?format=xml&url=https%3A%2F%2Fvattusacky.vn%2F7cric-on-line-casino-106%2F HTTP/1.0" 200 3470 "-" "Mozilla/5.0 AppleWebKit/537.36 (KHTML, like Gecko; compatible; GPTBot/1.2; +https://openai.com/gptbot)"
20.171.207.207 - - [11/Sep/2025:04:32:30 +0700] "GET /how-to-buy-a-bride-on-line/feed/ HTTP/1.0" 200 1529 "-" "Mozilla/5.0 AppleWebKit/537.36 (KHTML, like Gecko; compatible; GPTBot/1.2; +https://openai.com/gptbot)"
20.171.207.207 - - [11/Sep/2025:04:32:33 +0700] "GET /wp-json/oembed/1.0/embed?format=xml&url=https%3A%2F%2Fvattusacky.vn%2Fthe-town-of-brides-kiev%2F HTTP/1.0" 200 3793 "-" "Mozilla/5.0 AppleWebKit/537.36 (KHTML, like Gecko; compatible; GPTBot/1.2; +https://openai.com/gptbot)"
20.171.207.207 - - [11/Sep/2025:04:32:36 +0700] "GET /asian-games-2026-aichi-23/embed/ HTTP/1.0" 200 23080 "-" "Mozilla/5.0 AppleWebKit/537.36 (KHTML, like Gecko; compatible; GPTBot/1.2; +https://openai.com/gptbot)"
217.113.194.79 - - [11/Sep/2025:04:32:38 +0700] "GET /omegles-role-in-bridging-communication-gaps-and-fostering-understanding/ HTTP/1.0" 200 83488 "-" "Mozilla/5.0 (compatible; Barkrowler/0.9; +https://babbar.tech/crawler)"
20.171.207.207 - - [11/Sep/2025:04:32:39 +0700] "GET /wp-json/oembed/1.0/embed?format=xml&url=https%3A%2F%2Fvattusacky.vn%2Fcan-be-my-romance-over%2F HTTP/1.0" 200 3591 "-" "Mozilla/5.0 AppleWebKit/537.36 (KHTML, like Gecko; compatible; GPTBot/1.2; +https://openai.com/gptbot)"
51.161.65.160 - - [11/Sep/2025:04:32:41 +0700] "GET /sitemap_index.xml HTTP/1.0" 200 2426 "-" "Mozilla/5.0 (compatible; AhrefsBot/7.0; +http://ahrefs.com/robot/)"
20.171.207.207 - - [11/Sep/2025:04:32:43 +0700] "GET /wp-json/oembed/1.0/embed?format=xml&url=https%3A%2F%2Fvattusacky.vn%2Fhow-a-data-space-deals%2F HTTP/1.0" 200 3549 "-" "Mozilla/5.0 AppleWebKit/537.36 (KHTML, like Gecko; compatible; GPTBot/1.2; +https://openai.com/gptbot)"
20.171.207.207 - - [11/Sep/2025:04:32:46 +0700] "GET /wp-json/oembed/1.0/embed?format=xml&url=https%3A%2F%2Fvattusacky.vn%2Fcan-you-get-clomid-otc%2F HTTP/1.0" 200 3488 "-" "Mozilla/5.0 AppleWebKit/537.36 (KHTML, like Gecko; compatible; GPTBot/1.2; +https://openai.com/gptbot)"
20.171.207.207 - - [11/Sep/2025:04:32:50 +0700] "GET /7cric-on-line-casino-106/embed/ HTTP/1.0" 200 23066 "-" "Mozilla/5.0 AppleWebKit/537.36 (KHTML, like Gecko; compatible; GPTBot/1.2; +https://openai.com/gptbot)"
54.39.6.177 - - [11/Sep/2025:04:32:44 +0700] "GET /post-sitemap.xml HTTP/1.0" 500 3278 "-" "Mozilla/5.0 (compatible; AhrefsBot/7.0; +http://ahrefs.com/robot/)"
20.171.207.207 - - [11/Sep/2025:04:32:53 +0700] "GET /wp-json/oembed/1.0/embed?format=xml&url=https%3A%2F%2Fvattusacky.vn%2Fis-omegle-safe-for-use%2F HTTP/1.0" 200 3475 "-" "Mozilla/5.0 AppleWebKit/537.36 (KHTML, like Gecko; compatible; GPTBot/1.2; +https://openai.com/gptbot)"
20.171.207.207 - - [11/Sep/2025:04:32:57 +0700] "GET /the-town-of-brides-kiev/embed/ HTTP/1.0" 200 23088 "-" "Mozilla/5.0 AppleWebKit/537.36 (KHTML, like Gecko; compatible; GPTBot/1.2; +https://openai.com/gptbot)"
20.171.207.207 - - [11/Sep/2025:04:33:00 +0700] "GET /wp-json/oembed/1.0/embed?format=xml&url=https%3A%2F%2Fvattusacky.vn%2Fpros-and-cons-of-ometv%2F HTTP/1.0" 200 3461 "-" "Mozilla/5.0 AppleWebKit/537.36 (KHTML, like Gecko; compatible; GPTBot/1.2; +https://openai.com/gptbot)"
142.44.228.6 - - [11/Sep/2025:04:32:55 +0700] "GET /post-sitemap2.xml HTTP/1.0" 200 158032 "-" "Mozilla/5.0 (compatible; AhrefsBot/7.0; +http://ahrefs.com/robot/)"
217.113.194.73 - - [11/Sep/2025:04:33:02 +0700] "GET /omegle-and-the-concept-of-stranger-danger-separating-myth-from-reality/feed/ HTTP/1.0" 200 1807 "-" "Mozilla/5.0 (compatible; Barkrowler/0.9; +https://babbar.tech/crawler)"
20.171.207.207 - - [11/Sep/2025:04:33:04 +0700] "GET /can-be-my-romance-over/embed/ HTTP/1.0" 200 23103 "-" "Mozilla/5.0 AppleWebKit/537.36 (KHTML, like Gecko; compatible; GPTBot/1.2; +https://openai.com/gptbot)"
54.39.0.73 - - [11/Sep/2025:04:33:04 +0700] "GET /post-sitemap3.xml HTTP/1.0" 200 155802 "-" "Mozilla/5.0 (compatible; AhrefsBot/7.0; +http://ahrefs.com/robot/)"
20.171.207.207 - - [11/Sep/2025:04:33:07 +0700] "GET /how-a-data-space-deals/embed/ HTTP/1.0" 200 23149 "-" "Mozilla/5.0 AppleWebKit/537.36 (KHTML, like Gecko; compatible; GPTBot/1.2; +https://openai.com/gptbot)"
20.171.207.207 - - [11/Sep/2025:04:33:10 +0700] "GET /can-you-get-clomid-otc/embed/ HTTP/1.0" 200 23105 "-" "Mozilla/5.0 AppleWebKit/537.36 (KHTML, like Gecko; compatible; GPTBot/1.2; +https://openai.com/gptbot)"
54.39.136.12 - - [11/Sep/2025:04:33:09 +0700] "GET /post-sitemap4.xml HTTP/1.0" 200 157863 "-" "Mozilla/5.0 (compatible; AhrefsBot/7.0; +http://ahrefs.com/robot/)"
20.171.207.207 - - [11/Sep/2025:04:33:14 +0700] "GET /is-omegle-safe-for-use/embed/ HTTP/1.0" 200 23074 "-" "Mozilla/5.0 AppleWebKit/537.36 (KHTML, like Gecko; compatible; GPTBot/1.2; +https://openai.com/gptbot)"
51.222.168.27 - - [11/Sep/2025:04:33:14 +0700] "GET /post-sitemap5.xml HTTP/1.0" 200 159938 "-" "Mozilla/5.0 (compatible; AhrefsBot/7.0; +http://ahrefs.com/robot/)"
45.117.177.72 - - [11/Sep/2025:04:33:18 +0700] "POST /wp-cron.php?doing_wp_cron=1757539998.4689090251922607421875 HTTP/1.0" 200 416 "-" "WordPress/6.8.1; https://vattusacky.vn"
20.171.207.207 - - [11/Sep/2025:04:33:17 +0700] "GET /wp-json/oembed/1.0/embed?format=xml&url=https%3A%2F%2Fvattusacky.vn%2Fpros-and-cons-of-omegle%2F HTTP/1.0" 200 3473 "-" "Mozilla/5.0 AppleWebKit/537.36 (KHTML, like Gecko; compatible; GPTBot/1.2; +https://openai.com/gptbot)"
217.113.194.81 - - [11/Sep/2025:04:33:19 +0700] "GET /omegle-and-ometv-the-role-of-technology-in-forming-authentic-connections/ HTTP/1.0" 200 93782 "-" "Mozilla/5.0 (compatible; Barkrowler/0.9; +https://babbar.tech/crawler)"
15.235.98.195 - - [11/Sep/2025:04:33:19 +0700] "GET /post-sitemap6.xml HTTP/1.0" 200 42210 "-" "Mozilla/5.0 (compatible; AhrefsBot/7.0; +http://ahrefs.com/robot/)"
20.171.207.207 - - [11/Sep/2025:04:33:21 +0700] "GET /wp-json/oembed/1.0/embed?format=xml&url=https%3A%2F%2Fvattusacky.vn%2Fasian-games-2026-aichi-84%2F HTTP/1.0" 200 3509 "-" "Mozilla/5.0 AppleWebKit/537.36 (KHTML, like Gecko; compatible; GPTBot/1.2; +https://openai.com/gptbot)"
185.191.171.10 - - [11/Sep/2025:04:33:22 +0700] "GET /author/yanz/page/114/ HTTP/1.0" 200 76901 "-" "Mozilla/5.0 (compatible; SemrushBot/7~bl; +http://www.semrush.com/bot.html)"
54.39.136.23 - - [11/Sep/2025:04:33:22 +0700] "GET /page-sitemap.xml HTTP/1.0" 200 1873 "-" "Mozilla/5.0 (compatible; AhrefsBot/7.0; +http://ahrefs.com/robot/)"
20.171.207.207 - - [11/Sep/2025:04:33:25 +0700] "GET /wp-json/oembed/1.0/embed?format=xml&url=https%3A%2F%2Fvattusacky.vn%2Fomegle-mobile-chatting-on-the-go-with-your-smartphone%2F HTTP/1.0" 200 3665 "-" "Mozilla/5.0 AppleWebKit/537.36 (KHTML, like Gecko; compatible; GPTBot/1.2; +https://openai.com/gptbot)"
20.171.207.207 - - [11/Sep/2025:04:33:29 +0700] "GET /pros-and-cons-of-ometv/embed/ HTTP/1.0" 200 23060 "-" "Mozilla/5.0 AppleWebKit/537.36 (KHTML, like Gecko; compatible; GPTBot/1.2; +https://openai.com/gptbot)"
51.222.168.145 - - [11/Sep/2025:04:33:26 +0700] "GET /attachment-sitemap.xml HTTP/1.0" 200 72345 "-" "Mozilla/5.0 (compatible; AhrefsBot/7.0; +http://ahrefs.com/robot/)"
20.171.207.207 - - [11/Sep/2025:04:33:32 +0700] "GET /wp-json/oembed/1.0/embed?format=xml&url=https%3A%2F%2Fvattusacky.vn%2Fecommerce-design-problems%2F HTTP/1.0" 200 3530 "-" "Mozilla/5.0 AppleWebKit/537.36 (KHTML, like Gecko; compatible; GPTBot/1.2; +https://openai.com/gptbot)"
20.171.207.207 - - [11/Sep/2025:04:33:35 +0700] "GET /wp-json/oembed/1.0/embed?format=xml&url=https%3A%2F%2Fvattusacky.vn%2Fomegle-for-entertainment%2F HTTP/1.0" 200 3494 "-" "Mozilla/5.0 AppleWebKit/537.36 (KHTML, like Gecko; compatible; GPTBot/1.2; +https://openai.com/gptbot)"
54.39.210.161 - - [11/Sep/2025:04:33:35 +0700] "GET /product-sitemap.xml HTTP/1.0" 200 51048 "-" "Mozilla/5.0 (compatible; AhrefsBot/7.0; +http://ahrefs.com/robot/)"
20.171.207.207 - - [11/Sep/2025:04:33:40 +0700] "GET /pros-and-cons-of-omegle/embed/ HTTP/1.0" 200 23079 "-" "Mozilla/5.0 AppleWebKit/537.36 (KHTML, like Gecko; compatible; GPTBot/1.2; +https://openai.com/gptbot)"
217.113.194.75 - - [11/Sep/2025:04:33:40 +0700] "GET /omegle-and-ometv-a-revolution-in-online-entertainment-and-socialization/feed/ HTTP/1.0" 200 1810 "-" "Mozilla/5.0 (compatible; Barkrowler/0.9; +https://babbar.tech/crawler)"
51.222.168.27 - - [11/Sep/2025:04:33:41 +0700] "GET /category-sitemap.xml HTTP/1.0" 200 24564 "-" "Mozilla/5.0 (compatible; AhrefsBot/7.0; +http://ahrefs.com/robot/)"
20.171.207.207 - - [11/Sep/2025:04:33:43 +0700] "GET /asian-games-2026-aichi-84/embed/ HTTP/1.0" 200 23106 "-" "Mozilla/5.0 AppleWebKit/537.36 (KHTML, like Gecko; compatible; GPTBot/1.2; +https://openai.com/gptbot)"
54.39.203.161 - - [11/Sep/2025:04:33:44 +0700] "GET /post_tag-sitemap.xml HTTP/1.0" 200 12903 "-" "Mozilla/5.0 (compatible; AhrefsBot/7.0; +http://ahrefs.com/robot/)"
20.171.207.207 - - [11/Sep/2025:04:33:46 +0700] "GET /wp-json/oembed/1.0/embed?format=xml&url=https%3A%2F%2Fvattusacky.vn%2Ffree-russian-conversation%2F HTTP/1.0" 200 3622 "-" "Mozilla/5.0 AppleWebKit/537.36 (KHTML, like Gecko; compatible; GPTBot/1.2; +https://openai.com/gptbot)"
148.113.130.181 - - [11/Sep/2025:04:33:47 +0700] "GET /product_cat-sitemap.xml HTTP/1.0" 200 8595 "-" "Mozilla/5.0 (compatible; AhrefsBot/7.0; +http://ahrefs.com/robot/)"
54.39.210.44 - - [11/Sep/2025:04:33:50 +0700] "GET /product_tag-sitemap.xml HTTP/1.0" 200 28520 "-" "Mozilla/5.0 (compatible; AhrefsBot/7.0; +http://ahrefs.com/robot/)"
20.171.207.207 - - [11/Sep/2025:04:33:51 +0700] "GET /omegle-mobile-chatting-on-the-go-with-your-smartphone/embed/ HTTP/1.0" 200 23480 "-" "Mozilla/5.0 AppleWebKit/537.36 (KHTML, like Gecko; compatible; GPTBot/1.2; +https://openai.com/gptbot)"
20.171.207.207 - - [11/Sep/2025:04:33:54 +0700] "GET /wp-json/oembed/1.0/embed?format=xml&url=https%3A%2F%2Fvattusacky.vn%2Ffree-accounting-software%2F HTTP/1.0" 200 3647 "-" "Mozilla/5.0 AppleWebKit/537.36 (KHTML, like Gecko; compatible; GPTBot/1.2; +https://openai.com/gptbot)"
20.171.207.207 - - [11/Sep/2025:04:33:59 +0700] "GET /ecommerce-design-problems/embed/ HTTP/1.0" 200 23145 "-" "Mozilla/5.0 AppleWebKit/537.36 (KHTML, like Gecko; compatible; GPTBot/1.2; +https://openai.com/gptbot)"
217.113.194.75 - - [11/Sep/2025:04:33:59 +0700] "GET /omegle-and-ometv-empowering-individuals-to-share-their-stories/feed/ HTTP/1.0" 200 1783 "-" "Mozilla/5.0 (compatible; Barkrowler/0.9; +https://babbar.tech/crawler)"
20.171.207.207 - - [11/Sep/2025:04:34:02 +0700] "GET /omegle-for-entertainment/embed/ HTTP/1.0" 200 23107 "-" "Mozilla/5.0 AppleWebKit/537.36 (KHTML, like Gecko; compatible; GPTBot/1.2; +https://openai.com/gptbot)"
20.171.207.207 - - [11/Sep/2025:04:34:05 +0700] "GET /wp-json/oembed/1.0/embed?format=xml&url=https%3A%2F%2Fvattusacky.vn%2Fomegle-and-cyberbullying%2F HTTP/1.0" 200 3507 "-" "Mozilla/5.0 AppleWebKit/537.36 (KHTML, like Gecko; compatible; GPTBot/1.2; +https://openai.com/gptbot)"
20.171.207.207 - - [11/Sep/2025:04:34:09 +0700] "GET /wp-json/oembed/1.0/embed?format=xml&url=https%3A%2F%2Fvattusacky.vn%2Fhaitian-wedding-traditions%2F HTTP/1.0" 200 3635 "-" "Mozilla/5.0 AppleWebKit/537.36 (KHTML, like Gecko; compatible; GPTBot/1.2; +https://openai.com/gptbot)"
20.171.207.207 - - [11/Sep/2025:04:34:12 +0700] "GET /free-russian-conversation/embed/ HTTP/1.0" 200 23111 "-" "Mozilla/5.0 AppleWebKit/537.36 (KHTML, like Gecko; compatible; GPTBot/1.2; +https://openai.com/gptbot)"
45.117.177.72 - - [11/Sep/2025:04:34:18 +0700] "POST /wp-cron.php?doing_wp_cron=1757540057.9763240814208984375000 HTTP/1.0" 200 416 "-" "WordPress/6.8.1; https://vattusacky.vn"
20.171.207.207 - - [11/Sep/2025:04:34:16 +0700] "GET /wp-json/oembed/1.0/embed?format=xml&url=https%3A%2F%2Fvattusacky.vn%2Ftips-transfer-opportunity%2F HTTP/1.0" 200 3582 "-" "Mozilla/5.0 AppleWebKit/537.36 (KHTML, like Gecko; compatible; GPTBot/1.2; +https://openai.com/gptbot)"
217.113.194.75 - - [11/Sep/2025:04:34:17 +0700] "GET /omegle-and-ometv-for-connecting-with-people-from-different-backgrounds/feed/ HTTP/1.0" 200 1807 "-" "Mozilla/5.0 (compatible; Barkrowler/0.9; +https://babbar.tech/crawler)"
20.171.207.207 - - [11/Sep/2025:04:34:21 +0700] "GET /free-accounting-software/embed/ HTTP/1.0" 200 23139 "-" "Mozilla/5.0 AppleWebKit/537.36 (KHTML, like Gecko; compatible; GPTBot/1.2; +https://openai.com/gptbot)"
20.171.207.207 - - [11/Sep/2025:04:34:24 +0700] "GET /wp-json/oembed/1.0/embed?format=xml&url=https%3A%2F%2Fvattusacky.vn%2Ffundraising-due-diligence%2F HTTP/1.0" 200 3608 "-" "Mozilla/5.0 AppleWebKit/537.36 (KHTML, like Gecko; compatible; GPTBot/1.2; +https://openai.com/gptbot)"
20.171.207.207 - - [11/Sep/2025:04:34:28 +0700] "GET /wp-json/oembed/1.0/embed?format=xml&url=https%3A%2F%2Fvattusacky.vn%2Fsources-of-tech-news%2F HTTP/1.0" 200 3472 "-" "Mozilla/5.0 AppleWebKit/537.36 (KHTML, like Gecko; compatible; GPTBot/1.2; +https://openai.com/gptbot)"
20.171.207.207 - - [11/Sep/2025:04:34:33 +0700] "GET /omegle-and-cyberbullying/embed/ HTTP/1.0" 200 23120 "-" "Mozilla/5.0 AppleWebKit/537.36 (KHTML, like Gecko; compatible; GPTBot/1.2; +https://openai.com/gptbot)"
217.113.194.76 - - [11/Sep/2025:04:34:34 +0700] "GET /omegle-and-ometv-bridging-the-gap-between-different-cultures/feed/ HTTP/1.0" 200 1777 "-" "Mozilla/5.0 (compatible; Barkrowler/0.9; +https://babbar.tech/crawler)"
20.171.207.207 - - [11/Sep/2025:04:34:36 +0700] "GET /haitian-wedding-traditions/embed/ HTTP/1.0" 200 23151 "-" "Mozilla/5.0 AppleWebKit/537.36 (KHTML, like Gecko; compatible; GPTBot/1.2; +https://openai.com/gptbot)"
20.171.207.207 - - [11/Sep/2025:04:34:39 +0700] "GET /wp-json/oembed/1.0/embed?format=xml&url=https%3A%2F%2Fvattusacky.vn%2F1xbit-casino-evaluate-guide-2022-updated-8%2F HTTP/1.0" 200 3607 "-" "Mozilla/5.0 AppleWebKit/537.36 (KHTML, like Gecko; compatible; GPTBot/1.2; +https://openai.com/gptbot)"
20.171.207.207 - - [11/Sep/2025:04:34:43 +0700] "GET /tips-transfer-opportunity/embed/ HTTP/1.0" 200 22873 "-" "Mozilla/5.0 AppleWebKit/537.36 (KHTML, like Gecko; compatible; GPTBot/1.2; +https://openai.com/gptbot)"
20.171.207.207 - - [11/Sep/2025:04:34:46 +0700] "GET /wp-json/oembed/1.0/embed?format=xml&url=https%3A%2F%2Fvattusacky.vn%2Floantiennhanh-la-gi-cashberry%2F HTTP/1.0" 200 3991 "-" "Mozilla/5.0 AppleWebKit/537.36 (KHTML, like Gecko; compatible; GPTBot/1.2; +https://openai.com/gptbot)"
20.171.207.207 - - [11/Sep/2025:04:34:51 +0700] "GET /fundraising-due-diligence/embed/ HTTP/1.0" 200 23228 "-" "Mozilla/5.0 AppleWebKit/537.36 (KHTML, like Gecko; compatible; GPTBot/1.2; +https://openai.com/gptbot)"
217.113.194.76 - - [11/Sep/2025:04:34:53 +0700] "GET /omegle-and-political-discussions-navigating-controversial-topics-online/feed/ HTTP/1.0" 200 1810 "-" "Mozilla/5.0 (compatible; Barkrowler/0.9; +https://babbar.tech/crawler)"
20.171.207.207 - - [11/Sep/2025:04:34:55 +0700] "GET /sources-of-tech-news/embed/ HTTP/1.0" 200 23057 "-" "Mozilla/5.0 AppleWebKit/537.36 (KHTML, like Gecko; compatible; GPTBot/1.2; +https://openai.com/gptbot)"
20.171.207.207 - - [11/Sep/2025:04:34:58 +0700] "GET /wp-json/oembed/1.0/embed?format=xml&url=https%3A%2F%2Fvattusacky.vn%2Fface-to-face-video-chats-omegle-vs-ometv-and-their-user-experience%2F HTTP/1.0" 200 3712 "-" "Mozilla/5.0 AppleWebKit/537.36 (KHTML, like Gecko; compatible; GPTBot/1.2; +https://openai.com/gptbot)"
52.204.71.8 - - [11/Sep/2025:04:34:58 +0700] "GET /the-key-to-unlocking-serendipity-online-a-mindset-of-openness-and-curiosity/ HTTP/1.0" 200 93417 "-" "Mozilla/5.0 AppleWebKit/537.36 (KHTML, like Gecko; compatible; Amazonbot/0.1; +https://developer.amazon.com/support/amazonbot) Chrome/119.0.6045.214 Safari/537.36"
5.255.231.28 - - [11/Sep/2025:04:35:02 +0700] "GET /the/phong-xa-alpha/ HTTP/1.0" 200 82296 "-" "Mozilla/5.0 (compatible; YandexBot/3.0; +http://yandex.com/bots)"
54.225.148.123 - - [11/Sep/2025:04:35:02 +0700] "GET /9257-2/ HTTP/1.0" 200 73078 "-" "Mozilla/5.0 AppleWebKit/537.36 (KHTML, like Gecko; compatible; Amazonbot/0.1; +https://developer.amazon.com/support/amazonbot) Chrome/119.0.6045.214 Safari/537.36"
20.171.207.207 - - [11/Sep/2025:04:35:02 +0700] "GET /wp-json/oembed/1.0/embed?format=xml&url=https%3A%2F%2Fvattusacky.vn%2F22bet-nigeria-evaluate-2021-68%2F HTTP/1.0" 200 3504 "-" "Mozilla/5.0 AppleWebKit/537.36 (KHTML, like Gecko; compatible; GPTBot/1.2; +https://openai.com/gptbot)"
20.171.207.207 - - [11/Sep/2025:04:35:06 +0700] "GET /1xbit-casino-evaluate-guide-2022-updated-8/embed/ HTTP/1.0" 200 23357 "-" "Mozilla/5.0 AppleWebKit/537.36 (KHTML, like Gecko; compatible; GPTBot/1.2; +https://openai.com/gptbot)"
20.171.207.207 - - [11/Sep/2025:04:35:09 +0700] "GET /wp-json/oembed/1.0/embed?format=xml&url=https%3A%2F%2Fvattusacky.vn%2Faviator-video-games-and-best-aviator-betting-25%2F HTTP/1.0" 200 3654 "-" "Mozilla/5.0 AppleWebKit/537.36 (KHTML, like Gecko; compatible; GPTBot/1.2; +https://openai.com/gptbot)"
217.113.194.218 - - [11/Sep/2025:04:35:10 +0700] "GET /omegle-and-virtual-reality-exploring-the-possibilities-of-vr-chatting-experiences/ HTTP/1.0" 200 91699 "-" "Mozilla/5.0 (compatible; Barkrowler/0.9; +https://babbar.tech/crawler)"
20.171.207.207 - - [11/Sep/2025:04:35:13 +0700] "GET /loantiennhanh-la-gi-cashberry/embed/ HTTP/1.0" 200 22929 "-" "Mozilla/5.0 AppleWebKit/537.36 (KHTML, like Gecko; compatible; GPTBot/1.2; +https://openai.com/gptbot)"
45.117.177.72 - - [11/Sep/2025:04:35:17 +0700] "POST /wp-cron.php?doing_wp_cron=1757540117.7493228912353515625000 HTTP/1.0" 200 416 "-" "WordPress/6.8.1; https://vattusacky.vn"
20.171.207.207 - - [11/Sep/2025:04:35:16 +0700] "GET /wp-json/oembed/1.0/embed?format=xml&url=https%3A%2F%2Fvattusacky.vn%2F888bet-cell-app-163%2F HTTP/1.0" 200 3441 "-" "Mozilla/5.0 AppleWebKit/537.36 (KHTML, like Gecko; compatible; GPTBot/1.2; +https://openai.com/gptbot)"
20.171.207.207 - - [11/Sep/2025:04:35:20 +0700] "GET /wp-json/oembed/1.0/embed?format=xml&url=https%3A%2F%2Fvattusacky.vn%2Funderstanding-system-error-codes%2F HTTP/1.0" 200 3511 "-" "Mozilla/5.0 AppleWebKit/537.36 (KHTML, like Gecko; compatible; GPTBot/1.2; +https://openai.com/gptbot)"
20.171.207.207 - - [11/Sep/2025:04:35:23 +0700] "GET /face-to-face-video-chats-omegle-vs-ometv-and-their-user-experience/embed/ HTTP/1.0" 200 23611 "-" "Mozilla/5.0 AppleWebKit/537.36 (KHTML, like Gecko; compatible; GPTBot/1.2; +https://openai.com/gptbot)"
20.171.207.207 - - [11/Sep/2025:04:35:27 +0700] "GET /22bet-nigeria-evaluate-2021-68/embed/ HTTP/1.0" 200 23143 "-" "Mozilla/5.0 AppleWebKit/537.36 (KHTML, like Gecko; compatible; GPTBot/1.2; +https://openai.com/gptbot)"
217.113.194.72 - - [11/Sep/2025:04:35:30 +0700] "GET /omegle-for-education-how-teachers-and-students-can-use-it-as-a-learning-tool/ HTTP/1.0" 200 91529 "-" "Mozilla/5.0 (compatible; Barkrowler/0.9; +https://babbar.tech/crawler)"
20.171.207.207 - - [11/Sep/2025:04:35:31 +0700] "GET /wp-json/oembed/1.0/embed?format=xml&url=https%3A%2F%2Fvattusacky.vn%2Fchat-content-filtering-on-omegle%2F HTTP/1.0" 200 3559 "-" "Mozilla/5.0 AppleWebKit/537.36 (KHTML, like Gecko; compatible; GPTBot/1.2; +https://openai.com/gptbot)"
20.171.207.207 - - [11/Sep/2025:04:35:34 +0700] "GET /aviator-video-games-and-best-aviator-betting-25/embed/ HTTP/1.0" 200 23459 "-" "Mozilla/5.0 AppleWebKit/537.36 (KHTML, like Gecko; compatible; GPTBot/1.2; +https://openai.com/gptbot)"
20.171.207.207 - - [11/Sep/2025:04:35:37 +0700] "GET /wp-json/oembed/1.0/embed?format=xml&url=https%3A%2F%2Fvattusacky.vn%2Fhow-to-write-an-essay-2%2F HTTP/1.0" 200 3451 "-" "Mozilla/5.0 AppleWebKit/537.36 (KHTML, like Gecko; compatible; GPTBot/1.2; +https://openai.com/gptbot)"
20.171.207.207 - - [11/Sep/2025:04:35:41 +0700] "GET /888bet-cell-app-163/embed/ HTTP/1.0" 200 23002 "-" "Mozilla/5.0 AppleWebKit/537.36 (KHTML, like Gecko; compatible; GPTBot/1.2; +https://openai.com/gptbot)"
20.171.207.207 - - [11/Sep/2025:04:35:44 +0700] "GET /understanding-system-error-codes/embed/ HTTP/1.0" 200 23180 "-" "Mozilla/5.0 AppleWebKit/537.36 (KHTML, like Gecko; compatible; GPTBot/1.2; +https://openai.com/gptbot)"
20.171.207.207 - - [11/Sep/2025:04:35:47 +0700] "GET /wp-json/oembed/1.0/embed?format=xml&url=https%3A%2F%2Fvattusacky.vn%2F1xbet-zambia-registration-377%2F HTTP/1.0" 200 3489 "-" "Mozilla/5.0 AppleWebKit/537.36 (KHTML, like Gecko; compatible; GPTBot/1.2; +https://openai.com/gptbot)"
217.113.194.217 - - [11/Sep/2025:04:35:50 +0700] "GET /omegle-proxies-what-they-are-and-how-they-impact-your-chat-experience/ HTTP/1.0" 200 78465 "-" "Mozilla/5.0 (compatible; Barkrowler/0.9; +https://babbar.tech/crawler)"
20.171.207.207 - - [11/Sep/2025:04:35:51 +0700] "GET /wp-json/oembed/1.0/embed?format=xml&url=https%3A%2F%2Fvattusacky.vn%2F3999-2%2F HTTP/1.0" 200 5109 "-" "Mozilla/5.0 AppleWebKit/537.36 (KHTML, like Gecko; compatible; GPTBot/1.2; +https://openai.com/gptbot)"
20.171.207.207 - - [11/Sep/2025:04:35:54 +0700] "GET /chat-content-filtering-on-omegle/embed/ HTTP/1.0" 200 23228 "-" "Mozilla/5.0 AppleWebKit/537.36 (KHTML, like Gecko; compatible; GPTBot/1.2; +https://openai.com/gptbot)"
20.171.207.207 - - [11/Sep/2025:04:35:57 +0700] "GET /wp-json/oembed/1.0/embed?format=xml&url=https%3A%2F%2Fvattusacky.vn%2Funveiling-the-differences-omegle-vs-ometv-face-to-face-video-chats%2F HTTP/1.0" 200 3725 "-" "Mozilla/5.0 AppleWebKit/537.36 (KHTML, like Gecko; compatible; GPTBot/1.2; +https://openai.com/gptbot)"
20.171.207.207 - - [11/Sep/2025:04:36:01 +0700] "GET /how-to-write-an-essay-2/embed/ HTTP/1.0" 200 22726 "-" "Mozilla/5.0 AppleWebKit/537.36 (KHTML, like Gecko; compatible; GPTBot/1.2; +https://openai.com/gptbot)"
20.171.207.207 - - [11/Sep/2025:04:36:05 +0700] "GET /wp-json/oembed/1.0/embed?format=xml&url=https%3A%2F%2Fvattusacky.vn%2Fweb-based-antivirus-scan-for-android-mobile%2F HTTP/1.0" 200 3597 "-" "Mozilla/5.0 AppleWebKit/537.36 (KHTML, like Gecko; compatible; GPTBot/1.2; +https://openai.com/gptbot)"
20.171.207.207 - - [11/Sep/2025:04:36:09 +0700] "GET /wp-json/oembed/1.0/embed?format=xml&url=https%3A%2F%2Fvattusacky.vn%2Fa-comprehensive-guide-to-face-to-face-video-chats-on-omegle-and-ometv%2F HTTP/1.0" 200 3758 "-" "Mozilla/5.0 AppleWebKit/537.36 (KHTML, like Gecko; compatible; GPTBot/1.2; +https://openai.com/gptbot)"
217.113.194.77 - - [11/Sep/2025:04:36:09 +0700] "GET /omegles-impact-on-the-lgbtq-community-creating-safe-spaces-for-connection/ HTTP/1.0" 200 92972 "-" "Mozilla/5.0 (compatible; Barkrowler/0.9; +https://babbar.tech/crawler)"
20.171.207.207 - - [11/Sep/2025:04:36:13 +0700] "GET /1xbet-zambia-registration-377/embed/ HTTP/1.0" 200 23120 "-" "Mozilla/5.0 AppleWebKit/537.36 (KHTML, like Gecko; compatible; GPTBot/1.2; +https://openai.com/gptbot)"
45.117.177.72 - - [11/Sep/2025:04:36:17 +0700] "POST /wp-cron.php?doing_wp_cron=1757540177.9229760169982910156250 HTTP/1.0" 200 416 "-" "WordPress/6.8.1; https://vattusacky.vn"
20.171.207.207 - - [11/Sep/2025:04:36:16 +0700] "GET /3999-2/embed/ HTTP/1.0" 200 22965 "-" "Mozilla/5.0 AppleWebKit/537.36 (KHTML, like Gecko; compatible; GPTBot/1.2; +https://openai.com/gptbot)"
20.171.207.207 - - [11/Sep/2025:04:36:21 +0700] "GET /wp-json/oembed/1.0/embed?format=xml&url=https%3A%2F%2Fvattusacky.vn%2F1xbet-como-apostar-en-mexico-bono-de-3-500-en-2023%2F HTTP/1.0" 200 3731 "-" "Mozilla/5.0 AppleWebKit/537.36 (KHTML, like Gecko; compatible; GPTBot/1.2; +https://openai.com/gptbot)"
20.171.207.207 - - [11/Sep/2025:04:36:25 +0700] "GET /unveiling-the-differences-omegle-vs-ometv-face-to-face-video-chats/embed/ HTTP/1.0" 200 23632 "-" "Mozilla/5.0 AppleWebKit/537.36 (KHTML, like Gecko; compatible; GPTBot/1.2; +https://openai.com/gptbot)"
20.171.207.207 - - [11/Sep/2025:04:36:28 +0700] "GET /wp-json/oembed/1.0/embed?format=xml&url=https%3A%2F%2Fvattusacky.vn%2Fhow-to-begin-your-blog-not-having-investment%2F HTTP/1.0" 200 3550 "-" "Mozilla/5.0 AppleWebKit/537.36 (KHTML, like Gecko; compatible; GPTBot/1.2; +https://openai.com/gptbot)"
20.171.207.207 - - [11/Sep/2025:04:36:32 +0700] "GET /web-based-antivirus-scan-for-android-mobile/embed/ HTTP/1.0" 200 23338 "-" "Mozilla/5.0 AppleWebKit/537.36 (KHTML, like Gecko; compatible; GPTBot/1.2; +https://openai.com/gptbot)"
217.113.194.76 - - [11/Sep/2025:04:36:34 +0700] "GET /decoding-the-technology-of-omegle-and-ometv-what-makes-them-tick/ HTTP/1.0" 200 89889 "-" "Mozilla/5.0 (compatible; Barkrowler/0.9; +https://babbar.tech/crawler)"
20.171.207.207 - - [11/Sep/2025:04:36:35 +0700] "GET /a-comprehensive-guide-to-face-to-face-video-chats-on-omegle-and-ometv/embed/ HTTP/1.0" 200 23685 "-" "Mozilla/5.0 AppleWebKit/537.36 (KHTML, like Gecko; compatible; GPTBot/1.2; +https://openai.com/gptbot)"
20.171.207.207 - - [11/Sep/2025:04:36:38 +0700] "GET /wp-json/oembed/1.0/embed?format=xml&url=https%3A%2F%2Fvattusacky.vn%2Fomegle-video-chat-exploring-the-face-to-face-interaction-feature%2F HTTP/1.0" 200 3715 "-" "Mozilla/5.0 AppleWebKit/537.36 (KHTML, like Gecko; compatible; GPTBot/1.2; +https://openai.com/gptbot)"
20.171.207.207 - - [11/Sep/2025:04:36:43 +0700] "GET /wp-json/oembed/1.0/embed?format=xml&url=https%3A%2F%2Fvattusacky.vn%2Fwhat-is-data-exchange%2F HTTP/1.0" 200 3475 "-" "Mozilla/5.0 AppleWebKit/537.36 (KHTML, like Gecko; compatible; GPTBot/1.2; +https://openai.com/gptbot)"
20.171.207.207 - - [11/Sep/2025:04:36:46 +0700] "GET /1xbet-como-apostar-en-mexico-bono-de-3-500-en-2023/embed/ HTTP/1.0" 200 23181 "-" "Mozilla/5.0 AppleWebKit/537.36 (KHTML, like Gecko; compatible; GPTBot/1.2; +https://openai.com/gptbot)"
20.171.207.207 - - [11/Sep/2025:04:36:50 +0700] "GET /wp-json/oembed/1.0/embed?format=xml&url=https%3A%2F%2Fvattusacky.vn%2Fthe-history-of-omegle%2F HTTP/1.0" 200 3444 "-" "Mozilla/5.0 AppleWebKit/537.36 (KHTML, like Gecko; compatible; GPTBot/1.2; +https://openai.com/gptbot)"
20.171.207.207 - - [11/Sep/2025:04:36:53 +0700] "GET /how-to-begin-your-blog-not-having-investment/embed/ HTTP/1.0" 200 23315 "-" "Mozilla/5.0 AppleWebKit/537.36 (KHTML, like Gecko; compatible; GPTBot/1.2; +https://openai.com/gptbot)"
217.113.194.78 - - [11/Sep/2025:04:36:56 +0700] "GET /diversity-on-omegle-embracing-different-cultures-and-backgrounds-in-conversations/ HTTP/1.0" 200 90625 "-" "Mozilla/5.0 (compatible; Barkrowler/0.9; +https://babbar.tech/crawler)"
20.171.207.207 - - [11/Sep/2025:04:36:57 +0700] "GET /wp-json/oembed/1.0/embed?format=xml&url=https%3A%2F%2Fvattusacky.vn%2Fhow-popular-is-omegle%2F HTTP/1.0" 200 3523 "-" "Mozilla/5.0 AppleWebKit/537.36 (KHTML, like Gecko; compatible; GPTBot/1.2; +https://openai.com/gptbot)"
20.171.207.207 - - [11/Sep/2025:04:37:01 +0700] "GET /wp-json/oembed/1.0/embed?format=xml&url=https%3A%2F%2Fvattusacky.vn%2Fenjoy-free-slot-games%2F HTTP/1.0" 200 3430 "-" "Mozilla/5.0 AppleWebKit/537.36 (KHTML, like Gecko; compatible; GPTBot/1.2; +https://openai.com/gptbot)"
20.171.207.207 - - [11/Sep/2025:04:37:04 +0700] "GET /omegle-video-chat-exploring-the-face-to-face-interaction-feature/embed/ HTTP/1.0" 200 23608 "-" "Mozilla/5.0 AppleWebKit/537.36 (KHTML, like Gecko; compatible; GPTBot/1.2; +https://openai.com/gptbot)"
20.171.207.207 - - [11/Sep/2025:04:37:09 +0700] "GET /what-is-data-exchange/embed/ HTTP/1.0" 200 23069 "-" "Mozilla/5.0 AppleWebKit/537.36 (KHTML, like Gecko; compatible; GPTBot/1.2; +https://openai.com/gptbot)"
20.171.207.207 - - [11/Sep/2025:04:37:12 +0700] "GET /wp-json/oembed/1.0/embed?format=xml&url=https%3A%2F%2Fvattusacky.vn%2Fvideo-tutorial-activities-port-models-video-tutorial-activities-3q-collection-of-100-free-video-tutorial-casino-wars-modern-casino-slot%2F HTTP/1.0" 200 4080 "-" "Mozilla/5.0 AppleWebKit/537.36 (KHTML, like Gecko; compatible; GPTBot/1.2; +https://openai.com/gptbot)"
45.117.177.72 - - [11/Sep/2025:04:37:17 +0700] "POST /wp-cron.php?doing_wp_cron=1757540237.1599938869476318359375 HTTP/1.0" 200 416 "-" "WordPress/6.8.1; https://vattusacky.vn"
20.171.207.207 - - [11/Sep/2025:04:37:16 +0700] "GET /the-history-of-omegle/embed/ HTTP/1.0" 200 23036 "-" "Mozilla/5.0 AppleWebKit/537.36 (KHTML, like Gecko; compatible; GPTBot/1.2; +https://openai.com/gptbot)"
217.113.194.74 - - [11/Sep/2025:04:37:16 +0700] "GET /eker-temal-slotun-tatl-dunyas-sugar-rush-oyun-6/ HTTP/1.0" 200 86265 "-" "Mozilla/5.0 (compatible; Barkrowler/0.9; +https://babbar.tech/crawler)"
20.171.207.207 - - [11/Sep/2025:04:37:19 +0700] "GET /wp-json/oembed/1.0/embed?format=xml&url=https%3A%2F%2Fvattusacky.vn%2F5-chuong-trinh-tien-bo-vay-tien-nhanh-tot-nhat-tu-%25e2%2580%258b%25e2%2580%258b%25e2%2580%258b%25e2%2580%258ban-do%2F HTTP/1.0" 200 4431 "-" "Mozilla/5.0 AppleWebKit/537.36 (KHTML, like Gecko; compatible; GPTBot/1.2; +https://openai.com/gptbot)"
20.171.207.207 - - [11/Sep/2025:04:37:23 +0700] "GET /how-popular-is-omegle/embed/ HTTP/1.0" 200 23114 "-" "Mozilla/5.0 AppleWebKit/537.36 (KHTML, like Gecko; compatible; GPTBot/1.2; +https://openai.com/gptbot)"
20.171.207.207 - - [11/Sep/2025:04:37:27 +0700] "GET /enjoy-free-slot-games/embed/ HTTP/1.0" 200 22768 "-" "Mozilla/5.0 AppleWebKit/537.36 (KHTML, like Gecko; compatible; GPTBot/1.2; +https://openai.com/gptbot)"
20.171.207.207 - - [11/Sep/2025:04:37:30 +0700] "GET /wp-json/oembed/1.0/embed?format=xml&url=https%3A%2F%2Fvattusacky.vn%2Fan-overview-of-omegles-user-base%2F HTTP/1.0" 200 3524 "-" "Mozilla/5.0 AppleWebKit/537.36 (KHTML, like Gecko; compatible; GPTBot/1.2; +https://openai.com/gptbot)"
20.171.207.207 - - [11/Sep/2025:04:37:35 +0700] "GET /wp-json/oembed/1.0/embed?format=xml&url=https%3A%2F%2Fvattusacky.vn%2Fwhat-exactly-virtual-info-room-2%2F HTTP/1.0" 200 3812 "-" "Mozilla/5.0 AppleWebKit/537.36 (KHTML, like Gecko; compatible; GPTBot/1.2; +https://openai.com/gptbot)"
217.113.194.74 - - [11/Sep/2025:04:37:37 +0700] "GET /maksim-krippa-statistika-semja-i-fakty-biografija-418/ HTTP/1.0" 200 236743 "-" "Mozilla/5.0 (compatible; Barkrowler/0.9; +https://babbar.tech/crawler)"
20.171.207.207 - - [11/Sep/2025:04:37:38 +0700] "GET /video-tutorial-activities-port-models-video-tutorial-activities-3q-collection-of-100-free-video-tutorial-casino-wars-modern-casino-slot/embed/ HTTP/1.0" 200 24113 "-" "Mozilla/5.0 AppleWebKit/537.36 (KHTML, like Gecko; compatible; GPTBot/1.2; +https://openai.com/gptbot)"
20.171.207.207 - - [11/Sep/2025:04:37:43 +0700] "GET /wp-json/oembed/1.0/embed?format=xml&url=https%3A%2F%2Fvattusacky.vn%2Fpoker-games-list-ethics%2F HTTP/1.0" 200 3621 "-" "Mozilla/5.0 AppleWebKit/537.36 (KHTML, like Gecko; compatible; GPTBot/1.2; +https://openai.com/gptbot)"
20.171.207.207 - - [11/Sep/2025:04:37:46 +0700] "GET /5-chuong-trinh-tien-bo-vay-tien-nhanh-tot-nhat-tu-%e2%80%8b%e2%80%8b%e2%80%8b%e2%80%8ban-do/embed/ HTTP/1.0" 200 23560 "-" "Mozilla/5.0 AppleWebKit/537.36 (KHTML, like Gecko; compatible; GPTBot/1.2; +https://openai.com/gptbot)"
20.171.207.207 - - [11/Sep/2025:04:37:49 +0700] "GET /wp-json/oembed/1.0/embed?format=xml&url=https%3A%2F%2Fvattusacky.vn%2Fomegle-in-the-classroom-enhancing-learning-through-video-chat%2F HTTP/1.0" 200 3713 "-" "Mozilla/5.0 AppleWebKit/537.36 (KHTML, like Gecko; compatible; GPTBot/1.2; +https://openai.com/gptbot)"
20.171.207.207 - - [11/Sep/2025:04:37:53 +0700] "GET /wp-json/oembed/1.0/embed?format=xml&url=https%3A%2F%2Fvattusacky.vn%2Fbet-on-cricket-with-the-fashionable-1xbet-mobile%2F HTTP/1.0" 200 3595 "-" "Mozilla/5.0 AppleWebKit/537.36 (KHTML, like Gecko; compatible; GPTBot/1.2; +https://openai.com/gptbot)"
20.171.207.207 - - [11/Sep/2025:04:37:57 +0700] "GET /an-overview-of-omegles-user-base/embed/ HTTP/1.0" 200 23191 "-" "Mozilla/5.0 AppleWebKit/537.36 (KHTML, like Gecko; compatible; GPTBot/1.2; +https://openai.com/gptbot)"
20.171.207.207 - - [11/Sep/2025:04:38:01 +0700] "GET /what-exactly-virtual-info-room-2/embed/ HTTP/1.0" 200 23333 "-" "Mozilla/5.0 AppleWebKit/537.36 (KHTML, like Gecko; compatible; GPTBot/1.2; +https://openai.com/gptbot)"
20.171.207.207 - - [11/Sep/2025:04:38:04 +0700] "GET /wp-json/oembed/1.0/embed?format=xml&url=https%3A%2F%2Fvattusacky.vn%2F4rabet-official-website-28%2F HTTP/1.0" 200 3467 "-" "Mozilla/5.0 AppleWebKit/537.36 (KHTML, like Gecko; compatible; GPTBot/1.2; +https://openai.com/gptbot)"
154.54.249.200 - - [11/Sep/2025:04:38:05 +0700] "GET /maksim-krippa-biografija-dostizhenija-informacija-278/feed/ HTTP/1.0" 200 1849 "-" "Mozilla/5.0 (compatible; Barkrowler/0.9; +https://babbar.tech/crawler)"
20.171.207.207 - - [11/Sep/2025:04:38:08 +0700] "GET /poker-games-list-ethics/embed/ HTTP/1.0" 200 22827 "-" "Mozilla/5.0 AppleWebKit/537.36 (KHTML, like Gecko; compatible; GPTBot/1.2; +https://openai.com/gptbot)"
20.171.207.207 - - [11/Sep/2025:04:38:11 +0700] "GET /wp-json/oembed/1.0/embed?format=xml&url=https%3A%2F%2Fvattusacky.vn%2Fomegles-content-filter-does-it-really-work%2F HTTP/1.0" 200 3608 "-" "Mozilla/5.0 AppleWebKit/537.36 (KHTML, like Gecko; compatible; GPTBot/1.2; +https://openai.com/gptbot)"
20.171.207.207 - - [11/Sep/2025:04:38:15 +0700] "GET /omegle-in-the-classroom-enhancing-learning-through-video-chat/embed/ HTTP/1.0" 200 23585 "-" "Mozilla/5.0 AppleWebKit/537.36 (KHTML, like Gecko; compatible; GPTBot/1.2; +https://openai.com/gptbot)"
45.117.177.72 - - [11/Sep/2025:04:38:19 +0700] "POST /wp-cron.php?doing_wp_cron=1757540299.6994640827178955078125 HTTP/1.0" 200 416 "-" "WordPress/6.8.1; https://vattusacky.vn"
20.171.207.207 - - [11/Sep/2025:04:38:18 +0700] "GET /bet-on-cricket-with-the-fashionable-1xbet-mobile/embed/ HTTP/1.0" 200 23366 "-" "Mozilla/5.0 AppleWebKit/537.36 (KHTML, like Gecko; compatible; GPTBot/1.2; +https://openai.com/gptbot)"
20.171.207.207 - - [11/Sep/2025:04:38:22 +0700] "GET /wp-json/oembed/1.0/embed?format=xml&url=https%3A%2F%2Fvattusacky.vn%2Fmobile-casino-games-and-mobile-applications%2F HTTP/1.0" 200 3557 "-" "Mozilla/5.0 AppleWebKit/537.36 (KHTML, like Gecko; compatible; GPTBot/1.2; +https://openai.com/gptbot)"
217.113.194.217 - - [11/Sep/2025:04:38:23 +0700] "GET /eharmony-vs-match-kritiken-kosten-benutzer-basis-koordination/feed/ HTTP/1.0" 200 1805 "-" "Mozilla/5.0 (compatible; Barkrowler/0.9; +https://babbar.tech/crawler)"
52.167.144.204 - - [11/Sep/2025:04:38:26 +0700] "GET /the-impact-of-self-discovery-through-omegles-social-experiment/ HTTP/1.0" 200 91925 "-" "Mozilla/5.0 AppleWebKit/537.36 (KHTML, like Gecko; compatible; bingbot/2.0; +http://www.bing.com/bingbot.htm) Chrome/116.0.1938.76 Safari/537.36"
20.171.207.207 - - [11/Sep/2025:04:38:27 +0700] "GET /wp-json/oembed/1.0/embed?format=xml&url=https%3A%2F%2Fvattusacky.vn%2Fkruss%2Fhalmilton-logo%2F HTTP/1.0" 200 4133 "-" "Mozilla/5.0 AppleWebKit/537.36 (KHTML, like Gecko; compatible; GPTBot/1.2; +https://openai.com/gptbot)"
20.171.207.207 - - [11/Sep/2025:04:38:30 +0700] "GET /4rabet-official-website-28/embed/ HTTP/1.0" 200 23074 "-" "Mozilla/5.0 AppleWebKit/537.36 (KHTML, like Gecko; compatible; GPTBot/1.2; +https://openai.com/gptbot)"
20.171.207.207 - - [11/Sep/2025:04:38:34 +0700] "GET /wp-json/oembed/1.0/embed?format=xml&url=https%3A%2F%2Fvattusacky.vn%2Fintroduction-to-omegle%2F HTTP/1.0" 200 3500 "-" "Mozilla/5.0 AppleWebKit/537.36 (KHTML, like Gecko; compatible; GPTBot/1.2; +https://openai.com/gptbot)"
20.171.207.207 - - [11/Sep/2025:04:38:37 +0700] "GET /omegles-content-filter-does-it-really-work/embed/ HTTP/1.0" 200 23345 "-" "Mozilla/5.0 AppleWebKit/537.36 (KHTML, like Gecko; compatible; GPTBot/1.2; +https://openai.com/gptbot)"
20.171.207.207 - - [11/Sep/2025:04:38:40 +0700] "GET /wp-json/oembed/1.0/embed?format=xml&url=https%3A%2F%2Fvattusacky.vn%2Falternatives-to-omegle%2F HTTP/1.0" 200 3485 "-" "Mozilla/5.0 AppleWebKit/537.36 (KHTML, like Gecko; compatible; GPTBot/1.2; +https://openai.com/gptbot)"
217.113.194.78 - - [11/Sep/2025:04:38:41 +0700] "GET /ensuring-personal-safety-video-vs-text-on-omegle-and-ometv/ HTTP/1.0" 200 91630 "-" "Mozilla/5.0 (compatible; Barkrowler/0.9; +https://babbar.tech/crawler)"
20.171.207.207 - - [11/Sep/2025:04:38:45 +0700] "GET /wp-json/oembed/1.0/embed?format=xml&url=https%3A%2F%2Fvattusacky.vn%2Fincome-amended-returns%2F HTTP/1.0" 200 3447 "-" "Mozilla/5.0 AppleWebKit/537.36 (KHTML, like Gecko; compatible; GPTBot/1.2; +https://openai.com/gptbot)"
20.171.207.207 - - [11/Sep/2025:04:38:49 +0700] "GET /mobile-casino-games-and-mobile-applications/embed/ HTTP/1.0" 200 22981 "-" "Mozilla/5.0 AppleWebKit/537.36 (KHTML, like Gecko; compatible; GPTBot/1.2; +https://openai.com/gptbot)"
20.171.207.207 - - [11/Sep/2025:04:38:52 +0700] "GET /kruss/halmilton-logo/embed/ HTTP/1.0" 200 23476 "-" "Mozilla/5.0 AppleWebKit/537.36 (KHTML, like Gecko; compatible; GPTBot/1.2; +https://openai.com/gptbot)"
20.171.207.207 - - [11/Sep/2025:04:38:56 +0700] "GET /wp-json/oembed/1.0/embed?format=xml&url=https%3A%2F%2Fvattusacky.vn%2Fsan-pham%2Fmayquangpho%2F HTTP/1.0" 200 4265 "-" "Mozilla/5.0 AppleWebKit/537.36 (KHTML, like Gecko; compatible; GPTBot/1.2; +https://openai.com/gptbot)"
20.171.207.207 - - [11/Sep/2025:04:38:59 +0700] "GET /introduction-to-omegle/embed/ HTTP/1.0" 200 23096 "-" "Mozilla/5.0 AppleWebKit/537.36 (KHTML, like Gecko; compatible; GPTBot/1.2; +https://openai.com/gptbot)"
217.113.194.81 - - [11/Sep/2025:04:39:01 +0700] "GET /emotional-intelligence-video-vs-text-communication-on-omegle-and-ometv/ HTTP/1.0" 200 92888 "-" "Mozilla/5.0 (compatible; Barkrowler/0.9; +https://babbar.tech/crawler)"
20.171.207.207 - - [11/Sep/2025:04:39:02 +0700] "GET /wp-json/oembed/1.0/embed?format=xml&url=https%3A%2F%2Fvattusacky.vn%2Fkruss%2Fsonoswiss-logo%2F HTTP/1.0" 200 4133 "-" "Mozilla/5.0 AppleWebKit/537.36 (KHTML, like Gecko; compatible; GPTBot/1.2; +https://openai.com/gptbot)"
20.171.207.207 - - [11/Sep/2025:04:39:06 +0700] "GET /alternatives-to-omegle/embed/ HTTP/1.0" 200 23076 "-" "Mozilla/5.0 AppleWebKit/537.36 (KHTML, like Gecko; compatible; GPTBot/1.2; +https://openai.com/gptbot)"
20.171.207.207 - - [11/Sep/2025:04:39:09 +0700] "GET /income-amended-returns/embed/ HTTP/1.0" 200 23034 "-" "Mozilla/5.0 AppleWebKit/537.36 (KHTML, like Gecko; compatible; GPTBot/1.2; +https://openai.com/gptbot)"
20.171.207.207 - - [11/Sep/2025:04:39:12 +0700] "GET /wp-json/oembed/1.0/embed?format=xml&url=https%3A%2F%2Fvattusacky.vn%2Fquantracmautramtich%2F1-6%2F HTTP/1.0" 200 4182 "-" "Mozilla/5.0 AppleWebKit/537.36 (KHTML, like Gecko; compatible; GPTBot/1.2; +https://openai.com/gptbot)"
45.117.177.72 - - [11/Sep/2025:04:39:17 +0700] "POST /wp-cron.php?doing_wp_cron=1757540357.4827370643615722656250 HTTP/1.0" 200 416 "-" "WordPress/6.8.1; https://vattusacky.vn"
20.171.207.207 - - [11/Sep/2025:04:39:16 +0700] "GET /san-pham/mayquangpho/embed/ HTTP/1.0" 200 24947 "-" "Mozilla/5.0 AppleWebKit/537.36 (KHTML, like Gecko; compatible; GPTBot/1.2; +https://openai.com/gptbot)"
20.171.207.207 - - [11/Sep/2025:04:39:19 +0700] "GET /wp-json/oembed/1.0/embed?format=xml&url=https%3A%2F%2Fvattusacky.vn%2Fturkiye-nin-en-yi-online-bahis-irketi-1785%2F HTTP/1.0" 200 3890 "-" "Mozilla/5.0 AppleWebKit/537.36 (KHTML, like Gecko; compatible; GPTBot/1.2; +https://openai.com/gptbot)"
217.113.194.75 - - [11/Sep/2025:04:39:23 +0700] "GET /emotional-intimacy-in-anonymous-omegle-conversations-challenges-and-opportunities/ HTTP/1.0" 200 93172 "-" "Mozilla/5.0 (compatible; Barkrowler/0.9; +https://babbar.tech/crawler)"
20.171.207.207 - - [11/Sep/2025:04:39:23 +0700] "GET /wp-json/oembed/1.0/embed?format=xml&url=https%3A%2F%2Fvattusacky.vn%2Fexploring-omegle-video-chat-experience%2F HTTP/1.0" 200 3587 "-" "Mozilla/5.0 AppleWebKit/537.36 (KHTML, like Gecko; compatible; GPTBot/1.2; +https://openai.com/gptbot)"
20.171.207.207 - - [11/Sep/2025:04:39:28 +0700] "GET /kruss/sonoswiss-logo/embed/ HTTP/1.0" 200 23454 "-" "Mozilla/5.0 AppleWebKit/537.36 (KHTML, like Gecko; compatible; GPTBot/1.2; +https://openai.com/gptbot)"
154.54.249.200 - - [11/Sep/2025:04:39:44 +0700] "GET /unexpected-encounters-unveiling-the-magic-of-omegle-and-ometv/ HTTP/1.0" 200 90432 "-" "Mozilla/5.0 (compatible; Barkrowler/0.9; +https://babbar.tech/crawler)"
217.113.194.75 - - [11/Sep/2025:04:40:06 +0700] "GET /plinko-onlajn-igra-otzyvy-igrokov-o-zarabotke/ HTTP/1.0" 200 235811 "-" "Mozilla/5.0 (compatible; Barkrowler/0.9; +https://babbar.tech/crawler)"
45.117.177.72 - - [11/Sep/2025:04:40:35 +0700] "POST /wp-cron.php?doing_wp_cron=1757540435.4053380489349365234375 HTTP/1.0" 200 416 "-" "WordPress/6.8.1; https://vattusacky.vn"
3.225.9.97 - - [11/Sep/2025:04:40:34 +0700] "GET /play-free-slots-without-registration/ HTTP/1.0" 200 74195 "-" "Mozilla/5.0 AppleWebKit/537.36 (KHTML, like Gecko; compatible; Amazonbot/0.1; +https://developer.amazon.com/support/amazonbot) Chrome/119.0.6045.214 Safari/537.36"
217.113.194.218 - - [11/Sep/2025:04:40:34 +0700] "GET /how-omegle-and-ometv-are-changing-the-way-we-socialize-online/ HTTP/1.0" 200 94407 "-" "Mozilla/5.0 (compatible; Barkrowler/0.9; +https://babbar.tech/crawler)"
18.209.137.234 - - [11/Sep/2025:04:40:38 +0700] "GET /category/sugar-daddy-websites/ HTTP/1.0" 200 59115 "-" "Mozilla/5.0 AppleWebKit/537.36 (KHTML, like Gecko; compatible; Amazonbot/0.1; +https://developer.amazon.com/support/amazonbot) Chrome/119.0.6045.214 Safari/537.36"
20.171.207.6 - - [11/Sep/2025:04:40:45 +0700] "GET /wp-json/oembed/1.0/embed?format=xml&url=https%3A%2F%2Fvattusacky.vn%2Ffunny-encounters-on-omegle%2F HTTP/1.0" 200 3640 "-" "Mozilla/5.0 AppleWebKit/537.36 (KHTML, like Gecko; compatible; GPTBot/1.2; +https://openai.com/gptbot)"
20.171.207.6 - - [11/Sep/2025:04:40:47 +0700] "GET /wp-json/oembed/1.0/embed?format=xml&url=https%3A%2F%2Fvattusacky.vn%2Fsafety-precautions-for-ometv-video-chat%2F HTTP/1.0" 200 3583 "-" "Mozilla/5.0 AppleWebKit/537.36 (KHTML, like Gecko; compatible; GPTBot/1.2; +https://openai.com/gptbot)"
20.171.207.6 - - [11/Sep/2025:04:40:49 +0700] "GET /wp-json/oembed/1.0/embed?format=xml&url=https%3A%2F%2Fvattusacky.vn%2Fis-ometv-safe-for-use%2F HTTP/1.0" 200 3473 "-" "Mozilla/5.0 AppleWebKit/537.36 (KHTML, like Gecko; compatible; GPTBot/1.2; +https://openai.com/gptbot)"
20.171.207.6 - - [11/Sep/2025:04:40:52 +0700] "GET /quantracmautramtich/1-6/embed/ HTTP/1.0" 200 23425 "-" "Mozilla/5.0 AppleWebKit/537.36 (KHTML, like Gecko; compatible; GPTBot/1.2; +https://openai.com/gptbot)"
20.171.207.6 - - [11/Sep/2025:04:40:56 +0700] "GET /wp-json/oembed/1.0/embed?format=xml&url=https%3A%2F%2Fvattusacky.vn%2Fomegle-video-chat-for-language-learning%2F HTTP/1.0" 200 3562 "-" "Mozilla/5.0 AppleWebKit/537.36 (KHTML, like Gecko; compatible; GPTBot/1.2; +https://openai.com/gptbot)"
154.54.249.200 - - [11/Sep/2025:04:40:57 +0700] "GET /surprising-connections-unforgettable-encounters-on-omegle-and-ometv/ HTTP/1.0" 200 79266 "-" "Mozilla/5.0 (compatible; Barkrowler/0.9; +https://babbar.tech/crawler)"
