20.171.207.135 - - [11/Sep/2025:03:50:33 +0700] "GET /wp-json/oembed/1.0/embed?format=xml&url=https%3A%2F%2Fvattusacky.vn%2F%3Fattachment_id%3D693 HTTP/1.0" 200 3495 "-" "Mozilla/5.0 AppleWebKit/537.36 (KHTML, like Gecko; compatible; GPTBot/1.2; +https://openai.com/gptbot)"
20.171.207.135 - - [11/Sep/2025:03:50:36 +0700] "GET /?attachment_id=962/embed/ HTTP/1.0" 301 416 "-" "Mozilla/5.0 AppleWebKit/537.36 (KHTML, like Gecko; compatible; GPTBot/1.2; +https://openai.com/gptbot)"
20.171.207.135 - - [11/Sep/2025:03:50:37 +0700] "GET /?attachment_id=962 HTTP/1.0" 200 198470 "-" "Mozilla/5.0 AppleWebKit/537.36 (KHTML, like Gecko; compatible; GPTBot/1.2; +https://openai.com/gptbot)"
20.171.207.135 - - [11/Sep/2025:03:50:41 +0700] "GET /wp-json/oembed/1.0/embed?format=xml&url=https%3A%2F%2Fvattusacky.vn%2F%3Fattachment_id%3D372 HTTP/1.0" 200 4106 "-" "Mozilla/5.0 AppleWebKit/537.36 (KHTML, like Gecko; compatible; GPTBot/1.2; +https://openai.com/gptbot)"
20.171.207.135 - - [11/Sep/2025:03:50:44 +0700] "GET /?attachment_id=661/embed/ HTTP/1.0" 301 416 "-" "Mozilla/5.0 AppleWebKit/537.36 (KHTML, like Gecko; compatible; GPTBot/1.2; +https://openai.com/gptbot)"
20.171.207.135 - - [11/Sep/2025:03:50:45 +0700] "GET /?attachment_id=661 HTTP/1.0" 200 198159 "-" "Mozilla/5.0 AppleWebKit/537.36 (KHTML, like Gecko; compatible; GPTBot/1.2; +https://openai.com/gptbot)"
20.171.207.135 - - [11/Sep/2025:03:50:49 +0700] "GET /wp-json/oembed/1.0/embed?format=xml&url=https%3A%2F%2Fvattusacky.vn%2F%3Fattachment_id%3D260 HTTP/1.0" 200 4106 "-" "Mozilla/5.0 AppleWebKit/537.36 (KHTML, like Gecko; compatible; GPTBot/1.2; +https://openai.com/gptbot)"
20.171.207.135 - - [11/Sep/2025:03:50:52 +0700] "GET /wp-json/oembed/1.0/embed?format=xml&url=https%3A%2F%2Fvattusacky.vn%2F%3Fattachment_id%3D402 HTTP/1.0" 200 4110 "-" "Mozilla/5.0 AppleWebKit/537.36 (KHTML, like Gecko; compatible; GPTBot/1.2; +https://openai.com/gptbot)"
20.171.207.135 - - [11/Sep/2025:03:50:55 +0700] "GET /?attachment_id=693/embed/ HTTP/1.0" 301 416 "-" "Mozilla/5.0 AppleWebKit/537.36 (KHTML, like Gecko; compatible; GPTBot/1.2; +https://openai.com/gptbot)"
20.171.207.135 - - [11/Sep/2025:03:50:57 +0700] "GET /?attachment_id=693 HTTP/1.0" 200 197767 "-" "Mozilla/5.0 AppleWebKit/537.36 (KHTML, like Gecko; compatible; GPTBot/1.2; +https://openai.com/gptbot)"
20.171.207.135 - - [11/Sep/2025:03:51:01 +0700] "GET /wp-json/oembed/1.0/embed?format=xml&url=https%3A%2F%2Fvattusacky.vn%2F%3Fattachment_id%3D522 HTTP/1.0" 200 4096 "-" "Mozilla/5.0 AppleWebKit/537.36 (KHTML, like Gecko; compatible; GPTBot/1.2; +https://openai.com/gptbot)"
217.113.194.76 - - [11/Sep/2025:03:51:03 +0700] "GET /san-pham/thiet-bi-hieu-chuan-luu-luong-khi/ HTTP/1.0" 200 264469 "-" "Mozilla/5.0 (compatible; Barkrowler/0.9; +https://babbar.tech/crawler)"
20.171.207.135 - - [11/Sep/2025:03:51:04 +0700] "GET /?attachment_id=372/embed/ HTTP/1.0" 301 416 "-" "Mozilla/5.0 AppleWebKit/537.36 (KHTML, like Gecko; compatible; GPTBot/1.2; +https://openai.com/gptbot)"
20.171.207.135 - - [11/Sep/2025:03:51:06 +0700] "GET /?attachment_id=372 HTTP/1.0" 200 197718 "-" "Mozilla/5.0 AppleWebKit/537.36 (KHTML, like Gecko; compatible; GPTBot/1.2; +https://openai.com/gptbot)"
20.171.207.135 - - [11/Sep/2025:03:51:09 +0700] "GET /wp-json/oembed/1.0/embed?format=xml&url=https%3A%2F%2Fvattusacky.vn%2F%3Fattachment_id%3D974 HTTP/1.0" 200 4253 "-" "Mozilla/5.0 AppleWebKit/537.36 (KHTML, like Gecko; compatible; GPTBot/1.2; +https://openai.com/gptbot)"
20.171.207.135 - - [11/Sep/2025:03:51:12 +0700] "GET /wp-json/oembed/1.0/embed?format=xml&url=https%3A%2F%2Fvattusacky.vn%2F%3Fattachment_id%3D682 HTTP/1.0" 200 3346 "-" "Mozilla/5.0 AppleWebKit/537.36 (KHTML, like Gecko; compatible; GPTBot/1.2; +https://openai.com/gptbot)"
45.117.177.72 - - [11/Sep/2025:03:51:17 +0700] "POST /wp-cron.php?doing_wp_cron=1757537477.4366109371185302734375 HTTP/1.0" 200 416 "-" "WordPress/6.8.1; https://vattusacky.vn"
20.171.207.135 - - [11/Sep/2025:03:51:16 +0700] "GET /?attachment_id=402/embed/ HTTP/1.0" 301 416 "-" "Mozilla/5.0 AppleWebKit/537.36 (KHTML, like Gecko; compatible; GPTBot/1.2; +https://openai.com/gptbot)"
20.171.207.135 - - [11/Sep/2025:03:51:17 +0700] "GET /?attachment_id=402 HTTP/1.0" 200 198002 "-" "Mozilla/5.0 AppleWebKit/537.36 (KHTML, like Gecko; compatible; GPTBot/1.2; +https://openai.com/gptbot)"
20.171.207.135 - - [11/Sep/2025:03:51:22 +0700] "GET /?attachment_id=260/embed/ HTTP/1.0" 301 416 "-" "Mozilla/5.0 AppleWebKit/537.36 (KHTML, like Gecko; compatible; GPTBot/1.2; +https://openai.com/gptbot)"
20.171.207.135 - - [11/Sep/2025:03:51:23 +0700] "GET /?attachment_id=260 HTTP/1.0" 200 197763 "-" "Mozilla/5.0 AppleWebKit/537.36 (KHTML, like Gecko; compatible; GPTBot/1.2; +https://openai.com/gptbot)"
20.171.207.135 - - [11/Sep/2025:03:51:27 +0700] "GET /?attachment_id=522/embed/ HTTP/1.0" 301 416 "-" "Mozilla/5.0 AppleWebKit/537.36 (KHTML, like Gecko; compatible; GPTBot/1.2; +https://openai.com/gptbot)"
20.171.207.135 - - [11/Sep/2025:03:51:28 +0700] "GET /?attachment_id=522 HTTP/1.0" 200 197856 "-" "Mozilla/5.0 AppleWebKit/537.36 (KHTML, like Gecko; compatible; GPTBot/1.2; +https://openai.com/gptbot)"
20.171.207.135 - - [11/Sep/2025:03:51:31 +0700] "GET /wp-json/oembed/1.0/embed?format=xml&url=https%3A%2F%2Fvattusacky.vn%2F%3Fattachment_id%3D367 HTTP/1.0" 200 4104 "-" "Mozilla/5.0 AppleWebKit/537.36 (KHTML, like Gecko; compatible; GPTBot/1.2; +https://openai.com/gptbot)"
20.171.207.135 - - [11/Sep/2025:03:51:35 +0700] "GET /?attachment_id=682/embed/ HTTP/1.0" 301 416 "-" "Mozilla/5.0 AppleWebKit/537.36 (KHTML, like Gecko; compatible; GPTBot/1.2; +https://openai.com/gptbot)"
20.171.207.135 - - [11/Sep/2025:03:51:36 +0700] "GET /?attachment_id=682 HTTP/1.0" 200 197478 "-" "Mozilla/5.0 AppleWebKit/537.36 (KHTML, like Gecko; compatible; GPTBot/1.2; +https://openai.com/gptbot)"
217.113.194.76 - - [11/Sep/2025:03:51:37 +0700] "GET /san-pham/may-phan-tich-nuoc-cam-tay-hs-1000plus/ HTTP/1.0" 200 189278 "-" "Mozilla/5.0 (compatible; Barkrowler/0.9; +https://babbar.tech/crawler)"
20.171.207.135 - - [11/Sep/2025:03:51:39 +0700] "GET /?attachment_id=974/embed/ HTTP/1.0" 301 416 "-" "Mozilla/5.0 AppleWebKit/537.36 (KHTML, like Gecko; compatible; GPTBot/1.2; +https://openai.com/gptbot)"
20.171.207.135 - - [11/Sep/2025:03:51:41 +0700] "GET /?attachment_id=974 HTTP/1.0" 200 198323 "-" "Mozilla/5.0 AppleWebKit/537.36 (KHTML, like Gecko; compatible; GPTBot/1.2; +https://openai.com/gptbot)"
20.171.207.135 - - [11/Sep/2025:03:51:44 +0700] "GET /wp-json/oembed/1.0/embed?format=xml&url=https%3A%2F%2Fvattusacky.vn%2F%3Fattachment_id%3D681 HTTP/1.0" 200 3358 "-" "Mozilla/5.0 AppleWebKit/537.36 (KHTML, like Gecko; compatible; GPTBot/1.2; +https://openai.com/gptbot)"
17.241.227.132 - - [11/Sep/2025:03:51:45 +0700] "GET /tips-for-having-a-positive-experience-on-chatroulette-and-omegle/ HTTP/1.0" 200 90736 "-" "Mozilla/5.0 (Macintosh; Intel Mac OS X 10_15_7) AppleWebKit/605.1.15 (KHTML, like Gecko) Version/17.4 Safari/605.1.15 (Applebot/0.1; +http://www.apple.com/go/applebot)"
20.171.207.135 - - [11/Sep/2025:03:51:48 +0700] "GET /wp-json/oembed/1.0/embed?format=xml&url=https%3A%2F%2Fvattusacky.vn%2F%3Fattachment_id%3D778 HTTP/1.0" 200 4138 "-" "Mozilla/5.0 AppleWebKit/537.36 (KHTML, like Gecko; compatible; GPTBot/1.2; +https://openai.com/gptbot)"
20.171.207.135 - - [11/Sep/2025:03:51:51 +0700] "GET /wp-json/oembed/1.0/embed?format=xml&url=https%3A%2F%2Fvattusacky.vn%2Fusing-marijuana-147%2F HTTP/1.0" 200 3547 "-" "Mozilla/5.0 AppleWebKit/537.36 (KHTML, like Gecko; compatible; GPTBot/1.2; +https://openai.com/gptbot)"
20.171.207.135 - - [11/Sep/2025:03:51:54 +0700] "GET /?attachment_id=367/embed/ HTTP/1.0" 301 416 "-" "Mozilla/5.0 AppleWebKit/537.36 (KHTML, like Gecko; compatible; GPTBot/1.2; +https://openai.com/gptbot)"
20.171.207.135 - - [11/Sep/2025:03:51:55 +0700] "GET /?attachment_id=367 HTTP/1.0" 200 197676 "-" "Mozilla/5.0 AppleWebKit/537.36 (KHTML, like Gecko; compatible; GPTBot/1.2; +https://openai.com/gptbot)"
20.171.207.135 - - [11/Sep/2025:03:51:59 +0700] "GET /wp-json/oembed/1.0/embed?format=xml&url=https%3A%2F%2Fvattusacky.vn%2F%3Fattachment_id%3D426 HTTP/1.0" 200 4170 "-" "Mozilla/5.0 AppleWebKit/537.36 (KHTML, like Gecko; compatible; GPTBot/1.2; +https://openai.com/gptbot)"
217.113.194.81 - - [11/Sep/2025:03:52:01 +0700] "GET /san-pham/dc-20b-dc-may-khuay-tron-epa-1311/ HTTP/1.0" 200 116328 "-" "Mozilla/5.0 (compatible; Barkrowler/0.9; +https://babbar.tech/crawler)"
20.171.207.135 - - [11/Sep/2025:03:52:02 +0700] "GET /wp-json/oembed/1.0/embed?format=xml&url=https%3A%2F%2Fvattusacky.vn%2F%3Fattachment_id%3D469 HTTP/1.0" 200 4106 "-" "Mozilla/5.0 AppleWebKit/537.36 (KHTML, like Gecko; compatible; GPTBot/1.2; +https://openai.com/gptbot)"
3.249.151.75 - - [11/Sep/2025:03:52:02 +0700] "GET / HTTP/1.0" 200 60070 "-" "Mozilla/5.0 (compatible; NetcraftSurveyAgent/1.0; +info@netcraft.com)"
20.171.207.135 - - [11/Sep/2025:03:52:06 +0700] "GET /wp-json/oembed/1.0/embed?format=xml&url=https%3A%2F%2Fvattusacky.vn%2F%3Fattachment_id%3D775 HTTP/1.0" 200 4138 "-" "Mozilla/5.0 AppleWebKit/537.36 (KHTML, like Gecko; compatible; GPTBot/1.2; +https://openai.com/gptbot)"
20.171.207.135 - - [11/Sep/2025:03:52:09 +0700] "GET /?attachment_id=681/embed/ HTTP/1.0" 301 416 "-" "Mozilla/5.0 AppleWebKit/537.36 (KHTML, like Gecko; compatible; GPTBot/1.2; +https://openai.com/gptbot)"
20.171.207.135 - - [11/Sep/2025:03:52:10 +0700] "GET /?attachment_id=681 HTTP/1.0" 200 197516 "-" "Mozilla/5.0 AppleWebKit/537.36 (KHTML, like Gecko; compatible; GPTBot/1.2; +https://openai.com/gptbot)"
20.171.207.135 - - [11/Sep/2025:03:52:14 +0700] "GET /using-marijuana-147/embed/ HTTP/1.0" 200 23053 "-" "Mozilla/5.0 AppleWebKit/537.36 (KHTML, like Gecko; compatible; GPTBot/1.2; +https://openai.com/gptbot)"
45.117.177.72 - - [11/Sep/2025:03:52:19 +0700] "POST /wp-cron.php?doing_wp_cron=1757537539.2367799282073974609375 HTTP/1.0" 200 416 "-" "WordPress/6.8.1; https://vattusacky.vn"
20.171.207.135 - - [11/Sep/2025:03:52:18 +0700] "GET /?attachment_id=778/embed/ HTTP/1.0" 301 416 "-" "Mozilla/5.0 AppleWebKit/537.36 (KHTML, like Gecko; compatible; GPTBot/1.2; +https://openai.com/gptbot)"
20.171.207.135 - - [11/Sep/2025:03:52:19 +0700] "GET /?attachment_id=778 HTTP/1.0" 200 197605 "-" "Mozilla/5.0 AppleWebKit/537.36 (KHTML, like Gecko; compatible; GPTBot/1.2; +https://openai.com/gptbot)"
20.171.207.135 - - [11/Sep/2025:03:52:22 +0700] "GET /wp-json/oembed/1.0/embed?format=xml&url=https%3A%2F%2Fvattusacky.vn%2F%3Fattachment_id%3D973 HTTP/1.0" 200 4253 "-" "Mozilla/5.0 AppleWebKit/537.36 (KHTML, like Gecko; compatible; GPTBot/1.2; +https://openai.com/gptbot)"
20.171.207.135 - - [11/Sep/2025:03:52:26 +0700] "GET /?attachment_id=426/embed/ HTTP/1.0" 301 416 "-" "Mozilla/5.0 AppleWebKit/537.36 (KHTML, like Gecko; compatible; GPTBot/1.2; +https://openai.com/gptbot)"
217.113.194.77 - - [11/Sep/2025:03:52:25 +0700] "GET /san-pham/tu-am-bod-175-lit-tc175s-aqualytic/ HTTP/1.0" 200 99670 "-" "Mozilla/5.0 (compatible; Barkrowler/0.9; +https://babbar.tech/crawler)"
20.171.207.135 - - [11/Sep/2025:03:52:27 +0700] "GET /?attachment_id=426 HTTP/1.0" 200 198203 "-" "Mozilla/5.0 AppleWebKit/537.36 (KHTML, like Gecko; compatible; GPTBot/1.2; +https://openai.com/gptbot)"
20.171.207.135 - - [11/Sep/2025:03:52:30 +0700] "GET /?attachment_id=469/embed/ HTTP/1.0" 301 416 "-" "Mozilla/5.0 AppleWebKit/537.36 (KHTML, like Gecko; compatible; GPTBot/1.2; +https://openai.com/gptbot)"
20.171.207.135 - - [11/Sep/2025:03:52:32 +0700] "GET /?attachment_id=469 HTTP/1.0" 200 197603 "-" "Mozilla/5.0 AppleWebKit/537.36 (KHTML, like Gecko; compatible; GPTBot/1.2; +https://openai.com/gptbot)"
20.171.207.135 - - [11/Sep/2025:03:52:36 +0700] "GET /?attachment_id=775/embed/ HTTP/1.0" 301 416 "-" "Mozilla/5.0 AppleWebKit/537.36 (KHTML, like Gecko; compatible; GPTBot/1.2; +https://openai.com/gptbot)"
20.171.207.135 - - [11/Sep/2025:03:52:38 +0700] "GET /?attachment_id=775 HTTP/1.0" 200 197700 "-" "Mozilla/5.0 AppleWebKit/537.36 (KHTML, like Gecko; compatible; GPTBot/1.2; +https://openai.com/gptbot)"
20.171.207.135 - - [11/Sep/2025:03:52:41 +0700] "GET /wp-json/oembed/1.0/embed?format=xml&url=https%3A%2F%2Fvattusacky.vn%2Fbetwinner-4403%2F HTTP/1.0" 200 3441 "-" "Mozilla/5.0 AppleWebKit/537.36 (KHTML, like Gecko; compatible; GPTBot/1.2; +https://openai.com/gptbot)"
20.171.207.135 - - [11/Sep/2025:03:52:44 +0700] "GET /?attachment_id=973/embed/ HTTP/1.0" 301 416 "-" "Mozilla/5.0 AppleWebKit/537.36 (KHTML, like Gecko; compatible; GPTBot/1.2; +https://openai.com/gptbot)"
20.171.207.135 - - [11/Sep/2025:03:52:46 +0700] "GET /?attachment_id=973 HTTP/1.0" 200 198323 "-" "Mozilla/5.0 AppleWebKit/537.36 (KHTML, like Gecko; compatible; GPTBot/1.2; +https://openai.com/gptbot)"
217.113.194.73 - - [11/Sep/2025:03:52:46 +0700] "GET /san-pham/tu-am-bod-225-lit-tc225s-aqualytic/ HTTP/1.0" 200 99673 "-" "Mozilla/5.0 (compatible; Barkrowler/0.9; +https://babbar.tech/crawler)"
20.171.207.135 - - [11/Sep/2025:03:52:49 +0700] "GET /wp-json/oembed/1.0/embed?format=xml&url=https%3A%2F%2Fvattusacky.vn%2F%3Fattachment_id%3D517 HTTP/1.0" 200 4092 "-" "Mozilla/5.0 AppleWebKit/537.36 (KHTML, like Gecko; compatible; GPTBot/1.2; +https://openai.com/gptbot)"
20.171.207.135 - - [11/Sep/2025:03:52:54 +0700] "GET /wp-json/oembed/1.0/embed?format=xml&url=https%3A%2F%2Fvattusacky.vn%2F%3Fattachment_id%3D326 HTTP/1.0" 200 4108 "-" "Mozilla/5.0 AppleWebKit/537.36 (KHTML, like Gecko; compatible; GPTBot/1.2; +https://openai.com/gptbot)"
20.171.207.135 - - [11/Sep/2025:03:52:57 +0700] "GET /wp-json/oembed/1.0/embed?format=xml&url=https%3A%2F%2Fvattusacky.vn%2F%3Fattachment_id%3D660 HTTP/1.0" 200 3588 "-" "Mozilla/5.0 AppleWebKit/537.36 (KHTML, like Gecko; compatible; GPTBot/1.2; +https://openai.com/gptbot)"
20.171.207.135 - - [11/Sep/2025:03:53:01 +0700] "GET /wp-json/oembed/1.0/embed?format=xml&url=https%3A%2F%2Fvattusacky.vn%2F%3Fattachment_id%3D293 HTTP/1.0" 200 4106 "-" "Mozilla/5.0 AppleWebKit/537.36 (KHTML, like Gecko; compatible; GPTBot/1.2; +https://openai.com/gptbot)"
20.171.207.135 - - [11/Sep/2025:03:53:06 +0700] "GET /betwinner-4403/embed/ HTTP/1.0" 200 22965 "-" "Mozilla/5.0 AppleWebKit/537.36 (KHTML, like Gecko; compatible; GPTBot/1.2; +https://openai.com/gptbot)"
20.171.207.135 - - [11/Sep/2025:03:53:09 +0700] "GET /wp-json/oembed/1.0/embed?format=xml&url=https%3A%2F%2Fvattusacky.vn%2F%3Fattachment_id%3D918 HTTP/1.0" 200 3440 "-" "Mozilla/5.0 AppleWebKit/537.36 (KHTML, like Gecko; compatible; GPTBot/1.2; +https://openai.com/gptbot)"
154.54.249.200 - - [11/Sep/2025:03:53:10 +0700] "GET /mostbet-casino-opinie-specjalny-bonus-dla-polakow-202/ HTTP/1.0" 200 94462 "-" "Mozilla/5.0 (compatible; Barkrowler/0.9; +https://babbar.tech/crawler)"
20.171.207.135 - - [11/Sep/2025:03:53:12 +0700] "GET /wp-json/oembed/1.0/embed?format=xml&url=https%3A%2F%2Fvattusacky.vn%2F%3Fattachment_id%3D411 HTTP/1.0" 200 4138 "-" "Mozilla/5.0 AppleWebKit/537.36 (KHTML, like Gecko; compatible; GPTBot/1.2; +https://openai.com/gptbot)"
20.171.207.135 - - [11/Sep/2025:03:53:15 +0700] "GET /?attachment_id=517/embed/ HTTP/1.0" 301 416 "-" "Mozilla/5.0 AppleWebKit/537.36 (KHTML, like Gecko; compatible; GPTBot/1.2; +https://openai.com/gptbot)"
45.117.177.72 - - [11/Sep/2025:03:53:18 +0700] "POST /wp-cron.php?doing_wp_cron=1757537598.0830059051513671875000 HTTP/1.0" 200 416 "-" "WordPress/6.8.1; https://vattusacky.vn"
20.171.207.135 - - [11/Sep/2025:03:53:16 +0700] "GET /?attachment_id=517 HTTP/1.0" 200 197656 "-" "Mozilla/5.0 AppleWebKit/537.36 (KHTML, like Gecko; compatible; GPTBot/1.2; +https://openai.com/gptbot)"
20.171.207.135 - - [11/Sep/2025:03:53:21 +0700] "GET /?attachment_id=326/embed/ HTTP/1.0" 301 416 "-" "Mozilla/5.0 AppleWebKit/537.36 (KHTML, like Gecko; compatible; GPTBot/1.2; +https://openai.com/gptbot)"
20.171.207.135 - - [11/Sep/2025:03:53:22 +0700] "GET /?attachment_id=326 HTTP/1.0" 200 197491 "-" "Mozilla/5.0 AppleWebKit/537.36 (KHTML, like Gecko; compatible; GPTBot/1.2; +https://openai.com/gptbot)"
20.171.207.135 - - [11/Sep/2025:03:53:26 +0700] "GET /?attachment_id=660/embed/ HTTP/1.0" 301 416 "-" "Mozilla/5.0 AppleWebKit/537.36 (KHTML, like Gecko; compatible; GPTBot/1.2; +https://openai.com/gptbot)"
20.171.207.135 - - [11/Sep/2025:03:53:27 +0700] "GET /?attachment_id=660 HTTP/1.0" 200 198402 "-" "Mozilla/5.0 AppleWebKit/537.36 (KHTML, like Gecko; compatible; GPTBot/1.2; +https://openai.com/gptbot)"
20.171.207.135 - - [11/Sep/2025:03:53:31 +0700] "GET /?attachment_id=293/embed/ HTTP/1.0" 301 416 "-" "Mozilla/5.0 AppleWebKit/537.36 (KHTML, like Gecko; compatible; GPTBot/1.2; +https://openai.com/gptbot)"
20.171.207.135 - - [11/Sep/2025:03:53:32 +0700] "GET /?attachment_id=293 HTTP/1.0" 200 197722 "-" "Mozilla/5.0 AppleWebKit/537.36 (KHTML, like Gecko; compatible; GPTBot/1.2; +https://openai.com/gptbot)"
217.113.194.72 - - [11/Sep/2025:03:53:34 +0700] "GET /drip-casino-dostupnye-frispiny-chestnoe-internet/ HTTP/1.0" 200 216867 "-" "Mozilla/5.0 (compatible; Barkrowler/0.9; +https://babbar.tech/crawler)"
20.171.207.135 - - [11/Sep/2025:03:53:36 +0700] "GET /?attachment_id=918/embed/ HTTP/1.0" 301 416 "-" "Mozilla/5.0 AppleWebKit/537.36 (KHTML, like Gecko; compatible; GPTBot/1.2; +https://openai.com/gptbot)"
20.171.207.135 - - [11/Sep/2025:03:53:37 +0700] "GET /?attachment_id=918 HTTP/1.0" 200 197909 "-" "Mozilla/5.0 AppleWebKit/537.36 (KHTML, like Gecko; compatible; GPTBot/1.2; +https://openai.com/gptbot)"
20.171.207.135 - - [11/Sep/2025:03:53:40 +0700] "GET /wp-json/oembed/1.0/embed?format=xml&url=https%3A%2F%2Fvattusacky.vn%2F%3Fattachment_id%3D247 HTTP/1.0" 200 4106 "-" "Mozilla/5.0 AppleWebKit/537.36 (KHTML, like Gecko; compatible; GPTBot/1.2; +https://openai.com/gptbot)"
20.171.207.135 - - [11/Sep/2025:03:53:44 +0700] "GET /?attachment_id=411/embed/ HTTP/1.0" 301 416 "-" "Mozilla/5.0 AppleWebKit/537.36 (KHTML, like Gecko; compatible; GPTBot/1.2; +https://openai.com/gptbot)"
20.171.207.135 - - [11/Sep/2025:03:53:45 +0700] "GET /?attachment_id=411 HTTP/1.0" 200 198119 "-" "Mozilla/5.0 AppleWebKit/537.36 (KHTML, like Gecko; compatible; GPTBot/1.2; +https://openai.com/gptbot)"
20.171.207.135 - - [11/Sep/2025:03:53:49 +0700] "GET /wp-json/oembed/1.0/embed?format=xml&url=https%3A%2F%2Fvattusacky.vn%2F%3Fattachment_id%3D752 HTTP/1.0" 200 4184 "-" "Mozilla/5.0 AppleWebKit/537.36 (KHTML, like Gecko; compatible; GPTBot/1.2; +https://openai.com/gptbot)"
20.171.207.135 - - [11/Sep/2025:03:53:52 +0700] "GET /wp-json/oembed/1.0/embed?format=xml&url=https%3A%2F%2Fvattusacky.vn%2F%3Fattachment_id%3D257 HTTP/1.0" 200 4176 "-" "Mozilla/5.0 AppleWebKit/537.36 (KHTML, like Gecko; compatible; GPTBot/1.2; +https://openai.com/gptbot)"
20.171.207.135 - - [11/Sep/2025:03:53:57 +0700] "GET /wp-json/oembed/1.0/embed?format=xml&url=https%3A%2F%2Fvattusacky.vn%2F%3Fattachment_id%3D533 HTTP/1.0" 200 4148 "-" "Mozilla/5.0 AppleWebKit/537.36 (KHTML, like Gecko; compatible; GPTBot/1.2; +https://openai.com/gptbot)"
217.113.194.218 - - [11/Sep/2025:03:53:57 +0700] "GET /drip-casino-igraj-na-aktualnom-zerkale-demo-sloty-2/ HTTP/1.0" 200 214457 "-" "Mozilla/5.0 (compatible; Barkrowler/0.9; +https://babbar.tech/crawler)"
20.171.207.135 - - [11/Sep/2025:03:54:01 +0700] "GET /wp-json/oembed/1.0/embed?format=xml&url=https%3A%2F%2Fvattusacky.vn%2F%3Fattachment_id%3D418 HTTP/1.0" 200 4142 "-" "Mozilla/5.0 AppleWebKit/537.36 (KHTML, like Gecko; compatible; GPTBot/1.2; +https://openai.com/gptbot)"
20.171.207.135 - - [11/Sep/2025:03:54:05 +0700] "GET /?attachment_id=247/embed/ HTTP/1.0" 301 416 "-" "Mozilla/5.0 AppleWebKit/537.36 (KHTML, like Gecko; compatible; GPTBot/1.2; +https://openai.com/gptbot)"
20.171.207.135 - - [11/Sep/2025:03:54:06 +0700] "GET /?attachment_id=247 HTTP/1.0" 200 197644 "-" "Mozilla/5.0 AppleWebKit/537.36 (KHTML, like Gecko; compatible; GPTBot/1.2; +https://openai.com/gptbot)"
20.171.207.135 - - [11/Sep/2025:03:54:10 +0700] "GET /wp-json/oembed/1.0/embed?format=xml&url=https%3A%2F%2Fvattusacky.vn%2F%3Fattachment_id%3D520 HTTP/1.0" 200 4098 "-" "Mozilla/5.0 AppleWebKit/537.36 (KHTML, like Gecko; compatible; GPTBot/1.2; +https://openai.com/gptbot)"
20.171.207.135 - - [11/Sep/2025:03:54:14 +0700] "GET /wp-json/oembed/1.0/embed?format=xml&url=https%3A%2F%2Fvattusacky.vn%2F%3Fattachment_id%3D675 HTTP/1.0" 200 3455 "-" "Mozilla/5.0 AppleWebKit/537.36 (KHTML, like Gecko; compatible; GPTBot/1.2; +https://openai.com/gptbot)"
45.117.177.72 - - [11/Sep/2025:03:54:19 +0700] "POST /wp-cron.php?doing_wp_cron=1757537659.5220179557800292968750 HTTP/1.0" 200 416 "-" "WordPress/6.8.1; https://vattusacky.vn"
20.171.207.135 - - [11/Sep/2025:03:54:18 +0700] "GET /?attachment_id=752/embed/ HTTP/1.0" 301 416 "-" "Mozilla/5.0 AppleWebKit/537.36 (KHTML, like Gecko; compatible; GPTBot/1.2; +https://openai.com/gptbot)"
20.171.207.135 - - [11/Sep/2025:03:54:19 +0700] "GET /?attachment_id=752 HTTP/1.0" 200 198340 "-" "Mozilla/5.0 AppleWebKit/537.36 (KHTML, like Gecko; compatible; GPTBot/1.2; +https://openai.com/gptbot)"
20.171.207.135 - - [11/Sep/2025:03:54:23 +0700] "GET /?attachment_id=257/embed/ HTTP/1.0" 301 416 "-" "Mozilla/5.0 AppleWebKit/537.36 (KHTML, like Gecko; compatible; GPTBot/1.2; +https://openai.com/gptbot)"
20.171.207.135 - - [11/Sep/2025:03:54:24 +0700] "GET /?attachment_id=257 HTTP/1.0" 200 197992 "-" "Mozilla/5.0 AppleWebKit/537.36 (KHTML, like Gecko; compatible; GPTBot/1.2; +https://openai.com/gptbot)"
20.171.207.135 - - [11/Sep/2025:03:54:28 +0700] "GET /?attachment_id=418/embed/ HTTP/1.0" 301 416 "-" "Mozilla/5.0 AppleWebKit/537.36 (KHTML, like Gecko; compatible; GPTBot/1.2; +https://openai.com/gptbot)"
217.113.194.81 - - [11/Sep/2025:03:54:28 +0700] "GET /exposing-the-dark-side-of-omegle-maintaining-a-secure-online-presence/feed/ HTTP/1.0" 200 1804 "-" "Mozilla/5.0 (compatible; Barkrowler/0.9; +https://babbar.tech/crawler)"
20.171.207.135 - - [11/Sep/2025:03:54:29 +0700] "GET /?attachment_id=418 HTTP/1.0" 200 198089 "-" "Mozilla/5.0 AppleWebKit/537.36 (KHTML, like Gecko; compatible; GPTBot/1.2; +https://openai.com/gptbot)"
20.171.207.135 - - [11/Sep/2025:03:54:33 +0700] "GET /?attachment_id=520/embed/ HTTP/1.0" 301 416 "-" "Mozilla/5.0 AppleWebKit/537.36 (KHTML, like Gecko; compatible; GPTBot/1.2; +https://openai.com/gptbot)"
20.171.207.135 - - [11/Sep/2025:03:54:34 +0700] "GET /?attachment_id=520 HTTP/1.0" 200 197821 "-" "Mozilla/5.0 AppleWebKit/537.36 (KHTML, like Gecko; compatible; GPTBot/1.2; +https://openai.com/gptbot)"
20.171.207.135 - - [11/Sep/2025:03:54:38 +0700] "GET /?attachment_id=675/embed/ HTTP/1.0" 301 416 "-" "Mozilla/5.0 AppleWebKit/537.36 (KHTML, like Gecko; compatible; GPTBot/1.2; +https://openai.com/gptbot)"
20.171.207.135 - - [11/Sep/2025:03:54:39 +0700] "GET /?attachment_id=675 HTTP/1.0" 200 197912 "-" "Mozilla/5.0 AppleWebKit/537.36 (KHTML, like Gecko; compatible; GPTBot/1.2; +https://openai.com/gptbot)"
20.171.207.135 - - [11/Sep/2025:03:54:42 +0700] "GET /wp-json/oembed/1.0/embed?format=xml&url=https%3A%2F%2Fvattusacky.vn%2F%3Fattachment_id%3D965 HTTP/1.0" 200 3967 "-" "Mozilla/5.0 AppleWebKit/537.36 (KHTML, like Gecko; compatible; GPTBot/1.2; +https://openai.com/gptbot)"
213.180.203.206 - - [11/Sep/2025:03:54:45 +0700] "GET /obzor-aviator-igra-2023-igrat-na-realnye-dengi/ HTTP/1.0" 200 248007 "-" "Mozilla/5.0 (compatible; YandexBot/3.0; +http://yandex.com/bots) AppleWebKit/537.36 (KHTML, like Gecko) Chrome/108.0.0.0"
217.113.194.77 - - [11/Sep/2025:03:54:46 +0700] "GET /expanding-horizons-discovering-serendipitous-connections-on-omegle/feed/ HTTP/1.0" 200 1795 "-" "Mozilla/5.0 (compatible; Barkrowler/0.9; +https://babbar.tech/crawler)"
87.250.224.231 - - [11/Sep/2025:03:54:48 +0700] "GET /wp-includes/js/jquery/jquery-migrate.min.js?ver=3.4.1 HTTP/1.0" 200 432 "https://vattusacky.vn/obzor-aviator-igra-2023-igrat-na-realnye-dengi/" "Mozilla/5.0 (compatible; YandexRenderResourcesBot/1.0; +http://yandex.com/bots) AppleWebKit/537.36 (KHTML, like Gecko) Chrome/108.0.0.0"
20.171.207.135 - - [11/Sep/2025:03:54:47 +0700] "GET /wp-json/oembed/1.0/embed?format=xml&url=https%3A%2F%2Fvattusacky.vn%2F%3Fattachment_id%3D398 HTTP/1.0" 200 4076 "-" "Mozilla/5.0 AppleWebKit/537.36 (KHTML, like Gecko; compatible; GPTBot/1.2; +https://openai.com/gptbot)"
95.108.213.241 - - [11/Sep/2025:03:54:49 +0700] "GET /wp-content/themes/tem_techno_v2/js/htg.js HTTP/1.0" 200 1342 "https://vattusacky.vn/obzor-aviator-igra-2023-igrat-na-realnye-dengi/" "Mozilla/5.0 (compatible; YandexRenderResourcesBot/1.0; +http://yandex.com/bots) AppleWebKit/537.36 (KHTML, like Gecko) Chrome/108.0.0.0"
5.255.231.169 - - [11/Sep/2025:03:54:49 +0700] "GET /wp-content/plugins/gridlist-view-for-woocommerce/js/jquery.cookie.js?ver=1.1.8 HTTP/1.0" 200 457 "https://vattusacky.vn/obzor-aviator-igra-2023-igrat-na-realnye-dengi/" "Mozilla/5.0 (compatible; YandexRenderResourcesBot/1.0; +http://yandex.com/bots) AppleWebKit/537.36 (KHTML, like Gecko) Chrome/108.0.0.0"
87.250.224.229 - - [11/Sep/2025:03:54:49 +0700] "GET /wp-content/themes/tem_techno_v2/js/jquerymenu.js HTTP/1.0" 200 437 "https://vattusacky.vn/obzor-aviator-igra-2023-igrat-na-realnye-dengi/" "Mozilla/5.0 (compatible; YandexRenderResourcesBot/1.0; +http://yandex.com/bots) AppleWebKit/537.36 (KHTML, like Gecko) Chrome/108.0.0.0"
213.180.203.166 - - [11/Sep/2025:03:54:49 +0700] "GET /wp-content/themes/tem_techno_v2/inc/js/bootstrap.min.js?ver=6.8.1 HTTP/1.0" 200 444 "https://vattusacky.vn/obzor-aviator-igra-2023-igrat-na-realnye-dengi/" "Mozilla/5.0 (compatible; YandexRenderResourcesBot/1.0; +http://yandex.com/bots) AppleWebKit/537.36 (KHTML, like Gecko) Chrome/108.0.0.0"
213.180.203.116 - - [11/Sep/2025:03:54:49 +0700] "GET /wp-includes/js/jquery/jquery.min.js?ver=3.7.1 HTTP/1.0" 200 424 "https://vattusacky.vn/obzor-aviator-igra-2023-igrat-na-realnye-dengi/" "Mozilla/5.0 (compatible; YandexRenderResourcesBot/1.0; +http://yandex.com/bots) AppleWebKit/537.36 (KHTML, like Gecko) Chrome/108.0.0.0"
213.180.203.223 - - [11/Sep/2025:03:54:49 +0700] "GET /wp-content/themes/tem_techno_v2/inc/js/main.min.js?ver=6.8.1 HTTP/1.0" 200 439 "https://vattusacky.vn/obzor-aviator-igra-2023-igrat-na-realnye-dengi/" "Mozilla/5.0 (compatible; YandexRenderResourcesBot/1.0; +http://yandex.com/bots) AppleWebKit/537.36 (KHTML, like Gecko) Chrome/108.0.0.0"
213.180.203.69 - - [11/Sep/2025:03:54:50 +0700] "GET /wp-content/plugins/gridlist-view-for-woocommerce/js/grid_view.js?ver=1.1.8 HTTP/1.0" 200 453 "https://vattusacky.vn/obzor-aviator-igra-2023-igrat-na-realnye-dengi/" "Mozilla/5.0 (compatible; YandexRenderResourcesBot/1.0; +http://yandex.com/bots) AppleWebKit/537.36 (KHTML, like Gecko) Chrome/108.0.0.0"
95.108.213.204 - - [11/Sep/2025:03:54:50 +0700] "GET /wp-content/themes/tem_techno_v2/js/jquery.simplyscroll.min.js HTTP/1.0" 200 450 "https://vattusacky.vn/obzor-aviator-igra-2023-igrat-na-realnye-dengi/" "Mozilla/5.0 (compatible; YandexRenderResourcesBot/1.0; +http://yandex.com/bots) AppleWebKit/537.36 (KHTML, like Gecko) Chrome/108.0.0.0"
213.180.203.19 - - [11/Sep/2025:03:54:51 +0700] "GET /wp-content/plugins/woocommerce/assets/js/js-cookie/js.cookie.min.js?ver=2.1.4-wc.9.8.3 HTTP/1.0" 200 456 "https://vattusacky.vn/obzor-aviator-igra-2023-igrat-na-realnye-dengi/" "Mozilla/5.0 (compatible; YandexRenderResourcesBot/1.0; +http://yandex.com/bots) AppleWebKit/537.36 (KHTML, like Gecko) Chrome/108.0.0.0"
5.255.231.28 - - [11/Sep/2025:03:54:51 +0700] "GET /wp-content/plugins/woocommerce/assets/js/jquery-blockui/jquery.blockUI.min.js?ver=2.7.0-wc.9.8.3 HTTP/1.0" 200 466 "https://vattusacky.vn/obzor-aviator-igra-2023-igrat-na-realnye-dengi/" "Mozilla/5.0 (compatible; YandexRenderResourcesBot/1.0; +http://yandex.com/bots) AppleWebKit/537.36 (KHTML, like Gecko) Chrome/108.0.0.0"
20.171.207.135 - - [11/Sep/2025:03:54:51 +0700] "GET /wp-json/oembed/1.0/embed?format=xml&url=https%3A%2F%2Fvattusacky.vn%2F%3Fattachment_id%3D773 HTTP/1.0" 200 4190 "-" "Mozilla/5.0 AppleWebKit/537.36 (KHTML, like Gecko; compatible; GPTBot/1.2; +https://openai.com/gptbot)"
213.180.203.122 - - [11/Sep/2025:03:54:52 +0700] "GET /wp-content/themes/tem_techno_v2/js/crawler.js HTTP/1.0" 200 434 "https://vattusacky.vn/obzor-aviator-igra-2023-igrat-na-realnye-dengi/" "Mozilla/5.0 (compatible; YandexRenderResourcesBot/1.0; +http://yandex.com/bots) AppleWebKit/537.36 (KHTML, like Gecko) Chrome/108.0.0.0"
213.180.203.89 - - [11/Sep/2025:03:54:53 +0700] "GET /wp-content/plugins/woocommerce/assets/js/frontend/woocommerce.min.js?ver=9.8.3 HTTP/1.0" 200 457 "https://vattusacky.vn/obzor-aviator-igra-2023-igrat-na-realnye-dengi/" "Mozilla/5.0 (compatible; YandexRenderResourcesBot/1.0; +http://yandex.com/bots) AppleWebKit/537.36 (KHTML, like Gecko) Chrome/108.0.0.0"
213.180.203.206 - - [11/Sep/2025:03:54:54 +0700] "GET /wp-includes/js/dist/hooks.min.js?ver=4d63a3d491d11ffd8ac6 HTTP/1.0" 200 421 "https://vattusacky.vn/obzor-aviator-igra-2023-igrat-na-realnye-dengi/" "Mozilla/5.0 (compatible; YandexRenderResourcesBot/1.0; +http://yandex.com/bots) AppleWebKit/537.36 (KHTML, like Gecko) Chrome/108.0.0.0"
20.171.207.135 - - [11/Sep/2025:03:54:55 +0700] "GET /?attachment_id=533/embed/ HTTP/1.0" 301 416 "-" "Mozilla/5.0 AppleWebKit/537.36 (KHTML, like Gecko; compatible; GPTBot/1.2; +https://openai.com/gptbot)"
87.250.224.233 - - [11/Sep/2025:03:54:56 +0700] "GET /wp-includes/js/dist/i18n.min.js?ver=5e580eb46a90c2b997e6 HTTP/1.0" 200 420 "https://vattusacky.vn/obzor-aviator-igra-2023-igrat-na-realnye-dengi/" "Mozilla/5.0 (compatible; YandexRenderResourcesBot/1.0; +http://yandex.com/bots) AppleWebKit/537.36 (KHTML, like Gecko) Chrome/108.0.0.0"
20.171.207.135 - - [11/Sep/2025:03:54:56 +0700] "GET /?attachment_id=533 HTTP/1.0" 200 197960 "-" "Mozilla/5.0 AppleWebKit/537.36 (KHTML, like Gecko; compatible; GPTBot/1.2; +https://openai.com/gptbot)"
95.108.213.241 - - [11/Sep/2025:03:54:58 +0700] "GET /wp-content/plugins/contact-form-7/includes/swv/js/index.js?ver=6.0.6 HTTP/1.0" 200 447 "https://vattusacky.vn/obzor-aviator-igra-2023-igrat-na-realnye-dengi/" "Mozilla/5.0 (compatible; YandexRenderResourcesBot/1.0; +http://yandex.com/bots) AppleWebKit/537.36 (KHTML, like Gecko) Chrome/108.0.0.0"
87.250.224.229 - - [11/Sep/2025:03:55:00 +0700] "GET /wp-content/plugins/contact-form-7/includes/js/index.js?ver=6.0.6 HTTP/1.0" 200 443 "https://vattusacky.vn/obzor-aviator-igra-2023-igrat-na-realnye-dengi/" "Mozilla/5.0 (compatible; YandexRenderResourcesBot/1.0; +http://yandex.com/bots) AppleWebKit/537.36 (KHTML, like Gecko) Chrome/108.0.0.0"
213.180.203.166 - - [11/Sep/2025:03:55:01 +0700] "GET /wp-content/plugins/content-views-query-and-display-post-page/public/assets/js/cv.js?ver=4.1 HTTP/1.0" 200 472 "https://vattusacky.vn/obzor-aviator-igra-2023-igrat-na-realnye-dengi/" "Mozilla/5.0 (compatible; YandexRenderResourcesBot/1.0; +http://yandex.com/bots) AppleWebKit/537.36 (KHTML, like Gecko) Chrome/108.0.0.0"
20.171.207.135 - - [11/Sep/2025:03:55:00 +0700] "GET /wp-json/oembed/1.0/embed?format=xml&url=https%3A%2F%2Fvattusacky.vn%2F%3Fattachment_id%3D498 HTTP/1.0" 200 4107 "-" "Mozilla/5.0 AppleWebKit/537.36 (KHTML, like Gecko; compatible; GPTBot/1.2; +https://openai.com/gptbot)"
20.171.207.135 - - [11/Sep/2025:03:55:04 +0700] "GET /wp-json/oembed/1.0/embed?format=xml&url=https%3A%2F%2Fvattusacky.vn%2Fbetonred-canl-casino-oyna-canl-casino-sitesii%2F HTTP/1.0" 200 3904 "-" "Mozilla/5.0 AppleWebKit/537.36 (KHTML, like Gecko; compatible; GPTBot/1.2; +https://openai.com/gptbot)"
217.113.194.73 - - [11/Sep/2025:03:55:05 +0700] "GET /xiaomi-poco-f1-flash-file-stock-firmware-gsmdaddy-4/ HTTP/1.0" 200 207832 "-" "Mozilla/5.0 (compatible; Barkrowler/0.9; +https://babbar.tech/crawler)"
20.171.207.135 - - [11/Sep/2025:03:55:08 +0700] "GET /?attachment_id=398/embed/ HTTP/1.0" 301 416 "-" "Mozilla/5.0 AppleWebKit/537.36 (KHTML, like Gecko; compatible; GPTBot/1.2; +https://openai.com/gptbot)"
20.171.207.135 - - [11/Sep/2025:03:55:09 +0700] "GET /?attachment_id=398 HTTP/1.0" 200 197404 "-" "Mozilla/5.0 AppleWebKit/537.36 (KHTML, like Gecko; compatible; GPTBot/1.2; +https://openai.com/gptbot)"
20.171.207.135 - - [11/Sep/2025:03:55:14 +0700] "GET /wp-json/oembed/1.0/embed?format=xml&url=https%3A%2F%2Fvattusacky.vn%2F45-tips-for-a-happy-marriage%2F HTTP/1.0" 200 3550 "-" "Mozilla/5.0 AppleWebKit/537.36 (KHTML, like Gecko; compatible; GPTBot/1.2; +https://openai.com/gptbot)"
45.117.177.72 - - [11/Sep/2025:03:55:19 +0700] "POST /wp-cron.php?doing_wp_cron=1757537718.9400060176849365234375 HTTP/1.0" 200 416 "-" "WordPress/6.8.1; https://vattusacky.vn"
20.171.207.135 - - [11/Sep/2025:03:55:17 +0700] "GET /?attachment_id=965/embed/ HTTP/1.0" 301 416 "-" "Mozilla/5.0 AppleWebKit/537.36 (KHTML, like Gecko; compatible; GPTBot/1.2; +https://openai.com/gptbot)"
20.171.207.135 - - [11/Sep/2025:03:55:19 +0700] "GET /?attachment_id=965 HTTP/1.0" 200 194770 "-" "Mozilla/5.0 AppleWebKit/537.36 (KHTML, like Gecko; compatible; GPTBot/1.2; +https://openai.com/gptbot)"
20.171.207.135 - - [11/Sep/2025:03:55:23 +0700] "GET /?attachment_id=498/embed/ HTTP/1.0" 301 416 "-" "Mozilla/5.0 AppleWebKit/537.36 (KHTML, like Gecko; compatible; GPTBot/1.2; +https://openai.com/gptbot)"
20.171.207.135 - - [11/Sep/2025:03:55:25 +0700] "GET /?attachment_id=498 HTTP/1.0" 200 197720 "-" "Mozilla/5.0 AppleWebKit/537.36 (KHTML, like Gecko; compatible; GPTBot/1.2; +https://openai.com/gptbot)"
20.171.207.135 - - [11/Sep/2025:03:55:28 +0700] "GET /betonred-canl-casino-oyna-canl-casino-sitesii/embed/ HTTP/1.0" 200 23484 "-" "Mozilla/5.0 AppleWebKit/537.36 (KHTML, like Gecko; compatible; GPTBot/1.2; +https://openai.com/gptbot)"
20.171.207.135 - - [11/Sep/2025:03:55:31 +0700] "GET /?attachment_id=773/embed/ HTTP/1.0" 301 416 "-" "Mozilla/5.0 AppleWebKit/537.36 (KHTML, like Gecko; compatible; GPTBot/1.2; +https://openai.com/gptbot)"
20.171.207.135 - - [11/Sep/2025:03:55:33 +0700] "GET /?attachment_id=773 HTTP/1.0" 200 197910 "-" "Mozilla/5.0 AppleWebKit/537.36 (KHTML, like Gecko; compatible; GPTBot/1.2; +https://openai.com/gptbot)"
20.171.207.135 - - [11/Sep/2025:03:55:36 +0700] "GET /45-tips-for-a-happy-marriage/embed/ HTTP/1.0" 200 23337 "-" "Mozilla/5.0 AppleWebKit/537.36 (KHTML, like Gecko; compatible; GPTBot/1.2; +https://openai.com/gptbot)"
217.113.194.73 - - [11/Sep/2025:03:55:37 +0700] "GET /connecting-the-unconnected-omegle-and-ometvs-role-in-digital-inclusion/ HTTP/1.0" 200 93367 "-" "Mozilla/5.0 (compatible; Barkrowler/0.9; +https://babbar.tech/crawler)"
20.171.207.135 - - [11/Sep/2025:03:55:40 +0700] "GET /wp-json/oembed/1.0/embed?format=xml&url=https%3A%2F%2Fvattusacky.vn%2Fsan-pham%2Fhtturb-d0-do-duc%2F HTTP/1.0" 200 4070 "-" "Mozilla/5.0 AppleWebKit/537.36 (KHTML, like Gecko; compatible; GPTBot/1.2; +https://openai.com/gptbot)"
20.171.207.135 - - [11/Sep/2025:03:55:43 +0700] "GET /wp-json/oembed/1.0/embed?format=xml&url=https%3A%2F%2Fvattusacky.vn%2Fis-alcohol-a-gateway-drug%2F HTTP/1.0" 200 3613 "-" "Mozilla/5.0 AppleWebKit/537.36 (KHTML, like Gecko; compatible; GPTBot/1.2; +https://openai.com/gptbot)"
20.171.207.135 - - [11/Sep/2025:03:55:48 +0700] "GET /wp-json/oembed/1.0/embed?format=xml&url=https%3A%2F%2Fvattusacky.vn%2Fdianabol-ds-price-in-uae%2F HTTP/1.0" 200 3596 "-" "Mozilla/5.0 AppleWebKit/537.36 (KHTML, like Gecko; compatible; GPTBot/1.2; +https://openai.com/gptbot)"
20.171.207.135 - - [11/Sep/2025:03:55:52 +0700] "GET /wp-json/oembed/1.0/embed?format=xml&url=https%3A%2F%2Fvattusacky.vn%2Fwhy-do-people-get-married%2F HTTP/1.0" 200 3590 "-" "Mozilla/5.0 AppleWebKit/537.36 (KHTML, like Gecko; compatible; GPTBot/1.2; +https://openai.com/gptbot)"
20.171.207.135 - - [11/Sep/2025:03:55:55 +0700] "GET /wp-json/oembed/1.0/embed?format=xml&url=https%3A%2F%2Fvattusacky.vn%2Fways-to-rank-sexcam-sites%2F HTTP/1.0" 200 3687 "-" "Mozilla/5.0 AppleWebKit/537.36 (KHTML, like Gecko; compatible; GPTBot/1.2; +https://openai.com/gptbot)"
217.113.194.76 - - [11/Sep/2025:03:55:58 +0700] "GET /connecting-with-the-world-cultural-exchanges-on-omegle-and-ometv/feed/ HTTP/1.0" 200 1789 "-" "Mozilla/5.0 (compatible; Barkrowler/0.9; +https://babbar.tech/crawler)"
20.171.207.135 - - [11/Sep/2025:03:55:59 +0700] "GET /wp-json/oembed/1.0/embed?format=xml&url=https%3A%2F%2Fvattusacky.vn%2Fhow-to-play-casino-online%2F HTTP/1.0" 200 3443 "-" "Mozilla/5.0 AppleWebKit/537.36 (KHTML, like Gecko; compatible; GPTBot/1.2; +https://openai.com/gptbot)"
87.250.224.233 - - [11/Sep/2025:03:56:03 +0700] "GET /wp-content/plugins/yith-woocommerce-category-accordion-premium/assets/js/ywcca_accordion.min.js?ver=1.0.12 HTTP/1.0" 200 484 "https://vattusacky.vn/obzor-aviator-igra-2023-igrat-na-realnye-dengi/" "Mozilla/5.0 (compatible; YandexRenderResourcesBot/1.0; +http://yandex.com/bots) AppleWebKit/537.36 (KHTML, like Gecko) Chrome/108.0.0.0"
20.171.207.135 - - [11/Sep/2025:03:56:02 +0700] "GET /wp-json/oembed/1.0/embed?format=xml&url=https%3A%2F%2Fvattusacky.vn%2Fzajm-sms-zajm-ot-finterra%2F HTTP/1.0" 200 6090 "-" "Mozilla/5.0 AppleWebKit/537.36 (KHTML, like Gecko; compatible; GPTBot/1.2; +https://openai.com/gptbot)"
95.108.213.241 - - [11/Sep/2025:03:56:05 +0700] "GET /wp-content/plugins/yith-woocommerce-category-accordion-premium/assets/js/jquery.hoverIntent.min.js?ver=1.0.12 HTTP/1.0" 200 487 "https://vattusacky.vn/obzor-aviator-igra-2023-igrat-na-realnye-dengi/" "Mozilla/5.0 (compatible; YandexRenderResourcesBot/1.0; +http://yandex.com/bots) AppleWebKit/537.36 (KHTML, like Gecko) Chrome/108.0.0.0"
87.250.224.229 - - [11/Sep/2025:03:56:06 +0700] "GET /wp-content/plugins/woocommerce/assets/js/sourcebuster/sourcebuster.min.js?ver=9.8.3 HTTP/1.0" 200 462 "https://vattusacky.vn/obzor-aviator-igra-2023-igrat-na-realnye-dengi/" "Mozilla/5.0 (compatible; YandexRenderResourcesBot/1.0; +http://yandex.com/bots) AppleWebKit/537.36 (KHTML, like Gecko) Chrome/108.0.0.0"
20.171.207.135 - - [11/Sep/2025:03:56:05 +0700] "GET /san-pham/htturb-d0-do-duc/embed/ HTTP/1.0" 200 24617 "-" "Mozilla/5.0 AppleWebKit/537.36 (KHTML, like Gecko; compatible; GPTBot/1.2; +https://openai.com/gptbot)"
213.180.203.166 - - [11/Sep/2025:03:56:08 +0700] "GET /wp-content/plugins/woocommerce/assets/js/frontend/order-attribution.min.js?ver=9.8.3 HTTP/1.0" 200 463 "https://vattusacky.vn/obzor-aviator-igra-2023-igrat-na-realnye-dengi/" "Mozilla/5.0 (compatible; YandexRenderResourcesBot/1.0; +http://yandex.com/bots) AppleWebKit/537.36 (KHTML, like Gecko) Chrome/108.0.0.0"
213.180.203.116 - - [11/Sep/2025:03:56:09 +0700] "GET /wp-includes/js/wp-emoji-release.min.js?ver=6.8.1 HTTP/1.0" 200 427 "https://vattusacky.vn/obzor-aviator-igra-2023-igrat-na-realnye-dengi/" "Mozilla/5.0 (compatible; YandexRenderResourcesBot/1.0; +http://yandex.com/bots) AppleWebKit/537.36 (KHTML, like Gecko) Chrome/108.0.0.0"
213.180.203.223 - - [11/Sep/2025:03:56:09 +0700] "GET /wp-includes/js/comment-reply.min.js?ver=6.8.1 HTTP/1.0" 200 424 "https://vattusacky.vn/obzor-aviator-igra-2023-igrat-na-realnye-dengi/" "Mozilla/5.0 (compatible; YandexRenderResourcesBot/1.0; +http://yandex.com/bots) AppleWebKit/537.36 (KHTML, like Gecko) Chrome/108.0.0.0"
20.171.207.135 - - [11/Sep/2025:03:56:10 +0700] "GET /dianabol-ds-price-in-uae/embed/ HTTP/1.0" 200 23109 "-" "Mozilla/5.0 AppleWebKit/537.36 (KHTML, like Gecko; compatible; GPTBot/1.2; +https://openai.com/gptbot)"
95.108.213.204 - - [11/Sep/2025:03:56:14 +0700] "GET /wp-content/uploads/2016/09/cropped-logo-vietnguyen2-32x32.png HTTP/1.0" 200 437 "https://vattusacky.vn/obzor-aviator-igra-2023-igrat-na-realnye-dengi/" "Mozilla/5.0 (compatible; YandexRenderResourcesBot/1.0; +http://yandex.com/bots) AppleWebKit/537.36 (KHTML, like Gecko) Chrome/108.0.0.0"
20.171.207.135 - - [11/Sep/2025:03:56:13 +0700] "GET /is-alcohol-a-gateway-drug/embed/ HTTP/1.0" 200 23135 "-" "Mozilla/5.0 AppleWebKit/537.36 (KHTML, like Gecko; compatible; GPTBot/1.2; +https://openai.com/gptbot)"
45.117.177.72 - - [11/Sep/2025:03:56:17 +0700] "POST /wp-cron.php?doing_wp_cron=1757537777.6050078868865966796875 HTTP/1.0" 200 416 "-" "WordPress/6.8.1; https://vattusacky.vn"
217.113.194.72 - - [11/Sep/2025:03:56:16 +0700] "GET /embracing-serendipity-unveiling-unexpected-collaborations-on-omegle/feed/ HTTP/1.0" 200 1798 "-" "Mozilla/5.0 (compatible; Barkrowler/0.9; +https://babbar.tech/crawler)"
20.171.207.135 - - [11/Sep/2025:03:56:16 +0700] "GET /why-do-people-get-married/embed/ HTTP/1.0" 200 23094 "-" "Mozilla/5.0 AppleWebKit/537.36 (KHTML, like Gecko; compatible; GPTBot/1.2; +https://openai.com/gptbot)"
20.171.207.135 - - [11/Sep/2025:03:56:21 +0700] "GET /ways-to-rank-sexcam-sites/embed/ HTTP/1.0" 200 23145 "-" "Mozilla/5.0 AppleWebKit/537.36 (KHTML, like Gecko; compatible; GPTBot/1.2; +https://openai.com/gptbot)"
20.171.207.135 - - [11/Sep/2025:03:56:24 +0700] "GET /how-to-play-casino-online/embed/ HTTP/1.0" 200 22794 "-" "Mozilla/5.0 AppleWebKit/537.36 (KHTML, like Gecko; compatible; GPTBot/1.2; +https://openai.com/gptbot)"
5.255.231.28 - - [11/Sep/2025:03:56:24 +0700] "GET /the/dong-chay-kenh-ho/ HTTP/1.0" 200 81460 "-" "Mozilla/5.0 (compatible; YandexBot/3.0; +http://yandex.com/bots)"
213.180.203.89 - - [11/Sep/2025:03:56:26 +0700] "GET /the-role-of-collaboration-in-art-insights-from-omegle-artists/ HTTP/1.0" 200 80023 "-" "Mozilla/5.0 (compatible; YandexBot/3.0; +http://yandex.com/bots)"
20.171.207.135 - - [11/Sep/2025:03:56:27 +0700] "GET /zajm-sms-zajm-ot-finterra/embed/ HTTP/1.0" 200 23660 "-" "Mozilla/5.0 AppleWebKit/537.36 (KHTML, like Gecko; compatible; GPTBot/1.2; +https://openai.com/gptbot)"
20.171.207.135 - - [11/Sep/2025:03:56:30 +0700] "GET /wp-json/oembed/1.0/embed?format=xml&url=https%3A%2F%2Fvattusacky.vn%2Fhow-to-get-essays-online%2F HTTP/1.0" 200 3447 "-" "Mozilla/5.0 AppleWebKit/537.36 (KHTML, like Gecko; compatible; GPTBot/1.2; +https://openai.com/gptbot)"
20.171.207.135 - - [11/Sep/2025:03:56:34 +0700] "GET /wp-json/oembed/1.0/embed?format=xml&url=https%3A%2F%2Fvattusacky.vn%2Fwhat-is-omegle-and-ometv%2F HTTP/1.0" 200 3492 "-" "Mozilla/5.0 AppleWebKit/537.36 (KHTML, like Gecko; compatible; GPTBot/1.2; +https://openai.com/gptbot)"
217.113.194.81 - - [11/Sep/2025:03:56:35 +0700] "GET /embracing-spontaneity-the-allure-of-omegles-random-pairings/ HTTP/1.0" 200 91812 "-" "Mozilla/5.0 (compatible; Barkrowler/0.9; +https://babbar.tech/crawler)"
20.171.207.135 - - [11/Sep/2025:03:56:37 +0700] "GET /wp-json/oembed/1.0/embed?format=xml&url=https%3A%2F%2Fvattusacky.vn%2Fexploring-omegles-anonymous-chat-and-video-chat-options%2F HTTP/1.0" 200 3692 "-" "Mozilla/5.0 AppleWebKit/537.36 (KHTML, like Gecko; compatible; GPTBot/1.2; +https://openai.com/gptbot)"
20.171.207.135 - - [11/Sep/2025:03:56:41 +0700] "GET /wp-json/oembed/1.0/embed?format=xml&url=https%3A%2F%2Fvattusacky.vn%2Fconclusion-the-transformation-of-omegle-through-video%2F HTTP/1.0" 200 3640 "-" "Mozilla/5.0 AppleWebKit/537.36 (KHTML, like Gecko; compatible; GPTBot/1.2; +https://openai.com/gptbot)"
20.171.207.135 - - [11/Sep/2025:03:56:44 +0700] "GET /wp-json/oembed/1.0/embed?format=xml&url=https%3A%2F%2Fvattusacky.vn%2Fvirtual-connections-omegles-video-chat-potential%2F HTTP/1.0" 200 3640 "-" "Mozilla/5.0 AppleWebKit/537.36 (KHTML, like Gecko; compatible; GPTBot/1.2; +https://openai.com/gptbot)"
20.171.207.135 - - [11/Sep/2025:03:56:49 +0700] "GET /wp-json/oembed/1.0/embed?format=xml&url=https%3A%2F%2Fvattusacky.vn%2Fthe-pros-and-cons-of-omegle-and-ometv-face-to-face-video-chats%2F HTTP/1.0" 200 3683 "-" "Mozilla/5.0 AppleWebKit/537.36 (KHTML, like Gecko; compatible; GPTBot/1.2; +https://openai.com/gptbot)"
20.171.207.135 - - [11/Sep/2025:03:56:52 +0700] "GET /wp-json/oembed/1.0/embed?format=xml&url=https%3A%2F%2Fvattusacky.vn%2F50-tl-deneme-bonusu-veren-siteler-deneme-bonusu%2F HTTP/1.0" 200 3908 "-" "Mozilla/5.0 AppleWebKit/537.36 (KHTML, like Gecko; compatible; GPTBot/1.2; +https://openai.com/gptbot)"
20.171.207.135 - - [11/Sep/2025:03:56:56 +0700] "GET /how-to-get-essays-online/embed/ HTTP/1.0" 200 22765 "-" "Mozilla/5.0 AppleWebKit/537.36 (KHTML, like Gecko; compatible; GPTBot/1.2; +https://openai.com/gptbot)"
217.113.194.217 - - [11/Sep/2025:03:56:57 +0700] "GET /embracing-the-virtual-magic-unveiling-the-power-of-omegles-serendipity/feed/ HTTP/1.0" 200 1807 "-" "Mozilla/5.0 (compatible; Barkrowler/0.9; +https://babbar.tech/crawler)"
20.171.207.135 - - [11/Sep/2025:03:56:59 +0700] "GET /what-is-omegle-and-ometv/embed/ HTTP/1.0" 200 23105 "-" "Mozilla/5.0 AppleWebKit/537.36 (KHTML, like Gecko; compatible; GPTBot/1.2; +https://openai.com/gptbot)"
20.171.207.135 - - [11/Sep/2025:03:57:02 +0700] "GET /exploring-omegles-anonymous-chat-and-video-chat-options/embed/ HTTP/1.0" 200 23546 "-" "Mozilla/5.0 AppleWebKit/537.36 (KHTML, like Gecko; compatible; GPTBot/1.2; +https://openai.com/gptbot)"
20.171.207.135 - - [11/Sep/2025:03:57:06 +0700] "GET /conclusion-the-transformation-of-omegle-through-video/embed/ HTTP/1.0" 200 23456 "-" "Mozilla/5.0 AppleWebKit/537.36 (KHTML, like Gecko; compatible; GPTBot/1.2; +https://openai.com/gptbot)"
20.171.207.135 - - [11/Sep/2025:03:57:10 +0700] "GET /virtual-connections-omegles-video-chat-potential/embed/ HTTP/1.0" 200 23420 "-" "Mozilla/5.0 AppleWebKit/537.36 (KHTML, like Gecko; compatible; GPTBot/1.2; +https://openai.com/gptbot)"
20.171.207.135 - - [11/Sep/2025:03:57:14 +0700] "GET /the-pros-and-cons-of-omegle-and-ometv-face-to-face-video-chats/embed/ HTTP/1.0" 200 23554 "-" "Mozilla/5.0 AppleWebKit/537.36 (KHTML, like Gecko; compatible; GPTBot/1.2; +https://openai.com/gptbot)"
45.117.177.72 - - [11/Sep/2025:03:57:18 +0700] "POST /wp-cron.php?doing_wp_cron=1757537838.3024768829345703125000 HTTP/1.0" 200 416 "-" "WordPress/6.8.1; https://vattusacky.vn"
217.113.194.78 - - [11/Sep/2025:03:57:17 +0700] "GET /embracing-the-unknown-exploring-omegles-serendipitous-encounters/feed/ HTTP/1.0" 200 1789 "-" "Mozilla/5.0 (compatible; Barkrowler/0.9; +https://babbar.tech/crawler)"
20.171.207.135 - - [11/Sep/2025:03:57:18 +0700] "GET /50-tl-deneme-bonusu-veren-siteler-deneme-bonusu/embed/ HTTP/1.0" 200 23679 "-" "Mozilla/5.0 AppleWebKit/537.36 (KHTML, like Gecko; compatible; GPTBot/1.2; +https://openai.com/gptbot)"
20.171.207.135 - - [11/Sep/2025:03:57:21 +0700] "GET /wp-json/oembed/1.0/embed?format=xml&url=https%3A%2F%2Fvattusacky.vn%2Femotional-intelligence-video-vs-text-communication-on-omegle-and-ometv%2F HTTP/1.0" 200 3763 "-" "Mozilla/5.0 AppleWebKit/537.36 (KHTML, like Gecko; compatible; GPTBot/1.2; +https://openai.com/gptbot)"
20.171.207.135 - - [11/Sep/2025:03:57:24 +0700] "GET /wp-json/oembed/1.0/embed?format=xml&url=https%3A%2F%2Fvattusacky.vn%2Fguvenilir-anadolu-en-iyi-casino-sitesii-2%2F HTTP/1.0" 200 3765 "-" "Mozilla/5.0 AppleWebKit/537.36 (KHTML, like Gecko; compatible; GPTBot/1.2; +https://openai.com/gptbot)"
20.171.207.135 - - [11/Sep/2025:03:57:27 +0700] "GET /wp-json/oembed/1.0/embed?format=xml&url=https%3A%2F%2Fvattusacky.vn%2Flos-casinos-online-mas-populares-en-chile%2F HTTP/1.0" 200 3652 "-" "Mozilla/5.0 AppleWebKit/537.36 (KHTML, like Gecko; compatible; GPTBot/1.2; +https://openai.com/gptbot)"
20.171.207.135 - - [11/Sep/2025:03:57:31 +0700] "GET /wp-json/oembed/1.0/embed?format=xml&url=https%3A%2F%2Fvattusacky.vn%2Fmight-cbd-acquire-me-substantial%2F HTTP/1.0" 200 3593 "-" "Mozilla/5.0 AppleWebKit/537.36 (KHTML, like Gecko; compatible; GPTBot/1.2; +https://openai.com/gptbot)"
217.113.194.76 - - [11/Sep/2025:03:57:34 +0700] "GET /guarding-against-the-dark-side-of-omegle-empowering-online-safety-measures/feed/ HTTP/1.0" 200 1819 "-" "Mozilla/5.0 (compatible; Barkrowler/0.9; +https://babbar.tech/crawler)"
20.171.207.135 - - [11/Sep/2025:03:57:34 +0700] "GET /wp-json/oembed/1.0/embed?format=xml&url=https%3A%2F%2Fvattusacky.vn%2Fprecisely-what-is-bdsm-meaning%2F HTTP/1.0" 200 3570 "-" "Mozilla/5.0 AppleWebKit/537.36 (KHTML, like Gecko; compatible; GPTBot/1.2; +https://openai.com/gptbot)"
20.171.207.135 - - [11/Sep/2025:03:57:38 +0700] "GET /wp-json/oembed/1.0/embed?format=xml&url=https%3A%2F%2Fvattusacky.vn%2Ffinding-a-sugardaddy-in-australia%2F HTTP/1.0" 200 3687 "-" "Mozilla/5.0 AppleWebKit/537.36 (KHTML, like Gecko; compatible; GPTBot/1.2; +https://openai.com/gptbot)"
20.171.207.135 - - [11/Sep/2025:03:57:42 +0700] "GET /emotional-intelligence-video-vs-text-communication-on-omegle-and-ometv/embed/ HTTP/1.0" 200 23698 "-" "Mozilla/5.0 AppleWebKit/537.36 (KHTML, like Gecko; compatible; GPTBot/1.2; +https://openai.com/gptbot)"
20.171.207.135 - - [11/Sep/2025:03:57:46 +0700] "GET /wp-json/oembed/1.0/embed?format=xml&url=https%3A%2F%2Fvattusacky.vn%2Fideal-virus-protection-for-mac%2F HTTP/1.0" 200 3572 "-" "Mozilla/5.0 AppleWebKit/537.36 (KHTML, like Gecko; compatible; GPTBot/1.2; +https://openai.com/gptbot)"
20.171.207.135 - - [11/Sep/2025:03:57:51 +0700] "GET /guvenilir-anadolu-en-iyi-casino-sitesii-2/embed/ HTTP/1.0" 200 23352 "-" "Mozilla/5.0 AppleWebKit/537.36 (KHTML, like Gecko; compatible; GPTBot/1.2; +https://openai.com/gptbot)"
217.113.194.77 - - [11/Sep/2025:03:57:52 +0700] "GET /gate-of-olympus-slot-demo-renkli-dunyada-buyuk-2/ HTTP/1.0" 200 87091 "-" "Mozilla/5.0 (compatible; Barkrowler/0.9; +https://babbar.tech/crawler)"
20.171.207.135 - - [11/Sep/2025:03:57:55 +0700] "GET /los-casinos-online-mas-populares-en-chile/embed/ HTTP/1.0" 200 23076 "-" "Mozilla/5.0 AppleWebKit/537.36 (KHTML, like Gecko; compatible; GPTBot/1.2; +https://openai.com/gptbot)"
20.171.207.135 - - [11/Sep/2025:03:57:58 +0700] "GET /might-cbd-acquire-me-substantial/embed/ HTTP/1.0" 200 23263 "-" "Mozilla/5.0 AppleWebKit/537.36 (KHTML, like Gecko; compatible; GPTBot/1.2; +https://openai.com/gptbot)"
20.171.207.135 - - [11/Sep/2025:03:58:02 +0700] "GET /precisely-what-is-bdsm-meaning/embed/ HTTP/1.0" 200 23227 "-" "Mozilla/5.0 AppleWebKit/537.36 (KHTML, like Gecko; compatible; GPTBot/1.2; +https://openai.com/gptbot)"
20.171.207.135 - - [11/Sep/2025:03:58:05 +0700] "GET /finding-a-sugardaddy-in-australia/embed/ HTTP/1.0" 200 23179 "-" "Mozilla/5.0 AppleWebKit/537.36 (KHTML, like Gecko; compatible; GPTBot/1.2; +https://openai.com/gptbot)"
