20.171.207.6 - - [11/Sep/2025:04:41:01 +0700] "GET /wp-json/oembed/1.0/embed?format=xml&url=https%3A%2F%2Fvattusacky.vn%2Fexperience-the-excitement-experience-the-exciting%2F HTTP/1.0" 200 3795 "-" "Mozilla/5.0 AppleWebKit/537.36 (KHTML, like Gecko; compatible; GPTBot/1.2; +https://openai.com/gptbot)"
20.171.207.6 - - [11/Sep/2025:04:41:06 +0700] "GET /turkiye-nin-en-yi-online-bahis-irketi-1785/embed/ HTTP/1.0" 200 23483 "-" "Mozilla/5.0 AppleWebKit/537.36 (KHTML, like Gecko; compatible; GPTBot/1.2; +https://openai.com/gptbot)"
20.171.207.6 - - [11/Sep/2025:04:41:10 +0700] "GET /wp-json/oembed/1.0/embed?format=xml&url=https%3A%2F%2Fvattusacky.vn%2Fwhat-is-being-in-love%2F HTTP/1.0" 200 3590 "-" "Mozilla/5.0 AppleWebKit/537.36 (KHTML, like Gecko; compatible; GPTBot/1.2; +https://openai.com/gptbot)"
20.171.207.6 - - [11/Sep/2025:04:41:13 +0700] "GET /funny-encounters-on-omegle/embed/ HTTP/1.0" 200 23121 "-" "Mozilla/5.0 AppleWebKit/537.36 (KHTML, like Gecko; compatible; GPTBot/1.2; +https://openai.com/gptbot)"
45.117.177.72 - - [11/Sep/2025:04:41:18 +0700] "POST /wp-cron.php?doing_wp_cron=1757540478.1921510696411132812500 HTTP/1.0" 200 416 "-" "WordPress/6.8.1; https://vattusacky.vn"
20.171.207.6 - - [11/Sep/2025:04:41:17 +0700] "GET /safety-precautions-for-ometv-video-chat/embed/ HTTP/1.0" 200 23301 "-" "Mozilla/5.0 AppleWebKit/537.36 (KHTML, like Gecko; compatible; GPTBot/1.2; +https://openai.com/gptbot)"
217.113.194.79 - - [11/Sep/2025:04:41:17 +0700] "GET /staying-safe-in-omegle-and-ometv-tips-for-protecting-your-privacy/ HTTP/1.0" 200 91724 "-" "Mozilla/5.0 (compatible; Barkrowler/0.9; +https://babbar.tech/crawler)"
20.171.207.6 - - [11/Sep/2025:04:41:20 +0700] "GET /is-ometv-safe-for-use/embed/ HTTP/1.0" 200 23057 "-" "Mozilla/5.0 AppleWebKit/537.36 (KHTML, like Gecko; compatible; GPTBot/1.2; +https://openai.com/gptbot)"
20.171.207.6 - - [11/Sep/2025:04:41:25 +0700] "GET /omegle-video-chat-for-language-learning/embed/ HTTP/1.0" 200 23280 "-" "Mozilla/5.0 AppleWebKit/537.36 (KHTML, like Gecko; compatible; GPTBot/1.2; +https://openai.com/gptbot)"
20.171.207.6 - - [11/Sep/2025:04:41:28 +0700] "GET /wp-json/oembed/1.0/embed?format=xml&url=https%3A%2F%2Fvattusacky.vn%2Fsan-pham%2Fmay-do-toc%2F HTTP/1.0" 200 3736 "-" "Mozilla/5.0 AppleWebKit/537.36 (KHTML, like Gecko; compatible; GPTBot/1.2; +https://openai.com/gptbot)"
20.171.207.6 - - [11/Sep/2025:04:41:33 +0700] "GET /experience-the-excitement-experience-the-exciting/embed/ HTTP/1.0" 200 23740 "-" "Mozilla/5.0 AppleWebKit/537.36 (KHTML, like Gecko; compatible; GPTBot/1.2; +https://openai.com/gptbot)"
20.171.207.6 - - [11/Sep/2025:04:41:37 +0700] "GET /wp-json/oembed/1.0/embed?format=xml&url=https%3A%2F%2Fvattusacky.vn%2Fquantracmoitruongungquanh%2F HTTP/1.0" 200 4038 "-" "Mozilla/5.0 AppleWebKit/537.36 (KHTML, like Gecko; compatible; GPTBot/1.2; +https://openai.com/gptbot)"
217.113.194.81 - - [11/Sep/2025:04:41:41 +0700] "GET /staying-ahead-of-the-game-omegle-and-ometvs-constant-evolution/ HTTP/1.0" 200 93066 "-" "Mozilla/5.0 (compatible; Barkrowler/0.9; +https://babbar.tech/crawler)"
20.171.207.6 - - [11/Sep/2025:04:41:41 +0700] "GET /wp-json/oembed/1.0/embed?format=xml&url=https%3A%2F%2Fvattusacky.vn%2Fquantracmoitruongnuocngam%2F HTTP/1.0" 200 4007 "-" "Mozilla/5.0 AppleWebKit/537.36 (KHTML, like Gecko; compatible; GPTBot/1.2; +https://openai.com/gptbot)"
20.171.207.6 - - [11/Sep/2025:04:41:46 +0700] "GET /wp-json/oembed/1.0/embed?format=xml&url=https%3A%2F%2Fvattusacky.vn%2Fthietbilaymaubuixungquanh%2F HTTP/1.0" 200 4126 "-" "Mozilla/5.0 AppleWebKit/537.36 (KHTML, like Gecko; compatible; GPTBot/1.2; +https://openai.com/gptbot)"
20.171.207.6 - - [11/Sep/2025:04:41:50 +0700] "GET /wp-json/oembed/1.0/embed?format=xml&url=https%3A%2F%2Fvattusacky.vn%2Fsan-pham%2Fhoriba-u-52%2F HTTP/1.0" 200 4291 "-" "Mozilla/5.0 AppleWebKit/537.36 (KHTML, like Gecko; compatible; GPTBot/1.2; +https://openai.com/gptbot)"
20.171.207.6 - - [11/Sep/2025:04:41:54 +0700] "GET /wp-json/oembed/1.0/embed?format=xml&url=https%3A%2F%2Fvattusacky.vn%2Fedarling-assessment-2021%2F HTTP/1.0" 200 3466 "-" "Mozilla/5.0 AppleWebKit/537.36 (KHTML, like Gecko; compatible; GPTBot/1.2; +https://openai.com/gptbot)"
20.171.207.6 - - [11/Sep/2025:04:41:57 +0700] "GET /san-pham/may-do-toc/embed/ HTTP/1.0" 200 24337 "-" "Mozilla/5.0 AppleWebKit/537.36 (KHTML, like Gecko; compatible; GPTBot/1.2; +https://openai.com/gptbot)"
20.171.207.6 - - [11/Sep/2025:04:42:00 +0700] "GET /wp-json/oembed/1.0/embed?format=xml&url=https%3A%2F%2Fvattusacky.vn%2Fkruss%2Frki-instruments%2F HTTP/1.0" 200 4139 "-" "Mozilla/5.0 AppleWebKit/537.36 (KHTML, like Gecko; compatible; GPTBot/1.2; +https://openai.com/gptbot)"
217.113.194.75 - - [11/Sep/2025:04:42:04 +0700] "GET /book-of-ra-oyna-book-of-ra-oyna-2023-ucretsiz-book/ HTTP/1.0" 200 256707 "-" "Mozilla/5.0 (compatible; Barkrowler/0.9; +https://babbar.tech/crawler)"
20.171.207.6 - - [11/Sep/2025:04:42:05 +0700] "GET /quantracmoitruongungquanh/embed/ HTTP/1.0" 200 24155 "-" "Mozilla/5.0 AppleWebKit/537.36 (KHTML, like Gecko; compatible; GPTBot/1.2; +https://openai.com/gptbot)"
20.171.207.6 - - [11/Sep/2025:04:42:08 +0700] "GET /quantracmoitruongnuocngam/embed/ HTTP/1.0" 200 24036 "-" "Mozilla/5.0 AppleWebKit/537.36 (KHTML, like Gecko; compatible; GPTBot/1.2; +https://openai.com/gptbot)"
20.171.207.6 - - [11/Sep/2025:04:42:12 +0700] "GET /thietbilaymaubuixungquanh/embed/ HTTP/1.0" 200 24159 "-" "Mozilla/5.0 AppleWebKit/537.36 (KHTML, like Gecko; compatible; GPTBot/1.2; +https://openai.com/gptbot)"
20.171.207.6 - - [11/Sep/2025:04:42:15 +0700] "GET /san-pham/horiba-u-52/embed/ HTTP/1.0" 200 24596 "-" "Mozilla/5.0 AppleWebKit/537.36 (KHTML, like Gecko; compatible; GPTBot/1.2; +https://openai.com/gptbot)"
45.117.177.72 - - [11/Sep/2025:04:42:19 +0700] "POST /wp-cron.php?doing_wp_cron=1757540539.6402490139007568359375 HTTP/1.0" 200 416 "-" "WordPress/6.8.1; https://vattusacky.vn"
20.171.207.6 - - [11/Sep/2025:04:42:18 +0700] "GET /edarling-assessment-2021/embed/ HTTP/1.0" 200 22830 "-" "Mozilla/5.0 AppleWebKit/537.36 (KHTML, like Gecko; compatible; GPTBot/1.2; +https://openai.com/gptbot)"
20.171.207.6 - - [11/Sep/2025:04:42:23 +0700] "GET /wp-json/oembed/1.0/embed?format=xml&url=https%3A%2F%2Fvattusacky.vn%2Fkruss%2Fmembrapure-logo%2F HTTP/1.0" 200 4139 "-" "Mozilla/5.0 AppleWebKit/537.36 (KHTML, like Gecko; compatible; GPTBot/1.2; +https://openai.com/gptbot)"
20.171.207.6 - - [11/Sep/2025:04:42:29 +0700] "GET /kruss/rki-instruments/embed/ HTTP/1.0" 200 23575 "-" "Mozilla/5.0 AppleWebKit/537.36 (KHTML, like Gecko; compatible; GPTBot/1.2; +https://openai.com/gptbot)"
20.171.207.6 - - [11/Sep/2025:04:42:32 +0700] "GET /wp-json/oembed/1.0/embed?format=xml&url=https%3A%2F%2Fvattusacky.vn%2Ftemple-university-press%2F HTTP/1.0" 200 3590 "-" "Mozilla/5.0 AppleWebKit/537.36 (KHTML, like Gecko; compatible; GPTBot/1.2; +https://openai.com/gptbot)"
217.113.194.76 - - [11/Sep/2025:04:42:35 +0700] "GET /seeking-emotional-support-unveiling-the-therapeutic-potential-of-omegle/ HTTP/1.0" 200 80281 "-" "Mozilla/5.0 (compatible; Barkrowler/0.9; +https://babbar.tech/crawler)"
20.171.207.6 - - [11/Sep/2025:04:42:36 +0700] "GET /wp-json/oembed/1.0/embed?format=xml&url=https%3A%2F%2Fvattusacky.vn%2Fsan-pham%2Fmaydophongxa%2F HTTP/1.0" 200 3953 "-" "Mozilla/5.0 AppleWebKit/537.36 (KHTML, like Gecko; compatible; GPTBot/1.2; +https://openai.com/gptbot)"
20.171.207.6 - - [11/Sep/2025:04:42:40 +0700] "GET /wp-json/oembed/1.0/embed?format=xml&url=https%3A%2F%2Fvattusacky.vn%2Fometv-for-entertainment%2F HTTP/1.0" 200 3488 "-" "Mozilla/5.0 AppleWebKit/537.36 (KHTML, like Gecko; compatible; GPTBot/1.2; +https://openai.com/gptbot)"
20.171.207.6 - - [11/Sep/2025:04:42:43 +0700] "GET /wp-json/oembed/1.0/embed?format=xml&url=https%3A%2F%2Fvattusacky.vn%2Flarry-williams-strategy%2F HTTP/1.0" 200 3655 "-" "Mozilla/5.0 AppleWebKit/537.36 (KHTML, like Gecko; compatible; GPTBot/1.2; +https://openai.com/gptbot)"
20.171.207.6 - - [11/Sep/2025:04:42:48 +0700] "GET /wp-json/oembed/1.0/embed?format=xml&url=https%3A%2F%2Fvattusacky.vn%2Fometv-and-cyberbullying%2F HTTP/1.0" 200 3498 "-" "Mozilla/5.0 AppleWebKit/537.36 (KHTML, like Gecko; compatible; GPTBot/1.2; +https://openai.com/gptbot)"
85.208.96.203 - - [11/Sep/2025:04:42:49 +0700] "GET /the-very-best-vpn-pertaining-to-android/ HTTP/1.0" 200 205400 "-" "Mozilla/5.0 (compatible; SemrushBot/7~bl; +http://www.semrush.com/bot.html)"
20.171.207.6 - - [11/Sep/2025:04:42:52 +0700] "GET /kruss/membrapure-logo/embed/ HTTP/1.0" 200 23471 "-" "Mozilla/5.0 AppleWebKit/537.36 (KHTML, like Gecko; compatible; GPTBot/1.2; +https://openai.com/gptbot)"
191.96.37.38 - - [11/Sep/2025:04:42:53 +0700] "GET /.env HTTP/1.0" 301 668 "-" "Mozilla/5.0 (Macintosh; Intel Mac OS X 10.15; rv:77.0) Gecko/20100101 Firefox/77.0"
191.96.37.38 - - [11/Sep/2025:04:42:55 +0700] "GET /.env HTTP/1.0" 404 70812 "-" "Mozilla/5.0 (Macintosh; Intel Mac OS X 10.15; rv:77.0) Gecko/20100101 Firefox/77.0"
217.113.194.217 - - [11/Sep/2025:04:42:55 +0700] "GET /pokerdom-igrat-v-onlajn-ruletku-rabochee-zerkalo/ HTTP/1.0" 200 101396 "-" "Mozilla/5.0 (compatible; Barkrowler/0.9; +https://babbar.tech/crawler)"
20.171.207.6 - - [11/Sep/2025:04:42:56 +0700] "GET /wp-json/oembed/1.0/embed?format=xml&url=https%3A%2F%2Fvattusacky.vn%2Fpathan-film-obtain-21%2F HTTP/1.0" 200 3475 "-" "Mozilla/5.0 AppleWebKit/537.36 (KHTML, like Gecko; compatible; GPTBot/1.2; +https://openai.com/gptbot)"
20.171.207.6 - - [11/Sep/2025:04:43:00 +0700] "GET /temple-university-press/embed/ HTTP/1.0" 200 23179 "-" "Mozilla/5.0 AppleWebKit/537.36 (KHTML, like Gecko; compatible; GPTBot/1.2; +https://openai.com/gptbot)"
20.171.207.6 - - [11/Sep/2025:04:43:03 +0700] "GET /san-pham/maydophongxa/embed/ HTTP/1.0" 200 24583 "-" "Mozilla/5.0 AppleWebKit/537.36 (KHTML, like Gecko; compatible; GPTBot/1.2; +https://openai.com/gptbot)"
20.171.207.6 - - [11/Sep/2025:04:43:06 +0700] "GET /ometv-for-entertainment/embed/ HTTP/1.0" 200 23094 "-" "Mozilla/5.0 AppleWebKit/537.36 (KHTML, like Gecko; compatible; GPTBot/1.2; +https://openai.com/gptbot)"
20.171.207.6 - - [11/Sep/2025:04:43:09 +0700] "GET /larry-williams-strategy/embed/ HTTP/1.0" 200 23168 "-" "Mozilla/5.0 AppleWebKit/537.36 (KHTML, like Gecko; compatible; GPTBot/1.2; +https://openai.com/gptbot)"
20.171.207.6 - - [11/Sep/2025:04:43:12 +0700] "GET /ometv-and-cyberbullying/embed/ HTTP/1.0" 200 23104 "-" "Mozilla/5.0 AppleWebKit/537.36 (KHTML, like Gecko; compatible; GPTBot/1.2; +https://openai.com/gptbot)"
45.117.177.72 - - [11/Sep/2025:04:43:18 +0700] "POST /wp-cron.php?doing_wp_cron=1757540597.8383688926696777343750 HTTP/1.0" 200 416 "-" "WordPress/6.8.1; https://vattusacky.vn"
217.113.194.217 - - [11/Sep/2025:04:43:16 +0700] "GET /overcoming-communication-barriers-video-vs-text-on-omegle-and-ometv/ HTTP/1.0" 200 94695 "-" "Mozilla/5.0 (compatible; Barkrowler/0.9; +https://babbar.tech/crawler)"
20.171.207.6 - - [11/Sep/2025:04:43:17 +0700] "GET /what-is-being-in-love/embed/ HTTP/1.0" 200 23050 "-" "Mozilla/5.0 AppleWebKit/537.36 (KHTML, like Gecko; compatible; GPTBot/1.2; +https://openai.com/gptbot)"
20.171.207.6 - - [11/Sep/2025:04:43:21 +0700] "GET /wp-json/oembed/1.0/embed?format=xml&url=https%3A%2F%2Fvattusacky.vn%2Fomegle-on-mobile-chatting-on-the-go-with-the-mobile-app%2F HTTP/1.0" 200 3627 "-" "Mozilla/5.0 AppleWebKit/537.36 (KHTML, like Gecko; compatible; GPTBot/1.2; +https://openai.com/gptbot)"
20.171.207.6 - - [11/Sep/2025:04:43:26 +0700] "GET /pathan-film-obtain-21/embed/ HTTP/1.0" 200 23044 "-" "Mozilla/5.0 AppleWebKit/537.36 (KHTML, like Gecko; compatible; GPTBot/1.2; +https://openai.com/gptbot)"
20.171.207.6 - - [11/Sep/2025:04:43:30 +0700] "GET /wp-json/oembed/1.0/embed?format=xml&url=https%3A%2F%2Fvattusacky.vn%2Fdecoding-the-phenomenon-of-the-1xbet-mobile-app-45%2F HTTP/1.0" 200 3554 "-" "Mozilla/5.0 AppleWebKit/537.36 (KHTML, like Gecko; compatible; GPTBot/1.2; +https://openai.com/gptbot)"
20.171.207.6 - - [11/Sep/2025:04:43:34 +0700] "GET /wp-json/oembed/1.0/embed?format=xml&url=https%3A%2F%2Fvattusacky.vn%2F%3Fattachment_id%3D2000 HTTP/1.0" 200 4106 "-" "Mozilla/5.0 AppleWebKit/537.36 (KHTML, like Gecko; compatible; GPTBot/1.2; +https://openai.com/gptbot)"
20.171.207.6 - - [11/Sep/2025:04:43:38 +0700] "GET /wp-content/plugins/woocommerce/assets/js/js-cookie/js.cookie.min.js?ver=2.1.4-wc.9.8.3 HTTP/1.0" 200 456 "-" "Mozilla/5.0 AppleWebKit/537.36 (KHTML, like Gecko; compatible; GPTBot/1.2; +https://openai.com/gptbot)"
20.171.207.6 - - [11/Sep/2025:04:43:40 +0700] "GET /wp-json/oembed/1.0/embed?format=xml&url=https%3A%2F%2Fvattusacky.vn%2Fkruss%2Fwtw-logo%2F HTTP/1.0" 200 4097 "-" "Mozilla/5.0 AppleWebKit/537.36 (KHTML, like Gecko; compatible; GPTBot/1.2; +https://openai.com/gptbot)"
217.113.194.81 - - [11/Sep/2025:04:43:44 +0700] "GET /overcoming-biases-and-stereotypes-through-virtual-empathy-on-omegle/ HTTP/1.0" 200 93330 "-" "Mozilla/5.0 (compatible; Barkrowler/0.9; +https://babbar.tech/crawler)"
20.171.207.6 - - [11/Sep/2025:04:43:45 +0700] "GET /wp-json/oembed/1.0/embed?format=xml&url=https%3A%2F%2Fvattusacky.vn%2F%3Fattachment_id%3D1999 HTTP/1.0" 200 4250 "-" "Mozilla/5.0 AppleWebKit/537.36 (KHTML, like Gecko; compatible; GPTBot/1.2; +https://openai.com/gptbot)"
20.171.207.6 - - [11/Sep/2025:04:43:50 +0700] "GET /omegle-on-mobile-chatting-on-the-go-with-the-mobile-app/embed/ HTTP/1.0" 200 23457 "-" "Mozilla/5.0 AppleWebKit/537.36 (KHTML, like Gecko; compatible; GPTBot/1.2; +https://openai.com/gptbot)"
20.171.207.6 - - [11/Sep/2025:04:43:53 +0700] "GET /wp-json/oembed/1.0/embed?format=xml&url=https%3A%2F%2Fvattusacky.vn%2Fometv-for-dating%2F HTTP/1.0" 200 3444 "-" "Mozilla/5.0 AppleWebKit/537.36 (KHTML, like Gecko; compatible; GPTBot/1.2; +https://openai.com/gptbot)"
20.171.207.6 - - [11/Sep/2025:04:43:58 +0700] "GET /decoding-the-phenomenon-of-the-1xbet-mobile-app-45/embed/ HTTP/1.0" 200 23334 "-" "Mozilla/5.0 AppleWebKit/537.36 (KHTML, like Gecko; compatible; GPTBot/1.2; +https://openai.com/gptbot)"
20.171.207.6 - - [11/Sep/2025:04:44:02 +0700] "GET /?attachment_id=2000/embed/ HTTP/1.0" 301 417 "-" "Mozilla/5.0 AppleWebKit/537.36 (KHTML, like Gecko; compatible; GPTBot/1.2; +https://openai.com/gptbot)"
20.171.207.6 - - [11/Sep/2025:04:44:03 +0700] "GET /?attachment_id=2000 HTTP/1.0" 200 197878 "-" "Mozilla/5.0 AppleWebKit/537.36 (KHTML, like Gecko; compatible; GPTBot/1.2; +https://openai.com/gptbot)"
20.171.207.6 - - [11/Sep/2025:04:44:08 +0700] "GET /wp-json/oembed/1.0/embed?format=xml&url=https%3A%2F%2Fvattusacky.vn%2Fhow-omegle-works%2F HTTP/1.0" 200 3460 "-" "Mozilla/5.0 AppleWebKit/537.36 (KHTML, like Gecko; compatible; GPTBot/1.2; +https://openai.com/gptbot)"
217.113.194.75 - - [11/Sep/2025:04:44:10 +0700] "GET /balancing-privacy-and-authenticity-on-omegle-and-ometv/feed/ HTTP/1.0" 200 1759 "-" "Mozilla/5.0 (compatible; Barkrowler/0.9; +https://babbar.tech/crawler)"
20.171.207.6 - - [11/Sep/2025:04:44:12 +0700] "GET /wp-json/oembed/1.0/embed?format=xml&url=https%3A%2F%2Fvattusacky.vn%2Fleo-vegas-italia%2F HTTP/1.0" 200 3457 "-" "Mozilla/5.0 AppleWebKit/537.36 (KHTML, like Gecko; compatible; GPTBot/1.2; +https://openai.com/gptbot)"
45.117.177.72 - - [11/Sep/2025:04:44:17 +0700] "POST /wp-cron.php?doing_wp_cron=1757540657.5506930351257324218750 HTTP/1.0" 200 416 "-" "WordPress/6.8.1; https://vattusacky.vn"
20.171.207.6 - - [11/Sep/2025:04:44:16 +0700] "GET /ometv-for-dating/embed/ HTTP/1.0" 200 23001 "-" "Mozilla/5.0 AppleWebKit/537.36 (KHTML, like Gecko; compatible; GPTBot/1.2; +https://openai.com/gptbot)"
20.171.207.6 - - [11/Sep/2025:04:44:20 +0700] "GET /?attachment_id=1999/embed/ HTTP/1.0" 301 417 "-" "Mozilla/5.0 AppleWebKit/537.36 (KHTML, like Gecko; compatible; GPTBot/1.2; +https://openai.com/gptbot)"
20.171.207.6 - - [11/Sep/2025:04:44:21 +0700] "GET /?attachment_id=1999 HTTP/1.0" 200 198665 "-" "Mozilla/5.0 AppleWebKit/537.36 (KHTML, like Gecko; compatible; GPTBot/1.2; +https://openai.com/gptbot)"
20.171.207.6 - - [11/Sep/2025:04:44:27 +0700] "GET /wp-json/oembed/1.0/embed?format=xml&url=https%3A%2F%2Fvattusacky.vn%2Fkruss%2Fhiq-logo%2F HTTP/1.0" 200 4097 "-" "Mozilla/5.0 AppleWebKit/537.36 (KHTML, like Gecko; compatible; GPTBot/1.2; +https://openai.com/gptbot)"
217.113.194.217 - - [11/Sep/2025:04:44:28 +0700] "GET /kaufen-amoxicillin-generika-auf-nachnahme-in-remscheid/ HTTP/1.0" 200 151321 "-" "Mozilla/5.0 (compatible; Barkrowler/0.9; +https://babbar.tech/crawler)"
20.171.207.6 - - [11/Sep/2025:04:44:32 +0700] "GET /wp-json/oembed/1.0/embed?format=xml&url=https%3A%2F%2Fvattusacky.vn%2Fkruss%2Flogo-aco%2F HTTP/1.0" 200 4097 "-" "Mozilla/5.0 AppleWebKit/537.36 (KHTML, like Gecko; compatible; GPTBot/1.2; +https://openai.com/gptbot)"
20.171.207.6 - - [11/Sep/2025:04:44:36 +0700] "GET /wp-json/oembed/1.0/embed?format=xml&url=https%3A%2F%2Fvattusacky.vn%2Ffree-penny-slots%2F HTTP/1.0" 200 3449 "-" "Mozilla/5.0 AppleWebKit/537.36 (KHTML, like Gecko; compatible; GPTBot/1.2; +https://openai.com/gptbot)"
20.171.207.6 - - [11/Sep/2025:04:44:41 +0700] "GET /leo-vegas-italia/embed/ HTTP/1.0" 200 22755 "-" "Mozilla/5.0 AppleWebKit/537.36 (KHTML, like Gecko; compatible; GPTBot/1.2; +https://openai.com/gptbot)"
20.171.207.6 - - [11/Sep/2025:04:44:45 +0700] "GET /wp-json/oembed/1.0/embed?format=xml&url=https%3A%2F%2Fvattusacky.vn%2Fevermed%2Fevermed-logo%2F HTTP/1.0" 200 4125 "-" "Mozilla/5.0 AppleWebKit/537.36 (KHTML, like Gecko; compatible; GPTBot/1.2; +https://openai.com/gptbot)"
20.171.207.6 - - [11/Sep/2025:04:44:49 +0700] "GET /how-omegle-works/embed/ HTTP/1.0" 200 23017 "-" "Mozilla/5.0 AppleWebKit/537.36 (KHTML, like Gecko; compatible; GPTBot/1.2; +https://openai.com/gptbot)"
40.77.167.11 - - [11/Sep/2025:04:44:50 +0700] "GET /the-evolution-of-anonymous-chatting-from-omegle-to-ometv/ HTTP/1.0" 200 93412 "-" "Mozilla/5.0 AppleWebKit/537.36 (KHTML, like Gecko; compatible; bingbot/2.0; +http://www.bing.com/bingbot.htm) Chrome/116.0.1938.76 Safari/537.36"
154.54.249.200 - - [11/Sep/2025:04:44:51 +0700] "GET /a-comparative-analysis-of-omegle-and-ometv-exploring-global-connections/ HTTP/1.0" 200 91914 "-" "Mozilla/5.0 (compatible; Barkrowler/0.9; +https://babbar.tech/crawler)"
20.171.207.6 - - [11/Sep/2025:04:44:52 +0700] "GET /wp-json/oembed/1.0/embed?format=xml&url=https%3A%2F%2Fvattusacky.vn%2F1win-%25d0%25be%25d1%2584%25d0%25b8%25d1%2586%25d0%25b8%25d0%25b0%25d0%25bb%25d1%258c%25d0%25bd%25d1%258b%25d0%25b9-%25d1%2581%25d0%25b0%25d0%25b9%25d1%2582-%25d0%25b2%25d1%2585%25d0%25be%25d0%25b4-1win-%25d1%2580%25d0%25b5%25d0%25b3%25d0%25b8%25d1%2581%25d1%2582%25d1%2580%25d0%25b0%25d1%2586%25d0%25b8%25d1%258f%2F HTTP/1.0" 200 5847 "-" "Mozilla/5.0 AppleWebKit/537.36 (KHTML, like Gecko; compatible; GPTBot/1.2; +https://openai.com/gptbot)"
20.171.207.6 - - [11/Sep/2025:04:44:57 +0700] "GET /kruss/hiq-logo/embed/ HTTP/1.0" 200 23449 "-" "Mozilla/5.0 AppleWebKit/537.36 (KHTML, like Gecko; compatible; GPTBot/1.2; +https://openai.com/gptbot)"
20.171.207.6 - - [11/Sep/2025:04:45:01 +0700] "GET /kruss/logo-aco/embed/ HTTP/1.0" 200 23449 "-" "Mozilla/5.0 AppleWebKit/537.36 (KHTML, like Gecko; compatible; GPTBot/1.2; +https://openai.com/gptbot)"
20.171.207.6 - - [11/Sep/2025:04:45:04 +0700] "GET /free-penny-slots/embed/ HTTP/1.0" 200 22731 "-" "Mozilla/5.0 AppleWebKit/537.36 (KHTML, like Gecko; compatible; GPTBot/1.2; +https://openai.com/gptbot)"
20.171.207.6 - - [11/Sep/2025:04:45:08 +0700] "GET /wp-json/oembed/1.0/embed?format=xml&url=https%3A%2F%2Fvattusacky.vn%2Fomegles-mobile-app-chatting-on-the-go%2F HTTP/1.0" 200 3537 "-" "Mozilla/5.0 AppleWebKit/537.36 (KHTML, like Gecko; compatible; GPTBot/1.2; +https://openai.com/gptbot)"
178.62.32.109 - - [11/Sep/2025:04:45:09 +0700] "POST /xmlrpc.php HTTP/1.0" 200 956 "-" "Mozilla/5.0 (Windows NT 10.0; Win64; x64; rv:94.0) Gecko/20100101 Firefox/94.0"
20.171.207.6 - - [11/Sep/2025:04:45:12 +0700] "GET /evermed/evermed-logo/embed/ HTTP/1.0" 200 23454 "-" "Mozilla/5.0 AppleWebKit/537.36 (KHTML, like Gecko; compatible; GPTBot/1.2; +https://openai.com/gptbot)"
217.113.194.80 - - [11/Sep/2025:04:45:12 +0700] "GET /a-comparative-study-of-user-safety-on-omegle-and-ometv/feed/ HTTP/1.0" 200 1759 "-" "Mozilla/5.0 (compatible; Barkrowler/0.9; +https://babbar.tech/crawler)"
45.117.177.72 - - [11/Sep/2025:04:45:17 +0700] "POST /wp-cron.php?doing_wp_cron=1757540717.6781508922576904296875 HTTP/1.0" 200 416 "-" "WordPress/6.8.1; https://vattusacky.vn"
20.171.207.6 - - [11/Sep/2025:04:45:16 +0700] "GET /wp-json/oembed/1.0/embed?format=xml&url=https%3A%2F%2Fvattusacky.vn%2Fphoto-product-specifications-91-2%2F HTTP/1.0" 200 3503 "-" "Mozilla/5.0 AppleWebKit/537.36 (KHTML, like Gecko; compatible; GPTBot/1.2; +https://openai.com/gptbot)"
20.171.207.6 - - [11/Sep/2025:04:45:20 +0700] "GET /1win-%d0%be%d1%84%d0%b8%d1%86%d0%b8%d0%b0%d0%bb%d1%8c%d0%bd%d1%8b%d0%b9-%d1%81%d0%b0%d0%b9%d1%82-%d0%b2%d1%85%d0%be%d0%b4-1win-%d1%80%d0%b5%d0%b3%d0%b8%d1%81%d1%82%d1%80%d0%b0%d1%86%d0%b8%d1%8f/embed/ HTTP/1.0" 200 24776 "-" "Mozilla/5.0 AppleWebKit/537.36 (KHTML, like Gecko; compatible; GPTBot/1.2; +https://openai.com/gptbot)"
20.171.207.6 - - [11/Sep/2025:04:45:24 +0700] "GET /wp-json/oembed/1.0/embed?format=xml&url=https%3A%2F%2Fvattusacky.vn%2Fhiq%2F HTTP/1.0" 200 4060 "-" "Mozilla/5.0 AppleWebKit/537.36 (KHTML, like Gecko; compatible; GPTBot/1.2; +https://openai.com/gptbot)"
20.171.207.6 - - [11/Sep/2025:04:45:28 +0700] "GET /wp-json/oembed/1.0/embed?format=xml&url=https%3A%2F%2Fvattusacky.vn%2Fgfl%2F HTTP/1.0" 200 4055 "-" "Mozilla/5.0 AppleWebKit/537.36 (KHTML, like Gecko; compatible; GPTBot/1.2; +https://openai.com/gptbot)"
217.113.194.77 - - [11/Sep/2025:04:45:30 +0700] "GET /danh-muc/thiet-bi%CC%A3-do-luong/may-do-do-on/ HTTP/1.0" 200 110024 "-" "Mozilla/5.0 (compatible; Barkrowler/0.9; +https://babbar.tech/crawler)"
20.171.207.6 - - [11/Sep/2025:04:45:32 +0700] "GET /omegles-mobile-app-chatting-on-the-go/embed/ HTTP/1.0" 200 23230 "-" "Mozilla/5.0 AppleWebKit/537.36 (KHTML, like Gecko; compatible; GPTBot/1.2; +https://openai.com/gptbot)"
20.171.207.6 - - [11/Sep/2025:04:45:35 +0700] "GET /wp-json/oembed/1.0/embed?format=xml&url=https%3A%2F%2Fvattusacky.vn%2Fcats-dogs-and-casino%2F HTTP/1.0" 200 5037 "-" "Mozilla/5.0 AppleWebKit/537.36 (KHTML, like Gecko; compatible; GPTBot/1.2; +https://openai.com/gptbot)"
20.171.207.6 - - [11/Sep/2025:04:45:40 +0700] "GET /wp-json/oembed/1.0/embed?format=xml&url=https%3A%2F%2Fvattusacky.vn%2Fhello-world-3%2F HTTP/1.0" 200 3897 "-" "Mozilla/5.0 AppleWebKit/537.36 (KHTML, like Gecko; compatible; GPTBot/1.2; +https://openai.com/gptbot)"
20.171.207.6 - - [11/Sep/2025:04:45:44 +0700] "GET /photo-product-specifications-91-2/embed/ HTTP/1.0" 200 23160 "-" "Mozilla/5.0 AppleWebKit/537.36 (KHTML, like Gecko; compatible; GPTBot/1.2; +https://openai.com/gptbot)"
20.171.207.6 - - [11/Sep/2025:04:45:48 +0700] "GET /wp-json/oembed/1.0/embed?format=xml&url=https%3A%2F%2Fvattusacky.vn%2Fhello-world-2%2F HTTP/1.0" 200 4043 "-" "Mozilla/5.0 AppleWebKit/537.36 (KHTML, like Gecko; compatible; GPTBot/1.2; +https://openai.com/gptbot)"
217.113.194.218 - - [11/Sep/2025:04:45:52 +0700] "GET /danh-muc/moi-truong-nuoc/dung-cu-lay-mau-loi/ HTTP/1.0" 200 100390 "-" "Mozilla/5.0 (compatible; Barkrowler/0.9; +https://babbar.tech/crawler)"
20.171.207.6 - - [11/Sep/2025:04:45:54 +0700] "GET /hiq/embed/ HTTP/1.0" 200 23569 "-" "Mozilla/5.0 AppleWebKit/537.36 (KHTML, like Gecko; compatible; GPTBot/1.2; +https://openai.com/gptbot)"
20.171.207.6 - - [11/Sep/2025:04:45:58 +0700] "GET /gfl/embed/ HTTP/1.0" 200 23559 "-" "Mozilla/5.0 AppleWebKit/537.36 (KHTML, like Gecko; compatible; GPTBot/1.2; +https://openai.com/gptbot)"
20.171.207.6 - - [11/Sep/2025:04:46:02 +0700] "GET /wp-json/oembed/1.0/embed?format=xml&url=https%3A%2F%2Fvattusacky.vn%2Fhow-popular-is-ometv%2F HTTP/1.0" 200 3449 "-" "Mozilla/5.0 AppleWebKit/537.36 (KHTML, like Gecko; compatible; GPTBot/1.2; +https://openai.com/gptbot)"
20.171.207.6 - - [11/Sep/2025:04:46:06 +0700] "GET /hello-world-3/embed/ HTTP/1.0" 200 23222 "-" "Mozilla/5.0 AppleWebKit/537.36 (KHTML, like Gecko; compatible; GPTBot/1.2; +https://openai.com/gptbot)"
20.171.207.6 - - [11/Sep/2025:04:46:09 +0700] "GET /cats-dogs-and-casino/embed/ HTTP/1.0" 200 23360 "-" "Mozilla/5.0 AppleWebKit/537.36 (KHTML, like Gecko; compatible; GPTBot/1.2; +https://openai.com/gptbot)"
20.171.207.6 - - [11/Sep/2025:04:46:14 +0700] "GET /wp-json/oembed/1.0/embed?format=xml&url=https%3A%2F%2Fvattusacky.vn%2Fxbox-pool-party%2F HTTP/1.0" 200 3462 "-" "Mozilla/5.0 AppleWebKit/537.36 (KHTML, like Gecko; compatible; GPTBot/1.2; +https://openai.com/gptbot)"
154.54.249.200 - - [11/Sep/2025:04:46:15 +0700] "GET /the-sociopolitical-impact-of-omegle-on-online-discourse-and-activism/ HTTP/1.0" 200 91440 "-" "Mozilla/5.0 (compatible; Barkrowler/0.9; +https://babbar.tech/crawler)"
45.117.177.72 - - [11/Sep/2025:04:46:19 +0700] "POST /wp-cron.php?doing_wp_cron=1757540779.4280869960784912109375 HTTP/1.0" 200 416 "-" "WordPress/6.8.1; https://vattusacky.vn"
20.171.207.6 - - [11/Sep/2025:04:46:18 +0700] "GET /hello-world-2/embed/ HTTP/1.0" 200 23222 "-" "Mozilla/5.0 AppleWebKit/537.36 (KHTML, like Gecko; compatible; GPTBot/1.2; +https://openai.com/gptbot)"
20.171.207.6 - - [11/Sep/2025:04:46:22 +0700] "GET /wp-json/oembed/1.0/embed?format=xml&url=https%3A%2F%2Fvattusacky.vn%2Fwhat-is-omegle%2F HTTP/1.0" 200 3430 "-" "Mozilla/5.0 AppleWebKit/537.36 (KHTML, like Gecko; compatible; GPTBot/1.2; +https://openai.com/gptbot)"
20.171.207.6 - - [11/Sep/2025:04:46:27 +0700] "GET /wp-content/uploads/2018/06/gfg-100x55.jpg HTTP/1.0" 200 418 "-" "Mozilla/5.0 AppleWebKit/537.36 (KHTML, like Gecko; compatible; GPTBot/1.2; +https://openai.com/gptbot)"
45.117.177.72 - - [11/Sep/2025:04:46:31 +0700] "POST /wp-cron.php?doing_wp_cron=1757540791.3967370986938476562500 HTTP/1.0" 200 416 "-" "WordPress/6.8.1; https://vattusacky.vn"
20.171.207.6 - - [11/Sep/2025:04:46:30 +0700] "GET /how-popular-is-ometv/embed/ HTTP/1.0" 200 23034 "-" "Mozilla/5.0 AppleWebKit/537.36 (KHTML, like Gecko; compatible; GPTBot/1.2; +https://openai.com/gptbot)"
20.171.207.6 - - [11/Sep/2025:04:46:33 +0700] "GET /wp-json/oembed/1.0/embed?format=xml&url=https%3A%2F%2Fvattusacky.vn%2Fhow-does-ometv-work%2F HTTP/1.0" 200 3448 "-" "Mozilla/5.0 AppleWebKit/537.36 (KHTML, like Gecko; compatible; GPTBot/1.2; +https://openai.com/gptbot)"
20.171.207.6 - - [11/Sep/2025:04:46:37 +0700] "GET /wp-json/oembed/1.0/embed?format=xml&url=https%3A%2F%2Fvattusacky.vn%2Fwhat-is-ometv%2F HTTP/1.0" 200 3428 "-" "Mozilla/5.0 AppleWebKit/537.36 (KHTML, like Gecko; compatible; GPTBot/1.2; +https://openai.com/gptbot)"
217.113.194.72 - - [11/Sep/2025:04:46:38 +0700] "GET /the-scientific-explanations-behind-remarkable-coincidences-on-omegle/ HTTP/1.0" 200 93609 "-" "Mozilla/5.0 (compatible; Barkrowler/0.9; +https://babbar.tech/crawler)"
20.171.207.6 - - [11/Sep/2025:04:46:41 +0700] "GET /xbox-pool-party/embed/ HTTP/1.0" 200 23026 "-" "Mozilla/5.0 AppleWebKit/537.36 (KHTML, like Gecko; compatible; GPTBot/1.2; +https://openai.com/gptbot)"
20.171.207.6 - - [11/Sep/2025:04:46:45 +0700] "GET /wp-json/oembed/1.0/embed?format=xml&url=https%3A%2F%2Fvattusacky.vn%2Ffree-slot-games%2F HTTP/1.0" 200 3403 "-" "Mozilla/5.0 AppleWebKit/537.36 (KHTML, like Gecko; compatible; GPTBot/1.2; +https://openai.com/gptbot)"
20.171.207.6 - - [11/Sep/2025:04:46:50 +0700] "GET /what-is-omegle/embed/ HTTP/1.0" 200 22965 "-" "Mozilla/5.0 AppleWebKit/537.36 (KHTML, like Gecko; compatible; GPTBot/1.2; +https://openai.com/gptbot)"
20.171.207.6 - - [11/Sep/2025:04:46:54 +0700] "GET /wp-json/oembed/1.0/embed?format=xml&url=https%3A%2F%2Fvattusacky.vn%2Fgetting-a-bride%2F HTTP/1.0" 200 3424 "-" "Mozilla/5.0 AppleWebKit/537.36 (KHTML, like Gecko; compatible; GPTBot/1.2; +https://openai.com/gptbot)"
20.171.207.6 - - [11/Sep/2025:04:46:58 +0700] "GET /wp-json/oembed/1.0/embed?format=xml&url=https%3A%2F%2Fvattusacky.vn%2Ffree-advice-on-actor%2F HTTP/1.0" 200 3532 "-" "Mozilla/5.0 AppleWebKit/537.36 (KHTML, like Gecko; compatible; GPTBot/1.2; +https://openai.com/gptbot)"
154.54.249.200 - - [11/Sep/2025:04:47:00 +0700] "GET /the-rise-of-video-chatting-a-look-into-omegle-and-ometvs-contribution/ HTTP/1.0" 200 84819 "-" "Mozilla/5.0 (compatible; Barkrowler/0.9; +https://babbar.tech/crawler)"
20.171.207.6 - - [11/Sep/2025:04:47:02 +0700] "GET /how-does-ometv-work/embed/ HTTP/1.0" 200 23026 "-" "Mozilla/5.0 AppleWebKit/537.36 (KHTML, like Gecko; compatible; GPTBot/1.2; +https://openai.com/gptbot)"
20.171.207.6 - - [11/Sep/2025:04:47:06 +0700] "GET /what-is-ometv/embed/ HTTP/1.0" 200 22964 "-" "Mozilla/5.0 AppleWebKit/537.36 (KHTML, like Gecko; compatible; GPTBot/1.2; +https://openai.com/gptbot)"
20.171.207.6 - - [11/Sep/2025:04:47:11 +0700] "GET /wp-json/oembed/1.0/embed?format=xml&url=https%3A%2F%2Fvattusacky.vn%2Fhow-does-omegle-work%2F HTTP/1.0" 200 3507 "-" "Mozilla/5.0 AppleWebKit/537.36 (KHTML, like Gecko; compatible; GPTBot/1.2; +https://openai.com/gptbot)"
20.171.207.6 - - [11/Sep/2025:04:47:15 +0700] "GET /free-slot-games/embed/ HTTP/1.0" 200 22704 "-" "Mozilla/5.0 AppleWebKit/537.36 (KHTML, like Gecko; compatible; GPTBot/1.2; +https://openai.com/gptbot)"
45.117.177.72 - - [11/Sep/2025:04:47:20 +0700] "POST /wp-cron.php?doing_wp_cron=1757540840.1459889411926269531250 HTTP/1.0" 200 416 "-" "WordPress/6.8.1; https://vattusacky.vn"
20.171.207.6 - - [11/Sep/2025:04:47:19 +0700] "GET /wp-json/oembed/1.0/embed?format=xml&url=https%3A%2F%2Fvattusacky.vn%2Fare-proton-vpn-safe%2F HTTP/1.0" 200 3502 "-" "Mozilla/5.0 AppleWebKit/537.36 (KHTML, like Gecko; compatible; GPTBot/1.2; +https://openai.com/gptbot)"
20.171.207.6 - - [11/Sep/2025:04:47:23 +0700] "GET /getting-a-bride/embed/ HTTP/1.0" 200 22973 "-" "Mozilla/5.0 AppleWebKit/537.36 (KHTML, like Gecko; compatible; GPTBot/1.2; +https://openai.com/gptbot)"
20.171.207.6 - - [11/Sep/2025:04:47:27 +0700] "GET /free-advice-on-actor/embed/ HTTP/1.0" 200 22757 "-" "Mozilla/5.0 AppleWebKit/537.36 (KHTML, like Gecko; compatible; GPTBot/1.2; +https://openai.com/gptbot)"
217.113.194.218 - - [11/Sep/2025:04:47:29 +0700] "GET /the-rise-of-random-chatting-how-omegle-and-ometv-changed-the-game/ HTTP/1.0" 200 92367 "-" "Mozilla/5.0 (compatible; Barkrowler/0.9; +https://babbar.tech/crawler)"
20.171.207.6 - - [11/Sep/2025:04:47:31 +0700] "GET /wp-json/oembed/1.0/embed?format=xml&url=https%3A%2F%2Fvattusacky.vn%2Fbetwinner-367%2F HTTP/1.0" 200 3421 "-" "Mozilla/5.0 AppleWebKit/537.36 (KHTML, like Gecko; compatible; GPTBot/1.2; +https://openai.com/gptbot)"
20.171.207.6 - - [11/Sep/2025:04:47:35 +0700] "GET /wp-json/oembed/1.0/embed?format=xml&url=https%3A%2F%2Fvattusacky.vn%2Fbetwinner-763%2F HTTP/1.0" 200 3418 "-" "Mozilla/5.0 AppleWebKit/537.36 (KHTML, like Gecko; compatible; GPTBot/1.2; +https://openai.com/gptbot)"
20.171.207.6 - - [11/Sep/2025:04:47:38 +0700] "GET /how-does-omegle-work/embed/ HTTP/1.0" 200 23091 "-" "Mozilla/5.0 AppleWebKit/537.36 (KHTML, like Gecko; compatible; GPTBot/1.2; +https://openai.com/gptbot)"
20.171.207.6 - - [11/Sep/2025:04:47:43 +0700] "GET /wp-json/oembed/1.0/embed?format=xml&url=https%3A%2F%2Fvattusacky.vn%2Fbetwinner-619%2F HTTP/1.0" 200 3436 "-" "Mozilla/5.0 AppleWebKit/537.36 (KHTML, like Gecko; compatible; GPTBot/1.2; +https://openai.com/gptbot)"
20.171.207.6 - - [11/Sep/2025:04:47:47 +0700] "GET /are-proton-vpn-safe/embed/ HTTP/1.0" 200 23073 "-" "Mozilla/5.0 AppleWebKit/537.36 (KHTML, like Gecko; compatible; GPTBot/1.2; +https://openai.com/gptbot)"
20.171.207.6 - - [11/Sep/2025:04:47:51 +0700] "GET /wp-json/oembed/1.0/embed?format=xml&url=https%3A%2F%2Fvattusacky.vn%2Fmostbet-mobile-apps-installation-and-use-816%2F HTTP/1.0" 200 3611 "-" "Mozilla/5.0 AppleWebKit/537.36 (KHTML, like Gecko; compatible; GPTBot/1.2; +https://openai.com/gptbot)"
154.54.249.200 - - [11/Sep/2025:04:47:51 +0700] "GET /building-language-proficiency-ometvs-text-chat-learning-potential/feed/ HTTP/1.0" 200 1792 "-" "Mozilla/5.0 (compatible; Barkrowler/0.9; +https://babbar.tech/crawler)"
20.171.207.6 - - [11/Sep/2025:04:47:54 +0700] "GET /wp-json/oembed/1.0/embed?format=xml&url=https%3A%2F%2Fvattusacky.vn%2Fbetwinner-1936%2F HTTP/1.0" 200 3426 "-" "Mozilla/5.0 AppleWebKit/537.36 (KHTML, like Gecko; compatible; GPTBot/1.2; +https://openai.com/gptbot)"
20.171.207.6 - - [11/Sep/2025:04:47:59 +0700] "GET /betwinner-367/embed/ HTTP/1.0" 200 22940 "-" "Mozilla/5.0 AppleWebKit/537.36 (KHTML, like Gecko; compatible; GPTBot/1.2; +https://openai.com/gptbot)"
20.171.207.6 - - [11/Sep/2025:04:48:03 +0700] "GET /betwinner-763/embed/ HTTP/1.0" 200 22936 "-" "Mozilla/5.0 AppleWebKit/537.36 (KHTML, like Gecko; compatible; GPTBot/1.2; +https://openai.com/gptbot)"
20.171.207.6 - - [11/Sep/2025:04:48:06 +0700] "GET /wp-json/oembed/1.0/embed?format=xml&url=https%3A%2F%2Fvattusacky.vn%2Fbetwinner-4816%2F HTTP/1.0" 200 3456 "-" "Mozilla/5.0 AppleWebKit/537.36 (KHTML, like Gecko; compatible; GPTBot/1.2; +https://openai.com/gptbot)"
217.113.194.74 - - [11/Sep/2025:04:48:09 +0700] "GET /building-bridges-on-omegle-connecting-with-people-from-different-backgrounds/feed/ HTTP/1.0" 200 1825 "-" "Mozilla/5.0 (compatible; Barkrowler/0.9; +https://babbar.tech/crawler)"
20.171.207.6 - - [11/Sep/2025:04:48:10 +0700] "GET /betwinner-619/embed/ HTTP/1.0" 200 22955 "-" "Mozilla/5.0 AppleWebKit/537.36 (KHTML, like Gecko; compatible; GPTBot/1.2; +https://openai.com/gptbot)"
20.171.207.6 - - [11/Sep/2025:04:48:15 +0700] "GET /wp-json/oembed/1.0/embed?format=xml&url=https%3A%2F%2Fvattusacky.vn%2Fwhat-exactly-virtual-info-room%2F HTTP/1.0" 200 3557 "-" "Mozilla/5.0 AppleWebKit/537.36 (KHTML, like Gecko; compatible; GPTBot/1.2; +https://openai.com/gptbot)"
45.117.177.72 - - [11/Sep/2025:04:48:21 +0700] "POST /wp-cron.php?doing_wp_cron=1757540901.1496100425720214843750 HTTP/1.0" 200 416 "-" "WordPress/6.8.1; https://vattusacky.vn"
20.171.207.6 - - [11/Sep/2025:04:48:19 +0700] "GET /mostbet-mobile-apps-installation-and-use-816/embed/ HTTP/1.0" 200 23452 "-" "Mozilla/5.0 AppleWebKit/537.36 (KHTML, like Gecko; compatible; GPTBot/1.2; +https://openai.com/gptbot)"
20.171.207.6 - - [11/Sep/2025:04:48:24 +0700] "GET /betwinner-1936/embed/ HTTP/1.0" 200 22949 "-" "Mozilla/5.0 AppleWebKit/537.36 (KHTML, like Gecko; compatible; GPTBot/1.2; +https://openai.com/gptbot)"
217.113.194.75 - - [11/Sep/2025:04:48:28 +0700] "GET /building-bridges-through-art-omegles-role-in-connecting-individuals/feed/ HTTP/1.0" 200 1798 "-" "Mozilla/5.0 (compatible; Barkrowler/0.9; +https://babbar.tech/crawler)"
20.171.207.6 - - [11/Sep/2025:04:48:28 +0700] "GET /wp-json/oembed/1.0/embed?format=xml&url=https%3A%2F%2Fvattusacky.vn%2F5552-2%2F HTTP/1.0" 200 3370 "-" "Mozilla/5.0 AppleWebKit/537.36 (KHTML, like Gecko; compatible; GPTBot/1.2; +https://openai.com/gptbot)"
20.171.207.6 - - [11/Sep/2025:04:48:32 +0700] "GET /wp-json/oembed/1.0/embed?format=xml&url=https%3A%2F%2Fvattusacky.vn%2F5550-2%2F HTTP/1.0" 200 3385 "-" "Mozilla/5.0 AppleWebKit/537.36 (KHTML, like Gecko; compatible; GPTBot/1.2; +https://openai.com/gptbot)"
20.171.207.6 - - [11/Sep/2025:04:48:36 +0700] "GET /wp-json/oembed/1.0/embed?format=xml&url=https%3A%2F%2Fvattusacky.vn%2Ferro-404-site-oficial%2F HTTP/1.0" 200 3542 "-" "Mozilla/5.0 AppleWebKit/537.36 (KHTML, like Gecko; compatible; GPTBot/1.2; +https://openai.com/gptbot)"
20.171.207.6 - - [11/Sep/2025:04:48:40 +0700] "GET /what-exactly-virtual-info-room/embed/ HTTP/1.0" 200 23215 "-" "Mozilla/5.0 AppleWebKit/537.36 (KHTML, like Gecko; compatible; GPTBot/1.2; +https://openai.com/gptbot)"
20.171.207.6 - - [11/Sep/2025:04:48:43 +0700] "GET /betwinner-4816/embed/ HTTP/1.0" 200 22970 "-" "Mozilla/5.0 AppleWebKit/537.36 (KHTML, like Gecko; compatible; GPTBot/1.2; +https://openai.com/gptbot)"
217.113.194.78 - - [11/Sep/2025:04:48:46 +0700] "GET /building-connections-with-like-minded-individuals-on-omegle-and-ometv/ HTTP/1.0" 200 80072 "-" "Mozilla/5.0 (compatible; Barkrowler/0.9; +https://babbar.tech/crawler)"
20.171.207.6 - - [11/Sep/2025:04:48:46 +0700] "GET /wp-json/oembed/1.0/embed?format=xml&url=https%3A%2F%2Fvattusacky.vn%2Fkruss%2Ffrance-etuves%2F HTTP/1.0" 200 4127 "-" "Mozilla/5.0 AppleWebKit/537.36 (KHTML, like Gecko; compatible; GPTBot/1.2; +https://openai.com/gptbot)"
20.171.207.6 - - [11/Sep/2025:04:48:51 +0700] "GET /wp-json/oembed/1.0/embed?format=xml&url=https%3A%2F%2Fvattusacky.vn%2Fkruss%2Fhansford-logo%2F HTTP/1.0" 200 4127 "-" "Mozilla/5.0 AppleWebKit/537.36 (KHTML, like Gecko; compatible; GPTBot/1.2; +https://openai.com/gptbot)"
20.171.207.6 - - [11/Sep/2025:04:48:54 +0700] "GET /5552-2/embed/ HTTP/1.0" 200 22576 "-" "Mozilla/5.0 AppleWebKit/537.36 (KHTML, like Gecko; compatible; GPTBot/1.2; +https://openai.com/gptbot)"
20.171.207.6 - - [11/Sep/2025:04:48:58 +0700] "GET /5550-2/embed/ HTTP/1.0" 200 22599 "-" "Mozilla/5.0 AppleWebKit/537.36 (KHTML, like Gecko; compatible; GPTBot/1.2; +https://openai.com/gptbot)"
20.171.207.6 - - [11/Sep/2025:04:49:01 +0700] "GET /erro-404-site-oficial/embed/ HTTP/1.0" 200 22824 "-" "Mozilla/5.0 AppleWebKit/537.36 (KHTML, like Gecko; compatible; GPTBot/1.2; +https://openai.com/gptbot)"
45.117.177.72 - - [11/Sep/2025:04:49:06 +0700] "POST /wp-cron.php?doing_wp_cron=1757540945.9833390712738037109375 HTTP/1.0" 200 416 "-" "WordPress/6.8.1; https://vattusacky.vn"
20.171.207.6 - - [11/Sep/2025:04:49:04 +0700] "GET /wp-json/oembed/1.0/embed?format=xml&url=https%3A%2F%2Fvattusacky.vn%2Falternatives-to-ometv%2F HTTP/1.0" 200 3502 "-" "Mozilla/5.0 AppleWebKit/537.36 (KHTML, like Gecko; compatible; GPTBot/1.2; +https://openai.com/gptbot)"
154.54.249.200 - - [11/Sep/2025:04:49:07 +0700] "GET /daddy-casino-vyigryvajte-zdes-demo-sloty-bez-2/ HTTP/1.0" 200 95322 "-" "Mozilla/5.0 (compatible; Barkrowler/0.9; +https://babbar.tech/crawler)"
20.171.207.6 - - [11/Sep/2025:04:49:08 +0700] "GET /wp-json/oembed/1.0/embed?format=xml&url=https%3A%2F%2Fvattusacky.vn%2Foverseas-dating-sites%2F HTTP/1.0" 200 3554 "-" "Mozilla/5.0 AppleWebKit/537.36 (KHTML, like Gecko; compatible; GPTBot/1.2; +https://openai.com/gptbot)"
20.171.207.6 - - [11/Sep/2025:04:49:11 +0700] "GET /kruss/france-etuves/embed/ HTTP/1.0" 200 23532 "-" "Mozilla/5.0 AppleWebKit/537.36 (KHTML, like Gecko; compatible; GPTBot/1.2; +https://openai.com/gptbot)"
20.171.207.6 - - [11/Sep/2025:04:49:15 +0700] "GET /kruss/hansford-logo/embed/ HTTP/1.0" 200 23539 "-" "Mozilla/5.0 AppleWebKit/537.36 (KHTML, like Gecko; compatible; GPTBot/1.2; +https://openai.com/gptbot)"
45.117.177.72 - - [11/Sep/2025:04:49:20 +0700] "POST /wp-cron.php?doing_wp_cron=1757540960.3851029872894287109375 HTTP/1.0" 200 416 "-" "WordPress/6.8.1; https://vattusacky.vn"
20.171.207.6 - - [11/Sep/2025:04:49:19 +0700] "GET /wp-json/oembed/1.0/embed?format=xml&url=https%3A%2F%2Fvattusacky.vn%2Fcollege-essay-writers%2F HTTP/1.0" 200 3482 "-" "Mozilla/5.0 AppleWebKit/537.36 (KHTML, like Gecko; compatible; GPTBot/1.2; +https://openai.com/gptbot)"
20.171.207.6 - - [11/Sep/2025:04:49:23 +0700] "GET /wp-json/oembed/1.0/embed?format=xml&url=https%3A%2F%2Fvattusacky.vn%2Fstarting-married-life%2F HTTP/1.0" 200 3625 "-" "Mozilla/5.0 AppleWebKit/537.36 (KHTML, like Gecko; compatible; GPTBot/1.2; +https://openai.com/gptbot)"
20.171.207.6 - - [11/Sep/2025:04:49:26 +0700] "GET /wp-json/oembed/1.0/embed?format=xml&url=https%3A%2F%2Fvattusacky.vn%2Fsex-web-site-list-join-got-blop%2F HTTP/1.0" 200 3597 "-" "Mozilla/5.0 AppleWebKit/537.36 (KHTML, like Gecko; compatible; GPTBot/1.2; +https://openai.com/gptbot)"
217.113.194.73 - - [11/Sep/2025:04:49:28 +0700] "GET /daddy-top-kazino-kazino-bonusy-zerkalo-oficialnyj/ HTTP/1.0" 200 97525 "-" "Mozilla/5.0 (compatible; Barkrowler/0.9; +https://babbar.tech/crawler)"
20.171.207.6 - - [11/Sep/2025:04:49:30 +0700] "GET /alternatives-to-ometv/embed/ HTTP/1.0" 200 23094 "-" "Mozilla/5.0 AppleWebKit/537.36 (KHTML, like Gecko; compatible; GPTBot/1.2; +https://openai.com/gptbot)"
20.171.207.6 - - [11/Sep/2025:04:49:35 +0700] "GET /overseas-dating-sites/embed/ HTTP/1.0" 200 23041 "-" "Mozilla/5.0 AppleWebKit/537.36 (KHTML, like Gecko; compatible; GPTBot/1.2; +https://openai.com/gptbot)"
20.171.207.6 - - [11/Sep/2025:04:49:39 +0700] "GET /wp-json/oembed/1.0/embed?format=xml&url=https%3A%2F%2Fvattusacky.vn%2Fpoker-gratuit-poker-en-ligne-gratuit-jouer-au-15%2F HTTP/1.0" 200 3656 "-" "Mozilla/5.0 AppleWebKit/537.36 (KHTML, like Gecko; compatible; GPTBot/1.2; +https://openai.com/gptbot)"
20.171.207.6 - - [11/Sep/2025:04:49:43 +0700] "GET /wp-json/oembed/1.0/embed?format=xml&url=https%3A%2F%2Fvattusacky.vn%2Fthe-comedy-gallery-highlights-from-omegle-and-ometv%2F HTTP/1.0" 200 3648 "-" "Mozilla/5.0 AppleWebKit/537.36 (KHTML, like Gecko; compatible; GPTBot/1.2; +https://openai.com/gptbot)"
20.171.207.6 - - [11/Sep/2025:04:49:46 +0700] "GET /college-essay-writers/embed/ HTTP/1.0" 200 22780 "-" "Mozilla/5.0 AppleWebKit/537.36 (KHTML, like Gecko; compatible; GPTBot/1.2; +https://openai.com/gptbot)"
217.113.194.72 - - [11/Sep/2025:04:49:48 +0700] "GET /anonymity-and-authenticity-in-global-omegle-chats-bridging-cultural-differences/ HTTP/1.0" 200 92294 "-" "Mozilla/5.0 (compatible; Barkrowler/0.9; +https://babbar.tech/crawler)"
20.171.207.6 - - [11/Sep/2025:04:49:50 +0700] "GET /starting-married-life/embed/ HTTP/1.0" 200 23117 "-" "Mozilla/5.0 AppleWebKit/537.36 (KHTML, like Gecko; compatible; GPTBot/1.2; +https://openai.com/gptbot)"
20.171.207.6 - - [11/Sep/2025:04:49:54 +0700] "GET /sex-web-site-list-join-got-blop/embed/ HTTP/1.0" 200 23134 "-" "Mozilla/5.0 AppleWebKit/537.36 (KHTML, like Gecko; compatible; GPTBot/1.2; +https://openai.com/gptbot)"
20.171.207.6 - - [11/Sep/2025:04:49:57 +0700] "GET /wp-json/oembed/1.0/embed?format=xml&url=https%3A%2F%2Fvattusacky.vn%2Flogo4%2Fbw-technologies%2F HTTP/1.0" 200 4139 "-" "Mozilla/5.0 AppleWebKit/537.36 (KHTML, like Gecko; compatible; GPTBot/1.2; +https://openai.com/gptbot)"
20.171.207.6 - - [11/Sep/2025:04:50:01 +0700] "GET /wp-json/oembed/1.0/embed?format=xml&url=https%3A%2F%2Fvattusacky.vn%2Finappropriate-content-on-ometv%2F HTTP/1.0" 200 3548 "-" "Mozilla/5.0 AppleWebKit/537.36 (KHTML, like Gecko; compatible; GPTBot/1.2; +https://openai.com/gptbot)"
20.171.207.6 - - [11/Sep/2025:04:50:06 +0700] "GET /poker-gratuit-poker-en-ligne-gratuit-jouer-au-15/embed/ HTTP/1.0" 200 23427 "-" "Mozilla/5.0 AppleWebKit/537.36 (KHTML, like Gecko; compatible; GPTBot/1.2; +https://openai.com/gptbot)"
85.208.96.207 - - [11/Sep/2025:04:50:09 +0700] "GET /1win-canl-casno-ve-bahs-2023-sanal-casino/ HTTP/1.0" 200 83664 "-" "Mozilla/5.0 (compatible; SemrushBot/7~bl; +http://www.semrush.com/bot.html)"
20.171.207.6 - - [11/Sep/2025:04:50:10 +0700] "GET /the-comedy-gallery-highlights-from-omegle-and-ometv/embed/ HTTP/1.0" 200 23442 "-" "Mozilla/5.0 AppleWebKit/537.36 (KHTML, like Gecko; compatible; GPTBot/1.2; +https://openai.com/gptbot)"
217.113.194.76 - - [11/Sep/2025:04:50:10 +0700] "GET /anonymity-unleashed-unpredictable-experiences-on-omegle-and-ometv/ HTTP/1.0" 200 92541 "-" "Mozilla/5.0 (compatible; Barkrowler/0.9; +https://babbar.tech/crawler)"
212.34.139.201 - - [11/Sep/2025:04:50:09 +0700] "GET /pin-ap-opustimsya-v-mir-azarta-i-razvlecheniy-sredi-peredovykh-saytov-dlya-igry-na-realnye-dengi-i-pari-s-ispolzovaniem-depozita-i-bonusov/ HTTP/1.0" 200 117644 "-" "Mozilla/5.0 (Macintosh; Intel Mac OS X 12_5) AppleWebKit/537.36 (KHTML, like Gecko) Chrome/114.0.0.0 Safari/537.36"
20.171.207.6 - - [11/Sep/2025:04:50:14 +0700] "GET /wp-content/plugins/woocommerce/assets/js/frontend/password-strength-meter.min.js?ver=9.8.3 HTTP/1.0" 200 469 "-" "Mozilla/5.0 AppleWebKit/537.36 (KHTML, like Gecko; compatible; GPTBot/1.2; +https://openai.com/gptbot)"
212.34.139.201 - - [11/Sep/2025:04:50:13 +0700] "GET /?p=9771 HTTP/1.0" 301 583 "https://vattusacky.vn/pin-ap-opustimsya-v-mir-azarta-i-razvlecheniy-sredi-peredovykh-saytov-dlya-igry-na-realnye-dengi-i-pari-s-ispolzovaniem-depozita-i-bonusov/" "Mozilla/5.0 (Macintosh; Intel Mac OS X 12_5) AppleWebKit/537.36 (KHTML, like Gecko) Chrome/114.0.0.0 Safari/537.36"
45.117.177.72 - - [11/Sep/2025:04:50:17 +0700] "POST /wp-cron.php?doing_wp_cron=1757541017.0228440761566162109375 HTTP/1.0" 200 416 "-" "WordPress/6.8.1; https://vattusacky.vn"
212.34.139.201 - - [11/Sep/2025:04:50:15 +0700] "GET /pin-ap-opustimsya-v-mir-azarta-i-razvlecheniy-sredi-peredovykh-saytov-dlya-igry-na-realnye-dengi-i-pari-s-ispolzovaniem-depozita-i-bonusov/ HTTP/1.0" 200 117498 "https://vattusacky.vn/?p=9771" "Mozilla/5.0 (Macintosh; Intel Mac OS X 12_5) AppleWebKit/537.36 (KHTML, like Gecko) Chrome/114.0.0.0 Safari/537.36"
20.171.207.6 - - [11/Sep/2025:04:50:16 +0700] "GET /wp-json/oembed/1.0/embed?format=xml&url=https%3A%2F%2Fvattusacky.vn%2Fjust-how-is-cbd-made%2F HTTP/1.0" 200 3651 "-" "Mozilla/5.0 AppleWebKit/537.36 (KHTML, like Gecko; compatible; GPTBot/1.2; +https://openai.com/gptbot)"
20.171.207.6 - - [11/Sep/2025:04:50:21 +0700] "GET /wp-json/oembed/1.0/embed?format=xml&url=https%3A%2F%2Fvattusacky.vn%2Ftop-spots-to-see%2F HTTP/1.0" 200 3401 "-" "Mozilla/5.0 AppleWebKit/537.36 (KHTML, like Gecko; compatible; GPTBot/1.2; +https://openai.com/gptbot)"
20.171.207.6 - - [11/Sep/2025:04:50:25 +0700] "GET /logo4/bw-technologies/embed/ HTTP/1.0" 200 23575 "-" "Mozilla/5.0 AppleWebKit/537.36 (KHTML, like Gecko; compatible; GPTBot/1.2; +https://openai.com/gptbot)"
20.171.207.6 - - [11/Sep/2025:04:50:28 +0700] "GET /inappropriate-content-on-ometv/embed/ HTTP/1.0" 200 23203 "-" "Mozilla/5.0 AppleWebKit/537.36 (KHTML, like Gecko; compatible; GPTBot/1.2; +https://openai.com/gptbot)"
20.171.207.6 - - [11/Sep/2025:04:50:32 +0700] "GET /wp-json/oembed/1.0/embed?format=xml&url=https%3A%2F%2Fvattusacky.vn%2Fnon-e-va-bene-cupido%2F HTTP/1.0" 200 3494 "-" "Mozilla/5.0 AppleWebKit/537.36 (KHTML, like Gecko; compatible; GPTBot/1.2; +https://openai.com/gptbot)"
217.113.194.217 - - [11/Sep/2025:04:50:35 +0700] "GET /pomogu-poluchit-kredit-v-dnepropetrovskoj-obl-v/ HTTP/1.0" 200 287275 "-" "Mozilla/5.0 (compatible; Barkrowler/0.9; +https://babbar.tech/crawler)"
20.171.207.6 - - [11/Sep/2025:04:50:37 +0700] "GET /wp-json/oembed/1.0/embed?format=xml&url=https%3A%2F%2Fvattusacky.vn%2Fhow-to-choose-a-bed%2F HTTP/1.0" 200 3459 "-" "Mozilla/5.0 AppleWebKit/537.36 (KHTML, like Gecko; compatible; GPTBot/1.2; +https://openai.com/gptbot)"
20.171.207.6 - - [11/Sep/2025:04:50:41 +0700] "GET /wp-json/oembed/1.0/embed?format=xml&url=https%3A%2F%2Fvattusacky.vn%2Fquantracmoitruongbien%2F HTTP/1.0" 200 3943 "-" "Mozilla/5.0 AppleWebKit/537.36 (KHTML, like Gecko; compatible; GPTBot/1.2; +https://openai.com/gptbot)"
20.171.207.6 - - [11/Sep/2025:04:50:45 +0700] "GET /just-how-is-cbd-made/embed/ HTTP/1.0" 200 23237 "-" "Mozilla/5.0 AppleWebKit/537.36 (KHTML, like Gecko; compatible; GPTBot/1.2; +https://openai.com/gptbot)"
20.171.207.6 - - [11/Sep/2025:04:50:50 +0700] "GET /top-spots-to-see/embed/ HTTP/1.0" 200 22807 "-" "Mozilla/5.0 AppleWebKit/537.36 (KHTML, like Gecko; compatible; GPTBot/1.2; +https://openai.com/gptbot)"
20.171.207.6 - - [11/Sep/2025:04:50:54 +0700] "GET /wp-content/uploads/2016/07/bw-technologies-100x55.png HTTP/1.0" 200 429 "-" "Mozilla/5.0 AppleWebKit/537.36 (KHTML, like Gecko; compatible; GPTBot/1.2; +https://openai.com/gptbot)"
20.171.207.6 - - [11/Sep/2025:04:50:56 +0700] "GET /wp-json/oembed/1.0/embed?format=xml&url=https%3A%2F%2Fvattusacky.vn%2Fquantracnuocmatlucdia%2F HTTP/1.0" 200 4125 "-" "Mozilla/5.0 AppleWebKit/537.36 (KHTML, like Gecko; compatible; GPTBot/1.2; +https://openai.com/gptbot)"
20.171.207.6 - - [11/Sep/2025:04:50:59 +0700] "GET /non-e-va-bene-cupido/embed/ HTTP/1.0" 200 22823 "-" "Mozilla/5.0 AppleWebKit/537.36 (KHTML, like Gecko; compatible; GPTBot/1.2; +https://openai.com/gptbot)"
20.171.207.6 - - [11/Sep/2025:04:51:03 +0700] "GET /how-to-choose-a-bed/embed/ HTTP/1.0" 200 23037 "-" "Mozilla/5.0 AppleWebKit/537.36 (KHTML, like Gecko; compatible; GPTBot/1.2; +https://openai.com/gptbot)"
216.244.66.237 - - [11/Sep/2025:04:51:05 +0700] "GET /introduction-to-omegle-chronicles-seeking-meaningful-connections/ HTTP/1.0" 200 91673 "-" "Mozilla/5.0 (compatible; DotBot/1.2; +https://opensiteexplorer.org/dotbot; help@moz.com)"
20.171.207.6 - - [11/Sep/2025:04:51:06 +0700] "GET /quantracmoitruongbien/embed/ HTTP/1.0" 200 24445 "-" "Mozilla/5.0 AppleWebKit/537.36 (KHTML, like Gecko; compatible; GPTBot/1.2; +https://openai.com/gptbot)"
217.113.194.74 - - [11/Sep/2025:04:51:07 +0700] "GET /recensione-casino-codere-2023-bonus-afilado-200-10-gratis/ HTTP/1.0" 200 225614 "-" "Mozilla/5.0 (compatible; Barkrowler/0.9; +https://babbar.tech/crawler)"
20.171.207.6 - - [11/Sep/2025:04:51:10 +0700] "GET /wp-json/oembed/1.0/embed?format=xml&url=https%3A%2F%2Fvattusacky.vn%2Fquantracnuocthai%2F1-5%2F HTTP/1.0" 200 4216 "-" "Mozilla/5.0 AppleWebKit/537.36 (KHTML, like Gecko; compatible; GPTBot/1.2; +https://openai.com/gptbot)"
20.171.207.6 - - [11/Sep/2025:04:51:14 +0700] "GET /kruss/wtw-logo/embed/ HTTP/1.0" 200 23450 "-" "Mozilla/5.0 AppleWebKit/537.36 (KHTML, like Gecko; compatible; GPTBot/1.2; +https://openai.com/gptbot)"
45.117.177.72 - - [11/Sep/2025:04:51:19 +0700] "POST /wp-cron.php?doing_wp_cron=1757541079.8569159507751464843750 HTTP/1.0" 200 416 "-" "WordPress/6.8.1; https://vattusacky.vn"
20.171.207.6 - - [11/Sep/2025:04:51:18 +0700] "GET /wp-json/oembed/1.0/embed?format=xml&url=https%3A%2F%2Fvattusacky.vn%2Fbetwinner-evaluate-335%2F HTTP/1.0" 200 3445 "-" "Mozilla/5.0 AppleWebKit/537.36 (KHTML, like Gecko; compatible; GPTBot/1.2; +https://openai.com/gptbot)"
20.171.207.6 - - [11/Sep/2025:04:51:23 +0700] "GET /wp-json/oembed/1.0/embed?format=xml&url=https%3A%2F%2Fvattusacky.vn%2Fquantracnuocthai%2F2-7%2F HTTP/1.0" 200 4216 "-" "Mozilla/5.0 AppleWebKit/537.36 (KHTML, like Gecko; compatible; GPTBot/1.2; +https://openai.com/gptbot)"
20.171.207.6 - - [11/Sep/2025:04:51:27 +0700] "GET /wp-json/oembed/1.0/embed?format=xml&url=https%3A%2F%2Fvattusacky.vn%2Fjaydawg808-on-hubpages%2F HTTP/1.0" 200 3315 "-" "Mozilla/5.0 AppleWebKit/537.36 (KHTML, like Gecko; compatible; GPTBot/1.2; +https://openai.com/gptbot)"
