20.171.207.73 - - [11/Sep/2025:05:03:39 +0700] "GET /wp-json/oembed/1.0/embed?format=xml&url=https%3A%2F%2Fvattusacky.vn%2Flien-he%2F HTTP/1.0" 200 3914 "-" "Mozilla/5.0 AppleWebKit/537.36 (KHTML, like Gecko; compatible; GPTBot/1.2; +https://openai.com/gptbot)"
40.77.167.27 - - [11/Sep/2025:05:03:40 +0700] "GET /global-connections-examining-cultural-diversity-on-omegle-and-ometv/ HTTP/1.0" 200 92843 "-" "Mozilla/5.0 AppleWebKit/537.36 (KHTML, like Gecko; compatible; bingbot/2.0; +http://www.bing.com/bingbot.htm) Chrome/116.0.1938.76 Safari/537.36"
20.171.207.73 - - [11/Sep/2025:05:03:42 +0700] "GET /wp-json/oembed/1.0/embed?format=xml&url=https%3A%2F%2Fvattusacky.vn%2Fak-vs-qq%2F HTTP/1.0" 200 3392 "-" "Mozilla/5.0 AppleWebKit/537.36 (KHTML, like Gecko; compatible; GPTBot/1.2; +https://openai.com/gptbot)"
20.171.207.73 - - [11/Sep/2025:05:03:46 +0700] "GET /wp-json/oembed/1.0/embed?format=xml&url=https%3A%2F%2Fvattusacky.vn%2Foffshore-brides%2F HTTP/1.0" 200 3534 "-" "Mozilla/5.0 AppleWebKit/537.36 (KHTML, like Gecko; compatible; GPTBot/1.2; +https://openai.com/gptbot)"
20.171.207.73 - - [11/Sep/2025:05:03:49 +0700] "GET /kat-c-ce/embed/ HTTP/1.0" 200 22773 "-" "Mozilla/5.0 AppleWebKit/537.36 (KHTML, like Gecko; compatible; GPTBot/1.2; +https://openai.com/gptbot)"
20.171.207.73 - - [11/Sep/2025:05:03:52 +0700] "GET /betwinner-4403-2/embed/ HTTP/1.0" 200 22979 "-" "Mozilla/5.0 AppleWebKit/537.36 (KHTML, like Gecko; compatible; GPTBot/1.2; +https://openai.com/gptbot)"
20.171.207.73 - - [11/Sep/2025:05:03:55 +0700] "GET /wp-json/oembed/1.0/embed?format=xml&url=https%3A%2F%2Fvattusacky.vn%2Fslots-playing-online%2F HTTP/1.0" 200 3448 "-" "Mozilla/5.0 AppleWebKit/537.36 (KHTML, like Gecko; compatible; GPTBot/1.2; +https://openai.com/gptbot)"
20.171.207.73 - - [11/Sep/2025:05:03:59 +0700] "GET /wp-json/oembed/1.0/embed?format=xml&url=https%3A%2F%2Fvattusacky.vn%2Fkruss%2Fmettler-logo%2F HTTP/1.0" 200 4121 "-" "Mozilla/5.0 AppleWebKit/537.36 (KHTML, like Gecko; compatible; GPTBot/1.2; +https://openai.com/gptbot)"
20.171.207.73 - - [11/Sep/2025:05:04:03 +0700] "GET /lien-he/embed/ HTTP/1.0" 200 23190 "-" "Mozilla/5.0 AppleWebKit/537.36 (KHTML, like Gecko; compatible; GPTBot/1.2; +https://openai.com/gptbot)"
20.171.207.73 - - [11/Sep/2025:05:04:06 +0700] "GET /ak-vs-qq/embed/ HTTP/1.0" 200 22659 "-" "Mozilla/5.0 AppleWebKit/537.36 (KHTML, like Gecko; compatible; GPTBot/1.2; +https://openai.com/gptbot)"
154.54.249.200 - - [11/Sep/2025:05:04:07 +0700] "GET /san-pham/dau-khoan-cat-3-1-4%E2%80%B3-sand-auger/ HTTP/1.0" 200 327668 "-" "Mozilla/5.0 (compatible; Barkrowler/0.9; +https://babbar.tech/crawler)"
20.171.207.73 - - [11/Sep/2025:05:04:10 +0700] "GET /offshore-brides/embed/ HTTP/1.0" 200 22961 "-" "Mozilla/5.0 AppleWebKit/537.36 (KHTML, like Gecko; compatible; GPTBot/1.2; +https://openai.com/gptbot)"
20.171.207.73 - - [11/Sep/2025:05:04:14 +0700] "GET /wp-json/oembed/1.0/embed?format=xml&url=https%3A%2F%2Fvattusacky.vn%2Fsexy-luchshie-kazino%2F HTTP/1.0" 200 5890 "-" "Mozilla/5.0 AppleWebKit/537.36 (KHTML, like Gecko; compatible; GPTBot/1.2; +https://openai.com/gptbot)"
45.117.177.72 - - [11/Sep/2025:05:04:21 +0700] "POST /wp-cron.php?doing_wp_cron=1757541861.7942450046539306640625 HTTP/1.0" 200 416 "-" "WordPress/6.8.1; https://vattusacky.vn"
20.171.207.73 - - [11/Sep/2025:05:04:20 +0700] "GET /wp-json/oembed/1.0/embed?format=xml&url=https%3A%2F%2Fvattusacky.vn%2Falcohol-and-diabetes%2F HTTP/1.0" 200 3629 "-" "Mozilla/5.0 AppleWebKit/537.36 (KHTML, like Gecko; compatible; GPTBot/1.2; +https://openai.com/gptbot)"
20.171.207.73 - - [11/Sep/2025:05:04:27 +0700] "GET /slots-playing-online/embed/ HTTP/1.0" 200 22763 "-" "Mozilla/5.0 AppleWebKit/537.36 (KHTML, like Gecko; compatible; GPTBot/1.2; +https://openai.com/gptbot)"
20.171.207.73 - - [11/Sep/2025:05:04:32 +0700] "GET /kruss/mettler-logo/embed/ HTTP/1.0" 200 23420 "-" "Mozilla/5.0 AppleWebKit/537.36 (KHTML, like Gecko; compatible; GPTBot/1.2; +https://openai.com/gptbot)"
20.171.207.73 - - [11/Sep/2025:05:04:35 +0700] "GET /wp-json/oembed/1.0/embed?format=xml&url=https%3A%2F%2Fvattusacky.vn%2F50-mg-clomid-twins%2F HTTP/1.0" 200 3571 "-" "Mozilla/5.0 AppleWebKit/537.36 (KHTML, like Gecko; compatible; GPTBot/1.2; +https://openai.com/gptbot)"
20.171.207.73 - - [11/Sep/2025:05:04:40 +0700] "GET /wp-content/plugins/woocommerce/assets/js/sourcebuster/sourcebuster.min.js?ver=9.8.3 HTTP/1.0" 200 462 "-" "Mozilla/5.0 AppleWebKit/537.36 (KHTML, like Gecko; compatible; GPTBot/1.2; +https://openai.com/gptbot)"
20.171.207.73 - - [11/Sep/2025:05:04:42 +0700] "GET /sexy-luchshie-kazino/embed/ HTTP/1.0" 200 23276 "-" "Mozilla/5.0 AppleWebKit/537.36 (KHTML, like Gecko; compatible; GPTBot/1.2; +https://openai.com/gptbot)"
20.171.207.73 - - [11/Sep/2025:05:04:45 +0700] "GET /wp-json/oembed/1.0/embed?format=xml&url=https%3A%2F%2Fvattusacky.vn%2Fkruss%2Fgfg%2F HTTP/1.0" 200 4067 "-" "Mozilla/5.0 AppleWebKit/537.36 (KHTML, like Gecko; compatible; GPTBot/1.2; +https://openai.com/gptbot)"
217.113.194.74 - - [11/Sep/2025:05:04:46 +0700] "GET /san-pham/palintest-_may-do-chlorometer-duo-cam-tay/ HTTP/1.0" 200 300361 "-" "Mozilla/5.0 (compatible; Barkrowler/0.9; +https://babbar.tech/crawler)"
20.171.207.73 - - [11/Sep/2025:05:04:49 +0700] "GET /alcohol-and-diabetes/embed/ HTTP/1.0" 200 23090 "-" "Mozilla/5.0 AppleWebKit/537.36 (KHTML, like Gecko; compatible; GPTBot/1.2; +https://openai.com/gptbot)"
20.171.207.73 - - [11/Sep/2025:05:04:52 +0700] "GET /wp-json/oembed/1.0/embed?format=xml&url=https%3A%2F%2Fvattusacky.vn%2Fsbobet-7%2F HTTP/1.0" 200 10352 "-" "Mozilla/5.0 AppleWebKit/537.36 (KHTML, like Gecko; compatible; GPTBot/1.2; +https://openai.com/gptbot)"
20.171.207.73 - - [11/Sep/2025:05:04:56 +0700] "GET /wp-json/oembed/1.0/embed?format=xml&url=https%3A%2F%2Fvattusacky.vn%2Fdlab%2F HTTP/1.0" 200 4066 "-" "Mozilla/5.0 AppleWebKit/537.36 (KHTML, like Gecko; compatible; GPTBot/1.2; +https://openai.com/gptbot)"
20.171.207.73 - - [11/Sep/2025:05:05:00 +0700] "GET /50-mg-clomid-twins/embed/ HTTP/1.0" 200 23052 "-" "Mozilla/5.0 AppleWebKit/537.36 (KHTML, like Gecko; compatible; GPTBot/1.2; +https://openai.com/gptbot)"
20.171.207.73 - - [11/Sep/2025:05:05:06 +0700] "GET /wp-json/oembed/1.0/embed?format=xml&url=https%3A%2F%2Fvattusacky.vn%2Fwiteg%2F HTTP/1.0" 200 4072 "-" "Mozilla/5.0 AppleWebKit/537.36 (KHTML, like Gecko; compatible; GPTBot/1.2; +https://openai.com/gptbot)"
20.171.207.73 - - [11/Sep/2025:05:05:15 +0700] "GET /wp-json/oembed/1.0/embed?format=xml&url=https%3A%2F%2Fvattusacky.vn%2Fcart%2F HTTP/1.0" 200 3041 "-" "Mozilla/5.0 AppleWebKit/537.36 (KHTML, like Gecko; compatible; GPTBot/1.2; +https://openai.com/gptbot)"
45.117.177.72 - - [11/Sep/2025:05:05:25 +0700] "POST /wp-cron.php?doing_wp_cron=1757541924.8461809158325195312500 HTTP/1.0" 200 416 "-" "WordPress/6.8.1; https://vattusacky.vn"
20.171.207.73 - - [11/Sep/2025:05:05:23 +0700] "GET /kruss/gfg/embed/ HTTP/1.0" 200 23360 "-" "Mozilla/5.0 AppleWebKit/537.36 (KHTML, like Gecko; compatible; GPTBot/1.2; +https://openai.com/gptbot)"
217.113.194.217 - - [11/Sep/2025:05:05:27 +0700] "GET /women-at-war-ukraines-female-soldiers-dream-of-freedom-fight-for-survival/ HTTP/1.0" 200 211676 "-" "Mozilla/5.0 (compatible; Barkrowler/0.9; +https://babbar.tech/crawler)"
20.171.207.73 - - [11/Sep/2025:05:05:29 +0700] "GET /wp-json/oembed/1.0/embed?format=xml&url=https%3A%2F%2Fvattusacky.vn%2Fkruss%2F HTTP/1.0" 200 4073 "-" "Mozilla/5.0 AppleWebKit/537.36 (KHTML, like Gecko; compatible; GPTBot/1.2; +https://openai.com/gptbot)"
20.171.207.73 - - [11/Sep/2025:05:05:32 +0700] "GET /dlab/embed/ HTTP/1.0" 200 23584 "-" "Mozilla/5.0 AppleWebKit/537.36 (KHTML, like Gecko; compatible; GPTBot/1.2; +https://openai.com/gptbot)"
20.171.207.73 - - [11/Sep/2025:05:05:35 +0700] "GET /wp-json/oembed/1.0/embed?format=xml&url=https%3A%2F%2Fvattusacky.vn%2Ftest%2F HTTP/1.0" 200 3073 "-" "Mozilla/5.0 AppleWebKit/537.36 (KHTML, like Gecko; compatible; GPTBot/1.2; +https://openai.com/gptbot)"
20.171.207.73 - - [11/Sep/2025:05:05:39 +0700] "GET /witeg/embed/ HTTP/1.0" 200 23591 "-" "Mozilla/5.0 AppleWebKit/537.36 (KHTML, like Gecko; compatible; GPTBot/1.2; +https://openai.com/gptbot)"
20.171.207.73 - - [11/Sep/2025:05:05:42 +0700] "GET /sbobet-7/embed/ HTTP/1.0" 200 26002 "-" "Mozilla/5.0 AppleWebKit/537.36 (KHTML, like Gecko; compatible; GPTBot/1.2; +https://openai.com/gptbot)"
20.171.207.73 - - [11/Sep/2025:05:05:46 +0700] "GET /cart/embed/ HTTP/1.0" 200 22137 "-" "Mozilla/5.0 AppleWebKit/537.36 (KHTML, like Gecko; compatible; GPTBot/1.2; +https://openai.com/gptbot)"
20.171.207.73 - - [11/Sep/2025:05:05:50 +0700] "GET /wp-json/oembed/1.0/embed?format=xml&url=https%3A%2F%2Fvattusacky.vn%2Fbetwinner-271-2%2F HTTP/1.0" 200 3429 "-" "Mozilla/5.0 AppleWebKit/537.36 (KHTML, like Gecko; compatible; GPTBot/1.2; +https://openai.com/gptbot)"
20.171.207.73 - - [11/Sep/2025:05:05:57 +0700] "GET /kruss/embed/ HTTP/1.0" 200 23601 "-" "Mozilla/5.0 AppleWebKit/537.36 (KHTML, like Gecko; compatible; GPTBot/1.2; +https://openai.com/gptbot)"
217.113.194.79 - - [11/Sep/2025:05:06:00 +0700] "GET /mostbet-casino-onlajn-vhod-v-onlajn-kazino-demo-3/ HTTP/1.0" 200 97679 "-" "Mozilla/5.0 (compatible; Barkrowler/0.9; +https://babbar.tech/crawler)"
20.171.207.73 - - [11/Sep/2025:05:06:04 +0700] "GET /wp-content/uploads/2018/06/dlab-logo-100x55.jpg HTTP/1.0" 200 424 "-" "Mozilla/5.0 AppleWebKit/537.36 (KHTML, like Gecko; compatible; GPTBot/1.2; +https://openai.com/gptbot)"
20.171.207.73 - - [11/Sep/2025:05:06:12 +0700] "GET /test/embed/ HTTP/1.0" 200 22066 "-" "Mozilla/5.0 AppleWebKit/537.36 (KHTML, like Gecko; compatible; GPTBot/1.2; +https://openai.com/gptbot)"
45.117.177.72 - - [11/Sep/2025:05:06:21 +0700] "POST /wp-cron.php?doing_wp_cron=1757541981.6971409320831298828125 HTTP/1.0" 200 416 "-" "WordPress/6.8.1; https://vattusacky.vn"
20.171.207.73 - - [11/Sep/2025:05:06:20 +0700] "GET /wp-json/oembed/1.0/embed?format=xml&url=https%3A%2F%2Fvattusacky.vn%2Fsan-pham%2F1738%2F HTTP/1.0" 200 4134 "-" "Mozilla/5.0 AppleWebKit/537.36 (KHTML, like Gecko; compatible; GPTBot/1.2; +https://openai.com/gptbot)"
217.113.194.77 - - [11/Sep/2025:05:06:22 +0700] "GET /mostbet-top-kazino-akcii-i-bonusy-ot-kazino-demo/ HTTP/1.0" 200 223784 "-" "Mozilla/5.0 (compatible; Barkrowler/0.9; +https://babbar.tech/crawler)"
20.171.207.73 - - [11/Sep/2025:05:06:26 +0700] "GET /wp-json/oembed/1.0/embed?format=xml&url=https%3A%2F%2Fvattusacky.vn%2F22bet-india-202%2F HTTP/1.0" 200 3388 "-" "Mozilla/5.0 AppleWebKit/537.36 (KHTML, like Gecko; compatible; GPTBot/1.2; +https://openai.com/gptbot)"
20.171.207.73 - - [11/Sep/2025:05:06:29 +0700] "GET /wp-json/oembed/1.0/embed?format=xml&url=https%3A%2F%2Fvattusacky.vn%2Fsan-pham%2F1766%2F HTTP/1.0" 200 4247 "-" "Mozilla/5.0 AppleWebKit/537.36 (KHTML, like Gecko; compatible; GPTBot/1.2; +https://openai.com/gptbot)"
20.171.207.73 - - [11/Sep/2025:05:06:33 +0700] "GET /wp-json/oembed/1.0/embed?format=xml&url=https%3A%2F%2Fvattusacky.vn%2Fsan-pham%2F1664%2F HTTP/1.0" 200 4019 "-" "Mozilla/5.0 AppleWebKit/537.36 (KHTML, like Gecko; compatible; GPTBot/1.2; +https://openai.com/gptbot)"
20.171.207.73 - - [11/Sep/2025:05:06:36 +0700] "GET /wp-json/oembed/1.0/embed?format=xml&url=https%3A%2F%2Fvattusacky.vn%2F1xbet-india-433%2F HTTP/1.0" 200 3408 "-" "Mozilla/5.0 AppleWebKit/537.36 (KHTML, like Gecko; compatible; GPTBot/1.2; +https://openai.com/gptbot)"
20.171.207.73 - - [11/Sep/2025:05:06:40 +0700] "GET /betwinner-271-2/embed/ HTTP/1.0" 200 22958 "-" "Mozilla/5.0 AppleWebKit/537.36 (KHTML, like Gecko; compatible; GPTBot/1.2; +https://openai.com/gptbot)"
20.171.207.73 - - [11/Sep/2025:05:06:43 +0700] "GET /san-pham/1738/embed/ HTTP/1.0" 200 24344 "-" "Mozilla/5.0 AppleWebKit/537.36 (KHTML, like Gecko; compatible; GPTBot/1.2; +https://openai.com/gptbot)"
20.171.207.73 - - [11/Sep/2025:05:06:46 +0700] "GET /wp-json/oembed/1.0/embed?format=xml&url=https%3A%2F%2Fvattusacky.vn%2Fsan-pham%2F1601%2F HTTP/1.0" 200 4177 "-" "Mozilla/5.0 AppleWebKit/537.36 (KHTML, like Gecko; compatible; GPTBot/1.2; +https://openai.com/gptbot)"
217.113.194.81 - - [11/Sep/2025:05:06:49 +0700] "GET /drip-top-kazino-obzor-2023-i-bonusy-rabochee-2/ HTTP/1.0" 200 99329 "-" "Mozilla/5.0 (compatible; Barkrowler/0.9; +https://babbar.tech/crawler)"
20.171.207.73 - - [11/Sep/2025:05:06:51 +0700] "GET /22bet-india-202/embed/ HTTP/1.0" 200 22913 "-" "Mozilla/5.0 AppleWebKit/537.36 (KHTML, like Gecko; compatible; GPTBot/1.2; +https://openai.com/gptbot)"
20.171.207.73 - - [11/Sep/2025:05:06:56 +0700] "GET /san-pham/1766/embed/ HTTP/1.0" 200 24459 "-" "Mozilla/5.0 AppleWebKit/537.36 (KHTML, like Gecko; compatible; GPTBot/1.2; +https://openai.com/gptbot)"
20.171.207.73 - - [11/Sep/2025:05:07:01 +0700] "GET /san-pham/1664/embed/ HTTP/1.0" 200 24235 "-" "Mozilla/5.0 AppleWebKit/537.36 (KHTML, like Gecko; compatible; GPTBot/1.2; +https://openai.com/gptbot)"
20.171.207.73 - - [11/Sep/2025:05:07:09 +0700] "GET /1xbet-india-433/embed/ HTTP/1.0" 200 22944 "-" "Mozilla/5.0 AppleWebKit/537.36 (KHTML, like Gecko; compatible; GPTBot/1.2; +https://openai.com/gptbot)"
217.113.194.218 - - [11/Sep/2025:05:07:10 +0700] "GET /celebrating-versatility-in-art-showcasing-different-mediums-on-omegle/ HTTP/1.0" 200 92160 "-" "Mozilla/5.0 (compatible; Barkrowler/0.9; +https://babbar.tech/crawler)"
45.117.177.72 - - [11/Sep/2025:05:07:21 +0700] "POST /wp-cron.php?doing_wp_cron=1757542040.8013529777526855468750 HTTP/1.0" 200 416 "-" "WordPress/6.8.1; https://vattusacky.vn"
20.171.207.73 - - [11/Sep/2025:05:07:19 +0700] "GET /wp-json/oembed/1.0/embed?format=xml&url=https%3A%2F%2Fvattusacky.vn%2F1win-aviator-46%2F HTTP/1.0" 200 3478 "-" "Mozilla/5.0 AppleWebKit/537.36 (KHTML, like Gecko; compatible; GPTBot/1.2; +https://openai.com/gptbot)"
20.171.207.73 - - [11/Sep/2025:05:07:29 +0700] "GET /san-pham/1601/embed/ HTTP/1.0" 200 24297 "-" "Mozilla/5.0 AppleWebKit/537.36 (KHTML, like Gecko; compatible; GPTBot/1.2; +https://openai.com/gptbot)"
20.171.207.73 - - [11/Sep/2025:05:07:35 +0700] "GET /wp-json/oembed/1.0/embed?format=xml&url=https%3A%2F%2Fvattusacky.vn%2Fonline-mobile-casino-gambling-systems%2F HTTP/1.0" 200 3578 "-" "Mozilla/5.0 AppleWebKit/537.36 (KHTML, like Gecko; compatible; GPTBot/1.2; +https://openai.com/gptbot)"
217.113.194.73 - - [11/Sep/2025:05:07:37 +0700] "GET /celebrating-versatility-in-art-showcasing-different-mediums-on-omegle/feed/ HTTP/1.0" 200 1804 "-" "Mozilla/5.0 (compatible; Barkrowler/0.9; +https://babbar.tech/crawler)"
20.171.207.73 - - [11/Sep/2025:05:07:39 +0700] "GET /2449-2/embed/ HTTP/1.0" 200 22940 "-" "Mozilla/5.0 AppleWebKit/537.36 (KHTML, like Gecko; compatible; GPTBot/1.2; +https://openai.com/gptbot)"
20.171.207.73 - - [11/Sep/2025:05:07:43 +0700] "GET /wp-json/oembed/1.0/embed?format=xml&url=https%3A%2F%2Fvattusacky.vn%2F1xbet-india-123%2F HTTP/1.0" 200 3401 "-" "Mozilla/5.0 AppleWebKit/537.36 (KHTML, like Gecko; compatible; GPTBot/1.2; +https://openai.com/gptbot)"
20.171.207.73 - - [11/Sep/2025:05:07:48 +0700] "GET /wp-json/oembed/1.0/embed?format=xml&url=https%3A%2F%2Fvattusacky.vn%2Fmahjong-connect%2F HTTP/1.0" 200 3436 "-" "Mozilla/5.0 AppleWebKit/537.36 (KHTML, like Gecko; compatible; GPTBot/1.2; +https://openai.com/gptbot)"
20.171.207.73 - - [11/Sep/2025:05:07:53 +0700] "GET /wp-json/oembed/1.0/embed?format=xml&url=https%3A%2F%2Fvattusacky.vn%2Fsan-pham%2F1712%2F HTTP/1.0" 200 4190 "-" "Mozilla/5.0 AppleWebKit/537.36 (KHTML, like Gecko; compatible; GPTBot/1.2; +https://openai.com/gptbot)"
217.113.194.77 - - [11/Sep/2025:05:07:55 +0700] "GET /laugh-out-loud-the-funniest-moments-on-omegle-and-ometv/ HTTP/1.0" 200 86905 "-" "Mozilla/5.0 (compatible; Barkrowler/0.9; +https://babbar.tech/crawler)"
20.171.207.73 - - [11/Sep/2025:05:08:01 +0700] "GET /9416-2/embed/ HTTP/1.0" 200 22569 "-" "Mozilla/5.0 AppleWebKit/537.36 (KHTML, like Gecko; compatible; GPTBot/1.2; +https://openai.com/gptbot)"
20.171.207.73 - - [11/Sep/2025:05:08:12 +0700] "GET /wp-json/oembed/1.0/embed?format=xml&url=https%3A%2F%2Fvattusacky.vn%2Fsugardaddy-websites%2F HTTP/1.0" 200 3605 "-" "Mozilla/5.0 AppleWebKit/537.36 (KHTML, like Gecko; compatible; GPTBot/1.2; +https://openai.com/gptbot)"
45.117.177.72 - - [11/Sep/2025:05:08:19 +0700] "POST /wp-cron.php?doing_wp_cron=1757542099.4656341075897216796875 HTTP/1.0" 200 416 "-" "WordPress/6.8.1; https://vattusacky.vn"
217.113.194.74 - - [11/Sep/2025:05:08:18 +0700] "GET /epic-fails-and-amusing-pranks-on-omegle-that-will-make-your-day/ HTTP/1.0" 200 90313 "-" "Mozilla/5.0 (compatible; Barkrowler/0.9; +https://babbar.tech/crawler)"
20.171.207.73 - - [11/Sep/2025:05:08:24 +0700] "GET /9459-2/embed/ HTTP/1.0" 200 22603 "-" "Mozilla/5.0 AppleWebKit/537.36 (KHTML, like Gecko; compatible; GPTBot/1.2; +https://openai.com/gptbot)"
20.171.207.73 - - [11/Sep/2025:05:08:34 +0700] "GET /wp-json/oembed/1.0/embed?format=xml&url=https%3A%2F%2Fvattusacky.vn%2F9982-2%2F HTTP/1.0" 200 3402 "-" "Mozilla/5.0 AppleWebKit/537.36 (KHTML, like Gecko; compatible; GPTBot/1.2; +https://openai.com/gptbot)"
217.113.194.72 - - [11/Sep/2025:05:08:38 +0700] "GET /jendral888-port-bandar-situs-web-yang-diakui-di-24/ HTTP/1.0" 200 81561 "-" "Mozilla/5.0 (compatible; Barkrowler/0.9; +https://babbar.tech/crawler)"
20.171.207.73 - - [11/Sep/2025:05:08:44 +0700] "GET /9423-2/embed/ HTTP/1.0" 200 22587 "-" "Mozilla/5.0 AppleWebKit/537.36 (KHTML, like Gecko; compatible; GPTBot/1.2; +https://openai.com/gptbot)"
20.171.207.73 - - [11/Sep/2025:05:08:58 +0700] "GET /wp-json/oembed/1.0/embed?format=xml&url=https%3A%2F%2Fvattusacky.vn%2Fjewelry-innovations%2F HTTP/1.0" 200 3545 "-" "Mozilla/5.0 AppleWebKit/537.36 (KHTML, like Gecko; compatible; GPTBot/1.2; +https://openai.com/gptbot)"
217.113.194.72 - - [11/Sep/2025:05:08:58 +0700] "GET /embracing-anonymity-the-freedom-and-creativity-of-omegle-artistry/ HTTP/1.0" 200 88089 "-" "Mozilla/5.0 (compatible; Barkrowler/0.9; +https://babbar.tech/crawler)"
20.171.207.73 - - [11/Sep/2025:05:09:08 +0700] "GET /9982-2/embed/ HTTP/1.0" 200 22616 "-" "Mozilla/5.0 AppleWebKit/537.36 (KHTML, like Gecko; compatible; GPTBot/1.2; +https://openai.com/gptbot)"
20.171.207.73 - - [11/Sep/2025:05:09:16 +0700] "GET /wp-json/oembed/1.0/embed?format=xml&url=https%3A%2F%2Fvattusacky.vn%2Fintimate-marriages%2F HTTP/1.0" 200 3475 "-" "Mozilla/5.0 AppleWebKit/537.36 (KHTML, like Gecko; compatible; GPTBot/1.2; +https://openai.com/gptbot)"
217.113.194.78 - - [11/Sep/2025:05:09:19 +0700] "GET /embracing-diversity-cultural-exchanges-on-omegle-and-ometv/feed/ HTTP/1.0" 200 1771 "-" "Mozilla/5.0 (compatible; Barkrowler/0.9; +https://babbar.tech/crawler)"
20.171.207.73 - - [11/Sep/2025:05:09:24 +0700] "GET /1xbet-india-123/embed/ HTTP/1.0" 200 22941 "-" "Mozilla/5.0 AppleWebKit/537.36 (KHTML, like Gecko; compatible; GPTBot/1.2; +https://openai.com/gptbot)"
20.171.207.73 - - [11/Sep/2025:05:09:33 +0700] "GET /online-mobile-casino-gambling-systems/embed/ HTTP/1.0" 200 22974 "-" "Mozilla/5.0 AppleWebKit/537.36 (KHTML, like Gecko; compatible; GPTBot/1.2; +https://openai.com/gptbot)"
217.113.194.74 - - [11/Sep/2025:05:09:36 +0700] "GET /embracing-the-unexpected-omegles-role-in-spontaneous-interactions/feed/ HTTP/1.0" 200 1792 "-" "Mozilla/5.0 (compatible; Barkrowler/0.9; +https://babbar.tech/crawler)"
20.171.207.73 - - [11/Sep/2025:05:09:40 +0700] "GET /mahjong-connect/embed/ HTTP/1.0" 200 22692 "-" "Mozilla/5.0 AppleWebKit/537.36 (KHTML, like Gecko; compatible; GPTBot/1.2; +https://openai.com/gptbot)"
45.117.177.72 - - [11/Sep/2025:05:09:48 +0700] "POST /wp-cron.php?doing_wp_cron=1757542188.6731550693511962890625 HTTP/1.0" 200 416 "-" "WordPress/6.8.1; https://vattusacky.vn"
20.171.207.73 - - [11/Sep/2025:05:09:47 +0700] "GET /1win-aviator-46/embed/ HTTP/1.0" 200 22970 "-" "Mozilla/5.0 AppleWebKit/537.36 (KHTML, like Gecko; compatible; GPTBot/1.2; +https://openai.com/gptbot)"
217.113.194.72 - - [11/Sep/2025:05:09:54 +0700] "GET /embracing-the-unexpected-the-serendipity-of-omegles-random-chats/feed/ HTTP/1.0" 200 1789 "-" "Mozilla/5.0 (compatible; Barkrowler/0.9; +https://babbar.tech/crawler)"
20.171.207.73 - - [11/Sep/2025:05:09:54 +0700] "GET /san-pham/1712/embed/ HTTP/1.0" 200 24351 "-" "Mozilla/5.0 AppleWebKit/537.36 (KHTML, like Gecko; compatible; GPTBot/1.2; +https://openai.com/gptbot)"
20.171.207.73 - - [11/Sep/2025:05:10:02 +0700] "GET /sugardaddy-websites/embed/ HTTP/1.0" 200 23081 "-" "Mozilla/5.0 AppleWebKit/537.36 (KHTML, like Gecko; compatible; GPTBot/1.2; +https://openai.com/gptbot)"
20.171.207.73 - - [11/Sep/2025:05:10:09 +0700] "GET /wp-json/oembed/1.0/embed?format=xml&url=https%3A%2F%2Fvattusacky.vn%2Fquantracnuocthai%2F HTTP/1.0" 200 3775 "-" "Mozilla/5.0 AppleWebKit/537.36 (KHTML, like Gecko; compatible; GPTBot/1.2; +https://openai.com/gptbot)"
217.113.194.79 - - [11/Sep/2025:05:10:12 +0700] "GET /nurturing-artistic-potential-omegles-role-in-inspiring-creativity/feed/ HTTP/1.0" 200 1792 "-" "Mozilla/5.0 (compatible; Barkrowler/0.9; +https://babbar.tech/crawler)"
45.117.177.72 - - [11/Sep/2025:05:10:17 +0700] "POST /wp-cron.php?doing_wp_cron=1757542217.6768639087677001953125 HTTP/1.0" 200 416 "-" "WordPress/6.8.1; https://vattusacky.vn"
20.171.207.73 - - [11/Sep/2025:05:10:16 +0700] "GET /wp-json/oembed/1.0/embed?format=xml&url=https%3A%2F%2Fvattusacky.vn%2Fmonetary-management%2F HTTP/1.0" 200 3537 "-" "Mozilla/5.0 AppleWebKit/537.36 (KHTML, like Gecko; compatible; GPTBot/1.2; +https://openai.com/gptbot)"
20.171.207.73 - - [11/Sep/2025:05:10:23 +0700] "GET /wp-json/oembed/1.0/embed?format=xml&url=https%3A%2F%2Fvattusacky.vn%2F4606-2%2F HTTP/1.0" 200 3369 "-" "Mozilla/5.0 AppleWebKit/537.36 (KHTML, like Gecko; compatible; GPTBot/1.2; +https://openai.com/gptbot)"
20.171.207.73 - - [11/Sep/2025:05:10:30 +0700] "GET /wp-json/oembed/1.0/embed?format=xml&url=https%3A%2F%2Fvattusacky.vn%2F5540-2%2F HTTP/1.0" 200 3377 "-" "Mozilla/5.0 AppleWebKit/537.36 (KHTML, like Gecko; compatible; GPTBot/1.2; +https://openai.com/gptbot)"
217.113.194.77 - - [11/Sep/2025:05:10:30 +0700] "GET /nurturing-meaningful-relationships-through-chance-encounters-on-omegle/feed/ HTTP/1.0" 200 1807 "-" "Mozilla/5.0 (compatible; Barkrowler/0.9; +https://babbar.tech/crawler)"
20.171.207.73 - - [11/Sep/2025:05:10:37 +0700] "GET /wp-json/oembed/1.0/embed?format=xml&url=https%3A%2F%2Fvattusacky.vn%2F4005-2%2F HTTP/1.0" 200 3595 "-" "Mozilla/5.0 AppleWebKit/537.36 (KHTML, like Gecko; compatible; GPTBot/1.2; +https://openai.com/gptbot)"
20.171.207.73 - - [11/Sep/2025:05:10:44 +0700] "GET /wp-json/oembed/1.0/embed?format=xml&url=https%3A%2F%2Fvattusacky.vn%2Fepamethod5buikhithai%2F HTTP/1.0" 200 4038 "-" "Mozilla/5.0 AppleWebKit/537.36 (KHTML, like Gecko; compatible; GPTBot/1.2; +https://openai.com/gptbot)"
217.113.194.217 - - [11/Sep/2025:05:10:49 +0700] "GET /azino777-casino-rabochee-zerkalo-vhod-zerkalo-3/ HTTP/1.0" 200 96302 "-" "Mozilla/5.0 (compatible; Barkrowler/0.9; +https://babbar.tech/crawler)"
20.171.207.73 - - [11/Sep/2025:05:10:51 +0700] "GET /quantracnuocthai/embed/ HTTP/1.0" 200 23835 "-" "Mozilla/5.0 AppleWebKit/537.36 (KHTML, like Gecko; compatible; GPTBot/1.2; +https://openai.com/gptbot)"
20.171.207.73 - - [11/Sep/2025:05:10:57 +0700] "GET /intimate-marriages/embed/ HTTP/1.0" 200 23025 "-" "Mozilla/5.0 AppleWebKit/537.36 (KHTML, like Gecko; compatible; GPTBot/1.2; +https://openai.com/gptbot)"
20.171.207.73 - - [11/Sep/2025:05:11:04 +0700] "GET /wp-json/oembed/1.0/embed?format=xml&url=https%3A%2F%2Fvattusacky.vn%2F4663-2%2F HTTP/1.0" 200 3418 "-" "Mozilla/5.0 AppleWebKit/537.36 (KHTML, like Gecko; compatible; GPTBot/1.2; +https://openai.com/gptbot)"
217.113.194.74 - - [11/Sep/2025:05:11:09 +0700] "GET /azino777-casino-onlajn-obzor-2023-i-bonusy-demo-3/ HTTP/1.0" 200 100216 "-" "Mozilla/5.0 (compatible; Barkrowler/0.9; +https://babbar.tech/crawler)"
20.171.207.73 - - [11/Sep/2025:05:11:11 +0700] "GET /5540-2/embed/ HTTP/1.0" 200 22573 "-" "Mozilla/5.0 AppleWebKit/537.36 (KHTML, like Gecko; compatible; GPTBot/1.2; +https://openai.com/gptbot)"
45.117.177.72 - - [11/Sep/2025:05:11:19 +0700] "POST /wp-cron.php?doing_wp_cron=1757542279.0820169448852539062500 HTTP/1.0" 200 416 "-" "WordPress/6.8.1; https://vattusacky.vn"
20.171.207.73 - - [11/Sep/2025:05:11:17 +0700] "GET /4005-2/embed/ HTTP/1.0" 200 22711 "-" "Mozilla/5.0 AppleWebKit/537.36 (KHTML, like Gecko; compatible; GPTBot/1.2; +https://openai.com/gptbot)"
20.171.207.73 - - [11/Sep/2025:05:11:24 +0700] "GET /epamethod5buikhithai/embed/ HTTP/1.0" 200 23949 "-" "Mozilla/5.0 AppleWebKit/537.36 (KHTML, like Gecko; compatible; GPTBot/1.2; +https://openai.com/gptbot)"
20.171.207.73 - - [11/Sep/2025:05:11:30 +0700] "GET /wp-json/oembed/1.0/embed?format=xml&url=https%3A%2F%2Fvattusacky.vn%2F4614-2%2F HTTP/1.0" 200 3405 "-" "Mozilla/5.0 AppleWebKit/537.36 (KHTML, like Gecko; compatible; GPTBot/1.2; +https://openai.com/gptbot)"
217.113.194.79 - - [11/Sep/2025:05:11:32 +0700] "GET /que-premio-recibiran-mis-campeones-de-una-copa-codere-2023/ HTTP/1.0" 200 88750 "-" "Mozilla/5.0 (compatible; Barkrowler/0.9; +https://babbar.tech/crawler)"
20.171.207.73 - - [11/Sep/2025:05:11:35 +0700] "GET /wp-json/oembed/1.0/embed?format=xml&url=https%3A%2F%2Fvattusacky.vn%2F9301-2%2F HTTP/1.0" 200 3347 "-" "Mozilla/5.0 AppleWebKit/537.36 (KHTML, like Gecko; compatible; GPTBot/1.2; +https://openai.com/gptbot)"
20.171.207.73 - - [11/Sep/2025:05:11:42 +0700] "GET /4663-2/embed/ HTTP/1.0" 200 22590 "-" "Mozilla/5.0 AppleWebKit/537.36 (KHTML, like Gecko; compatible; GPTBot/1.2; +https://openai.com/gptbot)"
20.171.207.73 - - [11/Sep/2025:05:11:47 +0700] "GET /wp-json/oembed/1.0/embed?format=xml&url=https%3A%2F%2Fvattusacky.vn%2F5566-2%2F HTTP/1.0" 200 3390 "-" "Mozilla/5.0 AppleWebKit/537.36 (KHTML, like Gecko; compatible; GPTBot/1.2; +https://openai.com/gptbot)"
20.171.207.73 - - [11/Sep/2025:05:11:53 +0700] "GET /wp-json/oembed/1.0/embed?format=xml&url=https%3A%2F%2Fvattusacky.vn%2F4721-2%2F HTTP/1.0" 200 3509 "-" "Mozilla/5.0 AppleWebKit/537.36 (KHTML, like Gecko; compatible; GPTBot/1.2; +https://openai.com/gptbot)"
217.113.194.217 - - [11/Sep/2025:05:11:56 +0700] "GET /onlajn-kazino-rabochee-zerkalo-vhod-zerkalo-2/ HTTP/1.0" 200 98433 "-" "Mozilla/5.0 (compatible; Barkrowler/0.9; +https://babbar.tech/crawler)"
20.171.207.73 - - [11/Sep/2025:05:11:59 +0700] "GET /wp-json/oembed/1.0/embed?format=xml&url=https%3A%2F%2Fvattusacky.vn%2F5277-2%2F HTTP/1.0" 200 3374 "-" "Mozilla/5.0 AppleWebKit/537.36 (KHTML, like Gecko; compatible; GPTBot/1.2; +https://openai.com/gptbot)"
40.77.167.151 - - [11/Sep/2025:05:11:59 +0700] "GET /omegle-and-ometv-for-finding-mentors/ HTTP/1.0" 200 80754 "-" "Mozilla/5.0 AppleWebKit/537.36 (KHTML, like Gecko; compatible; bingbot/2.0; +http://www.bing.com/bingbot.htm) Chrome/116.0.1938.76 Safari/537.36"
20.171.207.73 - - [11/Sep/2025:05:12:04 +0700] "GET /4614-2/embed/ HTTP/1.0" 200 22611 "-" "Mozilla/5.0 AppleWebKit/537.36 (KHTML, like Gecko; compatible; GPTBot/1.2; +https://openai.com/gptbot)"
20.171.207.73 - - [11/Sep/2025:05:12:09 +0700] "GET /9301-2/embed/ HTTP/1.0" 200 22561 "-" "Mozilla/5.0 AppleWebKit/537.36 (KHTML, like Gecko; compatible; GPTBot/1.2; +https://openai.com/gptbot)"
20.171.207.73 - - [11/Sep/2025:05:12:14 +0700] "GET /wp-json/oembed/1.0/embed?format=xml&url=https%3A%2F%2Fvattusacky.vn%2F5346-2%2F HTTP/1.0" 200 3362 "-" "Mozilla/5.0 AppleWebKit/537.36 (KHTML, like Gecko; compatible; GPTBot/1.2; +https://openai.com/gptbot)"
45.117.177.72 - - [11/Sep/2025:05:12:20 +0700] "POST /wp-cron.php?doing_wp_cron=1757542340.8276419639587402343750 HTTP/1.0" 200 416 "-" "WordPress/6.8.1; https://vattusacky.vn"
217.113.194.79 - - [11/Sep/2025:05:12:19 +0700] "GET /cultivating-empathy-and-understanding-in-anonymous-omegle-conversations/feed/ HTTP/1.0" 200 1810 "-" "Mozilla/5.0 (compatible; Barkrowler/0.9; +https://babbar.tech/crawler)"
20.171.207.73 - - [11/Sep/2025:05:12:20 +0700] "GET /5566-2/embed/ HTTP/1.0" 200 22604 "-" "Mozilla/5.0 AppleWebKit/537.36 (KHTML, like Gecko; compatible; GPTBot/1.2; +https://openai.com/gptbot)"
20.171.207.73 - - [11/Sep/2025:05:12:25 +0700] "GET /4721-2/embed/ HTTP/1.0" 200 22576 "-" "Mozilla/5.0 AppleWebKit/537.36 (KHTML, like Gecko; compatible; GPTBot/1.2; +https://openai.com/gptbot)"
20.171.207.73 - - [11/Sep/2025:05:12:29 +0700] "GET /5277-2/embed/ HTTP/1.0" 200 22587 "-" "Mozilla/5.0 AppleWebKit/537.36 (KHTML, like Gecko; compatible; GPTBot/1.2; +https://openai.com/gptbot)"
20.171.207.73 - - [11/Sep/2025:05:12:34 +0700] "GET /wp-json/oembed/1.0/embed?format=xml&url=https%3A%2F%2Fvattusacky.vn%2F4282-2%2F HTTP/1.0" 200 3632 "-" "Mozilla/5.0 AppleWebKit/537.36 (KHTML, like Gecko; compatible; GPTBot/1.2; +https://openai.com/gptbot)"
217.113.194.74 - - [11/Sep/2025:05:12:37 +0700] "GET /serendipity-and-the-power-of-random-encounters-on-omegle-and-ometv/ HTTP/1.0" 200 88759 "-" "Mozilla/5.0 (compatible; Barkrowler/0.9; +https://babbar.tech/crawler)"
20.171.207.73 - - [11/Sep/2025:05:12:39 +0700] "GET /wp-json/oembed/1.0/embed?format=xml&url=https%3A%2F%2Fvattusacky.vn%2F3823-2%2F HTTP/1.0" 200 3389 "-" "Mozilla/5.0 AppleWebKit/537.36 (KHTML, like Gecko; compatible; GPTBot/1.2; +https://openai.com/gptbot)"
20.171.207.73 - - [11/Sep/2025:05:12:44 +0700] "GET /5346-2/embed/ HTTP/1.0" 200 22575 "-" "Mozilla/5.0 AppleWebKit/537.36 (KHTML, like Gecko; compatible; GPTBot/1.2; +https://openai.com/gptbot)"
20.171.207.73 - - [11/Sep/2025:05:12:49 +0700] "GET /wp-json/oembed/1.0/embed?format=xml&url=https%3A%2F%2Fvattusacky.vn%2F5261-2%2F HTTP/1.0" 200 3387 "-" "Mozilla/5.0 AppleWebKit/537.36 (KHTML, like Gecko; compatible; GPTBot/1.2; +https://openai.com/gptbot)"
20.171.207.73 - - [11/Sep/2025:05:12:54 +0700] "GET /wp-json/oembed/1.0/embed?format=xml&url=https%3A%2F%2Fvattusacky.vn%2F5322-2%2F HTTP/1.0" 200 3362 "-" "Mozilla/5.0 AppleWebKit/537.36 (KHTML, like Gecko; compatible; GPTBot/1.2; +https://openai.com/gptbot)"
217.113.194.72 - - [11/Sep/2025:05:12:59 +0700] "GET /serendipity-and-self-discovery-how-unexpected-moments-can-change-us-online/ HTTP/1.0" 200 93912 "-" "Mozilla/5.0 (compatible; Barkrowler/0.9; +https://babbar.tech/crawler)"
20.171.207.73 - - [11/Sep/2025:05:12:59 +0700] "GET /wp-json/oembed/1.0/embed?format=xml&url=https%3A%2F%2Fvattusacky.vn%2F5344-2%2F HTTP/1.0" 200 3375 "-" "Mozilla/5.0 AppleWebKit/537.36 (KHTML, like Gecko; compatible; GPTBot/1.2; +https://openai.com/gptbot)"
20.171.207.73 - - [11/Sep/2025:05:13:04 +0700] "GET /4282-2/embed/ HTTP/1.0" 200 22708 "-" "Mozilla/5.0 AppleWebKit/537.36 (KHTML, like Gecko; compatible; GPTBot/1.2; +https://openai.com/gptbot)"
20.171.207.73 - - [11/Sep/2025:05:13:09 +0700] "GET /3823-2/embed/ HTTP/1.0" 200 22603 "-" "Mozilla/5.0 AppleWebKit/537.36 (KHTML, like Gecko; compatible; GPTBot/1.2; +https://openai.com/gptbot)"
20.171.207.73 - - [11/Sep/2025:05:13:15 +0700] "GET /wp-json/oembed/1.0/embed?format=xml&url=https%3A%2F%2Fvattusacky.vn%2F4620-2%2F HTTP/1.0" 200 3516 "-" "Mozilla/5.0 AppleWebKit/537.36 (KHTML, like Gecko; compatible; GPTBot/1.2; +https://openai.com/gptbot)"
45.117.177.72 - - [11/Sep/2025:05:13:21 +0700] "POST /wp-cron.php?doing_wp_cron=1757542401.1315550804138183593750 HTTP/1.0" 200 416 "-" "WordPress/6.8.1; https://vattusacky.vn"
20.171.207.73 - - [11/Sep/2025:05:13:20 +0700] "GET /wp-json/oembed/1.0/embed?format=xml&url=https%3A%2F%2Fvattusacky.vn%2F6011-2%2F HTTP/1.0" 200 3359 "-" "Mozilla/5.0 AppleWebKit/537.36 (KHTML, like Gecko; compatible; GPTBot/1.2; +https://openai.com/gptbot)"
217.113.194.74 - - [11/Sep/2025:05:13:23 +0700] "GET /comparing-virtual-empathy-on-omegle-to-other-online-platforms/ HTTP/1.0" 200 91317 "-" "Mozilla/5.0 (compatible; Barkrowler/0.9; +https://babbar.tech/crawler)"
20.171.207.73 - - [11/Sep/2025:05:13:24 +0700] "GET /5261-2/embed/ HTTP/1.0" 200 22600 "-" "Mozilla/5.0 AppleWebKit/537.36 (KHTML, like Gecko; compatible; GPTBot/1.2; +https://openai.com/gptbot)"
20.171.207.73 - - [11/Sep/2025:05:13:29 +0700] "GET /5322-2/embed/ HTTP/1.0" 200 22568 "-" "Mozilla/5.0 AppleWebKit/537.36 (KHTML, like Gecko; compatible; GPTBot/1.2; +https://openai.com/gptbot)"
20.171.207.73 - - [11/Sep/2025:05:13:33 +0700] "GET /5344-2/embed/ HTTP/1.0" 200 22589 "-" "Mozilla/5.0 AppleWebKit/537.36 (KHTML, like Gecko; compatible; GPTBot/1.2; +https://openai.com/gptbot)"
20.171.207.73 - - [11/Sep/2025:05:13:38 +0700] "GET /wp-json/oembed/1.0/embed?format=xml&url=https%3A%2F%2Fvattusacky.vn%2F4264-2%2F HTTP/1.0" 200 3380 "-" "Mozilla/5.0 AppleWebKit/537.36 (KHTML, like Gecko; compatible; GPTBot/1.2; +https://openai.com/gptbot)"
20.171.207.73 - - [11/Sep/2025:05:13:42 +0700] "GET /wp-json/oembed/1.0/embed?format=xml&url=https%3A%2F%2Fvattusacky.vn%2F3921-2%2F HTTP/1.0" 200 3384 "-" "Mozilla/5.0 AppleWebKit/537.36 (KHTML, like Gecko; compatible; GPTBot/1.2; +https://openai.com/gptbot)"
217.113.194.74 - - [11/Sep/2025:05:13:43 +0700] "GET /the-importance-of-algorithms-in-pairing-users-on-omegle-and-ometv/ HTTP/1.0" 200 92550 "-" "Mozilla/5.0 (compatible; Barkrowler/0.9; +https://babbar.tech/crawler)"
92.222.181.205 - - [11/Sep/2025:05:13:44 +0700] "GET /wp-login.php HTTP/1.0" 200 11388 "-" "Mozilla/5.0 (X11; Ubuntu; Linux x86_64; rv:85.0) Gecko/20100101 Firefox/91.0"
20.171.207.73 - - [11/Sep/2025:05:13:46 +0700] "GET /4620-2/embed/ HTTP/1.0" 200 22709 "-" "Mozilla/5.0 AppleWebKit/537.36 (KHTML, like Gecko; compatible; GPTBot/1.2; +https://openai.com/gptbot)"
92.222.181.205 - - [11/Sep/2025:05:13:50 +0700] "POST /wp-login.php HTTP/1.0" 200 11730 "-" "Mozilla/5.0 (X11; Ubuntu; Linux x86_64; rv:85.0) Gecko/20100101 Firefox/91.0"
20.171.207.73 - - [11/Sep/2025:05:13:51 +0700] "GET /6011-2/embed/ HTTP/1.0" 200 22565 "-" "Mozilla/5.0 AppleWebKit/537.36 (KHTML, like Gecko; compatible; GPTBot/1.2; +https://openai.com/gptbot)"
20.171.207.73 - - [11/Sep/2025:05:13:55 +0700] "GET /wp-json/oembed/1.0/embed?format=xml&url=https%3A%2F%2Fvattusacky.vn%2F4253-2%2F HTTP/1.0" 200 3361 "-" "Mozilla/5.0 AppleWebKit/537.36 (KHTML, like Gecko; compatible; GPTBot/1.2; +https://openai.com/gptbot)"
20.171.207.73 - - [11/Sep/2025:05:13:59 +0700] "GET /wp-json/oembed/1.0/embed?format=xml&url=https%3A%2F%2Fvattusacky.vn%2F4661-2%2F HTTP/1.0" 200 3392 "-" "Mozilla/5.0 AppleWebKit/537.36 (KHTML, like Gecko; compatible; GPTBot/1.2; +https://openai.com/gptbot)"
20.171.207.73 - - [11/Sep/2025:05:14:03 +0700] "GET /wp-json/oembed/1.0/embed?format=xml&url=https%3A%2F%2Fvattusacky.vn%2F4215-2%2F HTTP/1.0" 200 3389 "-" "Mozilla/5.0 AppleWebKit/537.36 (KHTML, like Gecko; compatible; GPTBot/1.2; +https://openai.com/gptbot)"
216.244.66.237 - - [11/Sep/2025:05:14:05 +0700] "GET /robots.txt HTTP/1.0" 200 984 "-" "Mozilla/5.0 (compatible; DotBot/1.2; +https://opensiteexplorer.org/dotbot; help@moz.com)"
217.113.194.217 - - [11/Sep/2025:05:14:05 +0700] "GET /the-importance-of-active-participation-in-creating-cosmic-connections-on-omegle/ HTTP/1.0" 200 90942 "-" "Mozilla/5.0 (compatible; Barkrowler/0.9; +https://babbar.tech/crawler)"
20.171.207.73 - - [11/Sep/2025:05:14:08 +0700] "GET /4264-2/embed/ HTTP/1.0" 200 22590 "-" "Mozilla/5.0 AppleWebKit/537.36 (KHTML, like Gecko; compatible; GPTBot/1.2; +https://openai.com/gptbot)"
20.171.207.73 - - [11/Sep/2025:05:14:12 +0700] "GET /3921-2/embed/ HTTP/1.0" 200 22598 "-" "Mozilla/5.0 AppleWebKit/537.36 (KHTML, like Gecko; compatible; GPTBot/1.2; +https://openai.com/gptbot)"
45.117.177.72 - - [11/Sep/2025:05:14:18 +0700] "POST /wp-cron.php?doing_wp_cron=1757542458.1769459247589111328125 HTTP/1.0" 200 416 "-" "WordPress/6.8.1; https://vattusacky.vn"
20.171.207.73 - - [11/Sep/2025:05:14:17 +0700] "GET /wp-json/oembed/1.0/embed?format=xml&url=https%3A%2F%2Fvattusacky.vn%2F723-2%2F HTTP/1.0" 200 3672 "-" "Mozilla/5.0 AppleWebKit/537.36 (KHTML, like Gecko; compatible; GPTBot/1.2; +https://openai.com/gptbot)"
20.171.207.73 - - [11/Sep/2025:05:14:21 +0700] "GET /wp-json/oembed/1.0/embed?format=xml&url=https%3A%2F%2Fvattusacky.vn%2F4646-2%2F HTTP/1.0" 200 3358 "-" "Mozilla/5.0 AppleWebKit/537.36 (KHTML, like Gecko; compatible; GPTBot/1.2; +https://openai.com/gptbot)"
20.171.207.73 - - [11/Sep/2025:05:14:25 +0700] "GET /4253-2/embed/ HTTP/1.0" 200 22575 "-" "Mozilla/5.0 AppleWebKit/537.36 (KHTML, like Gecko; compatible; GPTBot/1.2; +https://openai.com/gptbot)"
20.171.207.73 - - [11/Sep/2025:05:14:29 +0700] "GET /4661-2/embed/ HTTP/1.0" 200 22597 "-" "Mozilla/5.0 AppleWebKit/537.36 (KHTML, like Gecko; compatible; GPTBot/1.2; +https://openai.com/gptbot)"
20.171.207.73 - - [11/Sep/2025:05:14:35 +0700] "GET /4215-2/embed/ HTTP/1.0" 200 22587 "-" "Mozilla/5.0 AppleWebKit/537.36 (KHTML, like Gecko; compatible; GPTBot/1.2; +https://openai.com/gptbot)"
217.113.194.78 - - [11/Sep/2025:05:14:34 +0700] "GET /the-impact-of-technology-on-modern-relationships-insights-from-omegle-experience/ HTTP/1.0" 200 91531 "-" "Mozilla/5.0 (compatible; Barkrowler/0.9; +https://babbar.tech/crawler)"
20.171.207.73 - - [11/Sep/2025:05:14:39 +0700] "GET /wp-json/oembed/1.0/embed?format=xml&url=https%3A%2F%2Fvattusacky.vn%2Fhow-to-choose-a-mobile-casino-slots%2F HTTP/1.0" 200 3510 "-" "Mozilla/5.0 AppleWebKit/537.36 (KHTML, like Gecko; compatible; GPTBot/1.2; +https://openai.com/gptbot)"
20.171.207.73 - - [11/Sep/2025:05:14:44 +0700] "GET /wp-json/oembed/1.0/embed?format=xml&url=https%3A%2F%2Fvattusacky.vn%2Fje-timide-avec-dames-comment-faire-surmonter-cela%2F HTTP/1.0" 200 3663 "-" "Mozilla/5.0 AppleWebKit/537.36 (KHTML, like Gecko; compatible; GPTBot/1.2; +https://openai.com/gptbot)"
20.171.207.73 - - [11/Sep/2025:05:14:48 +0700] "GET /4646-2/embed/ HTTP/1.0" 200 22572 "-" "Mozilla/5.0 AppleWebKit/537.36 (KHTML, like Gecko; compatible; GPTBot/1.2; +https://openai.com/gptbot)"
20.171.207.73 - - [11/Sep/2025:05:14:53 +0700] "GET /wp-json/oembed/1.0/embed?format=xml&url=https%3A%2F%2Fvattusacky.vn%2F22bet-registration-26%2F HTTP/1.0" 200 3467 "-" "Mozilla/5.0 AppleWebKit/537.36 (KHTML, like Gecko; compatible; GPTBot/1.2; +https://openai.com/gptbot)"
217.113.194.80 - - [11/Sep/2025:05:14:57 +0700] "GET /the-impact-of-virtual-empathy-on-individual-well-being-on-omegle/ HTTP/1.0" 200 93550 "-" "Mozilla/5.0 (compatible; Barkrowler/0.9; +https://babbar.tech/crawler)"
20.171.207.73 - - [11/Sep/2025:05:14:58 +0700] "GET /723-2/embed/ HTTP/1.0" 200 23014 "-" "Mozilla/5.0 AppleWebKit/537.36 (KHTML, like Gecko; compatible; GPTBot/1.2; +https://openai.com/gptbot)"
20.171.207.73 - - [11/Sep/2025:05:15:03 +0700] "GET /wp-json/oembed/1.0/embed?format=xml&url=https%3A%2F%2Fvattusacky.vn%2Fhinge-evaluation-2021%2F HTTP/1.0" 200 3492 "-" "Mozilla/5.0 AppleWebKit/537.36 (KHTML, like Gecko; compatible; GPTBot/1.2; +https://openai.com/gptbot)"
20.171.207.73 - - [11/Sep/2025:05:15:07 +0700] "GET /how-to-choose-a-mobile-casino-slots/embed/ HTTP/1.0" 200 22884 "-" "Mozilla/5.0 AppleWebKit/537.36 (KHTML, like Gecko; compatible; GPTBot/1.2; +https://openai.com/gptbot)"
20.171.207.73 - - [11/Sep/2025:05:15:12 +0700] "GET /je-timide-avec-dames-comment-faire-surmonter-cela/embed/ HTTP/1.0" 200 23169 "-" "Mozilla/5.0 AppleWebKit/537.36 (KHTML, like Gecko; compatible; GPTBot/1.2; +https://openai.com/gptbot)"
45.117.177.72 - - [11/Sep/2025:05:15:17 +0700] "POST /wp-cron.php?doing_wp_cron=1757542517.7564098834991455078125 HTTP/1.0" 200 416 "-" "WordPress/6.8.1; https://vattusacky.vn"
20.171.207.73 - - [11/Sep/2025:05:15:16 +0700] "GET /wp-json/oembed/1.0/embed?format=xml&url=https%3A%2F%2Fvattusacky.vn%2Fno-in-cricket-199%2F HTTP/1.0" 200 3434 "-" "Mozilla/5.0 AppleWebKit/537.36 (KHTML, like Gecko; compatible; GPTBot/1.2; +https://openai.com/gptbot)"
217.113.194.73 - - [11/Sep/2025:05:15:20 +0700] "GET /the-impact-of-anonymity-on-trust-and-credibility-in-omegle-chats/ HTTP/1.0" 200 79613 "-" "Mozilla/5.0 (compatible; Barkrowler/0.9; +https://babbar.tech/crawler)"
20.171.207.73 - - [11/Sep/2025:05:15:22 +0700] "GET /wp-content/plugins/woocommerce/assets/js/frontend/country-select.min.js?ver=9.8.3 HTTP/1.0" 200 460 "-" "Mozilla/5.0 AppleWebKit/537.36 (KHTML, like Gecko; compatible; GPTBot/1.2; +https://openai.com/gptbot)"
20.171.207.73 - - [11/Sep/2025:05:15:25 +0700] "GET /22bet-registration-26/embed/ HTTP/1.0" 200 23036 "-" "Mozilla/5.0 AppleWebKit/537.36 (KHTML, like Gecko; compatible; GPTBot/1.2; +https://openai.com/gptbot)"
20.171.207.73 - - [11/Sep/2025:05:15:29 +0700] "GET /hinge-evaluation-2021/embed/ HTTP/1.0" 200 22835 "-" "Mozilla/5.0 AppleWebKit/537.36 (KHTML, like Gecko; compatible; GPTBot/1.2; +https://openai.com/gptbot)"
40.77.167.151 - - [11/Sep/2025:05:15:33 +0700] "GET /want-native-hookups-%EF%B8%8F-go-to-igetnaughty-com/ HTTP/1.0" 200 208236 "-" "Mozilla/5.0 AppleWebKit/537.36 (KHTML, like Gecko; compatible; bingbot/2.0; +http://www.bing.com/bingbot.htm) Chrome/116.0.1938.76 Safari/537.36"
20.171.207.73 - - [11/Sep/2025:05:15:34 +0700] "GET /wp-json/oembed/1.0/embed?format=xml&url=https%3A%2F%2Fvattusacky.vn%2Fphoto-product-specifications-91%2F HTTP/1.0" 200 3499 "-" "Mozilla/5.0 AppleWebKit/537.36 (KHTML, like Gecko; compatible; GPTBot/1.2; +https://openai.com/gptbot)"
20.171.207.73 - - [11/Sep/2025:05:15:38 +0700] "GET /wp-json/oembed/1.0/embed?format=xml&url=https%3A%2F%2Fvattusacky.vn%2Flogo3%2F HTTP/1.0" 200 4080 "-" "Mozilla/5.0 AppleWebKit/537.36 (KHTML, like Gecko; compatible; GPTBot/1.2; +https://openai.com/gptbot)"
217.113.194.76 - - [11/Sep/2025:05:15:40 +0700] "GET /the-impact-of-omegle-on-traditional-forms-of-entertainment-and-socializing/ HTTP/1.0" 200 92745 "-" "Mozilla/5.0 (compatible; Barkrowler/0.9; +https://babbar.tech/crawler)"
20.171.207.73 - - [11/Sep/2025:05:15:43 +0700] "GET /wp-json/oembed/1.0/embed?format=xml&url=https%3A%2F%2Fvattusacky.vn%2Flogo4%2F HTTP/1.0" 200 4089 "-" "Mozilla/5.0 AppleWebKit/537.36 (KHTML, like Gecko; compatible; GPTBot/1.2; +https://openai.com/gptbot)"
20.171.207.73 - - [11/Sep/2025:05:15:47 +0700] "GET /no-in-cricket-199/embed/ HTTP/1.0" 200 22964 "-" "Mozilla/5.0 AppleWebKit/537.36 (KHTML, like Gecko; compatible; GPTBot/1.2; +https://openai.com/gptbot)"
20.171.207.73 - - [11/Sep/2025:05:15:52 +0700] "GET /wp-json/oembed/1.0/embed?format=xml&url=https%3A%2F%2Fvattusacky.vn%2Flogo1%2F HTTP/1.0" 200 4087 "-" "Mozilla/5.0 AppleWebKit/537.36 (KHTML, like Gecko; compatible; GPTBot/1.2; +https://openai.com/gptbot)"
20.171.207.73 - - [11/Sep/2025:05:15:57 +0700] "GET /wp-json/oembed/1.0/embed?format=xml&url=https%3A%2F%2Fvattusacky.vn%2Flogo2%2F HTTP/1.0" 200 4084 "-" "Mozilla/5.0 AppleWebKit/537.36 (KHTML, like Gecko; compatible; GPTBot/1.2; +https://openai.com/gptbot)"
217.113.194.81 - - [11/Sep/2025:05:16:01 +0700] "GET /the-impact-of-positive-psychology-on-networking-on-omegle-and-ometv/ HTTP/1.0" 200 93793 "-" "Mozilla/5.0 (compatible; Barkrowler/0.9; +https://babbar.tech/crawler)"
20.171.207.73 - - [11/Sep/2025:05:16:01 +0700] "GET /wp-json/oembed/1.0/embed?format=xml&url=https%3A%2F%2Fvattusacky.vn%2F1-tme-kmutt-467%2F HTTP/1.0" 200 13422 "-" "Mozilla/5.0 AppleWebKit/537.36 (KHTML, like Gecko; compatible; GPTBot/1.2; +https://openai.com/gptbot)"
20.171.207.73 - - [11/Sep/2025:05:16:06 +0700] "GET /photo-product-specifications-91/embed/ HTTP/1.0" 200 23146 "-" "Mozilla/5.0 AppleWebKit/537.36 (KHTML, like Gecko; compatible; GPTBot/1.2; +https://openai.com/gptbot)"
20.171.207.73 - - [11/Sep/2025:05:16:10 +0700] "GET /logo3/embed/ HTTP/1.0" 200 23589 "-" "Mozilla/5.0 AppleWebKit/537.36 (KHTML, like Gecko; compatible; GPTBot/1.2; +https://openai.com/gptbot)"
20.171.207.73 - - [11/Sep/2025:05:16:15 +0700] "GET /logo4/embed/ HTTP/1.0" 200 23605 "-" "Mozilla/5.0 AppleWebKit/537.36 (KHTML, like Gecko; compatible; GPTBot/1.2; +https://openai.com/gptbot)"
45.117.177.72 - - [11/Sep/2025:05:16:20 +0700] "POST /wp-cron.php?doing_wp_cron=1757542580.5821928977966308593750 HTTP/1.0" 200 416 "-" "WordPress/6.8.1; https://vattusacky.vn"
20.171.207.73 - - [11/Sep/2025:05:16:19 +0700] "GET /wp-json/oembed/1.0/embed?format=xml&url=https%3A%2F%2Fvattusacky.vn%2Fmostbet-giris-%25f0%259d%2597%259au%25f0%259d%2597%25bb%25f0%259d%2597%25b0%25f0%259d%2597%25b2%25f0%259d%2597%25b9-%25f0%259d%2590%2580%25f0%259d%2590%259d%25f0%259d%2590%25ab%25f0%259d%2590%259e%25f0%259d%2590%25ac%25f0%259d%2590%25a2-mostbet-294-mostbet-12-04-2023-521%2F HTTP/1.0" 200 4389 "-" "Mozilla/5.0 AppleWebKit/537.36 (KHTML, like Gecko; compatible; GPTBot/1.2; +https://openai.com/gptbot)"
217.113.194.78 - - [11/Sep/2025:05:16:21 +0700] "GET /the-impact-of-networking-on-self-confidence-on-omegle-and-ometv/ HTTP/1.0" 200 93292 "-" "Mozilla/5.0 (compatible; Barkrowler/0.9; +https://babbar.tech/crawler)"
20.171.207.73 - - [11/Sep/2025:05:16:24 +0700] "GET /logo1/embed/ HTTP/1.0" 200 23606 "-" "Mozilla/5.0 AppleWebKit/537.36 (KHTML, like Gecko; compatible; GPTBot/1.2; +https://openai.com/gptbot)"
20.171.207.73 - - [11/Sep/2025:05:16:28 +0700] "GET /logo2/embed/ HTTP/1.0" 200 23596 "-" "Mozilla/5.0 AppleWebKit/537.36 (KHTML, like Gecko; compatible; GPTBot/1.2; +https://openai.com/gptbot)"
20.171.207.73 - - [11/Sep/2025:05:16:32 +0700] "GET /1-tme-kmutt-467/embed/ HTTP/1.0" 200 27733 "-" "Mozilla/5.0 AppleWebKit/537.36 (KHTML, like Gecko; compatible; GPTBot/1.2; +https://openai.com/gptbot)"
20.171.207.73 - - [11/Sep/2025:05:16:37 +0700] "GET /wp-json/oembed/1.0/embed?format=xml&url=https%3A%2F%2Fvattusacky.vn%2Fmelbet-india-948%2F HTTP/1.0" 200 3446 "-" "Mozilla/5.0 AppleWebKit/537.36 (KHTML, like Gecko; compatible; GPTBot/1.2; +https://openai.com/gptbot)"
20.171.207.73 - - [11/Sep/2025:05:16:42 +0700] "GET /wp-json/oembed/1.0/embed?format=xml&url=https%3A%2F%2Fvattusacky.vn%2F1xbet-india-1387%2F HTTP/1.0" 200 3433 "-" "Mozilla/5.0 AppleWebKit/537.36 (KHTML, like Gecko; compatible; GPTBot/1.2; +https://openai.com/gptbot)"
217.113.194.81 - - [11/Sep/2025:05:16:44 +0700] "GET /gama-casino-oficialnyj-sajt-kazino-demo-bystryj-2/ HTTP/1.0" 200 217255 "-" "Mozilla/5.0 (compatible; Barkrowler/0.9; +https://babbar.tech/crawler)"
20.171.207.73 - - [11/Sep/2025:05:16:46 +0700] "GET /wp-json/oembed/1.0/embed?format=xml&url=https%3A%2F%2Fvattusacky.vn%2Fcreating-an-effective-online-dating-services-profile%2F HTTP/1.0" 200 3732 "-" "Mozilla/5.0 AppleWebKit/537.36 (KHTML, like Gecko; compatible; GPTBot/1.2; +https://openai.com/gptbot)"
20.171.207.73 - - [11/Sep/2025:05:16:51 +0700] "GET /mostbet-giris-%f0%9d%97%9au%f0%9d%97%bb%f0%9d%97%b0%f0%9d%97%b2%f0%9d%97%b9-%f0%9d%90%80%f0%9d%90%9d%f0%9d%90%ab%f0%9d%90%9e%f0%9d%90%ac%f0%9d%90%a2-mostbet-294-mostbet-12-04-2023-521/embed/ HTTP/1.0" 200 24717 "-" "Mozilla/5.0 AppleWebKit/537.36 (KHTML, like Gecko; compatible; GPTBot/1.2; +https://openai.com/gptbot)"
20.171.207.73 - - [11/Sep/2025:05:16:55 +0700] "GET /wp-json/oembed/1.0/embed?format=xml&url=https%3A%2F%2Fvattusacky.vn%2Flogo3%2Fberghof_logo%2F HTTP/1.0" 200 4267 "-" "Mozilla/5.0 AppleWebKit/537.36 (KHTML, like Gecko; compatible; GPTBot/1.2; +https://openai.com/gptbot)"
20.171.207.73 - - [11/Sep/2025:05:17:01 +0700] "GET /wp-content/plugins/contact-form-7/includes/js/index.js?ver=6.0.6 HTTP/1.0" 200 443 "-" "Mozilla/5.0 AppleWebKit/537.36 (KHTML, like Gecko; compatible; GPTBot/1.2; +https://openai.com/gptbot)"
20.171.207.73 - - [11/Sep/2025:05:17:04 +0700] "GET /wp-json/oembed/1.0/embed?format=xml&url=https%3A%2F%2Fvattusacky.vn%2Faviator-predictor-47%2F HTTP/1.0" 200 3442 "-" "Mozilla/5.0 AppleWebKit/537.36 (KHTML, like Gecko; compatible; GPTBot/1.2; +https://openai.com/gptbot)"
20.171.207.73 - - [11/Sep/2025:05:17:09 +0700] "GET /melbet-india-948/embed/ HTTP/1.0" 200 22971 "-" "Mozilla/5.0 AppleWebKit/537.36 (KHTML, like Gecko; compatible; GPTBot/1.2; +https://openai.com/gptbot)"
217.113.194.75 - - [11/Sep/2025:05:17:13 +0700] "GET /requesting-a-research-paper-for-sale-online-how-students-can-benefit-from-this-service/ HTTP/1.0" 200 75596 "-" "Mozilla/5.0 (compatible; Barkrowler/0.9; +https://babbar.tech/crawler)"
20.171.207.73 - - [11/Sep/2025:05:17:13 +0700] "GET /1xbet-india-1387/embed/ HTTP/1.0" 200 22983 "-" "Mozilla/5.0 AppleWebKit/537.36 (KHTML, like Gecko; compatible; GPTBot/1.2; +https://openai.com/gptbot)"
45.117.177.72 - - [11/Sep/2025:05:17:18 +0700] "POST /wp-cron.php?doing_wp_cron=1757542638.9279301166534423828125 HTTP/1.0" 200 416 "-" "WordPress/6.8.1; https://vattusacky.vn"
20.171.207.73 - - [11/Sep/2025:05:17:17 +0700] "GET /creating-an-effective-online-dating-services-profile/embed/ HTTP/1.0" 200 23425 "-" "Mozilla/5.0 AppleWebKit/537.36 (KHTML, like Gecko; compatible; GPTBot/1.2; +https://openai.com/gptbot)"
20.171.207.73 - - [11/Sep/2025:05:17:22 +0700] "GET /wp-json/oembed/1.0/embed?format=xml&url=https%3A%2F%2Fvattusacky.vn%2F22bet-india-27%2F HTTP/1.0" 200 3466 "-" "Mozilla/5.0 AppleWebKit/537.36 (KHTML, like Gecko; compatible; GPTBot/1.2; +https://openai.com/gptbot)"
20.171.207.73 - - [11/Sep/2025:05:17:26 +0700] "GET /logo3/berghof_logo/embed/ HTTP/1.0" 200 23433 "-" "Mozilla/5.0 AppleWebKit/537.36 (KHTML, like Gecko; compatible; GPTBot/1.2; +https://openai.com/gptbot)"
20.171.207.73 - - [11/Sep/2025:05:17:31 +0700] "GET /wp-json/oembed/1.0/embed?format=xml&url=https%3A%2F%2Fvattusacky.vn%2F22bet-india-169%2F HTTP/1.0" 200 3425 "-" "Mozilla/5.0 AppleWebKit/537.36 (KHTML, like Gecko; compatible; GPTBot/1.2; +https://openai.com/gptbot)"
20.171.207.73 - - [11/Sep/2025:05:17:35 +0700] "GET /aviator-predictor-47/embed/ HTTP/1.0" 200 23010 "-" "Mozilla/5.0 AppleWebKit/537.36 (KHTML, like Gecko; compatible; GPTBot/1.2; +https://openai.com/gptbot)"
154.54.249.200 - - [11/Sep/2025:05:17:35 +0700] "GET /lights-camera-action-entertaining-performances-on-omegle-and-ometv/feed/ HTTP/1.0" 200 1795 "-" "Mozilla/5.0 (compatible; Barkrowler/0.9; +https://babbar.tech/crawler)"
20.171.207.73 - - [11/Sep/2025:05:17:39 +0700] "GET /wp-json/oembed/1.0/embed?format=xml&url=https%3A%2F%2Fvattusacky.vn%2F1xbet-india-277%2F HTTP/1.0" 200 3458 "-" "Mozilla/5.0 AppleWebKit/537.36 (KHTML, like Gecko; compatible; GPTBot/1.2; +https://openai.com/gptbot)"
