20.171.207.73 - - [11/Sep/2025:05:17:44 +0700] "GET /wp-json/oembed/1.0/embed?format=xml&url=https%3A%2F%2Fvattusacky.vn%2F1xbet-india-406%2F HTTP/1.0" 200 3407 "-" "Mozilla/5.0 AppleWebKit/537.36 (KHTML, like Gecko; compatible; GPTBot/1.2; +https://openai.com/gptbot)"
20.171.207.73 - - [11/Sep/2025:05:17:48 +0700] "GET /wp-json/oembed/1.0/embed?format=xml&url=https%3A%2F%2Fvattusacky.vn%2F1xbet-india-627%2F HTTP/1.0" 200 3423 "-" "Mozilla/5.0 AppleWebKit/537.36 (KHTML, like Gecko; compatible; GPTBot/1.2; +https://openai.com/gptbot)"
20.171.207.73 - - [11/Sep/2025:05:17:54 +0700] "GET /22bet-india-27/embed/ HTTP/1.0" 200 22989 "-" "Mozilla/5.0 AppleWebKit/537.36 (KHTML, like Gecko; compatible; GPTBot/1.2; +https://openai.com/gptbot)"
217.113.194.78 - - [11/Sep/2025:05:17:55 +0700] "GET /friendship-stories-heartfelt-connections-on-omegle-and-ometv/feed/ HTTP/1.0" 200 1777 "-" "Mozilla/5.0 (compatible; Barkrowler/0.9; +https://babbar.tech/crawler)"
20.171.207.73 - - [11/Sep/2025:05:17:59 +0700] "GET /wp-json/oembed/1.0/embed?format=xml&url=https%3A%2F%2Fvattusacky.vn%2F1xbet-india-48%2F HTTP/1.0" 200 3424 "-" "Mozilla/5.0 AppleWebKit/537.36 (KHTML, like Gecko; compatible; GPTBot/1.2; +https://openai.com/gptbot)"
20.171.207.73 - - [11/Sep/2025:05:18:03 +0700] "GET /22bet-india-169/embed/ HTTP/1.0" 200 22957 "-" "Mozilla/5.0 AppleWebKit/537.36 (KHTML, like Gecko; compatible; GPTBot/1.2; +https://openai.com/gptbot)"
20.171.207.73 - - [11/Sep/2025:05:18:08 +0700] "GET /wp-json/oembed/1.0/embed?format=xml&url=https%3A%2F%2Fvattusacky.vn%2Fpage-4%2F HTTP/1.0" 200 6540 "-" "Mozilla/5.0 AppleWebKit/537.36 (KHTML, like Gecko; compatible; GPTBot/1.2; +https://openai.com/gptbot)"
217.113.194.81 - - [11/Sep/2025:05:18:12 +0700] "GET /face-to-face-video-chats-on-omegle-tips-and-tricks-for-a-better-experience/feed/ HTTP/1.0" 200 1819 "-" "Mozilla/5.0 (compatible; Barkrowler/0.9; +https://babbar.tech/crawler)"
20.171.207.73 - - [11/Sep/2025:05:18:13 +0700] "GET /1xbet-india-277/embed/ HTTP/1.0" 200 22990 "-" "Mozilla/5.0 AppleWebKit/537.36 (KHTML, like Gecko; compatible; GPTBot/1.2; +https://openai.com/gptbot)"
45.117.177.72 - - [11/Sep/2025:05:18:18 +0700] "POST /wp-cron.php?doing_wp_cron=1757542698.5407791137695312500000 HTTP/1.0" 200 416 "-" "WordPress/6.8.1; https://vattusacky.vn"
20.171.207.73 - - [11/Sep/2025:05:18:17 +0700] "GET /1xbet-india-406/embed/ HTTP/1.0" 200 22940 "-" "Mozilla/5.0 AppleWebKit/537.36 (KHTML, like Gecko; compatible; GPTBot/1.2; +https://openai.com/gptbot)"
20.171.207.73 - - [11/Sep/2025:05:18:21 +0700] "GET /1xbet-india-627/embed/ HTTP/1.0" 200 22963 "-" "Mozilla/5.0 AppleWebKit/537.36 (KHTML, like Gecko; compatible; GPTBot/1.2; +https://openai.com/gptbot)"
20.171.207.73 - - [11/Sep/2025:05:18:25 +0700] "GET /1xbet-india-48/embed/ HTTP/1.0" 200 22951 "-" "Mozilla/5.0 AppleWebKit/537.36 (KHTML, like Gecko; compatible; GPTBot/1.2; +https://openai.com/gptbot)"
217.113.194.81 - - [11/Sep/2025:05:18:29 +0700] "GET /bridging-distances-video-vs-text-on-omegle-and-ometv/feed/ HTTP/1.0" 200 1753 "-" "Mozilla/5.0 (compatible; Barkrowler/0.9; +https://babbar.tech/crawler)"
20.171.207.73 - - [11/Sep/2025:05:18:29 +0700] "GET /wp-json/oembed/1.0/embed?format=xml&url=https%3A%2F%2Fvattusacky.vn%2Funibet-130%2F HTTP/1.0" 200 3375 "-" "Mozilla/5.0 AppleWebKit/537.36 (KHTML, like Gecko; compatible; GPTBot/1.2; +https://openai.com/gptbot)"
20.171.207.73 - - [11/Sep/2025:05:18:34 +0700] "GET /wp-json/oembed/1.0/embed?format=xml&url=https%3A%2F%2Fvattusacky.vn%2Fpage-13778%2F HTTP/1.0" 200 9834 "-" "Mozilla/5.0 AppleWebKit/537.36 (KHTML, like Gecko; compatible; GPTBot/1.2; +https://openai.com/gptbot)"
20.171.207.73 - - [11/Sep/2025:05:18:38 +0700] "GET /page-4/embed/ HTTP/1.0" 200 24616 "-" "Mozilla/5.0 AppleWebKit/537.36 (KHTML, like Gecko; compatible; GPTBot/1.2; +https://openai.com/gptbot)"
20.171.207.73 - - [11/Sep/2025:05:18:41 +0700] "GET /wp-json/oembed/1.0/embed?format=xml&url=https%3A%2F%2Fvattusacky.vn%2Fpage-1727%2F HTTP/1.0" 200 6926 "-" "Mozilla/5.0 AppleWebKit/537.36 (KHTML, like Gecko; compatible; GPTBot/1.2; +https://openai.com/gptbot)"
20.171.207.73 - - [11/Sep/2025:05:18:45 +0700] "GET /wp-json/oembed/1.0/embed?format=xml&url=https%3A%2F%2Fvattusacky.vn%2Fpage-1524%2F HTTP/1.0" 200 16424 "-" "Mozilla/5.0 AppleWebKit/537.36 (KHTML, like Gecko; compatible; GPTBot/1.2; +https://openai.com/gptbot)"
217.113.194.72 - - [11/Sep/2025:05:18:47 +0700] "GET /mindful-and-ethical-chatting-promoting-respect-and-empathy-on-omegle/ HTTP/1.0" 200 90863 "-" "Mozilla/5.0 (compatible; Barkrowler/0.9; +https://babbar.tech/crawler)"
20.171.207.73 - - [11/Sep/2025:05:18:50 +0700] "GET /wp-json/oembed/1.0/embed?format=xml&url=https%3A%2F%2Fvattusacky.vn%2Fpage-1844%2F HTTP/1.0" 200 4613 "-" "Mozilla/5.0 AppleWebKit/537.36 (KHTML, like Gecko; compatible; GPTBot/1.2; +https://openai.com/gptbot)"
20.171.207.73 - - [11/Sep/2025:05:18:53 +0700] "GET /wp-json/oembed/1.0/embed?format=xml&url=https%3A%2F%2Fvattusacky.vn%2F1xbet-india-96-2%2F HTTP/1.0" 200 3432 "-" "Mozilla/5.0 AppleWebKit/537.36 (KHTML, like Gecko; compatible; GPTBot/1.2; +https://openai.com/gptbot)"
20.171.207.73 - - [11/Sep/2025:05:18:57 +0700] "GET /unibet-130/embed/ HTTP/1.0" 200 22865 "-" "Mozilla/5.0 AppleWebKit/537.36 (KHTML, like Gecko; compatible; GPTBot/1.2; +https://openai.com/gptbot)"
20.171.207.73 - - [11/Sep/2025:05:19:01 +0700] "GET /page-13778/embed/ HTTP/1.0" 200 25706 "-" "Mozilla/5.0 AppleWebKit/537.36 (KHTML, like Gecko; compatible; GPTBot/1.2; +https://openai.com/gptbot)"
20.171.207.73 - - [11/Sep/2025:05:19:05 +0700] "GET /wp-json/oembed/1.0/embed?format=xml&url=https%3A%2F%2Fvattusacky.vn%2F1xbet-bonus-2023-136%2F HTTP/1.0" 200 3443 "-" "Mozilla/5.0 AppleWebKit/537.36 (KHTML, like Gecko; compatible; GPTBot/1.2; +https://openai.com/gptbot)"
217.113.194.79 - - [11/Sep/2025:05:19:08 +0700] "GET /search-results-for-1xbet-cc6-bet-1xbet-cc6-bet-138/ HTTP/1.0" 200 244341 "-" "Mozilla/5.0 (compatible; Barkrowler/0.9; +https://babbar.tech/crawler)"
20.171.207.73 - - [11/Sep/2025:05:19:09 +0700] "GET /page-1727/embed/ HTTP/1.0" 200 24549 "-" "Mozilla/5.0 AppleWebKit/537.36 (KHTML, like Gecko; compatible; GPTBot/1.2; +https://openai.com/gptbot)"
20.171.207.73 - - [11/Sep/2025:05:19:13 +0700] "GET /page-1524/embed/ HTTP/1.0" 200 28718 "-" "Mozilla/5.0 AppleWebKit/537.36 (KHTML, like Gecko; compatible; GPTBot/1.2; +https://openai.com/gptbot)"
45.117.177.72 - - [11/Sep/2025:05:19:17 +0700] "POST /wp-cron.php?doing_wp_cron=1757542757.7347059249877929687500 HTTP/1.0" 200 416 "-" "WordPress/6.8.1; https://vattusacky.vn"
20.171.207.73 - - [11/Sep/2025:05:19:16 +0700] "GET /page-1844/embed/ HTTP/1.0" 200 23369 "-" "Mozilla/5.0 AppleWebKit/537.36 (KHTML, like Gecko; compatible; GPTBot/1.2; +https://openai.com/gptbot)"
20.171.207.73 - - [11/Sep/2025:05:19:20 +0700] "GET /1xbet-india-96-2/embed/ HTTP/1.0" 200 22964 "-" "Mozilla/5.0 AppleWebKit/537.36 (KHTML, like Gecko; compatible; GPTBot/1.2; +https://openai.com/gptbot)"
20.171.207.73 - - [11/Sep/2025:05:19:24 +0700] "GET /wp-json/oembed/1.0/embed?format=xml&url=https%3A%2F%2Fvattusacky.vn%2F%3Fattachment_id%3D1379 HTTP/1.0" 200 4162 "-" "Mozilla/5.0 AppleWebKit/537.36 (KHTML, like Gecko; compatible; GPTBot/1.2; +https://openai.com/gptbot)"
20.171.207.73 - - [11/Sep/2025:05:19:28 +0700] "GET /wp-json/oembed/1.0/embed?format=xml&url=https%3A%2F%2Fvattusacky.vn%2F%3Fattachment_id%3D1768 HTTP/1.0" 200 4166 "-" "Mozilla/5.0 AppleWebKit/537.36 (KHTML, like Gecko; compatible; GPTBot/1.2; +https://openai.com/gptbot)"
20.171.207.73 - - [11/Sep/2025:05:19:32 +0700] "GET /1xbet-bonus-2023-136/embed/ HTTP/1.0" 200 22996 "-" "Mozilla/5.0 AppleWebKit/537.36 (KHTML, like Gecko; compatible; GPTBot/1.2; +https://openai.com/gptbot)"
20.171.207.73 - - [11/Sep/2025:05:19:35 +0700] "GET /wp-json/oembed/1.0/embed?format=xml&url=https%3A%2F%2Fvattusacky.vn%2F%3Fattachment_id%3D1403 HTTP/1.0" 200 3990 "-" "Mozilla/5.0 AppleWebKit/537.36 (KHTML, like Gecko; compatible; GPTBot/1.2; +https://openai.com/gptbot)"
217.113.194.75 - - [11/Sep/2025:05:19:38 +0700] "GET /what-french-woman-style-really-entails-according-to-real-french-women/feed/ HTTP/1.0" 200 1804 "-" "Mozilla/5.0 (compatible; Barkrowler/0.9; +https://babbar.tech/crawler)"
20.171.207.73 - - [11/Sep/2025:05:19:39 +0700] "GET /wp-json/oembed/1.0/embed?format=xml&url=https%3A%2F%2Fvattusacky.vn%2F%3Fattachment_id%3D1651 HTTP/1.0" 200 4150 "-" "Mozilla/5.0 AppleWebKit/537.36 (KHTML, like Gecko; compatible; GPTBot/1.2; +https://openai.com/gptbot)"
20.171.207.73 - - [11/Sep/2025:05:19:43 +0700] "GET /wp-json/oembed/1.0/embed?format=xml&url=https%3A%2F%2Fvattusacky.vn%2F%3Fattachment_id%3D1309 HTTP/1.0" 200 4171 "-" "Mozilla/5.0 AppleWebKit/537.36 (KHTML, like Gecko; compatible; GPTBot/1.2; +https://openai.com/gptbot)"
20.171.207.73 - - [11/Sep/2025:05:19:47 +0700] "GET /wp-json/oembed/1.0/embed?format=xml&url=https%3A%2F%2Fvattusacky.vn%2F%3Fattachment_id%3D1997 HTTP/1.0" 200 4178 "-" "Mozilla/5.0 AppleWebKit/537.36 (KHTML, like Gecko; compatible; GPTBot/1.2; +https://openai.com/gptbot)"
20.171.207.73 - - [11/Sep/2025:05:19:51 +0700] "GET /?attachment_id=1379/embed/ HTTP/1.0" 301 417 "-" "Mozilla/5.0 AppleWebKit/537.36 (KHTML, like Gecko; compatible; GPTBot/1.2; +https://openai.com/gptbot)"
20.171.207.73 - - [11/Sep/2025:05:19:52 +0700] "GET /?attachment_id=1379 HTTP/1.0" 200 197954 "-" "Mozilla/5.0 AppleWebKit/537.36 (KHTML, like Gecko; compatible; GPTBot/1.2; +https://openai.com/gptbot)"
217.113.194.73 - - [11/Sep/2025:05:19:56 +0700] "GET /exploring-personal-interests-on-omegle-connecting-with-like-minded-individuals/ HTTP/1.0" 200 91345 "-" "Mozilla/5.0 (compatible; Barkrowler/0.9; +https://babbar.tech/crawler)"
20.171.207.73 - - [11/Sep/2025:05:19:57 +0700] "GET /?attachment_id=1768/embed/ HTTP/1.0" 301 417 "-" "Mozilla/5.0 AppleWebKit/537.36 (KHTML, like Gecko; compatible; GPTBot/1.2; +https://openai.com/gptbot)"
20.171.207.73 - - [11/Sep/2025:05:19:58 +0700] "GET /?attachment_id=1768 HTTP/1.0" 200 197929 "-" "Mozilla/5.0 AppleWebKit/537.36 (KHTML, like Gecko; compatible; GPTBot/1.2; +https://openai.com/gptbot)"
20.171.207.73 - - [11/Sep/2025:05:20:02 +0700] "GET /?attachment_id=1403/embed/ HTTP/1.0" 301 417 "-" "Mozilla/5.0 AppleWebKit/537.36 (KHTML, like Gecko; compatible; GPTBot/1.2; +https://openai.com/gptbot)"
20.171.207.73 - - [11/Sep/2025:05:20:03 +0700] "GET /?attachment_id=1403 HTTP/1.0" 200 194855 "-" "Mozilla/5.0 AppleWebKit/537.36 (KHTML, like Gecko; compatible; GPTBot/1.2; +https://openai.com/gptbot)"
20.171.207.73 - - [11/Sep/2025:05:20:07 +0700] "GET /?attachment_id=1651/embed/ HTTP/1.0" 301 417 "-" "Mozilla/5.0 AppleWebKit/537.36 (KHTML, like Gecko; compatible; GPTBot/1.2; +https://openai.com/gptbot)"
20.171.207.73 - - [11/Sep/2025:05:20:08 +0700] "GET /?attachment_id=1651 HTTP/1.0" 200 197990 "-" "Mozilla/5.0 AppleWebKit/537.36 (KHTML, like Gecko; compatible; GPTBot/1.2; +https://openai.com/gptbot)"
20.171.207.73 - - [11/Sep/2025:05:20:12 +0700] "GET /wp-json/oembed/1.0/embed?format=xml&url=https%3A%2F%2Fvattusacky.vn%2F%3Fattachment_id%3D1931 HTTP/1.0" 200 4206 "-" "Mozilla/5.0 AppleWebKit/537.36 (KHTML, like Gecko; compatible; GPTBot/1.2; +https://openai.com/gptbot)"
45.117.177.72 - - [11/Sep/2025:05:20:17 +0700] "POST /wp-cron.php?doing_wp_cron=1757542817.6925449371337890625000 HTTP/1.0" 200 416 "-" "WordPress/6.8.1; https://vattusacky.vn"
20.171.207.73 - - [11/Sep/2025:05:20:16 +0700] "GET /?attachment_id=1309/embed/ HTTP/1.0" 301 417 "-" "Mozilla/5.0 AppleWebKit/537.36 (KHTML, like Gecko; compatible; GPTBot/1.2; +https://openai.com/gptbot)"
20.171.207.73 - - [11/Sep/2025:05:20:18 +0700] "GET /?attachment_id=1309 HTTP/1.0" 200 198124 "-" "Mozilla/5.0 AppleWebKit/537.36 (KHTML, like Gecko; compatible; GPTBot/1.2; +https://openai.com/gptbot)"
217.113.194.78 - - [11/Sep/2025:05:20:18 +0700] "GET /exploring-omegles-user-demographics-who-uses-the-platform-and-why/ HTTP/1.0" 200 91675 "-" "Mozilla/5.0 (compatible; Barkrowler/0.9; +https://babbar.tech/crawler)"
20.171.207.73 - - [11/Sep/2025:05:20:22 +0700] "GET /wp-json/oembed/1.0/embed?format=xml&url=https%3A%2F%2Fvattusacky.vn%2F%3Fattachment_id%3D1460 HTTP/1.0" 200 3978 "-" "Mozilla/5.0 AppleWebKit/537.36 (KHTML, like Gecko; compatible; GPTBot/1.2; +https://openai.com/gptbot)"
20.171.207.73 - - [11/Sep/2025:05:20:26 +0700] "GET /wp-json/oembed/1.0/embed?format=xml&url=https%3A%2F%2Fvattusacky.vn%2F%3Fattachment_id%3D2027 HTTP/1.0" 200 4288 "-" "Mozilla/5.0 AppleWebKit/537.36 (KHTML, like Gecko; compatible; GPTBot/1.2; +https://openai.com/gptbot)"
20.171.207.73 - - [11/Sep/2025:05:20:30 +0700] "GET /?attachment_id=1997/embed/ HTTP/1.0" 301 417 "-" "Mozilla/5.0 AppleWebKit/537.36 (KHTML, like Gecko; compatible; GPTBot/1.2; +https://openai.com/gptbot)"
20.171.207.73 - - [11/Sep/2025:05:20:32 +0700] "GET /?attachment_id=1997 HTTP/1.0" 200 198409 "-" "Mozilla/5.0 AppleWebKit/537.36 (KHTML, like Gecko; compatible; GPTBot/1.2; +https://openai.com/gptbot)"
20.171.207.73 - - [11/Sep/2025:05:20:35 +0700] "GET /?attachment_id=1931/embed/ HTTP/1.0" 301 417 "-" "Mozilla/5.0 AppleWebKit/537.36 (KHTML, like Gecko; compatible; GPTBot/1.2; +https://openai.com/gptbot)"
20.171.207.73 - - [11/Sep/2025:05:20:37 +0700] "GET /?attachment_id=1931 HTTP/1.0" 200 198362 "-" "Mozilla/5.0 AppleWebKit/537.36 (KHTML, like Gecko; compatible; GPTBot/1.2; +https://openai.com/gptbot)"
217.113.194.72 - - [11/Sep/2025:05:20:38 +0700] "GET /exploring-the-serendipitous-side-of-online-dating-on-omegle-and-ometv/ HTTP/1.0" 200 90647 "-" "Mozilla/5.0 (compatible; Barkrowler/0.9; +https://babbar.tech/crawler)"
20.171.207.73 - - [11/Sep/2025:05:20:41 +0700] "GET /wp-json/oembed/1.0/embed?format=xml&url=https%3A%2F%2Fvattusacky.vn%2F%3Fattachment_id%3D1349 HTTP/1.0" 200 4164 "-" "Mozilla/5.0 AppleWebKit/537.36 (KHTML, like Gecko; compatible; GPTBot/1.2; +https://openai.com/gptbot)"
20.171.207.73 - - [11/Sep/2025:05:20:45 +0700] "GET /wp-json/oembed/1.0/embed?format=xml&url=https%3A%2F%2Fvattusacky.vn%2F%3Fattachment_id%3D1030 HTTP/1.0" 200 4279 "-" "Mozilla/5.0 AppleWebKit/537.36 (KHTML, like Gecko; compatible; GPTBot/1.2; +https://openai.com/gptbot)"
20.171.207.73 - - [11/Sep/2025:05:20:49 +0700] "GET /?attachment_id=1460/embed/ HTTP/1.0" 301 417 "-" "Mozilla/5.0 AppleWebKit/537.36 (KHTML, like Gecko; compatible; GPTBot/1.2; +https://openai.com/gptbot)"
20.171.207.73 - - [11/Sep/2025:05:20:50 +0700] "GET /?attachment_id=1460 HTTP/1.0" 200 194936 "-" "Mozilla/5.0 AppleWebKit/537.36 (KHTML, like Gecko; compatible; GPTBot/1.2; +https://openai.com/gptbot)"
20.171.207.73 - - [11/Sep/2025:05:20:54 +0700] "GET /?attachment_id=2027/embed/ HTTP/1.0" 301 417 "-" "Mozilla/5.0 AppleWebKit/537.36 (KHTML, like Gecko; compatible; GPTBot/1.2; +https://openai.com/gptbot)"
20.171.207.73 - - [11/Sep/2025:05:20:55 +0700] "GET /?attachment_id=2027 HTTP/1.0" 200 198757 "-" "Mozilla/5.0 AppleWebKit/537.36 (KHTML, like Gecko; compatible; GPTBot/1.2; +https://openai.com/gptbot)"
217.113.194.218 - - [11/Sep/2025:05:20:59 +0700] "GET /exploring-the-role-of-serendipitous-connections-in-building-empathy-online/ HTTP/1.0" 200 76116 "-" "Mozilla/5.0 (compatible; Barkrowler/0.9; +https://babbar.tech/crawler)"
20.171.207.73 - - [11/Sep/2025:05:20:59 +0700] "GET /wp-json/oembed/1.0/embed?format=xml&url=https%3A%2F%2Fvattusacky.vn%2F%3Fattachment_id%3D1198 HTTP/1.0" 200 3509 "-" "Mozilla/5.0 AppleWebKit/537.36 (KHTML, like Gecko; compatible; GPTBot/1.2; +https://openai.com/gptbot)"
20.171.207.73 - - [11/Sep/2025:05:21:04 +0700] "GET /wp-json/oembed/1.0/embed?format=xml&url=https%3A%2F%2Fvattusacky.vn%2F%3Fattachment_id%3D1930 HTTP/1.0" 200 4226 "-" "Mozilla/5.0 AppleWebKit/537.36 (KHTML, like Gecko; compatible; GPTBot/1.2; +https://openai.com/gptbot)"
20.171.207.73 - - [11/Sep/2025:05:21:08 +0700] "GET /?attachment_id=1030/embed/ HTTP/1.0" 301 417 "-" "Mozilla/5.0 AppleWebKit/537.36 (KHTML, like Gecko; compatible; GPTBot/1.2; +https://openai.com/gptbot)"
20.171.207.73 - - [11/Sep/2025:05:21:09 +0700] "GET /?attachment_id=1030 HTTP/1.0" 200 198146 "-" "Mozilla/5.0 AppleWebKit/537.36 (KHTML, like Gecko; compatible; GPTBot/1.2; +https://openai.com/gptbot)"
20.171.207.73 - - [11/Sep/2025:05:21:13 +0700] "GET /wp-json/oembed/1.0/embed?format=xml&url=https%3A%2F%2Fvattusacky.vn%2F%3Fattachment_id%3D1814 HTTP/1.0" 200 4302 "-" "Mozilla/5.0 AppleWebKit/537.36 (KHTML, like Gecko; compatible; GPTBot/1.2; +https://openai.com/gptbot)"
45.117.177.72 - - [11/Sep/2025:05:21:19 +0700] "POST /wp-cron.php?doing_wp_cron=1757542879.3835539817810058593750 HTTP/1.0" 200 416 "-" "WordPress/6.8.1; https://vattusacky.vn"
20.171.207.73 - - [11/Sep/2025:05:21:18 +0700] "GET /?attachment_id=1349/embed/ HTTP/1.0" 301 417 "-" "Mozilla/5.0 AppleWebKit/537.36 (KHTML, like Gecko; compatible; GPTBot/1.2; +https://openai.com/gptbot)"
20.171.207.73 - - [11/Sep/2025:05:21:19 +0700] "GET /?attachment_id=1349 HTTP/1.0" 200 197838 "-" "Mozilla/5.0 AppleWebKit/537.36 (KHTML, like Gecko; compatible; GPTBot/1.2; +https://openai.com/gptbot)"
217.113.194.217 - - [11/Sep/2025:05:21:21 +0700] "GET /exploring-the-complex-algorithms-behind-omegle-and-ometvs-matching-system/ HTTP/1.0" 200 92509 "-" "Mozilla/5.0 (compatible; Barkrowler/0.9; +https://babbar.tech/crawler)"
20.171.207.73 - - [11/Sep/2025:05:21:23 +0700] "GET /wp-json/oembed/1.0/embed?format=xml&url=https%3A%2F%2Fvattusacky.vn%2F%3Fattachment_id%3D1835 HTTP/1.0" 200 4134 "-" "Mozilla/5.0 AppleWebKit/537.36 (KHTML, like Gecko; compatible; GPTBot/1.2; +https://openai.com/gptbot)"
20.171.207.73 - - [11/Sep/2025:05:21:27 +0700] "GET /?attachment_id=1198/embed/ HTTP/1.0" 301 417 "-" "Mozilla/5.0 AppleWebKit/537.36 (KHTML, like Gecko; compatible; GPTBot/1.2; +https://openai.com/gptbot)"
20.171.207.73 - - [11/Sep/2025:05:21:29 +0700] "GET /?attachment_id=1198 HTTP/1.0" 200 198260 "-" "Mozilla/5.0 AppleWebKit/537.36 (KHTML, like Gecko; compatible; GPTBot/1.2; +https://openai.com/gptbot)"
20.171.207.73 - - [11/Sep/2025:05:21:33 +0700] "GET /?attachment_id=1930/embed/ HTTP/1.0" 301 417 "-" "Mozilla/5.0 AppleWebKit/537.36 (KHTML, like Gecko; compatible; GPTBot/1.2; +https://openai.com/gptbot)"
20.171.207.73 - - [11/Sep/2025:05:21:34 +0700] "GET /?attachment_id=1930 HTTP/1.0" 200 198457 "-" "Mozilla/5.0 AppleWebKit/537.36 (KHTML, like Gecko; compatible; GPTBot/1.2; +https://openai.com/gptbot)"
20.171.207.73 - - [11/Sep/2025:05:21:38 +0700] "GET /wp-json/oembed/1.0/embed?format=xml&url=https%3A%2F%2Fvattusacky.vn%2F%3Fattachment_id%3D1179 HTTP/1.0" 200 3949 "-" "Mozilla/5.0 AppleWebKit/537.36 (KHTML, like Gecko; compatible; GPTBot/1.2; +https://openai.com/gptbot)"
217.113.194.80 - - [11/Sep/2025:05:21:41 +0700] "GET /exploring-the-addictive-nature-of-omegle-and-ometv-challenges-and-benefits/ HTTP/1.0" 200 93118 "-" "Mozilla/5.0 (compatible; Barkrowler/0.9; +https://babbar.tech/crawler)"
20.171.207.73 - - [11/Sep/2025:05:21:41 +0700] "GET /wp-json/oembed/1.0/embed?format=xml&url=https%3A%2F%2Fvattusacky.vn%2F%3Fattachment_id%3D1658 HTTP/1.0" 200 3996 "-" "Mozilla/5.0 AppleWebKit/537.36 (KHTML, like Gecko; compatible; GPTBot/1.2; +https://openai.com/gptbot)"
20.171.207.73 - - [11/Sep/2025:05:21:44 +0700] "GET /?attachment_id=1835/embed/ HTTP/1.0" 301 417 "-" "Mozilla/5.0 AppleWebKit/537.36 (KHTML, like Gecko; compatible; GPTBot/1.2; +https://openai.com/gptbot)"
20.171.207.73 - - [11/Sep/2025:05:21:46 +0700] "GET /?attachment_id=1835 HTTP/1.0" 200 197814 "-" "Mozilla/5.0 AppleWebKit/537.36 (KHTML, like Gecko; compatible; GPTBot/1.2; +https://openai.com/gptbot)"
20.171.207.73 - - [11/Sep/2025:05:21:49 +0700] "GET /?attachment_id=1814/embed/ HTTP/1.0" 301 417 "-" "Mozilla/5.0 AppleWebKit/537.36 (KHTML, like Gecko; compatible; GPTBot/1.2; +https://openai.com/gptbot)"
20.171.207.73 - - [11/Sep/2025:05:21:50 +0700] "GET /?attachment_id=1814 HTTP/1.0" 200 198577 "-" "Mozilla/5.0 AppleWebKit/537.36 (KHTML, like Gecko; compatible; GPTBot/1.2; +https://openai.com/gptbot)"
20.171.207.73 - - [11/Sep/2025:05:21:53 +0700] "GET /wp-json/oembed/1.0/embed?format=xml&url=https%3A%2F%2Fvattusacky.vn%2F%3Fattachment_id%3D1743 HTTP/1.0" 200 4182 "-" "Mozilla/5.0 AppleWebKit/537.36 (KHTML, like Gecko; compatible; GPTBot/1.2; +https://openai.com/gptbot)"
20.171.207.73 - - [11/Sep/2025:05:21:57 +0700] "GET /wp-json/oembed/1.0/embed?format=xml&url=https%3A%2F%2Fvattusacky.vn%2F%3Fattachment_id%3D1989 HTTP/1.0" 200 4474 "-" "Mozilla/5.0 AppleWebKit/537.36 (KHTML, like Gecko; compatible; GPTBot/1.2; +https://openai.com/gptbot)"
20.171.207.73 - - [11/Sep/2025:05:22:00 +0700] "GET /?attachment_id=1658/embed/ HTTP/1.0" 301 417 "-" "Mozilla/5.0 AppleWebKit/537.36 (KHTML, like Gecko; compatible; GPTBot/1.2; +https://openai.com/gptbot)"
20.171.207.73 - - [11/Sep/2025:05:22:02 +0700] "GET /?attachment_id=1658 HTTP/1.0" 200 195087 "-" "Mozilla/5.0 AppleWebKit/537.36 (KHTML, like Gecko; compatible; GPTBot/1.2; +https://openai.com/gptbot)"
154.54.249.200 - - [11/Sep/2025:05:22:05 +0700] "GET /exploring-the-human-psychology-in-omegle-chronicles-the-need-for-connection/ HTTP/1.0" 200 91484 "-" "Mozilla/5.0 (compatible; Barkrowler/0.9; +https://babbar.tech/crawler)"
20.171.207.73 - - [11/Sep/2025:05:22:07 +0700] "GET /?attachment_id=1179/embed/ HTTP/1.0" 301 417 "-" "Mozilla/5.0 AppleWebKit/537.36 (KHTML, like Gecko; compatible; GPTBot/1.2; +https://openai.com/gptbot)"
20.171.207.73 - - [11/Sep/2025:05:22:09 +0700] "GET /?attachment_id=1179 HTTP/1.0" 200 195140 "-" "Mozilla/5.0 AppleWebKit/537.36 (KHTML, like Gecko; compatible; GPTBot/1.2; +https://openai.com/gptbot)"
20.171.207.73 - - [11/Sep/2025:05:22:13 +0700] "GET /wp-json/oembed/1.0/embed?format=xml&url=https%3A%2F%2Fvattusacky.vn%2F%3Fattachment_id%3D1701 HTTP/1.0" 200 4394 "-" "Mozilla/5.0 AppleWebKit/537.36 (KHTML, like Gecko; compatible; GPTBot/1.2; +https://openai.com/gptbot)"
45.117.177.72 - - [11/Sep/2025:05:22:18 +0700] "POST /wp-cron.php?doing_wp_cron=1757542938.7702429294586181640625 HTTP/1.0" 200 416 "-" "WordPress/6.8.1; https://vattusacky.vn"
20.171.207.73 - - [11/Sep/2025:05:22:17 +0700] "GET /wp-json/oembed/1.0/embed?format=xml&url=https%3A%2F%2Fvattusacky.vn%2F%3Fattachment_id%3D1620 HTTP/1.0" 200 4146 "-" "Mozilla/5.0 AppleWebKit/537.36 (KHTML, like Gecko; compatible; GPTBot/1.2; +https://openai.com/gptbot)"
20.171.207.73 - - [11/Sep/2025:05:22:21 +0700] "GET /?attachment_id=1743/embed/ HTTP/1.0" 301 417 "-" "Mozilla/5.0 AppleWebKit/537.36 (KHTML, like Gecko; compatible; GPTBot/1.2; +https://openai.com/gptbot)"
20.171.207.73 - - [11/Sep/2025:05:22:22 +0700] "GET /?attachment_id=1743 HTTP/1.0" 200 198094 "-" "Mozilla/5.0 AppleWebKit/537.36 (KHTML, like Gecko; compatible; GPTBot/1.2; +https://openai.com/gptbot)"
217.113.194.74 - - [11/Sep/2025:05:22:26 +0700] "GET /robots.txt HTTP/1.0" 200 984 "-" "Mozilla/5.0 (compatible; Barkrowler/0.9; +https://babbar.tech/crawler)"
20.171.207.73 - - [11/Sep/2025:05:22:27 +0700] "GET /?attachment_id=1989/embed/ HTTP/1.0" 301 417 "-" "Mozilla/5.0 AppleWebKit/537.36 (KHTML, like Gecko; compatible; GPTBot/1.2; +https://openai.com/gptbot)"
20.171.207.73 - - [11/Sep/2025:05:22:28 +0700] "GET /?attachment_id=1989 HTTP/1.0" 200 198498 "-" "Mozilla/5.0 AppleWebKit/537.36 (KHTML, like Gecko; compatible; GPTBot/1.2; +https://openai.com/gptbot)"
20.171.207.73 - - [11/Sep/2025:05:22:32 +0700] "GET /wp-json/oembed/1.0/embed?format=xml&url=https%3A%2F%2Fvattusacky.vn%2F%3Fattachment_id%3D1274 HTTP/1.0" 200 3972 "-" "Mozilla/5.0 AppleWebKit/537.36 (KHTML, like Gecko; compatible; GPTBot/1.2; +https://openai.com/gptbot)"
20.171.207.73 - - [11/Sep/2025:05:22:36 +0700] "GET /wp-json/oembed/1.0/embed?format=xml&url=https%3A%2F%2Fvattusacky.vn%2F%3Fattachment_id%3D1640 HTTP/1.0" 200 4230 "-" "Mozilla/5.0 AppleWebKit/537.36 (KHTML, like Gecko; compatible; GPTBot/1.2; +https://openai.com/gptbot)"
20.171.207.73 - - [11/Sep/2025:05:22:39 +0700] "GET /?attachment_id=1701/embed/ HTTP/1.0" 301 417 "-" "Mozilla/5.0 AppleWebKit/537.36 (KHTML, like Gecko; compatible; GPTBot/1.2; +https://openai.com/gptbot)"
20.171.207.73 - - [11/Sep/2025:05:22:41 +0700] "GET /?attachment_id=1701 HTTP/1.0" 200 199135 "-" "Mozilla/5.0 AppleWebKit/537.36 (KHTML, like Gecko; compatible; GPTBot/1.2; +https://openai.com/gptbot)"
217.113.194.217 - - [11/Sep/2025:05:22:44 +0700] "GET /the-power-of-language-on-omegle-unmasking-the-psychological-impact-of-words/ HTTP/1.0" 200 92299 "-" "Mozilla/5.0 (compatible; Barkrowler/0.9; +https://babbar.tech/crawler)"
20.171.207.73 - - [11/Sep/2025:05:22:44 +0700] "GET /?attachment_id=1620/embed/ HTTP/1.0" 301 417 "-" "Mozilla/5.0 AppleWebKit/537.36 (KHTML, like Gecko; compatible; GPTBot/1.2; +https://openai.com/gptbot)"
20.171.207.73 - - [11/Sep/2025:05:22:46 +0700] "GET /?attachment_id=1620 HTTP/1.0" 200 197967 "-" "Mozilla/5.0 AppleWebKit/537.36 (KHTML, like Gecko; compatible; GPTBot/1.2; +https://openai.com/gptbot)"
20.171.207.73 - - [11/Sep/2025:05:22:51 +0700] "GET /wp-json/oembed/1.0/embed?format=xml&url=https%3A%2F%2Fvattusacky.vn%2F%3Fattachment_id%3D1367 HTTP/1.0" 200 4158 "-" "Mozilla/5.0 AppleWebKit/537.36 (KHTML, like Gecko; compatible; GPTBot/1.2; +https://openai.com/gptbot)"
20.171.207.73 - - [11/Sep/2025:05:22:54 +0700] "GET /wp-json/oembed/1.0/embed?format=xml&url=https%3A%2F%2Fvattusacky.vn%2F%3Fattachment_id%3D1606 HTTP/1.0" 200 3978 "-" "Mozilla/5.0 AppleWebKit/537.36 (KHTML, like Gecko; compatible; GPTBot/1.2; +https://openai.com/gptbot)"
20.171.207.73 - - [11/Sep/2025:05:22:58 +0700] "GET /?attachment_id=1640/embed/ HTTP/1.0" 301 417 "-" "Mozilla/5.0 AppleWebKit/537.36 (KHTML, like Gecko; compatible; GPTBot/1.2; +https://openai.com/gptbot)"
20.171.207.73 - - [11/Sep/2025:05:23:00 +0700] "GET /?attachment_id=1640 HTTP/1.0" 200 198349 "-" "Mozilla/5.0 AppleWebKit/537.36 (KHTML, like Gecko; compatible; GPTBot/1.2; +https://openai.com/gptbot)"
20.171.207.73 - - [11/Sep/2025:05:23:04 +0700] "GET /?attachment_id=1274/embed/ HTTP/1.0" 301 417 "-" "Mozilla/5.0 AppleWebKit/537.36 (KHTML, like Gecko; compatible; GPTBot/1.2; +https://openai.com/gptbot)"
20.171.207.73 - - [11/Sep/2025:05:23:05 +0700] "GET /?attachment_id=1274 HTTP/1.0" 200 194772 "-" "Mozilla/5.0 AppleWebKit/537.36 (KHTML, like Gecko; compatible; GPTBot/1.2; +https://openai.com/gptbot)"
217.113.194.81 - - [11/Sep/2025:05:23:07 +0700] "GET /the-power-of-randomness-embracing-serendipity-on-omegle-and-ometv/ HTTP/1.0" 200 93180 "-" "Mozilla/5.0 (compatible; Barkrowler/0.9; +https://babbar.tech/crawler)"
20.171.207.73 - - [11/Sep/2025:05:23:09 +0700] "GET /wp-json/oembed/1.0/embed?format=xml&url=https%3A%2F%2Fvattusacky.vn%2F%3Fattachment_id%3D1646 HTTP/1.0" 200 4146 "-" "Mozilla/5.0 AppleWebKit/537.36 (KHTML, like Gecko; compatible; GPTBot/1.2; +https://openai.com/gptbot)"
20.171.207.73 - - [11/Sep/2025:05:23:13 +0700] "GET /wp-json/oembed/1.0/embed?format=xml&url=https%3A%2F%2Fvattusacky.vn%2F%3Fattachment_id%3D1270 HTTP/1.0" 200 4141 "-" "Mozilla/5.0 AppleWebKit/537.36 (KHTML, like Gecko; compatible; GPTBot/1.2; +https://openai.com/gptbot)"
45.117.177.72 - - [11/Sep/2025:05:23:19 +0700] "POST /wp-cron.php?doing_wp_cron=1757542999.0756731033325195312500 HTTP/1.0" 200 416 "-" "WordPress/6.8.1; https://vattusacky.vn"
20.171.207.73 - - [11/Sep/2025:05:23:17 +0700] "GET /?attachment_id=1606/embed/ HTTP/1.0" 301 417 "-" "Mozilla/5.0 AppleWebKit/537.36 (KHTML, like Gecko; compatible; GPTBot/1.2; +https://openai.com/gptbot)"
20.171.207.73 - - [11/Sep/2025:05:23:19 +0700] "GET /?attachment_id=1606 HTTP/1.0" 200 194795 "-" "Mozilla/5.0 AppleWebKit/537.36 (KHTML, like Gecko; compatible; GPTBot/1.2; +https://openai.com/gptbot)"
164.68.127.230 - - [11/Sep/2025:05:23:22 +0700] "GET / HTTP/1.0" 200 60070 "-" "Mozilla/5.0 (compatible; t3versionsBot/1.0; +https://www.t3versions.com/bot)"
20.171.207.73 - - [11/Sep/2025:05:23:23 +0700] "GET /?attachment_id=1367/embed/ HTTP/1.0" 301 417 "-" "Mozilla/5.0 AppleWebKit/537.36 (KHTML, like Gecko; compatible; GPTBot/1.2; +https://openai.com/gptbot)"
20.171.207.73 - - [11/Sep/2025:05:23:24 +0700] "GET /?attachment_id=1367 HTTP/1.0" 200 198040 "-" "Mozilla/5.0 AppleWebKit/537.36 (KHTML, like Gecko; compatible; GPTBot/1.2; +https://openai.com/gptbot)"
20.171.207.73 - - [11/Sep/2025:05:23:28 +0700] "GET /wp-json/oembed/1.0/embed?format=xml&url=https%3A%2F%2Fvattusacky.vn%2F%3Fattachment_id%3D1954 HTTP/1.0" 200 4213 "-" "Mozilla/5.0 AppleWebKit/537.36 (KHTML, like Gecko; compatible; GPTBot/1.2; +https://openai.com/gptbot)"
217.113.194.75 - - [11/Sep/2025:05:23:31 +0700] "GET /the-power-of-reflection-on-omegle-learning-and-growing-from-conversational-experiences/ HTTP/1.0" 200 92463 "-" "Mozilla/5.0 (compatible; Barkrowler/0.9; +https://babbar.tech/crawler)"
20.171.207.73 - - [11/Sep/2025:05:23:33 +0700] "GET /wp-json/oembed/1.0/embed?format=xml&url=https%3A%2F%2Fvattusacky.vn%2F%3Fattachment_id%3D1524 HTTP/1.0" 200 4234 "-" "Mozilla/5.0 AppleWebKit/537.36 (KHTML, like Gecko; compatible; GPTBot/1.2; +https://openai.com/gptbot)"
20.171.207.73 - - [11/Sep/2025:05:23:36 +0700] "GET /?attachment_id=1270/embed/ HTTP/1.0" 301 417 "-" "Mozilla/5.0 AppleWebKit/537.36 (KHTML, like Gecko; compatible; GPTBot/1.2; +https://openai.com/gptbot)"
20.171.207.73 - - [11/Sep/2025:05:23:37 +0700] "GET /?attachment_id=1270 HTTP/1.0" 200 198138 "-" "Mozilla/5.0 AppleWebKit/537.36 (KHTML, like Gecko; compatible; GPTBot/1.2; +https://openai.com/gptbot)"
20.171.207.73 - - [11/Sep/2025:05:23:41 +0700] "GET /?attachment_id=1646/embed/ HTTP/1.0" 301 417 "-" "Mozilla/5.0 AppleWebKit/537.36 (KHTML, like Gecko; compatible; GPTBot/1.2; +https://openai.com/gptbot)"
20.171.207.73 - - [11/Sep/2025:05:23:42 +0700] "GET /?attachment_id=1646 HTTP/1.0" 200 198163 "-" "Mozilla/5.0 AppleWebKit/537.36 (KHTML, like Gecko; compatible; GPTBot/1.2; +https://openai.com/gptbot)"
20.171.207.73 - - [11/Sep/2025:05:23:47 +0700] "GET /wp-json/oembed/1.0/embed?format=xml&url=https%3A%2F%2Fvattusacky.vn%2F%3Fattachment_id%3D1533 HTTP/1.0" 200 4002 "-" "Mozilla/5.0 AppleWebKit/537.36 (KHTML, like Gecko; compatible; GPTBot/1.2; +https://openai.com/gptbot)"
20.171.207.73 - - [11/Sep/2025:05:23:51 +0700] "GET /wp-json/oembed/1.0/embed?format=xml&url=https%3A%2F%2Fvattusacky.vn%2F%3Fattachment_id%3D1525 HTTP/1.0" 200 4198 "-" "Mozilla/5.0 AppleWebKit/537.36 (KHTML, like Gecko; compatible; GPTBot/1.2; +https://openai.com/gptbot)"
217.113.194.75 - - [11/Sep/2025:05:23:53 +0700] "GET /the-power-of-vulnerability-in-omegle-conversations-building-trust-and-connection/ HTTP/1.0" 200 92083 "-" "Mozilla/5.0 (compatible; Barkrowler/0.9; +https://babbar.tech/crawler)"
20.171.207.73 - - [11/Sep/2025:05:23:55 +0700] "GET /?attachment_id=1954/embed/ HTTP/1.0" 301 417 "-" "Mozilla/5.0 AppleWebKit/537.36 (KHTML, like Gecko; compatible; GPTBot/1.2; +https://openai.com/gptbot)"
20.171.207.73 - - [11/Sep/2025:05:23:56 +0700] "GET /?attachment_id=1954 HTTP/1.0" 200 198499 "-" "Mozilla/5.0 AppleWebKit/537.36 (KHTML, like Gecko; compatible; GPTBot/1.2; +https://openai.com/gptbot)"
20.171.207.73 - - [11/Sep/2025:05:24:00 +0700] "GET /wp-json/oembed/1.0/embed?format=xml&url=https%3A%2F%2Fvattusacky.vn%2F%3Fattachment_id%3D1978 HTTP/1.0" 200 4461 "-" "Mozilla/5.0 AppleWebKit/537.36 (KHTML, like Gecko; compatible; GPTBot/1.2; +https://openai.com/gptbot)"
20.171.207.73 - - [11/Sep/2025:05:24:05 +0700] "GET /?attachment_id=1524/embed/ HTTP/1.0" 301 417 "-" "Mozilla/5.0 AppleWebKit/537.36 (KHTML, like Gecko; compatible; GPTBot/1.2; +https://openai.com/gptbot)"
85.208.96.200 - - [11/Sep/2025:05:24:06 +0700] "GET /robots.txt HTTP/1.0" 200 984 "-" "Mozilla/5.0 (compatible; SemrushBot/7~bl; +http://www.semrush.com/bot.html)"
20.171.207.73 - - [11/Sep/2025:05:24:06 +0700] "GET /?attachment_id=1524 HTTP/1.0" 200 198376 "-" "Mozilla/5.0 AppleWebKit/537.36 (KHTML, like Gecko; compatible; GPTBot/1.2; +https://openai.com/gptbot)"
185.191.171.18 - - [11/Sep/2025:05:24:08 +0700] "GET /latina-wimen-one-of-the-most-exhaustive-guide-on-online-dating-irresistible-latina-brides/ HTTP/1.0" 200 98784 "-" "Mozilla/5.0 (compatible; SemrushBot/7~bl; +http://www.semrush.com/bot.html)"
20.171.207.73 - - [11/Sep/2025:05:24:10 +0700] "GET /wp-json/oembed/1.0/embed?format=xml&url=https%3A%2F%2Fvattusacky.vn%2F%3Fattachment_id%3D1294 HTTP/1.0" 200 3966 "-" "Mozilla/5.0 AppleWebKit/537.36 (KHTML, like Gecko; compatible; GPTBot/1.2; +https://openai.com/gptbot)"
20.171.207.73 - - [11/Sep/2025:05:24:14 +0700] "GET /?attachment_id=1525/embed/ HTTP/1.0" 301 417 "-" "Mozilla/5.0 AppleWebKit/537.36 (KHTML, like Gecko; compatible; GPTBot/1.2; +https://openai.com/gptbot)"
45.117.177.72 - - [11/Sep/2025:05:24:17 +0700] "POST /wp-cron.php?doing_wp_cron=1757543057.1165649890899658203125 HTTP/1.0" 200 416 "-" "WordPress/6.8.1; https://vattusacky.vn"
20.171.207.73 - - [11/Sep/2025:05:24:16 +0700] "GET /?attachment_id=1525 HTTP/1.0" 200 198428 "-" "Mozilla/5.0 AppleWebKit/537.36 (KHTML, like Gecko; compatible; GPTBot/1.2; +https://openai.com/gptbot)"
217.113.194.76 - - [11/Sep/2025:05:24:18 +0700] "GET /situs-slot-online-panduan-lengkap-untuk-pemain-indonesia/ HTTP/1.0" 200 66389 "-" "Mozilla/5.0 (compatible; Barkrowler/0.9; +https://babbar.tech/crawler)"
20.171.207.73 - - [11/Sep/2025:05:24:19 +0700] "GET /?attachment_id=1533/embed/ HTTP/1.0" 301 417 "-" "Mozilla/5.0 AppleWebKit/537.36 (KHTML, like Gecko; compatible; GPTBot/1.2; +https://openai.com/gptbot)"
20.171.207.73 - - [11/Sep/2025:05:24:20 +0700] "GET /?attachment_id=1533 HTTP/1.0" 200 194975 "-" "Mozilla/5.0 AppleWebKit/537.36 (KHTML, like Gecko; compatible; GPTBot/1.2; +https://openai.com/gptbot)"
20.171.207.73 - - [11/Sep/2025:05:24:25 +0700] "GET /?attachment_id=1978/embed/ HTTP/1.0" 301 417 "-" "Mozilla/5.0 AppleWebKit/537.36 (KHTML, like Gecko; compatible; GPTBot/1.2; +https://openai.com/gptbot)"
20.171.207.73 - - [11/Sep/2025:05:24:27 +0700] "GET /?attachment_id=1978 HTTP/1.0" 200 199185 "-" "Mozilla/5.0 AppleWebKit/537.36 (KHTML, like Gecko; compatible; GPTBot/1.2; +https://openai.com/gptbot)"
20.171.207.73 - - [11/Sep/2025:05:24:31 +0700] "GET /wp-json/oembed/1.0/embed?format=xml&url=https%3A%2F%2Fvattusacky.vn%2F%3Fattachment_id%3D1593 HTTP/1.0" 200 4026 "-" "Mozilla/5.0 AppleWebKit/537.36 (KHTML, like Gecko; compatible; GPTBot/1.2; +https://openai.com/gptbot)"
20.171.207.73 - - [11/Sep/2025:05:24:35 +0700] "GET /wp-json/oembed/1.0/embed?format=xml&url=https%3A%2F%2Fvattusacky.vn%2F%3Fattachment_id%3D1639 HTTP/1.0" 200 3966 "-" "Mozilla/5.0 AppleWebKit/537.36 (KHTML, like Gecko; compatible; GPTBot/1.2; +https://openai.com/gptbot)"
217.113.194.73 - - [11/Sep/2025:05:24:38 +0700] "GET /30-best-hookup-sites-for-locating-one-night-stands-and-nsa-hookups/ HTTP/1.0" 200 82371 "-" "Mozilla/5.0 (compatible; Barkrowler/0.9; +https://babbar.tech/crawler)"
20.171.207.73 - - [11/Sep/2025:05:24:40 +0700] "GET /?attachment_id=1294/embed/ HTTP/1.0" 301 417 "-" "Mozilla/5.0 AppleWebKit/537.36 (KHTML, like Gecko; compatible; GPTBot/1.2; +https://openai.com/gptbot)"
20.171.207.73 - - [11/Sep/2025:05:24:41 +0700] "GET /?attachment_id=1294 HTTP/1.0" 200 194801 "-" "Mozilla/5.0 AppleWebKit/537.36 (KHTML, like Gecko; compatible; GPTBot/1.2; +https://openai.com/gptbot)"
20.171.207.73 - - [11/Sep/2025:05:24:45 +0700] "GET /wp-json/oembed/1.0/embed?format=xml&url=https%3A%2F%2Fvattusacky.vn%2F%3Fattachment_id%3D1408 HTTP/1.0" 200 4158 "-" "Mozilla/5.0 AppleWebKit/537.36 (KHTML, like Gecko; compatible; GPTBot/1.2; +https://openai.com/gptbot)"
20.171.207.73 - - [11/Sep/2025:05:24:50 +0700] "GET /wp-json/oembed/1.0/embed?format=xml&url=https%3A%2F%2Fvattusacky.vn%2F%3Fattachment_id%3D1810 HTTP/1.0" 200 4238 "-" "Mozilla/5.0 AppleWebKit/537.36 (KHTML, like Gecko; compatible; GPTBot/1.2; +https://openai.com/gptbot)"
20.171.207.73 - - [11/Sep/2025:05:24:53 +0700] "GET /wp-json/oembed/1.0/embed?format=xml&url=https%3A%2F%2Fvattusacky.vn%2F%3Fattachment_id%3D1665 HTTP/1.0" 200 4098 "-" "Mozilla/5.0 AppleWebKit/537.36 (KHTML, like Gecko; compatible; GPTBot/1.2; +https://openai.com/gptbot)"
20.171.207.73 - - [11/Sep/2025:05:24:57 +0700] "GET /?attachment_id=1639/embed/ HTTP/1.0" 301 417 "-" "Mozilla/5.0 AppleWebKit/537.36 (KHTML, like Gecko; compatible; GPTBot/1.2; +https://openai.com/gptbot)"
20.171.207.73 - - [11/Sep/2025:05:24:58 +0700] "GET /?attachment_id=1639 HTTP/1.0" 200 194801 "-" "Mozilla/5.0 AppleWebKit/537.36 (KHTML, like Gecko; compatible; GPTBot/1.2; +https://openai.com/gptbot)"
217.113.194.81 - - [11/Sep/2025:05:25:01 +0700] "GET /how-can-you-improve-the-results-of-your-slot-with-real-money-making-slot-machines/ HTTP/1.0" 200 74321 "-" "Mozilla/5.0 (compatible; Barkrowler/0.9; +https://babbar.tech/crawler)"
20.171.207.73 - - [11/Sep/2025:05:25:02 +0700] "GET /?attachment_id=1593/embed/ HTTP/1.0" 301 417 "-" "Mozilla/5.0 AppleWebKit/537.36 (KHTML, like Gecko; compatible; GPTBot/1.2; +https://openai.com/gptbot)"
20.171.207.73 - - [11/Sep/2025:05:25:03 +0700] "GET /?attachment_id=1593 HTTP/1.0" 200 195054 "-" "Mozilla/5.0 AppleWebKit/537.36 (KHTML, like Gecko; compatible; GPTBot/1.2; +https://openai.com/gptbot)"
20.171.207.73 - - [11/Sep/2025:05:25:07 +0700] "GET /wp-json/oembed/1.0/embed?format=xml&url=https%3A%2F%2Fvattusacky.vn%2F%3Fattachment_id%3D1271 HTTP/1.0" 200 4178 "-" "Mozilla/5.0 AppleWebKit/537.36 (KHTML, like Gecko; compatible; GPTBot/1.2; +https://openai.com/gptbot)"
20.171.207.73 - - [11/Sep/2025:05:25:12 +0700] "GET /wp-json/oembed/1.0/embed?format=xml&url=https%3A%2F%2Fvattusacky.vn%2F%3Fattachment_id%3D1628 HTTP/1.0" 200 4118 "-" "Mozilla/5.0 AppleWebKit/537.36 (KHTML, like Gecko; compatible; GPTBot/1.2; +https://openai.com/gptbot)"
45.117.177.72 - - [11/Sep/2025:05:25:18 +0700] "POST /wp-cron.php?doing_wp_cron=1757543118.1402990818023681640625 HTTP/1.0" 200 416 "-" "WordPress/6.8.1; https://vattusacky.vn"
20.171.207.73 - - [11/Sep/2025:05:25:16 +0700] "GET /?attachment_id=1665/embed/ HTTP/1.0" 301 417 "-" "Mozilla/5.0 AppleWebKit/537.36 (KHTML, like Gecko; compatible; GPTBot/1.2; +https://openai.com/gptbot)"
20.171.207.73 - - [11/Sep/2025:05:25:18 +0700] "GET /?attachment_id=1665 HTTP/1.0" 200 197604 "-" "Mozilla/5.0 AppleWebKit/537.36 (KHTML, like Gecko; compatible; GPTBot/1.2; +https://openai.com/gptbot)"
20.171.207.73 - - [11/Sep/2025:05:25:22 +0700] "GET /?attachment_id=1810/embed/ HTTP/1.0" 301 417 "-" "Mozilla/5.0 AppleWebKit/537.36 (KHTML, like Gecko; compatible; GPTBot/1.2; +https://openai.com/gptbot)"
217.113.194.77 - - [11/Sep/2025:05:25:23 +0700] "GET /lichnyj-kabinet-gama-casino-frispiny-za-vhod-v-2/feed/ HTTP/1.0" 200 1787 "-" "Mozilla/5.0 (compatible; Barkrowler/0.9; +https://babbar.tech/crawler)"
20.171.207.73 - - [11/Sep/2025:05:25:23 +0700] "GET /?attachment_id=1810 HTTP/1.0" 200 198298 "-" "Mozilla/5.0 AppleWebKit/537.36 (KHTML, like Gecko; compatible; GPTBot/1.2; +https://openai.com/gptbot)"
20.171.207.73 - - [11/Sep/2025:05:25:27 +0700] "GET /?attachment_id=1408/embed/ HTTP/1.0" 301 417 "-" "Mozilla/5.0 AppleWebKit/537.36 (KHTML, like Gecko; compatible; GPTBot/1.2; +https://openai.com/gptbot)"
20.171.207.73 - - [11/Sep/2025:05:25:29 +0700] "GET /?attachment_id=1408 HTTP/1.0" 200 197964 "-" "Mozilla/5.0 AppleWebKit/537.36 (KHTML, like Gecko; compatible; GPTBot/1.2; +https://openai.com/gptbot)"
20.171.207.73 - - [11/Sep/2025:05:25:32 +0700] "GET /?attachment_id=1271/embed/ HTTP/1.0" 301 417 "-" "Mozilla/5.0 AppleWebKit/537.36 (KHTML, like Gecko; compatible; GPTBot/1.2; +https://openai.com/gptbot)"
20.171.207.73 - - [11/Sep/2025:05:25:34 +0700] "GET /?attachment_id=1271 HTTP/1.0" 200 198286 "-" "Mozilla/5.0 AppleWebKit/537.36 (KHTML, like Gecko; compatible; GPTBot/1.2; +https://openai.com/gptbot)"
20.171.207.73 - - [11/Sep/2025:05:25:38 +0700] "GET /?attachment_id=1628/embed/ HTTP/1.0" 301 417 "-" "Mozilla/5.0 AppleWebKit/537.36 (KHTML, like Gecko; compatible; GPTBot/1.2; +https://openai.com/gptbot)"
20.171.207.73 - - [11/Sep/2025:05:25:39 +0700] "GET /?attachment_id=1628 HTTP/1.0" 200 197701 "-" "Mozilla/5.0 AppleWebKit/537.36 (KHTML, like Gecko; compatible; GPTBot/1.2; +https://openai.com/gptbot)"
217.113.194.75 - - [11/Sep/2025:05:25:41 +0700] "GET /developing-emotional-connections-on-omegle-techniques-for-more-intimate-conversations/ HTTP/1.0" 200 79976 "-" "Mozilla/5.0 (compatible; Barkrowler/0.9; +https://babbar.tech/crawler)"
20.171.207.73 - - [11/Sep/2025:05:25:43 +0700] "GET /wp-json/oembed/1.0/embed?format=xml&url=https%3A%2F%2Fvattusacky.vn%2F%3Fattachment_id%3D1625 HTTP/1.0" 200 4151 "-" "Mozilla/5.0 AppleWebKit/537.36 (KHTML, like Gecko; compatible; GPTBot/1.2; +https://openai.com/gptbot)"
20.171.207.73 - - [11/Sep/2025:05:25:47 +0700] "GET /wp-json/oembed/1.0/embed?format=xml&url=https%3A%2F%2Fvattusacky.vn%2F%3Fattachment_id%3D1634 HTTP/1.0" 200 4158 "-" "Mozilla/5.0 AppleWebKit/537.36 (KHTML, like Gecko; compatible; GPTBot/1.2; +https://openai.com/gptbot)"
20.171.207.73 - - [11/Sep/2025:05:25:52 +0700] "GET /wp-json/oembed/1.0/embed?format=xml&url=https%3A%2F%2Fvattusacky.vn%2F%3Fattachment_id%3D1505 HTTP/1.0" 200 4044 "-" "Mozilla/5.0 AppleWebKit/537.36 (KHTML, like Gecko; compatible; GPTBot/1.2; +https://openai.com/gptbot)"
20.171.207.73 - - [11/Sep/2025:05:25:56 +0700] "GET /wp-json/oembed/1.0/embed?format=xml&url=https%3A%2F%2Fvattusacky.vn%2F%3Fattachment_id%3D1821 HTTP/1.0" 200 4210 "-" "Mozilla/5.0 AppleWebKit/537.36 (KHTML, like Gecko; compatible; GPTBot/1.2; +https://openai.com/gptbot)"
18.205.127.11 - - [11/Sep/2025:05:25:58 +0700] "GET /category/uncategorized/page/256/ HTTP/1.0" 200 75247 "-" "Mozilla/5.0 AppleWebKit/537.36 (KHTML, like Gecko; compatible; Amazonbot/0.1; +https://developer.amazon.com/support/amazonbot) Chrome/119.0.6045.214 Safari/537.36"
20.171.207.73 - - [11/Sep/2025:05:26:00 +0700] "GET /wp-json/oembed/1.0/embed?format=xml&url=https%3A%2F%2Fvattusacky.vn%2F%3Fattachment_id%3D1709 HTTP/1.0" 200 4334 "-" "Mozilla/5.0 AppleWebKit/537.36 (KHTML, like Gecko; compatible; GPTBot/1.2; +https://openai.com/gptbot)"
217.113.194.73 - - [11/Sep/2025:05:26:01 +0700] "GET /22bet-on-line-casino-review-india-%EF%B8%8F-declare-25-000-7/feed/ HTTP/1.0" 200 1775 "-" "Mozilla/5.0 (compatible; Barkrowler/0.9; +https://babbar.tech/crawler)"
20.171.207.73 - - [11/Sep/2025:05:26:04 +0700] "GET /wp-json/oembed/1.0/embed?format=xml&url=https%3A%2F%2Fvattusacky.vn%2F%3Fattachment_id%3D1268 HTTP/1.0" 200 4178 "-" "Mozilla/5.0 AppleWebKit/537.36 (KHTML, like Gecko; compatible; GPTBot/1.2; +https://openai.com/gptbot)"
20.171.207.73 - - [11/Sep/2025:05:26:07 +0700] "GET /wp-json/oembed/1.0/embed?format=xml&url=https%3A%2F%2Fvattusacky.vn%2F%3Fattachment_id%3D1993 HTTP/1.0" 200 4013 "-" "Mozilla/5.0 AppleWebKit/537.36 (KHTML, like Gecko; compatible; GPTBot/1.2; +https://openai.com/gptbot)"
20.171.207.73 - - [11/Sep/2025:05:26:12 +0700] "GET /?attachment_id=1625/embed/ HTTP/1.0" 301 417 "-" "Mozilla/5.0 AppleWebKit/537.36 (KHTML, like Gecko; compatible; GPTBot/1.2; +https://openai.com/gptbot)"
20.171.207.73 - - [11/Sep/2025:05:26:14 +0700] "GET /?attachment_id=1625 HTTP/1.0" 200 197779 "-" "Mozilla/5.0 AppleWebKit/537.36 (KHTML, like Gecko; compatible; GPTBot/1.2; +https://openai.com/gptbot)"
45.117.177.72 - - [11/Sep/2025:05:26:19 +0700] "POST /wp-cron.php?doing_wp_cron=1757543179.5761320590972900390625 HTTP/1.0" 200 416 "-" "WordPress/6.8.1; https://vattusacky.vn"
20.171.207.73 - - [11/Sep/2025:05:26:18 +0700] "GET /?attachment_id=1505/embed/ HTTP/1.0" 301 417 "-" "Mozilla/5.0 AppleWebKit/537.36 (KHTML, like Gecko; compatible; GPTBot/1.2; +https://openai.com/gptbot)"
217.113.194.81 - - [11/Sep/2025:05:26:19 +0700] "GET /maintaining-online-safety-video-vs-text-on-omegle-and-ometv/feed/ HTTP/1.0" 200 1774 "-" "Mozilla/5.0 (compatible; Barkrowler/0.9; +https://babbar.tech/crawler)"
20.171.207.73 - - [11/Sep/2025:05:26:19 +0700] "GET /?attachment_id=1505 HTTP/1.0" 200 195074 "-" "Mozilla/5.0 AppleWebKit/537.36 (KHTML, like Gecko; compatible; GPTBot/1.2; +https://openai.com/gptbot)"
20.171.207.73 - - [11/Sep/2025:05:26:23 +0700] "GET /?attachment_id=1821/embed/ HTTP/1.0" 301 417 "-" "Mozilla/5.0 AppleWebKit/537.36 (KHTML, like Gecko; compatible; GPTBot/1.2; +https://openai.com/gptbot)"
20.171.207.73 - - [11/Sep/2025:05:26:25 +0700] "GET /?attachment_id=1821 HTTP/1.0" 200 198266 "-" "Mozilla/5.0 AppleWebKit/537.36 (KHTML, like Gecko; compatible; GPTBot/1.2; +https://openai.com/gptbot)"
20.171.207.73 - - [11/Sep/2025:05:26:29 +0700] "GET /?attachment_id=1634/embed/ HTTP/1.0" 301 417 "-" "Mozilla/5.0 AppleWebKit/537.36 (KHTML, like Gecko; compatible; GPTBot/1.2; +https://openai.com/gptbot)"
20.171.207.73 - - [11/Sep/2025:05:26:30 +0700] "GET /?attachment_id=1634 HTTP/1.0" 200 198128 "-" "Mozilla/5.0 AppleWebKit/537.36 (KHTML, like Gecko; compatible; GPTBot/1.2; +https://openai.com/gptbot)"
20.171.207.73 - - [11/Sep/2025:05:26:34 +0700] "GET /?attachment_id=1268/embed/ HTTP/1.0" 301 417 "-" "Mozilla/5.0 AppleWebKit/537.36 (KHTML, like Gecko; compatible; GPTBot/1.2; +https://openai.com/gptbot)"
20.171.207.73 - - [11/Sep/2025:05:26:35 +0700] "GET /?attachment_id=1268 HTTP/1.0" 200 198363 "-" "Mozilla/5.0 AppleWebKit/537.36 (KHTML, like Gecko; compatible; GPTBot/1.2; +https://openai.com/gptbot)"
217.113.194.76 - - [11/Sep/2025:05:26:38 +0700] "GET /daters-extremely-turning-to-programs-amid-coronavirus-outbreak/ HTTP/1.0" 200 207172 "-" "Mozilla/5.0 (compatible; Barkrowler/0.9; +https://babbar.tech/crawler)"
20.171.207.73 - - [11/Sep/2025:05:26:39 +0700] "GET /?attachment_id=1709/embed/ HTTP/1.0" 301 417 "-" "Mozilla/5.0 AppleWebKit/537.36 (KHTML, like Gecko; compatible; GPTBot/1.2; +https://openai.com/gptbot)"
20.171.207.73 - - [11/Sep/2025:05:26:40 +0700] "GET /?attachment_id=1709 HTTP/1.0" 200 198876 "-" "Mozilla/5.0 AppleWebKit/537.36 (KHTML, like Gecko; compatible; GPTBot/1.2; +https://openai.com/gptbot)"
20.171.207.73 - - [11/Sep/2025:05:26:45 +0700] "GET /wp-json/oembed/1.0/embed?format=xml&url=https%3A%2F%2Fvattusacky.vn%2F%3Fattachment_id%3D1032 HTTP/1.0" 200 4098 "-" "Mozilla/5.0 AppleWebKit/537.36 (KHTML, like Gecko; compatible; GPTBot/1.2; +https://openai.com/gptbot)"
20.171.207.73 - - [11/Sep/2025:05:26:50 +0700] "GET /wp-json/oembed/1.0/embed?format=xml&url=https%3A%2F%2Fvattusacky.vn%2F%3Fattachment_id%3D1526 HTTP/1.0" 200 4011 "-" "Mozilla/5.0 AppleWebKit/537.36 (KHTML, like Gecko; compatible; GPTBot/1.2; +https://openai.com/gptbot)"
20.171.207.73 - - [11/Sep/2025:05:26:53 +0700] "GET /wp-json/oembed/1.0/embed?format=xml&url=https%3A%2F%2Fvattusacky.vn%2F%3Fattachment_id%3D1328 HTTP/1.0" 200 4231 "-" "Mozilla/5.0 AppleWebKit/537.36 (KHTML, like Gecko; compatible; GPTBot/1.2; +https://openai.com/gptbot)"
20.171.207.73 - - [11/Sep/2025:05:26:57 +0700] "GET /wp-json/oembed/1.0/embed?format=xml&url=https%3A%2F%2Fvattusacky.vn%2F%3Fattachment_id%3D1347 HTTP/1.0" 200 4255 "-" "Mozilla/5.0 AppleWebKit/537.36 (KHTML, like Gecko; compatible; GPTBot/1.2; +https://openai.com/gptbot)"
20.171.207.73 - - [11/Sep/2025:05:27:00 +0700] "GET /?attachment_id=1993/embed/ HTTP/1.0" 301 563 "-" "Mozilla/5.0 AppleWebKit/537.36 (KHTML, like Gecko; compatible; GPTBot/1.2; +https://openai.com/gptbot)"
20.171.207.73 - - [11/Sep/2025:05:27:01 +0700] "GET /?attachment_id=1993 HTTP/1.0" 200 195219 "-" "Mozilla/5.0 AppleWebKit/537.36 (KHTML, like Gecko; compatible; GPTBot/1.2; +https://openai.com/gptbot)"
20.171.207.73 - - [11/Sep/2025:05:27:05 +0700] "GET /wp-json/oembed/1.0/embed?format=xml&url=https%3A%2F%2Fvattusacky.vn%2F%3Fattachment_id%3D1022 HTTP/1.0" 200 4266 "-" "Mozilla/5.0 AppleWebKit/537.36 (KHTML, like Gecko; compatible; GPTBot/1.2; +https://openai.com/gptbot)"
20.171.207.73 - - [11/Sep/2025:05:27:10 +0700] "GET /?attachment_id=1032/embed/ HTTP/1.0" 301 417 "-" "Mozilla/5.0 AppleWebKit/537.36 (KHTML, like Gecko; compatible; GPTBot/1.2; +https://openai.com/gptbot)"
20.171.207.73 - - [11/Sep/2025:05:27:11 +0700] "GET /?attachment_id=1032 HTTP/1.0" 200 195294 "-" "Mozilla/5.0 AppleWebKit/537.36 (KHTML, like Gecko; compatible; GPTBot/1.2; +https://openai.com/gptbot)"
217.113.194.72 - - [11/Sep/2025:05:27:12 +0700] "GET /7-websites-like-craigslist-for-personal-adverts-and-free-hookups-wild-app/ HTTP/1.0" 200 79612 "-" "Mozilla/5.0 (compatible; Barkrowler/0.9; +https://babbar.tech/crawler)"
45.117.177.72 - - [11/Sep/2025:05:27:17 +0700] "POST /wp-cron.php?doing_wp_cron=1757543237.7103929519653320312500 HTTP/1.0" 200 416 "-" "WordPress/6.8.1; https://vattusacky.vn"
20.171.207.73 - - [11/Sep/2025:05:27:16 +0700] "GET /?attachment_id=1526/embed/ HTTP/1.0" 301 417 "-" "Mozilla/5.0 AppleWebKit/537.36 (KHTML, like Gecko; compatible; GPTBot/1.2; +https://openai.com/gptbot)"
20.171.207.73 - - [11/Sep/2025:05:27:17 +0700] "GET /?attachment_id=1526 HTTP/1.0" 200 195239 "-" "Mozilla/5.0 AppleWebKit/537.36 (KHTML, like Gecko; compatible; GPTBot/1.2; +https://openai.com/gptbot)"
20.171.207.73 - - [11/Sep/2025:05:27:21 +0700] "GET /?attachment_id=1328/embed/ HTTP/1.0" 301 417 "-" "Mozilla/5.0 AppleWebKit/537.36 (KHTML, like Gecko; compatible; GPTBot/1.2; +https://openai.com/gptbot)"
20.171.207.73 - - [11/Sep/2025:05:27:23 +0700] "GET /?attachment_id=1328 HTTP/1.0" 200 198375 "-" "Mozilla/5.0 AppleWebKit/537.36 (KHTML, like Gecko; compatible; GPTBot/1.2; +https://openai.com/gptbot)"
185.191.171.5 - - [11/Sep/2025:05:27:25 +0700] "GET /category/uncategorized/page/124/ HTTP/1.0" 200 76377 "-" "Mozilla/5.0 (compatible; SemrushBot/7~bl; +http://www.semrush.com/bot.html)"
65.108.125.120 - - [11/Sep/2025:05:27:26 +0700] "GET /robots.txt HTTP/1.0" 200 984 "-" "Mozilla/5.0 (compatible; MJ12bot/v1.4.8; http://mj12bot.com/)"
20.171.207.73 - - [11/Sep/2025:05:27:26 +0700] "GET /wp-json/oembed/1.0/embed?format=xml&url=https%3A%2F%2Fvattusacky.vn%2F%3Fattachment_id%3D1672 HTTP/1.0" 200 3927 "-" "Mozilla/5.0 AppleWebKit/537.36 (KHTML, like Gecko; compatible; GPTBot/1.2; +https://openai.com/gptbot)"
20.171.207.73 - - [11/Sep/2025:05:27:30 +0700] "GET /?attachment_id=1022/embed/ HTTP/1.0" 301 417 "-" "Mozilla/5.0 AppleWebKit/537.36 (KHTML, like Gecko; compatible; GPTBot/1.2; +https://openai.com/gptbot)"
