File: /var/www/vhosts/vietnguyenvn.vinawebs.com.vn/logs/vattusacky.vn/access_ssl_log
20.171.207.135 - - [11/Sep/2025:03:27:31 +0700] "GET /online-friendships-on-omegle/embed/ HTTP/1.0" 200 23190 "-" "Mozilla/5.0 AppleWebKit/537.36 (KHTML, like Gecko; compatible; GPTBot/1.2; +https://openai.com/gptbot)"
20.171.207.135 - - [11/Sep/2025:03:27:34 +0700] "GET /gaming-discussions-on-omegle/embed/ HTTP/1.0" 200 23156 "-" "Mozilla/5.0 AppleWebKit/537.36 (KHTML, like Gecko; compatible; GPTBot/1.2; +https://openai.com/gptbot)"
217.113.194.74 - - [11/Sep/2025:03:27:37 +0700] "GET /the-dance-of-empathy-connecting-through-understanding-on-omegle/ HTTP/1.0" 200 91441 "-" "Mozilla/5.0 (compatible; Barkrowler/0.9; +https://babbar.tech/crawler)"
20.171.207.135 - - [11/Sep/2025:03:27:37 +0700] "GET /expressing-oneself-on-omegle/embed/ HTTP/1.0" 200 23129 "-" "Mozilla/5.0 AppleWebKit/537.36 (KHTML, like Gecko; compatible; GPTBot/1.2; +https://openai.com/gptbot)"
20.171.207.135 - - [11/Sep/2025:03:27:41 +0700] "GET /wp-json/oembed/1.0/embed?format=xml&url=https%3A%2F%2Fvattusacky.vn%2Fdatabase-management-systems%2F HTTP/1.0" 200 3545 "-" "Mozilla/5.0 AppleWebKit/537.36 (KHTML, like Gecko; compatible; GPTBot/1.2; +https://openai.com/gptbot)"
20.171.207.135 - - [11/Sep/2025:03:27:45 +0700] "GET /online-dating-international/embed/ HTTP/1.0" 200 23154 "-" "Mozilla/5.0 AppleWebKit/537.36 (KHTML, like Gecko; compatible; GPTBot/1.2; +https://openai.com/gptbot)"
20.171.207.135 - - [11/Sep/2025:03:27:49 +0700] "GET /wp-json/oembed/1.0/embed?format=xml&url=https%3A%2F%2Fvattusacky.vn%2Farchiwa-parimatch-paribahis%2F HTTP/1.0" 200 3650 "-" "Mozilla/5.0 AppleWebKit/537.36 (KHTML, like Gecko; compatible; GPTBot/1.2; +https://openai.com/gptbot)"
20.171.207.135 - - [11/Sep/2025:03:27:52 +0700] "GET /wp-json/oembed/1.0/embed?format=xml&url=https%3A%2F%2Fvattusacky.vn%2Fauthentic-interactions-video-vs-text-on-omegle-and-ometv%2F HTTP/1.0" 200 3685 "-" "Mozilla/5.0 AppleWebKit/537.36 (KHTML, like Gecko; compatible; GPTBot/1.2; +https://openai.com/gptbot)"
20.171.207.135 - - [11/Sep/2025:03:27:55 +0700] "GET /wp-json/oembed/1.0/embed?format=xml&url=https%3A%2F%2Fvattusacky.vn%2Fexploring-omegles-features-chatting-video-calls-and-more%2F HTTP/1.0" 200 3687 "-" "Mozilla/5.0 AppleWebKit/537.36 (KHTML, like Gecko; compatible; GPTBot/1.2; +https://openai.com/gptbot)"
217.113.194.79 - - [11/Sep/2025:03:27:57 +0700] "GET /unexpected-entertainment-surprising-moments-on-omegle-and-ometv/ HTTP/1.0" 200 92324 "-" "Mozilla/5.0 (compatible; Barkrowler/0.9; +https://babbar.tech/crawler)"
20.171.207.135 - - [11/Sep/2025:03:27:59 +0700] "GET /wp-json/oembed/1.0/embed?format=xml&url=https%3A%2F%2Fvattusacky.vn%2Foddsjam%2F HTTP/1.0" 200 3578 "-" "Mozilla/5.0 AppleWebKit/537.36 (KHTML, like Gecko; compatible; GPTBot/1.2; +https://openai.com/gptbot)"
20.171.207.135 - - [11/Sep/2025:03:28:02 +0700] "GET /wp-json/oembed/1.0/embed?format=xml&url=https%3A%2F%2Fvattusacky.vn%2Fevermed%2F HTTP/1.0" 200 4084 "-" "Mozilla/5.0 AppleWebKit/537.36 (KHTML, like Gecko; compatible; GPTBot/1.2; +https://openai.com/gptbot)"
20.171.207.135 - - [11/Sep/2025:03:28:06 +0700] "GET /database-management-systems/embed/ HTTP/1.0" 200 23179 "-" "Mozilla/5.0 AppleWebKit/537.36 (KHTML, like Gecko; compatible; GPTBot/1.2; +https://openai.com/gptbot)"
20.171.207.135 - - [11/Sep/2025:03:28:10 +0700] "GET /wp-json/oembed/1.0/embed?format=xml&url=https%3A%2F%2Fvattusacky.vn%2Fmettler%2F HTTP/1.0" 200 4084 "-" "Mozilla/5.0 AppleWebKit/537.36 (KHTML, like Gecko; compatible; GPTBot/1.2; +https://openai.com/gptbot)"
20.171.207.135 - - [11/Sep/2025:03:28:14 +0700] "GET /archiwa-parimatch-paribahis/embed/ HTTP/1.0" 200 22984 "-" "Mozilla/5.0 AppleWebKit/537.36 (KHTML, like Gecko; compatible; GPTBot/1.2; +https://openai.com/gptbot)"
45.117.177.72 - - [11/Sep/2025:03:28:18 +0700] "POST /wp-cron.php?doing_wp_cron=1757536098.3618960380554199218750 HTTP/1.0" 200 416 "-" "WordPress/6.8.1; https://vattusacky.vn"
20.171.207.135 - - [11/Sep/2025:03:28:17 +0700] "GET /authentic-interactions-video-vs-text-on-omegle-and-ometv/embed/ HTTP/1.0" 200 23522 "-" "Mozilla/5.0 AppleWebKit/537.36 (KHTML, like Gecko; compatible; GPTBot/1.2; +https://openai.com/gptbot)"
20.171.207.135 - - [11/Sep/2025:03:28:20 +0700] "GET /exploring-omegles-features-chatting-video-calls-and-more/embed/ HTTP/1.0" 200 23522 "-" "Mozilla/5.0 AppleWebKit/537.36 (KHTML, like Gecko; compatible; GPTBot/1.2; +https://openai.com/gptbot)"
217.113.194.217 - - [11/Sep/2025:03:28:20 +0700] "GET /how-omegle-began-the-history-of-the-popular-chatroulette-alternative/ HTTP/1.0" 200 90467 "-" "Mozilla/5.0 (compatible; Barkrowler/0.9; +https://babbar.tech/crawler)"
20.171.207.135 - - [11/Sep/2025:03:28:24 +0700] "GET /oddsjam/embed/ HTTP/1.0" 200 22693 "-" "Mozilla/5.0 AppleWebKit/537.36 (KHTML, like Gecko; compatible; GPTBot/1.2; +https://openai.com/gptbot)"
20.171.207.135 - - [11/Sep/2025:03:28:27 +0700] "GET /evermed/embed/ HTTP/1.0" 200 23629 "-" "Mozilla/5.0 AppleWebKit/537.36 (KHTML, like Gecko; compatible; GPTBot/1.2; +https://openai.com/gptbot)"
20.171.207.135 - - [11/Sep/2025:03:28:30 +0700] "GET /wp-json/oembed/1.0/embed?format=xml&url=https%3A%2F%2Fvattusacky.vn%2Fcreating-memorable-moments-omegles-video-chat-experience%2F HTTP/1.0" 200 3711 "-" "Mozilla/5.0 AppleWebKit/537.36 (KHTML, like Gecko; compatible; GPTBot/1.2; +https://openai.com/gptbot)"
20.171.207.135 - - [11/Sep/2025:03:28:34 +0700] "GET /mettler/embed/ HTTP/1.0" 200 23629 "-" "Mozilla/5.0 AppleWebKit/537.36 (KHTML, like Gecko; compatible; GPTBot/1.2; +https://openai.com/gptbot)"
20.171.207.135 - - [11/Sep/2025:03:28:37 +0700] "GET /wp-json/oembed/1.0/embed?format=xml&url=https%3A%2F%2Fvattusacky.vn%2Fembracing-diversity-omegles-video-chat-cultural-exchange%2F HTTP/1.0" 200 3747 "-" "Mozilla/5.0 AppleWebKit/537.36 (KHTML, like Gecko; compatible; GPTBot/1.2; +https://openai.com/gptbot)"
20.171.207.135 - - [11/Sep/2025:03:28:41 +0700] "GET /wp-json/oembed/1.0/embed?format=xml&url=https%3A%2F%2Fvattusacky.vn%2Fdetailed-guide-on-using-omegle-for-beginners%2F HTTP/1.0" 200 3609 "-" "Mozilla/5.0 AppleWebKit/537.36 (KHTML, like Gecko; compatible; GPTBot/1.2; +https://openai.com/gptbot)"
217.113.194.74 - - [11/Sep/2025:03:28:42 +0700] "GET /leaving-a-lasting-impression-following-up-on-omegle-conversations/feed/ HTTP/1.0" 200 1792 "-" "Mozilla/5.0 (compatible; Barkrowler/0.9; +https://babbar.tech/crawler)"
20.171.207.135 - - [11/Sep/2025:03:28:44 +0700] "GET /wp-json/oembed/1.0/embed?format=xml&url=https%3A%2F%2Fvattusacky.vn%2Fexploring-the-omegle-interface-a-users-guide%2F HTTP/1.0" 200 3616 "-" "Mozilla/5.0 AppleWebKit/537.36 (KHTML, like Gecko; compatible; GPTBot/1.2; +https://openai.com/gptbot)"
40.77.167.23 - - [11/Sep/2025:03:28:47 +0700] "GET /the-different-types-of-money-in-an-economy/beaxy%20coin HTTP/1.0" 404 70812 "-" "Mozilla/5.0 AppleWebKit/537.36 (KHTML, like Gecko; compatible; bingbot/2.0; +http://www.bing.com/bingbot.htm) Chrome/116.0.1938.76 Safari/537.36"
20.171.207.135 - - [11/Sep/2025:03:28:49 +0700] "GET /wp-json/oembed/1.0/embed?format=xml&url=https%3A%2F%2Fvattusacky.vn%2Fwhat-do-men-prefer-from-girls%2F HTTP/1.0" 200 3602 "-" "Mozilla/5.0 AppleWebKit/537.36 (KHTML, like Gecko; compatible; GPTBot/1.2; +https://openai.com/gptbot)"
20.171.207.135 - - [11/Sep/2025:03:28:53 +0700] "GET /wp-content/uploads/2018/06/evermed-logo-100x55.jpg HTTP/1.0" 200 427 "-" "Mozilla/5.0 AppleWebKit/537.36 (KHTML, like Gecko; compatible; GPTBot/1.2; +https://openai.com/gptbot)"
20.171.207.135 - - [11/Sep/2025:03:28:55 +0700] "GET /creating-memorable-moments-omegles-video-chat-experience/embed/ HTTP/1.0" 200 23546 "-" "Mozilla/5.0 AppleWebKit/537.36 (KHTML, like Gecko; compatible; GPTBot/1.2; +https://openai.com/gptbot)"
20.171.207.135 - - [11/Sep/2025:03:28:58 +0700] "GET /wp-content/uploads/2018/06/mettler-logo-100x55.png HTTP/1.0" 200 426 "-" "Mozilla/5.0 AppleWebKit/537.36 (KHTML, like Gecko; compatible; GPTBot/1.2; +https://openai.com/gptbot)"
217.113.194.79 - - [11/Sep/2025:03:28:59 +0700] "GET /kham-pha-vu-tru-ly-ky-cua-tro-choi-song-bac/ HTTP/1.0" 200 77689 "-" "Mozilla/5.0 (compatible; Barkrowler/0.9; +https://babbar.tech/crawler)"
20.171.207.135 - - [11/Sep/2025:03:29:00 +0700] "GET /embracing-diversity-omegles-video-chat-cultural-exchange/embed/ HTTP/1.0" 200 23581 "-" "Mozilla/5.0 AppleWebKit/537.36 (KHTML, like Gecko; compatible; GPTBot/1.2; +https://openai.com/gptbot)"
20.171.207.135 - - [11/Sep/2025:03:29:04 +0700] "GET /detailed-guide-on-using-omegle-for-beginners/embed/ HTTP/1.0" 200 23362 "-" "Mozilla/5.0 AppleWebKit/537.36 (KHTML, like Gecko; compatible; GPTBot/1.2; +https://openai.com/gptbot)"
20.171.207.135 - - [11/Sep/2025:03:29:08 +0700] "GET /wp-json/oembed/1.0/embed?format=xml&url=https%3A%2F%2Fvattusacky.vn%2Fsan-pham%2Fwsl25-chat-luong-nuoc%2F HTTP/1.0" 200 4102 "-" "Mozilla/5.0 AppleWebKit/537.36 (KHTML, like Gecko; compatible; GPTBot/1.2; +https://openai.com/gptbot)"
20.171.207.135 - - [11/Sep/2025:03:29:11 +0700] "GET /exploring-the-omegle-interface-a-users-guide/embed/ HTTP/1.0" 200 23365 "-" "Mozilla/5.0 AppleWebKit/537.36 (KHTML, like Gecko; compatible; GPTBot/1.2; +https://openai.com/gptbot)"
20.171.207.135 - - [11/Sep/2025:03:29:15 +0700] "GET /wp-json/oembed/1.0/embed?format=xml&url=https%3A%2F%2Fvattusacky.vn%2Fhow-to-be-a-great-baltic-partner%2F HTTP/1.0" 200 3656 "-" "Mozilla/5.0 AppleWebKit/537.36 (KHTML, like Gecko; compatible; GPTBot/1.2; +https://openai.com/gptbot)"
45.117.177.72 - - [11/Sep/2025:03:29:20 +0700] "POST /wp-cron.php?doing_wp_cron=1757536159.9706649780273437500000 HTTP/1.0" 200 416 "-" "WordPress/6.8.1; https://vattusacky.vn"
20.171.207.135 - - [11/Sep/2025:03:29:18 +0700] "GET /what-do-men-prefer-from-girls/embed/ HTTP/1.0" 200 23161 "-" "Mozilla/5.0 AppleWebKit/537.36 (KHTML, like Gecko; compatible; GPTBot/1.2; +https://openai.com/gptbot)"
217.113.194.77 - - [11/Sep/2025:03:29:20 +0700] "GET /behind-the-screens-interesting-stories-from-omegle-and-ometv/feed/ HTTP/1.0" 200 1777 "-" "Mozilla/5.0 (compatible; Barkrowler/0.9; +https://babbar.tech/crawler)"
20.171.207.135 - - [11/Sep/2025:03:29:22 +0700] "GET /wp-json/oembed/1.0/embed?format=xml&url=https%3A%2F%2Fvattusacky.vn%2Fvip-companions-in-town-companions-and-escort-girls%2F HTTP/1.0" 200 3758 "-" "Mozilla/5.0 AppleWebKit/537.36 (KHTML, like Gecko; compatible; GPTBot/1.2; +https://openai.com/gptbot)"
20.171.207.135 - - [11/Sep/2025:03:29:26 +0700] "GET /wp-json/oembed/1.0/embed?format=xml&url=https%3A%2F%2Fvattusacky.vn%2Fmaking-friends-on-omegle-video-chat%2F HTTP/1.0" 200 3528 "-" "Mozilla/5.0 AppleWebKit/537.36 (KHTML, like Gecko; compatible; GPTBot/1.2; +https://openai.com/gptbot)"
20.171.207.135 - - [11/Sep/2025:03:29:30 +0700] "GET /wp-json/oembed/1.0/embed?format=xml&url=https%3A%2F%2Fvattusacky.vn%2Fthe-best-20-examples-of-pokies%2F HTTP/1.0" 200 3654 "-" "Mozilla/5.0 AppleWebKit/537.36 (KHTML, like Gecko; compatible; GPTBot/1.2; +https://openai.com/gptbot)"
20.171.207.135 - - [11/Sep/2025:03:29:33 +0700] "GET /san-pham/wsl25-chat-luong-nuoc/embed/ HTTP/1.0" 200 24794 "-" "Mozilla/5.0 AppleWebKit/537.36 (KHTML, like Gecko; compatible; GPTBot/1.2; +https://openai.com/gptbot)"
20.171.207.135 - - [11/Sep/2025:03:29:37 +0700] "GET /wp-json/oembed/1.0/embed?format=xml&url=https%3A%2F%2Fvattusacky.vn%2Fdigital-news-and-time-control%2F HTTP/1.0" 200 3502 "-" "Mozilla/5.0 AppleWebKit/537.36 (KHTML, like Gecko; compatible; GPTBot/1.2; +https://openai.com/gptbot)"
20.171.207.135 - - [11/Sep/2025:03:29:40 +0700] "GET /how-to-be-a-great-baltic-partner/embed/ HTTP/1.0" 200 23228 "-" "Mozilla/5.0 AppleWebKit/537.36 (KHTML, like Gecko; compatible; GPTBot/1.2; +https://openai.com/gptbot)"
217.113.194.81 - - [11/Sep/2025:03:29:42 +0700] "GET /a-comprehensive-analysis-of-omegle-vs-ometv-privacy-policies/ HTTP/1.0" 200 91403 "-" "Mozilla/5.0 (compatible; Barkrowler/0.9; +https://babbar.tech/crawler)"
20.171.207.135 - - [11/Sep/2025:03:29:44 +0700] "GET /wp-json/oembed/1.0/embed?format=xml&url=https%3A%2F%2Fvattusacky.vn%2Fpaypal-konto-geld-einzahlen-paypal-konto-aufladen%2F HTTP/1.0" 200 3877 "-" "Mozilla/5.0 AppleWebKit/537.36 (KHTML, like Gecko; compatible; GPTBot/1.2; +https://openai.com/gptbot)"
20.171.207.135 - - [11/Sep/2025:03:29:47 +0700] "GET /vip-companions-in-town-companions-and-escort-girls/embed/ HTTP/1.0" 200 23544 "-" "Mozilla/5.0 AppleWebKit/537.36 (KHTML, like Gecko; compatible; GPTBot/1.2; +https://openai.com/gptbot)"
20.171.207.135 - - [11/Sep/2025:03:29:50 +0700] "GET /making-friends-on-omegle-video-chat/embed/ HTTP/1.0" 200 23218 "-" "Mozilla/5.0 AppleWebKit/537.36 (KHTML, like Gecko; compatible; GPTBot/1.2; +https://openai.com/gptbot)"
20.171.207.135 - - [11/Sep/2025:03:29:55 +0700] "GET /the-best-20-examples-of-pokies/embed/ HTTP/1.0" 200 22933 "-" "Mozilla/5.0 AppleWebKit/537.36 (KHTML, like Gecko; compatible; GPTBot/1.2; +https://openai.com/gptbot)"
20.171.207.135 - - [11/Sep/2025:03:29:58 +0700] "GET /wp-json/oembed/1.0/embed?format=xml&url=https%3A%2F%2Fvattusacky.vn%2Fmonsterxbet-6%2F HTTP/1.0" 200 8610 "-" "Mozilla/5.0 AppleWebKit/537.36 (KHTML, like Gecko; compatible; GPTBot/1.2; +https://openai.com/gptbot)"
20.171.207.135 - - [11/Sep/2025:03:30:02 +0700] "GET /digital-news-and-time-control/embed/ HTTP/1.0" 200 23150 "-" "Mozilla/5.0 AppleWebKit/537.36 (KHTML, like Gecko; compatible; GPTBot/1.2; +https://openai.com/gptbot)"
20.171.207.135 - - [11/Sep/2025:03:30:06 +0700] "GET /wp-json/oembed/1.0/embed?format=xml&url=https%3A%2F%2Fvattusacky.vn%2Feasy-ways-to-find-your-wife%2F HTTP/1.0" 200 3565 "-" "Mozilla/5.0 AppleWebKit/537.36 (KHTML, like Gecko; compatible; GPTBot/1.2; +https://openai.com/gptbot)"
217.113.194.72 - - [11/Sep/2025:03:30:06 +0700] "GET /danh-muc/phan-tich-thi-nghie%CC%A3m/page/2/ HTTP/1.0" 200 182840 "-" "Mozilla/5.0 (compatible; Barkrowler/0.9; +https://babbar.tech/crawler)"
20.171.207.135 - - [11/Sep/2025:03:30:10 +0700] "GET /paypal-konto-geld-einzahlen-paypal-konto-aufladen/embed/ HTTP/1.0" 200 23648 "-" "Mozilla/5.0 AppleWebKit/537.36 (KHTML, like Gecko; compatible; GPTBot/1.2; +https://openai.com/gptbot)"
20.171.207.135 - - [11/Sep/2025:03:30:13 +0700] "GET /wp-json/oembed/1.0/embed?format=xml&url=https%3A%2F%2Fvattusacky.vn%2Fhow-to-write-a-custom-essay%2F HTTP/1.0" 200 3493 "-" "Mozilla/5.0 AppleWebKit/537.36 (KHTML, like Gecko; compatible; GPTBot/1.2; +https://openai.com/gptbot)"
45.117.177.72 - - [11/Sep/2025:03:30:19 +0700] "POST /wp-cron.php?doing_wp_cron=1757536219.2694160938262939453125 HTTP/1.0" 200 416 "-" "WordPress/6.8.1; https://vattusacky.vn"
20.171.207.135 - - [11/Sep/2025:03:30:18 +0700] "GET /wp-json/oembed/1.0/embed?format=xml&url=https%3A%2F%2Fvattusacky.vn%2Fplay-free-slot-games-for-fun%2F HTTP/1.0" 200 3602 "-" "Mozilla/5.0 AppleWebKit/537.36 (KHTML, like Gecko; compatible; GPTBot/1.2; +https://openai.com/gptbot)"
20.171.207.135 - - [11/Sep/2025:03:30:21 +0700] "GET /wp-json/oembed/1.0/embed?format=xml&url=https%3A%2F%2Fvattusacky.vn%2Fhow-to-write-an-essay-online%2F HTTP/1.0" 200 3495 "-" "Mozilla/5.0 AppleWebKit/537.36 (KHTML, like Gecko; compatible; GPTBot/1.2; +https://openai.com/gptbot)"
20.171.207.135 - - [11/Sep/2025:03:30:25 +0700] "GET /monsterxbet-6/embed/ HTTP/1.0" 200 25365 "-" "Mozilla/5.0 AppleWebKit/537.36 (KHTML, like Gecko; compatible; GPTBot/1.2; +https://openai.com/gptbot)"
20.171.207.135 - - [11/Sep/2025:03:30:30 +0700] "GET /wp-json/oembed/1.0/embed?format=xml&url=https%3A%2F%2Fvattusacky.vn%2F50-reasons-to-administration-in-2021%2F HTTP/1.0" 200 3792 "-" "Mozilla/5.0 AppleWebKit/537.36 (KHTML, like Gecko; compatible; GPTBot/1.2; +https://openai.com/gptbot)"
20.171.207.135 - - [11/Sep/2025:03:30:34 +0700] "GET /easy-ways-to-find-your-wife/embed/ HTTP/1.0" 200 23104 "-" "Mozilla/5.0 AppleWebKit/537.36 (KHTML, like Gecko; compatible; GPTBot/1.2; +https://openai.com/gptbot)"
217.113.194.80 - - [11/Sep/2025:03:30:35 +0700] "GET /zajmy-s-18-let-bez-otkazov-na-kartu-onlajn/ HTTP/1.0" 200 256056 "-" "Mozilla/5.0 (compatible; Barkrowler/0.9; +https://babbar.tech/crawler)"
20.171.207.135 - - [11/Sep/2025:03:30:38 +0700] "GET /wp-json/oembed/1.0/embed?url=https%3A%2F%2Fvattusacky.vn%2Fhow-to-register-new-leovegas-account%2F HTTP/1.0" 200 3417 "-" "Mozilla/5.0 AppleWebKit/537.36 (KHTML, like Gecko; compatible; GPTBot/1.2; +https://openai.com/gptbot)"
20.171.207.135 - - [11/Sep/2025:03:30:42 +0700] "GET /how-to-write-a-custom-essay/embed/ HTTP/1.0" 200 22899 "-" "Mozilla/5.0 AppleWebKit/537.36 (KHTML, like Gecko; compatible; GPTBot/1.2; +https://openai.com/gptbot)"
20.171.207.135 - - [11/Sep/2025:03:30:47 +0700] "GET /how-to-write-an-essay-online/embed/ HTTP/1.0" 200 22835 "-" "Mozilla/5.0 AppleWebKit/537.36 (KHTML, like Gecko; compatible; GPTBot/1.2; +https://openai.com/gptbot)"
20.171.207.135 - - [11/Sep/2025:03:30:52 +0700] "GET /play-free-slot-games-for-fun/embed/ HTTP/1.0" 200 22798 "-" "Mozilla/5.0 AppleWebKit/537.36 (KHTML, like Gecko; compatible; GPTBot/1.2; +https://openai.com/gptbot)"
20.171.207.135 - - [11/Sep/2025:03:30:56 +0700] "GET /wp-json/oembed/1.0/embed?format=xml&url=https%3A%2F%2Fvattusacky.vn%2Fwhy-you-must-bet-with-22bet-15%2F HTTP/1.0" 200 3446 "-" "Mozilla/5.0 AppleWebKit/537.36 (KHTML, like Gecko; compatible; GPTBot/1.2; +https://openai.com/gptbot)"
20.171.207.135 - - [11/Sep/2025:03:31:00 +0700] "GET /50-reasons-to-administration-in-2021/embed/ HTTP/1.0" 200 23114 "-" "Mozilla/5.0 AppleWebKit/537.36 (KHTML, like Gecko; compatible; GPTBot/1.2; +https://openai.com/gptbot)"
20.171.207.135 - - [11/Sep/2025:03:31:03 +0700] "GET /wp-json/oembed/1.0/embed?format=xml&url=https%3A%2F%2Fvattusacky.vn%2Ftips-for-building-connections-on-omegle-video-chat%2F HTTP/1.0" 200 3602 "-" "Mozilla/5.0 AppleWebKit/537.36 (KHTML, like Gecko; compatible; GPTBot/1.2; +https://openai.com/gptbot)"
217.113.194.80 - - [11/Sep/2025:03:31:04 +0700] "GET /master-the-art-of-cs-id-obstawianie-i-zwiksz-swoje/ HTTP/1.0" 200 76848 "-" "Mozilla/5.0 (compatible; Barkrowler/0.9; +https://babbar.tech/crawler)"
20.171.207.135 - - [11/Sep/2025:03:31:08 +0700] "GET /wp-json/oembed/1.0/embed?format=xml&url=https%3A%2F%2Fvattusacky.vn%2Fprivacy-focused-video-chat-sites-alternative-to-omegle%2F HTTP/1.0" 200 3646 "-" "Mozilla/5.0 AppleWebKit/537.36 (KHTML, like Gecko; compatible; GPTBot/1.2; +https://openai.com/gptbot)"
20.171.207.135 - - [11/Sep/2025:03:31:12 +0700] "GET /wp-json/oembed/1.0/embed?format=xml&url=https%3A%2F%2Fvattusacky.vn%2Fmoderation-and-safety-omegles-video-chat-guidelines%2F HTTP/1.0" 200 3650 "-" "Mozilla/5.0 AppleWebKit/537.36 (KHTML, like Gecko; compatible; GPTBot/1.2; +https://openai.com/gptbot)"
45.117.177.72 - - [11/Sep/2025:03:31:17 +0700] "POST /wp-cron.php?doing_wp_cron=1757536277.0278379917144775390625 HTTP/1.0" 200 416 "-" "WordPress/6.8.1; https://vattusacky.vn"
20.171.207.135 - - [11/Sep/2025:03:31:15 +0700] "GET /wp-json/oembed/1.0/embed?format=xml&url=https%3A%2F%2Fvattusacky.vn%2Fconversations-on-the-go-omegles-video-chat-mobility%2F HTTP/1.0" 200 3649 "-" "Mozilla/5.0 AppleWebKit/537.36 (KHTML, like Gecko; compatible; GPTBot/1.2; +https://openai.com/gptbot)"
20.171.207.135 - - [11/Sep/2025:03:31:19 +0700] "GET /wp-json/oembed/1.0/embed?format=xml&url=https%3A%2F%2Fvattusacky.vn%2Fomegle-video-chat-for-virtual-events-and-conferences%2F HTTP/1.0" 200 3666 "-" "Mozilla/5.0 AppleWebKit/537.36 (KHTML, like Gecko; compatible; GPTBot/1.2; +https://openai.com/gptbot)"
217.113.194.80 - - [11/Sep/2025:03:31:24 +0700] "GET /thailander-mail-purchase-brides-and-dates-buy-a-thailander-bride-available/ HTTP/1.0" 200 124075 "-" "Mozilla/5.0 (compatible; Barkrowler/0.9; +https://babbar.tech/crawler)"
20.171.207.135 - - [11/Sep/2025:03:31:24 +0700] "GET /why-you-must-bet-with-22bet-15/embed/ HTTP/1.0" 200 23078 "-" "Mozilla/5.0 AppleWebKit/537.36 (KHTML, like Gecko; compatible; GPTBot/1.2; +https://openai.com/gptbot)"
20.171.207.135 - - [11/Sep/2025:03:31:28 +0700] "GET /wp-json/oembed/1.0/embed?format=xml&url=https%3A%2F%2Fvattusacky.vn%2Fmanaging-unwanted-interactions-on-omegle-video-chat%2F HTTP/1.0" 200 3639 "-" "Mozilla/5.0 AppleWebKit/537.36 (KHTML, like Gecko; compatible; GPTBot/1.2; +https://openai.com/gptbot)"
20.171.207.135 - - [11/Sep/2025:03:31:32 +0700] "GET /tips-for-building-connections-on-omegle-video-chat/embed/ HTTP/1.0" 200 23396 "-" "Mozilla/5.0 AppleWebKit/537.36 (KHTML, like Gecko; compatible; GPTBot/1.2; +https://openai.com/gptbot)"
20.171.207.135 - - [11/Sep/2025:03:31:37 +0700] "GET /privacy-focused-video-chat-sites-alternative-to-omegle/embed/ HTTP/1.0" 200 23469 "-" "Mozilla/5.0 AppleWebKit/537.36 (KHTML, like Gecko; compatible; GPTBot/1.2; +https://openai.com/gptbot)"
20.171.207.135 - - [11/Sep/2025:03:31:41 +0700] "GET /conversations-on-the-go-omegles-video-chat-mobility/embed/ HTTP/1.0" 200 23450 "-" "Mozilla/5.0 AppleWebKit/537.36 (KHTML, like Gecko; compatible; GPTBot/1.2; +https://openai.com/gptbot)"
20.171.207.135 - - [11/Sep/2025:03:31:44 +0700] "GET /moderation-and-safety-omegles-video-chat-guidelines/embed/ HTTP/1.0" 200 23451 "-" "Mozilla/5.0 AppleWebKit/537.36 (KHTML, like Gecko; compatible; GPTBot/1.2; +https://openai.com/gptbot)"
20.171.207.135 - - [11/Sep/2025:03:31:48 +0700] "GET /omegle-video-chat-for-virtual-events-and-conferences/embed/ HTTP/1.0" 200 23473 "-" "Mozilla/5.0 AppleWebKit/537.36 (KHTML, like Gecko; compatible; GPTBot/1.2; +https://openai.com/gptbot)"
217.113.194.74 - - [11/Sep/2025:03:31:50 +0700] "GET /challenges-and-opportunities-of-cross-cultural-virtual-empathy-on-omegle/ HTTP/1.0" 200 92959 "-" "Mozilla/5.0 (compatible; Barkrowler/0.9; +https://babbar.tech/crawler)"
20.171.207.135 - - [11/Sep/2025:03:31:51 +0700] "GET /wp-json/oembed/1.0/embed?format=xml&url=https%3A%2F%2Fvattusacky.vn%2Ffun-and-entertainment-omegles-video-chat-experience%2F HTTP/1.0" 200 3649 "-" "Mozilla/5.0 AppleWebKit/537.36 (KHTML, like Gecko; compatible; GPTBot/1.2; +https://openai.com/gptbot)"
20.171.207.135 - - [11/Sep/2025:03:31:55 +0700] "GET /managing-unwanted-interactions-on-omegle-video-chat/embed/ HTTP/1.0" 200 23441 "-" "Mozilla/5.0 AppleWebKit/537.36 (KHTML, like Gecko; compatible; GPTBot/1.2; +https://openai.com/gptbot)"
20.171.207.135 - - [11/Sep/2025:03:31:59 +0700] "GET /wp-json/oembed/1.0/embed?format=xml&url=https%3A%2F%2Fvattusacky.vn%2Funveiling-the-magic-serendipity-on-omegles-video-chat%2F HTTP/1.0" 200 3649 "-" "Mozilla/5.0 AppleWebKit/537.36 (KHTML, like Gecko; compatible; GPTBot/1.2; +https://openai.com/gptbot)"
20.171.207.135 - - [11/Sep/2025:03:32:03 +0700] "GET /wp-json/oembed/1.0/embed?format=xml&url=https%3A%2F%2Fvattusacky.vn%2Fthe-future-of-random-video-chats-trends-and-predictions%2F HTTP/1.0" 200 3708 "-" "Mozilla/5.0 AppleWebKit/537.36 (KHTML, like Gecko; compatible; GPTBot/1.2; +https://openai.com/gptbot)"
20.171.207.135 - - [11/Sep/2025:03:32:07 +0700] "GET /wp-json/oembed/1.0/embed?format=xml&url=https%3A%2F%2Fvattusacky.vn%2Fchoose-your-video-chat-alternative-omegle-replacements%2F HTTP/1.0" 200 3665 "-" "Mozilla/5.0 AppleWebKit/537.36 (KHTML, like Gecko; compatible; GPTBot/1.2; +https://openai.com/gptbot)"
20.171.207.135 - - [11/Sep/2025:03:32:12 +0700] "GET /wp-json/oembed/1.0/embed?format=xml&url=https%3A%2F%2Fvattusacky.vn%2Fvirtual-relationships-omegles-video-chat-potential%2F HTTP/1.0" 200 3690 "-" "Mozilla/5.0 AppleWebKit/537.36 (KHTML, like Gecko; compatible; GPTBot/1.2; +https://openai.com/gptbot)"
217.113.194.81 - - [11/Sep/2025:03:32:13 +0700] "GET /challenges-and-opportunities-of-cross-cultural-virtual-empathy-on-omegle/feed/ HTTP/1.0" 200 1813 "-" "Mozilla/5.0 (compatible; Barkrowler/0.9; +https://babbar.tech/crawler)"
45.117.177.72 - - [11/Sep/2025:03:32:17 +0700] "POST /wp-cron.php?doing_wp_cron=1757536337.2781279087066650390625 HTTP/1.0" 200 416 "-" "WordPress/6.8.1; https://vattusacky.vn"
20.171.207.135 - - [11/Sep/2025:03:32:16 +0700] "GET /wp-json/oembed/1.0/embed?format=xml&url=https%3A%2F%2Fvattusacky.vn%2Ffinding-common-interests-omegles-video-chat-features%2F HTTP/1.0" 200 3654 "-" "Mozilla/5.0 AppleWebKit/537.36 (KHTML, like Gecko; compatible; GPTBot/1.2; +https://openai.com/gptbot)"
20.171.207.135 - - [11/Sep/2025:03:32:20 +0700] "GET /fun-and-entertainment-omegles-video-chat-experience/embed/ HTTP/1.0" 200 23449 "-" "Mozilla/5.0 AppleWebKit/537.36 (KHTML, like Gecko; compatible; GPTBot/1.2; +https://openai.com/gptbot)"
20.171.207.135 - - [11/Sep/2025:03:32:23 +0700] "GET /wp-json/oembed/1.0/embed?format=xml&url=https%3A%2F%2Fvattusacky.vn%2Faccessibility-and-inclusivity-omegles-video-features%2F HTTP/1.0" 200 3673 "-" "Mozilla/5.0 AppleWebKit/537.36 (KHTML, like Gecko; compatible; GPTBot/1.2; +https://openai.com/gptbot)"
20.171.207.135 - - [11/Sep/2025:03:32:27 +0700] "GET /unveiling-the-magic-serendipity-on-omegles-video-chat/embed/ HTTP/1.0" 200 23464 "-" "Mozilla/5.0 AppleWebKit/537.36 (KHTML, like Gecko; compatible; GPTBot/1.2; +https://openai.com/gptbot)"
20.171.207.135 - - [11/Sep/2025:03:32:31 +0700] "GET /the-future-of-random-video-chats-trends-and-predictions/embed/ HTTP/1.0" 200 23538 "-" "Mozilla/5.0 AppleWebKit/537.36 (KHTML, like Gecko; compatible; GPTBot/1.2; +https://openai.com/gptbot)"
217.113.194.75 - - [11/Sep/2025:03:32:31 +0700] "GET /codere-cuotas-conoce-todo-sobre-las-cuotas-de-apuesta/ HTTP/1.0" 200 92661 "-" "Mozilla/5.0 (compatible; Barkrowler/0.9; +https://babbar.tech/crawler)"
20.171.207.135 - - [11/Sep/2025:03:32:34 +0700] "GET /choose-your-video-chat-alternative-omegle-replacements/embed/ HTTP/1.0" 200 23489 "-" "Mozilla/5.0 AppleWebKit/537.36 (KHTML, like Gecko; compatible; GPTBot/1.2; +https://openai.com/gptbot)"
20.171.207.135 - - [11/Sep/2025:03:32:38 +0700] "GET /virtual-relationships-omegles-video-chat-potential/embed/ HTTP/1.0" 200 23482 "-" "Mozilla/5.0 AppleWebKit/537.36 (KHTML, like Gecko; compatible; GPTBot/1.2; +https://openai.com/gptbot)"
20.171.207.135 - - [11/Sep/2025:03:32:41 +0700] "GET /finding-common-interests-omegles-video-chat-features/embed/ HTTP/1.0" 200 23462 "-" "Mozilla/5.0 AppleWebKit/537.36 (KHTML, like Gecko; compatible; GPTBot/1.2; +https://openai.com/gptbot)"
20.171.207.135 - - [11/Sep/2025:03:32:45 +0700] "GET /wp-json/oembed/1.0/embed?format=xml&url=https%3A%2F%2Fvattusacky.vn%2Fsan-pham%2Fmay-quang-pho%2F HTTP/1.0" 200 4030 "-" "Mozilla/5.0 AppleWebKit/537.36 (KHTML, like Gecko; compatible; GPTBot/1.2; +https://openai.com/gptbot)"
20.171.207.135 - - [11/Sep/2025:03:32:50 +0700] "GET /accessibility-and-inclusivity-omegles-video-features/embed/ HTTP/1.0" 200 23473 "-" "Mozilla/5.0 AppleWebKit/537.36 (KHTML, like Gecko; compatible; GPTBot/1.2; +https://openai.com/gptbot)"
20.171.207.135 - - [11/Sep/2025:03:32:53 +0700] "GET /wp-json/oembed/1.0/embed?format=xml&url=https%3A%2F%2Fvattusacky.vn%2Fanastasiadate-evaluation-2021%2F HTTP/1.0" 200 3555 "-" "Mozilla/5.0 AppleWebKit/537.36 (KHTML, like Gecko; compatible; GPTBot/1.2; +https://openai.com/gptbot)"
154.54.249.200 - - [11/Sep/2025:03:32:57 +0700] "GET /the-essence-of-serendipity-unveiling-omegles-random-encounters/ HTTP/1.0" 200 90786 "-" "Mozilla/5.0 (compatible; Barkrowler/0.9; +https://babbar.tech/crawler)"
20.171.207.135 - - [11/Sep/2025:03:32:57 +0700] "GET /wp-json/oembed/1.0/embed?format=xml&url=https%3A%2F%2Fvattusacky.vn%2Fkruss%2Fkruess-logo%2F HTTP/1.0" 200 4115 "-" "Mozilla/5.0 AppleWebKit/537.36 (KHTML, like Gecko; compatible; GPTBot/1.2; +https://openai.com/gptbot)"
20.171.207.135 - - [11/Sep/2025:03:33:01 +0700] "GET /wp-json/oembed/1.0/embed?format=xml&url=https%3A%2F%2Fvattusacky.vn%2Fglenjiko%2F HTTP/1.0" 200 3932 "-" "Mozilla/5.0 AppleWebKit/537.36 (KHTML, like Gecko; compatible; GPTBot/1.2; +https://openai.com/gptbot)"
20.171.207.135 - - [11/Sep/2025:03:33:05 +0700] "GET /wp-json/oembed/1.0/embed?format=xml&url=https%3A%2F%2Fvattusacky.vn%2Ffinding-real-ship-order-bride-sites%2F HTTP/1.0" 200 3765 "-" "Mozilla/5.0 AppleWebKit/537.36 (KHTML, like Gecko; compatible; GPTBot/1.2; +https://openai.com/gptbot)"
20.171.207.135 - - [11/Sep/2025:03:33:09 +0700] "GET /wp-json/oembed/1.0/embed?format=xml&url=https%3A%2F%2Fvattusacky.vn%2Fhalmilton%2F HTTP/1.0" 200 4096 "-" "Mozilla/5.0 AppleWebKit/537.36 (KHTML, like Gecko; compatible; GPTBot/1.2; +https://openai.com/gptbot)"
20.171.207.135 - - [11/Sep/2025:03:33:13 +0700] "GET /wp-json/oembed/1.0/embed?format=xml&url=https%3A%2F%2Fvattusacky.vn%2Fexploring-the-user-experience-on-ometv%2F HTTP/1.0" 200 3551 "-" "Mozilla/5.0 AppleWebKit/537.36 (KHTML, like Gecko; compatible; GPTBot/1.2; +https://openai.com/gptbot)"
45.117.177.72 - - [11/Sep/2025:03:33:18 +0700] "POST /wp-cron.php?doing_wp_cron=1757536398.3313879966735839843750 HTTP/1.0" 200 416 "-" "WordPress/6.8.1; https://vattusacky.vn"
217.113.194.74 - - [11/Sep/2025:03:33:17 +0700] "GET /the-dynamic-world-of-omegle-how-conversations-evolve-and-change-over-time/ HTTP/1.0" 200 90764 "-" "Mozilla/5.0 (compatible; Barkrowler/0.9; +https://babbar.tech/crawler)"
20.171.207.135 - - [11/Sep/2025:03:33:18 +0700] "GET /wp-json/oembed/1.0/embed?format=xml&url=https%3A%2F%2Fvattusacky.vn%2Fanalatica%2F HTTP/1.0" 200 4094 "-" "Mozilla/5.0 AppleWebKit/537.36 (KHTML, like Gecko; compatible; GPTBot/1.2; +https://openai.com/gptbot)"
20.171.207.135 - - [11/Sep/2025:03:33:22 +0700] "GET /anastasiadate-evaluation-2021/embed/ HTTP/1.0" 200 22948 "-" "Mozilla/5.0 AppleWebKit/537.36 (KHTML, like Gecko; compatible; GPTBot/1.2; +https://openai.com/gptbot)"
20.171.207.135 - - [11/Sep/2025:03:33:26 +0700] "GET /kruss/kruess-logo/embed/ HTTP/1.0" 200 23503 "-" "Mozilla/5.0 AppleWebKit/537.36 (KHTML, like Gecko; compatible; GPTBot/1.2; +https://openai.com/gptbot)"
20.171.207.135 - - [11/Sep/2025:03:33:30 +0700] "GET /glenjiko/embed/ HTTP/1.0" 200 23174 "-" "Mozilla/5.0 AppleWebKit/537.36 (KHTML, like Gecko; compatible; GPTBot/1.2; +https://openai.com/gptbot)"
20.171.207.135 - - [11/Sep/2025:03:33:34 +0700] "GET /finding-real-ship-order-bride-sites/embed/ HTTP/1.0" 200 23288 "-" "Mozilla/5.0 AppleWebKit/537.36 (KHTML, like Gecko; compatible; GPTBot/1.2; +https://openai.com/gptbot)"
217.113.194.76 - - [11/Sep/2025:03:33:38 +0700] "GET /the-psychology-of-chatting-on-omegle-human-connection-in-a-digital-world/ HTTP/1.0" 200 90887 "-" "Mozilla/5.0 (compatible; Barkrowler/0.9; +https://babbar.tech/crawler)"
20.171.207.135 - - [11/Sep/2025:03:33:38 +0700] "GET /halmilton/embed/ HTTP/1.0" 200 23659 "-" "Mozilla/5.0 AppleWebKit/537.36 (KHTML, like Gecko; compatible; GPTBot/1.2; +https://openai.com/gptbot)"
20.171.207.135 - - [11/Sep/2025:03:33:42 +0700] "GET /exploring-the-user-experience-on-ometv/embed/ HTTP/1.0" 200 23262 "-" "Mozilla/5.0 AppleWebKit/537.36 (KHTML, like Gecko; compatible; GPTBot/1.2; +https://openai.com/gptbot)"
20.171.207.135 - - [11/Sep/2025:03:33:46 +0700] "GET /analatica/embed/ HTTP/1.0" 200 23655 "-" "Mozilla/5.0 AppleWebKit/537.36 (KHTML, like Gecko; compatible; GPTBot/1.2; +https://openai.com/gptbot)"
20.171.207.135 - - [11/Sep/2025:03:33:50 +0700] "GET /wp-json/oembed/1.0/embed?format=xml&url=https%3A%2F%2Fvattusacky.vn%2Fdeneme-bonusu-veren-casino-siteleri-deneme-bonusu-7%2F HTTP/1.0" 200 3989 "-" "Mozilla/5.0 AppleWebKit/537.36 (KHTML, like Gecko; compatible; GPTBot/1.2; +https://openai.com/gptbot)"
20.171.207.135 - - [11/Sep/2025:03:33:54 +0700] "GET /wp-content/uploads/2018/06/kruess-logo-100x55.png HTTP/1.0" 200 425 "-" "Mozilla/5.0 AppleWebKit/537.36 (KHTML, like Gecko; compatible; GPTBot/1.2; +https://openai.com/gptbot)"
20.171.207.135 - - [11/Sep/2025:03:33:57 +0700] "GET /wp-json/oembed/1.0/embed?format=xml&url=https%3A%2F%2Fvattusacky.vn%2F1xbet-uganda-enroll-offer-32%2F HTTP/1.0" 200 3469 "-" "Mozilla/5.0 AppleWebKit/537.36 (KHTML, like Gecko; compatible; GPTBot/1.2; +https://openai.com/gptbot)"
217.113.194.217 - - [11/Sep/2025:03:33:59 +0700] "GET /the-draw-of-faceless-conversations-how-omegle-redefines-communication/ HTTP/1.0" 200 92979 "-" "Mozilla/5.0 (compatible; Barkrowler/0.9; +https://babbar.tech/crawler)"
20.171.207.135 - - [11/Sep/2025:03:34:01 +0700] "GET /wp-json/oembed/1.0/embed?format=xml&url=https%3A%2F%2Fvattusacky.vn%2Fsan-pham%2Fong-impinger-25ml%2F HTTP/1.0" 200 3572 "-" "Mozilla/5.0 AppleWebKit/537.36 (KHTML, like Gecko; compatible; GPTBot/1.2; +https://openai.com/gptbot)"
20.171.207.135 - - [11/Sep/2025:03:34:05 +0700] "GET /wp-content/uploads/2018/06/halmilton-logo-100x55.jpg HTTP/1.0" 200 429 "-" "Mozilla/5.0 AppleWebKit/537.36 (KHTML, like Gecko; compatible; GPTBot/1.2; +https://openai.com/gptbot)"
20.171.207.135 - - [11/Sep/2025:03:34:08 +0700] "GET /wp-json/oembed/1.0/embed?format=xml&url=https%3A%2F%2Fvattusacky.vn%2Fdrip-casino-demo-sloty-besplatno-demo-sloty-kazino%2F HTTP/1.0" 200 5909 "-" "Mozilla/5.0 AppleWebKit/537.36 (KHTML, like Gecko; compatible; GPTBot/1.2; +https://openai.com/gptbot)"
20.171.207.135 - - [11/Sep/2025:03:34:12 +0700] "GET /wp-content/uploads/2018/08/untitled-1-2-100x55.jpg HTTP/1.0" 200 427 "-" "Mozilla/5.0 AppleWebKit/537.36 (KHTML, like Gecko; compatible; GPTBot/1.2; +https://openai.com/gptbot)"
20.171.207.135 - - [11/Sep/2025:03:34:14 +0700] "GET /deneme-bonusu-veren-casino-siteleri-deneme-bonusu-7/embed/ HTTP/1.0" 200 23785 "-" "Mozilla/5.0 AppleWebKit/537.36 (KHTML, like Gecko; compatible; GPTBot/1.2; +https://openai.com/gptbot)"
45.117.177.72 - - [11/Sep/2025:03:34:19 +0700] "POST /wp-cron.php?doing_wp_cron=1757536459.0459370613098144531250 HTTP/1.0" 200 416 "-" "WordPress/6.8.1; https://vattusacky.vn"
20.171.207.135 - - [11/Sep/2025:03:34:17 +0700] "GET /wp-json/oembed/1.0/embed?format=xml&url=https%3A%2F%2Fvattusacky.vn%2Fpin-up-casino-casino-peru-gambling-pin-up-casino-online%2F HTTP/1.0" 200 3641 "-" "Mozilla/5.0 AppleWebKit/537.36 (KHTML, like Gecko; compatible; GPTBot/1.2; +https://openai.com/gptbot)"
20.171.207.135 - - [11/Sep/2025:03:34:21 +0700] "GET /san-pham/may-quang-pho/embed/ HTTP/1.0" 200 24913 "-" "Mozilla/5.0 AppleWebKit/537.36 (KHTML, like Gecko; compatible; GPTBot/1.2; +https://openai.com/gptbot)"
217.113.194.81 - - [11/Sep/2025:03:34:22 +0700] "GET /the-anatomy-of-a-conversation-analyzing-communication-patterns-on-omegle/ HTTP/1.0" 200 92134 "-" "Mozilla/5.0 (compatible; Barkrowler/0.9; +https://babbar.tech/crawler)"
20.171.207.135 - - [11/Sep/2025:03:34:25 +0700] "GET /1xbet-uganda-enroll-offer-32/embed/ HTTP/1.0" 200 23094 "-" "Mozilla/5.0 AppleWebKit/537.36 (KHTML, like Gecko; compatible; GPTBot/1.2; +https://openai.com/gptbot)"
20.171.207.135 - - [11/Sep/2025:03:34:28 +0700] "GET /san-pham/ong-impinger-25ml/embed/ HTTP/1.0" 200 23862 "-" "Mozilla/5.0 AppleWebKit/537.36 (KHTML, like Gecko; compatible; GPTBot/1.2; +https://openai.com/gptbot)"
20.171.207.135 - - [11/Sep/2025:03:34:32 +0700] "GET /drip-casino-demo-sloty-besplatno-demo-sloty-kazino/embed/ HTTP/1.0" 200 23936 "-" "Mozilla/5.0 AppleWebKit/537.36 (KHTML, like Gecko; compatible; GPTBot/1.2; +https://openai.com/gptbot)"
20.171.207.135 - - [11/Sep/2025:03:34:35 +0700] "GET /wp-json/oembed/1.0/embed?format=xml&url=https%3A%2F%2Fvattusacky.vn%2Fomegle-etiquette-and-rules%2F HTTP/1.0" 200 3497 "-" "Mozilla/5.0 AppleWebKit/537.36 (KHTML, like Gecko; compatible; GPTBot/1.2; +https://openai.com/gptbot)"
20.171.207.135 - - [11/Sep/2025:03:34:39 +0700] "GET /pin-up-casino-casino-peru-gambling-pin-up-casino-online/embed/ HTTP/1.0" 200 23170 "-" "Mozilla/5.0 AppleWebKit/537.36 (KHTML, like Gecko; compatible; GPTBot/1.2; +https://openai.com/gptbot)"
217.113.194.72 - - [11/Sep/2025:03:34:43 +0700] "GET /the-ethical-dilemma-of-anonymity-and-digital-responsibility-on-omegle/ HTTP/1.0" 200 92733 "-" "Mozilla/5.0 (compatible; Barkrowler/0.9; +https://babbar.tech/crawler)"
20.171.207.135 - - [11/Sep/2025:03:34:44 +0700] "GET /wp-json/oembed/1.0/embed?format=xml&url=https%3A%2F%2Fvattusacky.vn%2Fwhich-is-better-video-or-text-communication-on-omegle-and-ometv%2F HTTP/1.0" 200 3689 "-" "Mozilla/5.0 AppleWebKit/537.36 (KHTML, like Gecko; compatible; GPTBot/1.2; +https://openai.com/gptbot)"
20.171.207.135 - - [11/Sep/2025:03:34:49 +0700] "GET /wp-json/oembed/1.0/embed?format=xml&url=https%3A%2F%2Fvattusacky.vn%2Fbuilding-trust-and-connection-video-vs-text-on-omegle-and-ometv%2F HTTP/1.0" 200 3735 "-" "Mozilla/5.0 AppleWebKit/537.36 (KHTML, like Gecko; compatible; GPTBot/1.2; +https://openai.com/gptbot)"
20.171.207.135 - - [11/Sep/2025:03:34:53 +0700] "GET /wp-json/oembed/1.0/embed?format=xml&url=https%3A%2F%2Fvattusacky.vn%2F1win-aviator-game-india-41%2F HTTP/1.0" 200 3553 "-" "Mozilla/5.0 AppleWebKit/537.36 (KHTML, like Gecko; compatible; GPTBot/1.2; +https://openai.com/gptbot)"
20.171.207.135 - - [11/Sep/2025:03:34:57 +0700] "GET /what-are-mail-buy-brides/feed/ HTTP/1.0" 200 1524 "-" "Mozilla/5.0 AppleWebKit/537.36 (KHTML, like Gecko; compatible; GPTBot/1.2; +https://openai.com/gptbot)"
20.171.207.135 - - [11/Sep/2025:03:35:02 +0700] "GET /wp-json/oembed/1.0/embed?format=xml&url=https%3A%2F%2Fvattusacky.vn%2Fthe-future-of-omegle-and-video-chatting-platforms%2F HTTP/1.0" 200 3638 "-" "Mozilla/5.0 AppleWebKit/537.36 (KHTML, like Gecko; compatible; GPTBot/1.2; +https://openai.com/gptbot)"
217.113.194.78 - - [11/Sep/2025:03:35:03 +0700] "GET /improving-language-skills-omegles-video-chat-language-learning-potential/ HTTP/1.0" 200 92274 "-" "Mozilla/5.0 (compatible; Barkrowler/0.9; +https://babbar.tech/crawler)"
20.171.207.135 - - [11/Sep/2025:03:35:06 +0700] "GET /omegle-etiquette-and-rules/embed/ HTTP/1.0" 200 23124 "-" "Mozilla/5.0 AppleWebKit/537.36 (KHTML, like Gecko; compatible; GPTBot/1.2; +https://openai.com/gptbot)"
20.171.207.135 - - [11/Sep/2025:03:35:09 +0700] "GET /wp-json/oembed/1.0/embed?format=xml&url=https%3A%2F%2Fvattusacky.vn%2Fthe-rise-of-alternative-random-video-chat-platforms%2F HTTP/1.0" 200 3631 "-" "Mozilla/5.0 AppleWebKit/537.36 (KHTML, like Gecko; compatible; GPTBot/1.2; +https://openai.com/gptbot)"
40.77.167.23 - - [11/Sep/2025:03:35:13 +0700] "GET /ometv-a-rising-star-in-the-world-of-random-chats/ HTTP/1.0" 200 80212 "-" "Mozilla/5.0 AppleWebKit/537.36 (KHTML, like Gecko; compatible; bingbot/2.0; +http://www.bing.com/bingbot.htm) Chrome/116.0.1938.76 Safari/537.36"
20.171.207.135 - - [11/Sep/2025:03:35:14 +0700] "GET /building-trust-and-connection-video-vs-text-on-omegle-and-ometv/embed/ HTTP/1.0" 200 23620 "-" "Mozilla/5.0 AppleWebKit/537.36 (KHTML, like Gecko; compatible; GPTBot/1.2; +https://openai.com/gptbot)"
45.117.177.72 - - [11/Sep/2025:03:35:20 +0700] "POST /wp-cron.php?doing_wp_cron=1757536519.9419820308685302734375 HTTP/1.0" 200 416 "-" "WordPress/6.8.1; https://vattusacky.vn"
20.171.207.135 - - [11/Sep/2025:03:35:18 +0700] "GET /which-is-better-video-or-text-communication-on-omegle-and-ometv/embed/ HTTP/1.0" 200 23575 "-" "Mozilla/5.0 AppleWebKit/537.36 (KHTML, like Gecko; compatible; GPTBot/1.2; +https://openai.com/gptbot)"
20.171.207.135 - - [11/Sep/2025:03:35:22 +0700] "GET /1win-aviator-game-india-41/embed/ HTTP/1.0" 200 23298 "-" "Mozilla/5.0 AppleWebKit/537.36 (KHTML, like Gecko; compatible; GPTBot/1.2; +https://openai.com/gptbot)"
217.113.194.72 - - [11/Sep/2025:03:35:25 +0700] "GET /this-is-just-what-research-must-say-about-your-dating-dealbreakers/feed/ HTTP/1.0" 200 1795 "-" "Mozilla/5.0 (compatible; Barkrowler/0.9; +https://babbar.tech/crawler)"
20.171.207.135 - - [11/Sep/2025:03:35:26 +0700] "GET /wp-json/oembed/1.0/embed?format=xml&url=https%3A%2F%2Fvattusacky.vn%2Fomegle-video-chat-for-travel-and-cultural-exchange%2F HTTP/1.0" 200 3632 "-" "Mozilla/5.0 AppleWebKit/537.36 (KHTML, like Gecko; compatible; GPTBot/1.2; +https://openai.com/gptbot)"
20.171.207.135 - - [11/Sep/2025:03:35:29 +0700] "GET /wp-json/oembed/1.0/embed?format=xml&url=https%3A%2F%2Fvattusacky.vn%2Fplayful-conversations-omegles-video-chat-features%2F HTTP/1.0" 200 3680 "-" "Mozilla/5.0 AppleWebKit/537.36 (KHTML, like Gecko; compatible; GPTBot/1.2; +https://openai.com/gptbot)"
20.171.207.135 - - [11/Sep/2025:03:35:34 +0700] "GET /the-future-of-omegle-and-video-chatting-platforms/embed/ HTTP/1.0" 200 23426 "-" "Mozilla/5.0 AppleWebKit/537.36 (KHTML, like Gecko; compatible; GPTBot/1.2; +https://openai.com/gptbot)"
20.171.207.135 - - [11/Sep/2025:03:35:37 +0700] "GET /the-rise-of-alternative-random-video-chat-platforms/embed/ HTTP/1.0" 200 23433 "-" "Mozilla/5.0 AppleWebKit/537.36 (KHTML, like Gecko; compatible; GPTBot/1.2; +https://openai.com/gptbot)"
20.171.207.135 - - [11/Sep/2025:03:35:41 +0700] "GET /wp-json/oembed/1.0/embed?format=xml&url=https%3A%2F%2Fvattusacky.vn%2Fvirtual-experiences-omegles-video-chat-versatility%2F HTTP/1.0" 200 3676 "-" "Mozilla/5.0 AppleWebKit/537.36 (KHTML, like Gecko; compatible; GPTBot/1.2; +https://openai.com/gptbot)"
217.113.194.75 - - [11/Sep/2025:03:35:43 +0700] "GET /los-riesgos-y-beneficios-de-jugar-juegos-de-casino-en-linea/feed/ HTTP/1.0" 200 1775 "-" "Mozilla/5.0 (compatible; Barkrowler/0.9; +https://babbar.tech/crawler)"
20.171.207.135 - - [11/Sep/2025:03:35:45 +0700] "GET /wp-json/oembed/1.0/embed?format=xml&url=https%3A%2F%2Fvattusacky.vn%2Ffostering-inclusivity-omegles-video-chat-features%2F HTTP/1.0" 200 3721 "-" "Mozilla/5.0 AppleWebKit/537.36 (KHTML, like Gecko; compatible; GPTBot/1.2; +https://openai.com/gptbot)"
20.171.207.135 - - [11/Sep/2025:03:35:49 +0700] "GET /wp-json/oembed/1.0/embed?format=xml&url=https%3A%2F%2Fvattusacky.vn%2Fmostbet-kazinosu-the-computer-toda%2F HTTP/1.0" 200 3788 "-" "Mozilla/5.0 AppleWebKit/537.36 (KHTML, like Gecko; compatible; GPTBot/1.2; +https://openai.com/gptbot)"
20.171.207.135 - - [11/Sep/2025:03:35:54 +0700] "GET /omegle-video-chat-for-travel-and-cultural-exchange/embed/ HTTP/1.0" 200 23427 "-" "Mozilla/5.0 AppleWebKit/537.36 (KHTML, like Gecko; compatible; GPTBot/1.2; +https://openai.com/gptbot)"
20.171.207.135 - - [11/Sep/2025:03:35:57 +0700] "GET /playful-conversations-omegles-video-chat-features/embed/ HTTP/1.0" 200 23457 "-" "Mozilla/5.0 AppleWebKit/537.36 (KHTML, like Gecko; compatible; GPTBot/1.2; +https://openai.com/gptbot)"
217.113.194.77 - - [11/Sep/2025:03:36:00 +0700] "GET /starda-casino-obzor-2023-i-bonusy-luchshie-sloty/ HTTP/1.0" 200 221630 "-" "Mozilla/5.0 (compatible; Barkrowler/0.9; +https://babbar.tech/crawler)"
20.171.207.135 - - [11/Sep/2025:03:36:00 +0700] "GET /wp-json/oembed/1.0/embed?format=xml&url=https%3A%2F%2Fvattusacky.vn%2Fsingle-women-designed-for-marriage%2F HTTP/1.0" 200 3566 "-" "Mozilla/5.0 AppleWebKit/537.36 (KHTML, like Gecko; compatible; GPTBot/1.2; +https://openai.com/gptbot)"
20.171.207.135 - - [11/Sep/2025:03:36:04 +0700] "GET /wp-json/oembed/1.0/embed?format=xml&url=https%3A%2F%2Fvattusacky.vn%2Fwriting-an-essay-requires-foresight%2F HTTP/1.0" 200 3535 "-" "Mozilla/5.0 AppleWebKit/537.36 (KHTML, like Gecko; compatible; GPTBot/1.2; +https://openai.com/gptbot)"
20.171.207.135 - - [11/Sep/2025:03:36:08 +0700] "GET /virtual-experiences-omegles-video-chat-versatility/embed/ HTTP/1.0" 200 23470 "-" "Mozilla/5.0 AppleWebKit/537.36 (KHTML, like Gecko; compatible; GPTBot/1.2; +https://openai.com/gptbot)"
20.171.207.135 - - [11/Sep/2025:03:36:12 +0700] "GET /fostering-inclusivity-omegles-video-chat-features/embed/ HTTP/1.0" 200 23506 "-" "Mozilla/5.0 AppleWebKit/537.36 (KHTML, like Gecko; compatible; GPTBot/1.2; +https://openai.com/gptbot)"
45.117.177.72 - - [11/Sep/2025:03:36:18 +0700] "POST /wp-cron.php?doing_wp_cron=1757536578.1807680130004882812500 HTTP/1.0" 200 416 "-" "WordPress/6.8.1; https://vattusacky.vn"
20.171.207.135 - - [11/Sep/2025:03:36:17 +0700] "GET /mostbet-kazinosu-the-computer-toda/embed/ HTTP/1.0" 200 23046 "-" "Mozilla/5.0 AppleWebKit/537.36 (KHTML, like Gecko; compatible; GPTBot/1.2; +https://openai.com/gptbot)"
20.171.207.135 - - [11/Sep/2025:03:36:21 +0700] "GET /wp-json/oembed/1.0/embed?format=xml&url=https%3A%2F%2Fvattusacky.vn%2Freview-of-1xbet-in-india-2022-37%2F HTTP/1.0" 200 3472 "-" "Mozilla/5.0 AppleWebKit/537.36 (KHTML, like Gecko; compatible; GPTBot/1.2; +https://openai.com/gptbot)"
154.54.249.200 - - [11/Sep/2025:03:36:24 +0700] "GET /strategies-for-dealing-with-creepy-or-inappropriate-behavior-on-omegle/ HTTP/1.0" 200 87620 "-" "Mozilla/5.0 (compatible; Barkrowler/0.9; +https://babbar.tech/crawler)"
20.171.207.135 - - [11/Sep/2025:03:36:24 +0700] "GET /wp-json/oembed/1.0/embed?format=xml&url=https%3A%2F%2Fvattusacky.vn%2Freview-of-1xbet-in-india-2022-63%2F HTTP/1.0" 200 3502 "-" "Mozilla/5.0 AppleWebKit/537.36 (KHTML, like Gecko; compatible; GPTBot/1.2; +https://openai.com/gptbot)"
20.171.207.135 - - [11/Sep/2025:03:36:28 +0700] "GET /single-women-designed-for-marriage/embed/ HTTP/1.0" 200 23244 "-" "Mozilla/5.0 AppleWebKit/537.36 (KHTML, like Gecko; compatible; GPTBot/1.2; +https://openai.com/gptbot)"
20.171.207.135 - - [11/Sep/2025:03:36:32 +0700] "GET /writing-an-essay-requires-foresight/embed/ HTTP/1.0" 200 22918 "-" "Mozilla/5.0 AppleWebKit/537.36 (KHTML, like Gecko; compatible; GPTBot/1.2; +https://openai.com/gptbot)"
20.171.207.135 - - [11/Sep/2025:03:36:36 +0700] "GET /wp-json/oembed/1.0/embed?format=xml&url=https%3A%2F%2Fvattusacky.vn%2F1xbet-giris-%25e2%25ad%2590%25ef%25b8%258f-1xbahis-canli-casino-%25ef%25b8%258f-1x-bet-bahis-yeni-adresi-2023%2F HTTP/1.0" 200 4011 "-" "Mozilla/5.0 AppleWebKit/537.36 (KHTML, like Gecko; compatible; GPTBot/1.2; +https://openai.com/gptbot)"
20.171.207.135 - - [11/Sep/2025:03:36:40 +0700] "GET /wp-json/oembed/1.0/embed?format=xml&url=https%3A%2F%2Fvattusacky.vn%2Fjapanese-mail-order-brides-how-to-find-a-japanese-wife%2F HTTP/1.0" 200 3629 "-" "Mozilla/5.0 AppleWebKit/537.36 (KHTML, like Gecko; compatible; GPTBot/1.2; +https://openai.com/gptbot)"
217.113.194.78 - - [11/Sep/2025:03:36:44 +0700] "GET /strategies-for-building-resilience-in-language-communication-on-omegle-and-ometv/ HTTP/1.0" 200 92409 "-" "Mozilla/5.0 (compatible; Barkrowler/0.9; +https://babbar.tech/crawler)"
20.171.207.135 - - [11/Sep/2025:03:36:45 +0700] "GET /wp-json/oembed/1.0/embed?format=xml&url=https%3A%2F%2Fvattusacky.vn%2Fbettilt-yeni-adresi-bettilt-185-giri-yeni-adresi%2F HTTP/1.0" 200 3974 "-" "Mozilla/5.0 AppleWebKit/537.36 (KHTML, like Gecko; compatible; GPTBot/1.2; +https://openai.com/gptbot)"
20.171.207.135 - - [11/Sep/2025:03:36:48 +0700] "GET /review-of-1xbet-in-india-2022-37/embed/ HTTP/1.0" 200 23126 "-" "Mozilla/5.0 AppleWebKit/537.36 (KHTML, like Gecko; compatible; GPTBot/1.2; +https://openai.com/gptbot)"
20.171.207.135 - - [11/Sep/2025:03:36:52 +0700] "GET /review-of-1xbet-in-india-2022-63/embed/ HTTP/1.0" 200 23154 "-" "Mozilla/5.0 AppleWebKit/537.36 (KHTML, like Gecko; compatible; GPTBot/1.2; +https://openai.com/gptbot)"
20.171.207.135 - - [11/Sep/2025:03:36:56 +0700] "GET /wp-json/oembed/1.0/embed?format=xml&url=https%3A%2F%2Fvattusacky.vn%2Fsan-pham%2Fwsl50-pro-vi-sinh%2F HTTP/1.0" 200 4010 "-" "Mozilla/5.0 AppleWebKit/537.36 (KHTML, like Gecko; compatible; GPTBot/1.2; +https://openai.com/gptbot)"
20.171.207.135 - - [11/Sep/2025:03:37:00 +0700] "GET /mostbet-online-betting-company-login-and-place-a-bet-27/feed/ HTTP/1.0" 200 1618 "-" "Mozilla/5.0 AppleWebKit/537.36 (KHTML, like Gecko; compatible; GPTBot/1.2; +https://openai.com/gptbot)"
20.171.207.135 - - [11/Sep/2025:03:37:04 +0700] "GET /1xbet-giris-%e2%ad%90%ef%b8%8f-1xbahis-canli-casino-%ef%b8%8f-1x-bet-bahis-yeni-adresi-2023/embed/ HTTP/1.0" 200 23866 "-" "Mozilla/5.0 AppleWebKit/537.36 (KHTML, like Gecko; compatible; GPTBot/1.2; +https://openai.com/gptbot)"
217.113.194.74 - - [11/Sep/2025:03:37:05 +0700] "GET /building-connections-for-increased-opportunities-on-omegle-and-ometv/ HTTP/1.0" 200 92057 "-" "Mozilla/5.0 (compatible; Barkrowler/0.9; +https://babbar.tech/crawler)"
20.171.207.135 - - [11/Sep/2025:03:37:08 +0700] "GET /japanese-mail-order-brides-how-to-find-a-japanese-wife/embed/ HTTP/1.0" 200 23455 "-" "Mozilla/5.0 AppleWebKit/537.36 (KHTML, like Gecko; compatible; GPTBot/1.2; +https://openai.com/gptbot)"
20.171.207.135 - - [11/Sep/2025:03:37:11 +0700] "GET /bettilt-yeni-adresi-bettilt-185-giri-yeni-adresi/embed/ HTTP/1.0" 200 23668 "-" "Mozilla/5.0 AppleWebKit/537.36 (KHTML, like Gecko; compatible; GPTBot/1.2; +https://openai.com/gptbot)"
20.171.207.135 - - [11/Sep/2025:03:37:15 +0700] "GET /the-art-of-eye-contact-in-first-impressions-on-omegle/feed/ HTTP/1.0" 200 1610 "-" "Mozilla/5.0 AppleWebKit/537.36 (KHTML, like Gecko; compatible; GPTBot/1.2; +https://openai.com/gptbot)"
45.117.177.72 - - [11/Sep/2025:03:37:19 +0700] "POST /wp-cron.php?doing_wp_cron=1757536639.6711609363555908203125 HTTP/1.0" 200 416 "-" "WordPress/6.8.1; https://vattusacky.vn"
20.171.207.135 - - [11/Sep/2025:03:37:18 +0700] "GET /wp-json/oembed/1.0/embed?format=xml&url=https%3A%2F%2Fvattusacky.vn%2Fmethods-to-date-eu-singles%2F HTTP/1.0" 200 3524 "-" "Mozilla/5.0 AppleWebKit/537.36 (KHTML, like Gecko; compatible; GPTBot/1.2; +https://openai.com/gptbot)"
20.171.207.135 - - [11/Sep/2025:03:37:23 +0700] "GET /san-pham/wsl50-pro-vi-sinh/embed/ HTTP/1.0" 200 24579 "-" "Mozilla/5.0 AppleWebKit/537.36 (KHTML, like Gecko; compatible; GPTBot/1.2; +https://openai.com/gptbot)"
20.171.207.135 - - [11/Sep/2025:03:37:26 +0700] "GET /wp-json/oembed/1.0/embed?format=xml&url=https%3A%2F%2Fvattusacky.vn%2Fmaking-a-data-place-choice%2F HTTP/1.0" 200 3500 "-" "Mozilla/5.0 AppleWebKit/537.36 (KHTML, like Gecko; compatible; GPTBot/1.2; +https://openai.com/gptbot)"
217.113.194.81 - - [11/Sep/2025:03:37:29 +0700] "GET /the-serendipitous-nature-of-language-exchange-on-omegle-and-ometv/ HTTP/1.0" 200 87712 "-" "Mozilla/5.0 (compatible; Barkrowler/0.9; +https://babbar.tech/crawler)"
20.171.207.135 - - [11/Sep/2025:03:37:30 +0700] "GET /wp-json/oembed/1.0/embed?format=xml&url=https%3A%2F%2Fvattusacky.vn%2Fmexican-dating-way-of-life%2F HTTP/1.0" 200 3564 "-" "Mozilla/5.0 AppleWebKit/537.36 (KHTML, like Gecko; compatible; GPTBot/1.2; +https://openai.com/gptbot)"
20.171.207.135 - - [11/Sep/2025:03:37:34 +0700] "GET /wp-json/oembed/1.0/embed?format=xml&url=https%3A%2F%2Fvattusacky.vn%2Fhow-to-organize-your-essay%2F HTTP/1.0" 200 3465 "-" "Mozilla/5.0 AppleWebKit/537.36 (KHTML, like Gecko; compatible; GPTBot/1.2; +https://openai.com/gptbot)"
