65.108.125.120 - - [11/Sep/2025:05:27:30 +0700] "GET /danh-muc/moi-truong-khi/bom-lay-mau-bui-tsp-pm10-pm2-5/feed/ HTTP/1.0" 200 1186533 "-" "Mozilla/5.0 (compatible; MJ12bot/v1.4.8; http://mj12bot.com/)"
20.171.207.73 - - [11/Sep/2025:05:27:32 +0700] "GET /?attachment_id=1022 HTTP/1.0" 200 198495 "-" "Mozilla/5.0 AppleWebKit/537.36 (KHTML, like Gecko; compatible; GPTBot/1.2; +https://openai.com/gptbot)"
217.113.194.79 - - [11/Sep/2025:05:27:36 +0700] "GET /finding-interesting-conversations-on-omegle-strategies-to-connect-with-engaging-strangers/ HTTP/1.0" 200 94510 "-" "Mozilla/5.0 (compatible; Barkrowler/0.9; +https://babbar.tech/crawler)"
20.171.207.73 - - [11/Sep/2025:05:27:36 +0700] "GET /wp-json/oembed/1.0/embed?format=xml&url=https%3A%2F%2Fvattusacky.vn%2F%3Fattachment_id%3D1739 HTTP/1.0" 200 3993 "-" "Mozilla/5.0 AppleWebKit/537.36 (KHTML, like Gecko; compatible; GPTBot/1.2; +https://openai.com/gptbot)"
20.171.207.73 - - [11/Sep/2025:05:27:40 +0700] "GET /?attachment_id=1347/embed/ HTTP/1.0" 301 417 "-" "Mozilla/5.0 AppleWebKit/537.36 (KHTML, like Gecko; compatible; GPTBot/1.2; +https://openai.com/gptbot)"
20.171.207.73 - - [11/Sep/2025:05:27:41 +0700] "GET /?attachment_id=1347 HTTP/1.0" 200 198506 "-" "Mozilla/5.0 AppleWebKit/537.36 (KHTML, like Gecko; compatible; GPTBot/1.2; +https://openai.com/gptbot)"
20.171.207.73 - - [11/Sep/2025:05:27:45 +0700] "GET /wp-json/oembed/1.0/embed?format=xml&url=https%3A%2F%2Fvattusacky.vn%2F%3Fattachment_id%3D1469 HTTP/1.0" 200 4173 "-" "Mozilla/5.0 AppleWebKit/537.36 (KHTML, like Gecko; compatible; GPTBot/1.2; +https://openai.com/gptbot)"
20.171.207.73 - - [11/Sep/2025:05:27:48 +0700] "GET /wp-json/oembed/1.0/embed?format=xml&url=https%3A%2F%2Fvattusacky.vn%2F%3Fattachment_id%3D1941 HTTP/1.0" 200 4234 "-" "Mozilla/5.0 AppleWebKit/537.36 (KHTML, like Gecko; compatible; GPTBot/1.2; +https://openai.com/gptbot)"
65.108.125.120 - - [11/Sep/2025:05:27:49 +0700] "GET /the/lay-mau-nuoc-loai-doc/feed/ HTTP/1.0" 200 1795466 "-" "Mozilla/5.0 (compatible; MJ12bot/v1.4.8; http://mj12bot.com/)"
20.171.207.73 - - [11/Sep/2025:05:27:52 +0700] "GET /?attachment_id=1672/embed/ HTTP/1.0" 301 417 "-" "Mozilla/5.0 AppleWebKit/537.36 (KHTML, like Gecko; compatible; GPTBot/1.2; +https://openai.com/gptbot)"
20.171.207.73 - - [11/Sep/2025:05:27:53 +0700] "GET /?attachment_id=1672 HTTP/1.0" 200 194669 "-" "Mozilla/5.0 AppleWebKit/537.36 (KHTML, like Gecko; compatible; GPTBot/1.2; +https://openai.com/gptbot)"
217.113.194.79 - - [11/Sep/2025:05:27:56 +0700] "GET /finding-like-minded-individuals-on-omegle-a-quest-for-meaningful-connections/ HTTP/1.0" 200 91055 "-" "Mozilla/5.0 (compatible; Barkrowler/0.9; +https://babbar.tech/crawler)"
20.171.207.73 - - [11/Sep/2025:05:27:57 +0700] "GET /wp-json/oembed/1.0/embed?format=xml&url=https%3A%2F%2Fvattusacky.vn%2F%3Fattachment_id%3D1653 HTTP/1.0" 200 3939 "-" "Mozilla/5.0 AppleWebKit/537.36 (KHTML, like Gecko; compatible; GPTBot/1.2; +https://openai.com/gptbot)"
20.171.207.73 - - [11/Sep/2025:05:28:01 +0700] "GET /wp-json/oembed/1.0/embed?format=xml&url=https%3A%2F%2Fvattusacky.vn%2F%3Fattachment_id%3D1744 HTTP/1.0" 200 3993 "-" "Mozilla/5.0 AppleWebKit/537.36 (KHTML, like Gecko; compatible; GPTBot/1.2; +https://openai.com/gptbot)"
20.171.207.73 - - [11/Sep/2025:05:28:05 +0700] "GET /?attachment_id=1739/embed/ HTTP/1.0" 301 417 "-" "Mozilla/5.0 AppleWebKit/537.36 (KHTML, like Gecko; compatible; GPTBot/1.2; +https://openai.com/gptbot)"
20.171.207.73 - - [11/Sep/2025:05:28:06 +0700] "GET /?attachment_id=1739 HTTP/1.0" 200 194858 "-" "Mozilla/5.0 AppleWebKit/537.36 (KHTML, like Gecko; compatible; GPTBot/1.2; +https://openai.com/gptbot)"
20.171.207.73 - - [11/Sep/2025:05:28:10 +0700] "GET /?attachment_id=1469/embed/ HTTP/1.0" 301 417 "-" "Mozilla/5.0 AppleWebKit/537.36 (KHTML, like Gecko; compatible; GPTBot/1.2; +https://openai.com/gptbot)"
20.171.207.73 - - [11/Sep/2025:05:28:11 +0700] "GET /?attachment_id=1469 HTTP/1.0" 200 198116 "-" "Mozilla/5.0 AppleWebKit/537.36 (KHTML, like Gecko; compatible; GPTBot/1.2; +https://openai.com/gptbot)"
20.171.207.73 - - [11/Sep/2025:05:28:15 +0700] "GET /?attachment_id=1941/embed/ HTTP/1.0" 301 417 "-" "Mozilla/5.0 AppleWebKit/537.36 (KHTML, like Gecko; compatible; GPTBot/1.2; +https://openai.com/gptbot)"
45.117.177.72 - - [11/Sep/2025:05:28:18 +0700] "POST /wp-cron.php?doing_wp_cron=1757543298.4002048969268798828125 HTTP/1.0" 200 416 "-" "WordPress/6.8.1; https://vattusacky.vn"
20.171.207.73 - - [11/Sep/2025:05:28:16 +0700] "GET /?attachment_id=1941 HTTP/1.0" 200 198502 "-" "Mozilla/5.0 AppleWebKit/537.36 (KHTML, like Gecko; compatible; GPTBot/1.2; +https://openai.com/gptbot)"
217.113.194.79 - - [11/Sep/2025:05:28:17 +0700] "GET /pin-ap-kazino-oficialnyj-sajt-pin-up-casino-vhod-v-2/ HTTP/1.0" 200 264513 "-" "Mozilla/5.0 (compatible; Barkrowler/0.9; +https://babbar.tech/crawler)"
20.171.207.73 - - [11/Sep/2025:05:28:21 +0700] "GET /wp-json/oembed/1.0/embed?format=xml&url=https%3A%2F%2Fvattusacky.vn%2F%3Fattachment_id%3D1462 HTTP/1.0" 200 4166 "-" "Mozilla/5.0 AppleWebKit/537.36 (KHTML, like Gecko; compatible; GPTBot/1.2; +https://openai.com/gptbot)"
20.171.207.73 - - [11/Sep/2025:05:28:25 +0700] "GET /?attachment_id=1653/embed/ HTTP/1.0" 301 417 "-" "Mozilla/5.0 AppleWebKit/537.36 (KHTML, like Gecko; compatible; GPTBot/1.2; +https://openai.com/gptbot)"
20.171.207.73 - - [11/Sep/2025:05:28:26 +0700] "GET /?attachment_id=1653 HTTP/1.0" 200 194737 "-" "Mozilla/5.0 AppleWebKit/537.36 (KHTML, like Gecko; compatible; GPTBot/1.2; +https://openai.com/gptbot)"
65.108.125.120 - - [11/Sep/2025:05:28:31 +0700] "GET /the/lay-mau-nuoc-loai-ngang/feed/ HTTP/1.0" 200 1795833 "-" "Mozilla/5.0 (compatible; MJ12bot/v1.4.8; http://mj12bot.com/)"
20.171.207.73 - - [11/Sep/2025:05:28:31 +0700] "GET /?attachment_id=1744/embed/ HTTP/1.0" 301 417 "-" "Mozilla/5.0 AppleWebKit/537.36 (KHTML, like Gecko; compatible; GPTBot/1.2; +https://openai.com/gptbot)"
20.171.207.73 - - [11/Sep/2025:05:28:33 +0700] "GET /?attachment_id=1744 HTTP/1.0" 200 194970 "-" "Mozilla/5.0 AppleWebKit/537.36 (KHTML, like Gecko; compatible; GPTBot/1.2; +https://openai.com/gptbot)"
20.171.207.73 - - [11/Sep/2025:05:28:36 +0700] "GET /wp-json/oembed/1.0/embed?format=xml&url=https%3A%2F%2Fvattusacky.vn%2F%3Fattachment_id%3D1749 HTTP/1.0" 200 4114 "-" "Mozilla/5.0 AppleWebKit/537.36 (KHTML, like Gecko; compatible; GPTBot/1.2; +https://openai.com/gptbot)"
20.171.207.73 - - [11/Sep/2025:05:28:40 +0700] "GET /wp-json/oembed/1.0/embed?format=xml&url=https%3A%2F%2Fvattusacky.vn%2F%3Fattachment_id%3D1240 HTTP/1.0" 200 4190 "-" "Mozilla/5.0 AppleWebKit/537.36 (KHTML, like Gecko; compatible; GPTBot/1.2; +https://openai.com/gptbot)"
65.108.125.120 - - [11/Sep/2025:05:28:43 +0700] "GET /the/lay-mau/feed/ HTTP/1.0" 200 1795368 "-" "Mozilla/5.0 (compatible; MJ12bot/v1.4.8; http://mj12bot.com/)"
20.171.207.73 - - [11/Sep/2025:05:28:44 +0700] "GET /wp-json/oembed/1.0/embed?format=xml&url=https%3A%2F%2Fvattusacky.vn%2F%3Fattachment_id%3D1419 HTTP/1.0" 200 4188 "-" "Mozilla/5.0 AppleWebKit/537.36 (KHTML, like Gecko; compatible; GPTBot/1.2; +https://openai.com/gptbot)"
20.171.207.73 - - [11/Sep/2025:05:28:48 +0700] "GET /wp-json/oembed/1.0/embed?format=xml&url=https%3A%2F%2Fvattusacky.vn%2F%3Fattachment_id%3D1826 HTTP/1.0" 200 4182 "-" "Mozilla/5.0 AppleWebKit/537.36 (KHTML, like Gecko; compatible; GPTBot/1.2; +https://openai.com/gptbot)"
20.171.207.73 - - [11/Sep/2025:05:28:52 +0700] "GET /wp-json/oembed/1.0/embed?format=xml&url=https%3A%2F%2Fvattusacky.vn%2F%3Fattachment_id%3D1757 HTTP/1.0" 200 4200 "-" "Mozilla/5.0 AppleWebKit/537.36 (KHTML, like Gecko; compatible; GPTBot/1.2; +https://openai.com/gptbot)"
20.171.207.73 - - [11/Sep/2025:05:28:57 +0700] "GET /?attachment_id=1462/embed/ HTTP/1.0" 301 417 "-" "Mozilla/5.0 AppleWebKit/537.36 (KHTML, like Gecko; compatible; GPTBot/1.2; +https://openai.com/gptbot)"
20.171.207.73 - - [11/Sep/2025:05:28:58 +0700] "GET /?attachment_id=1462 HTTP/1.0" 200 198091 "-" "Mozilla/5.0 AppleWebKit/537.36 (KHTML, like Gecko; compatible; GPTBot/1.2; +https://openai.com/gptbot)"
20.171.207.73 - - [11/Sep/2025:05:29:02 +0700] "GET /wp-json/oembed/1.0/embed?format=xml&url=https%3A%2F%2Fvattusacky.vn%2F%3Fattachment_id%3D1733 HTTP/1.0" 200 4210 "-" "Mozilla/5.0 AppleWebKit/537.36 (KHTML, like Gecko; compatible; GPTBot/1.2; +https://openai.com/gptbot)"
217.113.194.73 - - [11/Sep/2025:05:29:04 +0700] "GET /pin-ap-casino-onlajn-frispiny-za-vhod-v-kazino-4/ HTTP/1.0" 200 221882 "-" "Mozilla/5.0 (compatible; Barkrowler/0.9; +https://babbar.tech/crawler)"
20.171.207.73 - - [11/Sep/2025:05:29:06 +0700] "GET /?attachment_id=1749/embed/ HTTP/1.0" 301 417 "-" "Mozilla/5.0 AppleWebKit/537.36 (KHTML, like Gecko; compatible; GPTBot/1.2; +https://openai.com/gptbot)"
20.171.207.73 - - [11/Sep/2025:05:29:07 +0700] "GET /?attachment_id=1749 HTTP/1.0" 200 197821 "-" "Mozilla/5.0 AppleWebKit/537.36 (KHTML, like Gecko; compatible; GPTBot/1.2; +https://openai.com/gptbot)"
20.171.207.73 - - [11/Sep/2025:05:29:11 +0700] "GET /?attachment_id=1240/embed/ HTTP/1.0" 301 417 "-" "Mozilla/5.0 AppleWebKit/537.36 (KHTML, like Gecko; compatible; GPTBot/1.2; +https://openai.com/gptbot)"
20.171.207.73 - - [11/Sep/2025:05:29:12 +0700] "GET /?attachment_id=1240 HTTP/1.0" 200 198468 "-" "Mozilla/5.0 AppleWebKit/537.36 (KHTML, like Gecko; compatible; GPTBot/1.2; +https://openai.com/gptbot)"
45.117.177.72 - - [11/Sep/2025:05:29:17 +0700] "POST /wp-cron.php?doing_wp_cron=1757543357.5871160030364990234375 HTTP/1.0" 200 416 "-" "WordPress/6.8.1; https://vattusacky.vn"
20.171.207.73 - - [11/Sep/2025:05:29:16 +0700] "GET /?attachment_id=1757/embed/ HTTP/1.0" 301 417 "-" "Mozilla/5.0 AppleWebKit/537.36 (KHTML, like Gecko; compatible; GPTBot/1.2; +https://openai.com/gptbot)"
20.171.207.73 - - [11/Sep/2025:05:29:17 +0700] "GET /?attachment_id=1757 HTTP/1.0" 200 198292 "-" "Mozilla/5.0 AppleWebKit/537.36 (KHTML, like Gecko; compatible; GPTBot/1.2; +https://openai.com/gptbot)"
20.171.207.73 - - [11/Sep/2025:05:29:22 +0700] "GET /?attachment_id=1419/embed/ HTTP/1.0" 301 417 "-" "Mozilla/5.0 AppleWebKit/537.36 (KHTML, like Gecko; compatible; GPTBot/1.2; +https://openai.com/gptbot)"
20.171.207.73 - - [11/Sep/2025:05:29:23 +0700] "GET /?attachment_id=1419 HTTP/1.0" 200 198303 "-" "Mozilla/5.0 AppleWebKit/537.36 (KHTML, like Gecko; compatible; GPTBot/1.2; +https://openai.com/gptbot)"
20.171.207.73 - - [11/Sep/2025:05:29:27 +0700] "GET /?attachment_id=1826/embed/ HTTP/1.0" 301 417 "-" "Mozilla/5.0 AppleWebKit/537.36 (KHTML, like Gecko; compatible; GPTBot/1.2; +https://openai.com/gptbot)"
20.171.207.73 - - [11/Sep/2025:05:29:28 +0700] "GET /?attachment_id=1826 HTTP/1.0" 200 198034 "-" "Mozilla/5.0 AppleWebKit/537.36 (KHTML, like Gecko; compatible; GPTBot/1.2; +https://openai.com/gptbot)"
20.171.207.73 - - [11/Sep/2025:05:29:33 +0700] "GET /wp-json/oembed/1.0/embed?format=xml&url=https%3A%2F%2Fvattusacky.vn%2F%3Fattachment_id%3D1727 HTTP/1.0" 200 4170 "-" "Mozilla/5.0 AppleWebKit/537.36 (KHTML, like Gecko; compatible; GPTBot/1.2; +https://openai.com/gptbot)"
217.113.194.78 - - [11/Sep/2025:05:29:34 +0700] "GET /pin-ap-top-kazino-obzor-2023-i-bonusy-registracija/ HTTP/1.0" 200 96552 "-" "Mozilla/5.0 (compatible; Barkrowler/0.9; +https://babbar.tech/crawler)"
20.171.207.73 - - [11/Sep/2025:05:29:37 +0700] "GET /wp-json/oembed/1.0/embed?format=xml&url=https%3A%2F%2Fvattusacky.vn%2F%3Fattachment_id%3D1985 HTTP/1.0" 200 4238 "-" "Mozilla/5.0 AppleWebKit/537.36 (KHTML, like Gecko; compatible; GPTBot/1.2; +https://openai.com/gptbot)"
20.171.207.73 - - [11/Sep/2025:05:29:40 +0700] "GET /wp-json/oembed/1.0/embed?format=xml&url=https%3A%2F%2Fvattusacky.vn%2F%3Fattachment_id%3D1266 HTTP/1.0" 200 3951 "-" "Mozilla/5.0 AppleWebKit/537.36 (KHTML, like Gecko; compatible; GPTBot/1.2; +https://openai.com/gptbot)"
20.171.207.73 - - [11/Sep/2025:05:29:44 +0700] "GET /?attachment_id=1733/embed/ HTTP/1.0" 301 417 "-" "Mozilla/5.0 AppleWebKit/537.36 (KHTML, like Gecko; compatible; GPTBot/1.2; +https://openai.com/gptbot)"
20.171.207.73 - - [11/Sep/2025:05:29:45 +0700] "GET /?attachment_id=1733 HTTP/1.0" 200 198292 "-" "Mozilla/5.0 AppleWebKit/537.36 (KHTML, like Gecko; compatible; GPTBot/1.2; +https://openai.com/gptbot)"
20.171.207.73 - - [11/Sep/2025:05:29:49 +0700] "GET /wp-json/oembed/1.0/embed?format=xml&url=https%3A%2F%2Fvattusacky.vn%2F%3Fattachment_id%3D1981 HTTP/1.0" 200 3960 "-" "Mozilla/5.0 AppleWebKit/537.36 (KHTML, like Gecko; compatible; GPTBot/1.2; +https://openai.com/gptbot)"
20.171.207.73 - - [11/Sep/2025:05:29:53 +0700] "GET /wp-json/oembed/1.0/embed?format=xml&url=https%3A%2F%2Fvattusacky.vn%2F%3Fattachment_id%3D1998 HTTP/1.0" 200 4197 "-" "Mozilla/5.0 AppleWebKit/537.36 (KHTML, like Gecko; compatible; GPTBot/1.2; +https://openai.com/gptbot)"
217.113.194.76 - - [11/Sep/2025:05:29:56 +0700] "GET /pin-up-casino-ofitsialnyj-sajt-onlajn-kazino-pin-ap/ HTTP/1.0" 200 105356 "-" "Mozilla/5.0 (compatible; Barkrowler/0.9; +https://babbar.tech/crawler)"
20.171.207.73 - - [11/Sep/2025:05:29:57 +0700] "GET /wp-json/oembed/1.0/embed?format=xml&url=https%3A%2F%2Fvattusacky.vn%2F%3Fattachment_id%3D1239 HTTP/1.0" 200 4170 "-" "Mozilla/5.0 AppleWebKit/537.36 (KHTML, like Gecko; compatible; GPTBot/1.2; +https://openai.com/gptbot)"
20.171.207.73 - - [11/Sep/2025:05:30:01 +0700] "GET /?attachment_id=1727/embed/ HTTP/1.0" 301 417 "-" "Mozilla/5.0 AppleWebKit/537.36 (KHTML, like Gecko; compatible; GPTBot/1.2; +https://openai.com/gptbot)"
20.171.207.73 - - [11/Sep/2025:05:30:02 +0700] "GET /?attachment_id=1727 HTTP/1.0" 200 198166 "-" "Mozilla/5.0 AppleWebKit/537.36 (KHTML, like Gecko; compatible; GPTBot/1.2; +https://openai.com/gptbot)"
20.171.207.73 - - [11/Sep/2025:05:30:06 +0700] "GET /?attachment_id=1266/embed/ HTTP/1.0" 301 417 "-" "Mozilla/5.0 AppleWebKit/537.36 (KHTML, like Gecko; compatible; GPTBot/1.2; +https://openai.com/gptbot)"
20.171.207.73 - - [11/Sep/2025:05:30:08 +0700] "GET /?attachment_id=1266 HTTP/1.0" 200 194947 "-" "Mozilla/5.0 AppleWebKit/537.36 (KHTML, like Gecko; compatible; GPTBot/1.2; +https://openai.com/gptbot)"
52.167.144.225 - - [11/Sep/2025:05:30:12 +0700] "GET /drip-casino-igraj-na-aktualnom-zerkale-kazino/ HTTP/1.0" 200 222994 "-" "Mozilla/5.0 AppleWebKit/537.36 (KHTML, like Gecko; compatible; bingbot/2.0; +http://www.bing.com/bingbot.htm) Chrome/116.0.1938.76 Safari/537.36"
20.171.207.73 - - [11/Sep/2025:05:30:12 +0700] "GET /?attachment_id=1985/embed/ HTTP/1.0" 301 417 "-" "Mozilla/5.0 AppleWebKit/537.36 (KHTML, like Gecko; compatible; GPTBot/1.2; +https://openai.com/gptbot)"
20.171.207.73 - - [11/Sep/2025:05:30:14 +0700] "GET /?attachment_id=1985 HTTP/1.0" 200 198569 "-" "Mozilla/5.0 AppleWebKit/537.36 (KHTML, like Gecko; compatible; GPTBot/1.2; +https://openai.com/gptbot)"
45.117.177.72 - - [11/Sep/2025:05:30:18 +0700] "POST /wp-cron.php?doing_wp_cron=1757543418.8924000263214111328125 HTTP/1.0" 200 416 "-" "WordPress/6.8.1; https://vattusacky.vn"
20.171.207.73 - - [11/Sep/2025:05:30:17 +0700] "GET /?attachment_id=1981/embed/ HTTP/1.0" 301 417 "-" "Mozilla/5.0 AppleWebKit/537.36 (KHTML, like Gecko; compatible; GPTBot/1.2; +https://openai.com/gptbot)"
217.113.194.78 - - [11/Sep/2025:05:30:18 +0700] "GET /noi-de-tim-vaytienuytin24h-com-breaks-nhanh-chong/ HTTP/1.0" 200 210836 "-" "Mozilla/5.0 (compatible; Barkrowler/0.9; +https://babbar.tech/crawler)"
20.171.207.73 - - [11/Sep/2025:05:30:19 +0700] "GET /?attachment_id=1981 HTTP/1.0" 200 195026 "-" "Mozilla/5.0 AppleWebKit/537.36 (KHTML, like Gecko; compatible; GPTBot/1.2; +https://openai.com/gptbot)"
20.171.207.73 - - [11/Sep/2025:05:30:23 +0700] "GET /?attachment_id=1239/embed/ HTTP/1.0" 301 417 "-" "Mozilla/5.0 AppleWebKit/537.36 (KHTML, like Gecko; compatible; GPTBot/1.2; +https://openai.com/gptbot)"
20.171.207.73 - - [11/Sep/2025:05:30:24 +0700] "GET /?attachment_id=1239 HTTP/1.0" 200 198459 "-" "Mozilla/5.0 AppleWebKit/537.36 (KHTML, like Gecko; compatible; GPTBot/1.2; +https://openai.com/gptbot)"
20.171.207.73 - - [11/Sep/2025:05:30:28 +0700] "GET /wp-json/oembed/1.0/embed?format=xml&url=https%3A%2F%2Fvattusacky.vn%2F%3Fattachment_id%3D1481 HTTP/1.0" 200 4011 "-" "Mozilla/5.0 AppleWebKit/537.36 (KHTML, like Gecko; compatible; GPTBot/1.2; +https://openai.com/gptbot)"
20.171.207.73 - - [11/Sep/2025:05:30:33 +0700] "GET /wp-json/oembed/1.0/embed?format=xml&url=https%3A%2F%2Fvattusacky.vn%2F%3Fattachment_id%3D1917 HTTP/1.0" 200 3437 "-" "Mozilla/5.0 AppleWebKit/537.36 (KHTML, like Gecko; compatible; GPTBot/1.2; +https://openai.com/gptbot)"
52.167.144.225 - - [11/Sep/2025:05:30:33 +0700] "GET /san-pham/maydohoatdophongxa/ HTTP/1.0" 200 238574 "-" "Mozilla/5.0 AppleWebKit/537.36 (KHTML, like Gecko; compatible; bingbot/2.0; +http://www.bing.com/bingbot.htm) Chrome/116.0.1938.76 Safari/537.36"
20.171.207.73 - - [11/Sep/2025:05:30:37 +0700] "GET /?attachment_id=1998/embed/ HTTP/1.0" 301 417 "-" "Mozilla/5.0 AppleWebKit/537.36 (KHTML, like Gecko; compatible; GPTBot/1.2; +https://openai.com/gptbot)"
20.171.207.73 - - [11/Sep/2025:05:30:38 +0700] "GET /?attachment_id=1998 HTTP/1.0" 200 198603 "-" "Mozilla/5.0 AppleWebKit/537.36 (KHTML, like Gecko; compatible; GPTBot/1.2; +https://openai.com/gptbot)"
20.171.207.73 - - [11/Sep/2025:05:30:42 +0700] "GET /wp-json/oembed/1.0/embed?format=xml&url=https%3A%2F%2Fvattusacky.vn%2F%3Fattachment_id%3D1385 HTTP/1.0" 200 4178 "-" "Mozilla/5.0 AppleWebKit/537.36 (KHTML, like Gecko; compatible; GPTBot/1.2; +https://openai.com/gptbot)"
20.171.207.73 - - [11/Sep/2025:05:30:46 +0700] "GET /wp-json/oembed/1.0/embed?format=xml&url=https%3A%2F%2Fvattusacky.vn%2F%3Fattachment_id%3D1029 HTTP/1.0" 200 4106 "-" "Mozilla/5.0 AppleWebKit/537.36 (KHTML, like Gecko; compatible; GPTBot/1.2; +https://openai.com/gptbot)"
217.113.194.79 - - [11/Sep/2025:05:30:48 +0700] "GET /from-text-to-video-the-evolution-of-chatting-on-omegle-and-ometv/ HTTP/1.0" 200 91649 "-" "Mozilla/5.0 (compatible; Barkrowler/0.9; +https://babbar.tech/crawler)"
20.171.207.73 - - [11/Sep/2025:05:30:49 +0700] "GET /?attachment_id=1481/embed/ HTTP/1.0" 301 417 "-" "Mozilla/5.0 AppleWebKit/537.36 (KHTML, like Gecko; compatible; GPTBot/1.2; +https://openai.com/gptbot)"
20.171.207.73 - - [11/Sep/2025:05:30:51 +0700] "GET /?attachment_id=1481 HTTP/1.0" 200 194965 "-" "Mozilla/5.0 AppleWebKit/537.36 (KHTML, like Gecko; compatible; GPTBot/1.2; +https://openai.com/gptbot)"
87.250.224.233 - - [11/Sep/2025:05:30:55 +0700] "GET /1xbet-app-obtain-for-android-apk-ios-in-bangladesh-19/ HTTP/1.0" 200 92553 "-" "Mozilla/5.0 (compatible; YandexBot/3.0; +http://yandex.com/bots)"
20.171.207.73 - - [11/Sep/2025:05:30:55 +0700] "GET /wp-json/oembed/1.0/embed?format=xml&url=https%3A%2F%2Fvattusacky.vn%2F%3Fattachment_id%3D1748 HTTP/1.0" 200 4098 "-" "Mozilla/5.0 AppleWebKit/537.36 (KHTML, like Gecko; compatible; GPTBot/1.2; +https://openai.com/gptbot)"
20.171.207.73 - - [11/Sep/2025:05:30:58 +0700] "GET /?attachment_id=1917/embed/ HTTP/1.0" 301 417 "-" "Mozilla/5.0 AppleWebKit/537.36 (KHTML, like Gecko; compatible; GPTBot/1.2; +https://openai.com/gptbot)"
20.171.207.73 - - [11/Sep/2025:05:30:59 +0700] "GET /?attachment_id=1917 HTTP/1.0" 200 198261 "-" "Mozilla/5.0 AppleWebKit/537.36 (KHTML, like Gecko; compatible; GPTBot/1.2; +https://openai.com/gptbot)"
20.171.207.73 - - [11/Sep/2025:05:31:04 +0700] "GET /wp-json/oembed/1.0/embed?format=xml&url=https%3A%2F%2Fvattusacky.vn%2F%3Fattachment_id%3D1320 HTTP/1.0" 200 4202 "-" "Mozilla/5.0 AppleWebKit/537.36 (KHTML, like Gecko; compatible; GPTBot/1.2; +https://openai.com/gptbot)"
20.171.207.73 - - [11/Sep/2025:05:31:08 +0700] "GET /?attachment_id=1385/embed/ HTTP/1.0" 301 417 "-" "Mozilla/5.0 AppleWebKit/537.36 (KHTML, like Gecko; compatible; GPTBot/1.2; +https://openai.com/gptbot)"
20.171.207.73 - - [11/Sep/2025:05:31:09 +0700] "GET /?attachment_id=1385 HTTP/1.0" 200 198032 "-" "Mozilla/5.0 AppleWebKit/537.36 (KHTML, like Gecko; compatible; GPTBot/1.2; +https://openai.com/gptbot)"
217.113.194.218 - - [11/Sep/2025:05:31:12 +0700] "GET /from-anonymity-to-authenticity-the-journey-on-omegle-and-ometv/feed/ HTTP/1.0" 200 1783 "-" "Mozilla/5.0 (compatible; Barkrowler/0.9; +https://babbar.tech/crawler)"
20.171.207.73 - - [11/Sep/2025:05:31:13 +0700] "GET /?attachment_id=1029/embed/ HTTP/1.0" 301 417 "-" "Mozilla/5.0 AppleWebKit/537.36 (KHTML, like Gecko; compatible; GPTBot/1.2; +https://openai.com/gptbot)"
20.171.207.73 - - [11/Sep/2025:05:31:14 +0700] "GET /?attachment_id=1029 HTTP/1.0" 200 197884 "-" "Mozilla/5.0 AppleWebKit/537.36 (KHTML, like Gecko; compatible; GPTBot/1.2; +https://openai.com/gptbot)"
45.117.177.72 - - [11/Sep/2025:05:31:19 +0700] "POST /wp-cron.php?doing_wp_cron=1757543479.3710789680480957031250 HTTP/1.0" 200 416 "-" "WordPress/6.8.1; https://vattusacky.vn"
20.171.207.73 - - [11/Sep/2025:05:31:18 +0700] "GET /wp-json/oembed/1.0/embed?format=xml&url=https%3A%2F%2Fvattusacky.vn%2F%3Fattachment_id%3D1388 HTTP/1.0" 200 4170 "-" "Mozilla/5.0 AppleWebKit/537.36 (KHTML, like Gecko; compatible; GPTBot/1.2; +https://openai.com/gptbot)"
20.171.207.73 - - [11/Sep/2025:05:31:21 +0700] "GET /?attachment_id=1748/embed/ HTTP/1.0" 301 417 "-" "Mozilla/5.0 AppleWebKit/537.36 (KHTML, like Gecko; compatible; GPTBot/1.2; +https://openai.com/gptbot)"
20.171.207.73 - - [11/Sep/2025:05:31:23 +0700] "GET /?attachment_id=1748 HTTP/1.0" 200 197478 "-" "Mozilla/5.0 AppleWebKit/537.36 (KHTML, like Gecko; compatible; GPTBot/1.2; +https://openai.com/gptbot)"
213.180.203.69 - - [11/Sep/2025:05:31:26 +0700] "GET /the-science-behind-pairing-users-on-omegle-and-ometv-an-algorithmic-analysis/ HTTP/1.0" 200 91420 "-" "Mozilla/5.0 (compatible; YandexBot/3.0; +http://yandex.com/bots)"
20.171.207.73 - - [11/Sep/2025:05:31:27 +0700] "GET /wp-json/oembed/1.0/embed?format=xml&url=https%3A%2F%2Fvattusacky.vn%2F%3Fattachment_id%3D1020 HTTP/1.0" 200 4065 "-" "Mozilla/5.0 AppleWebKit/537.36 (KHTML, like Gecko; compatible; GPTBot/1.2; +https://openai.com/gptbot)"
217.113.194.79 - - [11/Sep/2025:05:31:29 +0700] "GET /from-strangers-to-collaborators-creative-partnerships-on-omegle-and-ometv/ HTTP/1.0" 200 94481 "-" "Mozilla/5.0 (compatible; Barkrowler/0.9; +https://babbar.tech/crawler)"
20.171.207.73 - - [11/Sep/2025:05:31:31 +0700] "GET /?attachment_id=1320/embed/ HTTP/1.0" 301 417 "-" "Mozilla/5.0 AppleWebKit/537.36 (KHTML, like Gecko; compatible; GPTBot/1.2; +https://openai.com/gptbot)"
20.171.207.73 - - [11/Sep/2025:05:31:33 +0700] "GET /?attachment_id=1320 HTTP/1.0" 200 198376 "-" "Mozilla/5.0 AppleWebKit/537.36 (KHTML, like Gecko; compatible; GPTBot/1.2; +https://openai.com/gptbot)"
20.171.207.73 - - [11/Sep/2025:05:31:36 +0700] "GET /wp-json/oembed/1.0/embed?format=xml&url=https%3A%2F%2Fvattusacky.vn%2F%3Fattachment_id%3D1382 HTTP/1.0" 200 4098 "-" "Mozilla/5.0 AppleWebKit/537.36 (KHTML, like Gecko; compatible; GPTBot/1.2; +https://openai.com/gptbot)"
20.171.207.73 - - [11/Sep/2025:05:31:41 +0700] "GET /wp-json/oembed/1.0/embed?format=xml&url=https%3A%2F%2Fvattusacky.vn%2F%3Fattachment_id%3D1811 HTTP/1.0" 200 4170 "-" "Mozilla/5.0 AppleWebKit/537.36 (KHTML, like Gecko; compatible; GPTBot/1.2; +https://openai.com/gptbot)"
20.171.207.73 - - [11/Sep/2025:05:31:45 +0700] "GET /wp-json/oembed/1.0/embed?format=xml&url=https%3A%2F%2Fvattusacky.vn%2F%3Fattachment_id%3D1507 HTTP/1.0" 200 4182 "-" "Mozilla/5.0 AppleWebKit/537.36 (KHTML, like Gecko; compatible; GPTBot/1.2; +https://openai.com/gptbot)"
20.171.207.73 - - [11/Sep/2025:05:31:50 +0700] "GET /?attachment_id=1388/embed/ HTTP/1.0" 301 417 "-" "Mozilla/5.0 AppleWebKit/537.36 (KHTML, like Gecko; compatible; GPTBot/1.2; +https://openai.com/gptbot)"
217.113.194.75 - - [11/Sep/2025:05:31:51 +0700] "GET /aviator-predictor-v1-94-apk-mod-2023-free-download-9-2/ HTTP/1.0" 200 232269 "-" "Mozilla/5.0 (compatible; Barkrowler/0.9; +https://babbar.tech/crawler)"
20.171.207.73 - - [11/Sep/2025:05:31:51 +0700] "GET /?attachment_id=1388 HTTP/1.0" 200 198038 "-" "Mozilla/5.0 AppleWebKit/537.36 (KHTML, like Gecko; compatible; GPTBot/1.2; +https://openai.com/gptbot)"
20.171.207.73 - - [11/Sep/2025:05:31:55 +0700] "GET /wp-json/oembed/1.0/embed?format=xml&url=https%3A%2F%2Fvattusacky.vn%2F%3Fattachment_id%3D1805 HTTP/1.0" 200 3440 "-" "Mozilla/5.0 AppleWebKit/537.36 (KHTML, like Gecko; compatible; GPTBot/1.2; +https://openai.com/gptbot)"
20.171.207.73 - - [11/Sep/2025:05:31:59 +0700] "GET /?attachment_id=1020/embed/ HTTP/1.0" 301 417 "-" "Mozilla/5.0 AppleWebKit/537.36 (KHTML, like Gecko; compatible; GPTBot/1.2; +https://openai.com/gptbot)"
20.171.207.73 - - [11/Sep/2025:05:32:01 +0700] "GET /?attachment_id=1020 HTTP/1.0" 200 195171 "-" "Mozilla/5.0 AppleWebKit/537.36 (KHTML, like Gecko; compatible; GPTBot/1.2; +https://openai.com/gptbot)"
20.171.207.73 - - [11/Sep/2025:05:32:05 +0700] "GET /?attachment_id=1811/embed/ HTTP/1.0" 301 563 "-" "Mozilla/5.0 AppleWebKit/537.36 (KHTML, like Gecko; compatible; GPTBot/1.2; +https://openai.com/gptbot)"
20.171.207.73 - - [11/Sep/2025:05:32:06 +0700] "GET /?attachment_id=1811 HTTP/1.0" 200 197995 "-" "Mozilla/5.0 AppleWebKit/537.36 (KHTML, like Gecko; compatible; GPTBot/1.2; +https://openai.com/gptbot)"
20.171.207.73 - - [11/Sep/2025:05:32:11 +0700] "GET /wp-json/oembed/1.0/embed?format=xml&url=https%3A%2F%2Fvattusacky.vn%2F%3Fattachment_id%3D2024 HTTP/1.0" 200 4294 "-" "Mozilla/5.0 AppleWebKit/537.36 (KHTML, like Gecko; compatible; GPTBot/1.2; +https://openai.com/gptbot)"
20.171.207.73 - - [11/Sep/2025:05:32:15 +0700] "GET /?attachment_id=1382/embed/ HTTP/1.0" 301 417 "-" "Mozilla/5.0 AppleWebKit/537.36 (KHTML, like Gecko; compatible; GPTBot/1.2; +https://openai.com/gptbot)"
45.117.177.72 - - [11/Sep/2025:05:32:18 +0700] "POST /wp-cron.php?doing_wp_cron=1757543538.2188379764556884765625 HTTP/1.0" 200 416 "-" "WordPress/6.8.1; https://vattusacky.vn"
20.171.207.73 - - [11/Sep/2025:05:32:17 +0700] "GET /?attachment_id=1382 HTTP/1.0" 200 197680 "-" "Mozilla/5.0 AppleWebKit/537.36 (KHTML, like Gecko; compatible; GPTBot/1.2; +https://openai.com/gptbot)"
20.171.207.73 - - [11/Sep/2025:05:32:21 +0700] "GET /?attachment_id=1805/embed/ HTTP/1.0" 301 417 "-" "Mozilla/5.0 AppleWebKit/537.36 (KHTML, like Gecko; compatible; GPTBot/1.2; +https://openai.com/gptbot)"
20.171.207.73 - - [11/Sep/2025:05:32:22 +0700] "GET /?attachment_id=1805 HTTP/1.0" 200 198139 "-" "Mozilla/5.0 AppleWebKit/537.36 (KHTML, like Gecko; compatible; GPTBot/1.2; +https://openai.com/gptbot)"
217.113.194.80 - - [11/Sep/2025:05:32:22 +0700] "GET /kak-sozdat%D1%8C-ideal%D1%8Cnoe-cv-dlja-it-specialista/ HTTP/1.0" 200 351595 "-" "Mozilla/5.0 (compatible; Barkrowler/0.9; +https://babbar.tech/crawler)"
20.171.207.73 - - [11/Sep/2025:05:32:26 +0700] "GET /wp-json/oembed/1.0/embed?format=xml&url=https%3A%2F%2Fvattusacky.vn%2F%3Fattachment_id%3D1986 HTTP/1.0" 200 4183 "-" "Mozilla/5.0 AppleWebKit/537.36 (KHTML, like Gecko; compatible; GPTBot/1.2; +https://openai.com/gptbot)"
20.171.207.73 - - [11/Sep/2025:05:32:30 +0700] "GET /wp-json/oembed/1.0/embed?format=xml&url=https%3A%2F%2Fvattusacky.vn%2F%3Fattachment_id%3D1932 HTTP/1.0" 200 4222 "-" "Mozilla/5.0 AppleWebKit/537.36 (KHTML, like Gecko; compatible; GPTBot/1.2; +https://openai.com/gptbot)"
189.105.131.184 - - [11/Sep/2025:05:32:33 +0700] "GET / HTTP/1.0" 301 598 "-" "Mozilla/5.0 (Windows NT 10.0; Win64; x64) AppleWebKit/537.36 (KHTML, like Gecko) Chrome/121.0.0.0 Safari/537.36 Edg/121.0.0.0"
20.171.207.73 - - [11/Sep/2025:05:32:34 +0700] "GET /?attachment_id=1507/embed/ HTTP/1.0" 301 417 "-" "Mozilla/5.0 AppleWebKit/537.36 (KHTML, like Gecko; compatible; GPTBot/1.2; +https://openai.com/gptbot)"
20.171.207.73 - - [11/Sep/2025:05:32:35 +0700] "GET /?attachment_id=1507 HTTP/1.0" 200 198185 "-" "Mozilla/5.0 AppleWebKit/537.36 (KHTML, like Gecko; compatible; GPTBot/1.2; +https://openai.com/gptbot)"
20.171.207.73 - - [11/Sep/2025:05:32:39 +0700] "GET /?attachment_id=2024/embed/ HTTP/1.0" 301 417 "-" "Mozilla/5.0 AppleWebKit/537.36 (KHTML, like Gecko; compatible; GPTBot/1.2; +https://openai.com/gptbot)"
179.94.132.106 - - [11/Sep/2025:05:32:39 +0700] "GET / HTTP/1.0" 200 60070 "-" "Mozilla/5.0 (Windows NT 10.0; Win64; x64) AppleWebKit/537.36 (KHTML, like Gecko) Chrome/121.0.0.0 Safari/537.36 Edg/121.0.0.0"
20.171.207.73 - - [11/Sep/2025:05:32:40 +0700] "GET /?attachment_id=2024 HTTP/1.0" 200 198804 "-" "Mozilla/5.0 AppleWebKit/537.36 (KHTML, like Gecko; compatible; GPTBot/1.2; +https://openai.com/gptbot)"
20.171.207.73 - - [11/Sep/2025:05:32:44 +0700] "GET /wp-json/oembed/1.0/embed?format=xml&url=https%3A%2F%2Fvattusacky.vn%2F%3Fattachment_id%3D2018 HTTP/1.0" 200 4130 "-" "Mozilla/5.0 AppleWebKit/537.36 (KHTML, like Gecko; compatible; GPTBot/1.2; +https://openai.com/gptbot)"
20.171.207.73 - - [11/Sep/2025:05:32:48 +0700] "GET /wp-json/oembed/1.0/embed?format=xml&url=https%3A%2F%2Fvattusacky.vn%2F%3Fattachment_id%3D1940 HTTP/1.0" 200 4208 "-" "Mozilla/5.0 AppleWebKit/537.36 (KHTML, like Gecko; compatible; GPTBot/1.2; +https://openai.com/gptbot)"
20.171.207.73 - - [11/Sep/2025:05:32:52 +0700] "GET /?attachment_id=1986/embed/ HTTP/1.0" 301 417 "-" "Mozilla/5.0 AppleWebKit/537.36 (KHTML, like Gecko; compatible; GPTBot/1.2; +https://openai.com/gptbot)"
20.171.207.73 - - [11/Sep/2025:05:32:53 +0700] "GET /?attachment_id=1986 HTTP/1.0" 200 198437 "-" "Mozilla/5.0 AppleWebKit/537.36 (KHTML, like Gecko; compatible; GPTBot/1.2; +https://openai.com/gptbot)"
217.113.194.74 - - [11/Sep/2025:05:32:56 +0700] "GET /enhancing-cultural-exchange-through-language-on-omegle-and-ometv/feed/ HTTP/1.0" 200 1789 "-" "Mozilla/5.0 (compatible; Barkrowler/0.9; +https://babbar.tech/crawler)"
20.171.207.73 - - [11/Sep/2025:05:32:57 +0700] "GET /?attachment_id=1932/embed/ HTTP/1.0" 301 417 "-" "Mozilla/5.0 AppleWebKit/537.36 (KHTML, like Gecko; compatible; GPTBot/1.2; +https://openai.com/gptbot)"
20.171.207.73 - - [11/Sep/2025:05:32:58 +0700] "GET /?attachment_id=1932 HTTP/1.0" 200 198438 "-" "Mozilla/5.0 AppleWebKit/537.36 (KHTML, like Gecko; compatible; GPTBot/1.2; +https://openai.com/gptbot)"
20.171.207.73 - - [11/Sep/2025:05:33:03 +0700] "GET /wp-json/oembed/1.0/embed?format=xml&url=https%3A%2F%2Fvattusacky.vn%2F%3Fattachment_id%3D1769 HTTP/1.0" 200 4254 "-" "Mozilla/5.0 AppleWebKit/537.36 (KHTML, like Gecko; compatible; GPTBot/1.2; +https://openai.com/gptbot)"
20.171.207.73 - - [11/Sep/2025:05:33:07 +0700] "GET /wp-json/oembed/1.0/embed?format=xml&url=https%3A%2F%2Fvattusacky.vn%2F%3Fattachment_id%3D1974 HTTP/1.0" 200 4213 "-" "Mozilla/5.0 AppleWebKit/537.36 (KHTML, like Gecko; compatible; GPTBot/1.2; +https://openai.com/gptbot)"
20.171.207.73 - - [11/Sep/2025:05:33:12 +0700] "GET /?attachment_id=2018/embed/ HTTP/1.0" 301 417 "-" "Mozilla/5.0 AppleWebKit/537.36 (KHTML, like Gecko; compatible; GPTBot/1.2; +https://openai.com/gptbot)"
20.171.207.73 - - [11/Sep/2025:05:33:13 +0700] "GET /?attachment_id=2018 HTTP/1.0" 200 197912 "-" "Mozilla/5.0 AppleWebKit/537.36 (KHTML, like Gecko; compatible; GPTBot/1.2; +https://openai.com/gptbot)"
217.113.194.74 - - [11/Sep/2025:05:33:14 +0700] "GET /dat-cau-hoi-thuong-gap-tamo-ve-tin-dung-jailbroke/feed/ HTTP/1.0" 200 1760 "-" "Mozilla/5.0 (compatible; Barkrowler/0.9; +https://babbar.tech/crawler)"
45.117.177.72 - - [11/Sep/2025:05:33:18 +0700] "POST /wp-cron.php?doing_wp_cron=1757543598.5127730369567871093750 HTTP/1.0" 200 416 "-" "WordPress/6.8.1; https://vattusacky.vn"
20.171.207.73 - - [11/Sep/2025:05:33:17 +0700] "GET /?attachment_id=1940/embed/ HTTP/1.0" 301 417 "-" "Mozilla/5.0 AppleWebKit/537.36 (KHTML, like Gecko; compatible; GPTBot/1.2; +https://openai.com/gptbot)"
20.171.207.73 - - [11/Sep/2025:05:33:18 +0700] "GET /?attachment_id=1940 HTTP/1.0" 200 198387 "-" "Mozilla/5.0 AppleWebKit/537.36 (KHTML, like Gecko; compatible; GPTBot/1.2; +https://openai.com/gptbot)"
216.244.66.237 - - [11/Sep/2025:05:33:20 +0700] "GET /the-role-of-serendipity-in-breaking-out-of-online-echo-chambers/feed/ HTTP/1.0" 200 1786 "-" "Mozilla/5.0 (compatible; DotBot/1.2; +https://opensiteexplorer.org/dotbot; help@moz.com)"
20.171.207.73 - - [11/Sep/2025:05:33:22 +0700] "GET /wp-json/oembed/1.0/embed?format=xml&url=https%3A%2F%2Fvattusacky.vn%2F%3Fattachment_id%3D1691 HTTP/1.0" 200 4146 "-" "Mozilla/5.0 AppleWebKit/537.36 (KHTML, like Gecko; compatible; GPTBot/1.2; +https://openai.com/gptbot)"
20.171.207.73 - - [11/Sep/2025:05:33:26 +0700] "GET /wp-json/oembed/1.0/embed?format=xml&url=https%3A%2F%2Fvattusacky.vn%2F%3Fattachment_id%3D1246 HTTP/1.0" 200 4168 "-" "Mozilla/5.0 AppleWebKit/537.36 (KHTML, like Gecko; compatible; GPTBot/1.2; +https://openai.com/gptbot)"
20.171.207.73 - - [11/Sep/2025:05:33:30 +0700] "GET /?attachment_id=1769/embed/ HTTP/1.0" 301 417 "-" "Mozilla/5.0 AppleWebKit/537.36 (KHTML, like Gecko; compatible; GPTBot/1.2; +https://openai.com/gptbot)"
20.171.207.73 - - [11/Sep/2025:05:33:32 +0700] "GET /?attachment_id=1769 HTTP/1.0" 200 198424 "-" "Mozilla/5.0 AppleWebKit/537.36 (KHTML, like Gecko; compatible; GPTBot/1.2; +https://openai.com/gptbot)"
217.113.194.73 - - [11/Sep/2025:05:33:33 +0700] "GET /networking-for-social-and-professional-advancement-on-omegle-and-ometv/feed/ HTTP/1.0" 200 1807 "-" "Mozilla/5.0 (compatible; Barkrowler/0.9; +https://babbar.tech/crawler)"
20.171.207.73 - - [11/Sep/2025:05:33:36 +0700] "GET /wp-json/oembed/1.0/embed?format=xml&url=https%3A%2F%2Fvattusacky.vn%2F%3Fattachment_id%3D1987 HTTP/1.0" 200 4233 "-" "Mozilla/5.0 AppleWebKit/537.36 (KHTML, like Gecko; compatible; GPTBot/1.2; +https://openai.com/gptbot)"
20.171.207.73 - - [11/Sep/2025:05:33:39 +0700] "GET /?attachment_id=1974/embed/ HTTP/1.0" 301 417 "-" "Mozilla/5.0 AppleWebKit/537.36 (KHTML, like Gecko; compatible; GPTBot/1.2; +https://openai.com/gptbot)"
20.171.207.73 - - [11/Sep/2025:05:33:41 +0700] "GET /?attachment_id=1974 HTTP/1.0" 200 198551 "-" "Mozilla/5.0 AppleWebKit/537.36 (KHTML, like Gecko; compatible; GPTBot/1.2; +https://openai.com/gptbot)"
20.171.207.73 - - [11/Sep/2025:05:33:46 +0700] "GET /wp-json/oembed/1.0/embed?format=xml&url=https%3A%2F%2Fvattusacky.vn%2F%3Fattachment_id%3D1544 HTTP/1.0" 200 4178 "-" "Mozilla/5.0 AppleWebKit/537.36 (KHTML, like Gecko; compatible; GPTBot/1.2; +https://openai.com/gptbot)"
20.171.207.73 - - [11/Sep/2025:05:33:50 +0700] "GET /wp-json/oembed/1.0/embed?format=xml&url=https%3A%2F%2Fvattusacky.vn%2F22bet-withdrawal-148%2F HTTP/1.0" 200 3476 "-" "Mozilla/5.0 AppleWebKit/537.36 (KHTML, like Gecko; compatible; GPTBot/1.2; +https://openai.com/gptbot)"
217.113.194.218 - - [11/Sep/2025:05:33:51 +0700] "GET /chatroulette-and-omegle-in-the-era-of-remote-work-and-online-communication/feed/ HTTP/1.0" 200 1819 "-" "Mozilla/5.0 (compatible; Barkrowler/0.9; +https://babbar.tech/crawler)"
20.171.207.73 - - [11/Sep/2025:05:33:54 +0700] "GET /?attachment_id=1246/embed/ HTTP/1.0" 301 417 "-" "Mozilla/5.0 AppleWebKit/537.36 (KHTML, like Gecko; compatible; GPTBot/1.2; +https://openai.com/gptbot)"
20.171.207.73 - - [11/Sep/2025:05:33:55 +0700] "GET /?attachment_id=1246 HTTP/1.0" 200 198167 "-" "Mozilla/5.0 AppleWebKit/537.36 (KHTML, like Gecko; compatible; GPTBot/1.2; +https://openai.com/gptbot)"
20.171.207.73 - - [11/Sep/2025:05:34:00 +0700] "GET /?attachment_id=1691/embed/ HTTP/1.0" 301 417 "-" "Mozilla/5.0 AppleWebKit/537.36 (KHTML, like Gecko; compatible; GPTBot/1.2; +https://openai.com/gptbot)"
20.171.207.73 - - [11/Sep/2025:05:34:01 +0700] "GET /?attachment_id=1691 HTTP/1.0" 200 197910 "-" "Mozilla/5.0 AppleWebKit/537.36 (KHTML, like Gecko; compatible; GPTBot/1.2; +https://openai.com/gptbot)"
20.171.207.73 - - [11/Sep/2025:05:34:05 +0700] "GET /?attachment_id=1987/embed/ HTTP/1.0" 301 417 "-" "Mozilla/5.0 AppleWebKit/537.36 (KHTML, like Gecko; compatible; GPTBot/1.2; +https://openai.com/gptbot)"
20.171.207.73 - - [11/Sep/2025:05:34:07 +0700] "GET /?attachment_id=1987 HTTP/1.0" 200 198551 "-" "Mozilla/5.0 AppleWebKit/537.36 (KHTML, like Gecko; compatible; GPTBot/1.2; +https://openai.com/gptbot)"
217.113.194.217 - - [11/Sep/2025:05:34:09 +0700] "GET /misconceptions-and-realities-debunking-myths-about-omegle-and-ometv/ HTTP/1.0" 200 91535 "-" "Mozilla/5.0 (compatible; Barkrowler/0.9; +https://babbar.tech/crawler)"
20.171.207.73 - - [11/Sep/2025:05:34:10 +0700] "GET /?attachment_id=1544/embed/ HTTP/1.0" 301 417 "-" "Mozilla/5.0 AppleWebKit/537.36 (KHTML, like Gecko; compatible; GPTBot/1.2; +https://openai.com/gptbot)"
20.171.207.73 - - [11/Sep/2025:05:34:12 +0700] "GET /?attachment_id=1544 HTTP/1.0" 200 198052 "-" "Mozilla/5.0 AppleWebKit/537.36 (KHTML, like Gecko; compatible; GPTBot/1.2; +https://openai.com/gptbot)"
45.117.177.72 - - [11/Sep/2025:05:34:17 +0700] "POST /wp-cron.php?doing_wp_cron=1757543657.9301259517669677734375 HTTP/1.0" 200 416 "-" "WordPress/6.8.1; https://vattusacky.vn"
20.171.207.73 - - [11/Sep/2025:05:34:16 +0700] "GET /wp-json/oembed/1.0/embed?format=xml&url=https%3A%2F%2Fvattusacky.vn%2F%3Fattachment_id%3D1461 HTTP/1.0" 200 4158 "-" "Mozilla/5.0 AppleWebKit/537.36 (KHTML, like Gecko; compatible; GPTBot/1.2; +https://openai.com/gptbot)"
20.171.207.73 - - [11/Sep/2025:05:34:20 +0700] "GET /wp-json/oembed/1.0/embed?format=xml&url=https%3A%2F%2Fvattusacky.vn%2F%3Fattachment_id%3D1995 HTTP/1.0" 200 4148 "-" "Mozilla/5.0 AppleWebKit/537.36 (KHTML, like Gecko; compatible; GPTBot/1.2; +https://openai.com/gptbot)"
20.171.207.73 - - [11/Sep/2025:05:34:24 +0700] "GET /wp-json/oembed/1.0/embed?format=xml&url=https%3A%2F%2Fvattusacky.vn%2F%3Fattachment_id%3D1207 HTTP/1.0" 200 3418 "-" "Mozilla/5.0 AppleWebKit/537.36 (KHTML, like Gecko; compatible; GPTBot/1.2; +https://openai.com/gptbot)"
20.171.207.73 - - [11/Sep/2025:05:34:27 +0700] "GET /22bet-withdrawal-148/embed/ HTTP/1.0" 200 23044 "-" "Mozilla/5.0 AppleWebKit/537.36 (KHTML, like Gecko; compatible; GPTBot/1.2; +https://openai.com/gptbot)"
20.171.207.73 - - [11/Sep/2025:05:34:30 +0700] "GET /wp-json/oembed/1.0/embed?format=xml&url=https%3A%2F%2Fvattusacky.vn%2F%3Fattachment_id%3D1973 HTTP/1.0" 200 4233 "-" "Mozilla/5.0 AppleWebKit/537.36 (KHTML, like Gecko; compatible; GPTBot/1.2; +https://openai.com/gptbot)"
217.113.194.218 - - [11/Sep/2025:05:34:30 +0700] "GET /breaking-down-the-psychological-tactics-on-omegle-mind-games-demystified/ HTTP/1.0" 200 94642 "-" "Mozilla/5.0 (compatible; Barkrowler/0.9; +https://babbar.tech/crawler)"
20.171.207.73 - - [11/Sep/2025:05:34:33 +0700] "GET /wp-json/oembed/1.0/embed?format=xml&url=https%3A%2F%2Fvattusacky.vn%2F%3Fattachment_id%3D1951 HTTP/1.0" 200 4017 "-" "Mozilla/5.0 AppleWebKit/537.36 (KHTML, like Gecko; compatible; GPTBot/1.2; +https://openai.com/gptbot)"
20.171.207.73 - - [11/Sep/2025:05:34:35 +0700] "GET /wp-json/oembed/1.0/embed?format=xml&url=https%3A%2F%2Fvattusacky.vn%2F%3Fattachment_id%3D1770 HTTP/1.0" 200 4194 "-" "Mozilla/5.0 AppleWebKit/537.36 (KHTML, like Gecko; compatible; GPTBot/1.2; +https://openai.com/gptbot)"
20.171.207.73 - - [11/Sep/2025:05:34:38 +0700] "GET /?attachment_id=1995/embed/ HTTP/1.0" 301 417 "-" "Mozilla/5.0 AppleWebKit/537.36 (KHTML, like Gecko; compatible; GPTBot/1.2; +https://openai.com/gptbot)"
20.171.207.73 - - [11/Sep/2025:05:34:40 +0700] "GET /?attachment_id=1995 HTTP/1.0" 200 198184 "-" "Mozilla/5.0 AppleWebKit/537.36 (KHTML, like Gecko; compatible; GPTBot/1.2; +https://openai.com/gptbot)"
20.171.207.73 - - [11/Sep/2025:05:34:43 +0700] "GET /?attachment_id=1461/embed/ HTTP/1.0" 301 417 "-" "Mozilla/5.0 AppleWebKit/537.36 (KHTML, like Gecko; compatible; GPTBot/1.2; +https://openai.com/gptbot)"
20.171.207.73 - - [11/Sep/2025:05:34:44 +0700] "GET /?attachment_id=1461 HTTP/1.0" 200 198303 "-" "Mozilla/5.0 AppleWebKit/537.36 (KHTML, like Gecko; compatible; GPTBot/1.2; +https://openai.com/gptbot)"
20.171.207.73 - - [11/Sep/2025:05:34:49 +0700] "GET /monetary-management/embed/ HTTP/1.0" 200 23105 "-" "Mozilla/5.0 AppleWebKit/537.36 (KHTML, like Gecko; compatible; GPTBot/1.2; +https://openai.com/gptbot)"
217.113.194.217 - - [11/Sep/2025:05:34:49 +0700] "GET /the-role-of-user-interface-design-in-building-trust-on-omegle-and-ometv/ HTTP/1.0" 200 90544 "-" "Mozilla/5.0 (compatible; Barkrowler/0.9; +https://babbar.tech/crawler)"
20.171.207.73 - - [11/Sep/2025:05:34:51 +0700] "GET /?attachment_id=1207/embed/ HTTP/1.0" 301 417 "-" "Mozilla/5.0 AppleWebKit/537.36 (KHTML, like Gecko; compatible; GPTBot/1.2; +https://openai.com/gptbot)"
20.171.207.73 - - [11/Sep/2025:05:34:53 +0700] "GET /?attachment_id=1207 HTTP/1.0" 200 198172 "-" "Mozilla/5.0 AppleWebKit/537.36 (KHTML, like Gecko; compatible; GPTBot/1.2; +https://openai.com/gptbot)"
20.171.207.73 - - [11/Sep/2025:05:34:57 +0700] "GET /?attachment_id=1973/embed/ HTTP/1.0" 301 417 "-" "Mozilla/5.0 AppleWebKit/537.36 (KHTML, like Gecko; compatible; GPTBot/1.2; +https://openai.com/gptbot)"
20.171.207.73 - - [11/Sep/2025:05:34:58 +0700] "GET /?attachment_id=1973 HTTP/1.0" 200 198536 "-" "Mozilla/5.0 AppleWebKit/537.36 (KHTML, like Gecko; compatible; GPTBot/1.2; +https://openai.com/gptbot)"
20.171.207.73 - - [11/Sep/2025:05:35:01 +0700] "GET /?attachment_id=1770/embed/ HTTP/1.0" 301 417 "-" "Mozilla/5.0 AppleWebKit/537.36 (KHTML, like Gecko; compatible; GPTBot/1.2; +https://openai.com/gptbot)"
20.171.207.73 - - [11/Sep/2025:05:35:02 +0700] "GET /?attachment_id=1770 HTTP/1.0" 200 198058 "-" "Mozilla/5.0 AppleWebKit/537.36 (KHTML, like Gecko; compatible; GPTBot/1.2; +https://openai.com/gptbot)"
20.171.207.73 - - [11/Sep/2025:05:35:05 +0700] "GET /wp-json/oembed/1.0/embed?format=xml&url=https%3A%2F%2Fvattusacky.vn%2F%3Fattachment_id%3D1253 HTTP/1.0" 200 4161 "-" "Mozilla/5.0 AppleWebKit/537.36 (KHTML, like Gecko; compatible; GPTBot/1.2; +https://openai.com/gptbot)"
20.171.207.73 - - [11/Sep/2025:05:35:09 +0700] "GET /wp-json/oembed/1.0/embed?format=xml&url=https%3A%2F%2Fvattusacky.vn%2F%3Fattachment_id%3D1498 HTTP/1.0" 200 4017 "-" "Mozilla/5.0 AppleWebKit/537.36 (KHTML, like Gecko; compatible; GPTBot/1.2; +https://openai.com/gptbot)"
217.113.194.78 - - [11/Sep/2025:05:35:12 +0700] "GET /the-role-of-anonymity-in-serendipitous-moments-on-omegle-and-ometv/ HTTP/1.0" 200 93356 "-" "Mozilla/5.0 (compatible; Barkrowler/0.9; +https://babbar.tech/crawler)"
20.171.207.73 - - [11/Sep/2025:05:35:13 +0700] "GET /?attachment_id=1951/embed/ HTTP/1.0" 301 417 "-" "Mozilla/5.0 AppleWebKit/537.36 (KHTML, like Gecko; compatible; GPTBot/1.2; +https://openai.com/gptbot)"
20.171.207.73 - - [11/Sep/2025:05:35:14 +0700] "GET /?attachment_id=1951 HTTP/1.0" 200 195255 "-" "Mozilla/5.0 AppleWebKit/537.36 (KHTML, like Gecko; compatible; GPTBot/1.2; +https://openai.com/gptbot)"
20.171.207.73 - - [11/Sep/2025:05:35:16 +0700] "GET /wp-json/oembed/1.0/embed?format=xml&url=https%3A%2F%2Fvattusacky.vn%2F%3Fattachment_id%3D1400 HTTP/1.0" 200 4146 "-" "Mozilla/5.0 AppleWebKit/537.36 (KHTML, like Gecko; compatible; GPTBot/1.2; +https://openai.com/gptbot)"
20.171.207.73 - - [11/Sep/2025:05:35:25 +0700] "GET /wp-json/oembed/1.0/embed?format=xml&url=https%3A%2F%2Fvattusacky.vn%2F%3Fattachment_id%3D1918 HTTP/1.0" 200 3396 "-" "Mozilla/5.0 AppleWebKit/537.36 (KHTML, like Gecko; compatible; GPTBot/1.2; +https://openai.com/gptbot)"
20.171.207.73 - - [11/Sep/2025:05:35:28 +0700] "GET /wp-json/oembed/1.0/embed?format=xml&url=https%3A%2F%2Fvattusacky.vn%2F%3Fattachment_id%3D1674 HTTP/1.0" 200 4134 "-" "Mozilla/5.0 AppleWebKit/537.36 (KHTML, like Gecko; compatible; GPTBot/1.2; +https://openai.com/gptbot)"
217.113.194.76 - - [11/Sep/2025:05:35:32 +0700] "GET /the-role-of-trust-in-embracing-serendipity-on-omegle-and-ometv/ HTTP/1.0" 200 79390 "-" "Mozilla/5.0 (compatible; Barkrowler/0.9; +https://babbar.tech/crawler)"
20.171.207.73 - - [11/Sep/2025:05:35:33 +0700] "GET /?attachment_id=1253/embed/ HTTP/1.0" 301 417 "-" "Mozilla/5.0 AppleWebKit/537.36 (KHTML, like Gecko; compatible; GPTBot/1.2; +https://openai.com/gptbot)"
20.171.207.73 - - [11/Sep/2025:05:35:34 +0700] "GET /?attachment_id=1253 HTTP/1.0" 200 198040 "-" "Mozilla/5.0 AppleWebKit/537.36 (KHTML, like Gecko; compatible; GPTBot/1.2; +https://openai.com/gptbot)"
20.171.207.73 - - [11/Sep/2025:05:35:40 +0700] "GET /?attachment_id=1498/embed/ HTTP/1.0" 301 417 "-" "Mozilla/5.0 AppleWebKit/537.36 (KHTML, like Gecko; compatible; GPTBot/1.2; +https://openai.com/gptbot)"
20.171.207.73 - - [11/Sep/2025:05:35:41 +0700] "GET /?attachment_id=1498 HTTP/1.0" 200 195015 "-" "Mozilla/5.0 AppleWebKit/537.36 (KHTML, like Gecko; compatible; GPTBot/1.2; +https://openai.com/gptbot)"
20.171.207.73 - - [11/Sep/2025:05:35:46 +0700] "GET /wp-json/oembed/1.0/embed?format=xml&url=https%3A%2F%2Fvattusacky.vn%2F%3Fattachment_id%3D1965 HTTP/1.0" 200 4015 "-" "Mozilla/5.0 AppleWebKit/537.36 (KHTML, like Gecko; compatible; GPTBot/1.2; +https://openai.com/gptbot)"
20.171.207.73 - - [11/Sep/2025:05:35:48 +0700] "GET /wp-json/oembed/1.0/embed?format=xml&url=https%3A%2F%2Fvattusacky.vn%2F%3Fattachment_id%3D1211 HTTP/1.0" 200 3401 "-" "Mozilla/5.0 AppleWebKit/537.36 (KHTML, like Gecko; compatible; GPTBot/1.2; +https://openai.com/gptbot)"
217.113.194.75 - - [11/Sep/2025:05:35:51 +0700] "GET /omegle-vs-ometv-which-random-chatting-platform-is-right-for-you/ HTTP/1.0" 200 90013 "-" "Mozilla/5.0 (compatible; Barkrowler/0.9; +https://babbar.tech/crawler)"
20.171.207.73 - - [11/Sep/2025:05:35:52 +0700] "GET /?attachment_id=1918/embed/ HTTP/1.0" 301 417 "-" "Mozilla/5.0 AppleWebKit/537.36 (KHTML, like Gecko; compatible; GPTBot/1.2; +https://openai.com/gptbot)"
20.171.207.73 - - [11/Sep/2025:05:35:53 +0700] "GET /?attachment_id=1918 HTTP/1.0" 200 198068 "-" "Mozilla/5.0 AppleWebKit/537.36 (KHTML, like Gecko; compatible; GPTBot/1.2; +https://openai.com/gptbot)"
20.171.207.73 - - [11/Sep/2025:05:35:57 +0700] "GET /?attachment_id=1400/embed/ HTTP/1.0" 301 417 "-" "Mozilla/5.0 AppleWebKit/537.36 (KHTML, like Gecko; compatible; GPTBot/1.2; +https://openai.com/gptbot)"
20.171.207.73 - - [11/Sep/2025:05:35:58 +0700] "GET /?attachment_id=1400 HTTP/1.0" 200 197949 "-" "Mozilla/5.0 AppleWebKit/537.36 (KHTML, like Gecko; compatible; GPTBot/1.2; +https://openai.com/gptbot)"
20.171.207.73 - - [11/Sep/2025:05:36:02 +0700] "GET /?attachment_id=1674/embed/ HTTP/1.0" 301 417 "-" "Mozilla/5.0 AppleWebKit/537.36 (KHTML, like Gecko; compatible; GPTBot/1.2; +https://openai.com/gptbot)"
20.171.207.73 - - [11/Sep/2025:05:36:04 +0700] "GET /?attachment_id=1674 HTTP/1.0" 200 198004 "-" "Mozilla/5.0 AppleWebKit/537.36 (KHTML, like Gecko; compatible; GPTBot/1.2; +https://openai.com/gptbot)"
20.171.207.73 - - [11/Sep/2025:05:36:11 +0700] "GET /wp-json/oembed/1.0/embed?format=xml&url=https%3A%2F%2Fvattusacky.vn%2F%3Fattachment_id%3D1497 HTTP/1.0" 200 4002 "-" "Mozilla/5.0 AppleWebKit/537.36 (KHTML, like Gecko; compatible; GPTBot/1.2; +https://openai.com/gptbot)"
217.113.194.78 - - [11/Sep/2025:05:36:16 +0700] "GET /omegle-and-self-expression-embracing-individuality-in-a-digital-space/feed/ HTTP/1.0" 200 1804 "-" "Mozilla/5.0 (compatible; Barkrowler/0.9; +https://babbar.tech/crawler)"
45.117.177.72 - - [11/Sep/2025:05:36:25 +0700] "POST /wp-cron.php?doing_wp_cron=1757543785.1071879863739013671875 HTTP/1.0" 200 416 "-" "WordPress/6.8.1; https://vattusacky.vn"
20.171.207.73 - - [11/Sep/2025:05:36:24 +0700] "GET /?attachment_id=1965/embed/ HTTP/1.0" 301 417 "-" "Mozilla/5.0 AppleWebKit/537.36 (KHTML, like Gecko; compatible; GPTBot/1.2; +https://openai.com/gptbot)"
20.171.207.73 - - [11/Sep/2025:05:36:25 +0700] "GET /?attachment_id=1965 HTTP/1.0" 200 195262 "-" "Mozilla/5.0 AppleWebKit/537.36 (KHTML, like Gecko; compatible; GPTBot/1.2; +https://openai.com/gptbot)"
20.171.207.73 - - [11/Sep/2025:05:36:33 +0700] "GET /?attachment_id=1211/embed/ HTTP/1.0" 301 417 "-" "Mozilla/5.0 AppleWebKit/537.36 (KHTML, like Gecko; compatible; GPTBot/1.2; +https://openai.com/gptbot)"
217.113.194.73 - - [11/Sep/2025:05:36:34 +0700] "GET /omegle-and-long-distance-relationships-how-it-helps-to-bridge-the-distance/ HTTP/1.0" 200 92423 "-" "Mozilla/5.0 (compatible; Barkrowler/0.9; +https://babbar.tech/crawler)"
20.171.207.73 - - [11/Sep/2025:05:36:34 +0700] "GET /?attachment_id=1211 HTTP/1.0" 200 197987 "-" "Mozilla/5.0 AppleWebKit/537.36 (KHTML, like Gecko; compatible; GPTBot/1.2; +https://openai.com/gptbot)"
20.171.207.73 - - [11/Sep/2025:05:36:41 +0700] "GET /wp-json/oembed/1.0/embed?format=xml&url=https%3A%2F%2Fvattusacky.vn%2F9299-2%2F HTTP/1.0" 200 3339 "-" "Mozilla/5.0 AppleWebKit/537.36 (KHTML, like Gecko; compatible; GPTBot/1.2; +https://openai.com/gptbot)"
20.171.207.73 - - [11/Sep/2025:05:36:47 +0700] "GET /?attachment_id=1497/embed/ HTTP/1.0" 301 417 "-" "Mozilla/5.0 AppleWebKit/537.36 (KHTML, like Gecko; compatible; GPTBot/1.2; +https://openai.com/gptbot)"
20.171.207.73 - - [11/Sep/2025:05:36:48 +0700] "GET /?attachment_id=1497 HTTP/1.0" 200 195226 "-" "Mozilla/5.0 AppleWebKit/537.36 (KHTML, like Gecko; compatible; GPTBot/1.2; +https://openai.com/gptbot)"
20.171.207.73 - - [11/Sep/2025:05:36:54 +0700] "GET /wp-json/oembed/1.0/embed?format=xml&url=https%3A%2F%2Fvattusacky.vn%2F%3Fattachment_id%3D1934 HTTP/1.0" 200 4230 "-" "Mozilla/5.0 AppleWebKit/537.36 (KHTML, like Gecko; compatible; GPTBot/1.2; +https://openai.com/gptbot)"
217.113.194.79 - - [11/Sep/2025:05:36:55 +0700] "GET /omegle-and-ometv-the-role-of-artificial-intelligence-in-chat-filtering/ HTTP/1.0" 200 93704 "-" "Mozilla/5.0 (compatible; Barkrowler/0.9; +https://babbar.tech/crawler)"
20.171.207.73 - - [11/Sep/2025:05:36:59 +0700] "GET /wp-json/oembed/1.0/embed?format=xml&url=https%3A%2F%2Fvattusacky.vn%2F%3Fattachment_id%3D1352 HTTP/1.0" 200 4240 "-" "Mozilla/5.0 AppleWebKit/537.36 (KHTML, like Gecko; compatible; GPTBot/1.2; +https://openai.com/gptbot)"
20.171.207.73 - - [11/Sep/2025:05:37:03 +0700] "GET /wp-json/oembed/1.0/embed?format=xml&url=https%3A%2F%2Fvattusacky.vn%2F%3Fattachment_id%3D1263 HTTP/1.0" 200 4011 "-" "Mozilla/5.0 AppleWebKit/537.36 (KHTML, like Gecko; compatible; GPTBot/1.2; +https://openai.com/gptbot)"
20.171.207.73 - - [11/Sep/2025:05:37:07 +0700] "GET /wp-json/oembed/1.0/embed?format=xml&url=https%3A%2F%2Fvattusacky.vn%2Fquantracmautramtich%2F HTTP/1.0" 200 4005 "-" "Mozilla/5.0 AppleWebKit/537.36 (KHTML, like Gecko; compatible; GPTBot/1.2; +https://openai.com/gptbot)"
