20.171.207.135 - - [11/Sep/2025:04:07:17 +0700] "GET /wp-json/oembed/1.0/embed?format=xml&url=https%3A%2F%2Fvattusacky.vn%2Fresult376%2F HTTP/1.0" 200 3873 "-" "Mozilla/5.0 AppleWebKit/537.36 (KHTML, like Gecko; compatible; GPTBot/1.2; +https://openai.com/gptbot)"
20.171.207.135 - - [11/Sep/2025:04:07:21 +0700] "GET /wp-json/oembed/1.0/embed?format=xml&url=https%3A%2F%2Fvattusacky.vn%2Fbetwinner-1614%2F HTTP/1.0" 200 3468 "-" "Mozilla/5.0 AppleWebKit/537.36 (KHTML, like Gecko; compatible; GPTBot/1.2; +https://openai.com/gptbot)"
20.171.207.135 - - [11/Sep/2025:04:07:25 +0700] "GET /omegle-video-chat-on-mobile-devices/embed/ HTTP/1.0" 200 23218 "-" "Mozilla/5.0 AppleWebKit/537.36 (KHTML, like Gecko; compatible; GPTBot/1.2; +https://openai.com/gptbot)"
217.113.194.79 - - [11/Sep/2025:04:07:25 +0700] "GET /the-power-of-connection-on-omegle-how-users-form-meaningful-bonds/ HTTP/1.0" 200 92449 "-" "Mozilla/5.0 (compatible; Barkrowler/0.9; +https://babbar.tech/crawler)"
20.171.207.135 - - [11/Sep/2025:04:07:27 +0700] "GET /wp-json/oembed/1.0/embed?format=xml&url=https%3A%2F%2Fvattusacky.vn%2Fbenefit-gives-par-les-gambling-establishment-en-28%2F HTTP/1.0" 200 3732 "-" "Mozilla/5.0 AppleWebKit/537.36 (KHTML, like Gecko; compatible; GPTBot/1.2; +https://openai.com/gptbot)"
20.171.207.135 - - [11/Sep/2025:04:07:31 +0700] "GET /1xbet-mobile-vebsayt-v%c9%99-1x-bet-mobil-uygulama-indir-2023-29/embed/ HTTP/1.0" 200 23725 "-" "Mozilla/5.0 AppleWebKit/537.36 (KHTML, like Gecko; compatible; GPTBot/1.2; +https://openai.com/gptbot)"
20.171.207.135 - - [11/Sep/2025:04:07:34 +0700] "GET /privacy-settings-on-omegle-video-chat/embed/ HTTP/1.0" 200 23243 "-" "Mozilla/5.0 AppleWebKit/537.36 (KHTML, like Gecko; compatible; GPTBot/1.2; +https://openai.com/gptbot)"
20.171.207.135 - - [11/Sep/2025:04:07:37 +0700] "GET /wp-json/oembed/1.0/embed?url=https%3A%2F%2Fvattusacky.vn%2F1xbet-app-download-xbet-login-and-promocode-2023-37-2%2F HTTP/1.0" 200 3476 "-" "Mozilla/5.0 AppleWebKit/537.36 (KHTML, like Gecko; compatible; GPTBot/1.2; +https://openai.com/gptbot)"
213.180.203.223 - - [11/Sep/2025:04:07:40 +0700] "GET /discover-your-perfect-omegle-alternative/ HTTP/1.0" 200 89564 "-" "Mozilla/5.0 (compatible; YandexBot/3.0; +http://yandex.com/bots)"
20.171.207.135 - - [11/Sep/2025:04:07:41 +0700] "GET /wp-json/oembed/1.0/embed?format=xml&url=https%3A%2F%2Fvattusacky.vn%2F20-mg-prednisone-du-vrai-sans-ordonnance-en-europe%2F HTTP/1.0" 200 3719 "-" "Mozilla/5.0 AppleWebKit/537.36 (KHTML, like Gecko; compatible; GPTBot/1.2; +https://openai.com/gptbot)"
20.171.207.135 - - [11/Sep/2025:04:07:45 +0700] "GET /betwinner-1614/embed/ HTTP/1.0" 200 22987 "-" "Mozilla/5.0 AppleWebKit/537.36 (KHTML, like Gecko; compatible; GPTBot/1.2; +https://openai.com/gptbot)"
217.113.194.76 - - [11/Sep/2025:04:07:45 +0700] "GET /the-power-of-vulnerability-in-forging-connections-on-omegles-social-experiment/ HTTP/1.0" 200 92316 "-" "Mozilla/5.0 (compatible; Barkrowler/0.9; +https://babbar.tech/crawler)"
20.171.207.135 - - [11/Sep/2025:04:07:48 +0700] "GET /wp-json/oembed/1.0/embed?format=xml&url=https%3A%2F%2Fvattusacky.vn%2Fsan-pham%2Fbom-lay-mau-bui-pm10pm2-5-pm1-0-1-%25c3%25b7-3-5-m3h%2F HTTP/1.0" 200 4152 "-" "Mozilla/5.0 AppleWebKit/537.36 (KHTML, like Gecko; compatible; GPTBot/1.2; +https://openai.com/gptbot)"
20.171.207.135 - - [11/Sep/2025:04:07:52 +0700] "GET /result376/embed/ HTTP/1.0" 200 23193 "-" "Mozilla/5.0 AppleWebKit/537.36 (KHTML, like Gecko; compatible; GPTBot/1.2; +https://openai.com/gptbot)"
20.171.207.135 - - [11/Sep/2025:04:07:55 +0700] "GET /wp-content/plugins/woocommerce/assets/js/frontend/address-i18n.min.js?ver=9.8.3 HTTP/1.0" 200 458 "-" "Mozilla/5.0 AppleWebKit/537.36 (KHTML, like Gecko; compatible; GPTBot/1.2; +https://openai.com/gptbot)"
20.171.207.135 - - [11/Sep/2025:04:07:57 +0700] "GET /wp-json/oembed/1.0/embed?format=xml&url=https%3A%2F%2Fvattusacky.vn%2Fanalatica%2Funtitled-1-13%2F HTTP/1.0" 200 4143 "-" "Mozilla/5.0 AppleWebKit/537.36 (KHTML, like Gecko; compatible; GPTBot/1.2; +https://openai.com/gptbot)"
20.171.207.135 - - [11/Sep/2025:04:08:00 +0700] "GET /benefit-gives-par-les-gambling-establishment-en-28/embed/ HTTP/1.0" 200 23556 "-" "Mozilla/5.0 AppleWebKit/537.36 (KHTML, like Gecko; compatible; GPTBot/1.2; +https://openai.com/gptbot)"
20.171.207.135 - - [11/Sep/2025:04:08:03 +0700] "GET /wp-content/plugins/woocommerce/assets/js/frontend/account-i18n.min.js?ver=9.8.3 HTTP/1.0" 200 641 "-" "Mozilla/5.0 AppleWebKit/537.36 (KHTML, like Gecko; compatible; GPTBot/1.2; +https://openai.com/gptbot)"
20.171.207.135 - - [11/Sep/2025:04:08:05 +0700] "GET /20-mg-prednisone-du-vrai-sans-ordonnance-en-europe/embed/ HTTP/1.0" 200 23142 "-" "Mozilla/5.0 AppleWebKit/537.36 (KHTML, like Gecko; compatible; GPTBot/1.2; +https://openai.com/gptbot)"
217.113.194.76 - - [11/Sep/2025:04:08:07 +0700] "GET /revealing-the-dangers-of-omegle-strategies-for-a-secure-online-journey/ HTTP/1.0" 200 90838 "-" "Mozilla/5.0 (compatible; Barkrowler/0.9; +https://babbar.tech/crawler)"
20.171.207.135 - - [11/Sep/2025:04:08:09 +0700] "GET /san-pham/bom-lay-mau-bui-pm10pm2-5-pm1-0-1-%c3%b7-3-5-m3h/embed/ HTTP/1.0" 200 24859 "-" "Mozilla/5.0 AppleWebKit/537.36 (KHTML, like Gecko; compatible; GPTBot/1.2; +https://openai.com/gptbot)"
20.171.207.135 - - [11/Sep/2025:04:08:12 +0700] "GET /wp-json/oembed/1.0/embed?format=xml&url=https%3A%2F%2Fvattusacky.vn%2Fa-users-guide-to-omegle-vs-ometv%2F HTTP/1.0" 200 3548 "-" "Mozilla/5.0 AppleWebKit/537.36 (KHTML, like Gecko; compatible; GPTBot/1.2; +https://openai.com/gptbot)"
45.117.177.72 - - [11/Sep/2025:04:08:17 +0700] "POST /wp-cron.php?doing_wp_cron=1757538497.4187400341033935546875 HTTP/1.0" 200 416 "-" "WordPress/6.8.1; https://vattusacky.vn"
20.171.207.135 - - [11/Sep/2025:04:08:16 +0700] "GET /wp-json/oembed/1.0/embed?format=xml&url=https%3A%2F%2Fvattusacky.vn%2Ftienda-de-deportes-en-linea-welivesports%2F HTTP/1.0" 200 3654 "-" "Mozilla/5.0 AppleWebKit/537.36 (KHTML, like Gecko; compatible; GPTBot/1.2; +https://openai.com/gptbot)"
20.171.207.135 - - [11/Sep/2025:04:08:19 +0700] "GET /wp-json/oembed/1.0/embed?format=xml&url=https%3A%2F%2Fvattusacky.vn%2Fpostal-mail-order-brides-russian-brides%2F HTTP/1.0" 200 3580 "-" "Mozilla/5.0 AppleWebKit/537.36 (KHTML, like Gecko; compatible; GPTBot/1.2; +https://openai.com/gptbot)"
20.171.207.135 - - [11/Sep/2025:04:08:22 +0700] "GET /analatica/untitled-1-13/embed/ HTTP/1.0" 200 23568 "-" "Mozilla/5.0 AppleWebKit/537.36 (KHTML, like Gecko; compatible; GPTBot/1.2; +https://openai.com/gptbot)"
20.171.207.135 - - [11/Sep/2025:04:08:26 +0700] "GET /wp-json/oembed/1.0/embed?format=xml&url=https%3A%2F%2Fvattusacky.vn%2Fmostbet-turkey-resmi-sitesi-410%2F HTTP/1.0" 200 3780 "-" "Mozilla/5.0 AppleWebKit/537.36 (KHTML, like Gecko; compatible; GPTBot/1.2; +https://openai.com/gptbot)"
217.113.194.80 - - [11/Sep/2025:04:08:29 +0700] "GET /the/may-quang-pho-tu-ngoai-kha-kien-uvvis/ HTTP/1.0" 200 84502 "-" "Mozilla/5.0 (compatible; Barkrowler/0.9; +https://babbar.tech/crawler)"
20.171.207.135 - - [11/Sep/2025:04:08:29 +0700] "GET /wp-json/oembed/1.0/embed?format=xml&url=https%3A%2F%2Fvattusacky.vn%2Fmostbet-turkey-resmi-sitesi-100%2F HTTP/1.0" 200 3690 "-" "Mozilla/5.0 AppleWebKit/537.36 (KHTML, like Gecko; compatible; GPTBot/1.2; +https://openai.com/gptbot)"
20.171.207.135 - - [11/Sep/2025:04:08:33 +0700] "GET /wp-json/oembed/1.0/embed?format=xml&url=https%3A%2F%2Fvattusacky.vn%2F1xbet-mobile-vebsayt-v%25c9%2599-1x-bet-mobil-uygulama-indir-2023-500%2F HTTP/1.0" 200 3938 "-" "Mozilla/5.0 AppleWebKit/537.36 (KHTML, like Gecko; compatible; GPTBot/1.2; +https://openai.com/gptbot)"
20.171.207.135 - - [11/Sep/2025:04:08:37 +0700] "GET /wp-json/oembed/1.0/embed?format=xml&url=https%3A%2F%2Fvattusacky.vn%2Fanalyzing-the-impact-of-video-chat-on-omegles-user-experience%2F HTTP/1.0" 200 3667 "-" "Mozilla/5.0 AppleWebKit/537.36 (KHTML, like Gecko; compatible; GPTBot/1.2; +https://openai.com/gptbot)"
20.171.207.135 - - [11/Sep/2025:04:08:40 +0700] "GET /tienda-de-deportes-en-linea-welivesports/embed/ HTTP/1.0" 200 23066 "-" "Mozilla/5.0 AppleWebKit/537.36 (KHTML, like Gecko; compatible; GPTBot/1.2; +https://openai.com/gptbot)"
45.117.177.72 - - [11/Sep/2025:04:08:45 +0700] "POST /wp-cron.php?doing_wp_cron=1757538525.3370521068572998046875 HTTP/1.0" 200 416 "-" "WordPress/6.8.1; https://vattusacky.vn"
20.171.207.135 - - [11/Sep/2025:04:08:44 +0700] "GET /a-users-guide-to-omegle-vs-ometv/embed/ HTTP/1.0" 200 23215 "-" "Mozilla/5.0 AppleWebKit/537.36 (KHTML, like Gecko; compatible; GPTBot/1.2; +https://openai.com/gptbot)"
20.171.207.135 - - [11/Sep/2025:04:08:48 +0700] "GET /postal-mail-order-brides-russian-brides/embed/ HTTP/1.0" 200 23287 "-" "Mozilla/5.0 AppleWebKit/537.36 (KHTML, like Gecko; compatible; GPTBot/1.2; +https://openai.com/gptbot)"
217.113.194.72 - - [11/Sep/2025:04:08:50 +0700] "GET /stepping-out-of-the-comfort-zone-embracing-growth-on-omegle/ HTTP/1.0" 200 91655 "-" "Mozilla/5.0 (compatible; Barkrowler/0.9; +https://babbar.tech/crawler)"
45.117.177.72 - - [11/Sep/2025:04:08:54 +0700] "POST /wp-cron.php?doing_wp_cron=1757538534.8178219795227050781250 HTTP/1.0" 200 416 "-" "WordPress/6.8.1; https://vattusacky.vn"
20.171.207.135 - - [11/Sep/2025:04:08:53 +0700] "GET /mostbet-turkey-resmi-sitesi-410/embed/ HTTP/1.0" 200 23316 "-" "Mozilla/5.0 AppleWebKit/537.36 (KHTML, like Gecko; compatible; GPTBot/1.2; +https://openai.com/gptbot)"
20.171.207.135 - - [11/Sep/2025:04:08:59 +0700] "GET /mostbet-turkey-resmi-sitesi-100/embed/ HTTP/1.0" 200 23287 "-" "Mozilla/5.0 AppleWebKit/537.36 (KHTML, like Gecko; compatible; GPTBot/1.2; +https://openai.com/gptbot)"
20.171.207.135 - - [11/Sep/2025:04:09:06 +0700] "GET /1xbet-mobile-vebsayt-v%c9%99-1x-bet-mobil-uygulama-indir-2023-500/embed/ HTTP/1.0" 200 23669 "-" "Mozilla/5.0 AppleWebKit/537.36 (KHTML, like Gecko; compatible; GPTBot/1.2; +https://openai.com/gptbot)"
20.171.207.135 - - [11/Sep/2025:04:09:14 +0700] "GET /analyzing-the-impact-of-video-chat-on-omegles-user-experience/embed/ HTTP/1.0" 200 23538 "-" "Mozilla/5.0 AppleWebKit/537.36 (KHTML, like Gecko; compatible; GPTBot/1.2; +https://openai.com/gptbot)"
154.54.249.200 - - [11/Sep/2025:04:09:14 +0700] "GET /igra-aviator-2023-kak-igrat-na-dengi-i-pobezhdat/ HTTP/1.0" 200 91295 "-" "Mozilla/5.0 (compatible; Barkrowler/0.9; +https://babbar.tech/crawler)"
45.117.177.72 - - [11/Sep/2025:04:09:36 +0700] "POST /wp-cron.php?doing_wp_cron=1757538576.7559139728546142578125 HTTP/1.0" 200 416 "-" "WordPress/6.8.1; https://vattusacky.vn"
20.171.207.135 - - [11/Sep/2025:04:09:35 +0700] "GET /wp-json/oembed/1.0/embed?format=xml&url=https%3A%2F%2Fvattusacky.vn%2Fsan-pham%2Fhi-q-_-bo-giu-loc-filter-holder%2F HTTP/1.0" 200 3911 "-" "Mozilla/5.0 AppleWebKit/537.36 (KHTML, like Gecko; compatible; GPTBot/1.2; +https://openai.com/gptbot)"
154.54.249.200 - - [11/Sep/2025:04:10:00 +0700] "GET /tips-on-how-to-use-1xbets-app-to-guess-on-esports-14/feed/ HTTP/1.0" 200 1751 "-" "Mozilla/5.0 (compatible; Barkrowler/0.9; +https://babbar.tech/crawler)"
45.117.177.72 - - [11/Sep/2025:04:10:20 +0700] "POST /wp-cron.php?doing_wp_cron=1757538620.0578699111938476562500 HTTP/1.0" 200 416 "-" "WordPress/6.8.1; https://vattusacky.vn"
217.113.194.73 - - [11/Sep/2025:04:10:18 +0700] "GET /the-challenges-of-maintaining-authenticity-in-anonymous-omegle-chats/ HTTP/1.0" 200 92286 "-" "Mozilla/5.0 (compatible; Barkrowler/0.9; +https://babbar.tech/crawler)"
154.54.249.200 - - [11/Sep/2025:04:10:41 +0700] "GET /the-changing-landscape-of-social-interaction-how-omegle-continues-to-evolve/ HTTP/1.0" 200 93047 "-" "Mozilla/5.0 (compatible; Barkrowler/0.9; +https://babbar.tech/crawler)"
85.208.96.199 - - [11/Sep/2025:04:10:52 +0700] "GET /1xbet-app-download-for-android-apk-and-ios-for-31/ HTTP/1.0" 200 91247 "-" "Mozilla/5.0 (compatible; SemrushBot/7~bl; +http://www.semrush.com/bot.html)"
154.54.249.200 - - [11/Sep/2025:04:11:02 +0700] "GET /22bet-on-line-casino-review-india-%EF%B8%8F-declare-25-000-7/ HTTP/1.0" 200 113921 "-" "Mozilla/5.0 (compatible; Barkrowler/0.9; +https://babbar.tech/crawler)"
85.208.96.197 - - [11/Sep/2025:04:11:08 +0700] "GET /author/yanz/page/123/ HTTP/1.0" 200 77103 "-" "Mozilla/5.0 (compatible; SemrushBot/7~bl; +http://www.semrush.com/bot.html)"
45.117.177.72 - - [11/Sep/2025:04:11:23 +0700] "POST /wp-cron.php?doing_wp_cron=1757538683.7303071022033691406250 HTTP/1.0" 200 416 "-" "WordPress/6.8.1; https://vattusacky.vn"
217.113.194.79 - - [11/Sep/2025:04:11:22 +0700] "GET /maintaining-privacy-video-vs-text-communication-on-omegle-and-ometv/ HTTP/1.0" 200 92574 "-" "Mozilla/5.0 (compatible; Barkrowler/0.9; +https://babbar.tech/crawler)"
217.113.194.76 - - [11/Sep/2025:04:11:44 +0700] "GET /fedor-smolov-vstrechaetsja-s-karinoj-istominoj-16/ HTTP/1.0" 200 247572 "-" "Mozilla/5.0 (compatible; Barkrowler/0.9; +https://babbar.tech/crawler)"
45.117.177.72 - - [11/Sep/2025:04:12:21 +0700] "POST /wp-cron.php?doing_wp_cron=1757538741.7378439903259277343750 HTTP/1.0" 200 416 "-" "WordPress/6.8.1; https://vattusacky.vn"
217.113.194.78 - - [11/Sep/2025:04:12:20 +0700] "GET /leveraging-technology-for-effective-networking-on-omegle-and-ometv/feed/ HTTP/1.0" 200 1795 "-" "Mozilla/5.0 (compatible; Barkrowler/0.9; +https://babbar.tech/crawler)"
217.113.194.73 - - [11/Sep/2025:04:12:40 +0700] "GET /the-hidden-wonders-of-omegle-unlocking-the-treasure-trove-of-conversations/ HTTP/1.0" 200 91236 "-" "Mozilla/5.0 (compatible; Barkrowler/0.9; +https://babbar.tech/crawler)"
217.113.194.77 - - [11/Sep/2025:04:13:04 +0700] "GET /graj-w-kasyno-za-darmo-lub-na-pieniadze-83/feed/ HTTP/1.0" 200 1721 "-" "Mozilla/5.0 (compatible; Barkrowler/0.9; +https://babbar.tech/crawler)"
45.117.177.72 - - [11/Sep/2025:04:13:23 +0700] "POST /wp-cron.php?doing_wp_cron=1757538803.6270039081573486328125 HTTP/1.0" 200 416 "-" "WordPress/6.8.1; https://vattusacky.vn"
217.113.194.75 - - [11/Sep/2025:04:13:22 +0700] "GET /finding-commonality-in-serendipitous-moments-on-omegle-and-ometv/ HTTP/1.0" 200 88939 "-" "Mozilla/5.0 (compatible; Barkrowler/0.9; +https://babbar.tech/crawler)"
217.113.194.79 - - [11/Sep/2025:04:13:45 +0700] "GET /up-x-top-kazino-rabochee-zerkalo-sajta-kazino-2/ HTTP/1.0" 200 225873 "-" "Mozilla/5.0 (compatible; Barkrowler/0.9; +https://babbar.tech/crawler)"
45.117.177.72 - - [11/Sep/2025:04:14:21 +0700] "POST /wp-cron.php?doing_wp_cron=1757538860.8252561092376708984375 HTTP/1.0" 200 416 "-" "WordPress/6.8.1; https://vattusacky.vn"
217.113.194.217 - - [11/Sep/2025:04:14:19 +0700] "GET /pin-ap-kazino-oficialnyj-sajt-pin-up-casino-vhod-v/ HTTP/1.0" 200 283563 "-" "Mozilla/5.0 (compatible; Barkrowler/0.9; +https://babbar.tech/crawler)"
217.113.194.81 - - [11/Sep/2025:04:14:50 +0700] "GET /pin-ap-kazino-oficialnyj-sajt-igrat-v-onlajn-10/ HTTP/1.0" 200 146005 "-" "Mozilla/5.0 (compatible; Barkrowler/0.9; +https://babbar.tech/crawler)"
17.241.219.200 - - [11/Sep/2025:04:14:51 +0700] "GET /tips-for-a-successful-omegle-video-chat/ HTTP/1.0" 200 90623 "-" "Mozilla/5.0 (Macintosh; Intel Mac OS X 10_15_7) AppleWebKit/605.1.15 (KHTML, like Gecko) Version/17.4 Safari/605.1.15 (Applebot/0.1; +http://www.apple.com/go/applebot)"
45.117.177.72 - - [11/Sep/2025:04:15:17 +0700] "POST /wp-cron.php?doing_wp_cron=1757538917.3414449691772460937500 HTTP/1.0" 200 416 "-" "WordPress/6.8.1; https://vattusacky.vn"
217.113.194.77 - - [11/Sep/2025:04:15:16 +0700] "GET /pin-up-top-kazino-rabochee-zerkalo-vhod-kazino-2/ HTTP/1.0" 200 221228 "-" "Mozilla/5.0 (compatible; Barkrowler/0.9; +https://babbar.tech/crawler)"
51.68.111.238 - - [11/Sep/2025:04:15:28 +0700] "GET /robots.txt HTTP/1.0" 200 984 "-" "Mozilla/5.0 (compatible; MJ12bot/v2.0.4; http://mj12bot.com/)"
51.68.111.238 - - [11/Sep/2025:04:15:30 +0700] "GET / HTTP/1.0" 200 60070 "-" "Mozilla/5.0 (compatible; MJ12bot/v2.0.4; http://mj12bot.com/)"
217.113.194.74 - - [11/Sep/2025:04:15:50 +0700] "GET /personalization-and-human-connection-video-vs-text-on-omegle-and-ometv/ HTTP/1.0" 200 91897 "-" "Mozilla/5.0 (compatible; Barkrowler/0.9; +https://babbar.tech/crawler)"
217.113.194.76 - - [11/Sep/2025:04:16:10 +0700] "GET /leading-13-meilleur-hookup-sites-internet-en-2020-en-detail-evaluations/ HTTP/1.0" 200 229941 "-" "Mozilla/5.0 (compatible; Barkrowler/0.9; +https://babbar.tech/crawler)"
104.45.41.45 - - [11/Sep/2025:04:16:12 +0700] "GET /wp-login.php HTTP/1.0" 200 11388 "-" "Mozilla/5.0 (X11; Ubuntu; Linux x86_64; rv:85.0) Gecko/20100101 Firefox/91.0"
45.117.177.72 - - [11/Sep/2025:04:16:17 +0700] "POST /wp-cron.php?doing_wp_cron=1757538977.4469900131225585937500 HTTP/1.0" 200 416 "-" "WordPress/6.8.1; https://vattusacky.vn"
104.45.41.45 - - [11/Sep/2025:04:16:16 +0700] "POST /wp-login.php HTTP/1.0" 200 11592 "-" "Mozilla/5.0 (X11; Ubuntu; Linux x86_64; rv:85.0) Gecko/20100101 Firefox/91.0"
217.113.194.81 - - [11/Sep/2025:04:16:48 +0700] "GET /from-serendipity-to-friendship-the-magic-of-omegle-and-ometv/feed/ HTTP/1.0" 200 1777 "-" "Mozilla/5.0 (compatible; Barkrowler/0.9; +https://babbar.tech/crawler)"
217.113.194.81 - - [11/Sep/2025:04:17:06 +0700] "GET /from-local-to-global-the-international-reach-of-omegle-and-ometv/ HTTP/1.0" 200 93355 "-" "Mozilla/5.0 (compatible; Barkrowler/0.9; +https://babbar.tech/crawler)"
45.117.177.72 - - [11/Sep/2025:04:17:30 +0700] "POST /wp-cron.php?doing_wp_cron=1757539050.0505380630493164062500 HTTP/1.0" 200 416 "-" "WordPress/6.8.1; https://vattusacky.vn"
217.113.194.76 - - [11/Sep/2025:04:17:28 +0700] "GET /pequeno-armenia-evaluacion-pequena-armenia-evaluacion/feed/ HTTP/1.0" 200 1798 "-" "Mozilla/5.0 (compatible; Barkrowler/0.9; +https://babbar.tech/crawler)"
217.113.194.79 - - [11/Sep/2025:04:17:47 +0700] "GET /memorable-pranks-hilarious-prank-videos-on-omegle-and-ometv/ HTTP/1.0" 200 89329 "-" "Mozilla/5.0 (compatible; Barkrowler/0.9; +https://babbar.tech/crawler)"
217.113.194.74 - - [11/Sep/2025:04:18:07 +0700] "GET /enhancing-your-omegle-video-chat-experience-with-fun-filters-and-effects/feed/ HTTP/1.0" 200 1813 "-" "Mozilla/5.0 (compatible; Barkrowler/0.9; +https://babbar.tech/crawler)"
45.117.177.72 - - [11/Sep/2025:04:18:26 +0700] "POST /wp-cron.php?doing_wp_cron=1757539106.0460150241851806640625 HTTP/1.0" 200 416 "-" "WordPress/6.8.1; https://vattusacky.vn"
217.113.194.81 - - [11/Sep/2025:04:18:24 +0700] "GET /how-to-handle-trolls-and-inappropriate-behavior-on-chatroulette-and-omegle/ HTTP/1.0" 200 91451 "-" "Mozilla/5.0 (compatible; Barkrowler/0.9; +https://babbar.tech/crawler)"
217.113.194.79 - - [11/Sep/2025:04:18:47 +0700] "GET /how-to-leverage-connections-on-omegle-and-ometv-for-personal-growth/ HTTP/1.0" 200 79496 "-" "Mozilla/5.0 (compatible; Barkrowler/0.9; +https://babbar.tech/crawler)"
217.113.194.78 - - [11/Sep/2025:04:19:12 +0700] "GET /networking-for-personal-and-professional-balance-on-omegle-and-ometv/feed/ HTTP/1.0" 200 1801 "-" "Mozilla/5.0 (compatible; Barkrowler/0.9; +https://babbar.tech/crawler)"
45.117.177.72 - - [11/Sep/2025:04:19:34 +0700] "POST /wp-cron.php?doing_wp_cron=1757539173.9055430889129638671875 HTTP/1.0" 200 416 "-" "WordPress/6.8.1; https://vattusacky.vn"
217.113.194.77 - - [11/Sep/2025:04:19:32 +0700] "GET /networking-for-personal-and-professional-development-on-omegle-and-ometv/feed/ HTTP/1.0" 200 1813 "-" "Mozilla/5.0 (compatible; Barkrowler/0.9; +https://babbar.tech/crawler)"
217.113.194.79 - - [11/Sep/2025:04:19:54 +0700] "GET /shedding-light-on-the-risks-of-omegle-staying-protected-in-the-digital-world/ HTTP/1.0" 200 91618 "-" "Mozilla/5.0 (compatible; Barkrowler/0.9; +https://babbar.tech/crawler)"
45.117.177.72 - - [11/Sep/2025:04:20:22 +0700] "POST /wp-cron.php?doing_wp_cron=1757539222.1354761123657226562500 HTTP/1.0" 200 416 "-" "WordPress/6.8.1; https://vattusacky.vn"
154.54.249.200 - - [11/Sep/2025:04:20:20 +0700] "GET /chatroulette-and-omegle-in-the-context-of-online-gaming-communities/feed/ HTTP/1.0" 200 1798 "-" "Mozilla/5.0 (compatible; Barkrowler/0.9; +https://babbar.tech/crawler)"
85.208.96.209 - - [11/Sep/2025:04:20:21 +0700] "GET /category/uncategorized/page/75/ HTTP/1.0" 200 76926 "-" "Mozilla/5.0 (compatible; SemrushBot/7~bl; +http://www.semrush.com/bot.html)"
185.191.171.2 - - [11/Sep/2025:04:20:26 +0700] "GET /category/uncategorized/page/97/ HTTP/1.0" 200 75855 "-" "Mozilla/5.0 (compatible; SemrushBot/7~bl; +http://www.semrush.com/bot.html)"
191.96.37.38 - - [11/Sep/2025:04:20:29 +0700] "GET /.env HTTP/1.0" 503 6963 "-" "Mozilla/5.0 (Macintosh; Intel Mac OS X 10.15; rv:77.0) Gecko/20100101 Firefox/77.0"
217.113.194.80 - - [11/Sep/2025:04:20:42 +0700] "GET /discovering-humanity-on-omegle-breaking-stereotypes-through-conversations/feed/ HTTP/1.0" 200 1816 "-" "Mozilla/5.0 (compatible; Barkrowler/0.9; +https://babbar.tech/crawler)"
154.54.249.200 - - [11/Sep/2025:04:21:01 +0700] "GET /discovering-new-friends-heartwarming-connections-on-omegle-and-ometv/feed/ HTTP/1.0" 200 1801 "-" "Mozilla/5.0 (compatible; Barkrowler/0.9; +https://babbar.tech/crawler)"
45.117.177.72 - - [11/Sep/2025:04:21:20 +0700] "POST /wp-cron.php?doing_wp_cron=1757539280.5613679885864257812500 HTTP/1.0" 200 416 "-" "WordPress/6.8.1; https://vattusacky.vn"
217.113.194.74 - - [11/Sep/2025:04:21:19 +0700] "GET /discovering-new-perspectives-exploring-omegles-serendipitous-connections/feed/ HTTP/1.0" 200 1813 "-" "Mozilla/5.0 (compatible; Barkrowler/0.9; +https://babbar.tech/crawler)"
217.113.194.79 - - [11/Sep/2025:04:21:36 +0700] "GET /discovering-new-artistic-horizons-omegles-role-in-artistic-exploration/feed/ HTTP/1.0" 200 1807 "-" "Mozilla/5.0 (compatible; Barkrowler/0.9; +https://babbar.tech/crawler)"
217.113.194.218 - - [11/Sep/2025:04:21:54 +0700] "GET /szyfr-promocyjny-od-vulkan-vegas-odbierz-promo-code/ HTTP/1.0" 200 221570 "-" "Mozilla/5.0 (compatible; Barkrowler/0.9; +https://babbar.tech/crawler)"
85.208.96.201 - - [11/Sep/2025:04:22:07 +0700] "GET /robots.txt HTTP/1.0" 200 984 "-" "Mozilla/5.0 (compatible; SemrushBot/7~bl; +http://www.semrush.com/bot.html)"
85.208.96.212 - - [11/Sep/2025:04:22:10 +0700] "GET /betwinner-314/ HTTP/1.0" 200 78584 "-" "Mozilla/5.0 (compatible; SemrushBot/7~bl; +http://www.semrush.com/bot.html)"
45.117.177.72 - - [11/Sep/2025:04:22:29 +0700] "POST /wp-cron.php?doing_wp_cron=1757539349.2258889675140380859375 HTTP/1.0" 200 416 "-" "WordPress/6.8.1; https://vattusacky.vn"
40.77.167.25 - - [11/Sep/2025:04:22:28 +0700] "GET /the-evolution-of-anonymity-and-authenticity-on-omegle-from-text-to-video-chats/ HTTP/1.0" 200 91654 "-" "Mozilla/5.0 AppleWebKit/537.36 (KHTML, like Gecko; compatible; bingbot/2.0; +http://www.bing.com/bingbot.htm) Chrome/116.0.1938.76 Safari/537.36"
217.113.194.78 - - [11/Sep/2025:04:22:29 +0700] "GET /vse-delo-v-pin-up-kazino-ofitsialnyy-sayt-zerkalo/ HTTP/1.0" 200 115020 "-" "Mozilla/5.0 (compatible; Barkrowler/0.9; +https://babbar.tech/crawler)"
217.113.194.218 - - [11/Sep/2025:04:22:52 +0700] "GET /effective-networking-strategies-for-introverts-on-omegle-and-ometv/ HTTP/1.0" 200 95380 "-" "Mozilla/5.0 (compatible; Barkrowler/0.9; +https://babbar.tech/crawler)"
217.113.194.75 - - [11/Sep/2025:04:23:14 +0700] "GET /the-influence-of-omegle-and-ometv-on-mainstream-media-and-entertainment/ HTTP/1.0" 200 92807 "-" "Mozilla/5.0 (compatible; Barkrowler/0.9; +https://babbar.tech/crawler)"
45.117.177.72 - - [11/Sep/2025:04:23:35 +0700] "POST /wp-cron.php?doing_wp_cron=1757539415.5086119174957275390625 HTTP/1.0" 200 416 "-" "WordPress/6.8.1; https://vattusacky.vn"
217.113.194.81 - - [11/Sep/2025:04:23:34 +0700] "GET /the-influence-of-technology-on-anonymity-and-authenticity-in-omegle-chats/ HTTP/1.0" 200 75666 "-" "Mozilla/5.0 (compatible; Barkrowler/0.9; +https://babbar.tech/crawler)"
85.208.96.204 - - [11/Sep/2025:04:23:53 +0700] "GET /azino777-casino-internet-kazino-obzor-registracija-2/ HTTP/1.0" 200 95529 "-" "Mozilla/5.0 (compatible; SemrushBot/7~bl; +http://www.semrush.com/bot.html)"
217.113.194.74 - - [11/Sep/2025:04:23:55 +0700] "GET /the-influence-of-social-norms-on-anonymity-and-authenticity-on-omegle/ HTTP/1.0" 200 89031 "-" "Mozilla/5.0 (compatible; Barkrowler/0.9; +https://babbar.tech/crawler)"
40.77.167.25 - - [11/Sep/2025:04:24:14 +0700] "GET /sitemap_index.xml HTTP/1.0" 200 2426 "-" "Mozilla/5.0 AppleWebKit/537.36 (KHTML, like Gecko; compatible; bingbot/2.0; +http://www.bing.com/bingbot.htm) Chrome/116.0.1938.76 Safari/537.36"
45.117.177.72 - - [11/Sep/2025:04:24:19 +0700] "POST /wp-cron.php?doing_wp_cron=1757539458.9978520870208740234375 HTTP/1.0" 200 416 "-" "WordPress/6.8.1; https://vattusacky.vn"
217.113.194.73 - - [11/Sep/2025:04:24:17 +0700] "GET /the-influence-of-networking-in-building-influence-on-omegle-and-ometv/ HTTP/1.0" 200 89541 "-" "Mozilla/5.0 (compatible; Barkrowler/0.9; +https://babbar.tech/crawler)"
217.113.194.79 - - [11/Sep/2025:04:24:38 +0700] "GET /styles-of-online-modern-casino-casino-wars-and-how-to-be-successful-learning-them/feed/ HTTP/1.0" 200 1840 "-" "Mozilla/5.0 (compatible; Barkrowler/0.9; +https://babbar.tech/crawler)"
217.113.194.74 - - [11/Sep/2025:04:24:57 +0700] "GET /ecb-clears-brendon-mccullum-of-corruption-over-his-166/feed/ HTTP/1.0" 200 1785 "-" "Mozilla/5.0 (compatible; Barkrowler/0.9; +https://babbar.tech/crawler)"
20.171.207.135 - - [11/Sep/2025:04:24:58 +0700] "GET /wp-json/oembed/1.0/embed?format=xml&url=https%3A%2F%2Fvattusacky.vn%2Fcan-you-use-ometv-anonymously%2F HTTP/1.0" 200 3657 "-" "Mozilla/5.0 AppleWebKit/537.36 (KHTML, like Gecko; compatible; GPTBot/1.2; +https://openai.com/gptbot)"
20.171.207.135 - - [11/Sep/2025:04:25:04 +0700] "GET /omegle-video-chat-for-music-lovers-and-artists/embed/ HTTP/1.0" 200 23377 "-" "Mozilla/5.0 AppleWebKit/537.36 (KHTML, like Gecko; compatible; GPTBot/1.2; +https://openai.com/gptbot)"
20.171.207.135 - - [11/Sep/2025:04:25:08 +0700] "GET /wp-json/oembed/1.0/embed?format=xml&url=https%3A%2F%2Fvattusacky.vn%2Fhow-reliable-can-be-scanguard%2F HTTP/1.0" 200 3520 "-" "Mozilla/5.0 AppleWebKit/537.36 (KHTML, like Gecko; compatible; GPTBot/1.2; +https://openai.com/gptbot)"
20.171.207.135 - - [11/Sep/2025:04:25:12 +0700] "GET /wp-json/oembed/1.0/embed?format=xml&url=https%3A%2F%2Fvattusacky.vn%2Fgay-kopija-10-kopija-kopija-kopija-kopija-kopija%2F HTTP/1.0" 200 5112 "-" "Mozilla/5.0 AppleWebKit/537.36 (KHTML, like Gecko; compatible; GPTBot/1.2; +https://openai.com/gptbot)"
45.117.177.72 - - [11/Sep/2025:04:25:17 +0700] "POST /wp-cron.php?doing_wp_cron=1757539517.2933530807495117187500 HTTP/1.0" 200 416 "-" "WordPress/6.8.1; https://vattusacky.vn"
217.113.194.76 - - [11/Sep/2025:04:25:16 +0700] "GET /amplifying-marginalized-voices-through-virtual-empathy-on-omegle/ HTTP/1.0" 200 91690 "-" "Mozilla/5.0 (compatible; Barkrowler/0.9; +https://babbar.tech/crawler)"
20.171.207.135 - - [11/Sep/2025:04:25:17 +0700] "GET /wp-json/oembed/1.0/embed?format=xml&url=https%3A%2F%2Fvattusacky.vn%2Fquantracnuocmatlucdia%2F2_6-720x405%2F HTTP/1.0" 200 4441 "-" "Mozilla/5.0 AppleWebKit/537.36 (KHTML, like Gecko; compatible; GPTBot/1.2; +https://openai.com/gptbot)"
20.171.207.135 - - [11/Sep/2025:04:25:21 +0700] "GET /wp-json/oembed/1.0/embed?format=xml&url=https%3A%2F%2Fvattusacky.vn%2Fomegle-vs-ometv-a-closer-look-at-face-to-face-video-chat-options%2F HTTP/1.0" 200 3703 "-" "Mozilla/5.0 AppleWebKit/537.36 (KHTML, like Gecko; compatible; GPTBot/1.2; +https://openai.com/gptbot)"
20.171.207.135 - - [11/Sep/2025:04:25:25 +0700] "GET /wp-json/oembed/1.0/embed?format=xml&url=https%3A%2F%2Fvattusacky.vn%2Finappropriate-content-on-omegle%2F HTTP/1.0" 200 3549 "-" "Mozilla/5.0 AppleWebKit/537.36 (KHTML, like Gecko; compatible; GPTBot/1.2; +https://openai.com/gptbot)"
20.171.207.135 - - [11/Sep/2025:04:25:29 +0700] "GET /san-pham/hi-q-_-bo-giu-loc-filter-holder/embed/ HTTP/1.0" 200 24084 "-" "Mozilla/5.0 AppleWebKit/537.36 (KHTML, like Gecko; compatible; GPTBot/1.2; +https://openai.com/gptbot)"
20.171.207.135 - - [11/Sep/2025:04:25:33 +0700] "GET /how-reliable-can-be-scanguard/embed/ HTTP/1.0" 200 23182 "-" "Mozilla/5.0 AppleWebKit/537.36 (KHTML, like Gecko; compatible; GPTBot/1.2; +https://openai.com/gptbot)"
20.171.207.135 - - [11/Sep/2025:04:25:36 +0700] "GET /can-you-use-ometv-anonymously/embed/ HTTP/1.0" 200 23159 "-" "Mozilla/5.0 AppleWebKit/537.36 (KHTML, like Gecko; compatible; GPTBot/1.2; +https://openai.com/gptbot)"
217.113.194.218 - - [11/Sep/2025:04:25:40 +0700] "GET /0-2-btc-to-usd-0-2-bitcoin-to-us-dollar-exchange/fok%20order HTTP/1.0" 404 70812 "-" "Mozilla/5.0 (compatible; Barkrowler/0.9; +https://babbar.tech/crawler)"
20.171.207.135 - - [11/Sep/2025:04:25:40 +0700] "GET /quantracnuocmatlucdia/2_6-720x405/embed/ HTTP/1.0" 200 23896 "-" "Mozilla/5.0 AppleWebKit/537.36 (KHTML, like Gecko; compatible; GPTBot/1.2; +https://openai.com/gptbot)"
20.171.207.135 - - [11/Sep/2025:04:25:44 +0700] "GET /omegle-vs-ometv-a-closer-look-at-face-to-face-video-chat-options/embed/ HTTP/1.0" 200 23596 "-" "Mozilla/5.0 AppleWebKit/537.36 (KHTML, like Gecko; compatible; GPTBot/1.2; +https://openai.com/gptbot)"
20.171.207.135 - - [11/Sep/2025:04:25:49 +0700] "GET /inappropriate-content-on-omegle/embed/ HTTP/1.0" 200 23211 "-" "Mozilla/5.0 AppleWebKit/537.36 (KHTML, like Gecko; compatible; GPTBot/1.2; +https://openai.com/gptbot)"
20.171.207.135 - - [11/Sep/2025:04:25:53 +0700] "GET /wp-json/oembed/1.0/embed?format=xml&url=https%3A%2F%2Fvattusacky.vn%2Fcreating-an-appealing-omegle-profile-to-enhance-first-impressions%2F HTTP/1.0" 200 3706 "-" "Mozilla/5.0 AppleWebKit/537.36 (KHTML, like Gecko; compatible; GPTBot/1.2; +https://openai.com/gptbot)"
20.171.207.135 - - [11/Sep/2025:04:25:57 +0700] "GET /wp-json/oembed/1.0/embed?format=xml&url=https%3A%2F%2Fvattusacky.vn%2F1xbit-associates-program-42%2F HTTP/1.0" 200 3476 "-" "Mozilla/5.0 AppleWebKit/537.36 (KHTML, like Gecko; compatible; GPTBot/1.2; +https://openai.com/gptbot)"
217.113.194.217 - - [11/Sep/2025:04:26:01 +0700] "GET /breaking-stereotypes-human-connection-in-an-anonymous-world-on-omegle/ HTTP/1.0" 200 91444 "-" "Mozilla/5.0 (compatible; Barkrowler/0.9; +https://babbar.tech/crawler)"
20.171.207.135 - - [11/Sep/2025:04:26:02 +0700] "GET /wp-json/oembed/1.0/embed?format=xml&url=https%3A%2F%2Fvattusacky.vn%2Fuser-experience-on-omegle%2F HTTP/1.0" 200 3521 "-" "Mozilla/5.0 AppleWebKit/537.36 (KHTML, like Gecko; compatible; GPTBot/1.2; +https://openai.com/gptbot)"
20.171.207.135 - - [11/Sep/2025:04:26:06 +0700] "GET /wp-json/oembed/1.0/embed?format=xml&url=https%3A%2F%2Fvattusacky.vn%2Fcomposing-an-urgent-essay%2F HTTP/1.0" 200 3460 "-" "Mozilla/5.0 AppleWebKit/537.36 (KHTML, like Gecko; compatible; GPTBot/1.2; +https://openai.com/gptbot)"
45.117.177.72 - - [11/Sep/2025:04:26:29 +0700] "POST /wp-cron.php?doing_wp_cron=1757539589.0288898944854736328125 HTTP/1.0" 200 416 "-" "WordPress/6.8.1; https://vattusacky.vn"
154.54.249.200 - - [11/Sep/2025:04:26:27 +0700] "GET /breaking-cultural-stereotypes-through-omegles-cross-cultural-experiences/ HTTP/1.0" 200 92496 "-" "Mozilla/5.0 (compatible; Barkrowler/0.9; +https://babbar.tech/crawler)"
217.113.194.73 - - [11/Sep/2025:04:26:50 +0700] "GET /breaking-cultural-barriers-video-vs-text-on-omegle-and-ometv/ HTTP/1.0" 200 90268 "-" "Mozilla/5.0 (compatible; Barkrowler/0.9; +https://babbar.tech/crawler)"
217.113.194.74 - - [11/Sep/2025:04:27:10 +0700] "GET /the-interplay-between-chance-and-choice-in-omegles-cosmic-connections/ HTTP/1.0" 200 91260 "-" "Mozilla/5.0 (compatible; Barkrowler/0.9; +https://babbar.tech/crawler)"
45.117.177.72 - - [11/Sep/2025:04:27:31 +0700] "POST /wp-cron.php?doing_wp_cron=1757539651.2385349273681640625000 HTTP/1.0" 200 416 "-" "WordPress/6.8.1; https://vattusacky.vn"
20.171.207.207 - - [11/Sep/2025:04:27:29 +0700] "GET /gay-kopija-10-kopija-kopija-kopija-kopija-kopija/embed/ HTTP/1.0" 200 24250 "-" "Mozilla/5.0 AppleWebKit/537.36 (KHTML, like Gecko; compatible; GPTBot/1.2; +https://openai.com/gptbot)"
20.171.207.207 - - [11/Sep/2025:04:27:31 +0700] "GET /wp-json/oembed/1.0/embed?format=xml&url=https%3A%2F%2Fvattusacky.vn%2Fomegle-for-making-friends%2F HTTP/1.0" 200 3508 "-" "Mozilla/5.0 AppleWebKit/537.36 (KHTML, like Gecko; compatible; GPTBot/1.2; +https://openai.com/gptbot)"
217.113.194.76 - - [11/Sep/2025:04:27:32 +0700] "GET /the-role-of-active-participation-in-network-building-on-omegle-and-ometv/ HTTP/1.0" 200 94791 "-" "Mozilla/5.0 (compatible; Barkrowler/0.9; +https://babbar.tech/crawler)"
20.171.207.207 - - [11/Sep/2025:04:27:34 +0700] "GET /wp-json/oembed/1.0/embed?format=xml&url=https%3A%2F%2Fvattusacky.vn%2Ffeatures-and-functions-of-ometv%2F HTTP/1.0" 200 3515 "-" "Mozilla/5.0 AppleWebKit/537.36 (KHTML, like Gecko; compatible; GPTBot/1.2; +https://openai.com/gptbot)"
20.171.207.207 - - [11/Sep/2025:04:27:36 +0700] "GET /wp-json/oembed/1.0/embed?format=xml&url=https%3A%2F%2Fvattusacky.vn%2Fexploring-the-different-chat-options-on-omegle-text-video-and-more%2F HTTP/1.0" 200 3695 "-" "Mozilla/5.0 AppleWebKit/537.36 (KHTML, like Gecko; compatible; GPTBot/1.2; +https://openai.com/gptbot)"
20.171.207.207 - - [11/Sep/2025:04:27:41 +0700] "GET /the-difference-in-user-base-omegle-vs-ometv-face-to-face-video-chats/embed/ HTTP/1.0" 200 23650 "-" "Mozilla/5.0 AppleWebKit/537.36 (KHTML, like Gecko; compatible; GPTBot/1.2; +https://openai.com/gptbot)"
20.171.207.207 - - [11/Sep/2025:04:27:46 +0700] "GET /wp-json/oembed/1.0/embed?format=xml&url=https%3A%2F%2Fvattusacky.vn%2F1xbet-mobile-vebsayt-v%25c9%2599-1x-bet-mobil-uygulama-indir-2023-617%2F HTTP/1.0" 200 3937 "-" "Mozilla/5.0 AppleWebKit/537.36 (KHTML, like Gecko; compatible; GPTBot/1.2; +https://openai.com/gptbot)"
20.171.207.207 - - [11/Sep/2025:04:27:50 +0700] "GET /wp-json/oembed/1.0/embed?format=xml&url=https%3A%2F%2Fvattusacky.vn%2Fwhen-to-take-viagra-20-mg%2F HTTP/1.0" 200 3591 "-" "Mozilla/5.0 AppleWebKit/537.36 (KHTML, like Gecko; compatible; GPTBot/1.2; +https://openai.com/gptbot)"
217.113.194.72 - - [11/Sep/2025:04:27:54 +0700] "GET /the-role-of-active-listening-on-omegle-enhancing-communication-on-the-platform/ HTTP/1.0" 200 81591 "-" "Mozilla/5.0 (compatible; Barkrowler/0.9; +https://babbar.tech/crawler)"
20.171.207.207 - - [11/Sep/2025:04:27:54 +0700] "GET /wp-json/oembed/1.0/embed?format=xml&url=https%3A%2F%2Fvattusacky.vn%2Fcomposing-an-urgent-essay%2F HTTP/1.0" 200 3460 "-" "Mozilla/5.0 AppleWebKit/537.36 (KHTML, like Gecko; compatible; GPTBot/1.2; +https://openai.com/gptbot)"
20.171.207.207 - - [11/Sep/2025:04:27:59 +0700] "GET /wp-json/oembed/1.0/embed?format=xml&url=https%3A%2F%2Fvattusacky.vn%2Fdemonstracao-do-aviator-4%2F HTTP/1.0" 200 3558 "-" "Mozilla/5.0 AppleWebKit/537.36 (KHTML, like Gecko; compatible; GPTBot/1.2; +https://openai.com/gptbot)"
216.244.66.237 - - [11/Sep/2025:04:28:02 +0700] "GET /robots.txt HTTP/1.0" 200 984 "-" "Mozilla/5.0 (compatible; DotBot/1.2; +https://opensiteexplorer.org/dotbot; help@moz.com)"
20.171.207.207 - - [11/Sep/2025:04:28:03 +0700] "GET /creating-an-appealing-omegle-profile-to-enhance-first-impressions/embed/ HTTP/1.0" 200 23606 "-" "Mozilla/5.0 AppleWebKit/537.36 (KHTML, like Gecko; compatible; GPTBot/1.2; +https://openai.com/gptbot)"
20.171.207.207 - - [11/Sep/2025:04:28:07 +0700] "GET /1xbit-associates-program-42/embed/ HTTP/1.0" 200 23090 "-" "Mozilla/5.0 AppleWebKit/537.36 (KHTML, like Gecko; compatible; GPTBot/1.2; +https://openai.com/gptbot)"
20.171.207.207 - - [11/Sep/2025:04:28:10 +0700] "GET /1xbet-mobile-vebsayt-v%c9%99-1x-bet-mobil-uygulama-indir-2023-617/embed/ HTTP/1.0" 200 23669 "-" "Mozilla/5.0 AppleWebKit/537.36 (KHTML, like Gecko; compatible; GPTBot/1.2; +https://openai.com/gptbot)"
20.171.207.207 - - [11/Sep/2025:04:28:13 +0700] "GET /wp-json/oembed/1.0/embed?format=xml&url=https%3A%2F%2Fvattusacky.vn%2Fwhat-exactly-board-bedroom%2F HTTP/1.0" 200 3493 "-" "Mozilla/5.0 AppleWebKit/537.36 (KHTML, like Gecko; compatible; GPTBot/1.2; +https://openai.com/gptbot)"
45.117.177.72 - - [11/Sep/2025:04:28:18 +0700] "POST /wp-cron.php?doing_wp_cron=1757539698.0310509204864501953125 HTTP/1.0" 200 416 "-" "WordPress/6.8.1; https://vattusacky.vn"
217.113.194.74 - - [11/Sep/2025:04:28:16 +0700] "GET /the-role-of-empathy-in-building-trust-in-anonymous-omegle-conversations/ HTTP/1.0" 200 90781 "-" "Mozilla/5.0 (compatible; Barkrowler/0.9; +https://babbar.tech/crawler)"
20.171.207.207 - - [11/Sep/2025:04:28:17 +0700] "GET /wp-json/oembed/1.0/embed?format=xml&url=https%3A%2F%2Fvattusacky.vn%2Fprivacy-concerns-on-omegle%2F HTTP/1.0" 200 3520 "-" "Mozilla/5.0 AppleWebKit/537.36 (KHTML, like Gecko; compatible; GPTBot/1.2; +https://openai.com/gptbot)"
20.171.207.207 - - [11/Sep/2025:04:28:21 +0700] "GET /composing-an-urgent-essay/embed/ HTTP/1.0" 200 22808 "-" "Mozilla/5.0 AppleWebKit/537.36 (KHTML, like Gecko; compatible; GPTBot/1.2; +https://openai.com/gptbot)"
20.171.207.207 - - [11/Sep/2025:04:28:25 +0700] "GET /demonstracao-do-aviator-4/embed/ HTTP/1.0" 200 23109 "-" "Mozilla/5.0 AppleWebKit/537.36 (KHTML, like Gecko; compatible; GPTBot/1.2; +https://openai.com/gptbot)"
20.171.207.207 - - [11/Sep/2025:04:28:30 +0700] "GET /wp-json/oembed/1.0/embed?format=xml&url=https%3A%2F%2Fvattusacky.vn%2Ftrt-sante-et-bodybuilding%2F HTTP/1.0" 200 3584 "-" "Mozilla/5.0 AppleWebKit/537.36 (KHTML, like Gecko; compatible; GPTBot/1.2; +https://openai.com/gptbot)"
20.171.207.207 - - [11/Sep/2025:04:28:34 +0700] "GET /wp-json/oembed/1.0/embed?format=xml&url=https%3A%2F%2Fvattusacky.vn%2Fage-restrictions-on-omegle%2F HTTP/1.0" 200 3508 "-" "Mozilla/5.0 AppleWebKit/537.36 (KHTML, like Gecko; compatible; GPTBot/1.2; +https://openai.com/gptbot)"
20.171.207.207 - - [11/Sep/2025:04:28:37 +0700] "GET /wp-json/oembed/1.0/embed?format=xml&url=https%3A%2F%2Fvattusacky.vn%2Fometv-etiquette-and-rules%2F HTTP/1.0" 200 3500 "-" "Mozilla/5.0 AppleWebKit/537.36 (KHTML, like Gecko; compatible; GPTBot/1.2; +https://openai.com/gptbot)"
217.113.194.80 - - [11/Sep/2025:04:28:41 +0700] "GET /the-role-of-empathy-in-creating-meaningful-connections-on-omegle/ HTTP/1.0" 200 89330 "-" "Mozilla/5.0 (compatible; Barkrowler/0.9; +https://babbar.tech/crawler)"
20.171.207.207 - - [11/Sep/2025:04:28:42 +0700] "GET /what-exactly-board-bedroom/embed/ HTTP/1.0" 200 23114 "-" "Mozilla/5.0 AppleWebKit/537.36 (KHTML, like Gecko; compatible; GPTBot/1.2; +https://openai.com/gptbot)"
20.171.207.207 - - [11/Sep/2025:04:28:45 +0700] "GET /privacy-concerns-on-omegle/embed/ HTTP/1.0" 200 23147 "-" "Mozilla/5.0 AppleWebKit/537.36 (KHTML, like Gecko; compatible; GPTBot/1.2; +https://openai.com/gptbot)"
20.171.207.207 - - [11/Sep/2025:04:28:49 +0700] "GET /wp-json/oembed/1.0/embed?format=xml&url=https%3A%2F%2Fvattusacky.vn%2Fmaking-money-upon-webcams%2F HTTP/1.0" 200 3436 "-" "Mozilla/5.0 AppleWebKit/537.36 (KHTML, like Gecko; compatible; GPTBot/1.2; +https://openai.com/gptbot)"
20.171.207.207 - - [11/Sep/2025:04:28:53 +0700] "GET /trt-sante-et-bodybuilding/embed/ HTTP/1.0" 200 22870 "-" "Mozilla/5.0 AppleWebKit/537.36 (KHTML, like Gecko; compatible; GPTBot/1.2; +https://openai.com/gptbot)"
20.171.207.207 - - [11/Sep/2025:04:28:56 +0700] "GET /wp-json/oembed/1.0/embed?format=xml&url=https%3A%2F%2Fvattusacky.vn%2Fround-white-pill-trazodone%2F HTTP/1.0" 200 3631 "-" "Mozilla/5.0 AppleWebKit/537.36 (KHTML, like Gecko; compatible; GPTBot/1.2; +https://openai.com/gptbot)"
20.171.207.207 - - [11/Sep/2025:04:29:00 +0700] "GET /age-restrictions-on-omegle/embed/ HTTP/1.0" 200 23127 "-" "Mozilla/5.0 AppleWebKit/537.36 (KHTML, like Gecko; compatible; GPTBot/1.2; +https://openai.com/gptbot)"
217.113.194.73 - - [11/Sep/2025:04:29:00 +0700] "GET /omegle-vs-ometv-which-platform-offers-better-user-controls-and-moderation/ HTTP/1.0" 200 90124 "-" "Mozilla/5.0 (compatible; Barkrowler/0.9; +https://babbar.tech/crawler)"
20.171.207.207 - - [11/Sep/2025:04:29:04 +0700] "GET /ometv-etiquette-and-rules/embed/ HTTP/1.0" 200 23119 "-" "Mozilla/5.0 AppleWebKit/537.36 (KHTML, like Gecko; compatible; GPTBot/1.2; +https://openai.com/gptbot)"
20.171.207.207 - - [11/Sep/2025:04:29:07 +0700] "GET /wp-json/oembed/1.0/embed?format=xml&url=https%3A%2F%2Fvattusacky.vn%2Fvdr-software-for-business%2F HTTP/1.0" 200 3575 "-" "Mozilla/5.0 AppleWebKit/537.36 (KHTML, like Gecko; compatible; GPTBot/1.2; +https://openai.com/gptbot)"
20.171.207.207 - - [11/Sep/2025:04:29:11 +0700] "GET /making-money-upon-webcams/embed/ HTTP/1.0" 200 23056 "-" "Mozilla/5.0 AppleWebKit/537.36 (KHTML, like Gecko; compatible; GPTBot/1.2; +https://openai.com/gptbot)"
107.189.3.47 - - [11/Sep/2025:04:29:13 +0700] "GET /wp-login.php HTTP/1.0" 200 11388 "-" "Mozilla/5.0 (Windows NT 5.1; rv:30.0) Gecko/20100101 Firefox/30.0"
20.171.207.207 - - [11/Sep/2025:04:29:15 +0700] "GET /wp-json/oembed/1.0/embed?format=xml&url=https%3A%2F%2Fvattusacky.vn%2Fbetapace-original-how-much%2F HTTP/1.0" 200 3641 "-" "Mozilla/5.0 AppleWebKit/537.36 (KHTML, like Gecko; compatible; GPTBot/1.2; +https://openai.com/gptbot)"
45.117.177.72 - - [11/Sep/2025:04:29:20 +0700] "POST /wp-cron.php?doing_wp_cron=1757539759.9682149887084960937500 HTTP/1.0" 200 416 "-" "WordPress/6.8.1; https://vattusacky.vn"
20.171.207.207 - - [11/Sep/2025:04:29:18 +0700] "GET /wp-json/oembed/1.0/embed?format=xml&url=https%3A%2F%2Fvattusacky.vn%2Fon-line-relationship-sites%2F HTTP/1.0" 200 3621 "-" "Mozilla/5.0 AppleWebKit/537.36 (KHTML, like Gecko; compatible; GPTBot/1.2; +https://openai.com/gptbot)"
20.171.207.207 - - [11/Sep/2025:04:29:22 +0700] "GET /round-white-pill-trazodone/embed/ HTTP/1.0" 200 23174 "-" "Mozilla/5.0 AppleWebKit/537.36 (KHTML, like Gecko; compatible; GPTBot/1.2; +https://openai.com/gptbot)"
217.113.194.73 - - [11/Sep/2025:04:29:23 +0700] "GET /omegle-vs-ometv-an-in-depth-comparison-of-user-interface-design/ HTTP/1.0" 200 94479 "-" "Mozilla/5.0 (compatible; Barkrowler/0.9; +https://babbar.tech/crawler)"
20.171.207.207 - - [11/Sep/2025:04:29:25 +0700] "GET /wp-json/oembed/1.0/embed?format=xml&url=https%3A%2F%2Fvattusacky.vn%2Fsafety-measures-on-omegle%2F HTTP/1.0" 200 3489 "-" "Mozilla/5.0 AppleWebKit/537.36 (KHTML, like Gecko; compatible; GPTBot/1.2; +https://openai.com/gptbot)"
20.171.207.207 - - [11/Sep/2025:04:29:29 +0700] "GET /wp-json/oembed/1.0/embed?format=xml&url=https%3A%2F%2Fvattusacky.vn%2Fprivacy-concerns-on-ometv%2F HTTP/1.0" 200 3488 "-" "Mozilla/5.0 AppleWebKit/537.36 (KHTML, like Gecko; compatible; GPTBot/1.2; +https://openai.com/gptbot)"
20.171.207.207 - - [11/Sep/2025:04:29:33 +0700] "GET /vdr-software-for-business/embed/ HTTP/1.0" 200 23195 "-" "Mozilla/5.0 AppleWebKit/537.36 (KHTML, like Gecko; compatible; GPTBot/1.2; +https://openai.com/gptbot)"
20.171.207.207 - - [11/Sep/2025:04:29:36 +0700] "GET /betapace-original-how-much/embed/ HTTP/1.0" 200 22932 "-" "Mozilla/5.0 AppleWebKit/537.36 (KHTML, like Gecko; compatible; GPTBot/1.2; +https://openai.com/gptbot)"
20.171.207.207 - - [11/Sep/2025:04:29:39 +0700] "GET /on-line-relationship-sites/embed/ HTTP/1.0" 200 23182 "-" "Mozilla/5.0 AppleWebKit/537.36 (KHTML, like Gecko; compatible; GPTBot/1.2; +https://openai.com/gptbot)"
20.171.207.207 - - [11/Sep/2025:04:29:43 +0700] "GET /wp-json/oembed/1.0/embed?format=xml&url=https%3A%2F%2Fvattusacky.vn%2Fage-restrictions-on-ometv%2F HTTP/1.0" 200 3497 "-" "Mozilla/5.0 AppleWebKit/537.36 (KHTML, like Gecko; compatible; GPTBot/1.2; +https://openai.com/gptbot)"
217.113.194.77 - - [11/Sep/2025:04:29:45 +0700] "GET /omegle-vs-ometv-analyzing-user-satisfaction-and-loyalty/ HTTP/1.0" 200 91199 "-" "Mozilla/5.0 (compatible; Barkrowler/0.9; +https://babbar.tech/crawler)"
20.171.207.207 - - [11/Sep/2025:04:29:47 +0700] "GET /wp-json/oembed/1.0/embed?format=xml&url=https%3A%2F%2Fvattusacky.vn%2Fways-to-date-successfully%2F HTTP/1.0" 200 3709 "-" "Mozilla/5.0 AppleWebKit/537.36 (KHTML, like Gecko; compatible; GPTBot/1.2; +https://openai.com/gptbot)"
20.171.207.207 - - [11/Sep/2025:04:29:50 +0700] "GET /safety-measures-on-omegle/embed/ HTTP/1.0" 200 23100 "-" "Mozilla/5.0 AppleWebKit/537.36 (KHTML, like Gecko; compatible; GPTBot/1.2; +https://openai.com/gptbot)"
20.171.207.207 - - [11/Sep/2025:04:29:53 +0700] "GET /privacy-concerns-on-ometv/embed/ HTTP/1.0" 200 23108 "-" "Mozilla/5.0 AppleWebKit/537.36 (KHTML, like Gecko; compatible; GPTBot/1.2; +https://openai.com/gptbot)"
20.171.207.207 - - [11/Sep/2025:04:29:57 +0700] "GET /wp-json/oembed/1.0/embed?format=xml&url=https%3A%2F%2Fvattusacky.vn%2Fbahsegel-canl-casino-bahsegel-canl-casino-canl%2F HTTP/1.0" 200 3986 "-" "Mozilla/5.0 AppleWebKit/537.36 (KHTML, like Gecko; compatible; GPTBot/1.2; +https://openai.com/gptbot)"
20.171.207.207 - - [11/Sep/2025:04:30:00 +0700] "GET /wp-json/oembed/1.0/embed?format=xml&url=https%3A%2F%2Fvattusacky.vn%2Fvr-bank-oberfranken-mitte-eg-vr-bank-oberfranken%2F HTTP/1.0" 200 3926 "-" "Mozilla/5.0 AppleWebKit/537.36 (KHTML, like Gecko; compatible; GPTBot/1.2; +https://openai.com/gptbot)"
20.171.207.207 - - [11/Sep/2025:04:30:04 +0700] "GET /wp-json/oembed/1.0/embed?format=xml&url=https%3A%2F%2Fvattusacky.vn%2Fcan-be-360-security-legit%2F HTTP/1.0" 200 3507 "-" "Mozilla/5.0 AppleWebKit/537.36 (KHTML, like Gecko; compatible; GPTBot/1.2; +https://openai.com/gptbot)"
217.113.194.81 - - [11/Sep/2025:04:30:06 +0700] "GET /omegle-vs-ometv-a-comparison-of-face-to-face-video-chat-platforms/ HTTP/1.0" 200 90205 "-" "Mozilla/5.0 (compatible; Barkrowler/0.9; +https://babbar.tech/crawler)"
20.171.207.207 - - [11/Sep/2025:04:30:08 +0700] "GET /age-restrictions-on-ometv/embed/ HTTP/1.0" 200 23109 "-" "Mozilla/5.0 AppleWebKit/537.36 (KHTML, like Gecko; compatible; GPTBot/1.2; +https://openai.com/gptbot)"
20.171.207.207 - - [11/Sep/2025:04:30:12 +0700] "GET /ways-to-date-successfully/embed/ HTTP/1.0" 200 23252 "-" "Mozilla/5.0 AppleWebKit/537.36 (KHTML, like Gecko; compatible; GPTBot/1.2; +https://openai.com/gptbot)"
20.171.207.207 - - [11/Sep/2025:04:30:15 +0700] "GET /wp-json/oembed/1.0/embed?format=xml&url=https%3A%2F%2Fvattusacky.vn%2Fshopper-complaints-courtroom-16%2F HTTP/1.0" 200 3515 "-" "Mozilla/5.0 AppleWebKit/537.36 (KHTML, like Gecko; compatible; GPTBot/1.2; +https://openai.com/gptbot)"
45.117.177.72 - - [11/Sep/2025:04:30:21 +0700] "POST /wp-cron.php?doing_wp_cron=1757539821.6089489459991455078125 HTTP/1.0" 200 416 "-" "WordPress/6.8.1; https://vattusacky.vn"
20.171.207.207 - - [11/Sep/2025:04:30:20 +0700] "GET /wp-json/oembed/1.0/embed?format=xml&url=https%3A%2F%2Fvattusacky.vn%2Fprednisone-10mg-discount-card%2F HTTP/1.0" 200 3629 "-" "Mozilla/5.0 AppleWebKit/537.36 (KHTML, like Gecko; compatible; GPTBot/1.2; +https://openai.com/gptbot)"
20.171.207.207 - - [11/Sep/2025:04:30:24 +0700] "GET /bahsegel-canl-casino-bahsegel-canl-casino-canl/embed/ HTTP/1.0" 200 23664 "-" "Mozilla/5.0 AppleWebKit/537.36 (KHTML, like Gecko; compatible; GPTBot/1.2; +https://openai.com/gptbot)"
20.171.207.207 - - [11/Sep/2025:04:30:27 +0700] "GET /vr-bank-oberfranken-mitte-eg-vr-bank-oberfranken/embed/ HTTP/1.0" 200 23722 "-" "Mozilla/5.0 AppleWebKit/537.36 (KHTML, like Gecko; compatible; GPTBot/1.2; +https://openai.com/gptbot)"
217.113.194.79 - - [11/Sep/2025:04:30:27 +0700] "GET /omegle-vs-ometv-a-detailed-analysis-of-privacy-and-safety-measures/ HTTP/1.0" 200 91569 "-" "Mozilla/5.0 (compatible; Barkrowler/0.9; +https://babbar.tech/crawler)"
20.171.207.207 - - [11/Sep/2025:04:30:32 +0700] "GET /can-be-360-security-legit/embed/ HTTP/1.0" 200 23136 "-" "Mozilla/5.0 AppleWebKit/537.36 (KHTML, like Gecko; compatible; GPTBot/1.2; +https://openai.com/gptbot)"
20.171.207.207 - - [11/Sep/2025:04:30:35 +0700] "GET /wp-json/oembed/1.0/embed?format=xml&url=https%3A%2F%2Fvattusacky.vn%2Fbetwinner-football-betting-249%2F HTTP/1.0" 200 3516 "-" "Mozilla/5.0 AppleWebKit/537.36 (KHTML, like Gecko; compatible; GPTBot/1.2; +https://openai.com/gptbot)"
20.171.207.207 - - [11/Sep/2025:04:30:38 +0700] "GET /shopper-complaints-courtroom-16/embed/ HTTP/1.0" 200 23161 "-" "Mozilla/5.0 AppleWebKit/537.36 (KHTML, like Gecko; compatible; GPTBot/1.2; +https://openai.com/gptbot)"
20.171.207.207 - - [11/Sep/2025:04:30:41 +0700] "GET /wp-json/oembed/1.0/embed?format=xml&url=https%3A%2F%2Fvattusacky.vn%2Fcreating-an-effective-online-dating-services-profile-2%2F HTTP/1.0" 200 3778 "-" "Mozilla/5.0 AppleWebKit/537.36 (KHTML, like Gecko; compatible; GPTBot/1.2; +https://openai.com/gptbot)"
20.171.207.207 - - [11/Sep/2025:04:30:45 +0700] "GET /prednisone-10mg-discount-card/embed/ HTTP/1.0" 200 23185 "-" "Mozilla/5.0 AppleWebKit/537.36 (KHTML, like Gecko; compatible; GPTBot/1.2; +https://openai.com/gptbot)"
20.171.207.207 - - [11/Sep/2025:04:30:48 +0700] "GET /wp-json/oembed/1.0/embed?format=xml&url=https%3A%2F%2Fvattusacky.vn%2Funderstanding-the-features-omegle-vs-ometv-face-to-face-video-chats%2F HTTP/1.0" 200 3715 "-" "Mozilla/5.0 AppleWebKit/537.36 (KHTML, like Gecko; compatible; GPTBot/1.2; +https://openai.com/gptbot)"
217.113.194.78 - - [11/Sep/2025:04:30:50 +0700] "GET /omegle-vs-ometv-a-closer-look-at-face-to-face-video-chat-options/feed/ HTTP/1.0" 200 1789 "-" "Mozilla/5.0 (compatible; Barkrowler/0.9; +https://babbar.tech/crawler)"
20.171.207.207 - - [11/Sep/2025:04:30:52 +0700] "GET /wp-json/oembed/1.0/embed?format=xml&url=https%3A%2F%2Fvattusacky.vn%2Fthe-psychology-behind-random-video-chats-on-chatroulette-and-omegle%2F HTTP/1.0" 200 3722 "-" "Mozilla/5.0 AppleWebKit/537.36 (KHTML, like Gecko; compatible; GPTBot/1.2; +https://openai.com/gptbot)"
20.171.207.207 - - [11/Sep/2025:04:30:56 +0700] "GET /wp-json/oembed/1.0/embed?format=xml&url=https%3A%2F%2Fvattusacky.vn%2Fexpressing-emotions-video-vs-text-communication-on-omegle-and-ometv%2F HTTP/1.0" 200 3746 "-" "Mozilla/5.0 AppleWebKit/537.36 (KHTML, like Gecko; compatible; GPTBot/1.2; +https://openai.com/gptbot)"
20.171.207.207 - - [11/Sep/2025:04:31:04 +0700] "GET /betwinner-football-betting-249/embed/ HTTP/1.0" 200 23154 "-" "Mozilla/5.0 AppleWebKit/537.36 (KHTML, like Gecko; compatible; GPTBot/1.2; +https://openai.com/gptbot)"
