20.171.207.73 - - [11/Sep/2025:05:46:57 +0700] "GET /?attachment_id=1589 HTTP/1.0" 200 198027 "-" "Mozilla/5.0 AppleWebKit/537.36 (KHTML, like Gecko; compatible; GPTBot/1.2; +https://openai.com/gptbot)"
20.171.207.73 - - [11/Sep/2025:05:47:01 +0700] "GET /wp-json/oembed/1.0/embed?format=xml&url=https%3A%2F%2Fvattusacky.vn%2F%3Fattachment_id%3D1398 HTTP/1.0" 200 4146 "-" "Mozilla/5.0 AppleWebKit/537.36 (KHTML, like Gecko; compatible; GPTBot/1.2; +https://openai.com/gptbot)"
217.113.194.218 - - [11/Sep/2025:05:47:03 +0700] "GET /the-birth-of-random-chatting-how-omegle-and-ometv-came-to-be/ HTTP/1.0" 200 90895 "-" "Mozilla/5.0 (compatible; Barkrowler/0.9; +https://babbar.tech/crawler)"
20.171.207.73 - - [11/Sep/2025:05:47:06 +0700] "GET /?attachment_id=1633/embed/ HTTP/1.0" 301 417 "-" "Mozilla/5.0 AppleWebKit/537.36 (KHTML, like Gecko; compatible; GPTBot/1.2; +https://openai.com/gptbot)"
20.171.207.73 - - [11/Sep/2025:05:47:07 +0700] "GET /?attachment_id=1633 HTTP/1.0" 200 197801 "-" "Mozilla/5.0 AppleWebKit/537.36 (KHTML, like Gecko; compatible; GPTBot/1.2; +https://openai.com/gptbot)"
20.171.207.73 - - [11/Sep/2025:05:47:11 +0700] "GET /wp-json/oembed/1.0/embed?format=xml&url=https%3A%2F%2Fvattusacky.vn%2F%3Fattachment_id%3D1302 HTTP/1.0" 200 3972 "-" "Mozilla/5.0 AppleWebKit/537.36 (KHTML, like Gecko; compatible; GPTBot/1.2; +https://openai.com/gptbot)"
20.171.207.73 - - [11/Sep/2025:05:47:15 +0700] "GET /?attachment_id=1942/embed/ HTTP/1.0" 301 563 "-" "Mozilla/5.0 AppleWebKit/537.36 (KHTML, like Gecko; compatible; GPTBot/1.2; +https://openai.com/gptbot)"
45.117.177.72 - - [11/Sep/2025:05:47:17 +0700] "POST /wp-cron.php?doing_wp_cron=1757544437.6455221176147460937500 HTTP/1.0" 200 416 "-" "WordPress/6.8.1; https://vattusacky.vn"
20.171.207.73 - - [11/Sep/2025:05:47:16 +0700] "GET /?attachment_id=1942 HTTP/1.0" 200 198311 "-" "Mozilla/5.0 AppleWebKit/537.36 (KHTML, like Gecko; compatible; GPTBot/1.2; +https://openai.com/gptbot)"
20.171.207.73 - - [11/Sep/2025:05:47:20 +0700] "GET /wp-json/oembed/1.0/embed?format=xml&url=https%3A%2F%2Fvattusacky.vn%2F%3Fattachment_id%3D1621 HTTP/1.0" 200 3969 "-" "Mozilla/5.0 AppleWebKit/537.36 (KHTML, like Gecko; compatible; GPTBot/1.2; +https://openai.com/gptbot)"
217.113.194.76 - - [11/Sep/2025:05:47:24 +0700] "GET /the-future-of-random-chatting-omegle-and-ometvs-next-big-move/ HTTP/1.0" 200 89714 "-" "Mozilla/5.0 (compatible; Barkrowler/0.9; +https://babbar.tech/crawler)"
20.171.207.73 - - [11/Sep/2025:05:47:24 +0700] "GET /wp-json/oembed/1.0/embed?format=xml&url=https%3A%2F%2Fvattusacky.vn%2F%3Fattachment_id%3D1394 HTTP/1.0" 200 4170 "-" "Mozilla/5.0 AppleWebKit/537.36 (KHTML, like Gecko; compatible; GPTBot/1.2; +https://openai.com/gptbot)"
20.171.207.73 - - [11/Sep/2025:05:47:28 +0700] "GET /?attachment_id=1398/embed/ HTTP/1.0" 301 417 "-" "Mozilla/5.0 AppleWebKit/537.36 (KHTML, like Gecko; compatible; GPTBot/1.2; +https://openai.com/gptbot)"
20.171.207.73 - - [11/Sep/2025:05:47:29 +0700] "GET /?attachment_id=1398 HTTP/1.0" 200 197941 "-" "Mozilla/5.0 AppleWebKit/537.36 (KHTML, like Gecko; compatible; GPTBot/1.2; +https://openai.com/gptbot)"
20.171.207.73 - - [11/Sep/2025:05:47:33 +0700] "GET /wp-json/oembed/1.0/embed?format=xml&url=https%3A%2F%2Fvattusacky.vn%2F%3Fattachment_id%3D1807 HTTP/1.0" 200 4041 "-" "Mozilla/5.0 AppleWebKit/537.36 (KHTML, like Gecko; compatible; GPTBot/1.2; +https://openai.com/gptbot)"
20.171.207.73 - - [11/Sep/2025:05:47:37 +0700] "GET /?attachment_id=1302/embed/ HTTP/1.0" 301 417 "-" "Mozilla/5.0 AppleWebKit/537.36 (KHTML, like Gecko; compatible; GPTBot/1.2; +https://openai.com/gptbot)"
20.171.207.73 - - [11/Sep/2025:05:47:38 +0700] "GET /?attachment_id=1302 HTTP/1.0" 200 194861 "-" "Mozilla/5.0 AppleWebKit/537.36 (KHTML, like Gecko; compatible; GPTBot/1.2; +https://openai.com/gptbot)"
20.171.207.73 - - [11/Sep/2025:05:47:42 +0700] "GET /?attachment_id=1621/embed/ HTTP/1.0" 301 417 "-" "Mozilla/5.0 AppleWebKit/537.36 (KHTML, like Gecko; compatible; GPTBot/1.2; +https://openai.com/gptbot)"
20.171.207.73 - - [11/Sep/2025:05:47:43 +0700] "GET /?attachment_id=1621 HTTP/1.0" 200 194841 "-" "Mozilla/5.0 AppleWebKit/537.36 (KHTML, like Gecko; compatible; GPTBot/1.2; +https://openai.com/gptbot)"
217.113.194.73 - - [11/Sep/2025:05:47:45 +0700] "GET /the-psychological-impact-of-language-barrier-on-omegle-and-ometv-users/ HTTP/1.0" 200 82962 "-" "Mozilla/5.0 (compatible; Barkrowler/0.9; +https://babbar.tech/crawler)"
20.171.207.73 - - [11/Sep/2025:05:47:47 +0700] "GET /?attachment_id=1394/embed/ HTTP/1.0" 301 417 "-" "Mozilla/5.0 AppleWebKit/537.36 (KHTML, like Gecko; compatible; GPTBot/1.2; +https://openai.com/gptbot)"
20.171.207.73 - - [11/Sep/2025:05:47:48 +0700] "GET /?attachment_id=1394 HTTP/1.0" 200 198038 "-" "Mozilla/5.0 AppleWebKit/537.36 (KHTML, like Gecko; compatible; GPTBot/1.2; +https://openai.com/gptbot)"
20.171.207.73 - - [11/Sep/2025:05:47:51 +0700] "GET /wp-json/oembed/1.0/embed?format=xml&url=https%3A%2F%2Fvattusacky.vn%2F%3Fattachment_id%3D1697 HTTP/1.0" 200 4146 "-" "Mozilla/5.0 AppleWebKit/537.36 (KHTML, like Gecko; compatible; GPTBot/1.2; +https://openai.com/gptbot)"
20.171.207.73 - - [11/Sep/2025:05:47:54 +0700] "GET /?attachment_id=1807/embed/ HTTP/1.0" 301 417 "-" "Mozilla/5.0 AppleWebKit/537.36 (KHTML, like Gecko; compatible; GPTBot/1.2; +https://openai.com/gptbot)"
20.171.207.73 - - [11/Sep/2025:05:47:55 +0700] "GET /?attachment_id=1807 HTTP/1.0" 200 195849 "-" "Mozilla/5.0 AppleWebKit/537.36 (KHTML, like Gecko; compatible; GPTBot/1.2; +https://openai.com/gptbot)"
185.191.171.14 - - [11/Sep/2025:05:47:58 +0700] "GET /ktera-poskytuje-pozadovanou-perspektivu/ HTTP/1.0" 200 75562 "-" "Mozilla/5.0 (compatible; SemrushBot/7~bl; +http://www.semrush.com/bot.html)"
20.171.207.73 - - [11/Sep/2025:05:48:00 +0700] "GET /wp-json/oembed/1.0/embed?format=xml&url=https%3A%2F%2Fvattusacky.vn%2F%3Fattachment_id%3D1717 HTTP/1.0" 200 4122 "-" "Mozilla/5.0 AppleWebKit/537.36 (KHTML, like Gecko; compatible; GPTBot/1.2; +https://openai.com/gptbot)"
20.171.207.73 - - [11/Sep/2025:05:48:02 +0700] "GET /wp-json/oembed/1.0/embed?format=xml&url=https%3A%2F%2Fvattusacky.vn%2F%3Fattachment_id%3D2002 HTTP/1.0" 200 4233 "-" "Mozilla/5.0 AppleWebKit/537.36 (KHTML, like Gecko; compatible; GPTBot/1.2; +https://openai.com/gptbot)"
217.113.194.72 - - [11/Sep/2025:05:48:04 +0700] "GET /the-psychology-of-omegle-why-people-are-drawn-to-randomized-chatting/ HTTP/1.0" 200 91583 "-" "Mozilla/5.0 (compatible; Barkrowler/0.9; +https://babbar.tech/crawler)"
20.171.207.73 - - [11/Sep/2025:05:48:05 +0700] "GET /wp-json/oembed/1.0/embed?format=xml&url=https%3A%2F%2Fvattusacky.vn%2F%3Fattachment_id%3D1346 HTTP/1.0" 200 4224 "-" "Mozilla/5.0 AppleWebKit/537.36 (KHTML, like Gecko; compatible; GPTBot/1.2; +https://openai.com/gptbot)"
20.171.207.73 - - [11/Sep/2025:05:48:09 +0700] "GET /wp-json/oembed/1.0/embed?format=xml&url=https%3A%2F%2Fvattusacky.vn%2F%3Fattachment_id%3D1506 HTTP/1.0" 200 4162 "-" "Mozilla/5.0 AppleWebKit/537.36 (KHTML, like Gecko; compatible; GPTBot/1.2; +https://openai.com/gptbot)"
20.171.207.73 - - [11/Sep/2025:05:48:12 +0700] "GET /?attachment_id=1697/embed/ HTTP/1.0" 301 417 "-" "Mozilla/5.0 AppleWebKit/537.36 (KHTML, like Gecko; compatible; GPTBot/1.2; +https://openai.com/gptbot)"
20.171.207.73 - - [11/Sep/2025:05:48:13 +0700] "GET /?attachment_id=1697 HTTP/1.0" 200 197859 "-" "Mozilla/5.0 AppleWebKit/537.36 (KHTML, like Gecko; compatible; GPTBot/1.2; +https://openai.com/gptbot)"
20.171.207.73 - - [11/Sep/2025:05:48:15 +0700] "GET /wp-json/oembed/1.0/embed?format=xml&url=https%3A%2F%2Fvattusacky.vn%2F%3Fattachment_id%3D1996 HTTP/1.0" 200 4173 "-" "Mozilla/5.0 AppleWebKit/537.36 (KHTML, like Gecko; compatible; GPTBot/1.2; +https://openai.com/gptbot)"
45.117.177.72 - - [11/Sep/2025:05:48:20 +0700] "POST /wp-cron.php?doing_wp_cron=1757544499.9873919486999511718750 HTTP/1.0" 200 416 "-" "WordPress/6.8.1; https://vattusacky.vn"
20.171.207.73 - - [11/Sep/2025:05:48:18 +0700] "GET /?attachment_id=1717/embed/ HTTP/1.0" 301 417 "-" "Mozilla/5.0 AppleWebKit/537.36 (KHTML, like Gecko; compatible; GPTBot/1.2; +https://openai.com/gptbot)"
20.171.207.73 - - [11/Sep/2025:05:48:20 +0700] "GET /?attachment_id=1717 HTTP/1.0" 200 197742 "-" "Mozilla/5.0 AppleWebKit/537.36 (KHTML, like Gecko; compatible; GPTBot/1.2; +https://openai.com/gptbot)"
20.171.207.73 - - [11/Sep/2025:05:48:23 +0700] "GET /?attachment_id=1405/embed/ HTTP/1.0" 301 417 "-" "Mozilla/5.0 AppleWebKit/537.36 (KHTML, like Gecko; compatible; GPTBot/1.2; +https://openai.com/gptbot)"
20.171.207.73 - - [11/Sep/2025:05:48:24 +0700] "GET /?attachment_id=1405 HTTP/1.0" 200 198197 "-" "Mozilla/5.0 AppleWebKit/537.36 (KHTML, like Gecko; compatible; GPTBot/1.2; +https://openai.com/gptbot)"
20.171.207.73 - - [11/Sep/2025:05:48:28 +0700] "GET /?attachment_id=2002/embed/ HTTP/1.0" 301 417 "-" "Mozilla/5.0 AppleWebKit/537.36 (KHTML, like Gecko; compatible; GPTBot/1.2; +https://openai.com/gptbot)"
217.113.194.75 - - [11/Sep/2025:05:48:29 +0700] "GET /the-evolution-of-random-chats-innovations-introduced-by-omegle-and-ometv/ HTTP/1.0" 200 92084 "-" "Mozilla/5.0 (compatible; Barkrowler/0.9; +https://babbar.tech/crawler)"
20.171.207.73 - - [11/Sep/2025:05:48:29 +0700] "GET /?attachment_id=2002 HTTP/1.0" 200 198640 "-" "Mozilla/5.0 AppleWebKit/537.36 (KHTML, like Gecko; compatible; GPTBot/1.2; +https://openai.com/gptbot)"
20.171.207.73 - - [11/Sep/2025:05:48:34 +0700] "GET /?attachment_id=1346/embed/ HTTP/1.0" 301 417 "-" "Mozilla/5.0 AppleWebKit/537.36 (KHTML, like Gecko; compatible; GPTBot/1.2; +https://openai.com/gptbot)"
20.171.207.73 - - [11/Sep/2025:05:48:35 +0700] "GET /?attachment_id=1346 HTTP/1.0" 200 198365 "-" "Mozilla/5.0 AppleWebKit/537.36 (KHTML, like Gecko; compatible; GPTBot/1.2; +https://openai.com/gptbot)"
20.171.207.73 - - [11/Sep/2025:05:48:39 +0700] "GET /wp-json/oembed/1.0/embed?format=xml&url=https%3A%2F%2Fvattusacky.vn%2F%3Fattachment_id%3D1434 HTTP/1.0" 200 4122 "-" "Mozilla/5.0 AppleWebKit/537.36 (KHTML, like Gecko; compatible; GPTBot/1.2; +https://openai.com/gptbot)"
20.171.207.73 - - [11/Sep/2025:05:48:43 +0700] "GET /?attachment_id=1996/embed/ HTTP/1.0" 301 417 "-" "Mozilla/5.0 AppleWebKit/537.36 (KHTML, like Gecko; compatible; GPTBot/1.2; +https://openai.com/gptbot)"
20.171.207.73 - - [11/Sep/2025:05:48:45 +0700] "GET /?attachment_id=1996 HTTP/1.0" 200 198388 "-" "Mozilla/5.0 AppleWebKit/537.36 (KHTML, like Gecko; compatible; GPTBot/1.2; +https://openai.com/gptbot)"
185.191.171.11 - - [11/Sep/2025:05:48:45 +0700] "GET /chestnaja-igra-play2x-shema-na-pobednye-algoritmy/ HTTP/1.0" 200 116803 "-" "Mozilla/5.0 (compatible; SemrushBot/7~bl; +http://www.semrush.com/bot.html)"
20.171.207.73 - - [11/Sep/2025:05:48:47 +0700] "GET /wp-json/oembed/1.0/embed?format=xml&url=https%3A%2F%2Fvattusacky.vn%2F%3Fattachment_id%3D1752 HTTP/1.0" 200 4110 "-" "Mozilla/5.0 AppleWebKit/537.36 (KHTML, like Gecko; compatible; GPTBot/1.2; +https://openai.com/gptbot)"
217.113.194.79 - - [11/Sep/2025:05:48:50 +0700] "GET /the-spiritual-aspect-of-omegle-connecting-souls-across-the-cyberspace/ HTTP/1.0" 200 91601 "-" "Mozilla/5.0 (compatible; Barkrowler/0.9; +https://babbar.tech/crawler)"
20.171.207.73 - - [11/Sep/2025:05:48:50 +0700] "GET /?attachment_id=1506/embed/ HTTP/1.0" 301 417 "-" "Mozilla/5.0 AppleWebKit/537.36 (KHTML, like Gecko; compatible; GPTBot/1.2; +https://openai.com/gptbot)"
20.171.207.73 - - [11/Sep/2025:05:48:51 +0700] "GET /?attachment_id=1506 HTTP/1.0" 200 198405 "-" "Mozilla/5.0 AppleWebKit/537.36 (KHTML, like Gecko; compatible; GPTBot/1.2; +https://openai.com/gptbot)"
20.171.207.73 - - [11/Sep/2025:05:48:55 +0700] "GET /wp-json/oembed/1.0/embed?format=xml&url=https%3A%2F%2Fvattusacky.vn%2F%3Fattachment_id%3D1657 HTTP/1.0" 200 4186 "-" "Mozilla/5.0 AppleWebKit/537.36 (KHTML, like Gecko; compatible; GPTBot/1.2; +https://openai.com/gptbot)"
20.171.207.73 - - [11/Sep/2025:05:48:58 +0700] "GET /wp-json/oembed/1.0/embed?format=xml&url=https%3A%2F%2Fvattusacky.vn%2F%3Fattachment_id%3D1494 HTTP/1.0" 200 4134 "-" "Mozilla/5.0 AppleWebKit/537.36 (KHTML, like Gecko; compatible; GPTBot/1.2; +https://openai.com/gptbot)"
20.171.207.73 - - [11/Sep/2025:05:49:00 +0700] "GET /?attachment_id=1434/embed/ HTTP/1.0" 301 417 "-" "Mozilla/5.0 AppleWebKit/537.36 (KHTML, like Gecko; compatible; GPTBot/1.2; +https://openai.com/gptbot)"
20.171.207.73 - - [11/Sep/2025:05:49:01 +0700] "GET /?attachment_id=1434 HTTP/1.0" 200 198135 "-" "Mozilla/5.0 AppleWebKit/537.36 (KHTML, like Gecko; compatible; GPTBot/1.2; +https://openai.com/gptbot)"
20.171.207.73 - - [11/Sep/2025:05:49:03 +0700] "GET /wp-json/oembed/1.0/embed?format=xml&url=https%3A%2F%2Fvattusacky.vn%2F%3Fattachment_id%3D1648 HTTP/1.0" 200 3939 "-" "Mozilla/5.0 AppleWebKit/537.36 (KHTML, like Gecko; compatible; GPTBot/1.2; +https://openai.com/gptbot)"
45.117.177.72 - - [11/Sep/2025:05:49:10 +0700] "POST /wp-cron.php?doing_wp_cron=1757544550.4314730167388916015625 HTTP/1.0" 200 416 "-" "WordPress/6.8.1; https://vattusacky.vn"
20.171.207.73 - - [11/Sep/2025:05:49:09 +0700] "GET /?attachment_id=1752/embed/ HTTP/1.0" 301 417 "-" "Mozilla/5.0 AppleWebKit/537.36 (KHTML, like Gecko; compatible; GPTBot/1.2; +https://openai.com/gptbot)"
20.171.207.73 - - [11/Sep/2025:05:49:10 +0700] "GET /?attachment_id=1752 HTTP/1.0" 200 197506 "-" "Mozilla/5.0 AppleWebKit/537.36 (KHTML, like Gecko; compatible; GPTBot/1.2; +https://openai.com/gptbot)"
217.113.194.79 - - [11/Sep/2025:05:49:10 +0700] "GET /the-key-to-unlocking-serendipity-online-a-mindset-of-openness-and-curiosity/ HTTP/1.0" 200 93417 "-" "Mozilla/5.0 (compatible; Barkrowler/0.9; +https://babbar.tech/crawler)"
45.117.177.72 - - [11/Sep/2025:05:49:18 +0700] "POST /wp-cron.php?doing_wp_cron=1757544558.0286879539489746093750 HTTP/1.0" 200 416 "-" "WordPress/6.8.1; https://vattusacky.vn"
20.171.207.73 - - [11/Sep/2025:05:49:16 +0700] "GET /wp-json/oembed/1.0/embed?format=xml&url=https%3A%2F%2Fvattusacky.vn%2F%3Fattachment_id%3D1820 HTTP/1.0" 200 4202 "-" "Mozilla/5.0 AppleWebKit/537.36 (KHTML, like Gecko; compatible; GPTBot/1.2; +https://openai.com/gptbot)"
20.171.207.73 - - [11/Sep/2025:05:49:23 +0700] "GET /wp-json/oembed/1.0/embed?format=xml&url=https%3A%2F%2Fvattusacky.vn%2F%3Fattachment_id%3D1429 HTTP/1.0" 200 4170 "-" "Mozilla/5.0 AppleWebKit/537.36 (KHTML, like Gecko; compatible; GPTBot/1.2; +https://openai.com/gptbot)"
20.171.207.73 - - [11/Sep/2025:05:49:31 +0700] "GET /?attachment_id=1657/embed/ HTTP/1.0" 301 417 "-" "Mozilla/5.0 AppleWebKit/537.36 (KHTML, like Gecko; compatible; GPTBot/1.2; +https://openai.com/gptbot)"
20.171.207.73 - - [11/Sep/2025:05:49:32 +0700] "GET /?attachment_id=1657 HTTP/1.0" 200 198068 "-" "Mozilla/5.0 AppleWebKit/537.36 (KHTML, like Gecko; compatible; GPTBot/1.2; +https://openai.com/gptbot)"
217.113.194.81 - - [11/Sep/2025:05:49:33 +0700] "GET /building-confidence-in-language-communication-on-omegle-and-ometv/feed/ HTTP/1.0" 200 1792 "-" "Mozilla/5.0 (compatible; Barkrowler/0.9; +https://babbar.tech/crawler)"
20.171.207.73 - - [11/Sep/2025:05:49:37 +0700] "GET /wp-json/oembed/1.0/embed?format=xml&url=https%3A%2F%2Fvattusacky.vn%2F%3Fattachment_id%3D1449 HTTP/1.0" 200 4194 "-" "Mozilla/5.0 AppleWebKit/537.36 (KHTML, like Gecko; compatible; GPTBot/1.2; +https://openai.com/gptbot)"
20.171.207.73 - - [11/Sep/2025:05:49:42 +0700] "GET /?attachment_id=1648/embed/ HTTP/1.0" 301 417 "-" "Mozilla/5.0 AppleWebKit/537.36 (KHTML, like Gecko; compatible; GPTBot/1.2; +https://openai.com/gptbot)"
20.171.207.73 - - [11/Sep/2025:05:49:43 +0700] "GET /?attachment_id=1648 HTTP/1.0" 200 194723 "-" "Mozilla/5.0 AppleWebKit/537.36 (KHTML, like Gecko; compatible; GPTBot/1.2; +https://openai.com/gptbot)"
20.171.207.73 - - [11/Sep/2025:05:49:47 +0700] "GET /wp-json/oembed/1.0/embed?format=xml&url=https%3A%2F%2Fvattusacky.vn%2F%3Fattachment_id%3D1641 HTTP/1.0" 200 4166 "-" "Mozilla/5.0 AppleWebKit/537.36 (KHTML, like Gecko; compatible; GPTBot/1.2; +https://openai.com/gptbot)"
217.113.194.79 - - [11/Sep/2025:05:49:50 +0700] "GET /building-trust-in-omegle-conversations-navigating-anonymity-and-authenticity/feed/ HTTP/1.0" 200 1825 "-" "Mozilla/5.0 (compatible; Barkrowler/0.9; +https://babbar.tech/crawler)"
20.171.207.73 - - [11/Sep/2025:05:49:51 +0700] "GET /?attachment_id=1429/embed/ HTTP/1.0" 301 417 "-" "Mozilla/5.0 AppleWebKit/537.36 (KHTML, like Gecko; compatible; GPTBot/1.2; +https://openai.com/gptbot)"
20.171.207.73 - - [11/Sep/2025:05:49:52 +0700] "GET /?attachment_id=1429 HTTP/1.0" 200 198344 "-" "Mozilla/5.0 AppleWebKit/537.36 (KHTML, like Gecko; compatible; GPTBot/1.2; +https://openai.com/gptbot)"
20.171.207.73 - - [11/Sep/2025:05:49:55 +0700] "GET /wp-json/oembed/1.0/embed?format=xml&url=https%3A%2F%2Fvattusacky.vn%2F%3Fattachment_id%3D1262 HTTP/1.0" 200 3377 "-" "Mozilla/5.0 AppleWebKit/537.36 (KHTML, like Gecko; compatible; GPTBot/1.2; +https://openai.com/gptbot)"
20.171.207.73 - - [11/Sep/2025:05:49:59 +0700] "GET /?attachment_id=1494/embed/ HTTP/1.0" 301 417 "-" "Mozilla/5.0 AppleWebKit/537.36 (KHTML, like Gecko; compatible; GPTBot/1.2; +https://openai.com/gptbot)"
20.171.207.73 - - [11/Sep/2025:05:50:01 +0700] "GET /?attachment_id=1494 HTTP/1.0" 200 198015 "-" "Mozilla/5.0 AppleWebKit/537.36 (KHTML, like Gecko; compatible; GPTBot/1.2; +https://openai.com/gptbot)"
20.171.207.73 - - [11/Sep/2025:05:50:06 +0700] "GET /?attachment_id=1449/embed/ HTTP/1.0" 301 417 "-" "Mozilla/5.0 AppleWebKit/537.36 (KHTML, like Gecko; compatible; GPTBot/1.2; +https://openai.com/gptbot)"
217.113.194.218 - - [11/Sep/2025:05:50:07 +0700] "GET /building-authentic-personal-relationships-on-omegle-and-ometv/feed/ HTTP/1.0" 200 1780 "-" "Mozilla/5.0 (compatible; Barkrowler/0.9; +https://babbar.tech/crawler)"
20.171.207.73 - - [11/Sep/2025:05:50:07 +0700] "GET /?attachment_id=1449 HTTP/1.0" 200 198463 "-" "Mozilla/5.0 AppleWebKit/537.36 (KHTML, like Gecko; compatible; GPTBot/1.2; +https://openai.com/gptbot)"
20.171.207.73 - - [11/Sep/2025:05:50:13 +0700] "GET /wp-json/oembed/1.0/embed?format=xml&url=https%3A%2F%2Fvattusacky.vn%2F%3Fattachment_id%3D1576 HTTP/1.0" 200 3376 "-" "Mozilla/5.0 AppleWebKit/537.36 (KHTML, like Gecko; compatible; GPTBot/1.2; +https://openai.com/gptbot)"
45.117.177.72 - - [11/Sep/2025:05:50:20 +0700] "POST /wp-cron.php?doing_wp_cron=1757544619.9576060771942138671875 HTTP/1.0" 200 416 "-" "WordPress/6.8.1; https://vattusacky.vn"
20.171.207.73 - - [11/Sep/2025:05:50:18 +0700] "GET /?attachment_id=1641/embed/ HTTP/1.0" 301 417 "-" "Mozilla/5.0 AppleWebKit/537.36 (KHTML, like Gecko; compatible; GPTBot/1.2; +https://openai.com/gptbot)"
20.171.207.73 - - [11/Sep/2025:05:50:20 +0700] "GET /?attachment_id=1641 HTTP/1.0" 200 198048 "-" "Mozilla/5.0 AppleWebKit/537.36 (KHTML, like Gecko; compatible; GPTBot/1.2; +https://openai.com/gptbot)"
217.113.194.74 - - [11/Sep/2025:05:50:25 +0700] "GET /daddy-casino-obzor-2023-i-bonusy-vhod-na-rabochee/ HTTP/1.0" 200 98499 "-" "Mozilla/5.0 (compatible; Barkrowler/0.9; +https://babbar.tech/crawler)"
20.171.207.73 - - [11/Sep/2025:05:50:25 +0700] "GET /wp-json/oembed/1.0/embed?format=xml&url=https%3A%2F%2Fvattusacky.vn%2F%3Fattachment_id%3D1740 HTTP/1.0" 200 4182 "-" "Mozilla/5.0 AppleWebKit/537.36 (KHTML, like Gecko; compatible; GPTBot/1.2; +https://openai.com/gptbot)"
20.171.207.73 - - [11/Sep/2025:05:50:30 +0700] "GET /?attachment_id=1262/embed/ HTTP/1.0" 301 417 "-" "Mozilla/5.0 AppleWebKit/537.36 (KHTML, like Gecko; compatible; GPTBot/1.2; +https://openai.com/gptbot)"
20.171.207.73 - - [11/Sep/2025:05:50:31 +0700] "GET /?attachment_id=1262 HTTP/1.0" 200 197844 "-" "Mozilla/5.0 AppleWebKit/537.36 (KHTML, like Gecko; compatible; GPTBot/1.2; +https://openai.com/gptbot)"
213.180.203.166 - - [11/Sep/2025:05:50:34 +0700] "GET /robots.txt HTTP/1.0" 200 984 "-" "Mozilla/5.0 (compatible; YandexBot/3.0; +http://yandex.com/bots)"
20.171.207.73 - - [11/Sep/2025:05:50:37 +0700] "GET /wp-json/oembed/1.0/embed?format=xml&url=https%3A%2F%2Fvattusacky.vn%2F%3Fattachment_id%3D2023 HTTP/1.0" 200 4037 "-" "Mozilla/5.0 AppleWebKit/537.36 (KHTML, like Gecko; compatible; GPTBot/1.2; +https://openai.com/gptbot)"
20.171.207.73 - - [11/Sep/2025:05:50:42 +0700] "GET /?attachment_id=1576/embed/ HTTP/1.0" 301 417 "-" "Mozilla/5.0 AppleWebKit/537.36 (KHTML, like Gecko; compatible; GPTBot/1.2; +https://openai.com/gptbot)"
20.171.207.73 - - [11/Sep/2025:05:50:43 +0700] "GET /?attachment_id=1576 HTTP/1.0" 200 197808 "-" "Mozilla/5.0 AppleWebKit/537.36 (KHTML, like Gecko; compatible; GPTBot/1.2; +https://openai.com/gptbot)"
217.113.194.72 - - [11/Sep/2025:05:50:47 +0700] "GET /daddy-casino-igrat-v-onlajn-ruletku-igrovye-sloty-2/ HTTP/1.0" 200 95958 "-" "Mozilla/5.0 (compatible; Barkrowler/0.9; +https://babbar.tech/crawler)"
20.171.207.73 - - [11/Sep/2025:05:50:49 +0700] "GET /?attachment_id=1820/embed/ HTTP/1.0" 301 417 "-" "Mozilla/5.0 AppleWebKit/537.36 (KHTML, like Gecko; compatible; GPTBot/1.2; +https://openai.com/gptbot)"
20.171.207.73 - - [11/Sep/2025:05:50:50 +0700] "GET /?attachment_id=1820 HTTP/1.0" 200 198131 "-" "Mozilla/5.0 AppleWebKit/537.36 (KHTML, like Gecko; compatible; GPTBot/1.2; +https://openai.com/gptbot)"
20.171.207.73 - - [11/Sep/2025:05:50:55 +0700] "GET /?attachment_id=1740/embed/ HTTP/1.0" 301 417 "-" "Mozilla/5.0 AppleWebKit/537.36 (KHTML, like Gecko; compatible; GPTBot/1.2; +https://openai.com/gptbot)"
20.171.207.73 - - [11/Sep/2025:05:50:56 +0700] "GET /?attachment_id=1740 HTTP/1.0" 200 198038 "-" "Mozilla/5.0 AppleWebKit/537.36 (KHTML, like Gecko; compatible; GPTBot/1.2; +https://openai.com/gptbot)"
20.171.207.73 - - [11/Sep/2025:05:51:03 +0700] "GET /wp-json/oembed/1.0/embed?format=xml&url=https%3A%2F%2Fvattusacky.vn%2F%3Fattachment_id%3D1430 HTTP/1.0" 200 4166 "-" "Mozilla/5.0 AppleWebKit/537.36 (KHTML, like Gecko; compatible; GPTBot/1.2; +https://openai.com/gptbot)"
20.171.207.73 - - [11/Sep/2025:05:51:07 +0700] "GET /?attachment_id=2023/embed/ HTTP/1.0" 301 417 "-" "Mozilla/5.0 AppleWebKit/537.36 (KHTML, like Gecko; compatible; GPTBot/1.2; +https://openai.com/gptbot)"
217.113.194.81 - - [11/Sep/2025:05:51:08 +0700] "GET /reliable-mail-purchase-brides-acquire-a-better-half-online-at-no-cost/feed/ HTTP/1.0" 200 1805 "-" "Mozilla/5.0 (compatible; Barkrowler/0.9; +https://babbar.tech/crawler)"
20.171.207.73 - - [11/Sep/2025:05:51:09 +0700] "GET /?attachment_id=2023 HTTP/1.0" 200 195277 "-" "Mozilla/5.0 AppleWebKit/537.36 (KHTML, like Gecko; compatible; GPTBot/1.2; +https://openai.com/gptbot)"
20.171.207.73 - - [11/Sep/2025:05:51:13 +0700] "GET /wp-json/oembed/1.0/embed?format=xml&url=https%3A%2F%2Fvattusacky.vn%2F%3Fattachment_id%3D1293 HTTP/1.0" 200 4219 "-" "Mozilla/5.0 AppleWebKit/537.36 (KHTML, like Gecko; compatible; GPTBot/1.2; +https://openai.com/gptbot)"
45.117.177.72 - - [11/Sep/2025:05:51:20 +0700] "POST /wp-cron.php?doing_wp_cron=1757544680.0647549629211425781250 HTTP/1.0" 200 416 "-" "WordPress/6.8.1; https://vattusacky.vn"
20.171.207.73 - - [11/Sep/2025:05:51:18 +0700] "GET /wp-json/oembed/1.0/embed?format=xml&url=https%3A%2F%2Fvattusacky.vn%2F%3Fattachment_id%3D1321 HTTP/1.0" 200 4250 "-" "Mozilla/5.0 AppleWebKit/537.36 (KHTML, like Gecko; compatible; GPTBot/1.2; +https://openai.com/gptbot)"
20.171.207.73 - - [11/Sep/2025:05:51:24 +0700] "GET /wp-json/oembed/1.0/embed?format=xml&url=https%3A%2F%2Fvattusacky.vn%2F%3Fattachment_id%3D2028 HTTP/1.0" 200 4011 "-" "Mozilla/5.0 AppleWebKit/537.36 (KHTML, like Gecko; compatible; GPTBot/1.2; +https://openai.com/gptbot)"
217.113.194.81 - - [11/Sep/2025:05:51:27 +0700] "GET /anonymity-and-authenticity-the-intersection-of-privacy-and-communication-on-omegle/ HTTP/1.0" 200 90545 "-" "Mozilla/5.0 (compatible; Barkrowler/0.9; +https://babbar.tech/crawler)"
20.171.207.73 - - [11/Sep/2025:05:51:29 +0700] "GET /?attachment_id=1430/embed/ HTTP/1.0" 301 417 "-" "Mozilla/5.0 AppleWebKit/537.36 (KHTML, like Gecko; compatible; GPTBot/1.2; +https://openai.com/gptbot)"
20.171.207.73 - - [11/Sep/2025:05:51:30 +0700] "GET /?attachment_id=1430 HTTP/1.0" 200 198417 "-" "Mozilla/5.0 AppleWebKit/537.36 (KHTML, like Gecko; compatible; GPTBot/1.2; +https://openai.com/gptbot)"
20.171.207.73 - - [11/Sep/2025:05:51:36 +0700] "GET /wp-json/oembed/1.0/embed?format=xml&url=https%3A%2F%2Fvattusacky.vn%2F%3Fattachment_id%3D1991 HTTP/1.0" 200 4344 "-" "Mozilla/5.0 AppleWebKit/537.36 (KHTML, like Gecko; compatible; GPTBot/1.2; +https://openai.com/gptbot)"
20.171.207.73 - - [11/Sep/2025:05:51:41 +0700] "GET /wp-json/oembed/1.0/embed?format=xml&url=https%3A%2F%2Fvattusacky.vn%2F%3Fattachment_id%3D1806 HTTP/1.0" 200 4178 "-" "Mozilla/5.0 AppleWebKit/537.36 (KHTML, like Gecko; compatible; GPTBot/1.2; +https://openai.com/gptbot)"
20.171.207.73 - - [11/Sep/2025:05:51:47 +0700] "GET /?attachment_id=1321/embed/ HTTP/1.0" 301 417 "-" "Mozilla/5.0 AppleWebKit/537.36 (KHTML, like Gecko; compatible; GPTBot/1.2; +https://openai.com/gptbot)"
217.113.194.72 - - [11/Sep/2025:05:51:48 +0700] "GET /anonymity-and-connection-an-unconventional-path-to-intimacy-on-omegle/ HTTP/1.0" 200 91509 "-" "Mozilla/5.0 (compatible; Barkrowler/0.9; +https://babbar.tech/crawler)"
20.171.207.73 - - [11/Sep/2025:05:51:48 +0700] "GET /?attachment_id=1321 HTTP/1.0" 200 198903 "-" "Mozilla/5.0 AppleWebKit/537.36 (KHTML, like Gecko; compatible; GPTBot/1.2; +https://openai.com/gptbot)"
20.171.207.73 - - [11/Sep/2025:05:51:53 +0700] "GET /?attachment_id=2028/embed/ HTTP/1.0" 301 417 "-" "Mozilla/5.0 AppleWebKit/537.36 (KHTML, like Gecko; compatible; GPTBot/1.2; +https://openai.com/gptbot)"
20.171.207.73 - - [11/Sep/2025:05:51:55 +0700] "GET /?attachment_id=2028 HTTP/1.0" 200 195067 "-" "Mozilla/5.0 AppleWebKit/537.36 (KHTML, like Gecko; compatible; GPTBot/1.2; +https://openai.com/gptbot)"
20.171.207.73 - - [11/Sep/2025:05:52:00 +0700] "GET /?attachment_id=1293/embed/ HTTP/1.0" 301 417 "-" "Mozilla/5.0 AppleWebKit/537.36 (KHTML, like Gecko; compatible; GPTBot/1.2; +https://openai.com/gptbot)"
20.171.207.73 - - [11/Sep/2025:05:52:01 +0700] "GET /?attachment_id=1293 HTTP/1.0" 200 198550 "-" "Mozilla/5.0 AppleWebKit/537.36 (KHTML, like Gecko; compatible; GPTBot/1.2; +https://openai.com/gptbot)"
4.227.36.85 - - [11/Sep/2025:05:52:02 +0700] "GET /robots.txt HTTP/1.0" 200 984 "-" "Mozilla/5.0 AppleWebKit/537.36 (KHTML, like Gecko; compatible; GPTBot/1.2; +https://openai.com/gptbot)"
20.171.207.73 - - [11/Sep/2025:05:52:07 +0700] "GET /?attachment_id=1991/embed/ HTTP/1.0" 301 417 "-" "Mozilla/5.0 AppleWebKit/537.36 (KHTML, like Gecko; compatible; GPTBot/1.2; +https://openai.com/gptbot)"
20.171.207.73 - - [11/Sep/2025:05:52:08 +0700] "GET /?attachment_id=1991 HTTP/1.0" 200 198604 "-" "Mozilla/5.0 AppleWebKit/537.36 (KHTML, like Gecko; compatible; GPTBot/1.2; +https://openai.com/gptbot)"
217.113.194.73 - - [11/Sep/2025:05:52:09 +0700] "GET /wedding-brides-for-sale-how-to-find-the-very-best-deals-in-brides-that-you-can-buy/ HTTP/1.0" 200 207836 "-" "Mozilla/5.0 (compatible; Barkrowler/0.9; +https://babbar.tech/crawler)"
20.171.207.73 - - [11/Sep/2025:05:52:14 +0700] "GET /?attachment_id=1806/embed/ HTTP/1.0" 301 417 "-" "Mozilla/5.0 AppleWebKit/537.36 (KHTML, like Gecko; compatible; GPTBot/1.2; +https://openai.com/gptbot)"
20.171.207.73 - - [11/Sep/2025:05:52:15 +0700] "GET /?attachment_id=1806 HTTP/1.0" 200 198038 "-" "Mozilla/5.0 AppleWebKit/537.36 (KHTML, like Gecko; compatible; GPTBot/1.2; +https://openai.com/gptbot)"
45.117.177.72 - - [11/Sep/2025:05:52:21 +0700] "POST /wp-cron.php?doing_wp_cron=1757544741.0189960002899169921875 HTTP/1.0" 200 416 "-" "WordPress/6.8.1; https://vattusacky.vn"
20.171.207.73 - - [11/Sep/2025:05:52:19 +0700] "GET /wp-json/oembed/1.0/embed?format=xml&url=https%3A%2F%2Fvattusacky.vn%2F%3Fattachment_id%3D1711 HTTP/1.0" 200 4396 "-" "Mozilla/5.0 AppleWebKit/537.36 (KHTML, like Gecko; compatible; GPTBot/1.2; +https://openai.com/gptbot)"
20.171.207.73 - - [11/Sep/2025:05:52:24 +0700] "GET /wp-json/oembed/1.0/embed?format=xml&url=https%3A%2F%2Fvattusacky.vn%2F%3Fattachment_id%3D1677 HTTP/1.0" 200 4134 "-" "Mozilla/5.0 AppleWebKit/537.36 (KHTML, like Gecko; compatible; GPTBot/1.2; +https://openai.com/gptbot)"
20.171.207.73 - - [11/Sep/2025:05:52:30 +0700] "GET /wp-json/oembed/1.0/embed?format=xml&url=https%3A%2F%2Fvattusacky.vn%2F%3Fattachment_id%3D1649 HTTP/1.0" 200 3939 "-" "Mozilla/5.0 AppleWebKit/537.36 (KHTML, like Gecko; compatible; GPTBot/1.2; +https://openai.com/gptbot)"
20.171.207.73 - - [11/Sep/2025:05:52:37 +0700] "GET /wp-json/oembed/1.0/embed?format=xml&url=https%3A%2F%2Fvattusacky.vn%2F%3Fattachment_id%3D1305 HTTP/1.0" 200 3972 "-" "Mozilla/5.0 AppleWebKit/537.36 (KHTML, like Gecko; compatible; GPTBot/1.2; +https://openai.com/gptbot)"
20.171.207.73 - - [11/Sep/2025:05:52:43 +0700] "GET /wp-json/oembed/1.0/embed?format=xml&url=https%3A%2F%2Fvattusacky.vn%2F%3Fattachment_id%3D1736 HTTP/1.0" 200 4106 "-" "Mozilla/5.0 AppleWebKit/537.36 (KHTML, like Gecko; compatible; GPTBot/1.2; +https://openai.com/gptbot)"
217.113.194.74 - - [11/Sep/2025:05:52:46 +0700] "GET /sharing-stories-and-experiences-on-omegle-how-users-connect-on-a-deeper-level/ HTTP/1.0" 200 92103 "-" "Mozilla/5.0 (compatible; Barkrowler/0.9; +https://babbar.tech/crawler)"
20.171.207.73 - - [11/Sep/2025:05:52:50 +0700] "GET /wp-json/oembed/1.0/embed?format=xml&url=https%3A%2F%2Fvattusacky.vn%2F%3Fattachment_id%3D1470 HTTP/1.0" 200 4168 "-" "Mozilla/5.0 AppleWebKit/537.36 (KHTML, like Gecko; compatible; GPTBot/1.2; +https://openai.com/gptbot)"
20.171.207.73 - - [11/Sep/2025:05:52:56 +0700] "GET /?attachment_id=1711/embed/ HTTP/1.0" 301 417 "-" "Mozilla/5.0 AppleWebKit/537.36 (KHTML, like Gecko; compatible; GPTBot/1.2; +https://openai.com/gptbot)"
20.171.207.73 - - [11/Sep/2025:05:52:57 +0700] "GET /?attachment_id=1711 HTTP/1.0" 200 198431 "-" "Mozilla/5.0 AppleWebKit/537.36 (KHTML, like Gecko; compatible; GPTBot/1.2; +https://openai.com/gptbot)"
20.171.207.73 - - [11/Sep/2025:05:53:03 +0700] "GET /?attachment_id=1677/embed/ HTTP/1.0" 301 417 "-" "Mozilla/5.0 AppleWebKit/537.36 (KHTML, like Gecko; compatible; GPTBot/1.2; +https://openai.com/gptbot)"
20.171.207.73 - - [11/Sep/2025:05:53:04 +0700] "GET /?attachment_id=1677 HTTP/1.0" 200 198120 "-" "Mozilla/5.0 AppleWebKit/537.36 (KHTML, like Gecko; compatible; GPTBot/1.2; +https://openai.com/gptbot)"
20.171.207.73 - - [11/Sep/2025:05:53:10 +0700] "GET /?attachment_id=1649/embed/ HTTP/1.0" 301 417 "-" "Mozilla/5.0 AppleWebKit/537.36 (KHTML, like Gecko; compatible; GPTBot/1.2; +https://openai.com/gptbot)"
20.171.207.73 - - [11/Sep/2025:05:53:12 +0700] "GET /?attachment_id=1649 HTTP/1.0" 200 194723 "-" "Mozilla/5.0 AppleWebKit/537.36 (KHTML, like Gecko; compatible; GPTBot/1.2; +https://openai.com/gptbot)"
217.113.194.72 - - [11/Sep/2025:05:53:13 +0700] "GET /sweet-bonanza-slot-otkrojte-barabany-i-sobirajte-3/ HTTP/1.0" 200 95908 "-" "Mozilla/5.0 (compatible; Barkrowler/0.9; +https://babbar.tech/crawler)"
45.117.177.72 - - [11/Sep/2025:05:53:19 +0700] "POST /wp-cron.php?doing_wp_cron=1757544799.9138569831848144531250 HTTP/1.0" 200 416 "-" "WordPress/6.8.1; https://vattusacky.vn"
20.171.207.73 - - [11/Sep/2025:05:53:18 +0700] "GET /?attachment_id=1736/embed/ HTTP/1.0" 301 417 "-" "Mozilla/5.0 AppleWebKit/537.36 (KHTML, like Gecko; compatible; GPTBot/1.2; +https://openai.com/gptbot)"
20.171.207.73 - - [11/Sep/2025:05:53:20 +0700] "GET /?attachment_id=1736 HTTP/1.0" 200 197377 "-" "Mozilla/5.0 AppleWebKit/537.36 (KHTML, like Gecko; compatible; GPTBot/1.2; +https://openai.com/gptbot)"
20.171.207.73 - - [11/Sep/2025:05:53:26 +0700] "GET /?attachment_id=1305/embed/ HTTP/1.0" 301 417 "-" "Mozilla/5.0 AppleWebKit/537.36 (KHTML, like Gecko; compatible; GPTBot/1.2; +https://openai.com/gptbot)"
20.171.207.73 - - [11/Sep/2025:05:53:28 +0700] "GET /?attachment_id=1305 HTTP/1.0" 200 194809 "-" "Mozilla/5.0 AppleWebKit/537.36 (KHTML, like Gecko; compatible; GPTBot/1.2; +https://openai.com/gptbot)"
20.171.207.73 - - [11/Sep/2025:05:53:34 +0700] "GET /?attachment_id=1470/embed/ HTTP/1.0" 301 417 "-" "Mozilla/5.0 AppleWebKit/537.36 (KHTML, like Gecko; compatible; GPTBot/1.2; +https://openai.com/gptbot)"
20.171.207.73 - - [11/Sep/2025:05:53:35 +0700] "GET /?attachment_id=1470 HTTP/1.0" 200 198108 "-" "Mozilla/5.0 AppleWebKit/537.36 (KHTML, like Gecko; compatible; GPTBot/1.2; +https://openai.com/gptbot)"
217.113.194.78 - - [11/Sep/2025:05:53:36 +0700] "GET /is-omegle-a-platform-for-genuine-connections-or-casual-entertainment/feed/ HTTP/1.0" 200 1801 "-" "Mozilla/5.0 (compatible; Barkrowler/0.9; +https://babbar.tech/crawler)"
20.171.207.73 - - [11/Sep/2025:05:53:42 +0700] "GET /wp-json/oembed/1.0/embed?format=xml&url=https%3A%2F%2Fvattusacky.vn%2F%3Fattachment_id%3D1540 HTTP/1.0" 200 4278 "-" "Mozilla/5.0 AppleWebKit/537.36 (KHTML, like Gecko; compatible; GPTBot/1.2; +https://openai.com/gptbot)"
20.171.207.73 - - [11/Sep/2025:05:53:49 +0700] "GET /wp-json/oembed/1.0/embed?format=xml&url=https%3A%2F%2Fvattusacky.vn%2F%3Fattachment_id%3D1322 HTTP/1.0" 200 4270 "-" "Mozilla/5.0 AppleWebKit/537.36 (KHTML, like Gecko; compatible; GPTBot/1.2; +https://openai.com/gptbot)"
217.113.194.79 - - [11/Sep/2025:05:53:55 +0700] "GET /1win-casino-onlajn-shirokij-vybor-igrovyh-slotov-2/ HTTP/1.0" 200 224536 "-" "Mozilla/5.0 (compatible; Barkrowler/0.9; +https://babbar.tech/crawler)"
20.171.207.73 - - [11/Sep/2025:05:53:56 +0700] "GET /wp-json/oembed/1.0/embed?format=xml&url=https%3A%2F%2Fvattusacky.vn%2F%3Fattachment_id%3D1949 HTTP/1.0" 200 4202 "-" "Mozilla/5.0 AppleWebKit/537.36 (KHTML, like Gecko; compatible; GPTBot/1.2; +https://openai.com/gptbot)"
20.171.207.73 - - [11/Sep/2025:05:54:05 +0700] "GET /wp-json/oembed/1.0/embed?format=xml&url=https%3A%2F%2Fvattusacky.vn%2F%3Fattachment_id%3D1731 HTTP/1.0" 200 4150 "-" "Mozilla/5.0 AppleWebKit/537.36 (KHTML, like Gecko; compatible; GPTBot/1.2; +https://openai.com/gptbot)"
20.171.207.73 - - [11/Sep/2025:05:54:12 +0700] "GET /wp-json/oembed/1.0/embed?format=xml&url=https%3A%2F%2Fvattusacky.vn%2F%3Fattachment_id%3D1180 HTTP/1.0" 200 3380 "-" "Mozilla/5.0 AppleWebKit/537.36 (KHTML, like Gecko; compatible; GPTBot/1.2; +https://openai.com/gptbot)"
45.117.177.72 - - [11/Sep/2025:05:54:20 +0700] "POST /wp-cron.php?doing_wp_cron=1757544860.3723099231719970703125 HTTP/1.0" 200 416 "-" "WordPress/6.8.1; https://vattusacky.vn"
20.171.207.73 - - [11/Sep/2025:05:54:19 +0700] "GET /wp-json/oembed/1.0/embed?format=xml&url=https%3A%2F%2Fvattusacky.vn%2F%3Fattachment_id%3D1992 HTTP/1.0" 200 4203 "-" "Mozilla/5.0 AppleWebKit/537.36 (KHTML, like Gecko; compatible; GPTBot/1.2; +https://openai.com/gptbot)"
20.171.207.73 - - [11/Sep/2025:05:54:27 +0700] "GET /?attachment_id=1540/embed/ HTTP/1.0" 301 417 "-" "Mozilla/5.0 AppleWebKit/537.36 (KHTML, like Gecko; compatible; GPTBot/1.2; +https://openai.com/gptbot)"
217.113.194.81 - - [11/Sep/2025:05:54:28 +0700] "GET /1xbet-app-obtain-xbet-login-and-promocode-2023-593/feed/ HTTP/1.0" 200 1747 "-" "Mozilla/5.0 (compatible; Barkrowler/0.9; +https://babbar.tech/crawler)"
20.171.207.73 - - [11/Sep/2025:05:54:28 +0700] "GET /?attachment_id=1540 HTTP/1.0" 200 198563 "-" "Mozilla/5.0 AppleWebKit/537.36 (KHTML, like Gecko; compatible; GPTBot/1.2; +https://openai.com/gptbot)"
20.171.207.73 - - [11/Sep/2025:05:54:38 +0700] "GET /?attachment_id=1322/embed/ HTTP/1.0" 301 417 "-" "Mozilla/5.0 AppleWebKit/537.36 (KHTML, like Gecko; compatible; GPTBot/1.2; +https://openai.com/gptbot)"
20.171.207.73 - - [11/Sep/2025:05:54:39 +0700] "GET /?attachment_id=1322 HTTP/1.0" 200 198603 "-" "Mozilla/5.0 AppleWebKit/537.36 (KHTML, like Gecko; compatible; GPTBot/1.2; +https://openai.com/gptbot)"
154.54.249.200 - - [11/Sep/2025:05:54:47 +0700] "GET /1xbet-bookmaker-in-uganda-new-1xbet-uganda-on-line-87/feed/ HTTP/1.0" 200 1770 "-" "Mozilla/5.0 (compatible; Barkrowler/0.9; +https://babbar.tech/crawler)"
20.171.207.73 - - [11/Sep/2025:05:54:47 +0700] "GET /?attachment_id=1731/embed/ HTTP/1.0" 301 417 "-" "Mozilla/5.0 AppleWebKit/537.36 (KHTML, like Gecko; compatible; GPTBot/1.2; +https://openai.com/gptbot)"
20.171.207.73 - - [11/Sep/2025:05:54:49 +0700] "GET /?attachment_id=1731 HTTP/1.0" 200 198004 "-" "Mozilla/5.0 AppleWebKit/537.36 (KHTML, like Gecko; compatible; GPTBot/1.2; +https://openai.com/gptbot)"
20.171.207.73 - - [11/Sep/2025:05:54:54 +0700] "GET /wp-json/oembed/1.0/embed?format=xml&url=https%3A%2F%2Fvattusacky.vn%2F%3Fattachment_id%3D1834 HTTP/1.0" 200 4198 "-" "Mozilla/5.0 AppleWebKit/537.36 (KHTML, like Gecko; compatible; GPTBot/1.2; +https://openai.com/gptbot)"
20.171.207.73 - - [11/Sep/2025:05:54:59 +0700] "GET /?attachment_id=1949/embed/ HTTP/1.0" 301 417 "-" "Mozilla/5.0 AppleWebKit/537.36 (KHTML, like Gecko; compatible; GPTBot/1.2; +https://openai.com/gptbot)"
20.171.207.73 - - [11/Sep/2025:05:55:00 +0700] "GET /?attachment_id=1949 HTTP/1.0" 200 198159 "-" "Mozilla/5.0 AppleWebKit/537.36 (KHTML, like Gecko; compatible; GPTBot/1.2; +https://openai.com/gptbot)"
217.113.194.81 - - [11/Sep/2025:05:55:05 +0700] "GET /unveiling-the-darker-side-of-omegle-essential-measures-for-online-safety/ HTTP/1.0" 200 92597 "-" "Mozilla/5.0 (compatible; Barkrowler/0.9; +https://babbar.tech/crawler)"
20.171.207.73 - - [11/Sep/2025:05:55:06 +0700] "GET /?attachment_id=1679/embed/ HTTP/1.0" 301 417 "-" "Mozilla/5.0 AppleWebKit/537.36 (KHTML, like Gecko; compatible; GPTBot/1.2; +https://openai.com/gptbot)"
20.171.207.73 - - [11/Sep/2025:05:55:07 +0700] "GET /?attachment_id=1679 HTTP/1.0" 200 194703 "-" "Mozilla/5.0 AppleWebKit/537.36 (KHTML, like Gecko; compatible; GPTBot/1.2; +https://openai.com/gptbot)"
20.171.207.73 - - [11/Sep/2025:05:55:13 +0700] "GET /wp-json/oembed/1.0/embed?format=xml&url=https%3A%2F%2Fvattusacky.vn%2F%3Fattachment_id%3D1683 HTTP/1.0" 200 3963 "-" "Mozilla/5.0 AppleWebKit/537.36 (KHTML, like Gecko; compatible; GPTBot/1.2; +https://openai.com/gptbot)"
45.117.177.72 - - [11/Sep/2025:05:55:19 +0700] "POST /wp-cron.php?doing_wp_cron=1757544919.5103240013122558593750 HTTP/1.0" 200 416 "-" "WordPress/6.8.1; https://vattusacky.vn"
20.171.207.73 - - [11/Sep/2025:05:55:18 +0700] "GET /?attachment_id=1822/embed/ HTTP/1.0" 301 417 "-" "Mozilla/5.0 AppleWebKit/537.36 (KHTML, like Gecko; compatible; GPTBot/1.2; +https://openai.com/gptbot)"
20.171.207.73 - - [11/Sep/2025:05:55:19 +0700] "GET /?attachment_id=1822 HTTP/1.0" 200 198044 "-" "Mozilla/5.0 AppleWebKit/537.36 (KHTML, like Gecko; compatible; GPTBot/1.2; +https://openai.com/gptbot)"
20.171.207.73 - - [11/Sep/2025:05:55:24 +0700] "GET /wp-json/oembed/1.0/embed?format=xml&url=https%3A%2F%2Fvattusacky.vn%2F%3Fattachment_id%3D2012 HTTP/1.0" 200 4202 "-" "Mozilla/5.0 AppleWebKit/537.36 (KHTML, like Gecko; compatible; GPTBot/1.2; +https://openai.com/gptbot)"
217.113.194.217 - - [11/Sep/2025:05:55:27 +0700] "GET /panduan-lengkap-untuk-menang-di-permainan-slot-online/ HTTP/1.0" 200 85609 "-" "Mozilla/5.0 (compatible; Barkrowler/0.9; +https://babbar.tech/crawler)"
20.171.207.73 - - [11/Sep/2025:05:55:30 +0700] "GET /?attachment_id=1724/embed/ HTTP/1.0" 301 417 "-" "Mozilla/5.0 AppleWebKit/537.36 (KHTML, like Gecko; compatible; GPTBot/1.2; +https://openai.com/gptbot)"
20.171.207.73 - - [11/Sep/2025:05:55:31 +0700] "GET /?attachment_id=1724 HTTP/1.0" 200 197877 "-" "Mozilla/5.0 AppleWebKit/537.36 (KHTML, like Gecko; compatible; GPTBot/1.2; +https://openai.com/gptbot)"
20.171.207.73 - - [11/Sep/2025:05:55:37 +0700] "GET /?attachment_id=1180/embed/ HTTP/1.0" 301 417 "-" "Mozilla/5.0 AppleWebKit/537.36 (KHTML, like Gecko; compatible; GPTBot/1.2; +https://openai.com/gptbot)"
20.171.207.73 - - [11/Sep/2025:05:55:38 +0700] "GET /?attachment_id=1180 HTTP/1.0" 200 197737 "-" "Mozilla/5.0 AppleWebKit/537.36 (KHTML, like Gecko; compatible; GPTBot/1.2; +https://openai.com/gptbot)"
20.171.207.73 - - [11/Sep/2025:05:55:44 +0700] "GET /wp-json/oembed/1.0/embed?format=xml&url=https%3A%2F%2Fvattusacky.vn%2F%3Fattachment_id%3D1719 HTTP/1.0" 200 4214 "-" "Mozilla/5.0 AppleWebKit/537.36 (KHTML, like Gecko; compatible; GPTBot/1.2; +https://openai.com/gptbot)"
217.113.194.75 - - [11/Sep/2025:05:55:48 +0700] "GET /category/zaloguj-sie-na-formalnej-stronie-kasyna-906/feed/ HTTP/1.0" 200 78319 "-" "Mozilla/5.0 (compatible; Barkrowler/0.9; +https://babbar.tech/crawler)"
20.171.207.73 - - [11/Sep/2025:05:55:50 +0700] "GET /?attachment_id=1992/embed/ HTTP/1.0" 301 417 "-" "Mozilla/5.0 AppleWebKit/537.36 (KHTML, like Gecko; compatible; GPTBot/1.2; +https://openai.com/gptbot)"
20.171.207.73 - - [11/Sep/2025:05:55:51 +0700] "GET /?attachment_id=1992 HTTP/1.0" 200 198419 "-" "Mozilla/5.0 AppleWebKit/537.36 (KHTML, like Gecko; compatible; GPTBot/1.2; +https://openai.com/gptbot)"
20.171.207.73 - - [11/Sep/2025:05:55:57 +0700] "GET /wp-json/oembed/1.0/embed?format=xml&url=https%3A%2F%2Fvattusacky.vn%2F%3Fattachment_id%3D1464 HTTP/1.0" 200 4158 "-" "Mozilla/5.0 AppleWebKit/537.36 (KHTML, like Gecko; compatible; GPTBot/1.2; +https://openai.com/gptbot)"
20.171.207.73 - - [11/Sep/2025:05:56:04 +0700] "GET /wp-json/oembed/1.0/embed?format=xml&url=https%3A%2F%2Fvattusacky.vn%2F%3Fattachment_id%3D1692 HTTP/1.0" 200 3969 "-" "Mozilla/5.0 AppleWebKit/537.36 (KHTML, like Gecko; compatible; GPTBot/1.2; +https://openai.com/gptbot)"
20.171.207.73 - - [11/Sep/2025:05:56:10 +0700] "GET /?attachment_id=1683/embed/ HTTP/1.0" 301 417 "-" "Mozilla/5.0 AppleWebKit/537.36 (KHTML, like Gecko; compatible; GPTBot/1.2; +https://openai.com/gptbot)"
20.171.207.73 - - [11/Sep/2025:05:56:12 +0700] "GET /?attachment_id=1683 HTTP/1.0" 200 194787 "-" "Mozilla/5.0 AppleWebKit/537.36 (KHTML, like Gecko; compatible; GPTBot/1.2; +https://openai.com/gptbot)"
217.113.194.72 - - [11/Sep/2025:05:56:14 +0700] "GET /san-pham/hc1000-thiet-bi-do-nuoc-da-chi-tieu/ HTTP/1.0" 200 244702 "-" "Mozilla/5.0 (compatible; Barkrowler/0.9; +https://babbar.tech/crawler)"
20.171.207.73 - - [11/Sep/2025:05:56:19 +0700] "GET /?attachment_id=1719/embed/ HTTP/1.0" 301 417 "-" "Mozilla/5.0 AppleWebKit/537.36 (KHTML, like Gecko; compatible; GPTBot/1.2; +https://openai.com/gptbot)"
20.171.207.73 - - [11/Sep/2025:05:56:25 +0700] "GET /?attachment_id=1719 HTTP/1.0" 200 198227 "-" "Mozilla/5.0 AppleWebKit/537.36 (KHTML, like Gecko; compatible; GPTBot/1.2; +https://openai.com/gptbot)"
20.171.207.73 - - [11/Sep/2025:05:56:31 +0700] "GET /wp-json/oembed/1.0/embed?format=xml&url=https%3A%2F%2Fvattusacky.vn%2F%3Fattachment_id%3D1323 HTTP/1.0" 200 3973 "-" "Mozilla/5.0 AppleWebKit/537.36 (KHTML, like Gecko; compatible; GPTBot/1.2; +https://openai.com/gptbot)"
17.241.219.128 - - [11/Sep/2025:05:56:37 +0700] "GET /deconstructing-the-addictive-nature-of-omegles-randomness/ HTTP/1.0" 200 90270 "-" "Mozilla/5.0 (Macintosh; Intel Mac OS X 10_15_7) AppleWebKit/605.1.15 (KHTML, like Gecko) Version/17.4 Safari/605.1.15 (Applebot/0.1; +http://www.apple.com/go/applebot)"
20.171.207.73 - - [11/Sep/2025:05:56:39 +0700] "GET /wp-json/oembed/1.0/embed?format=xml&url=https%3A%2F%2Fvattusacky.vn%2F%3Fattachment_id%3D1984 HTTP/1.0" 200 4017 "-" "Mozilla/5.0 AppleWebKit/537.36 (KHTML, like Gecko; compatible; GPTBot/1.2; +https://openai.com/gptbot)"
217.113.194.77 - - [11/Sep/2025:05:56:41 +0700] "GET /san-pham/bo-hieu-chuan-luu-luong-ky-thuat-so/ HTTP/1.0" 200 262034 "-" "Mozilla/5.0 (compatible; Barkrowler/0.9; +https://babbar.tech/crawler)"
20.171.207.73 - - [11/Sep/2025:05:56:46 +0700] "GET /?attachment_id=1834/embed/ HTTP/1.0" 301 417 "-" "Mozilla/5.0 AppleWebKit/537.36 (KHTML, like Gecko; compatible; GPTBot/1.2; +https://openai.com/gptbot)"
20.171.207.73 - - [11/Sep/2025:05:56:48 +0700] "GET /?attachment_id=1834 HTTP/1.0" 200 198099 "-" "Mozilla/5.0 AppleWebKit/537.36 (KHTML, like Gecko; compatible; GPTBot/1.2; +https://openai.com/gptbot)"
20.171.207.73 - - [11/Sep/2025:05:56:55 +0700] "GET /wp-json/oembed/1.0/embed?format=xml&url=https%3A%2F%2Fvattusacky.vn%2F%3Fattachment_id%3D2003 HTTP/1.0" 200 4228 "-" "Mozilla/5.0 AppleWebKit/537.36 (KHTML, like Gecko; compatible; GPTBot/1.2; +https://openai.com/gptbot)"
20.171.207.73 - - [11/Sep/2025:05:57:02 +0700] "GET /wp-json/oembed/1.0/embed?format=xml&url=https%3A%2F%2Fvattusacky.vn%2F%3Fattachment_id%3D1351 HTTP/1.0" 200 4281 "-" "Mozilla/5.0 AppleWebKit/537.36 (KHTML, like Gecko; compatible; GPTBot/1.2; +https://openai.com/gptbot)"
20.171.207.73 - - [11/Sep/2025:05:57:10 +0700] "GET /wp-json/oembed/1.0/embed?format=xml&url=https%3A%2F%2Fvattusacky.vn%2F%3Fattachment_id%3D2008 HTTP/1.0" 200 4239 "-" "Mozilla/5.0 AppleWebKit/537.36 (KHTML, like Gecko; compatible; GPTBot/1.2; +https://openai.com/gptbot)"
217.113.194.81 - - [11/Sep/2025:05:57:11 +0700] "GET /san-pham/thiet-bi-do-khi-thai-ong-khoi-e8500-v/ HTTP/1.0" 200 113161 "-" "Mozilla/5.0 (compatible; Barkrowler/0.9; +https://babbar.tech/crawler)"
20.171.207.73 - - [11/Sep/2025:05:57:18 +0700] "GET /?attachment_id=1692/embed/ HTTP/1.0" 301 417 "-" "Mozilla/5.0 AppleWebKit/537.36 (KHTML, like Gecko; compatible; GPTBot/1.2; +https://openai.com/gptbot)"
45.117.177.72 - - [11/Sep/2025:05:57:20 +0700] "POST /wp-cron.php?doing_wp_cron=1757545040.7516970634460449218750 HTTP/1.0" 200 416 "-" "WordPress/6.8.1; https://vattusacky.vn"
20.171.207.73 - - [11/Sep/2025:05:57:19 +0700] "GET /?attachment_id=1692 HTTP/1.0" 200 194865 "-" "Mozilla/5.0 AppleWebKit/537.36 (KHTML, like Gecko; compatible; GPTBot/1.2; +https://openai.com/gptbot)"
20.171.207.73 - - [11/Sep/2025:05:57:26 +0700] "GET /?attachment_id=2012/embed/ HTTP/1.0" 301 563 "-" "Mozilla/5.0 AppleWebKit/537.36 (KHTML, like Gecko; compatible; GPTBot/1.2; +https://openai.com/gptbot)"
20.171.207.73 - - [11/Sep/2025:05:57:27 +0700] "GET /?attachment_id=2012 HTTP/1.0" 200 198228 "-" "Mozilla/5.0 AppleWebKit/537.36 (KHTML, like Gecko; compatible; GPTBot/1.2; +https://openai.com/gptbot)"
20.171.207.73 - - [11/Sep/2025:05:57:33 +0700] "GET /wp-json/oembed/1.0/embed?format=xml&url=https%3A%2F%2Fvattusacky.vn%2F%3Fattachment_id%3D1637 HTTP/1.0" 200 3996 "-" "Mozilla/5.0 AppleWebKit/537.36 (KHTML, like Gecko; compatible; GPTBot/1.2; +https://openai.com/gptbot)"
217.113.194.74 - - [11/Sep/2025:05:57:34 +0700] "GET /san-pham/thiet-bi-do-gamma-va-beta-thoi-gian-thuc/ HTTP/1.0" 200 247277 "-" "Mozilla/5.0 (compatible; Barkrowler/0.9; +https://babbar.tech/crawler)"
20.171.207.73 - - [11/Sep/2025:05:57:39 +0700] "GET /?attachment_id=1464/embed/ HTTP/1.0" 301 417 "-" "Mozilla/5.0 AppleWebKit/537.36 (KHTML, like Gecko; compatible; GPTBot/1.2; +https://openai.com/gptbot)"
20.171.207.73 - - [11/Sep/2025:05:57:41 +0700] "GET /?attachment_id=1464 HTTP/1.0" 200 198003 "-" "Mozilla/5.0 AppleWebKit/537.36 (KHTML, like Gecko; compatible; GPTBot/1.2; +https://openai.com/gptbot)"
20.171.207.73 - - [11/Sep/2025:05:57:47 +0700] "GET /wp-json/oembed/1.0/embed?format=xml&url=https%3A%2F%2Fvattusacky.vn%2F%3Fattachment_id%3D1325 HTTP/1.0" 200 4204 "-" "Mozilla/5.0 AppleWebKit/537.36 (KHTML, like Gecko; compatible; GPTBot/1.2; +https://openai.com/gptbot)"
20.171.207.73 - - [11/Sep/2025:05:57:53 +0700] "GET /wp-json/oembed/1.0/embed?format=xml&url=https%3A%2F%2Fvattusacky.vn%2F%3Fattachment_id%3D1636 HTTP/1.0" 200 4138 "-" "Mozilla/5.0 AppleWebKit/537.36 (KHTML, like Gecko; compatible; GPTBot/1.2; +https://openai.com/gptbot)"
20.171.207.73 - - [11/Sep/2025:05:57:59 +0700] "GET /?attachment_id=2003/embed/ HTTP/1.0" 301 417 "-" "Mozilla/5.0 AppleWebKit/537.36 (KHTML, like Gecko; compatible; GPTBot/1.2; +https://openai.com/gptbot)"
20.171.207.73 - - [11/Sep/2025:05:58:01 +0700] "GET /?attachment_id=2003 HTTP/1.0" 200 198523 "-" "Mozilla/5.0 AppleWebKit/537.36 (KHTML, like Gecko; compatible; GPTBot/1.2; +https://openai.com/gptbot)"
20.171.207.73 - - [11/Sep/2025:05:58:07 +0700] "GET /?attachment_id=2008/embed/ HTTP/1.0" 301 417 "-" "Mozilla/5.0 AppleWebKit/537.36 (KHTML, like Gecko; compatible; GPTBot/1.2; +https://openai.com/gptbot)"
20.171.207.73 - - [11/Sep/2025:05:58:08 +0700] "GET /?attachment_id=2008 HTTP/1.0" 200 198610 "-" "Mozilla/5.0 AppleWebKit/537.36 (KHTML, like Gecko; compatible; GPTBot/1.2; +https://openai.com/gptbot)"
217.113.194.77 - - [11/Sep/2025:05:58:11 +0700] "GET /san-pham/thiet-bi-lay-mau-bui-pm-10-the-tich-lon/ HTTP/1.0" 200 376634 "-" "Mozilla/5.0 (compatible; Barkrowler/0.9; +https://babbar.tech/crawler)"
20.171.207.73 - - [11/Sep/2025:05:58:13 +0700] "GET /wp-json/oembed/1.0/embed?format=xml&url=https%3A%2F%2Fvattusacky.vn%2F%3Fattachment_id%3D1341 HTTP/1.0" 200 4155 "-" "Mozilla/5.0 AppleWebKit/537.36 (KHTML, like Gecko; compatible; GPTBot/1.2; +https://openai.com/gptbot)"
45.117.177.72 - - [11/Sep/2025:05:58:22 +0700] "POST /wp-cron.php?doing_wp_cron=1757545102.1977629661560058593750 HTTP/1.0" 200 416 "-" "WordPress/6.8.1; https://vattusacky.vn"
20.171.207.73 - - [11/Sep/2025:05:58:20 +0700] "GET /?attachment_id=1637/embed/ HTTP/1.0" 301 417 "-" "Mozilla/5.0 AppleWebKit/537.36 (KHTML, like Gecko; compatible; GPTBot/1.2; +https://openai.com/gptbot)"
20.171.207.73 - - [11/Sep/2025:05:58:22 +0700] "GET /?attachment_id=1637 HTTP/1.0" 200 194965 "-" "Mozilla/5.0 AppleWebKit/537.36 (KHTML, like Gecko; compatible; GPTBot/1.2; +https://openai.com/gptbot)"
20.171.207.73 - - [11/Sep/2025:05:58:29 +0700] "GET /?attachment_id=1636/embed/ HTTP/1.0" 301 417 "-" "Mozilla/5.0 AppleWebKit/537.36 (KHTML, like Gecko; compatible; GPTBot/1.2; +https://openai.com/gptbot)"
20.171.207.73 - - [11/Sep/2025:05:58:30 +0700] "GET /?attachment_id=1636 HTTP/1.0" 200 197937 "-" "Mozilla/5.0 AppleWebKit/537.36 (KHTML, like Gecko; compatible; GPTBot/1.2; +https://openai.com/gptbot)"
20.171.207.73 - - [11/Sep/2025:05:58:36 +0700] "GET /wp-json/oembed/1.0/embed?format=xml&url=https%3A%2F%2Fvattusacky.vn%2F%3Fattachment_id%3D1652 HTTP/1.0" 200 4166 "-" "Mozilla/5.0 AppleWebKit/537.36 (KHTML, like Gecko; compatible; GPTBot/1.2; +https://openai.com/gptbot)"
20.171.207.73 - - [11/Sep/2025:05:58:43 +0700] "GET /?attachment_id=1341/embed/ HTTP/1.0" 301 417 "-" "Mozilla/5.0 AppleWebKit/537.36 (KHTML, like Gecko; compatible; GPTBot/1.2; +https://openai.com/gptbot)"
20.171.207.73 - - [11/Sep/2025:05:58:44 +0700] "GET /?attachment_id=1341 HTTP/1.0" 200 198184 "-" "Mozilla/5.0 AppleWebKit/537.36 (KHTML, like Gecko; compatible; GPTBot/1.2; +https://openai.com/gptbot)"
