HEX
Server: Apache
System: Linux ctr1189531.novalocal 3.10.0-1160.36.2.el7.x86_64 #1 SMP Wed Jul 21 11:57:15 UTC 2021 x86_64
User: sysuser_f3 (10000)
PHP: 7.3.29
Disabled: opcache_get_status
Upload Files
File: /var/www/vhosts/vietnguyenvn.vinawebs.com.vn/logs/vattusacky.vn/access_ssl_log
45.117.177.72 - - [15/Sep/2025:07:58:02 +0700] "POST /wp-cron.php?doing_wp_cron=1757897882.7044689655303955078125 HTTP/1.0" 200 416 "-" "WordPress/6.8.1; https://vattusacky.vn"
185.191.171.8 - - [15/Sep/2025:07:57:55 +0700] "GET /author/yanz/page/255/ HTTP/1.0" 200 80568 "-" "Mozilla/5.0 (compatible; SemrushBot/7~bl; +http://www.semrush.com/bot.html)"
45.134.225.122 - - [15/Sep/2025:08:02:38 +0700] "GET /wp-content/uploads/ HTTP/1.0" 403 580 "-" "Mozlila/5.0 (Linux; Android 7.0; SM-G892A Bulid/NRD90M; wv) AppleWebKit/537.36 (KHTML, like Gecko) Version/4.0 Chrome/60.0.3112.107 Moblie Safari/537.36"
45.134.225.122 - - [15/Sep/2025:08:02:43 +0700] "GET /wp-includes/ HTTP/1.0" 403 573 "-" "Mozlila/5.0 (Linux; Android 7.0; SM-G892A Bulid/NRD90M; wv) AppleWebKit/537.36 (KHTML, like Gecko) Version/4.0 Chrome/60.0.3112.107 Moblie Safari/537.36"
45.134.225.122 - - [15/Sep/2025:08:02:48 +0700] "GET /.well-known/ HTTP/1.0" 403 573 "-" "Mozlila/5.0 (Linux; Android 7.0; SM-G892A Bulid/NRD90M; wv) AppleWebKit/537.36 (KHTML, like Gecko) Version/4.0 Chrome/60.0.3112.107 Moblie Safari/537.36"
45.117.177.72 - - [15/Sep/2025:08:02:54 +0700] "POST /wp-cron.php?doing_wp_cron=1757898174.6959700584411621093750 HTTP/1.0" 200 416 "-" "WordPress/6.8.1; https://vattusacky.vn"
45.134.225.122 - - [15/Sep/2025:08:02:53 +0700] "GET /images/ HTTP/1.0" 404 70813 "-" "Mozlila/5.0 (Linux; Android 7.0; SM-G892A Bulid/NRD90M; wv) AppleWebKit/537.36 (KHTML, like Gecko) Version/4.0 Chrome/60.0.3112.107 Moblie Safari/537.36"
45.134.225.122 - - [15/Sep/2025:08:03:00 +0700] "GET /wp-admin/ HTTP/1.0" 302 719 "-" "Mozlila/5.0 (Linux; Android 7.0; SM-G892A Bulid/NRD90M; wv) AppleWebKit/537.36 (KHTML, like Gecko) Version/4.0 Chrome/60.0.3112.107 Moblie Safari/537.36"
45.134.225.122 - - [15/Sep/2025:08:03:05 +0700] "GET /wp-login.php?redirect_to=https%3A%2F%2Fvattusacky.vn%2Fwp-admin%2F&reauth=1 HTTP/1.0" 200 13395 "-" "Mozlila/5.0 (Linux; Android 7.0; SM-G892A Bulid/NRD90M; wv) AppleWebKit/537.36 (KHTML, like Gecko) Version/4.0 Chrome/60.0.3112.107 Moblie Safari/537.36"
45.134.225.122 - - [15/Sep/2025:08:03:15 +0700] "GET /wp-content/ HTTP/1.0" 200 323 "-" "Mozlila/5.0 (Linux; Android 7.0; SM-G892A Bulid/NRD90M; wv) AppleWebKit/537.36 (KHTML, like Gecko) Version/4.0 Chrome/60.0.3112.107 Moblie Safari/537.36"
45.134.225.122 - - [15/Sep/2025:08:03:21 +0700] "GET /wp-content/themes/ HTTP/1.0" 200 323 "-" "Mozlila/5.0 (Linux; Android 7.0; SM-G892A Bulid/NRD90M; wv) AppleWebKit/537.36 (KHTML, like Gecko) Version/4.0 Chrome/60.0.3112.107 Moblie Safari/537.36"
45.134.225.122 - - [15/Sep/2025:08:03:26 +0700] "GET /wp-content/plugins/ HTTP/1.0" 200 323 "-" "Mozlila/5.0 (Linux; Android 7.0; SM-G892A Bulid/NRD90M; wv) AppleWebKit/537.36 (KHTML, like Gecko) Version/4.0 Chrome/60.0.3112.107 Moblie Safari/537.36"
45.117.177.72 - - [15/Sep/2025:08:03:32 +0700] "POST /wp-cron.php?doing_wp_cron=1757898212.6430320739746093750000 HTTP/1.0" 200 416 "-" "WordPress/6.8.1; https://vattusacky.vn"
45.134.225.122 - - [15/Sep/2025:08:03:31 +0700] "GET /.well-knownold/ HTTP/1.0" 404 70813 "-" "Mozlila/5.0 (Linux; Android 7.0; SM-G892A Bulid/NRD90M; wv) AppleWebKit/537.36 (KHTML, like Gecko) Version/4.0 Chrome/60.0.3112.107 Moblie Safari/537.36"
45.134.225.122 - - [15/Sep/2025:08:03:45 +0700] "GET /cgi-bin/ HTTP/1.0" 403 569 "-" "Mozlila/5.0 (Linux; Android 7.0; SM-G892A Bulid/NRD90M; wv) AppleWebKit/537.36 (KHTML, like Gecko) Version/4.0 Chrome/60.0.3112.107 Moblie Safari/537.36"
45.134.225.122 - - [15/Sep/2025:08:03:50 +0700] "GET /assets/ HTTP/1.0" 403 568 "-" "Mozlila/5.0 (Linux; Android 7.0; SM-G892A Bulid/NRD90M; wv) AppleWebKit/537.36 (KHTML, like Gecko) Version/4.0 Chrome/60.0.3112.107 Moblie Safari/537.36"
45.134.225.122 - - [15/Sep/2025:08:03:54 +0700] "GET /wp-admin/css/ HTTP/1.0" 403 574 "-" "Mozlila/5.0 (Linux; Android 7.0; SM-G892A Bulid/NRD90M; wv) AppleWebKit/537.36 (KHTML, like Gecko) Version/4.0 Chrome/60.0.3112.107 Moblie Safari/537.36"
45.134.225.122 - - [15/Sep/2025:08:03:59 +0700] "GET /wp-admin/images/ HTTP/1.0" 403 577 "-" "Mozlila/5.0 (Linux; Android 7.0; SM-G892A Bulid/NRD90M; wv) AppleWebKit/537.36 (KHTML, like Gecko) Version/4.0 Chrome/60.0.3112.107 Moblie Safari/537.36"
45.134.225.122 - - [15/Sep/2025:08:04:03 +0700] "GET /wp-admin/maint/ HTTP/1.0" 403 576 "-" "Mozlila/5.0 (Linux; Android 7.0; SM-G892A Bulid/NRD90M; wv) AppleWebKit/537.36 (KHTML, like Gecko) Version/4.0 Chrome/60.0.3112.107 Moblie Safari/537.36"
45.134.225.122 - - [15/Sep/2025:08:04:07 +0700] "GET /wp-admin/meta/ HTTP/1.0" 301 700 "-" "Mozlila/5.0 (Linux; Android 7.0; SM-G892A Bulid/NRD90M; wv) AppleWebKit/537.36 (KHTML, like Gecko) Version/4.0 Chrome/60.0.3112.107 Moblie Safari/537.36"
45.134.225.122 - - [15/Sep/2025:08:04:11 +0700] "GET /san-pham/metalometer-do-kim-loai-trong-nuoc/ HTTP/1.0" 200 125607 "-" "Mozlila/5.0 (Linux; Android 7.0; SM-G892A Bulid/NRD90M; wv) AppleWebKit/537.36 (KHTML, like Gecko) Version/4.0 Chrome/60.0.3112.107 Moblie Safari/537.36"
45.117.177.72 - - [15/Sep/2025:08:04:19 +0700] "POST /wp-cron.php?doing_wp_cron=1757898259.3590209484100341796875 HTTP/1.0" 200 416 "-" "WordPress/6.8.1; https://vattusacky.vn"
45.134.225.122 - - [15/Sep/2025:08:04:17 +0700] "GET /wp-admin/network/ HTTP/1.0" 302 729 "-" "Mozlila/5.0 (Linux; Android 7.0; SM-G892A Bulid/NRD90M; wv) AppleWebKit/537.36 (KHTML, like Gecko) Version/4.0 Chrome/60.0.3112.107 Moblie Safari/537.36"
45.134.225.122 - - [15/Sep/2025:08:04:22 +0700] "GET /wp-login.php?redirect_to=https%3A%2F%2Fvattusacky.vn%2Fwp-admin%2Fnetwork%2F&reauth=1 HTTP/1.0" 200 13411 "-" "Mozlila/5.0 (Linux; Android 7.0; SM-G892A Bulid/NRD90M; wv) AppleWebKit/537.36 (KHTML, like Gecko) Version/4.0 Chrome/60.0.3112.107 Moblie Safari/537.36"
45.134.225.122 - - [15/Sep/2025:08:04:30 +0700] "GET /wp-admin/user/ HTTP/1.0" 302 726 "-" "Mozlila/5.0 (Linux; Android 7.0; SM-G892A Bulid/NRD90M; wv) AppleWebKit/537.36 (KHTML, like Gecko) Version/4.0 Chrome/60.0.3112.107 Moblie Safari/537.36"
45.134.225.122 - - [15/Sep/2025:08:04:34 +0700] "GET /wp-login.php?redirect_to=https%3A%2F%2Fvattusacky.vn%2Fwp-admin%2Fuser%2F&reauth=1 HTTP/1.0" 200 13405 "-" "Mozlila/5.0 (Linux; Android 7.0; SM-G892A Bulid/NRD90M; wv) AppleWebKit/537.36 (KHTML, like Gecko) Version/4.0 Chrome/60.0.3112.107 Moblie Safari/537.36"
45.134.225.122 - - [15/Sep/2025:08:04:42 +0700] "GET /wp-admin/includes/ HTTP/1.0" 403 579 "-" "Mozlila/5.0 (Linux; Android 7.0; SM-G892A Bulid/NRD90M; wv) AppleWebKit/537.36 (KHTML, like Gecko) Version/4.0 Chrome/60.0.3112.107 Moblie Safari/537.36"
20.77.178.243 - - [15/Sep/2025:08:04:42 +0700] "GET / HTTP/1.0" 503 8085 "-" "Mozilla/5.0 AppleWebKit/537.36 (KHTML, like Gecko); compatible; ChatGPT-User/1.0; +https://openai.com/bot"
45.134.225.122 - - [15/Sep/2025:08:04:48 +0700] "GET /wp-content/upgrade/ HTTP/1.0" 403 580 "-" "Mozlila/5.0 (Linux; Android 7.0; SM-G892A Bulid/NRD90M; wv) AppleWebKit/537.36 (KHTML, like Gecko) Version/4.0 Chrome/60.0.3112.107 Moblie Safari/537.36"
147.182.196.72 - - [15/Sep/2025:08:04:49 +0700] "POST /xmlrpc.php HTTP/1.0" 200 954 "-" "Mozilla/5.0 (X11; Ubuntu; Linux x86_64; rv:85.0) Gecko/20100101 Firefox/91.0"
45.134.225.122 - - [15/Sep/2025:08:04:52 +0700] "GET /ALFA_DATA/ HTTP/1.0" 404 70813 "-" "Mozlila/5.0 (Linux; Android 7.0; SM-G892A Bulid/NRD90M; wv) AppleWebKit/537.36 (KHTML, like Gecko) Version/4.0 Chrome/60.0.3112.107 Moblie Safari/537.36"
185.191.171.15 - - [15/Sep/2025:08:04:55 +0700] "GET /san-pham/may-quang-pho-2/ HTTP/1.0" 200 376255 "-" "Mozilla/5.0 (compatible; SemrushBot/7~bl; +http://www.semrush.com/bot.html)"
45.134.225.122 - - [15/Sep/2025:08:05:03 +0700] "GET /uploads/ HTTP/1.0" 404 70813 "-" "Mozlila/5.0 (Linux; Android 7.0; SM-G892A Bulid/NRD90M; wv) AppleWebKit/537.36 (KHTML, like Gecko) Version/4.0 Chrome/60.0.3112.107 Moblie Safari/537.36"
45.134.225.122 - - [15/Sep/2025:08:05:09 +0700] "GET /upload/ HTTP/1.0" 404 70813 "-" "Mozlila/5.0 (Linux; Android 7.0; SM-G892A Bulid/NRD90M; wv) AppleWebKit/537.36 (KHTML, like Gecko) Version/4.0 Chrome/60.0.3112.107 Moblie Safari/537.36"
45.117.177.72 - - [15/Sep/2025:08:05:17 +0700] "POST /wp-cron.php?doing_wp_cron=1757898317.3368229866027832031250 HTTP/1.0" 200 416 "-" "WordPress/6.8.1; https://vattusacky.vn"
45.134.225.122 - - [15/Sep/2025:08:05:15 +0700] "GET /admin/uploads/ HTTP/1.0" 404 70813 "-" "Mozlila/5.0 (Linux; Android 7.0; SM-G892A Bulid/NRD90M; wv) AppleWebKit/537.36 (KHTML, like Gecko) Version/4.0 Chrome/60.0.3112.107 Moblie Safari/537.36"
45.134.225.122 - - [15/Sep/2025:08:05:22 +0700] "GET /Admin/uploads/ HTTP/1.0" 404 70813 "-" "Mozlila/5.0 (Linux; Android 7.0; SM-G892A Bulid/NRD90M; wv) AppleWebKit/537.36 (KHTML, like Gecko) Version/4.0 Chrome/60.0.3112.107 Moblie Safari/537.36"
45.134.225.122 - - [15/Sep/2025:08:05:28 +0700] "GET /admin/ HTTP/1.0" 302 719 "-" "Mozlila/5.0 (Linux; Android 7.0; SM-G892A Bulid/NRD90M; wv) AppleWebKit/537.36 (KHTML, like Gecko) Version/4.0 Chrome/60.0.3112.107 Moblie Safari/537.36"
45.134.225.122 - - [15/Sep/2025:08:05:30 +0700] "GET /wp-admin/ HTTP/1.0" 302 573 "-" "Mozlila/5.0 (Linux; Android 7.0; SM-G892A Bulid/NRD90M; wv) AppleWebKit/537.36 (KHTML, like Gecko) Version/4.0 Chrome/60.0.3112.107 Moblie Safari/537.36"
45.134.225.250 - - [15/Sep/2025:08:05:33 +0700] "GET /wp-login.php HTTP/1.0" 200 11388 "-" "Mozilla/5.0 (compatible; MSIE 9.0; Windows NT 6.1; Trident/5.0)"
45.134.225.122 - - [15/Sep/2025:08:05:33 +0700] "GET /wp-login.php?redirect_to=https%3A%2F%2Fvattusacky.vn%2Fwp-admin%2F&reauth=1 HTTP/1.0" 200 13395 "-" "Mozlila/5.0 (Linux; Android 7.0; SM-G892A Bulid/NRD90M; wv) AppleWebKit/537.36 (KHTML, like Gecko) Version/4.0 Chrome/60.0.3112.107 Moblie Safari/537.36"
45.134.225.122 - - [15/Sep/2025:08:05:41 +0700] "GET /vendor/phpunit/phpunit/src/Util/PHP/ HTTP/1.0" 404 70813 "-" "Mozlila/5.0 (Linux; Android 7.0; SM-G892A Bulid/NRD90M; wv) AppleWebKit/537.36 (KHTML, like Gecko) Version/4.0 Chrome/60.0.3112.107 Moblie Safari/537.36"
45.134.225.122 - - [15/Sep/2025:08:05:47 +0700] "GET /upload/image/ HTTP/1.0" 404 70813 "-" "Mozlila/5.0 (Linux; Android 7.0; SM-G892A Bulid/NRD90M; wv) AppleWebKit/537.36 (KHTML, like Gecko) Version/4.0 Chrome/60.0.3112.107 Moblie Safari/537.36"
45.134.225.250 - - [15/Sep/2025:08:05:50 +0700] "GET /?author=1 HTTP/1.0" 301 560 "-" "Mozilla/5.0 (Windows NT 6.1; WOW64) AppleWebKit/537.36 (KHTML, like Gecko) Chrome/56.0.2924.90 Safari/537.36 2345Explorer/9.3.2.17331"
40.77.167.14 - - [15/Sep/2025:08:05:49 +0700] "GET /the-role-of-empowerment-in-online-friendships/ HTTP/1.0" 200 91231 "-" "Mozilla/5.0 AppleWebKit/537.36 (KHTML, like Gecko; compatible; bingbot/2.0; +http://www.bing.com/bingbot.htm) Chrome/116.0.1938.76 Safari/537.36"
45.134.225.250 - - [15/Sep/2025:08:05:51 +0700] "GET /?author=2 HTTP/1.0" 404 70812 "-" "Mozilla/5.0 (Windows NT 6.1; WOW64) AppleWebKit/537.36 (KHTML, like Gecko) Chrome/56.0.2924.90 Safari/537.36 2345Explorer/9.3.2.17331"
45.134.225.122 - - [15/Sep/2025:08:05:53 +0700] "GET /assets/images/ HTTP/1.0" 403 575 "-" "Mozlila/5.0 (Linux; Android 7.0; SM-G892A Bulid/NRD90M; wv) AppleWebKit/537.36 (KHTML, like Gecko) Version/4.0 Chrome/60.0.3112.107 Moblie Safari/537.36"
45.134.225.250 - - [15/Sep/2025:08:05:55 +0700] "GET /?author=5 HTTP/1.0" 200 57157 "-" "Mozilla/5.0 (Windows NT 6.1; WOW64) AppleWebKit/537.36 (KHTML, like Gecko) Chrome/56.0.2924.90 Safari/537.36 2345Explorer/9.3.2.17331"
45.134.225.250 - - [15/Sep/2025:08:06:11 +0700] "POST /wp-login.php HTTP/1.0" 200 11871 "https://vattusacky.vn/wp-login.php" "Mozilla/5.0 (Windows NT 6.1; WOW64) AppleWebKit/537.36 (KHTML, like Gecko) Chrome/56.0.2924.90 Safari/537.36 2345Explorer/9.3.2.17331"
45.134.225.250 - - [15/Sep/2025:08:06:15 +0700] "POST /wp-login.php HTTP/1.0" 200 11876 "https://vattusacky.vn/wp-login.php" "Mozilla/5.0 (Windows NT 6.1; WOW64) AppleWebKit/537.36 (KHTML, like Gecko) Chrome/56.0.2924.90 Safari/537.36 2345Explorer/9.3.2.17331"
45.117.177.72 - - [15/Sep/2025:08:06:18 +0700] "POST /wp-cron.php?doing_wp_cron=1757898378.4174900054931640625000 HTTP/1.0" 200 416 "-" "WordPress/6.8.1; https://vattusacky.vn"
45.134.225.250 - - [15/Sep/2025:08:06:17 +0700] "POST /wp-login.php HTTP/1.0" 200 11876 "https://vattusacky.vn/wp-login.php" "Mozilla/5.0 (Windows NT 6.1; WOW64) AppleWebKit/537.36 (KHTML, like Gecko) Chrome/56.0.2924.90 Safari/537.36 2345Explorer/9.3.2.17331"
45.134.225.250 - - [15/Sep/2025:08:06:19 +0700] "POST /wp-login.php HTTP/1.0" 200 11868 "https://vattusacky.vn/wp-login.php" "Mozilla/5.0 (Windows NT 6.1; WOW64) AppleWebKit/537.36 (KHTML, like Gecko) Chrome/56.0.2924.90 Safari/537.36 2345Explorer/9.3.2.17331"
45.134.225.122 - - [15/Sep/2025:08:06:23 +0700] "GET /Public/ HTTP/1.0" 404 70813 "-" "Mozlila/5.0 (Linux; Android 7.0; SM-G892A Bulid/NRD90M; wv) AppleWebKit/537.36 (KHTML, like Gecko) Version/4.0 Chrome/60.0.3112.107 Moblie Safari/537.36"
45.134.225.122 - - [15/Sep/2025:08:06:29 +0700] "GET /vendor/ HTTP/1.0" 404 70813 "-" "Mozlila/5.0 (Linux; Android 7.0; SM-G892A Bulid/NRD90M; wv) AppleWebKit/537.36 (KHTML, like Gecko) Version/4.0 Chrome/60.0.3112.107 Moblie Safari/537.36"
45.134.225.122 - - [15/Sep/2025:08:06:36 +0700] "GET /local/ HTTP/1.0" 301 714 "-" "Mozlila/5.0 (Linux; Android 7.0; SM-G892A Bulid/NRD90M; wv) AppleWebKit/537.36 (KHTML, like Gecko) Version/4.0 Chrome/60.0.3112.107 Moblie Safari/537.36"
45.134.225.122 - - [15/Sep/2025:08:06:40 +0700] "GET /local-women-close-to-me-satisfy-single-girls-seeking-guys/ HTTP/1.0" 200 124200 "-" "Mozlila/5.0 (Linux; Android 7.0; SM-G892A Bulid/NRD90M; wv) AppleWebKit/537.36 (KHTML, like Gecko) Version/4.0 Chrome/60.0.3112.107 Moblie Safari/537.36"
45.134.225.122 - - [15/Sep/2025:08:06:46 +0700] "GET /modules/ HTTP/1.0" 404 70813 "-" "Mozlila/5.0 (Linux; Android 7.0; SM-G892A Bulid/NRD90M; wv) AppleWebKit/537.36 (KHTML, like Gecko) Version/4.0 Chrome/60.0.3112.107 Moblie Safari/537.36"
45.134.225.122 - - [15/Sep/2025:08:06:52 +0700] "GET /Site/ HTTP/1.0" 404 70813 "-" "Mozlila/5.0 (Linux; Android 7.0; SM-G892A Bulid/NRD90M; wv) AppleWebKit/537.36 (KHTML, like Gecko) Version/4.0 Chrome/60.0.3112.107 Moblie Safari/537.36"
45.134.225.122 - - [15/Sep/2025:08:06:58 +0700] "GET /system/ HTTP/1.0" 301 705 "-" "Mozlila/5.0 (Linux; Android 7.0; SM-G892A Bulid/NRD90M; wv) AppleWebKit/537.36 (KHTML, like Gecko) Version/4.0 Chrome/60.0.3112.107 Moblie Safari/537.36"
20.194.1.6 - - [15/Sep/2025:08:06:59 +0700] "GET / HTTP/1.0" 200 35265 "-" "Mozilla/5.0 AppleWebKit/537.36 (KHTML, like Gecko); compatible; ChatGPT-User/1.0; +https://openai.com/bot"
45.134.225.250 - - [15/Sep/2025:08:07:02 +0700] "POST /xmlrpc.php HTTP/1.0" 200 954 "-" "Mozilla/5.0 (Windows NT 6.1; WOW64) AppleWebKit/537.36 (KHTML, like Gecko) Chrome/56.0.2924.90 Safari/537.36 2345Explorer/9.3.2.17331"
45.134.225.122 - - [15/Sep/2025:08:07:02 +0700] "GET /systems-is-satans-manner-of-destroying-the-world/ HTTP/1.0" 200 210054 "-" "Mozlila/5.0 (Linux; Android 7.0; SM-G892A Bulid/NRD90M; wv) AppleWebKit/537.36 (KHTML, like Gecko) Version/4.0 Chrome/60.0.3112.107 Moblie Safari/537.36"
45.134.225.122 - - [15/Sep/2025:08:07:08 +0700] "GET /template/ HTTP/1.0" 404 70813 "-" "Mozlila/5.0 (Linux; Android 7.0; SM-G892A Bulid/NRD90M; wv) AppleWebKit/537.36 (KHTML, like Gecko) Version/4.0 Chrome/60.0.3112.107 Moblie Safari/537.36"
45.134.225.122 - - [15/Sep/2025:08:07:14 +0700] "GET /shop/ HTTP/1.0" 200 172420 "-" "Mozlila/5.0 (Linux; Android 7.0; SM-G892A Bulid/NRD90M; wv) AppleWebKit/537.36 (KHTML, like Gecko) Version/4.0 Chrome/60.0.3112.107 Moblie Safari/537.36"
45.117.177.72 - - [15/Sep/2025:08:07:23 +0700] "POST /wp-cron.php?doing_wp_cron=1757898443.1539139747619628906250 HTTP/1.0" 200 416 "-" "WordPress/6.8.1; https://vattusacky.vn"
45.134.225.122 - - [15/Sep/2025:08:07:21 +0700] "GET /files/ HTTP/1.0" 404 70813 "-" "Mozlila/5.0 (Linux; Android 7.0; SM-G892A Bulid/NRD90M; wv) AppleWebKit/537.36 (KHTML, like Gecko) Version/4.0 Chrome/60.0.3112.107 Moblie Safari/537.36"
45.134.225.122 - - [15/Sep/2025:08:07:29 +0700] "GET /admin/editor/ HTTP/1.0" 301 2159 "-" "Mozlila/5.0 (Linux; Android 7.0; SM-G892A Bulid/NRD90M; wv) AppleWebKit/537.36 (KHTML, like Gecko) Version/4.0 Chrome/60.0.3112.107 Moblie Safari/537.36"
45.134.225.122 - - [15/Sep/2025:08:07:32 +0700] "GET /editors-choice-honor-lutsen-hotel-on-lake-better-is-a-charming-spot-for-a-romantic-getaway/ HTTP/1.0" 200 213897 "-" "Mozlila/5.0 (Linux; Android 7.0; SM-G892A Bulid/NRD90M; wv) AppleWebKit/537.36 (KHTML, like Gecko) Version/4.0 Chrome/60.0.3112.107 Moblie Safari/537.36"
45.117.177.72 - - [15/Sep/2025:08:08:51 +0700] "POST /wp-cron.php?doing_wp_cron=1757898530.9799818992614746093750 HTTP/1.0" 200 416 "-" "WordPress/6.8.1; https://vattusacky.vn"
185.191.171.18 - - [15/Sep/2025:08:08:49 +0700] "GET /yahoo-and-google-is-at-this-moment-a-fabulous-aspect-of-verizon-media/ HTTP/1.0" 200 209088 "-" "Mozilla/5.0 (compatible; SemrushBot/7~bl; +http://www.semrush.com/bot.html)"
45.117.177.72 - - [15/Sep/2025:08:10:08 +0700] "POST /wp-cron.php?doing_wp_cron=1757898608.0057680606842041015625 HTTP/1.0" 200 416 "-" "WordPress/6.8.1; https://vattusacky.vn"
18.205.91.101 - - [15/Sep/2025:08:10:06 +0700] "GET /the/do-rung-aco/ HTTP/1.0" 200 73799 "-" "Mozilla/5.0 AppleWebKit/537.36 (KHTML, like Gecko; compatible; Amazonbot/0.1; +https://developer.amazon.com/support/amazonbot) Chrome/119.0.6045.214 Safari/537.36"
45.117.177.72 - - [15/Sep/2025:08:19:18 +0700] "POST /wp-cron.php?doing_wp_cron=1757899158.2069261074066162109375 HTTP/1.0" 200 416 "-" "WordPress/6.8.1; https://vattusacky.vn"
194.42.196.29 - - [15/Sep/2025:08:19:16 +0700] "GET / HTTP/1.0" 200 60070 "-" "Mozilla/5.0 (Windows NT 10.0; Win64; x64) AppleWebKit/537.36 (KHTML, like Gecko) Chrome/135.0.0.0 Safari/537.36"
43.159.128.155 - - [15/Sep/2025:08:20:05 +0700] "GET / HTTP/1.0" 301 598 "http://www.vattusacky.vn" "Mozilla/5.0 (iPhone; CPU iPhone OS 13_2_3 like Mac OS X) AppleWebKit/605.1.15 (KHTML, like Gecko) Version/13.0.3 Mobile/15E148 Safari/604.1"
43.159.128.155 - - [15/Sep/2025:08:20:09 +0700] "GET / HTTP/1.0" 200 60071 "https://www.vattusacky.vn/" "Mozilla/5.0 (iPhone; CPU iPhone OS 13_2_3 like Mac OS X) AppleWebKit/605.1.15 (KHTML, like Gecko) Version/13.0.3 Mobile/15E148 Safari/604.1"
45.117.177.72 - - [15/Sep/2025:08:21:00 +0700] "POST /wp-cron.php?doing_wp_cron=1757899260.5155260562896728515625 HTTP/1.0" 200 416 "-" "WordPress/6.8.1; https://vattusacky.vn"
217.113.194.74 - - [15/Sep/2025:08:20:59 +0700] "GET /tag/useful/ HTTP/1.0" 200 58735 "-" "Mozilla/5.0 (compatible; Barkrowler/0.9; +https://babbar.tech/crawler)"
45.117.177.72 - - [15/Sep/2025:08:21:29 +0700] "POST /wp-cron.php?doing_wp_cron=1757899289.0545930862426757812500 HTTP/1.0" 200 416 "-" "WordPress/6.8.1; https://vattusacky.vn"
217.113.194.77 - - [15/Sep/2025:08:21:27 +0700] "GET /tag/students/feed/ HTTP/1.0" 200 149491 "-" "Mozilla/5.0 (compatible; Barkrowler/0.9; +https://babbar.tech/crawler)"
217.113.194.78 - - [15/Sep/2025:08:21:59 +0700] "GET /tag/computer/ HTTP/1.0" 200 58512 "-" "Mozilla/5.0 (compatible; Barkrowler/0.9; +https://babbar.tech/crawler)"
45.117.177.72 - - [15/Sep/2025:08:22:31 +0700] "POST /wp-cron.php?doing_wp_cron=1757899351.5800158977508544921875 HTTP/1.0" 200 416 "-" "WordPress/6.8.1; https://vattusacky.vn"
217.113.194.79 - - [15/Sep/2025:08:22:30 +0700] "GET /3861-2/ HTTP/1.0" 200 206214 "-" "Mozilla/5.0 (compatible; Barkrowler/0.9; +https://babbar.tech/crawler)"
217.113.194.81 - - [15/Sep/2025:08:23:05 +0700] "GET /10186-2/ HTTP/1.0" 200 73031 "-" "Mozilla/5.0 (compatible; Barkrowler/0.9; +https://babbar.tech/crawler)"
45.117.177.72 - - [15/Sep/2025:08:23:32 +0700] "POST /wp-cron.php?doing_wp_cron=1757899412.6959979534149169921875 HTTP/1.0" 200 416 "-" "WordPress/6.8.1; https://vattusacky.vn"
87.250.224.40 - - [15/Sep/2025:08:23:31 +0700] "GET /tron-rejting-trx-opisanie-obzor-tron-vkljuchaet/ HTTP/1.0" 200 248484 "-" "Mozilla/5.0 (compatible; YandexBot/3.0; +http://yandex.com/bots) AppleWebKit/537.36 (KHTML, like Gecko) Chrome/108.0.0.0"
217.113.194.76 - - [15/Sep/2025:08:23:34 +0700] "GET /10473-2/ HTTP/1.0" 200 72787 "-" "Mozilla/5.0 (compatible; Barkrowler/0.9; +https://babbar.tech/crawler)"
95.108.213.81 - - [15/Sep/2025:08:23:35 +0700] "GET /wp-content/themes/tem_techno_v2/js/jquery.simplyscroll.min.js HTTP/1.0" 200 450 "https://vattusacky.vn/tron-rejting-trx-opisanie-obzor-tron-vkljuchaet/" "Mozilla/5.0 (compatible; YandexRenderResourcesBot/1.0; +http://yandex.com/bots) AppleWebKit/537.36 (KHTML, like Gecko) Chrome/108.0.0.0"
95.108.213.177 - - [15/Sep/2025:08:23:35 +0700] "GET /wp-includes/js/jquery/jquery.min.js?ver=3.7.1 HTTP/1.0" 200 424 "https://vattusacky.vn/tron-rejting-trx-opisanie-obzor-tron-vkljuchaet/" "Mozilla/5.0 (compatible; YandexRenderResourcesBot/1.0; +http://yandex.com/bots) AppleWebKit/537.36 (KHTML, like Gecko) Chrome/108.0.0.0"
5.255.231.74 - - [15/Sep/2025:08:23:35 +0700] "GET /wp-includes/js/jquery/jquery-migrate.min.js?ver=3.4.1 HTTP/1.0" 200 432 "https://vattusacky.vn/tron-rejting-trx-opisanie-obzor-tron-vkljuchaet/" "Mozilla/5.0 (compatible; YandexRenderResourcesBot/1.0; +http://yandex.com/bots) AppleWebKit/537.36 (KHTML, like Gecko) Chrome/108.0.0.0"
95.108.213.140 - - [15/Sep/2025:08:23:35 +0700] "GET /wp-content/plugins/gridlist-view-for-woocommerce/js/jquery.cookie.js?ver=1.1.8 HTTP/1.0" 200 457 "https://vattusacky.vn/tron-rejting-trx-opisanie-obzor-tron-vkljuchaet/" "Mozilla/5.0 (compatible; YandexRenderResourcesBot/1.0; +http://yandex.com/bots) AppleWebKit/537.36 (KHTML, like Gecko) Chrome/108.0.0.0"
213.180.203.21 - - [15/Sep/2025:08:23:36 +0700] "GET /wp-content/plugins/gridlist-view-for-woocommerce/js/grid_view.js?ver=1.1.8 HTTP/1.0" 200 453 "https://vattusacky.vn/tron-rejting-trx-opisanie-obzor-tron-vkljuchaet/" "Mozilla/5.0 (compatible; YandexRenderResourcesBot/1.0; +http://yandex.com/bots) AppleWebKit/537.36 (KHTML, like Gecko) Chrome/108.0.0.0"
5.255.231.202 - - [15/Sep/2025:08:23:36 +0700] "GET /wp-content/themes/tem_techno_v2/inc/js/bootstrap.min.js?ver=6.8.1 HTTP/1.0" 200 444 "https://vattusacky.vn/tron-rejting-trx-opisanie-obzor-tron-vkljuchaet/" "Mozilla/5.0 (compatible; YandexRenderResourcesBot/1.0; +http://yandex.com/bots) AppleWebKit/537.36 (KHTML, like Gecko) Chrome/108.0.0.0"
213.180.203.236 - - [15/Sep/2025:08:23:37 +0700] "GET /wp-content/themes/tem_techno_v2/js/htg.js HTTP/1.0" 200 1342 "https://vattusacky.vn/tron-rejting-trx-opisanie-obzor-tron-vkljuchaet/" "Mozilla/5.0 (compatible; YandexRenderResourcesBot/1.0; +http://yandex.com/bots) AppleWebKit/537.36 (KHTML, like Gecko) Chrome/108.0.0.0"
216.244.66.237 - - [15/Sep/2025:08:23:55 +0700] "GET /robots.txt HTTP/1.0" 200 984 "-" "Mozilla/5.0 (compatible; DotBot/1.2; +https://opensiteexplorer.org/dotbot; help@moz.com)"
217.113.194.79 - - [15/Sep/2025:08:24:06 +0700] "GET /4848-2/ HTTP/1.0" 200 206780 "-" "Mozilla/5.0 (compatible; Barkrowler/0.9; +https://babbar.tech/crawler)"
185.191.171.16 - - [15/Sep/2025:08:24:13 +0700] "GET /xbox-pool-party/ HTTP/1.0" 200 206282 "-" "Mozilla/5.0 (compatible; SemrushBot/7~bl; +http://www.semrush.com/bot.html)"
45.117.177.72 - - [15/Sep/2025:08:24:34 +0700] "POST /wp-cron.php?doing_wp_cron=1757899474.2455871105194091796875 HTTP/1.0" 200 416 "-" "WordPress/6.8.1; https://vattusacky.vn"
217.113.194.218 - - [15/Sep/2025:08:24:32 +0700] "GET /10780-2/ HTTP/1.0" 200 73067 "-" "Mozilla/5.0 (compatible; Barkrowler/0.9; +https://babbar.tech/crawler)"
95.108.213.177 - - [15/Sep/2025:08:24:35 +0700] "GET /wp-content/plugins/woocommerce/assets/js/js-cookie/js.cookie.min.js?ver=2.1.4-wc.9.8.3 HTTP/1.0" 200 456 "https://vattusacky.vn/tron-rejting-trx-opisanie-obzor-tron-vkljuchaet/" "Mozilla/5.0 (compatible; YandexRenderResourcesBot/1.0; +http://yandex.com/bots) AppleWebKit/537.36 (KHTML, like Gecko) Chrome/108.0.0.0"
213.180.203.21 - - [15/Sep/2025:08:24:36 +0700] "GET /wp-content/plugins/woocommerce/assets/js/jquery-blockui/jquery.blockUI.min.js?ver=2.7.0-wc.9.8.3 HTTP/1.0" 200 466 "https://vattusacky.vn/tron-rejting-trx-opisanie-obzor-tron-vkljuchaet/" "Mozilla/5.0 (compatible; YandexRenderResourcesBot/1.0; +http://yandex.com/bots) AppleWebKit/537.36 (KHTML, like Gecko) Chrome/108.0.0.0"
95.108.213.140 - - [15/Sep/2025:08:24:36 +0700] "GET /wp-content/plugins/woocommerce/assets/js/frontend/add-to-cart.min.js?ver=9.8.3 HTTP/1.0" 200 457 "https://vattusacky.vn/tron-rejting-trx-opisanie-obzor-tron-vkljuchaet/" "Mozilla/5.0 (compatible; YandexRenderResourcesBot/1.0; +http://yandex.com/bots) AppleWebKit/537.36 (KHTML, like Gecko) Chrome/108.0.0.0"
87.250.224.240 - - [15/Sep/2025:08:24:37 +0700] "GET /wp-content/themes/tem_techno_v2/js/crawler.js HTTP/1.0" 200 434 "https://vattusacky.vn/tron-rejting-trx-opisanie-obzor-tron-vkljuchaet/" "Mozilla/5.0 (compatible; YandexRenderResourcesBot/1.0; +http://yandex.com/bots) AppleWebKit/537.36 (KHTML, like Gecko) Chrome/108.0.0.0"
213.180.203.236 - - [15/Sep/2025:08:24:39 +0700] "GET /wp-includes/js/dist/hooks.min.js?ver=4d63a3d491d11ffd8ac6 HTTP/1.0" 200 421 "https://vattusacky.vn/tron-rejting-trx-opisanie-obzor-tron-vkljuchaet/" "Mozilla/5.0 (compatible; YandexRenderResourcesBot/1.0; +http://yandex.com/bots) AppleWebKit/537.36 (KHTML, like Gecko) Chrome/108.0.0.0"
87.250.224.92 - - [15/Sep/2025:08:24:40 +0700] "GET /wp-includes/js/dist/i18n.min.js?ver=5e580eb46a90c2b997e6 HTTP/1.0" 200 420 "https://vattusacky.vn/tron-rejting-trx-opisanie-obzor-tron-vkljuchaet/" "Mozilla/5.0 (compatible; YandexRenderResourcesBot/1.0; +http://yandex.com/bots) AppleWebKit/537.36 (KHTML, like Gecko) Chrome/108.0.0.0"
95.108.213.176 - - [15/Sep/2025:08:24:42 +0700] "GET /wp-content/plugins/contact-form-7/includes/swv/js/index.js?ver=6.0.6 HTTP/1.0" 200 447 "https://vattusacky.vn/tron-rejting-trx-opisanie-obzor-tron-vkljuchaet/" "Mozilla/5.0 (compatible; YandexRenderResourcesBot/1.0; +http://yandex.com/bots) AppleWebKit/537.36 (KHTML, like Gecko) Chrome/108.0.0.0"
217.113.194.79 - - [15/Sep/2025:08:25:06 +0700] "GET /3872-2/ HTTP/1.0" 200 206120 "-" "Mozilla/5.0 (compatible; Barkrowler/0.9; +https://babbar.tech/crawler)"
5.255.231.74 - - [15/Sep/2025:08:25:16 +0700] "GET /wp-content/plugins/contact-form-7/includes/js/index.js?ver=6.0.6 HTTP/1.0" 200 443 "https://vattusacky.vn/tron-rejting-trx-opisanie-obzor-tron-vkljuchaet/" "Mozilla/5.0 (compatible; YandexRenderResourcesBot/1.0; +http://yandex.com/bots) AppleWebKit/537.36 (KHTML, like Gecko) Chrome/108.0.0.0"
45.117.177.72 - - [15/Sep/2025:08:25:44 +0700] "POST /wp-cron.php?doing_wp_cron=1757899543.9360740184783935546875 HTTP/1.0" 200 416 "-" "WordPress/6.8.1; https://vattusacky.vn"
217.113.194.76 - - [15/Sep/2025:08:25:42 +0700] "GET /10413-2/ HTTP/1.0" 200 73418 "-" "Mozilla/5.0 (compatible; Barkrowler/0.9; +https://babbar.tech/crawler)"
217.113.194.79 - - [15/Sep/2025:08:26:14 +0700] "GET /9301-2/ HTTP/1.0" 200 72450 "-" "Mozilla/5.0 (compatible; Barkrowler/0.9; +https://babbar.tech/crawler)"
87.250.224.40 - - [15/Sep/2025:08:26:30 +0700] "GET /wp-content/plugins/devvn-stickytooltip/stickytooltip.js?ver=1.0.0 HTTP/1.0" 200 444 "https://vattusacky.vn/tron-rejting-trx-opisanie-obzor-tron-vkljuchaet/" "Mozilla/5.0 (compatible; YandexRenderResourcesBot/1.0; +http://yandex.com/bots) AppleWebKit/537.36 (KHTML, like Gecko) Chrome/108.0.0.0"
5.255.231.74 - - [15/Sep/2025:08:26:32 +0700] "GET /wp-content/plugins/yith-woocommerce-category-accordion-premium/assets/js/ywcca_accordion.min.js?ver=1.0.12 HTTP/1.0" 200 484 "https://vattusacky.vn/tron-rejting-trx-opisanie-obzor-tron-vkljuchaet/" "Mozilla/5.0 (compatible; YandexRenderResourcesBot/1.0; +http://yandex.com/bots) AppleWebKit/537.36 (KHTML, like Gecko) Chrome/108.0.0.0"
45.117.177.72 - - [15/Sep/2025:08:26:45 +0700] "POST /wp-cron.php?doing_wp_cron=1757899604.7808310985565185546875 HTTP/1.0" 200 416 "-" "WordPress/6.8.1; https://vattusacky.vn"
217.113.194.79 - - [15/Sep/2025:08:26:43 +0700] "GET /10748-2/ HTTP/1.0" 200 72293 "-" "Mozilla/5.0 (compatible; Barkrowler/0.9; +https://babbar.tech/crawler)"
217.113.194.75 - - [15/Sep/2025:08:27:14 +0700] "GET /9423-2/ HTTP/1.0" 200 72731 "-" "Mozilla/5.0 (compatible; Barkrowler/0.9; +https://babbar.tech/crawler)"
213.180.203.57 - - [15/Sep/2025:08:27:33 +0700] "GET /wp-includes/js/comment-reply.min.js?ver=6.8.1 HTTP/1.0" 200 1836 "https://vattusacky.vn/tron-rejting-trx-opisanie-obzor-tron-vkljuchaet/" "Mozilla/5.0 (compatible; YandexRenderResourcesBot/1.0; +http://yandex.com/bots) AppleWebKit/537.36 (KHTML, like Gecko) Chrome/108.0.0.0"
87.250.224.40 - - [15/Sep/2025:08:27:42 +0700] "GET /wp-content/plugins/woocommerce/assets/js/sourcebuster/sourcebuster.min.js?ver=9.8.3 HTTP/1.0" 200 462 "https://vattusacky.vn/tron-rejting-trx-opisanie-obzor-tron-vkljuchaet/" "Mozilla/5.0 (compatible; YandexRenderResourcesBot/1.0; +http://yandex.com/bots) AppleWebKit/537.36 (KHTML, like Gecko) Chrome/108.0.0.0"
45.117.177.72 - - [15/Sep/2025:08:27:45 +0700] "POST /wp-cron.php?doing_wp_cron=1757899665.5468890666961669921875 HTTP/1.0" 200 416 "-" "WordPress/6.8.1; https://vattusacky.vn"
217.113.194.77 - - [15/Sep/2025:08:27:44 +0700] "GET /4606-2/ HTTP/1.0" 200 206673 "-" "Mozilla/5.0 (compatible; Barkrowler/0.9; +https://babbar.tech/crawler)"
95.108.213.140 - - [15/Sep/2025:08:27:55 +0700] "GET /wp-content/plugins/woocommerce/assets/js/frontend/order-attribution.min.js?ver=9.8.3 HTTP/1.0" 200 463 "https://vattusacky.vn/tron-rejting-trx-opisanie-obzor-tron-vkljuchaet/" "Mozilla/5.0 (compatible; YandexRenderResourcesBot/1.0; +http://yandex.com/bots) AppleWebKit/537.36 (KHTML, like Gecko) Chrome/108.0.0.0"
213.180.203.21 - - [15/Sep/2025:08:27:58 +0700] "GET /wp-includes/js/wp-emoji-release.min.js?ver=6.8.1 HTTP/1.0" 200 427 "https://vattusacky.vn/tron-rejting-trx-opisanie-obzor-tron-vkljuchaet/" "Mozilla/5.0 (compatible; YandexRenderResourcesBot/1.0; +http://yandex.com/bots) AppleWebKit/537.36 (KHTML, like Gecko) Chrome/108.0.0.0"
5.255.231.202 - - [15/Sep/2025:08:27:59 +0700] "GET /wp-content/uploads/2016/09/cropped-logo-vietnguyen2-32x32.png HTTP/1.0" 200 437 "https://vattusacky.vn/tron-rejting-trx-opisanie-obzor-tron-vkljuchaet/" "Mozilla/5.0 (compatible; YandexRenderResourcesBot/1.0; +http://yandex.com/bots) AppleWebKit/537.36 (KHTML, like Gecko) Chrome/108.0.0.0"
45.117.177.72 - - [15/Sep/2025:08:28:21 +0700] "POST /wp-cron.php?doing_wp_cron=1757899700.9726850986480712890625 HTTP/1.0" 200 416 "-" "WordPress/6.8.1; https://vattusacky.vn"
217.113.194.79 - - [15/Sep/2025:08:28:19 +0700] "GET /10222-2/ HTTP/1.0" 200 72912 "-" "Mozilla/5.0 (compatible; Barkrowler/0.9; +https://babbar.tech/crawler)"
217.113.194.76 - - [15/Sep/2025:08:28:52 +0700] "GET /sample-page/feed/ HTTP/1.0" 200 1601 "-" "Mozilla/5.0 (compatible; Barkrowler/0.9; +https://babbar.tech/crawler)"
45.117.177.72 - - [15/Sep/2025:08:29:21 +0700] "POST /wp-cron.php?doing_wp_cron=1757899760.8987600803375244140625 HTTP/1.0" 200 416 "-" "WordPress/6.8.1; https://vattusacky.vn"
217.113.194.217 - - [15/Sep/2025:08:29:19 +0700] "GET /410-2/feed/ HTTP/1.0" 200 1615 "-" "Mozilla/5.0 (compatible; Barkrowler/0.9; +https://babbar.tech/crawler)"
217.113.194.78 - - [15/Sep/2025:08:29:50 +0700] "GET /5344-2/ HTTP/1.0" 200 72850 "-" "Mozilla/5.0 (compatible; Barkrowler/0.9; +https://babbar.tech/crawler)"
45.117.177.72 - - [15/Sep/2025:08:30:21 +0700] "POST /wp-cron.php?doing_wp_cron=1757899820.8338720798492431640625 HTTP/1.0" 200 416 "-" "WordPress/6.8.1; https://vattusacky.vn"
217.113.194.76 - - [15/Sep/2025:08:30:19 +0700] "GET /10387-2/ HTTP/1.0" 200 73012 "-" "Mozilla/5.0 (compatible; Barkrowler/0.9; +https://babbar.tech/crawler)"
52.167.144.176 - - [15/Sep/2025:08:30:33 +0700] "GET /sitemap_index.xml HTTP/1.0" 200 2426 "-" "Mozilla/5.0 AppleWebKit/537.36 (KHTML, like Gecko; compatible; bingbot/2.0; +http://www.bing.com/bingbot.htm) Chrome/116.0.1938.76 Safari/537.36"
217.113.194.80 - - [15/Sep/2025:08:30:50 +0700] "GET /3944-2/ HTTP/1.0" 200 206266 "-" "Mozilla/5.0 (compatible; Barkrowler/0.9; +https://babbar.tech/crawler)"
216.244.66.237 - - [15/Sep/2025:08:31:06 +0700] "GET /effortless-communication-ometvs-text-chat-convenience/ HTTP/1.0" 200 84156 "-" "Mozilla/5.0 (compatible; DotBot/1.2; +https://opensiteexplorer.org/dotbot; help@moz.com)"
45.117.177.72 - - [15/Sep/2025:08:31:30 +0700] "POST /wp-cron.php?doing_wp_cron=1757899890.4291119575500488281250 HTTP/1.0" 200 416 "-" "WordPress/6.8.1; https://vattusacky.vn"
216.244.66.237 - - [15/Sep/2025:08:31:29 +0700] "GET /spreading-smiles-positive-moments-on-omegle-and-ometv/ HTTP/1.0" 200 86390 "-" "Mozilla/5.0 (compatible; DotBot/1.2; +https://opensiteexplorer.org/dotbot; help@moz.com)"
154.54.249.200 - - [15/Sep/2025:08:31:29 +0700] "GET /page-4/feed/ HTTP/1.0" 200 1767 "-" "Mozilla/5.0 (compatible; Barkrowler/0.9; +https://babbar.tech/crawler)"
185.191.171.15 - - [15/Sep/2025:08:31:31 +0700] "GET /the-top-online-gambling-tips-discover-how-you-can-earn-money-online-betting-today/ HTTP/1.0" 200 74627 "-" "Mozilla/5.0 (compatible; SemrushBot/7~bl; +http://www.semrush.com/bot.html)"
217.113.194.76 - - [15/Sep/2025:08:31:53 +0700] "GET /5898-2/ HTTP/1.0" 200 72734 "-" "Mozilla/5.0 (compatible; Barkrowler/0.9; +https://babbar.tech/crawler)"
45.117.177.72 - - [15/Sep/2025:08:32:31 +0700] "POST /wp-cron.php?doing_wp_cron=1757899951.6714160442352294921875 HTTP/1.0" 200 416 "-" "WordPress/6.8.1; https://vattusacky.vn"
217.113.194.74 - - [15/Sep/2025:08:32:30 +0700] "GET /result5809/ HTTP/1.0" 200 69153 "-" "Mozilla/5.0 (compatible; Barkrowler/0.9; +https://babbar.tech/crawler)"
4.227.36.85 - - [15/Sep/2025:08:32:53 +0700] "GET /robots.txt HTTP/1.0" 200 984 "-" "Mozilla/5.0 AppleWebKit/537.36 (KHTML, like Gecko; compatible; GPTBot/1.2; +https://openai.com/gptbot)"
217.113.194.217 - - [15/Sep/2025:08:32:59 +0700] "GET /9299-2/ HTTP/1.0" 200 72861 "-" "Mozilla/5.0 (compatible; Barkrowler/0.9; +https://babbar.tech/crawler)"
45.117.177.72 - - [15/Sep/2025:08:33:31 +0700] "POST /wp-cron.php?doing_wp_cron=1757900011.5444889068603515625000 HTTP/1.0" 200 416 "-" "WordPress/6.8.1; https://vattusacky.vn"
217.113.194.81 - - [15/Sep/2025:08:33:30 +0700] "GET /4614-2/ HTTP/1.0" 200 206741 "-" "Mozilla/5.0 (compatible; Barkrowler/0.9; +https://babbar.tech/crawler)"
154.54.249.200 - - [15/Sep/2025:08:34:08 +0700] "GET /5297-2/ HTTP/1.0" 200 73412 "-" "Mozilla/5.0 (compatible; Barkrowler/0.9; +https://babbar.tech/crawler)"
45.117.177.72 - - [15/Sep/2025:08:34:19 +0700] "POST /wp-cron.php?doing_wp_cron=1757900059.2712299823760986328125 HTTP/1.0" 200 416 "-" "WordPress/6.8.1; https://vattusacky.vn"
43.166.129.247 - - [15/Sep/2025:08:34:17 +0700] "GET /feed/ HTTP/1.0" 200 72683 "-" "Mozilla/5.0 (iPhone; CPU iPhone OS 13_2_3 like Mac OS X) AppleWebKit/605.1.15 (KHTML, like Gecko) Version/13.0.3 Mobile/15E148 Safari/604.1"
217.113.194.75 - - [15/Sep/2025:08:34:39 +0700] "GET /9501-2/ HTTP/1.0" 200 73210 "-" "Mozilla/5.0 (compatible; Barkrowler/0.9; +https://babbar.tech/crawler)"
154.54.249.200 - - [15/Sep/2025:08:35:08 +0700] "GET /dlab/feed/ HTTP/1.0" 200 1609 "-" "Mozilla/5.0 (compatible; Barkrowler/0.9; +https://babbar.tech/crawler)"
216.244.66.237 - - [15/Sep/2025:08:35:10 +0700] "GET /how-omegles-social-experiment-fosters-a-sense-of-belonging/feed/ HTTP/1.0" 200 1771 "-" "Mozilla/5.0 (compatible; DotBot/1.2; +https://opensiteexplorer.org/dotbot; help@moz.com)"
45.117.177.72 - - [15/Sep/2025:08:35:34 +0700] "POST /wp-cron.php?doing_wp_cron=1757900133.7616519927978515625000 HTTP/1.0" 200 416 "-" "WordPress/6.8.1; https://vattusacky.vn"
217.113.194.75 - - [15/Sep/2025:08:35:32 +0700] "GET /5540-2/ HTTP/1.0" 200 72772 "-" "Mozilla/5.0 (compatible; Barkrowler/0.9; +https://babbar.tech/crawler)"
216.244.66.237 - - [15/Sep/2025:08:35:49 +0700] "GET /how-to-deal-with-language-barriers-on-chatroulette-and-omegle/feed/ HTTP/1.0" 200 1780 "-" "Mozilla/5.0 (compatible; DotBot/1.2; +https://opensiteexplorer.org/dotbot; help@moz.com)"
17.241.75.48 - - [15/Sep/2025:08:36:00 +0700] "GET /celebrating-cultural-differences-on-omegle-connecting-people-globally/ HTTP/1.0" 200 91284 "-" "Mozilla/5.0 (Macintosh; Intel Mac OS X 10_15_7) AppleWebKit/605.1.15 (KHTML, like Gecko) Version/17.4 Safari/605.1.15 (Applebot/0.1; +http://www.apple.com/go/applebot)"
217.113.194.218 - - [15/Sep/2025:08:36:03 +0700] "GET /5548-2/ HTTP/1.0" 200 73294 "-" "Mozilla/5.0 (compatible; Barkrowler/0.9; +https://babbar.tech/crawler)"
45.117.177.72 - - [15/Sep/2025:08:36:35 +0700] "POST /wp-cron.php?doing_wp_cron=1757900195.6464319229125976562500 HTTP/1.0" 200 416 "-" "WordPress/6.8.1; https://vattusacky.vn"
217.113.194.79 - - [15/Sep/2025:08:36:34 +0700] "GET /category/dating/ HTTP/1.0" 200 58554 "-" "Mozilla/5.0 (compatible; Barkrowler/0.9; +https://babbar.tech/crawler)"
217.113.194.77 - - [15/Sep/2025:08:37:04 +0700] "GET /category/txt/ HTTP/1.0" 200 60486 "-" "Mozilla/5.0 (compatible; Barkrowler/0.9; +https://babbar.tech/crawler)"
45.117.177.72 - - [15/Sep/2025:08:37:32 +0700] "POST /wp-cron.php?doing_wp_cron=1757900252.6122651100158691406250 HTTP/1.0" 200 416 "-" "WordPress/6.8.1; https://vattusacky.vn"
217.113.194.81 - - [15/Sep/2025:08:37:31 +0700] "GET /category/3/feed/ HTTP/1.0" 200 222891 "-" "Mozilla/5.0 (compatible; Barkrowler/0.9; +https://babbar.tech/crawler)"
45.117.177.72 - - [15/Sep/2025:08:38:17 +0700] "POST /wp-cron.php?doing_wp_cron=1757900297.6721599102020263671875 HTTP/1.0" 200 416 "-" "WordPress/6.8.1; https://vattusacky.vn"
154.54.249.200 - - [15/Sep/2025:08:38:16 +0700] "GET /category/blog/page/10/ HTTP/1.0" 200 74060 "-" "Mozilla/5.0 (compatible; Barkrowler/0.9; +https://babbar.tech/crawler)"
217.113.194.218 - - [15/Sep/2025:08:38:47 +0700] "GET /category/blog/page/4/ HTTP/1.0" 200 74866 "-" "Mozilla/5.0 (compatible; Barkrowler/0.9; +https://babbar.tech/crawler)"
217.113.194.81 - - [15/Sep/2025:08:39:14 +0700] "GET /category/news/feed/ HTTP/1.0" 200 431460 "-" "Mozilla/5.0 (compatible; Barkrowler/0.9; +https://babbar.tech/crawler)"
45.117.177.72 - - [15/Sep/2025:08:40:13 +0700] "POST /wp-cron.php?doing_wp_cron=1757900413.2919089794158935546875 HTTP/1.0" 200 416 "-" "WordPress/6.8.1; https://vattusacky.vn"
217.113.194.81 - - [15/Sep/2025:08:40:11 +0700] "GET /category/uncategorized/ HTTP/1.0" 200 76174 "-" "Mozilla/5.0 (compatible; Barkrowler/0.9; +https://babbar.tech/crawler)"
45.117.177.72 - - [15/Sep/2025:08:40:43 +0700] "POST /wp-cron.php?doing_wp_cron=1757900443.0158879756927490234375 HTTP/1.0" 200 416 "-" "WordPress/6.8.1; https://vattusacky.vn"
217.113.194.75 - - [15/Sep/2025:08:40:41 +0700] "GET /lien-he/ HTTP/1.0" 200 242368 "-" "Mozilla/5.0 (compatible; Barkrowler/0.9; +https://babbar.tech/crawler)"
45.117.177.72 - - [15/Sep/2025:08:41:30 +0700] "POST /wp-cron.php?doing_wp_cron=1757900490.6475479602813720703125 HTTP/1.0" 200 416 "-" "WordPress/6.8.1; https://vattusacky.vn"
217.113.194.81 - - [15/Sep/2025:08:41:29 +0700] "GET /9982-2/ HTTP/1.0" 200 72998 "-" "Mozilla/5.0 (compatible; Barkrowler/0.9; +https://babbar.tech/crawler)"
217.113.194.78 - - [15/Sep/2025:08:42:00 +0700] "GET /10804-2/ HTTP/1.0" 200 72682 "-" "Mozilla/5.0 (compatible; Barkrowler/0.9; +https://babbar.tech/crawler)"
45.117.177.72 - - [15/Sep/2025:08:42:33 +0700] "POST /wp-cron.php?doing_wp_cron=1757900552.9960439205169677734375 HTTP/1.0" 200 416 "-" "WordPress/6.8.1; https://vattusacky.vn"
217.113.194.72 - - [15/Sep/2025:08:42:31 +0700] "GET /5259-2/ HTTP/1.0" 200 73260 "-" "Mozilla/5.0 (compatible; Barkrowler/0.9; +https://babbar.tech/crawler)"
159.138.63.192 - - [15/Sep/2025:08:42:52 +0700] "GET /tips-on-how-to-date-online-internationally/ HTTP/1.0" 200 76253 "https://vattusacky.vn/tips-on-how-to-date-online-internationally/" "Mozilla/5.0 (Macintosh; Intel Mac OS X 10_15_7) AppleWebKit/537.36 (KHTML, like Gecko) Chrome/131.0.0.0 Safari/537.36"
17.241.219.228 - - [15/Sep/2025:08:42:57 +0700] "GET /omegle-food-chat-talking-about-culinary-passions-with-strangers/ HTTP/1.0" 200 92415 "-" "Mozilla/5.0 (Macintosh; Intel Mac OS X 10_15_7) AppleWebKit/605.1.15 (KHTML, like Gecko) Version/17.4 Safari/605.1.15 (Applebot/0.1; +http://www.apple.com/go/applebot)"
217.113.194.75 - - [15/Sep/2025:08:42:57 +0700] "GET /4215-2/ HTTP/1.0" 200 206179 "-" "Mozilla/5.0 (compatible; Barkrowler/0.9; +https://babbar.tech/crawler)"
213.180.203.236 - - [15/Sep/2025:08:43:07 +0700] "GET /robots.txt HTTP/1.0" 200 984 "-" "Mozilla/5.0 (compatible; YandexBot/3.0; +http://yandex.com/bots)"
45.117.177.72 - - [15/Sep/2025:08:43:35 +0700] "POST /wp-cron.php?doing_wp_cron=1757900614.9558908939361572265625 HTTP/1.0" 200 416 "-" "WordPress/6.8.1; https://vattusacky.vn"
217.113.194.72 - - [15/Sep/2025:08:43:33 +0700] "GET /logo4/feed/ HTTP/1.0" 200 1612 "-" "Mozilla/5.0 (compatible; Barkrowler/0.9; +https://babbar.tech/crawler)"
47.128.111.147 - - [15/Sep/2025:08:43:41 +0700] "GET /quan-trac-khi-thai-theo-thong-tu-24/ HTTP/1.0" 200 287416 "-" "Mozilla/5.0 (Linux; Android 5.0) AppleWebKit/537.36 (KHTML, like Gecko) Mobile Safari/537.36 (compatible; TikTokSpider; ttspider-feedback@tiktok.com)"
47.128.111.147 - - [15/Sep/2025:08:43:43 +0700] "GET /wp-content/plugins/gridlist-view-for-woocommerce/css/shop_lgv.css?ver=1.1.8 HTTP/1.0" 200 440 "https://vattusacky.vn/quan-trac-khi-thai-theo-thong-tu-24/" "Mozilla/5.0 (Linux; Android 5.0) AppleWebKit/537.36 (KHTML, like Gecko) Mobile Safari/537.36 (compatible; TikTokSpider; ttspider-feedback@tiktok.com)"
47.128.111.147 - - [15/Sep/2025:08:43:43 +0700] "GET /wp-content/plugins/devvn-stickytooltip/stickytooltip.css?ver=1.0.0 HTTP/1.0" 200 431 "https://vattusacky.vn/quan-trac-khi-thai-theo-thong-tu-24/" "Mozilla/5.0 (Linux; Android 5.0) AppleWebKit/537.36 (KHTML, like Gecko) Mobile Safari/537.36 (compatible; TikTokSpider; ttspider-feedback@tiktok.com)"
47.128.111.147 - - [15/Sep/2025:08:43:43 +0700] "GET /wp-includes/css/dist/block-library/style.min.css?ver=6.8.1 HTTP/1.0" 200 423 "https://vattusacky.vn/quan-trac-khi-thai-theo-thong-tu-24/" "Mozilla/5.0 (Linux; Android 5.0) AppleWebKit/537.36 (KHTML, like Gecko) Mobile Safari/537.36 (compatible; TikTokSpider; ttspider-feedback@tiktok.com)"
47.128.111.147 - - [15/Sep/2025:08:43:43 +0700] "GET /wp-content/plugins/yith-woocommerce-category-accordion-premium/cache/ywcca_dynamics.css?ver=6.8.1 HTTP/1.0" 200 462 "https://vattusacky.vn/quan-trac-khi-thai-theo-thong-tu-24/" "Mozilla/5.0 (Linux; Android 5.0) AppleWebKit/537.36 (KHTML, like Gecko) Mobile Safari/537.36 (compatible; TikTokSpider; ttspider-feedback@tiktok.com)"
47.128.111.147 - - [15/Sep/2025:08:43:43 +0700] "GET /wp-content/plugins/contact-form-7/includes/css/styles.css?ver=6.0.6 HTTP/1.0" 200 432 "https://vattusacky.vn/quan-trac-khi-thai-theo-thong-tu-24/" "Mozilla/5.0 (Linux; Android 5.0) AppleWebKit/537.36 (KHTML, like Gecko) Mobile Safari/537.36 (compatible; TikTokSpider; ttspider-feedback@tiktok.com)"
47.128.111.147 - - [15/Sep/2025:08:43:43 +0700] "GET /wp-content/plugins/woocommerce/assets/css/woocommerce.css?ver=9.8.3 HTTP/1.0" 200 432 "https://vattusacky.vn/quan-trac-khi-thai-theo-thong-tu-24/" "Mozilla/5.0 (Linux; Android 5.0) AppleWebKit/537.36 (KHTML, like Gecko) Mobile Safari/537.36 (compatible; TikTokSpider; ttspider-feedback@tiktok.com)"
47.128.111.147 - - [15/Sep/2025:08:43:43 +0700] "GET /wp-content/plugins/yith-woocommerce-category-accordion-premium/assets/css/ywcca_style.css?ver=1.0.12 HTTP/1.0" 200 464 "https://vattusacky.vn/quan-trac-khi-thai-theo-thong-tu-24/" "Mozilla/5.0 (Linux; Android 5.0) AppleWebKit/537.36 (KHTML, like Gecko) Mobile Safari/537.36 (compatible; TikTokSpider; ttspider-feedback@tiktok.com)"
47.128.111.147 - - [15/Sep/2025:08:43:43 +0700] "GET /wp-content/plugins/woocommerce/assets/css/brands.css?ver=9.8.3 HTTP/1.0" 200 427 "https://vattusacky.vn/quan-trac-khi-thai-theo-thong-tu-24/" "Mozilla/5.0 (Linux; Android 5.0) AppleWebKit/537.36 (KHTML, like Gecko) Mobile Safari/537.36 (compatible; TikTokSpider; ttspider-feedback@tiktok.com)"
47.128.111.147 - - [15/Sep/2025:08:43:43 +0700] "GET /wp-content/plugins/gridlist-view-for-woocommerce/berocket/assets/css/font-awesome.min.css?ver=6.8.1 HTTP/1.0" 200 464 "https://vattusacky.vn/quan-trac-khi-thai-theo-thong-tu-24/" "Mozilla/5.0 (Linux; Android 5.0) AppleWebKit/537.36 (KHTML, like Gecko) Mobile Safari/537.36 (compatible; TikTokSpider; ttspider-feedback@tiktok.com)"
47.128.111.147 - - [15/Sep/2025:08:43:43 +0700] "GET /wp-content/themes/tem_techno_v2/inc/css/bootstrap.min.css?ver=6.8.1 HTTP/1.0" 200 432 "https://vattusacky.vn/quan-trac-khi-thai-theo-thong-tu-24/" "Mozilla/5.0 (Linux; Android 5.0) AppleWebKit/537.36 (KHTML, like Gecko) Mobile Safari/537.36 (compatible; TikTokSpider; ttspider-feedback@tiktok.com)"
47.128.111.147 - - [15/Sep/2025:08:43:43 +0700] "GET /wp-content/plugins/woocommerce/assets/css/woocommerce-layout.css?ver=9.8.3 HTTP/1.0" 200 439 "https://vattusacky.vn/quan-trac-khi-thai-theo-thong-tu-24/" "Mozilla/5.0 (Linux; Android 5.0) AppleWebKit/537.36 (KHTML, like Gecko) Mobile Safari/537.36 (compatible; TikTokSpider; ttspider-feedback@tiktok.com)"
47.128.111.147 - - [15/Sep/2025:08:43:43 +0700] "GET /wp-content/plugins/woocommerce/assets/css/woocommerce-smallscreen.css?ver=9.8.3 HTTP/1.0" 200 444 "https://vattusacky.vn/quan-trac-khi-thai-theo-thong-tu-24/" "Mozilla/5.0 (Linux; Android 5.0) AppleWebKit/537.36 (KHTML, like Gecko) Mobile Safari/537.36 (compatible; TikTokSpider; ttspider-feedback@tiktok.com)"
47.128.111.147 - - [15/Sep/2025:08:43:43 +0700] "GET /wp-content/themes/tem_techno_v2/inc/css/font-awesome.min.css?ver=6.8.1 HTTP/1.0" 200 435 "https://vattusacky.vn/quan-trac-khi-thai-theo-thong-tu-24/" "Mozilla/5.0 (Linux; Android 5.0) AppleWebKit/537.36 (KHTML, like Gecko) Mobile Safari/537.36 (compatible; TikTokSpider; ttspider-feedback@tiktok.com)"
47.128.111.147 - - [15/Sep/2025:08:43:43 +0700] "GET /wp-content/plugins/content-views-query-and-display-post-page/public/assets/css/cv.css?ver=4.1 HTTP/1.0" 200 460 "https://vattusacky.vn/quan-trac-khi-thai-theo-thong-tu-24/" "Mozilla/5.0 (Linux; Android 5.0) AppleWebKit/537.36 (KHTML, like Gecko) Mobile Safari/537.36 (compatible; TikTokSpider; ttspider-feedback@tiktok.com)"
47.128.111.147 - - [15/Sep/2025:08:43:43 +0700] "GET /wp-content/themes/tem_techno_v2/style.css?ver=6.8.1 HTTP/1.0" 200 416 "https://vattusacky.vn/quan-trac-khi-thai-theo-thong-tu-24/" "Mozilla/5.0 (Linux; Android 5.0) AppleWebKit/537.36 (KHTML, like Gecko) Mobile Safari/537.36 (compatible; TikTokSpider; ttspider-feedback@tiktok.com)"
47.128.111.147 - - [15/Sep/2025:08:43:43 +0700] "GET /wp-content/plugins/wp-pagenavi/pagenavi-css.css?ver=2.70 HTTP/1.0" 200 823 "https://vattusacky.vn/quan-trac-khi-thai-theo-thong-tu-24/" "Mozilla/5.0 (Linux; Android 5.0) AppleWebKit/537.36 (KHTML, like Gecko) Mobile Safari/537.36 (compatible; TikTokSpider; ttspider-feedback@tiktok.com)"
47.128.111.147 - - [15/Sep/2025:08:43:43 +0700] "GET /wp-content/themes/tem_techno_v2/slmenu.css HTTP/1.0" 200 417 "https://vattusacky.vn/quan-trac-khi-thai-theo-thong-tu-24/" "Mozilla/5.0 (Linux; Android 5.0) AppleWebKit/537.36 (KHTML, like Gecko) Mobile Safari/537.36 (compatible; TikTokSpider; ttspider-feedback@tiktok.com)"
47.128.111.147 - - [15/Sep/2025:08:43:43 +0700] "GET /wp-content/uploads/2018/04/o-nhiem-bau-khong-khi-tai-viet-nam.jpg HTTP/1.0" 200 442 "https://vattusacky.vn/quan-trac-khi-thai-theo-thong-tu-24/" "Mozilla/5.0 (Linux; Android 5.0) AppleWebKit/537.36 (KHTML, like Gecko) Mobile Safari/537.36 (compatible; TikTokSpider; ttspider-feedback@tiktok.com)"
47.128.111.147 - - [15/Sep/2025:08:43:43 +0700] "GET /wp-content/plugins/woocommerce/assets/client/blocks/wc-blocks.css?ver=wc-9.8.3 HTTP/1.0" 200 440 "https://vattusacky.vn/quan-trac-khi-thai-theo-thong-tu-24/" "Mozilla/5.0 (Linux; Android 5.0) AppleWebKit/537.36 (KHTML, like Gecko) Mobile Safari/537.36 (compatible; TikTokSpider; ttspider-feedback@tiktok.com)"
47.128.111.147 - - [15/Sep/2025:08:43:43 +0700] "GET /wp-content/uploads/2016/09/cropped-logo-vietnguyen.png HTTP/1.0" 200 430 "https://vattusacky.vn/quan-trac-khi-thai-theo-thong-tu-24/" "Mozilla/5.0 (Linux; Android 5.0) AppleWebKit/537.36 (KHTML, like Gecko) Mobile Safari/537.36 (compatible; TikTokSpider; ttspider-feedback@tiktok.com)"
47.128.111.147 - - [15/Sep/2025:08:43:43 +0700] "GET /wp-content/uploads/2018/05/10-884-10_fyrite_classic-1.jpg HTTP/1.0" 200 434 "https://vattusacky.vn/quan-trac-khi-thai-theo-thong-tu-24/" "Mozilla/5.0 (Linux; Android 5.0) AppleWebKit/537.36 (KHTML, like Gecko) Mobile Safari/537.36 (compatible; TikTokSpider; ttspider-feedback@tiktok.com)"
47.128.111.147 - - [15/Sep/2025:08:43:43 +0700] "GET /wp-content/uploads/2018/05/10-884-10_fyrite_classic-1-1.jpg HTTP/1.0" 200 436 "https://vattusacky.vn/quan-trac-khi-thai-theo-thong-tu-24/" "Mozilla/5.0 (Linux; Android 5.0) AppleWebKit/537.36 (KHTML, like Gecko) Mobile Safari/537.36 (compatible; TikTokSpider; ttspider-feedback@tiktok.com)"
47.128.111.147 - - [15/Sep/2025:08:43:43 +0700] "GET /wp-content/uploads/2016/07/bandelin-logo.png HTTP/1.0" 200 420 "https://vattusacky.vn/quan-trac-khi-thai-theo-thong-tu-24/" "Mozilla/5.0 (Linux; Android 5.0) AppleWebKit/537.36 (KHTML, like Gecko) Mobile Safari/537.36 (compatible; TikTokSpider; ttspider-feedback@tiktok.com)"
47.128.111.147 - - [15/Sep/2025:08:43:43 +0700] "GET /wp-content/uploads/2016/07/bw-technologies.png HTTP/1.0" 200 422 "https://vattusacky.vn/quan-trac-khi-thai-theo-thong-tu-24/" "Mozilla/5.0 (Linux; Android 5.0) AppleWebKit/537.36 (KHTML, like Gecko) Mobile Safari/537.36 (compatible; TikTokSpider; ttspider-feedback@tiktok.com)"
47.128.111.147 - - [15/Sep/2025:08:43:43 +0700] "GET /wp-content/uploads/2018/05/tai-xuong.jpg HTTP/1.0" 200 417 "https://vattusacky.vn/quan-trac-khi-thai-theo-thong-tu-24/" "Mozilla/5.0 (Linux; Android 5.0) AppleWebKit/537.36 (KHTML, like Gecko) Mobile Safari/537.36 (compatible; TikTokSpider; ttspider-feedback@tiktok.com)"
