217.113.194.79 - - [15/Sep/2025:19:01:51 +0700] "GET /how-online-interactions-impact-mental-health/ HTTP/1.0" 200 90792 "-" "Mozilla/5.0 (compatible; Barkrowler/0.9; +https://babbar.tech/crawler)"
45.117.177.72 - - [15/Sep/2025:19:02:17 +0700] "POST /wp-cron.php?doing_wp_cron=1757937737.1848900318145751953125 HTTP/1.0" 200 416 "-" "WordPress/6.8.1; https://vattusacky.vn"
217.113.194.79 - - [15/Sep/2025:19:02:15 +0700] "GET /how-online-interactions-impact-self-identity/ HTTP/1.0" 200 91208 "-" "Mozilla/5.0 (compatible; Barkrowler/0.9; +https://babbar.tech/crawler)"
217.113.194.78 - - [15/Sep/2025:19:02:41 +0700] "GET /how-does-omegle-protect-user-privacy/ HTTP/1.0" 200 87324 "-" "Mozilla/5.0 (compatible; Barkrowler/0.9; +https://babbar.tech/crawler)"
154.54.249.200 - - [15/Sep/2025:19:03:07 +0700] "GET /organising-flawless-mother-board-meetings/ HTTP/1.0" 200 205344 "-" "Mozilla/5.0 (compatible; Barkrowler/0.9; +https://babbar.tech/crawler)"
45.117.177.72 - - [15/Sep/2025:19:03:41 +0700] "POST /wp-cron.php?doing_wp_cron=1757937820.8138620853424072265625 HTTP/1.0" 200 416 "-" "WordPress/6.8.1; https://vattusacky.vn"
217.113.194.73 - - [15/Sep/2025:19:03:39 +0700] "GET /overcoming-language-barriers-on-omegle/feed/ HTTP/1.0" 200 1711 "-" "Mozilla/5.0 (compatible; Barkrowler/0.9; +https://babbar.tech/crawler)"
172.204.16.70 - - [15/Sep/2025:19:03:41 +0700] "GET / HTTP/1.0" 200 27052 "-" "Mozilla/5.0 AppleWebKit/537.36 (KHTML, like Gecko); compatible; ChatGPT-User/1.0; +https://openai.com/bot"
45.117.177.72 - - [15/Sep/2025:19:04:05 +0700] "POST /wp-cron.php?doing_wp_cron=1757937845.3894660472869873046875 HTTP/1.0" 200 416 "-" "WordPress/6.8.1; https://vattusacky.vn"
217.113.194.79 - - [15/Sep/2025:19:04:03 +0700] "GET /overcoming-shyness-on-omegle/feed/ HTTP/1.0" 200 1681 "-" "Mozilla/5.0 (compatible; Barkrowler/0.9; +https://babbar.tech/crawler)"
45.117.177.72 - - [15/Sep/2025:19:04:30 +0700] "POST /wp-cron.php?doing_wp_cron=1757937869.8889219760894775390625 HTTP/1.0" 200 416 "-" "WordPress/6.8.1; https://vattusacky.vn"
217.113.194.73 - - [15/Sep/2025:19:04:28 +0700] "GET /getting-a-lady-to-carry-the-hand/feed/ HTTP/1.0" 200 1693 "-" "Mozilla/5.0 (compatible; Barkrowler/0.9; +https://babbar.tech/crawler)"
217.113.194.73 - - [15/Sep/2025:19:04:52 +0700] "GET /testosterone-enanthate-buy-canada/ HTTP/1.0" 200 107233 "-" "Mozilla/5.0 (compatible; Barkrowler/0.9; +https://babbar.tech/crawler)"
45.117.177.72 - - [15/Sep/2025:19:05:21 +0700] "POST /wp-cron.php?doing_wp_cron=1757937921.5759809017181396484375 HTTP/1.0" 200 416 "-" "WordPress/6.8.1; https://vattusacky.vn"
217.113.194.77 - - [15/Sep/2025:19:05:20 +0700] "GET /why-are-older-girls-keen-on-me/ HTTP/1.0" 200 205639 "-" "Mozilla/5.0 (compatible; Barkrowler/0.9; +https://babbar.tech/crawler)"
217.113.194.78 - - [15/Sep/2025:19:05:50 +0700] "GET /why-are-older-girls-keen-on-me/feed/ HTTP/1.0" 200 1688 "-" "Mozilla/5.0 (compatible; Barkrowler/0.9; +https://babbar.tech/crawler)"
217.113.194.217 - - [15/Sep/2025:19:06:14 +0700] "GET /pickup-lines-intended-for-online-dating/ HTTP/1.0" 200 209824 "-" "Mozilla/5.0 (compatible; Barkrowler/0.9; +https://babbar.tech/crawler)"
45.117.177.72 - - [15/Sep/2025:19:06:49 +0700] "POST /wp-cron.php?doing_wp_cron=1757938009.4756999015808105468750 HTTP/1.0" 200 416 "-" "WordPress/6.8.1; https://vattusacky.vn"
154.54.249.200 - - [15/Sep/2025:19:06:47 +0700] "GET /east-european-romantic-relationship-tips/feed/ HTTP/1.0" 200 1717 "-" "Mozilla/5.0 (compatible; Barkrowler/0.9; +https://babbar.tech/crawler)"
217.113.194.75 - - [15/Sep/2025:19:07:10 +0700] "GET /artificial-intelligence-services-consulting-risk/ HTTP/1.0" 200 226611 "-" "Mozilla/5.0 (compatible; Barkrowler/0.9; +https://babbar.tech/crawler)"
45.117.177.72 - - [15/Sep/2025:19:07:40 +0700] "POST /wp-cron.php?doing_wp_cron=1757938059.9569370746612548828125 HTTP/1.0" 200 416 "-" "WordPress/6.8.1; https://vattusacky.vn"
217.113.194.77 - - [15/Sep/2025:19:07:38 +0700] "GET /heavy-period-metformin-500-mg/feed/ HTTP/1.0" 200 1684 "-" "Mozilla/5.0 (compatible; Barkrowler/0.9; +https://babbar.tech/crawler)"
217.113.194.217 - - [15/Sep/2025:19:08:06 +0700] "GET /danh-muc/moi-truong-dat/ HTTP/1.0" 200 62180 "-" "Mozilla/5.0 (compatible; Barkrowler/0.9; +https://babbar.tech/crawler)"
17.241.227.240 - - [15/Sep/2025:19:08:07 +0700] "GET /enhancing-social-interaction-video-chat-on-omegle-vs-text-chat-on-ometv/ HTTP/1.0" 200 91777 "-" "Mozilla/5.0 (Macintosh; Intel Mac OS X 10_15_7) AppleWebKit/605.1.15 (KHTML, like Gecko) Version/17.4 Safari/605.1.15 (Applebot/0.1; +http://www.apple.com/go/applebot)"
45.117.177.72 - - [15/Sep/2025:19:08:35 +0700] "POST /wp-cron.php?doing_wp_cron=1757938115.6155560016632080078125 HTTP/1.0" 200 416 "-" "WordPress/6.8.1; https://vattusacky.vn"
217.113.194.218 - - [15/Sep/2025:19:08:34 +0700] "GET /robots.txt HTTP/1.0" 200 984 "-" "Mozilla/5.0 (compatible; Barkrowler/0.9; +https://babbar.tech/crawler)"
43.153.74.75 - - [15/Sep/2025:19:08:37 +0700] "GET / HTTP/1.0" 200 60071 "http://vattusacky.vn" "Mozilla/5.0 (iPhone; CPU iPhone OS 13_2_3 like Mac OS X) AppleWebKit/605.1.15 (KHTML, like Gecko) Version/13.0.3 Mobile/15E148 Safari/604.1"
45.117.177.72 - - [15/Sep/2025:19:09:00 +0700] "POST /wp-cron.php?doing_wp_cron=1757938139.8112819194793701171875 HTTP/1.0" 200 416 "-" "WordPress/6.8.1; https://vattusacky.vn"
217.113.194.72 - - [15/Sep/2025:19:08:58 +0700] "GET /the-rising-popularity-of-online-professional/feed/ HTTP/1.0" 200 1752 "-" "Mozilla/5.0 (compatible; Barkrowler/0.9; +https://babbar.tech/crawler)"
45.117.177.72 - - [15/Sep/2025:19:09:23 +0700] "POST /wp-cron.php?doing_wp_cron=1757938162.9223051071166992187500 HTTP/1.0" 200 416 "-" "WordPress/6.8.1; https://vattusacky.vn"
217.113.194.76 - - [15/Sep/2025:19:09:21 +0700] "GET /the-psychology-of-omegle-interactions/feed/ HTTP/1.0" 200 1708 "-" "Mozilla/5.0 (compatible; Barkrowler/0.9; +https://babbar.tech/crawler)"
217.113.194.79 - - [15/Sep/2025:19:09:50 +0700] "GET /the-addictive-nature-of-omegle/feed/ HTTP/1.0" 200 1687 "-" "Mozilla/5.0 (compatible; Barkrowler/0.9; +https://babbar.tech/crawler)"
45.117.177.72 - - [15/Sep/2025:19:10:22 +0700] "POST /wp-cron.php?doing_wp_cron=1757938221.7640531063079833984375 HTTP/1.0" 200 416 "-" "WordPress/6.8.1; https://vattusacky.vn"
217.113.194.76 - - [15/Sep/2025:19:10:20 +0700] "GET /what-is-a-mutually-useful-arrangement/feed/ HTTP/1.0" 200 1709 "-" "Mozilla/5.0 (compatible; Barkrowler/0.9; +https://babbar.tech/crawler)"
217.113.194.78 - - [15/Sep/2025:19:10:44 +0700] "GET /strategies-for-writing-custom-research-papers-online/ HTTP/1.0" 200 206282 "-" "Mozilla/5.0 (compatible; Barkrowler/0.9; +https://babbar.tech/crawler)"
45.117.177.72 - - [15/Sep/2025:19:11:19 +0700] "POST /wp-cron.php?doing_wp_cron=1757938279.0636560916900634765625 HTTP/1.0" 200 416 "-" "WordPress/6.8.1; https://vattusacky.vn"
217.113.194.72 - - [15/Sep/2025:19:11:17 +0700] "GET /etodolac-purchase-cheap-how-much/feed/ HTTP/1.0" 200 1693 "-" "Mozilla/5.0 (compatible; Barkrowler/0.9; +https://babbar.tech/crawler)"
154.54.249.200 - - [15/Sep/2025:19:11:40 +0700] "GET /introduction-to-omegle-and-ometv/ HTTP/1.0" 200 88865 "-" "Mozilla/5.0 (compatible; Barkrowler/0.9; +https://babbar.tech/crawler)"
118.195.165.218 - - [15/Sep/2025:19:11:44 +0700] "GET / HTTP/1.0" 200 60071 "http://vattusacky.vn" "Mozilla/5.0 (iPhone; CPU iPhone OS 13_2_3 like Mac OS X) AppleWebKit/605.1.15 (KHTML, like Gecko) Version/13.0.3 Mobile/15E148 Safari/604.1"
217.113.194.76 - - [15/Sep/2025:19:12:09 +0700] "GET /introduction-to-omegles-algorithm/ HTTP/1.0" 200 88589 "-" "Mozilla/5.0 (compatible; Barkrowler/0.9; +https://babbar.tech/crawler)"
45.117.177.72 - - [15/Sep/2025:19:12:35 +0700] "POST /wp-cron.php?doing_wp_cron=1757938355.6069650650024414062500 HTTP/1.0" 200 416 "-" "WordPress/6.8.1; https://vattusacky.vn"
51.75.119.173 - - [15/Sep/2025:19:12:33 +0700] "GET /robots.txt HTTP/1.0" 200 984 "-" "Mozilla/5.0 (compatible; MJ12bot/v1.4.8; http://mj12bot.com/)"
51.75.119.173 - - [15/Sep/2025:19:12:38 +0700] "GET /danh-muc/moi-truong-khi/thiet-bi-lay-mau-khi-thai-isokinetic-non-isokinetic/?s=Environmental%20Supply%20Company,%20Inc%20(vi%E1%BA%BFt%20t%E1%BA%AFt:%20ESC)%20%E2%80%93%20M%E1%BB%B9 HTTP/1.0" 200 61539 "-" "Mozilla/5.0 (compatible; MJ12bot/v1.4.8; http://mj12bot.com/)"
217.113.194.81 - - [15/Sep/2025:19:12:40 +0700] "GET /sharing-personal-stories-on-omegle/feed/ HTTP/1.0" 200 1699 "-" "Mozilla/5.0 (compatible; Barkrowler/0.9; +https://babbar.tech/crawler)"
51.75.119.173 - - [15/Sep/2025:19:12:42 +0700] "GET /danh-muc/moi-truong-nuoc/do-luu-toc-dong-chay-kenh-ho/?s=Global%20water%20%E2%80%93%20M%E1%BB%B9 HTTP/1.0" 200 60680 "-" "Mozilla/5.0 (compatible; MJ12bot/v1.4.8; http://mj12bot.com/)"
51.75.119.173 - - [15/Sep/2025:19:12:46 +0700] "GET /danh-muc/moi-truong-nuoc/do-luu-toc-dong-chay-kenh-ho/?s=Global+water+%E2%80%93+M%E1%BB%B9 HTTP/1.0" 200 60680 "-" "Mozilla/5.0 (compatible; MJ12bot/v1.4.8; http://mj12bot.com/)"
51.75.119.173 - - [15/Sep/2025:19:12:49 +0700] "GET /danh-muc/moi-truong-nuoc/do-luu-toc-dong-chay-kenh-ho/?s=NTech%20%E2%80%93%20M%E1%BB%B9 HTTP/1.0" 200 60608 "-" "Mozilla/5.0 (compatible; MJ12bot/v1.4.8; http://mj12bot.com/)"
51.75.119.173 - - [15/Sep/2025:19:12:58 +0700] "GET /danh-muc/moi-truong-nuoc/do-luu-toc-dong-chay-kenh-ho/?s=Waterra%20In%20Situ%20%E2%80%93%20Anh HTTP/1.0" 200 60687 "-" "Mozilla/5.0 (compatible; MJ12bot/v1.4.8; http://mj12bot.com/)"
217.113.194.77 - - [15/Sep/2025:19:13:02 +0700] "GET /bet365-app-zambia-1052/feed/ HTTP/1.0" 200 1658 "-" "Mozilla/5.0 (compatible; Barkrowler/0.9; +https://babbar.tech/crawler)"
51.75.119.173 - - [15/Sep/2025:19:13:02 +0700] "GET /danh-muc/moi-truong-nuoc/lay-mau-nuoc-alpha-van-dorn-loai-ngang/?s=Wild%20Supply%20Company%20(thu%E1%BB%99c%20Science%20First%20company)%20%E2%80%93%20M%E1%BB%B9 HTTP/1.0" 200 61230 "-" "Mozilla/5.0 (compatible; MJ12bot/v1.4.8; http://mj12bot.com/)"
51.75.119.173 - - [15/Sep/2025:19:13:07 +0700] "GET /danh-muc/moi-truong-nuoc/lay-mau-nuoc-alphan-van-dor-loai-doc/?s=Wild%20Supply%20Company%20(thu%E1%BB%99c%20Science%20First%20company)%20%E2%80%93%20M%E1%BB%B9 HTTP/1.0" 200 61213 "-" "Mozilla/5.0 (compatible; MJ12bot/v1.4.8; http://mj12bot.com/)"
51.75.119.173 - - [15/Sep/2025:19:13:12 +0700] "GET /danh-muc/moi-truong-nuoc/lay-mau-nuoc-beta-van-dorn-kemmerer/?s=Wild%20Supply%20Company%20(thu%E1%BB%99c%20Science%20First%20company)%20%E2%80%93%20M%E1%BB%B9 HTTP/1.0" 200 61182 "-" "Mozilla/5.0 (compatible; MJ12bot/v1.4.8; http://mj12bot.com/)"
45.117.177.72 - - [15/Sep/2025:19:13:17 +0700] "POST /wp-cron.php?doing_wp_cron=1757938397.5735449790954589843750 HTTP/1.0" 200 416 "-" "WordPress/6.8.1; https://vattusacky.vn"
51.75.119.173 - - [15/Sep/2025:19:13:16 +0700] "GET /danh-muc/moi-truong-nuoc/may-do-phmvorpectdsmandodo-duc-cam-tay/?s=Sper%20Scientific%20%E2%80%93%20M%E1%BB%B9 HTTP/1.0" 200 60896 "-" "Mozilla/5.0 (compatible; MJ12bot/v1.4.8; http://mj12bot.com/)"
51.75.119.173 - - [15/Sep/2025:19:13:21 +0700] "GET /danh-muc/phan-tich-thi-nghie%CC%A3m/thiet-bi-do-hoat-do-nuoc/?s=Freund%20%E2%80%93%20Nh%E1%BA%ADt%20B%E1%BA%A3n HTTP/1.0" 200 60775 "-" "Mozilla/5.0 (compatible; MJ12bot/v1.4.8; http://mj12bot.com/)"
51.75.119.173 - - [15/Sep/2025:19:13:24 +0700] "GET /danh-muc/thiet-bi%CC%A3-do-luong/do-phong-xa-dien-tu-truong/?s=HIQ%20%E2%80%93%20%20M%E1%BB%B9 HTTP/1.0" 200 60647 "-" "Mozilla/5.0 (compatible; MJ12bot/v1.4.8; http://mj12bot.com/)"
217.113.194.77 - - [15/Sep/2025:19:13:26 +0700] "GET /navigating-the-language-barrier-on-omegle/feed/ HTTP/1.0" 200 1720 "-" "Mozilla/5.0 (compatible; Barkrowler/0.9; +https://babbar.tech/crawler)"
217.113.194.79 - - [15/Sep/2025:19:13:51 +0700] "GET /common-misconceptions-about-omegle/feed/ HTTP/1.0" 200 1699 "-" "Mozilla/5.0 (compatible; Barkrowler/0.9; +https://babbar.tech/crawler)"
52.187.246.140 - - [15/Sep/2025:19:14:00 +0700] "GET / HTTP/1.0" 200 35265 "-" "Mozilla/5.0 AppleWebKit/537.36 (KHTML, like Gecko); compatible; ChatGPT-User/1.0; +https://openai.com/bot"
45.117.177.72 - - [15/Sep/2025:19:14:19 +0700] "POST /wp-cron.php?doing_wp_cron=1757938459.7432138919830322265625 HTTP/1.0" 200 416 "-" "WordPress/6.8.1; https://vattusacky.vn"
217.113.194.81 - - [15/Sep/2025:19:14:18 +0700] "GET /shopper-complaints-courtroom-16/feed/ HTTP/1.0" 200 1687 "-" "Mozilla/5.0 (compatible; Barkrowler/0.9; +https://babbar.tech/crawler)"
217.113.194.217 - - [15/Sep/2025:19:14:41 +0700] "GET /is-normally-cbd-legal-in-the-us/ HTTP/1.0" 200 205515 "-" "Mozilla/5.0 (compatible; Barkrowler/0.9; +https://babbar.tech/crawler)"
45.117.177.72 - - [15/Sep/2025:19:15:20 +0700] "POST /wp-cron.php?doing_wp_cron=1757938520.5596599578857421875000 HTTP/1.0" 200 416 "-" "WordPress/6.8.1; https://vattusacky.vn"
217.113.194.75 - - [15/Sep/2025:19:15:19 +0700] "GET /website-free-just-for-sugar-babies-daddies/ HTTP/1.0" 200 77727 "-" "Mozilla/5.0 (compatible; Barkrowler/0.9; +https://babbar.tech/crawler)"
217.113.194.81 - - [15/Sep/2025:19:15:49 +0700] "GET /1win-aviator-on-line-in-india-45/feed/ HTTP/1.0" 200 1690 "-" "Mozilla/5.0 (compatible; Barkrowler/0.9; +https://babbar.tech/crawler)"
217.113.194.74 - - [15/Sep/2025:19:16:12 +0700] "GET /1xbit-on-line-casino-mobile-37/ HTTP/1.0" 200 254284 "-" "Mozilla/5.0 (compatible; Barkrowler/0.9; +https://babbar.tech/crawler)"
45.117.177.72 - - [15/Sep/2025:19:16:43 +0700] "POST /wp-cron.php?doing_wp_cron=1757938603.2478458881378173828125 HTTP/1.0" 200 416 "-" "WordPress/6.8.1; https://vattusacky.vn"
217.113.194.73 - - [15/Sep/2025:19:16:41 +0700] "GET /1xbit-associates-program-42/feed/ HTTP/1.0" 200 1675 "-" "Mozilla/5.0 (compatible; Barkrowler/0.9; +https://babbar.tech/crawler)"
217.113.194.73 - - [15/Sep/2025:19:17:08 +0700] "GET /category/how-much-is-a-mail-order-bride/ HTTP/1.0" 200 58998 "-" "Mozilla/5.0 (compatible; Barkrowler/0.9; +https://babbar.tech/crawler)"
45.117.177.72 - - [15/Sep/2025:19:17:36 +0700] "POST /wp-cron.php?doing_wp_cron=1757938656.1620690822601318359375 HTTP/1.0" 200 416 "-" "WordPress/6.8.1; https://vattusacky.vn"
217.113.194.80 - - [15/Sep/2025:19:17:34 +0700] "GET /category/mail-order-marriage-statistics/feed/ HTTP/1.0" 200 148411 "-" "Mozilla/5.0 (compatible; Barkrowler/0.9; +https://babbar.tech/crawler)"
185.191.171.18 - - [15/Sep/2025:19:17:59 +0700] "GET /san-pham/palintest-_may-do-ozon-cam-tay-trong-nuoc/ HTTP/1.0" 200 300414 "-" "Mozilla/5.0 (compatible; SemrushBot/7~bl; +http://www.semrush.com/bot.html)"
217.113.194.81 - - [15/Sep/2025:19:18:06 +0700] "GET /category/bukmacherzy-legalni/feed/ HTTP/1.0" 200 17969 "-" "Mozilla/5.0 (compatible; Barkrowler/0.9; +https://babbar.tech/crawler)"
45.117.177.72 - - [15/Sep/2025:19:18:30 +0700] "POST /wp-cron.php?doing_wp_cron=1757938710.6854369640350341796875 HTTP/1.0" 200 416 "-" "WordPress/6.8.1; https://vattusacky.vn"
217.113.194.78 - - [15/Sep/2025:19:18:29 +0700] "GET /category/kotelteplo-com-ua/feed/ HTTP/1.0" 200 182810 "-" "Mozilla/5.0 (compatible; Barkrowler/0.9; +https://babbar.tech/crawler)"
217.113.194.81 - - [15/Sep/2025:19:19:01 +0700] "GET /methods-to-impress-a-serbian-person/feed/ HTTP/1.0" 200 1702 "-" "Mozilla/5.0 (compatible; Barkrowler/0.9; +https://babbar.tech/crawler)"
45.117.177.72 - - [15/Sep/2025:19:19:29 +0700] "POST /wp-cron.php?doing_wp_cron=1757938769.0515959262847900390625 HTTP/1.0" 200 416 "-" "WordPress/6.8.1; https://vattusacky.vn"
217.113.194.81 - - [15/Sep/2025:19:19:27 +0700] "GET /methods-to-communicate-in-marriage/feed/ HTTP/1.0" 200 1699 "-" "Mozilla/5.0 (compatible; Barkrowler/0.9; +https://babbar.tech/crawler)"
217.113.194.76 - - [15/Sep/2025:19:19:51 +0700] "GET /san-pham/may-quang-pho/feed/ HTTP/1.0" 200 1719 "-" "Mozilla/5.0 (compatible; Barkrowler/0.9; +https://babbar.tech/crawler)"
217.113.194.74 - - [15/Sep/2025:19:20:14 +0700] "GET /san-pham/mayquangpho/feed/ HTTP/1.0" 200 1731 "-" "Mozilla/5.0 (compatible; Barkrowler/0.9; +https://babbar.tech/crawler)"
45.117.177.72 - - [15/Sep/2025:19:20:44 +0700] "POST /wp-cron.php?doing_wp_cron=1757938843.9451229572296142578125 HTTP/1.0" 200 416 "-" "WordPress/6.8.1; https://vattusacky.vn"
217.113.194.73 - - [15/Sep/2025:19:20:42 +0700] "GET /dealing-with-your-lovers-jealousy/feed/ HTTP/1.0" 200 1703 "-" "Mozilla/5.0 (compatible; Barkrowler/0.9; +https://babbar.tech/crawler)"
217.113.194.81 - - [15/Sep/2025:19:21:08 +0700] "GET /exchanging-ideas-and-knowledge-on-omegle/feed/ HTTP/1.0" 200 1717 "-" "Mozilla/5.0 (compatible; Barkrowler/0.9; +https://babbar.tech/crawler)"
45.117.177.72 - - [15/Sep/2025:19:21:34 +0700] "POST /wp-cron.php?doing_wp_cron=1757938894.2784349918365478515625 HTTP/1.0" 200 416 "-" "WordPress/6.8.1; https://vattusacky.vn"
217.113.194.73 - - [15/Sep/2025:19:21:32 +0700] "GET /exchanging-ideas-and-knowledge-on-omegle/ HTTP/1.0" 200 89568 "-" "Mozilla/5.0 (compatible; Barkrowler/0.9; +https://babbar.tech/crawler)"
217.113.194.78 - - [15/Sep/2025:19:21:57 +0700] "GET /meeting-new-people-safely-on-omegle/feed/ HTTP/1.0" 200 1702 "-" "Mozilla/5.0 (compatible; Barkrowler/0.9; +https://babbar.tech/crawler)"
217.113.194.78 - - [15/Sep/2025:19:22:23 +0700] "GET /pathan-film-obtain-21/feed/ HTTP/1.0" 200 1657 "-" "Mozilla/5.0 (compatible; Barkrowler/0.9; +https://babbar.tech/crawler)"
217.113.194.218 - - [15/Sep/2025:19:22:50 +0700] "GET /que-hace-un-sindicato-funcione/feed/ HTTP/1.0" 200 1694 "-" "Mozilla/5.0 (compatible; Barkrowler/0.9; +https://babbar.tech/crawler)"
217.113.194.80 - - [15/Sep/2025:19:23:15 +0700] "GET /best-foreign-country-to-find-a-better-half/feed/ HTTP/1.0" 200 1723 "-" "Mozilla/5.0 (compatible; Barkrowler/0.9; +https://babbar.tech/crawler)"
217.113.194.74 - - [15/Sep/2025:19:23:40 +0700] "GET /best-places-to-buy-cheap-viagra-online-in-usa/ HTTP/1.0" 200 229678 "-" "Mozilla/5.0 (compatible; Barkrowler/0.9; +https://babbar.tech/crawler)"
98.83.94.113 - - [15/Sep/2025:19:23:42 +0700] "GET /san-pham/thiet-bi-lay-mau-nuoc-alpha-van-dorn-loai-doc-4-2-lit-nhan-hang-wildco/ HTTP/1.0" 200 372162 "-" "Mozilla/5.0 AppleWebKit/537.36 (KHTML, like Gecko; compatible; Amazonbot/0.1; +https://developer.amazon.com/support/amazonbot) Chrome/119.0.6045.214 Safari/537.36"
54.235.191.179 - - [15/Sep/2025:19:23:48 +0700] "GET /the/do-ammonium-trong-nuoc/ HTTP/1.0" 200 69161 "-" "Mozilla/5.0 AppleWebKit/537.36 (KHTML, like Gecko; compatible; Amazonbot/0.1; +https://developer.amazon.com/support/amazonbot) Chrome/119.0.6045.214 Safari/537.36"
18.214.251.19 - - [15/Sep/2025:19:23:49 +0700] "GET /danh-muc/phan-tich-thi-nghie%CC%A3m/may-phan-tich-toctnb/ HTTP/1.0" 200 75142 "-" "Mozilla/5.0 AppleWebKit/537.36 (KHTML, like Gecko; compatible; Amazonbot/0.1; +https://developer.amazon.com/support/amazonbot) Chrome/119.0.6045.214 Safari/537.36"
34.231.118.144 - - [15/Sep/2025:19:23:50 +0700] "GET /the/may-do-hoat-do-phong-xa/ HTTP/1.0" 200 82588 "-" "Mozilla/5.0 AppleWebKit/537.36 (KHTML, like Gecko; compatible; Amazonbot/0.1; +https://developer.amazon.com/support/amazonbot) Chrome/119.0.6045.214 Safari/537.36"
34.225.138.57 - - [15/Sep/2025:19:23:51 +0700] "GET /the/giay-loc-cho-tram-lay-mau/ HTTP/1.0" 200 68827 "-" "Mozilla/5.0 AppleWebKit/537.36 (KHTML, like Gecko; compatible; Amazonbot/0.1; +https://developer.amazon.com/support/amazonbot) Chrome/119.0.6045.214 Safari/537.36"
217.113.194.81 - - [15/Sep/2025:19:24:18 +0700] "GET /asian-games-2026-aichi-23/feed/ HTTP/1.0" 200 1669 "-" "Mozilla/5.0 (compatible; Barkrowler/0.9; +https://babbar.tech/crawler)"
45.117.177.72 - - [15/Sep/2025:19:24:49 +0700] "POST /wp-cron.php?doing_wp_cron=1757939089.0811910629272460937500 HTTP/1.0" 200 416 "-" "WordPress/6.8.1; https://vattusacky.vn"
217.113.194.72 - - [15/Sep/2025:19:24:47 +0700] "GET /asian-games-2026-aichi-84/feed/ HTTP/1.0" 200 1669 "-" "Mozilla/5.0 (compatible; Barkrowler/0.9; +https://babbar.tech/crawler)"
15.235.98.141 - - [15/Sep/2025:19:24:52 +0700] "GET /sitemap_index.xml HTTP/1.0" 200 2426 "-" "Mozilla/5.0 (compatible; AhrefsBot/7.0; +http://ahrefs.com/robot/)"
15.235.98.22 - - [15/Sep/2025:19:24:56 +0700] "GET /post-sitemap.xml HTTP/1.0" 500 3278 "-" "Mozilla/5.0 (compatible; AhrefsBot/7.0; +http://ahrefs.com/robot/)"
15.235.98.200 - - [15/Sep/2025:19:25:01 +0700] "GET /post-sitemap2.xml HTTP/1.0" 200 158032 "-" "Mozilla/5.0 (compatible; AhrefsBot/7.0; +http://ahrefs.com/robot/)"
54.39.89.243 - - [15/Sep/2025:19:25:09 +0700] "GET /post-sitemap3.xml HTTP/1.0" 200 155802 "-" "Mozilla/5.0 (compatible; AhrefsBot/7.0; +http://ahrefs.com/robot/)"
217.113.194.217 - - [15/Sep/2025:19:25:14 +0700] "GET /loving-things-to-do-to-be-a-couple/feed/ HTTP/1.0" 200 1699 "-" "Mozilla/5.0 (compatible; Barkrowler/0.9; +https://babbar.tech/crawler)"
15.235.27.89 - - [15/Sep/2025:19:25:15 +0700] "GET /post-sitemap4.xml HTTP/1.0" 200 157863 "-" "Mozilla/5.0 (compatible; AhrefsBot/7.0; +http://ahrefs.com/robot/)"
45.117.177.72 - - [15/Sep/2025:19:25:22 +0700] "POST /wp-cron.php?doing_wp_cron=1757939121.9639070034027099609375 HTTP/1.0" 200 416 "-" "WordPress/6.8.1; https://vattusacky.vn"
54.39.210.251 - - [15/Sep/2025:19:25:20 +0700] "GET /post-sitemap5.xml HTTP/1.0" 200 159938 "-" "Mozilla/5.0 (compatible; AhrefsBot/7.0; +http://ahrefs.com/robot/)"
51.222.168.103 - - [15/Sep/2025:19:25:25 +0700] "GET /post-sitemap6.xml HTTP/1.0" 200 42210 "-" "Mozilla/5.0 (compatible; AhrefsBot/7.0; +http://ahrefs.com/robot/)"
51.222.168.123 - - [15/Sep/2025:19:25:29 +0700] "GET /page-sitemap.xml HTTP/1.0" 200 1873 "-" "Mozilla/5.0 (compatible; AhrefsBot/7.0; +http://ahrefs.com/robot/)"
51.161.65.171 - - [15/Sep/2025:19:25:32 +0700] "GET /attachment-sitemap.xml HTTP/1.0" 200 72345 "-" "Mozilla/5.0 (compatible; AhrefsBot/7.0; +http://ahrefs.com/robot/)"
217.113.194.217 - - [15/Sep/2025:19:25:38 +0700] "GET /loving-ideas-for-couples-of-all-ages/ HTTP/1.0" 200 206198 "-" "Mozilla/5.0 (compatible; Barkrowler/0.9; +https://babbar.tech/crawler)"
51.222.168.48 - - [15/Sep/2025:19:25:41 +0700] "GET /product-sitemap.xml HTTP/1.0" 200 51048 "-" "Mozilla/5.0 (compatible; AhrefsBot/7.0; +http://ahrefs.com/robot/)"
142.44.225.105 - - [15/Sep/2025:19:25:47 +0700] "GET /category-sitemap.xml HTTP/1.0" 200 24564 "-" "Mozilla/5.0 (compatible; AhrefsBot/7.0; +http://ahrefs.com/robot/)"
54.39.89.14 - - [15/Sep/2025:19:25:50 +0700] "GET /post_tag-sitemap.xml HTTP/1.0" 200 12903 "-" "Mozilla/5.0 (compatible; AhrefsBot/7.0; +http://ahrefs.com/robot/)"
15.235.27.38 - - [15/Sep/2025:19:25:54 +0700] "GET /product_cat-sitemap.xml HTTP/1.0" 200 8595 "-" "Mozilla/5.0 (compatible; AhrefsBot/7.0; +http://ahrefs.com/robot/)"
51.222.95.109 - - [15/Sep/2025:19:26:03 +0700] "GET /product_tag-sitemap.xml HTTP/1.0" 200 28520 "-" "Mozilla/5.0 (compatible; AhrefsBot/7.0; +http://ahrefs.com/robot/)"
217.113.194.79 - - [15/Sep/2025:19:26:07 +0700] "GET /dating-someone-right-from-a-different-region/ HTTP/1.0" 200 72302 "-" "Mozilla/5.0 (compatible; Barkrowler/0.9; +https://babbar.tech/crawler)"
45.117.177.72 - - [15/Sep/2025:19:26:36 +0700] "POST /wp-cron.php?doing_wp_cron=1757939196.2583899497985839843750 HTTP/1.0" 200 416 "-" "WordPress/6.8.1; https://vattusacky.vn"
217.113.194.78 - - [15/Sep/2025:19:26:34 +0700] "GET /50-reasons-to-administration-in-2021/feed/ HTTP/1.0" 200 1705 "-" "Mozilla/5.0 (compatible; Barkrowler/0.9; +https://babbar.tech/crawler)"
217.113.194.77 - - [15/Sep/2025:19:27:01 +0700] "GET /avast-secureline-vpn-review/feed/ HTTP/1.0" 200 1678 "-" "Mozilla/5.0 (compatible; Barkrowler/0.9; +https://babbar.tech/crawler)"
45.117.177.72 - - [15/Sep/2025:19:27:18 +0700] "POST /wp-cron.php?doing_wp_cron=1757939238.3808090686798095703125 HTTP/1.0" 200 416 "-" "WordPress/6.8.1; https://vattusacky.vn"
15.235.96.63 - - [15/Sep/2025:19:27:17 +0700] "GET /category/uncategorized/page/345/ HTTP/1.0" 200 77563 "-" "Mozilla/5.0 (compatible; AhrefsBot/7.0; +http://ahrefs.com/robot/)"
217.113.194.217 - - [15/Sep/2025:19:27:24 +0700] "GET /what-hand-does-a-wedding-ring-go-on/feed/ HTTP/1.0" 200 1703 "-" "Mozilla/5.0 (compatible; Barkrowler/0.9; +https://babbar.tech/crawler)"
154.54.249.200 - - [15/Sep/2025:19:27:48 +0700] "GET /what-you-need-to-know-about-cost-free-cams/ HTTP/1.0" 200 207166 "-" "Mozilla/5.0 (compatible; Barkrowler/0.9; +https://babbar.tech/crawler)"
154.54.249.200 - - [15/Sep/2025:19:28:29 +0700] "GET /tag/moi-truong-lao-dong/feed/ HTTP/1.0" 200 157941 "-" "Mozilla/5.0 (compatible; Barkrowler/0.9; +https://babbar.tech/crawler)"
217.113.194.80 - - [15/Sep/2025:19:29:00 +0700] "GET /tag/quan-trac-nuoc-mat/feed/ HTTP/1.0" 200 190748 "-" "Mozilla/5.0 (compatible; Barkrowler/0.9; +https://babbar.tech/crawler)"
51.161.37.139 - - [15/Sep/2025:19:29:20 +0700] "GET /category/uncategorized/page/344/ HTTP/1.0" 200 76625 "-" "Mozilla/5.0 (compatible; AhrefsBot/7.0; +http://ahrefs.com/robot/)"
45.117.177.72 - - [15/Sep/2025:19:29:31 +0700] "POST /wp-cron.php?doing_wp_cron=1757939371.2749650478363037109375 HTTP/1.0" 200 416 "-" "WordPress/6.8.1; https://vattusacky.vn"
154.54.249.200 - - [15/Sep/2025:19:29:29 +0700] "GET /tag/thong-so-nuoc-thai/feed/ HTTP/1.0" 200 183691 "-" "Mozilla/5.0 (compatible; Barkrowler/0.9; +https://babbar.tech/crawler)"
217.113.194.72 - - [15/Sep/2025:19:29:59 +0700] "GET /just-what-mail-buy-wife/feed/ HTTP/1.0" 200 1667 "-" "Mozilla/5.0 (compatible; Barkrowler/0.9; +https://babbar.tech/crawler)"
45.117.177.72 - - [15/Sep/2025:19:30:17 +0700] "POST /wp-cron.php?doing_wp_cron=1757939417.3769919872283935546875 HTTP/1.0" 200 416 "-" "WordPress/6.8.1; https://vattusacky.vn"
85.208.96.203 - - [15/Sep/2025:19:30:15 +0700] "GET /robots.txt HTTP/1.0" 200 984 "-" "Mozilla/5.0 (compatible; SemrushBot/7~bl; +http://www.semrush.com/bot.html)"
185.191.171.4 - - [15/Sep/2025:19:30:18 +0700] "GET /danh-muc/thiet-bi%CC%A3-do-luong/may-do-nhiet-do-do-am/ HTTP/1.0" 200 69476 "-" "Mozilla/5.0 (compatible; SemrushBot/7~bl; +http://www.semrush.com/bot.html)"
217.113.194.77 - - [15/Sep/2025:19:30:28 +0700] "GET /exploring-the-user-experience-on-ometv/ HTTP/1.0" 200 86157 "-" "Mozilla/5.0 (compatible; Barkrowler/0.9; +https://babbar.tech/crawler)"
217.113.194.73 - - [15/Sep/2025:19:30:57 +0700] "GET /exploring-the-user-experience-on-omegle/ HTTP/1.0" 200 79602 "-" "Mozilla/5.0 (compatible; Barkrowler/0.9; +https://babbar.tech/crawler)"
45.117.177.72 - - [15/Sep/2025:19:31:18 +0700] "POST /wp-cron.php?doing_wp_cron=1757939478.1774680614471435546875 HTTP/1.0" 200 416 "-" "WordPress/6.8.1; https://vattusacky.vn"
142.44.233.198 - - [15/Sep/2025:19:31:16 +0700] "GET /the/chat-huu-co-trong-nuoc/ HTTP/1.0" 200 68905 "-" "Mozilla/5.0 (compatible; AhrefsBot/7.0; +http://ahrefs.com/robot/)"
217.113.194.75 - - [15/Sep/2025:19:31:23 +0700] "GET /exploring-different-cultures-on-omegle/ HTTP/1.0" 200 91571 "-" "Mozilla/5.0 (compatible; Barkrowler/0.9; +https://babbar.tech/crawler)"
217.113.194.80 - - [15/Sep/2025:19:31:51 +0700] "GET /the/dau-loc-the-tich-lon/feed/ HTTP/1.0" 200 291778 "-" "Mozilla/5.0 (compatible; Barkrowler/0.9; +https://babbar.tech/crawler)"
45.117.177.72 - - [15/Sep/2025:19:32:36 +0700] "POST /wp-cron.php?doing_wp_cron=1757939555.7141709327697753906250 HTTP/1.0" 200 416 "-" "WordPress/6.8.1; https://vattusacky.vn"
217.113.194.76 - - [15/Sep/2025:19:32:34 +0700] "GET /the/hieu-chuan-hi-q/feed/ HTTP/1.0" 200 147292 "-" "Mozilla/5.0 (compatible; Barkrowler/0.9; +https://babbar.tech/crawler)"
54.39.203.18 - - [15/Sep/2025:19:32:43 +0700] "GET /category/uncategorized/page/345/ HTTP/1.0" 200 77563 "-" "Mozilla/5.0 (compatible; AhrefsBot/7.0; +http://ahrefs.com/robot/)"
217.113.194.74 - - [15/Sep/2025:19:33:07 +0700] "GET /the/lay-mau-nuoc-wilco/ HTTP/1.0" 200 182018 "-" "Mozilla/5.0 (compatible; Barkrowler/0.9; +https://babbar.tech/crawler)"
45.117.177.72 - - [15/Sep/2025:19:33:18 +0700] "POST /wp-cron.php?doing_wp_cron=1757939598.1540040969848632812500 HTTP/1.0" 200 416 "-" "WordPress/6.8.1; https://vattusacky.vn"
51.161.65.52 - - [15/Sep/2025:19:33:16 +0700] "GET /the/loc-hop-chat-huu-co/ HTTP/1.0" 200 68849 "-" "Mozilla/5.0 (compatible; AhrefsBot/7.0; +http://ahrefs.com/robot/)"
217.113.194.79 - - [15/Sep/2025:19:33:35 +0700] "GET /the/lay-mau-nuoc-song/feed/ HTTP/1.0" 200 300815 "-" "Mozilla/5.0 (compatible; Barkrowler/0.9; +https://babbar.tech/crawler)"
217.113.194.78 - - [15/Sep/2025:19:34:13 +0700] "GET /the/lay-mau-bui-iodine/feed/ HTTP/1.0" 200 144929 "-" "Mozilla/5.0 (compatible; Barkrowler/0.9; +https://babbar.tech/crawler)"
45.117.177.72 - - [15/Sep/2025:19:34:18 +0700] "POST /wp-cron.php?doing_wp_cron=1757939658.6079680919647216796875 HTTP/1.0" 200 416 "-" "WordPress/6.8.1; https://vattusacky.vn"
185.191.171.12 - - [15/Sep/2025:19:34:17 +0700] "GET /the/iodine/ HTTP/1.0" 200 67174 "-" "Mozilla/5.0 (compatible; SemrushBot/7~bl; +http://www.semrush.com/bot.html)"
217.113.194.74 - - [15/Sep/2025:19:34:44 +0700] "GET /the/lay-mau-bui-ca-nhan/ HTTP/1.0" 200 95801 "-" "Mozilla/5.0 (compatible; Barkrowler/0.9; +https://babbar.tech/crawler)"
217.113.194.76 - - [15/Sep/2025:19:35:09 +0700] "GET /the/lay-mau-ong-khoi/feed/ HTTP/1.0" 200 344469 "-" "Mozilla/5.0 (compatible; Barkrowler/0.9; +https://babbar.tech/crawler)"
51.222.168.162 - - [15/Sep/2025:19:35:12 +0700] "GET /the/loc-huu-co-bang-tia-uv/ HTTP/1.0" 200 68893 "-" "Mozilla/5.0 (compatible; AhrefsBot/7.0; +http://ahrefs.com/robot/)"
45.117.177.72 - - [15/Sep/2025:19:35:52 +0700] "POST /wp-cron.php?doing_wp_cron=1757939752.0206370353698730468750 HTTP/1.0" 200 416 "-" "WordPress/6.8.1; https://vattusacky.vn"
217.113.194.81 - - [15/Sep/2025:19:35:50 +0700] "GET /the/do-luu-toc-dong-chay/feed/ HTTP/1.0" 200 290425 "-" "Mozilla/5.0 (compatible; Barkrowler/0.9; +https://babbar.tech/crawler)"
45.117.177.72 - - [15/Sep/2025:19:36:26 +0700] "POST /wp-cron.php?doing_wp_cron=1757939785.9219269752502441406250 HTTP/1.0" 200 416 "-" "WordPress/6.8.1; https://vattusacky.vn"
217.113.194.73 - - [15/Sep/2025:19:36:24 +0700] "GET /the/do-nhiet-do-va-ph/feed/ HTTP/1.0" 200 147413 "-" "Mozilla/5.0 (compatible; Barkrowler/0.9; +https://babbar.tech/crawler)"
142.44.225.160 - - [15/Sep/2025:19:36:52 +0700] "GET /san-pham/bo-loc-chan-khong-06-vi-tri-bang-inox-khong-bao-gom-bom-chan-khong/ HTTP/1.0" 200 255358 "-" "Mozilla/5.0 (compatible; AhrefsBot/7.0; +http://ahrefs.com/robot/)"
217.113.194.81 - - [15/Sep/2025:19:36:55 +0700] "GET /the/do-ozone-trong-nuoc/feed/ HTTP/1.0" 200 147240 "-" "Mozilla/5.0 (compatible; Barkrowler/0.9; +https://babbar.tech/crawler)"
107.189.31.215 - - [15/Sep/2025:19:37:13 +0700] "GET /wp-login.php HTTP/1.0" 200 11388 "-" "Mozilla/5.0 (Macintosh; Intel Mac OS X 10_9_2) AppleWebKit/537.36 (KHTML, like Gecko) Chrome/35.0.1916.153 Safari/537.36"
45.117.177.72 - - [15/Sep/2025:19:37:30 +0700] "POST /wp-cron.php?doing_wp_cron=1757939850.0985059738159179687500 HTTP/1.0" 200 416 "-" "WordPress/6.8.1; https://vattusacky.vn"
217.113.194.81 - - [15/Sep/2025:19:37:28 +0700] "GET /the/phu-kien-thu-mau-bui/ HTTP/1.0" 200 67363 "-" "Mozilla/5.0 (compatible; Barkrowler/0.9; +https://babbar.tech/crawler)"
54.39.203.199 - - [15/Sep/2025:19:37:44 +0700] "GET /wp-content/uploads/2019/12/hmuv1825-loc-chat-huu-co-trong-nuoc.jpg HTTP/1.0" 200 443 "-" "Mozilla/5.0 (compatible; AhrefsBot/7.0; +http://ahrefs.com/robot/)"
217.113.194.81 - - [15/Sep/2025:19:37:58 +0700] "GET /the/luu-toc-dong-chay-ho/feed/ HTTP/1.0" 200 146877 "-" "Mozilla/5.0 (compatible; Barkrowler/0.9; +https://babbar.tech/crawler)"
45.117.177.72 - - [15/Sep/2025:19:38:23 +0700] "POST /wp-cron.php?doing_wp_cron=1757939903.7118411064147949218750 HTTP/1.0" 200 416 "-" "WordPress/6.8.1; https://vattusacky.vn"
54.39.0.222 - - [15/Sep/2025:19:38:22 +0700] "GET /bonus-casino-no-deposit-required/ HTTP/1.0" 200 73240 "-" "Mozilla/5.0 (compatible; AhrefsBot/7.0; +http://ahrefs.com/robot/)"
217.113.194.80 - - [15/Sep/2025:19:38:30 +0700] "GET /the/pha-mau-kjeldahl/feed/ HTTP/1.0" 200 150399 "-" "Mozilla/5.0 (compatible; Barkrowler/0.9; +https://babbar.tech/crawler)"
217.113.194.72 - - [15/Sep/2025:19:39:02 +0700] "GET /the/tong-cacbon-huu-co/feed/ HTTP/1.0" 200 307921 "-" "Mozilla/5.0 (compatible; Barkrowler/0.9; +https://babbar.tech/crawler)"
45.117.177.72 - - [15/Sep/2025:19:39:44 +0700] "POST /wp-cron.php?doing_wp_cron=1757939983.9169819355010986328125 HTTP/1.0" 200 416 "-" "WordPress/6.8.1; https://vattusacky.vn"
217.113.194.75 - - [15/Sep/2025:19:39:42 +0700] "GET /are-dogs-attracted-to-human-females/feed/ HTTP/1.0" 200 1702 "-" "Mozilla/5.0 (compatible; Barkrowler/0.9; +https://babbar.tech/crawler)"
54.39.6.98 - - [15/Sep/2025:19:39:56 +0700] "GET /category/uncategorized/page/138/ HTTP/1.0" 200 76579 "-" "Mozilla/5.0 (compatible; AhrefsBot/7.0; +http://ahrefs.com/robot/)"
217.113.194.81 - - [15/Sep/2025:19:40:10 +0700] "GET /cabgolin-tablet-in-hindi-2/feed/ HTTP/1.0" 200 1673 "-" "Mozilla/5.0 (compatible; Barkrowler/0.9; +https://babbar.tech/crawler)"
45.117.177.72 - - [15/Sep/2025:19:40:34 +0700] "POST /wp-cron.php?doing_wp_cron=1757940034.3398020267486572265625 HTTP/1.0" 200 416 "-" "WordPress/6.8.1; https://vattusacky.vn"
217.113.194.81 - - [15/Sep/2025:19:40:32 +0700] "GET /find-the-best-online-slots-machines-for-free/ HTTP/1.0" 200 74928 "-" "Mozilla/5.0 (compatible; Barkrowler/0.9; +https://babbar.tech/crawler)"
217.113.194.78 - - [15/Sep/2025:19:40:58 +0700] "GET /anonymous-conversations-on-omegle/feed/ HTTP/1.0" 200 1696 "-" "Mozilla/5.0 (compatible; Barkrowler/0.9; +https://babbar.tech/crawler)"
45.117.177.72 - - [15/Sep/2025:19:41:27 +0700] "POST /wp-cron.php?doing_wp_cron=1757940087.4120290279388427734375 HTTP/1.0" 200 416 "-" "WordPress/6.8.1; https://vattusacky.vn"
217.113.194.76 - - [15/Sep/2025:19:41:25 +0700] "GET /proviron-post-finasteride-syndrome/ HTTP/1.0" 200 107560 "-" "Mozilla/5.0 (compatible; Barkrowler/0.9; +https://babbar.tech/crawler)"
142.44.228.125 - - [15/Sep/2025:19:41:40 +0700] "GET /what-exactly-virtual-info-room-2/ HTTP/1.0" 200 205492 "-" "Mozilla/5.0 (compatible; AhrefsBot/7.0; +http://ahrefs.com/robot/)"
217.113.194.80 - - [15/Sep/2025:19:41:53 +0700] "GET /pros-and-cons-of-using-chatroulette/feed/ HTTP/1.0" 200 1702 "-" "Mozilla/5.0 (compatible; Barkrowler/0.9; +https://babbar.tech/crawler)"
217.113.194.218 - - [15/Sep/2025:19:42:14 +0700] "GET /sermorelin-before-and-after-pics/feed/ HTTP/1.0" 200 1693 "-" "Mozilla/5.0 (compatible; Barkrowler/0.9; +https://babbar.tech/crawler)"
45.117.177.72 - - [15/Sep/2025:19:42:35 +0700] "POST /wp-cron.php?doing_wp_cron=1757940155.0973849296569824218750 HTTP/1.0" 200 416 "-" "WordPress/6.8.1; https://vattusacky.vn"
217.113.194.81 - - [15/Sep/2025:19:42:33 +0700] "GET /17-powerful-ways-to-learn-project-management/feed/ HTTP/1.0" 200 1729 "-" "Mozilla/5.0 (compatible; Barkrowler/0.9; +https://babbar.tech/crawler)"
217.113.194.79 - - [15/Sep/2025:19:42:55 +0700] "GET /moderation-and-rules-on-ometv/feed/ HTTP/1.0" 200 1684 "-" "Mozilla/5.0 (compatible; Barkrowler/0.9; +https://babbar.tech/crawler)"
145.239.65.226 - - [15/Sep/2025:19:43:08 +0700] "GET /robots.txt HTTP/1.0" 200 984 "-" "Mozilla/5.0 (compatible; MJ12bot/v1.4.8; http://mj12bot.com/)"
145.239.65.226 - - [15/Sep/2025:19:43:12 +0700] "GET /danh-muc/moi-truong-dat/du%CC%A3ng-cu%CC%A3-lay-ma%CC%83u-dat-moi-truong-dat/page/1/?s=AMS%20-%20M%E1%BB%B9 HTTP/1.0" 200 164610 "-" "Mozilla/5.0 (compatible; MJ12bot/v1.4.8; http://mj12bot.com/)"
45.117.177.72 - - [15/Sep/2025:19:43:18 +0700] "POST /wp-cron.php?doing_wp_cron=1757940197.8168079853057861328125 HTTP/1.0" 200 416 "-" "WordPress/6.8.1; https://vattusacky.vn"
217.113.194.78 - - [15/Sep/2025:19:43:16 +0700] "GET /experience-the-excitement-experience-the-exciting/ HTTP/1.0" 200 83891 "-" "Mozilla/5.0 (compatible; Barkrowler/0.9; +https://babbar.tech/crawler)"
145.239.65.226 - - [15/Sep/2025:19:43:16 +0700] "GET /danh-muc/moi-truong-khi/bom-lay-mau-bui-tsp-pm10-pm2-5/?s=BGI%20%E2%80%93%20M%E1%BB%B9%60 HTTP/1.0" 200 61285 "-" "Mozilla/5.0 (compatible; MJ12bot/v1.4.8; http://mj12bot.com/)"
145.239.65.226 - - [15/Sep/2025:19:43:23 +0700] "GET /danh-muc/moi-truong-khi/bom-lay-mau-bui-tsp-pm10-pm2-5/?s=Comde%20Derenda%20%E2%80%93%20%C4%90%C6%B0%CC%81c HTTP/1.0" 200 61424 "-" "Mozilla/5.0 (compatible; MJ12bot/v1.4.8; http://mj12bot.com/)"
145.239.65.226 - - [15/Sep/2025:19:43:30 +0700] "GET /danh-muc/moi-truong-khi/bom-lay-mau-bui-tsp-pm10-pm2-5/?s=HIQ%20%E2%80%93%20%20M%E1%BB%B9 HTTP/1.0" 200 61279 "-" "Mozilla/5.0 (compatible; MJ12bot/v1.4.8; http://mj12bot.com/)"
51.161.37.221 - - [15/Sep/2025:19:43:35 +0700] "GET /robots.txt HTTP/1.0" 200 984 "-" "Mozilla/5.0 (compatible; AhrefsBot/7.0; +http://ahrefs.com/robot/)"
54.39.210.66 - - [15/Sep/2025:19:43:38 +0700] "GET /how-to-be-affectionate-to-your-partner/ HTTP/1.0" 200 206990 "-" "Mozilla/5.0 (compatible; AhrefsBot/7.0; +http://ahrefs.com/robot/)"
145.239.65.226 - - [15/Sep/2025:19:43:38 +0700] "GET /danh-muc/moi-truong-khi/bom-lay-mau-bui-tsp-pm10-pm2-5/?s=HIQ+%E2%80%93++M%E1%BB%B9 HTTP/1.0" 200 61279 "-" "Mozilla/5.0 (compatible; MJ12bot/v1.4.8; http://mj12bot.com/)"
217.113.194.74 - - [15/Sep/2025:19:43:42 +0700] "GET /foreign-dating-how-to-find-somebody-overseas/feed/ HTTP/1.0" 200 1737 "-" "Mozilla/5.0 (compatible; Barkrowler/0.9; +https://babbar.tech/crawler)"
145.239.65.226 - - [15/Sep/2025:19:43:45 +0700] "GET /danh-muc/moi-truong-khi/bom-lay-mau-bui-tsp-pm10-pm2-5/?s=Hazdust%20-%20M%E1%BB%B9 HTTP/1.0" 200 61276 "-" "Mozilla/5.0 (compatible; MJ12bot/v1.4.8; http://mj12bot.com/)"
145.239.65.226 - - [15/Sep/2025:19:43:54 +0700] "GET /danh-muc/moi-truong-khi/bom-lay-mau-bui-tsp-pm10-pm2-5/?s=Instrumex%20-%20%E1%BA%A4n%20%C4%90%E1%BB%99 HTTP/1.0" 200 61385 "-" "Mozilla/5.0 (compatible; MJ12bot/v1.4.8; http://mj12bot.com/)"
217.113.194.77 - - [15/Sep/2025:19:44:04 +0700] "GET /very-best-online-casinos-in-australia-43/feed/ HTTP/1.0" 200 1716 "-" "Mozilla/5.0 (compatible; Barkrowler/0.9; +https://babbar.tech/crawler)"
145.239.65.226 - - [15/Sep/2025:19:44:02 +0700] "GET /danh-muc/moi-truong-khi/bom-lay-mau-bui-tsp-pm10-pm2-5/?s=Kanomax%20%E2%80%93%20Nh%E1%BA%ADt%20B%E1%BA%A3n HTTP/1.0" 200 61408 "-" "Mozilla/5.0 (compatible; MJ12bot/v1.4.8; http://mj12bot.com/)"
145.239.65.226 - - [15/Sep/2025:19:44:09 +0700] "GET /danh-muc/moi-truong-khi/bom-lay-mau-bui-tsp-pm10-pm2-5/?s=Metone%20-%20M%E1%BB%B9 HTTP/1.0" 200 69734 "-" "Mozilla/5.0 (compatible; MJ12bot/v1.4.8; http://mj12bot.com/)"
45.117.177.72 - - [15/Sep/2025:19:44:18 +0700] "POST /wp-cron.php?doing_wp_cron=1757940258.6258211135864257812500 HTTP/1.0" 200 416 "-" "WordPress/6.8.1; https://vattusacky.vn"
145.239.65.226 - - [15/Sep/2025:19:44:17 +0700] "GET /danh-muc/moi-truong-khi/bom-lay-mau-bui-tsp-pm10-pm2-5/?s=Sibata%20-%20Nh%E1%BA%ADt%20B%E1%BA%A3n HTTP/1.0" 200 82321 "-" "Mozilla/5.0 (compatible; MJ12bot/v1.4.8; http://mj12bot.com/)"
217.113.194.81 - - [15/Sep/2025:19:44:25 +0700] "GET /privacy-and-safety-measures-on-omegle/feed/ HTTP/1.0" 200 1708 "-" "Mozilla/5.0 (compatible; Barkrowler/0.9; +https://babbar.tech/crawler)"
145.239.65.226 - - [15/Sep/2025:19:44:24 +0700] "GET /danh-muc/moi-truong-khi/bom-lay-mau-bui-tsp-pm10-pm2-5/?s=Staplex%20%E2%80%93%20M%E1%BB%B9 HTTP/1.0" 200 71372 "-" "Mozilla/5.0 (compatible; MJ12bot/v1.4.8; http://mj12bot.com/)"
145.239.65.226 - - [15/Sep/2025:19:44:32 +0700] "GET /danh-muc/moi-truong-khi/bom-lay-mau-bui-tsp-pm10-pm2-5/?s=VF%20%E2%80%93%20EU HTTP/1.0" 200 133037 "-" "Mozilla/5.0 (compatible; MJ12bot/v1.4.8; http://mj12bot.com/)"
145.239.65.226 - - [15/Sep/2025:19:44:39 +0700] "GET /danh-muc/moi-truong-khi/bom-lay-mau-bui-tsp-pm10-pm2-5/?s=VF+%E2%80%93+EU HTTP/1.0" 200 133037 "-" "Mozilla/5.0 (compatible; MJ12bot/v1.4.8; http://mj12bot.com/)"
217.113.194.76 - - [15/Sep/2025:19:44:49 +0700] "GET /privacy-settings-on-omegle-video-chat/feed/ HTTP/1.0" 200 1708 "-" "Mozilla/5.0 (compatible; Barkrowler/0.9; +https://babbar.tech/crawler)"
142.44.225.106 - - [15/Sep/2025:19:45:05 +0700] "GET /category/uncategorized/page/114/ HTTP/1.0" 200 76678 "-" "Mozilla/5.0 (compatible; AhrefsBot/7.0; +http://ahrefs.com/robot/)"
217.113.194.73 - - [15/Sep/2025:19:45:10 +0700] "GET /finding-like-minded-people-on-omegle/feed/ HTTP/1.0" 200 1705 "-" "Mozilla/5.0 (compatible; Barkrowler/0.9; +https://babbar.tech/crawler)"
45.117.177.72 - - [15/Sep/2025:19:45:33 +0700] "POST /wp-cron.php?doing_wp_cron=1757940333.6302399635314941406250 HTTP/1.0" 200 416 "-" "WordPress/6.8.1; https://vattusacky.vn"
217.113.194.79 - - [15/Sep/2025:19:45:31 +0700] "GET /finding-love-and-relationships-on-omegle/ HTTP/1.0" 200 90304 "-" "Mozilla/5.0 (compatible; Barkrowler/0.9; +https://babbar.tech/crawler)"
217.113.194.217 - - [15/Sep/2025:19:45:56 +0700] "GET /nolvadex-steroid-before-and-after/ HTTP/1.0" 200 111528 "-" "Mozilla/5.0 (compatible; Barkrowler/0.9; +https://babbar.tech/crawler)"
217.113.194.73 - - [15/Sep/2025:19:46:18 +0700] "GET /enhancing-resilience-in-omegle-therapy/ HTTP/1.0" 403 600 "-" "Mozilla/5.0 (compatible; Barkrowler/0.9; +https://babbar.tech/crawler)"
45.117.177.72 - - [15/Sep/2025:19:46:35 +0700] "POST /wp-cron.php?doing_wp_cron=1757940395.6441779136657714843750 HTTP/1.0" 200 416 "-" "WordPress/6.8.1; https://vattusacky.vn"
54.39.6.185 - - [15/Sep/2025:19:46:34 +0700] "GET /dream-singles-com-a-premium-dating-plattform-das-manner-mit-wunderschon-europaisch-frauen-verbindet/ HTTP/1.0" 200 208791 "-" "Mozilla/5.0 (compatible; AhrefsBot/7.0; +http://ahrefs.com/robot/)"
85.208.96.199 - - [15/Sep/2025:19:47:12 +0700] "GET /the/thiet-bi-lay-mau-theo-epa5/ HTTP/1.0" 200 78961 "-" "Mozilla/5.0 (compatible; SemrushBot/7~bl; +http://www.semrush.com/bot.html)"
45.117.177.72 - - [15/Sep/2025:19:48:02 +0700] "POST /wp-cron.php?doing_wp_cron=1757940482.4677369594573974609375 HTTP/1.0" 200 416 "-" "WordPress/6.8.1; https://vattusacky.vn"
54.39.0.251 - - [15/Sep/2025:19:48:01 +0700] "GET /category/uncategorized/page/124/ HTTP/1.0" 200 76377 "-" "Mozilla/5.0 (compatible; AhrefsBot/7.0; +http://ahrefs.com/robot/)"
45.117.177.72 - - [15/Sep/2025:19:48:55 +0700] "POST /wp-cron.php?doing_wp_cron=1757940535.0626070499420166015625 HTTP/1.0" 200 416 "-" "WordPress/6.8.1; https://vattusacky.vn"
154.54.249.200 - - [15/Sep/2025:19:48:53 +0700] "GET /how-to-become-an-expert-organization-professional/feed/ HTTP/1.0" 200 1746 "-" "Mozilla/5.0 (compatible; Barkrowler/0.9; +https://babbar.tech/crawler)"
217.113.194.81 - - [15/Sep/2025:19:49:15 +0700] "GET /how-to-begin-your-blog-not-having-investment/ HTTP/1.0" 200 72009 "-" "Mozilla/5.0 (compatible; Barkrowler/0.9; +https://babbar.tech/crawler)"
45.117.177.72 - - [15/Sep/2025:19:49:31 +0700] "POST /wp-cron.php?doing_wp_cron=1757940571.6164300441741943359375 HTTP/1.0" 200 416 "-" "WordPress/6.8.1; https://vattusacky.vn"
54.39.6.197 - - [15/Sep/2025:19:49:30 +0700] "GET /author/yanz/page/337/ HTTP/1.0" 200 76005 "-" "Mozilla/5.0 (compatible; AhrefsBot/7.0; +http://ahrefs.com/robot/)"
217.113.194.77 - - [15/Sep/2025:19:49:39 +0700] "GET /how-to-locate-an-essay-helper-for-the-job/ HTTP/1.0" 200 206269 "-" "Mozilla/5.0 (compatible; Barkrowler/0.9; +https://babbar.tech/crawler)"
154.54.249.200 - - [15/Sep/2025:19:50:10 +0700] "GET /how-to-report-privacy-violations-on-omegle/ HTTP/1.0" 200 89357 "-" "Mozilla/5.0 (compatible; Barkrowler/0.9; +https://babbar.tech/crawler)"
157.55.39.197 - - [15/Sep/2025:19:50:11 +0700] "GET /the-funniest-omegle-chats-that-went-viral-on-social-media/ HTTP/1.0" 200 88850 "-" "Mozilla/5.0 AppleWebKit/537.36 (KHTML, like Gecko; compatible; bingbot/2.0; +http://www.bing.com/bingbot.htm) Chrome/116.0.1938.76 Safari/537.36"
45.117.177.72 - - [15/Sep/2025:19:50:34 +0700] "POST /wp-cron.php?doing_wp_cron=1757940633.9460489749908447265625 HTTP/1.0" 200 416 "-" "WordPress/6.8.1; https://vattusacky.vn"
217.113.194.78 - - [15/Sep/2025:19:50:32 +0700] "GET /20-best-senior-dating-sites-of-2023/ HTTP/1.0" 200 253568 "-" "Mozilla/5.0 (compatible; Barkrowler/0.9; +https://babbar.tech/crawler)"
142.44.220.88 - - [15/Sep/2025:19:51:06 +0700] "GET /slot-gacor-rans4d-eksplorasi-fitur-fitur-menarik/ HTTP/1.0" 200 65692 "-" "Mozilla/5.0 (compatible; AhrefsBot/7.0; +http://ahrefs.com/robot/)"
217.113.194.77 - - [15/Sep/2025:19:51:14 +0700] "GET /how-to-find-the-finest-research-paper-writing-service/ HTTP/1.0" 200 207234 "-" "Mozilla/5.0 (compatible; Barkrowler/0.9; +https://babbar.tech/crawler)"
45.117.177.72 - - [15/Sep/2025:19:51:47 +0700] "POST /wp-cron.php?doing_wp_cron=1757940706.8087830543518066406250 HTTP/1.0" 200 416 "-" "WordPress/6.8.1; https://vattusacky.vn"
217.113.194.217 - - [15/Sep/2025:19:51:45 +0700] "GET /how-to-use-omegle-a-step-by-step-guide/ HTTP/1.0" 200 90078 "-" "Mozilla/5.0 (compatible; Barkrowler/0.9; +https://babbar.tech/crawler)"
217.113.194.217 - - [15/Sep/2025:19:52:12 +0700] "GET /earning-money-on-the-web-is-never-easier/ HTTP/1.0" 200 72576 "-" "Mozilla/5.0 (compatible; Barkrowler/0.9; +https://babbar.tech/crawler)"
45.117.177.72 - - [15/Sep/2025:19:52:29 +0700] "POST /wp-cron.php?doing_wp_cron=1757940749.3161559104919433593750 HTTP/1.0" 200 416 "-" "WordPress/6.8.1; https://vattusacky.vn"
148.113.130.229 - - [15/Sep/2025:19:52:27 +0700] "GET /category/uncategorized/page/127/ HTTP/1.0" 200 76337 "-" "Mozilla/5.0 (compatible; AhrefsBot/7.0; +http://ahrefs.com/robot/)"
217.113.194.78 - - [15/Sep/2025:19:52:35 +0700] "GET /how-you-can-find-bride-designed-for-marriage/feed/ HTTP/1.0" 200 1729 "-" "Mozilla/5.0 (compatible; Barkrowler/0.9; +https://babbar.tech/crawler)"
217.113.194.217 - - [15/Sep/2025:19:52:56 +0700] "GET /play-casino-online-to-earn-more-than-cash/ HTTP/1.0" 200 74282 "-" "Mozilla/5.0 (compatible; Barkrowler/0.9; +https://babbar.tech/crawler)"
45.117.177.72 - - [15/Sep/2025:19:53:22 +0700] "POST /wp-cron.php?doing_wp_cron=1757940802.2628719806671142578125 HTTP/1.0" 200 416 "-" "WordPress/6.8.1; https://vattusacky.vn"
154.54.249.200 - - [15/Sep/2025:19:53:20 +0700] "GET /discover-your-perfect-omegle-alternative/feed/ HTTP/1.0" 200 1717 "-" "Mozilla/5.0 (compatible; Barkrowler/0.9; +https://babbar.tech/crawler)"
217.113.194.77 - - [15/Sep/2025:19:53:42 +0700] "GET /choosing-a-cloud-structured-storage-system/feed/ HTTP/1.0" 200 1723 "-" "Mozilla/5.0 (compatible; Barkrowler/0.9; +https://babbar.tech/crawler)"
51.222.95.82 - - [15/Sep/2025:19:54:01 +0700] "GET /the/may-quang-pho-tach-tia/ HTTP/1.0" 200 113117 "-" "Mozilla/5.0 (compatible; AhrefsBot/7.0; +http://ahrefs.com/robot/)"
217.113.194.80 - - [15/Sep/2025:19:54:02 +0700] "GET /choosing-the-best-online-data-room-software/feed/ HTTP/1.0" 200 1728 "-" "Mozilla/5.0 (compatible; Barkrowler/0.9; +https://babbar.tech/crawler)"
85.208.96.207 - - [15/Sep/2025:19:54:15 +0700] "GET /the/ammonium/ HTTP/1.0" 200 68824 "-" "Mozilla/5.0 (compatible; SemrushBot/7~bl; +http://www.semrush.com/bot.html)"
45.117.177.72 - - [15/Sep/2025:19:54:24 +0700] "POST /wp-cron.php?doing_wp_cron=1757940864.3543550968170166015625 HTTP/1.0" 200 416 "-" "WordPress/6.8.1; https://vattusacky.vn"
217.113.194.81 - - [15/Sep/2025:19:54:23 +0700] "GET /choosing-marijuana-legalization-29/feed/ HTTP/1.0" 200 1696 "-" "Mozilla/5.0 (compatible; Barkrowler/0.9; +https://babbar.tech/crawler)"
154.54.249.200 - - [15/Sep/2025:19:54:43 +0700] "GET /your-five-tips-to-a-prosperous-marriage/ HTTP/1.0" 200 208066 "-" "Mozilla/5.0 (compatible; Barkrowler/0.9; +https://babbar.tech/crawler)"
217.113.194.81 - - [15/Sep/2025:19:55:10 +0700] "GET /the-role-of-resilience-in-omegle-therapy/ HTTP/1.0" 403 602 "-" "Mozilla/5.0 (compatible; Barkrowler/0.9; +https://babbar.tech/crawler)"
45.117.177.72 - - [15/Sep/2025:19:55:19 +0700] "POST /wp-cron.php?doing_wp_cron=1757940918.7971379756927490234375 HTTP/1.0" 200 416 "-" "WordPress/6.8.1; https://vattusacky.vn"
15.235.27.12 - - [15/Sep/2025:19:55:17 +0700] "GET /bet-with-glory-casino-casino-welcome-bonus-huge-2/ HTTP/1.0" 200 217524 "-" "Mozilla/5.0 (compatible; AhrefsBot/7.0; +http://ahrefs.com/robot/)"
45.117.177.72 - - [15/Sep/2025:19:56:29 +0700] "POST /wp-cron.php?doing_wp_cron=1757940989.4762020111083984375000 HTTP/1.0" 200 416 "-" "WordPress/6.8.1; https://vattusacky.vn"
103.131.71.170 - - [15/Sep/2025:19:56:28 +0700] "GET /robots.txt HTTP/1.0" 200 984 "-" "Mozilla/5.0 (compatible; coccocbot-web/1.0; +http://help.coccoc.com/searchengine)"
52.167.144.159 - - [15/Sep/2025:19:56:38 +0700] "GET /wp-content/uploads/2017/04/cf-1000-800x800-768x768.jpg HTTP/1.0" 200 431 "-" "Mozilla/5.0 AppleWebKit/537.36 (KHTML, like Gecko; compatible; bingbot/2.0; +http://www.bing.com/bingbot.htm) Chrome/116.0.1938.76 Safari/537.36"
167.114.139.14 - - [15/Sep/2025:19:56:51 +0700] "GET /virtual-language-immersion-on-omegle/ HTTP/1.0" 200 90579 "-" "Mozilla/5.0 (compatible; AhrefsBot/7.0; +http://ahrefs.com/robot/)"
103.131.71.163 - - [15/Sep/2025:19:56:57 +0700] "GET /sitemap_index.xml HTTP/1.0" 200 2426 "-" "Mozilla/5.0 (compatible; coccocbot-web/1.0; +http://help.coccoc.com/searchengine)"
103.131.71.192 - - [15/Sep/2025:19:57:04 +0700] "GET / HTTP/1.0" 200 60070 "-" "Mozilla/5.0 (compatible; coccocbot-web/1.0; +http://help.coccoc.com/searchengine)"
148.113.130.66 - - [15/Sep/2025:19:57:10 +0700] "GET /category/uncategorized/page/127/ HTTP/1.0" 200 76337 "-" "Mozilla/5.0 (compatible; AhrefsBot/7.0; +http://ahrefs.com/robot/)"
103.131.71.192 - - [15/Sep/2025:19:57:11 +0700] "GET /xmlrpc.php?rsd HTTP/1.0" 200 1290 "-" "Mozilla/5.0 (compatible; coccocbot-web/1.0; +http://help.coccoc.com/searchengine)"
45.117.177.72 - - [15/Sep/2025:19:57:20 +0700] "POST /wp-cron.php?doing_wp_cron=1757941040.0498309135437011718750 HTTP/1.0" 200 416 "-" "WordPress/6.8.1; https://vattusacky.vn"
103.131.71.169 - - [15/Sep/2025:19:57:18 +0700] "GET /post-sitemap.xml HTTP/1.0" 500 3278 "-" "Mozilla/5.0 (compatible; coccocbot-web/1.0; +http://help.coccoc.com/searchengine)"
103.131.71.169 - - [15/Sep/2025:19:57:26 +0700] "GET /post-sitemap2.xml HTTP/1.0" 200 158032 "-" "Mozilla/5.0 (compatible; coccocbot-web/1.0; +http://help.coccoc.com/searchengine)"
103.131.71.169 - - [15/Sep/2025:19:57:33 +0700] "GET /post-sitemap3.xml HTTP/1.0" 200 155802 "-" "Mozilla/5.0 (compatible; coccocbot-web/1.0; +http://help.coccoc.com/searchengine)"
