45.117.177.72 - - [15/Sep/2025:22:15:32 +0700] "POST /wp-cron.php?doing_wp_cron=1757949332.0171799659729003906250 HTTP/1.0" 200 416 "-" "WordPress/6.8.1; https://vattusacky.vn"
142.44.228.131 - - [15/Sep/2025:22:15:30 +0700] "GET /how-to-take-advantage-of-casino-free-play/ HTTP/1.0" 200 74891 "-" "Mozilla/5.0 (compatible; AhrefsBot/7.0; +http://ahrefs.com/robot/)"
207.46.13.102 - - [15/Sep/2025:22:16:06 +0700] "GET /the/tram-lay-mau-bui-hiq/page/2/ HTTP/1.0" 200 92833 "-" "Mozilla/5.0 AppleWebKit/537.36 (KHTML, like Gecko; compatible; bingbot/2.0; +http://www.bing.com/bingbot.htm) Chrome/116.0.1938.76 Safari/537.36"
45.117.177.72 - - [15/Sep/2025:22:18:37 +0700] "POST /wp-cron.php?doing_wp_cron=1757949517.1427340507507324218750 HTTP/1.0" 200 416 "-" "WordPress/6.8.1; https://vattusacky.vn"
54.39.210.252 - - [15/Sep/2025:22:18:35 +0700] "GET /author/yanz/page/284/ HTTP/1.0" 200 78592 "-" "Mozilla/5.0 (compatible; AhrefsBot/7.0; +http://ahrefs.com/robot/)"
45.117.177.72 - - [15/Sep/2025:22:20:23 +0700] "POST /wp-cron.php?doing_wp_cron=1757949623.4121639728546142578125 HTTP/1.0" 200 416 "-" "WordPress/6.8.1; https://vattusacky.vn"
216.244.66.237 - - [15/Sep/2025:22:20:21 +0700] "GET /robots.txt HTTP/1.0" 200 984 "-" "Mozilla/5.0 (compatible; DotBot/1.2; +https://opensiteexplorer.org/dotbot; help@moz.com)"
45.117.177.72 - - [15/Sep/2025:22:21:35 +0700] "POST /wp-cron.php?doing_wp_cron=1757949694.7977159023284912109375 HTTP/1.0" 200 416 "-" "WordPress/6.8.1; https://vattusacky.vn"
54.39.136.247 - - [15/Sep/2025:22:21:33 +0700] "GET /9301-2/ HTTP/1.0" 200 72450 "-" "Mozilla/5.0 (compatible; AhrefsBot/7.0; +http://ahrefs.com/robot/)"
216.73.216.17 - - [15/Sep/2025:22:22:18 +0700] "GET /sitemap_index.xml HTTP/1.0" 200 2426 "-" "Mozilla/5.0 AppleWebKit/537.36 (KHTML, like Gecko; compatible; ClaudeBot/1.0; +claudebot@anthropic.com)"
45.117.177.72 - - [15/Sep/2025:22:24:25 +0700] "POST /wp-cron.php?doing_wp_cron=1757949865.6259210109710693359375 HTTP/1.0" 200 416 "-" "WordPress/6.8.1; https://vattusacky.vn"
217.113.194.80 - - [15/Sep/2025:22:24:24 +0700] "GET /maintaining-personal-boundaries-on-omegle/feed/ HTTP/1.0" 200 1720 "-" "Mozilla/5.0 (compatible; Barkrowler/0.9; +https://babbar.tech/crawler)"
148.113.128.133 - - [15/Sep/2025:22:24:26 +0700] "GET /category/uncategorized/page/326/ HTTP/1.0" 200 75947 "-" "Mozilla/5.0 (compatible; AhrefsBot/7.0; +http://ahrefs.com/robot/)"
217.113.194.78 - - [15/Sep/2025:22:24:42 +0700] "GET /ways-to-fix-avast-blocking-nordvpn/feed/ HTTP/1.0" 200 1699 "-" "Mozilla/5.0 (compatible; Barkrowler/0.9; +https://babbar.tech/crawler)"
15.235.185.210 - - [15/Sep/2025:22:24:44 +0700] "POST /xmlrpc.php HTTP/1.0" 200 954 "-" "Mozilla/5.0 (X11; Ubuntu; Linux x86_64; rv:85.0) Gecko/20100101 Firefox/91.0"
85.208.96.200 - - [15/Sep/2025:22:24:48 +0700] "GET /the/may-quang-pho-hap-thu-phan-tu/ HTTP/1.0" 200 184272 "-" "Mozilla/5.0 (compatible; SemrushBot/7~bl; +http://www.semrush.com/bot.html)"
217.113.194.74 - - [15/Sep/2025:22:25:02 +0700] "GET /most-intimate-thing-you-actually-ever-done/feed/ HTTP/1.0" 200 1723 "-" "Mozilla/5.0 (compatible; Barkrowler/0.9; +https://babbar.tech/crawler)"
45.117.177.72 - - [15/Sep/2025:22:25:22 +0700] "POST /wp-cron.php?doing_wp_cron=1757949922.2933080196380615234375 HTTP/1.0" 200 416 "-" "WordPress/6.8.1; https://vattusacky.vn"
217.113.194.217 - - [15/Sep/2025:22:25:20 +0700] "GET /very-best-on-the-internet-internet-casino-within-7/feed/ HTTP/1.0" 200 1755 "-" "Mozilla/5.0 (compatible; Barkrowler/0.9; +https://babbar.tech/crawler)"
217.113.194.217 - - [15/Sep/2025:22:25:39 +0700] "GET /privacy-policy-and-terms-of-service-on-ometv/feed/ HTTP/1.0" 200 1729 "-" "Mozilla/5.0 (compatible; Barkrowler/0.9; +https://babbar.tech/crawler)"
217.113.194.217 - - [15/Sep/2025:22:25:59 +0700] "GET /privacy-features-on-omegle-and-ometv/feed/ HTTP/1.0" 200 1705 "-" "Mozilla/5.0 (compatible; Barkrowler/0.9; +https://babbar.tech/crawler)"
45.117.177.72 - - [15/Sep/2025:22:26:20 +0700] "POST /wp-cron.php?doing_wp_cron=1757949980.3152840137481689453125 HTTP/1.0" 200 416 "-" "WordPress/6.8.1; https://vattusacky.vn"
217.113.194.81 - - [15/Sep/2025:22:26:18 +0700] "GET /read-some-dating-sites-reviews-before-you-join/ HTTP/1.0" 200 209159 "-" "Mozilla/5.0 (compatible; Barkrowler/0.9; +https://babbar.tech/crawler)"
45.117.177.72 - - [15/Sep/2025:22:26:55 +0700] "POST /wp-cron.php?doing_wp_cron=1757950015.0847020149230957031250 HTTP/1.0" 200 416 "-" "WordPress/6.8.1; https://vattusacky.vn"
217.113.194.76 - - [15/Sep/2025:22:26:53 +0700] "GET /robots.txt HTTP/1.0" 200 984 "-" "Mozilla/5.0 (compatible; Barkrowler/0.9; +https://babbar.tech/crawler)"
51.161.65.13 - - [15/Sep/2025:22:27:10 +0700] "GET /situs-slot-online-panduan-lengkap-untuk-pemain-indonesia/feed/ HTTP/1.0" 200 1768 "-" "Mozilla/5.0 (compatible; AhrefsBot/7.0; +http://ahrefs.com/robot/)"
217.113.194.78 - - [15/Sep/2025:22:27:12 +0700] "GET /top-10-expert-mobile-app-developers-to-hire-in/feed/ HTTP/1.0" 200 1740 "-" "Mozilla/5.0 (compatible; Barkrowler/0.9; +https://babbar.tech/crawler)"
45.117.177.72 - - [15/Sep/2025:22:27:31 +0700] "POST /wp-cron.php?doing_wp_cron=1757950051.3853828907012939453125 HTTP/1.0" 200 416 "-" "WordPress/6.8.1; https://vattusacky.vn"
217.113.194.79 - - [15/Sep/2025:22:27:30 +0700] "GET /advertisements-and-sponsored-content-on-omegle/feed/ HTTP/1.0" 200 1735 "-" "Mozilla/5.0 (compatible; Barkrowler/0.9; +https://babbar.tech/crawler)"
217.113.194.79 - - [15/Sep/2025:22:27:49 +0700] "GET /explore-video-chat-options-omegle-like-platforms/ HTTP/1.0" 200 91259 "-" "Mozilla/5.0 (compatible; Barkrowler/0.9; +https://babbar.tech/crawler)"
154.54.249.200 - - [15/Sep/2025:22:28:11 +0700] "GET /greatest-best-payment-online-casinos-in-australia-10/ HTTP/1.0" 200 210376 "-" "Mozilla/5.0 (compatible; Barkrowler/0.9; +https://babbar.tech/crawler)"
45.117.177.72 - - [15/Sep/2025:22:28:33 +0700] "POST /wp-cron.php?doing_wp_cron=1757950113.1242890357971191406250 HTTP/1.0" 200 416 "-" "WordPress/6.8.1; https://vattusacky.vn"
217.113.194.77 - - [15/Sep/2025:22:28:31 +0700] "GET /systems-is-satans-manner-of-destroying-the-world/ HTTP/1.0" 200 210199 "-" "Mozilla/5.0 (compatible; Barkrowler/0.9; +https://babbar.tech/crawler)"
217.113.194.74 - - [15/Sep/2025:22:29:03 +0700] "GET /memorable-omegle-fails-and-funny-conversations/ HTTP/1.0" 200 87090 "-" "Mozilla/5.0 (compatible; Barkrowler/0.9; +https://babbar.tech/crawler)"
45.117.177.72 - - [15/Sep/2025:22:29:28 +0700] "POST /wp-cron.php?doing_wp_cron=1757950168.2276489734649658203125 HTTP/1.0" 200 416 "-" "WordPress/6.8.1; https://vattusacky.vn"
217.113.194.81 - - [15/Sep/2025:22:29:26 +0700] "GET /tienda-de-deportes-en-linea-welivesports/feed/ HTTP/1.0" 200 1719 "-" "Mozilla/5.0 (compatible; Barkrowler/0.9; +https://babbar.tech/crawler)"
217.113.194.80 - - [15/Sep/2025:22:29:45 +0700] "GET /download-games-for-free-playing-las-vegas-free-online/ HTTP/1.0" 200 74481 "-" "Mozilla/5.0 (compatible; Barkrowler/0.9; +https://babbar.tech/crawler)"
142.44.225.42 - - [15/Sep/2025:22:29:54 +0700] "GET /production-tips-and-techniques-with-respect-to-everyday-make-use-of/ HTTP/1.0" 200 206031 "-" "Mozilla/5.0 (compatible; AhrefsBot/7.0; +http://ahrefs.com/robot/)"
217.113.194.80 - - [15/Sep/2025:22:30:06 +0700] "GET /enhancing-communication-skills-in-omegle-therapy/ HTTP/1.0" 403 610 "-" "Mozilla/5.0 (compatible; Barkrowler/0.9; +https://babbar.tech/crawler)"
45.117.177.72 - - [15/Sep/2025:22:30:43 +0700] "POST /wp-cron.php?doing_wp_cron=1757950243.5018808841705322265625 HTTP/1.0" 200 416 "-" "WordPress/6.8.1; https://vattusacky.vn"
216.244.66.237 - - [15/Sep/2025:22:30:42 +0700] "GET /kazino-bonusy-zerkalo-kazino-onlajn/ HTTP/1.0" 200 94419 "-" "Mozilla/5.0 (compatible; DotBot/1.2; +https://opensiteexplorer.org/dotbot; help@moz.com)"
45.117.177.72 - - [15/Sep/2025:22:32:29 +0700] "POST /wp-cron.php?doing_wp_cron=1757950349.5013608932495117187500 HTTP/1.0" 200 416 "-" "WordPress/6.8.1; https://vattusacky.vn"
51.222.95.108 - - [15/Sep/2025:22:32:28 +0700] "GET /folders-sharing-support-review/ HTTP/1.0" 200 205198 "-" "Mozilla/5.0 (compatible; AhrefsBot/7.0; +http://ahrefs.com/robot/)"
217.113.194.74 - - [15/Sep/2025:22:32:38 +0700] "GET /how-to-stay-safe-on-omegle-and-ometv/ HTTP/1.0" 200 90454 "-" "Mozilla/5.0 (compatible; Barkrowler/0.9; +https://babbar.tech/crawler)"
217.113.194.81 - - [15/Sep/2025:22:33:03 +0700] "GET /how-to-stay-safe-on-omegle-tips-and-tricks/ HTTP/1.0" 200 88796 "-" "Mozilla/5.0 (compatible; Barkrowler/0.9; +https://babbar.tech/crawler)"
45.117.177.72 - - [15/Sep/2025:22:33:29 +0700] "POST /wp-cron.php?doing_wp_cron=1757950409.1272699832916259765625 HTTP/1.0" 200 416 "-" "WordPress/6.8.1; https://vattusacky.vn"
217.113.194.217 - - [15/Sep/2025:22:33:27 +0700] "GET /how-to-pick-the-best-totally-free-vpn/feed/ HTTP/1.0" 200 1708 "-" "Mozilla/5.0 (compatible; Barkrowler/0.9; +https://babbar.tech/crawler)"
217.113.194.75 - - [15/Sep/2025:22:33:46 +0700] "GET /how-to-identify-and-avoid-predators-on-omegle/feed/ HTTP/1.0" 200 1732 "-" "Mozilla/5.0 (compatible; Barkrowler/0.9; +https://babbar.tech/crawler)"
85.208.96.200 - - [15/Sep/2025:22:34:02 +0700] "GET /5-romantic-guidelines-to-keep-the-spark-alive/ HTTP/1.0" 200 207135 "-" "Mozilla/5.0 (compatible; SemrushBot/7~bl; +http://www.semrush.com/bot.html)"
217.113.194.78 - - [15/Sep/2025:22:34:06 +0700] "GET /20-best-senior-dating-sites-of-2023/feed/ HTTP/1.0" 200 1702 "-" "Mozilla/5.0 (compatible; Barkrowler/0.9; +https://babbar.tech/crawler)"
54.152.163.42 - - [15/Sep/2025:22:34:14 +0700] "GET /the/do-do-on-aco/ HTTP/1.0" 200 96744 "-" "Mozilla/5.0 AppleWebKit/537.36 (KHTML, like Gecko; compatible; Amazonbot/0.1; +https://developer.amazon.com/support/amazonbot) Chrome/119.0.6045.214 Safari/537.36"
45.117.177.72 - - [15/Sep/2025:22:34:19 +0700] "POST /wp-cron.php?doing_wp_cron=1757950459.1181709766387939453125 HTTP/1.0" 200 416 "-" "WordPress/6.8.1; https://vattusacky.vn"
54.235.172.108 - - [15/Sep/2025:22:34:17 +0700] "GET /the/lay-mau-nuoc/ HTTP/1.0" 200 181468 "-" "Mozilla/5.0 AppleWebKit/537.36 (KHTML, like Gecko; compatible; Amazonbot/0.1; +https://developer.amazon.com/support/amazonbot) Chrome/119.0.6045.214 Safari/537.36"
3.93.211.16 - - [15/Sep/2025:22:34:22 +0700] "GET /the/lay-mau-nuoc-wilco/ HTTP/1.0" 200 182018 "-" "Mozilla/5.0 AppleWebKit/537.36 (KHTML, like Gecko; compatible; Amazonbot/0.1; +https://developer.amazon.com/support/amazonbot) Chrome/119.0.6045.214 Safari/537.36"
54.166.126.132 - - [15/Sep/2025:22:34:25 +0700] "GET /san-pham/may-do-do-on-phan-tich-dai-tan/ HTTP/1.0" 200 119160 "-" "Mozilla/5.0 AppleWebKit/537.36 (KHTML, like Gecko; compatible; Amazonbot/0.1; +https://developer.amazon.com/support/amazonbot) Chrome/119.0.6045.214 Safari/537.36"
217.113.194.74 - - [15/Sep/2025:22:34:26 +0700] "GET /how-to-buy-viagra-over-the-counter-now-available-2/feed/ HTTP/1.0" 200 1760 "-" "Mozilla/5.0 (compatible; Barkrowler/0.9; +https://babbar.tech/crawler)"
3.229.2.217 - - [15/Sep/2025:22:34:30 +0700] "GET /san-pham/thiet-bi-lay-mau-nuoc-alpha-van-dorn-loai-ngang-3-2-lit-2/ HTTP/1.0" 200 369676 "-" "Mozilla/5.0 AppleWebKit/537.36 (KHTML, like Gecko; compatible; Amazonbot/0.1; +https://developer.amazon.com/support/amazonbot) Chrome/119.0.6045.214 Safari/537.36"
52.202.52.82 - - [15/Sep/2025:22:34:34 +0700] "GET /the/phu-kien-lay-mau/ HTTP/1.0" 200 67291 "-" "Mozilla/5.0 AppleWebKit/537.36 (KHTML, like Gecko; compatible; Amazonbot/0.1; +https://developer.amazon.com/support/amazonbot) Chrome/119.0.6045.214 Safari/537.36"
44.207.207.36 - - [15/Sep/2025:22:34:38 +0700] "GET /san-pham/lay-mau-bui-pm10-bui-pm2-5/ HTTP/1.0" 200 520798 "-" "Mozilla/5.0 AppleWebKit/537.36 (KHTML, like Gecko; compatible; Amazonbot/0.1; +https://developer.amazon.com/support/amazonbot) Chrome/119.0.6045.214 Safari/537.36"
54.84.250.51 - - [15/Sep/2025:22:34:42 +0700] "GET /the/hoat-do-phong-xa/ HTTP/1.0" 200 82417 "-" "Mozilla/5.0 AppleWebKit/537.36 (KHTML, like Gecko; compatible; Amazonbot/0.1; +https://developer.amazon.com/support/amazonbot) Chrome/119.0.6045.214 Safari/537.36"
217.113.194.75 - - [15/Sep/2025:22:34:46 +0700] "GET /how-you-can-date-delightful-single-latina-women/feed/ HTTP/1.0" 200 1738 "-" "Mozilla/5.0 (compatible; Barkrowler/0.9; +https://babbar.tech/crawler)"
15.235.27.217 - - [15/Sep/2025:22:34:53 +0700] "GET /aws-cloud-ownership-framework-aws/ HTTP/1.0" 200 205390 "-" "Mozilla/5.0 (compatible; AhrefsBot/7.0; +http://ahrefs.com/robot/)"
217.113.194.218 - - [15/Sep/2025:22:35:05 +0700] "GET /how-you-can-write-excellent-anniversary-captions/ HTTP/1.0" 200 206581 "-" "Mozilla/5.0 (compatible; Barkrowler/0.9; +https://babbar.tech/crawler)"
45.117.177.72 - - [15/Sep/2025:22:35:36 +0700] "POST /wp-cron.php?doing_wp_cron=1757950536.6814229488372802734375 HTTP/1.0" 200 416 "-" "WordPress/6.8.1; https://vattusacky.vn"
217.113.194.75 - - [15/Sep/2025:22:35:35 +0700] "GET /networking-for-creatives-on-omegle-and-ometv/ HTTP/1.0" 200 92944 "-" "Mozilla/5.0 (compatible; Barkrowler/0.9; +https://babbar.tech/crawler)"
217.113.194.78 - - [15/Sep/2025:22:35:58 +0700] "GET /discover-new-connections-with-omegle-replacements/ HTTP/1.0" 200 91192 "-" "Mozilla/5.0 (compatible; Barkrowler/0.9; +https://babbar.tech/crawler)"
45.117.177.72 - - [15/Sep/2025:22:36:23 +0700] "POST /wp-cron.php?doing_wp_cron=1757950582.9501659870147705078125 HTTP/1.0" 200 416 "-" "WordPress/6.8.1; https://vattusacky.vn"
217.113.194.75 - - [15/Sep/2025:22:36:21 +0700] "GET /discover-the-hookup-websites-that-truly-work/feed/ HTTP/1.0" 200 1732 "-" "Mozilla/5.0 (compatible; Barkrowler/0.9; +https://babbar.tech/crawler)"
185.191.171.6 - - [15/Sep/2025:22:36:25 +0700] "GET /the/can-an-do/ HTTP/1.0" 200 67828 "-" "Mozilla/5.0 (compatible; SemrushBot/7~bl; +http://www.semrush.com/bot.html)"
185.191.171.9 - - [15/Sep/2025:22:36:37 +0700] "GET /the/loc-huu-co-bang-tia-uv/ HTTP/1.0" 200 68893 "-" "Mozilla/5.0 (compatible; SemrushBot/7~bl; +http://www.semrush.com/bot.html)"
217.113.194.79 - - [15/Sep/2025:22:36:40 +0700] "GET /discovering-the-depths-of-love-in-omelove/feed/ HTTP/1.0" 200 1720 "-" "Mozilla/5.0 (compatible; Barkrowler/0.9; +https://babbar.tech/crawler)"
217.113.194.73 - - [15/Sep/2025:22:36:59 +0700] "GET /choosing-a-data-bedroom-for-peer-to-peer/feed/ HTTP/1.0" 200 1717 "-" "Mozilla/5.0 (compatible; Barkrowler/0.9; +https://babbar.tech/crawler)"
45.117.177.72 - - [15/Sep/2025:22:37:20 +0700] "POST /wp-cron.php?doing_wp_cron=1757950640.0820949077606201171875 HTTP/1.0" 200 416 "-" "WordPress/6.8.1; https://vattusacky.vn"
217.113.194.74 - - [15/Sep/2025:22:37:18 +0700] "GET /the-concept-of-anonymity-on-omegle/feed/ HTTP/1.0" 200 1699 "-" "Mozilla/5.0 (compatible; Barkrowler/0.9; +https://babbar.tech/crawler)"
217.113.194.77 - - [15/Sep/2025:22:37:38 +0700] "GET /the-concept-of-serendipity-in-online-platforms/feed/ HTTP/1.0" 200 1735 "-" "Mozilla/5.0 (compatible; Barkrowler/0.9; +https://babbar.tech/crawler)"
15.235.27.183 - - [15/Sep/2025:22:37:40 +0700] "GET /the-very-best-virtual-info-room-computer-software/ HTTP/1.0" 200 205863 "-" "Mozilla/5.0 (compatible; AhrefsBot/7.0; +http://ahrefs.com/robot/)"
217.113.194.73 - - [15/Sep/2025:22:37:59 +0700] "GET /your-five-tips-to-a-prosperous-marriage/feed/ HTTP/1.0" 200 1714 "-" "Mozilla/5.0 (compatible; Barkrowler/0.9; +https://babbar.tech/crawler)"
45.117.177.72 - - [15/Sep/2025:22:38:21 +0700] "POST /wp-cron.php?doing_wp_cron=1757950701.1916880607604980468750 HTTP/1.0" 200 416 "-" "WordPress/6.8.1; https://vattusacky.vn"
154.54.249.200 - - [15/Sep/2025:22:38:19 +0700] "GET /safety-rankings-and-comparisons-for-ometv/feed/ HTTP/1.0" 200 1720 "-" "Mozilla/5.0 (compatible; Barkrowler/0.9; +https://babbar.tech/crawler)"
217.113.194.217 - - [15/Sep/2025:22:38:38 +0700] "GET /omegle-where-authentic-connections-happen/feed/ HTTP/1.0" 200 1720 "-" "Mozilla/5.0 (compatible; Barkrowler/0.9; +https://babbar.tech/crawler)"
154.54.249.200 - - [15/Sep/2025:22:38:57 +0700] "GET /omegle-vs-ometv-the-pros-and-cons/feed/ HTTP/1.0" 200 1696 "-" "Mozilla/5.0 (compatible; Barkrowler/0.9; +https://babbar.tech/crawler)"
45.117.177.72 - - [15/Sep/2025:22:39:18 +0700] "POST /wp-cron.php?doing_wp_cron=1757950758.2425429821014404296875 HTTP/1.0" 200 416 "-" "WordPress/6.8.1; https://vattusacky.vn"
154.54.249.200 - - [15/Sep/2025:22:39:16 +0700] "GET /omegles-role-in-supporting-mental-health/feed/ HTTP/1.0" 200 1717 "-" "Mozilla/5.0 (compatible; Barkrowler/0.9; +https://babbar.tech/crawler)"
217.113.194.79 - - [15/Sep/2025:22:39:35 +0700] "GET /omegles-role-in-education-and-e-learning/feed/ HTTP/1.0" 200 1717 "-" "Mozilla/5.0 (compatible; Barkrowler/0.9; +https://babbar.tech/crawler)"
40.77.167.68 - - [15/Sep/2025:22:39:47 +0700] "GET /2023-nba-playoffs/ HTTP/1.0" 200 211204 "-" "Mozilla/5.0 AppleWebKit/537.36 (KHTML, like Gecko; compatible; bingbot/2.0; +http://www.bing.com/bingbot.htm) Chrome/116.0.1938.76 Safari/537.36"
217.113.194.77 - - [15/Sep/2025:22:39:55 +0700] "GET /omegles-random-chat-feature-pros-and-cons/feed/ HTTP/1.0" 200 1720 "-" "Mozilla/5.0 (compatible; Barkrowler/0.9; +https://babbar.tech/crawler)"
45.117.177.72 - - [15/Sep/2025:22:40:17 +0700] "POST /wp-cron.php?doing_wp_cron=1757950817.5894789695739746093750 HTTP/1.0" 200 416 "-" "WordPress/6.8.1; https://vattusacky.vn"
217.113.194.75 - - [15/Sep/2025:22:40:15 +0700] "GET /omegles-mobile-app-chatting-on-the-go/feed/ HTTP/1.0" 200 1708 "-" "Mozilla/5.0 (compatible; Barkrowler/0.9; +https://babbar.tech/crawler)"
51.222.168.17 - - [15/Sep/2025:22:40:29 +0700] "GET /what-exactly-virtual-info-room/ HTTP/1.0" 200 204860 "-" "Mozilla/5.0 (compatible; AhrefsBot/7.0; +http://ahrefs.com/robot/)"
217.113.194.78 - - [15/Sep/2025:22:40:36 +0700] "GET /omegle-and-privacy-concerns-what-you-should-know/ HTTP/1.0" 200 90735 "-" "Mozilla/5.0 (compatible; Barkrowler/0.9; +https://babbar.tech/crawler)"
217.113.194.73 - - [15/Sep/2025:22:41:00 +0700] "GET /omegle-and-the-transformation-of-social-interactions/ HTTP/1.0" 200 90354 "-" "Mozilla/5.0 (compatible; Barkrowler/0.9; +https://babbar.tech/crawler)"
217.113.194.74 - - [15/Sep/2025:22:41:23 +0700] "GET /omegle-and-mental-wellness-a-therapeutic-tool/feed/ HTTP/1.0" 200 1732 "-" "Mozilla/5.0 (compatible; Barkrowler/0.9; +https://babbar.tech/crawler)"
217.113.194.77 - - [15/Sep/2025:22:41:47 +0700] "GET /omegle-and-the-importance-of-intercultural-exchange/ HTTP/1.0" 200 89997 "-" "Mozilla/5.0 (compatible; Barkrowler/0.9; +https://babbar.tech/crawler)"
217.113.194.77 - - [15/Sep/2025:22:42:09 +0700] "GET /omegle-and-its-impact-on-online-communication/feed/ HTTP/1.0" 200 1732 "-" "Mozilla/5.0 (compatible; Barkrowler/0.9; +https://babbar.tech/crawler)"
45.117.177.72 - - [15/Sep/2025:22:42:30 +0700] "POST /wp-cron.php?doing_wp_cron=1757950950.0121989250183105468750 HTTP/1.0" 200 416 "-" "WordPress/6.8.1; https://vattusacky.vn"
217.113.194.75 - - [15/Sep/2025:22:42:28 +0700] "GET /omegle-and-ometv-for-cultural-exchange/ HTTP/1.0" 200 90405 "-" "Mozilla/5.0 (compatible; Barkrowler/0.9; +https://babbar.tech/crawler)"
217.113.194.78 - - [15/Sep/2025:22:42:50 +0700] "GET /omegle-and-ometv-for-introverts/feed/ HTTP/1.0" 200 1690 "-" "Mozilla/5.0 (compatible; Barkrowler/0.9; +https://babbar.tech/crawler)"
51.222.95.39 - - [15/Sep/2025:22:43:03 +0700] "GET /halmilton/ HTTP/1.0" 200 203661 "-" "Mozilla/5.0 (compatible; AhrefsBot/7.0; +http://ahrefs.com/robot/)"
217.113.194.74 - - [15/Sep/2025:22:43:10 +0700] "GET /omegle-and-the-digital-age-of-social-interaction/feed/ HTTP/1.0" 200 1741 "-" "Mozilla/5.0 (compatible; Barkrowler/0.9; +https://babbar.tech/crawler)"
216.244.66.237 - - [15/Sep/2025:22:43:24 +0700] "GET /dont-casino-unless-you-use-these-10-tools/feed/ HTTP/1.0" 200 1727 "-" "Mozilla/5.0 (compatible; DotBot/1.2; +https://opensiteexplorer.org/dotbot; help@moz.com)"
217.113.194.218 - - [15/Sep/2025:22:43:30 +0700] "GET /omegle-and-the-evolution-of-online-chatting/feed/ HTTP/1.0" 200 1726 "-" "Mozilla/5.0 (compatible; Barkrowler/0.9; +https://babbar.tech/crawler)"
154.54.249.200 - - [15/Sep/2025:22:43:52 +0700] "GET /omegle-and-online-privacy-protecting-your-personal-information/ HTTP/1.0" 200 89092 "-" "Mozilla/5.0 (compatible; Barkrowler/0.9; +https://babbar.tech/crawler)"
216.244.66.237 - - [15/Sep/2025:22:43:54 +0700] "GET /sharing-experiences-and-stories-on-omegle/feed/ HTTP/1.0" 200 1720 "-" "Mozilla/5.0 (compatible; DotBot/1.2; +https://opensiteexplorer.org/dotbot; help@moz.com)"
45.117.177.72 - - [15/Sep/2025:22:44:17 +0700] "POST /wp-cron.php?doing_wp_cron=1757951057.7387330532073974609375 HTTP/1.0" 200 416 "-" "WordPress/6.8.1; https://vattusacky.vn"
217.113.194.81 - - [15/Sep/2025:22:44:16 +0700] "GET /omegle-and-online-therapy-a-changing-landscape/ HTTP/1.0" 200 91982 "-" "Mozilla/5.0 (compatible; Barkrowler/0.9; +https://babbar.tech/crawler)"
217.113.194.76 - - [15/Sep/2025:22:44:39 +0700] "GET /omegle-an-introduction-to-anonymous-chatting/ HTTP/1.0" 200 90656 "-" "Mozilla/5.0 (compatible; Barkrowler/0.9; +https://babbar.tech/crawler)"
154.54.249.200 - - [15/Sep/2025:22:45:03 +0700] "GET /omegle-for-socializing-making-new-friends-online/feed/ HTTP/1.0" 200 1741 "-" "Mozilla/5.0 (compatible; Barkrowler/0.9; +https://babbar.tech/crawler)"
45.117.177.72 - - [15/Sep/2025:22:45:25 +0700] "POST /wp-cron.php?doing_wp_cron=1757951125.6797010898590087890625 HTTP/1.0" 200 416 "-" "WordPress/6.8.1; https://vattusacky.vn"
217.113.194.79 - - [15/Sep/2025:22:45:24 +0700] "GET /omegles-influence-on-language-and-slang/ HTTP/1.0" 200 90323 "-" "Mozilla/5.0 (compatible; Barkrowler/0.9; +https://babbar.tech/crawler)"
142.44.233.255 - - [15/Sep/2025:22:45:39 +0700] "GET /the-value-of-financial-operations/ HTTP/1.0" 200 205235 "-" "Mozilla/5.0 (compatible; AhrefsBot/7.0; +http://ahrefs.com/robot/)"
217.113.194.74 - - [15/Sep/2025:22:45:45 +0700] "GET /omegles-influence-on-internet-culture-and-memes/ HTTP/1.0" 200 90687 "-" "Mozilla/5.0 (compatible; Barkrowler/0.9; +https://babbar.tech/crawler)"
217.113.194.81 - - [15/Sep/2025:22:46:09 +0700] "GET /omegles-influence-on-the-perception-of-beauty/feed/ HTTP/1.0" 200 1732 "-" "Mozilla/5.0 (compatible; Barkrowler/0.9; +https://babbar.tech/crawler)"
45.117.177.72 - - [15/Sep/2025:22:46:33 +0700] "POST /wp-cron.php?doing_wp_cron=1757951192.8751909732818603515625 HTTP/1.0" 200 416 "-" "WordPress/6.8.1; https://vattusacky.vn"
154.54.249.200 - - [15/Sep/2025:22:46:31 +0700] "GET /omegle-as-a-source-of-entertainment/feed/ HTTP/1.0" 200 1702 "-" "Mozilla/5.0 (compatible; Barkrowler/0.9; +https://babbar.tech/crawler)"
45.117.177.72 - - [15/Sep/2025:22:46:55 +0700] "POST /wp-cron.php?doing_wp_cron=1757951214.9923639297485351562500 HTTP/1.0" 200 416 "-" "WordPress/6.8.1; https://vattusacky.vn"
217.113.194.75 - - [15/Sep/2025:22:46:53 +0700] "GET /omegle-video-chat-omegle-com/feed/ HTTP/1.0" 200 1681 "-" "Mozilla/5.0 (compatible; Barkrowler/0.9; +https://babbar.tech/crawler)"
217.113.194.74 - - [15/Sep/2025:22:47:13 +0700] "GET /omegle-bans-and-how-to-avoid-getting-banned/feed/ HTTP/1.0" 200 1726 "-" "Mozilla/5.0 (compatible; Barkrowler/0.9; +https://babbar.tech/crawler)"
45.117.177.72 - - [15/Sep/2025:22:47:35 +0700] "POST /wp-cron.php?doing_wp_cron=1757951254.9188780784606933593750 HTTP/1.0" 200 416 "-" "WordPress/6.8.1; https://vattusacky.vn"
154.54.249.200 - - [15/Sep/2025:22:47:33 +0700] "GET /omegles-impact-on-online-dating-and-relationships/ HTTP/1.0" 200 92963 "-" "Mozilla/5.0 (compatible; Barkrowler/0.9; +https://babbar.tech/crawler)"
217.113.194.75 - - [15/Sep/2025:22:47:54 +0700] "GET /online-safety-tips-for-flirting-on-omegle/feed/ HTTP/1.0" 200 1720 "-" "Mozilla/5.0 (compatible; Barkrowler/0.9; +https://babbar.tech/crawler)"
51.161.65.61 - - [15/Sep/2025:22:47:55 +0700] "GET /author/yanz/page/275/ HTTP/1.0" 200 78204 "-" "Mozilla/5.0 (compatible; AhrefsBot/7.0; +http://ahrefs.com/robot/)"
154.54.249.200 - - [15/Sep/2025:22:48:13 +0700] "GET /fears-of-a-professional-top-bitcoin-casinos/feed/ HTTP/1.0" 200 1726 "-" "Mozilla/5.0 (compatible; Barkrowler/0.9; +https://babbar.tech/crawler)"
45.117.177.72 - - [15/Sep/2025:22:48:35 +0700] "POST /wp-cron.php?doing_wp_cron=1757951315.1898651123046875000000 HTTP/1.0" 200 416 "-" "WordPress/6.8.1; https://vattusacky.vn"
217.113.194.81 - - [15/Sep/2025:22:48:33 +0700] "GET /how-long-can-a-dog-stay-on-prednisone/feed/ HTTP/1.0" 200 1710 "-" "Mozilla/5.0 (compatible; Barkrowler/0.9; +https://babbar.tech/crawler)"
217.113.194.77 - - [15/Sep/2025:22:48:52 +0700] "GET /ivermectin-12-mg-brands-in-india/feed/ HTTP/1.0" 200 1695 "-" "Mozilla/5.0 (compatible; Barkrowler/0.9; +https://babbar.tech/crawler)"
217.113.194.217 - - [15/Sep/2025:22:49:12 +0700] "GET /insider-tips-for-omegle-video-chat-success/feed/ HTTP/1.0" 200 1723 "-" "Mozilla/5.0 (compatible; Barkrowler/0.9; +https://babbar.tech/crawler)"
45.117.177.72 - - [15/Sep/2025:22:49:36 +0700] "POST /wp-cron.php?doing_wp_cron=1757951375.7931749820709228515625 HTTP/1.0" 200 416 "-" "WordPress/6.8.1; https://vattusacky.vn"
217.113.194.75 - - [15/Sep/2025:22:49:33 +0700] "GET /might-cbd-acquire-me-substantial/feed/ HTTP/1.0" 200 1694 "-" "Mozilla/5.0 (compatible; Barkrowler/0.9; +https://babbar.tech/crawler)"
217.113.194.74 - - [15/Sep/2025:22:49:52 +0700] "GET /craps-whirl-globe-wager-told-me/ HTTP/1.0" 200 211724 "-" "Mozilla/5.0 (compatible; Barkrowler/0.9; +https://babbar.tech/crawler)"
45.117.177.72 - - [15/Sep/2025:22:50:22 +0700] "POST /wp-cron.php?doing_wp_cron=1757951421.8817310333251953125000 HTTP/1.0" 200 416 "-" "WordPress/6.8.1; https://vattusacky.vn"
85.208.96.210 - - [15/Sep/2025:22:50:19 +0700] "GET /robots.txt HTTP/1.0" 200 984 "-" "Mozilla/5.0 (compatible; SemrushBot/7~bl; +http://www.semrush.com/bot.html)"
54.39.136.251 - - [15/Sep/2025:22:50:25 +0700] "GET /author/yanz/page/304/ HTTP/1.0" 200 77012 "-" "Mozilla/5.0 (compatible; AhrefsBot/7.0; +http://ahrefs.com/robot/)"
85.208.96.210 - - [15/Sep/2025:22:50:25 +0700] "GET /author/yanz/page/399/ HTTP/1.0" 200 77401 "-" "Mozilla/5.0 (compatible; SemrushBot/7~bl; +http://www.semrush.com/bot.html)"
217.113.194.81 - - [15/Sep/2025:22:50:28 +0700] "GET /overcoming-trust-issues-through-omegle-therapy/ HTTP/1.0" 403 608 "-" "Mozilla/5.0 (compatible; Barkrowler/0.9; +https://babbar.tech/crawler)"
185.191.171.1 - - [15/Sep/2025:22:51:08 +0700] "GET /daters-extremely-turning-to-programs-amid-coronavirus-outbreak/ HTTP/1.0" 200 207172 "-" "Mozilla/5.0 (compatible; SemrushBot/7~bl; +http://www.semrush.com/bot.html)"
45.117.177.72 - - [15/Sep/2025:22:52:36 +0700] "POST /wp-cron.php?doing_wp_cron=1757951556.0318169593811035156250 HTTP/1.0" 200 416 "-" "WordPress/6.8.1; https://vattusacky.vn"
162.55.6.196 - - [15/Sep/2025:22:52:33 +0700] "POST /xmlrpc.php HTTP/1.0" 200 956 "-" "Mozilla/5.0 (Windows NT 10.0; Win64; x64) AppleWebKit/537.36 (KHTML, like Gecko) Chrome/79.0.3945.130 Safari/537.36 OPR/66.0.3515.103"
51.222.168.14 - - [15/Sep/2025:22:52:50 +0700] "GET /category/uncategorized/page/305/ HTTP/1.0" 200 75748 "-" "Mozilla/5.0 (compatible; AhrefsBot/7.0; +http://ahrefs.com/robot/)"
142.44.220.185 - - [15/Sep/2025:22:52:51 +0700] "GET /author/yanz/page/275/ HTTP/1.0" 200 78204 "-" "Mozilla/5.0 (compatible; AhrefsBot/7.0; +http://ahrefs.com/robot/)"
217.113.194.77 - - [15/Sep/2025:22:53:01 +0700] "GET /creating-an-effective-online-dating-services-profile-2/feed/ HTTP/1.0" 200 1757 "-" "Mozilla/5.0 (compatible; Barkrowler/0.9; +https://babbar.tech/crawler)"
217.113.194.218 - - [15/Sep/2025:22:53:19 +0700] "GET /the-right-way-to-hookup-in-tiktok/feed/ HTTP/1.0" 200 1696 "-" "Mozilla/5.0 (compatible; Barkrowler/0.9; +https://babbar.tech/crawler)"
45.117.177.72 - - [15/Sep/2025:22:53:21 +0700] "POST /wp-cron.php?doing_wp_cron=1757951601.1114060878753662109375 HTTP/1.0" 200 416 "-" "WordPress/6.8.1; https://vattusacky.vn"
196.19.240.177 - - [15/Sep/2025:22:53:19 +0700] "GET /pin-ap-opustimsya-v-mir-azarta-i-razvlecheniy-sredi-peredovykh-saytov-dlya-igry-na-realnye-dengi-i-pari-s-ispolzovaniem-depozita-i-bonusov/ HTTP/1.0" 200 117644 "https://vattusacky.vn/" "Mozilla/5.0 (Macintosh; Intel Mac OS X 12_5) AppleWebKit/537.36 (KHTML, like Gecko) Chrome/114.0.0.0 Safari/537.36 Edg/114.0.1264.71"
185.191.171.5 - - [15/Sep/2025:22:53:25 +0700] "GET /the/may-quang-pho/ HTTP/1.0" 200 184491 "-" "Mozilla/5.0 (compatible; SemrushBot/7~bl; +http://www.semrush.com/bot.html)"
217.113.194.79 - - [15/Sep/2025:22:53:37 +0700] "GET /the-anonymous-playground-adventures-on-omegle/feed/ HTTP/1.0" 200 1732 "-" "Mozilla/5.0 (compatible; Barkrowler/0.9; +https://babbar.tech/crawler)"
217.113.194.81 - - [15/Sep/2025:22:53:56 +0700] "GET /the-future-of-omegle-and-online-chat-platforms/feed/ HTTP/1.0" 200 1735 "-" "Mozilla/5.0 (compatible; Barkrowler/0.9; +https://babbar.tech/crawler)"
196.19.240.177 - - [15/Sep/2025:22:53:58 +0700] "GET /wp-login.php?action=register HTTP/1.0" 302 692 "https://vattusacky.vn/pin-ap-opustimsya-v-mir-azarta-i-razvlecheniy-sredi-peredovykh-saytov-dlya-igry-na-realnye-dengi-i-pari-s-ispolzovaniem-depozita-i-bonusov/" "Mozilla/5.0 (Windows NT 6.3; Win64; x64) AppleWebKit/537.36 (KHTML, like Gecko) Chrome/103.0.0.0 Safari/537.36"
196.19.240.177 - - [15/Sep/2025:22:54:08 +0700] "GET /wp-login.php?registration=disabled HTTP/1.0" 200 11447 "https://vattusacky.vn/wp-login.php?action=register" "Mozilla/5.0 (Windows NT 6.3; Win64; x64) AppleWebKit/537.36 (KHTML, like Gecko) Chrome/103.0.0.0 Safari/537.36"
154.54.249.200 - - [15/Sep/2025:22:54:14 +0700] "GET /the-evolution-of-love-and-friendship-in-omelove/ HTTP/1.0" 200 92140 "-" "Mozilla/5.0 (compatible; Barkrowler/0.9; +https://babbar.tech/crawler)"
45.117.177.72 - - [15/Sep/2025:22:54:39 +0700] "POST /wp-cron.php?doing_wp_cron=1757951679.5475330352783203125000 HTTP/1.0" 200 416 "-" "WordPress/6.8.1; https://vattusacky.vn"
217.113.194.72 - - [15/Sep/2025:22:54:38 +0700] "GET /the-evolution-of-anonymity-in-online-chatting/feed/ HTTP/1.0" 200 1732 "-" "Mozilla/5.0 (compatible; Barkrowler/0.9; +https://babbar.tech/crawler)"
154.54.249.200 - - [15/Sep/2025:22:54:56 +0700] "GET /the-rise-of-alternative-random-video-chat-platforms/feed/ HTTP/1.0" 200 1750 "-" "Mozilla/5.0 (compatible; Barkrowler/0.9; +https://babbar.tech/crawler)"
217.113.194.80 - - [15/Sep/2025:22:55:15 +0700] "GET /the-very-best-vpn-pertaining-to-android/ HTTP/1.0" 200 205400 "-" "Mozilla/5.0 (compatible; Barkrowler/0.9; +https://babbar.tech/crawler)"
45.117.177.72 - - [15/Sep/2025:22:55:17 +0700] "POST /wp-cron.php?doing_wp_cron=1757951717.2802700996398925781250 HTTP/1.0" 200 416 "-" "WordPress/6.8.1; https://vattusacky.vn"
167.114.139.210 - - [15/Sep/2025:22:55:15 +0700] "GET /author/yanz/page/296/ HTTP/1.0" 200 77603 "-" "Mozilla/5.0 (compatible; AhrefsBot/7.0; +http://ahrefs.com/robot/)"
154.54.249.200 - - [15/Sep/2025:22:55:50 +0700] "GET /the-thrill-of-omegle-exploring-the-unknown/feed/ HTTP/1.0" 200 1723 "-" "Mozilla/5.0 (compatible; Barkrowler/0.9; +https://babbar.tech/crawler)"
217.113.194.80 - - [15/Sep/2025:22:56:08 +0700] "GET /ometv-trolls-and-how-to-deal-with-them/feed/ HTTP/1.0" 200 1711 "-" "Mozilla/5.0 (compatible; Barkrowler/0.9; +https://babbar.tech/crawler)"
217.113.194.74 - - [15/Sep/2025:22:56:27 +0700] "GET /ometv-connecting-people-with-authenticity/feed/ HTTP/1.0" 200 1720 "-" "Mozilla/5.0 (compatible; Barkrowler/0.9; +https://babbar.tech/crawler)"
217.113.194.217 - - [15/Sep/2025:22:56:50 +0700] "GET /what-is-the-value-of-a-postal-mail-order-brides/ HTTP/1.0" 200 120444 "-" "Mozilla/5.0 (compatible; Barkrowler/0.9; +https://babbar.tech/crawler)"
217.113.194.77 - - [15/Sep/2025:22:57:14 +0700] "GET /what-is-a-native-app-definition-examples/feed/ HTTP/1.0" 200 1725 "-" "Mozilla/5.0 (compatible; Barkrowler/0.9; +https://babbar.tech/crawler)"
54.39.210.168 - - [15/Sep/2025:22:57:21 +0700] "GET /068c3b173bdfe0f097ca05038b9f42f0-4/ HTTP/1.0" 200 69208 "-" "Mozilla/5.0 (compatible; AhrefsBot/7.0; +http://ahrefs.com/robot/)"
45.117.177.72 - - [15/Sep/2025:22:57:35 +0700] "POST /wp-cron.php?doing_wp_cron=1757951854.9311249256134033203125 HTTP/1.0" 200 416 "-" "WordPress/6.8.1; https://vattusacky.vn"
217.113.194.79 - - [15/Sep/2025:22:57:33 +0700] "GET /strategies-for-building-trust-in-online-friendships/feed/ HTTP/1.0" 200 1750 "-" "Mozilla/5.0 (compatible; Barkrowler/0.9; +https://babbar.tech/crawler)"
85.208.96.210 - - [15/Sep/2025:22:57:52 +0700] "GET /the/thiet-bi-lay-mau-ong-khoi/ HTTP/1.0" 200 78971 "-" "Mozilla/5.0 (compatible; SemrushBot/7~bl; +http://www.semrush.com/bot.html)"
217.113.194.73 - - [15/Sep/2025:22:57:53 +0700] "GET /strategies-for-building-resilience-in-online-interactions/feed/ HTTP/1.0" 200 1768 "-" "Mozilla/5.0 (compatible; Barkrowler/0.9; +https://babbar.tech/crawler)"
217.113.194.79 - - [15/Sep/2025:22:58:12 +0700] "GET /introduction-to-omegles-algorithmic-dance/ HTTP/1.0" 200 87624 "-" "Mozilla/5.0 (compatible; Barkrowler/0.9; +https://babbar.tech/crawler)"
45.117.177.72 - - [15/Sep/2025:22:58:37 +0700] "POST /wp-cron.php?doing_wp_cron=1757951917.1659150123596191406250 HTTP/1.0" 200 416 "-" "WordPress/6.8.1; https://vattusacky.vn"
217.113.194.81 - - [15/Sep/2025:22:58:35 +0700] "GET /techniques-persons-gain-a-advantage-at-casinos/ HTTP/1.0" 200 210313 "-" "Mozilla/5.0 (compatible; Barkrowler/0.9; +https://babbar.tech/crawler)"
85.208.96.206 - - [15/Sep/2025:22:58:49 +0700] "GET /the/do-dan/ HTTP/1.0" 200 68493 "-" "Mozilla/5.0 (compatible; SemrushBot/7~bl; +http://www.semrush.com/bot.html)"
217.113.194.217 - - [15/Sep/2025:22:59:04 +0700] "GET /free-local-gay-chat-freehookupssites/feed/ HTTP/1.0" 200 1706 "-" "Mozilla/5.0 (compatible; Barkrowler/0.9; +https://babbar.tech/crawler)"
45.117.177.72 - - [15/Sep/2025:22:59:25 +0700] "POST /wp-cron.php?doing_wp_cron=1757951965.4106280803680419921875 HTTP/1.0" 200 416 "-" "WordPress/6.8.1; https://vattusacky.vn"
217.113.194.81 - - [15/Sep/2025:22:59:23 +0700] "GET /4-experts-in-ultimatums-in-relationships/ HTTP/1.0" 200 206471 "-" "Mozilla/5.0 (compatible; Barkrowler/0.9; +https://babbar.tech/crawler)"
125.94.144.102 - - [15/Sep/2025:22:59:26 +0700] "GET / HTTP/1.0" 301 598 "http://www.vattusacky.vn" "Mozilla/5.0 (iPhone; CPU iPhone OS 13_2_3 like Mac OS X) AppleWebKit/605.1.15 (KHTML, like Gecko) Version/13.0.3 Mobile/15E148 Safari/604.1"
125.94.144.102 - - [15/Sep/2025:22:59:32 +0700] "GET / HTTP/1.0" 200 60071 "https://www.vattusacky.vn/" "Mozilla/5.0 (iPhone; CPU iPhone OS 13_2_3 like Mac OS X) AppleWebKit/605.1.15 (KHTML, like Gecko) Version/13.0.3 Mobile/15E148 Safari/604.1"
15.235.98.28 - - [15/Sep/2025:22:59:45 +0700] "GET /category/uncategorized/page/314/ HTTP/1.0" 200 77311 "-" "Mozilla/5.0 (compatible; AhrefsBot/7.0; +http://ahrefs.com/robot/)"
217.113.194.78 - - [15/Sep/2025:22:59:51 +0700] "GET /dressing-for-success-first-impressions-on-omegle/feed/ HTTP/1.0" 200 1741 "-" "Mozilla/5.0 (compatible; Barkrowler/0.9; +https://babbar.tech/crawler)"
85.208.96.194 - - [15/Sep/2025:23:00:07 +0700] "GET /the/tach-chiet-doc-tinh/ HTTP/1.0" 200 68168 "-" "Mozilla/5.0 (compatible; SemrushBot/7~bl; +http://www.semrush.com/bot.html)"
217.113.194.78 - - [15/Sep/2025:23:00:10 +0700] "GET /roleta-cassino-online-cassino-jogar/ HTTP/1.0" 200 219033 "-" "Mozilla/5.0 (compatible; Barkrowler/0.9; +https://babbar.tech/crawler)"
45.117.177.72 - - [15/Sep/2025:23:00:44 +0700] "POST /wp-cron.php?doing_wp_cron=1757952044.3691470623016357421875 HTTP/1.0" 200 416 "-" "WordPress/6.8.1; https://vattusacky.vn"
217.113.194.79 - - [15/Sep/2025:23:00:42 +0700] "GET /the-best-on-line-casinos-for-zambia-62/feed/ HTTP/1.0" 200 1708 "-" "Mozilla/5.0 (compatible; Barkrowler/0.9; +https://babbar.tech/crawler)"
45.117.177.72 - - [15/Sep/2025:23:01:06 +0700] "POST /wp-cron.php?doing_wp_cron=1757952065.8396909236907958984375 HTTP/1.0" 200 416 "-" "WordPress/6.8.1; https://vattusacky.vn"
154.54.249.200 - - [15/Sep/2025:23:01:03 +0700] "GET /the-best-casino-bonuses-how-to-find-them/ HTTP/1.0" 200 207006 "-" "Mozilla/5.0 (compatible; Barkrowler/0.9; +https://babbar.tech/crawler)"
45.117.177.72 - - [15/Sep/2025:23:01:39 +0700] "POST /wp-cron.php?doing_wp_cron=1757952098.7265610694885253906250 HTTP/1.0" 200 416 "-" "WordPress/6.8.1; https://vattusacky.vn"
217.113.194.74 - - [15/Sep/2025:23:01:37 +0700] "GET /the-benefits-of-seeking-therapy-on-omegle/feed/ HTTP/1.0" 200 1720 "-" "Mozilla/5.0 (compatible; Barkrowler/0.9; +https://babbar.tech/crawler)"
217.113.194.81 - - [15/Sep/2025:23:01:56 +0700] "GET /common-privacy-issues-faced-by-omegle-users/feed/ HTTP/1.0" 200 1726 "-" "Mozilla/5.0 (compatible; Barkrowler/0.9; +https://babbar.tech/crawler)"
142.44.228.104 - - [15/Sep/2025:23:02:06 +0700] "GET /category/uncategorized/page/324/ HTTP/1.0" 200 77968 "-" "Mozilla/5.0 (compatible; AhrefsBot/7.0; +http://ahrefs.com/robot/)"
207.46.13.64 - - [15/Sep/2025:23:02:09 +0700] "GET /omegles-role-in-promoting-empathy-and-inclusion/feed/ HTTP/1.0" 200 1738 "-" "Mozilla/5.0 AppleWebKit/537.36 (KHTML, like Gecko; compatible; bingbot/2.0; +http://www.bing.com/bingbot.htm) Chrome/116.0.1938.76 Safari/537.36"
217.113.194.72 - - [15/Sep/2025:23:02:14 +0700] "GET /quantracmoitruongnuocngam/feed/ HTTP/1.0" 200 1731 "-" "Mozilla/5.0 (compatible; Barkrowler/0.9; +https://babbar.tech/crawler)"
45.117.177.72 - - [15/Sep/2025:23:02:35 +0700] "POST /wp-cron.php?doing_wp_cron=1757952155.3379430770874023437500 HTTP/1.0" 200 416 "-" "WordPress/6.8.1; https://vattusacky.vn"
217.113.194.72 - - [15/Sep/2025:23:02:33 +0700] "GET /notepad-how-to-recover-a-deleted-file-45/ HTTP/1.0" 200 208094 "-" "Mozilla/5.0 (compatible; Barkrowler/0.9; +https://babbar.tech/crawler)"
217.113.194.72 - - [15/Sep/2025:23:03:09 +0700] "GET /access-ultra-fast-execution-and-direct-order-fills/feed/ HTTP/1.0" 200 1747 "-" "Mozilla/5.0 (compatible; Barkrowler/0.9; +https://babbar.tech/crawler)"
45.117.177.72 - - [15/Sep/2025:23:03:29 +0700] "POST /wp-cron.php?doing_wp_cron=1757952209.7742910385131835937500 HTTP/1.0" 200 416 "-" "WordPress/6.8.1; https://vattusacky.vn"
217.113.194.79 - - [15/Sep/2025:23:03:28 +0700] "GET /exciting-random-chats-omegle-alternatives/ HTTP/1.0" 200 89200 "-" "Mozilla/5.0 (compatible; Barkrowler/0.9; +https://babbar.tech/crawler)"
217.113.194.81 - - [15/Sep/2025:23:03:49 +0700] "GET /5-stylish-ideas-for-your-essay-writer-ai/feed/ HTTP/1.0" 200 1717 "-" "Mozilla/5.0 (compatible; Barkrowler/0.9; +https://babbar.tech/crawler)"
217.113.194.80 - - [15/Sep/2025:23:04:07 +0700] "GET /5-tips-for-a-productive-long-length-relationship/feed/ HTTP/1.0" 200 1741 "-" "Mozilla/5.0 (compatible; Barkrowler/0.9; +https://babbar.tech/crawler)"
45.117.177.72 - - [15/Sep/2025:23:04:18 +0700] "POST /wp-cron.php?doing_wp_cron=1757952258.1151380538940429687500 HTTP/1.0" 200 416 "-" "WordPress/6.8.1; https://vattusacky.vn"
142.44.225.213 - - [15/Sep/2025:23:04:16 +0700] "GET /category/uncategorized/page/316/ HTTP/1.0" 200 76483 "-" "Mozilla/5.0 (compatible; AhrefsBot/7.0; +http://ahrefs.com/robot/)"
217.113.194.74 - - [15/Sep/2025:23:04:27 +0700] "GET /advise-for-dating-ukrainian-women-web-based/feed/ HTTP/1.0" 200 1726 "-" "Mozilla/5.0 (compatible; Barkrowler/0.9; +https://babbar.tech/crawler)"
217.113.194.217 - - [15/Sep/2025:23:04:46 +0700] "GET /managing-expectations-in-online-interactions/feed/ HTTP/1.0" 200 1729 "-" "Mozilla/5.0 (compatible; Barkrowler/0.9; +https://babbar.tech/crawler)"
217.113.194.217 - - [15/Sep/2025:23:05:05 +0700] "GET /unpacking-over-the-counter-medications-a-detailed/feed/ HTTP/1.0" 200 1742 "-" "Mozilla/5.0 (compatible; Barkrowler/0.9; +https://babbar.tech/crawler)"
216.244.66.237 - - [15/Sep/2025:23:05:06 +0700] "GET /robots.txt HTTP/1.0" 200 984 "-" "Mozilla/5.0 (compatible; DotBot/1.2; +https://opensiteexplorer.org/dotbot; help@moz.com)"
45.117.177.72 - - [15/Sep/2025:23:05:27 +0700] "POST /wp-cron.php?doing_wp_cron=1757952326.7894849777221679687500 HTTP/1.0" 200 416 "-" "WordPress/6.8.1; https://vattusacky.vn"
217.113.194.80 - - [15/Sep/2025:23:05:25 +0700] "GET /benefits-of-using-omegle-for-global-connections/feed/ HTTP/1.0" 200 1738 "-" "Mozilla/5.0 (compatible; Barkrowler/0.9; +https://babbar.tech/crawler)"
34.227.156.153 - - [15/Sep/2025:23:05:25 +0700] "GET /san-pham/thiet-bi-lay-mau-nuoc-alpha-van-dorn-loai-doc-8-2-lit-nhan-hang-wildco/ HTTP/1.0" 200 372042 "-" "Mozilla/5.0 AppleWebKit/537.36 (KHTML, like Gecko; compatible; Amazonbot/0.1; +https://developer.amazon.com/support/amazonbot) Chrome/119.0.6045.214 Safari/537.36"
44.215.231.15 - - [15/Sep/2025:23:05:33 +0700] "GET /betwinner-3903/ HTTP/1.0" 200 78384 "-" "Mozilla/5.0 AppleWebKit/537.36 (KHTML, like Gecko; compatible; Amazonbot/0.1; +https://developer.amazon.com/support/amazonbot) Chrome/119.0.6045.214 Safari/537.36"
3.213.85.234 - - [15/Sep/2025:23:05:37 +0700] "GET /the/can-6-so-le/ HTTP/1.0" 200 67858 "-" "Mozilla/5.0 AppleWebKit/537.36 (KHTML, like Gecko; compatible; Amazonbot/0.1; +https://developer.amazon.com/support/amazonbot) Chrome/119.0.6045.214 Safari/537.36"
85.208.96.210 - - [15/Sep/2025:23:05:53 +0700] "GET /essay-writing-made-easy-learn-how-to-write-an-essay-online/ HTTP/1.0" 200 206684 "-" "Mozilla/5.0 (compatible; SemrushBot/7~bl; +http://www.semrush.com/bot.html)"
45.117.177.72 - - [15/Sep/2025:23:06:48 +0700] "POST /wp-cron.php?doing_wp_cron=1757952408.7169480323791503906250 HTTP/1.0" 200 416 "-" "WordPress/6.8.1; https://vattusacky.vn"
167.114.139.169 - - [15/Sep/2025:23:06:47 +0700] "GET /category/uncategorized/page/334/ HTTP/1.0" 200 76167 "-" "Mozilla/5.0 (compatible; AhrefsBot/7.0; +http://ahrefs.com/robot/)"
85.208.96.210 - - [15/Sep/2025:23:07:13 +0700] "GET /coping-with-parenting-challenges-through-omegle-therapy/ HTTP/1.0" 403 617 "-" "Mozilla/5.0 (compatible; SemrushBot/7~bl; +http://www.semrush.com/bot.html)"
45.117.177.72 - - [15/Sep/2025:23:09:13 +0700] "POST /wp-cron.php?doing_wp_cron=1757952553.0716290473937988281250 HTTP/1.0" 200 416 "-" "WordPress/6.8.1; https://vattusacky.vn"
54.39.136.168 - - [15/Sep/2025:23:09:11 +0700] "GET /category/uncategorized/page/132/ HTTP/1.0" 200 76433 "-" "Mozilla/5.0 (compatible; AhrefsBot/7.0; +http://ahrefs.com/robot/)"
50.6.193.138 - - [15/Sep/2025:23:09:16 +0700] "POST /xmlrpc.php HTTP/1.0" 200 954 "-" "Mozilla/5.0 (X11; Ubuntu; Linux x86_64; rv:85.0) Gecko/20100101 Firefox/91.0"
45.117.177.72 - - [15/Sep/2025:23:09:25 +0700] "POST /wp-cron.php?doing_wp_cron=1757952565.7066841125488281250000 HTTP/1.0" 200 416 "-" "WordPress/6.8.1; https://vattusacky.vn"
20.39.204.91 - - [15/Sep/2025:23:09:23 +0700] "GET /wp-content/plugins/hellopress/wp_filemanager.php HTTP/1.0" 404 70812 "-" "-"
20.39.204.91 - - [15/Sep/2025:23:09:26 +0700] "GET /abcd.php HTTP/1.0" 403 569 "-" "-"
20.39.204.91 - - [15/Sep/2025:23:09:26 +0700] "GET /nc4.php HTTP/1.0" 403 568 "-" "-"
20.39.204.91 - - [15/Sep/2025:23:09:26 +0700] "GET /we.php HTTP/1.0" 403 567 "-" "-"
20.39.204.91 - - [15/Sep/2025:23:09:26 +0700] "GET /lock360.php HTTP/1.0" 403 572 "-" "-"
20.39.204.91 - - [15/Sep/2025:23:09:26 +0700] "GET /class.php HTTP/1.0" 403 570 "-" "-"
20.39.204.91 - - [15/Sep/2025:23:09:27 +0700] "GET /ar.php HTTP/1.0" 403 567 "-" "-"
20.39.204.91 - - [15/Sep/2025:23:09:27 +0700] "GET /file.php? HTTP/1.0" 403 569 "-" "-"
20.39.204.91 - - [15/Sep/2025:23:09:27 +0700] "GET /cache.php HTTP/1.0" 403 570 "-" "-"
20.39.204.91 - - [15/Sep/2025:23:09:27 +0700] "GET /buy.php HTTP/1.0" 403 568 "-" "-"
20.39.204.91 - - [15/Sep/2025:23:09:27 +0700] "GET /lv.php HTTP/1.0" 403 567 "-" "-"
20.39.204.91 - - [15/Sep/2025:23:09:27 +0700] "GET /cong.php HTTP/1.0" 403 569 "-" "-"
20.39.204.91 - - [15/Sep/2025:23:09:27 +0700] "GET /about.php?p= HTTP/1.0" 403 570 "-" "-"
20.39.204.91 - - [15/Sep/2025:23:09:28 +0700] "GET /js.php HTTP/1.0" 403 567 "-" "-"
20.39.204.91 - - [15/Sep/2025:23:09:28 +0700] "GET /wso.php HTTP/1.0" 403 568 "-" "-"
20.39.204.91 - - [15/Sep/2025:23:09:28 +0700] "GET /goods.php HTTP/1.0" 403 570 "-" "-"
20.39.204.91 - - [15/Sep/2025:23:09:28 +0700] "GET /admin.php HTTP/1.0" 404 70812 "-" "-"
20.39.204.91 - - [15/Sep/2025:23:09:30 +0700] "GET /num.php HTTP/1.0" 403 568 "-" "-"
20.39.204.91 - - [15/Sep/2025:23:09:30 +0700] "GET /makeasmtp.php?p= HTTP/1.0" 403 574 "-" "-"
20.39.204.91 - - [15/Sep/2025:23:09:30 +0700] "GET /moon.php?p= HTTP/1.0" 403 569 "-" "-"
20.39.204.91 - - [15/Sep/2025:23:09:30 +0700] "GET /simple.php HTTP/1.0" 403 571 "-" "-"
20.39.204.91 - - [15/Sep/2025:23:09:30 +0700] "GET /atomlib.php HTTP/1.0" 403 572 "-" "-"
20.39.204.91 - - [15/Sep/2025:23:09:31 +0700] "GET /karak.php HTTP/1.0" 403 570 "-" "-"
20.39.204.91 - - [15/Sep/2025:23:09:31 +0700] "GET /classwithtostring.php HTTP/1.0" 403 582 "-" "-"
20.39.204.91 - - [15/Sep/2025:23:09:31 +0700] "GET /wp-activate.php HTTP/1.0" 302 526 "-" "-"
20.39.204.91 - - [15/Sep/2025:23:09:31 +0700] "GET /wp-login.php?action=register HTTP/1.0" 302 692 "-" "-"
20.39.204.91 - - [15/Sep/2025:23:09:33 +0700] "GET /wp-login.php?registration=disabled HTTP/1.0" 200 11447 "-" "-"
20.39.204.91 - - [15/Sep/2025:23:09:34 +0700] "GET /autoload_classmap.php?p= HTTP/1.0" 403 582 "-" "-"
20.39.204.91 - - [15/Sep/2025:23:09:34 +0700] "GET /radio.php HTTP/1.0" 403 570 "-" "-"
20.39.204.91 - - [15/Sep/2025:23:09:34 +0700] "GET /as.php HTTP/1.0" 403 567 "-" "-"
20.39.204.91 - - [15/Sep/2025:23:09:34 +0700] "GET /0.php HTTP/1.0" 403 566 "-" "-"
20.39.204.91 - - [15/Sep/2025:23:09:35 +0700] "GET /alfa.php HTTP/1.0" 403 569 "-" "-"
20.39.204.91 - - [15/Sep/2025:23:09:35 +0700] "GET /inputs.php?p= HTTP/1.0" 301 520 "-" "-"
20.39.204.91 - - [15/Sep/2025:23:09:36 +0700] "GET /inputs.php HTTP/1.0" 404 70666 "-" "-"
20.39.204.91 - - [15/Sep/2025:23:09:38 +0700] "GET /ty.php?p= HTTP/1.0" 403 567 "-" "-"
20.39.204.91 - - [15/Sep/2025:23:09:38 +0700] "GET /wp.php HTTP/1.0" 403 567 "-" "-"
20.39.204.91 - - [15/Sep/2025:23:09:38 +0700] "GET /xx.php HTTP/1.0" 403 567 "-" "-"
20.39.204.91 - - [15/Sep/2025:23:09:38 +0700] "GET /rss.php HTTP/1.0" 403 568 "-" "-"
20.39.204.91 - - [15/Sep/2025:23:09:38 +0700] "GET /mar.php HTTP/1.0" 403 568 "-" "-"
20.39.204.91 - - [15/Sep/2025:23:09:39 +0700] "GET /tinny.php?p= HTTP/1.0" 403 570 "-" "-"
20.39.204.91 - - [15/Sep/2025:23:09:39 +0700] "GET /themes.php HTTP/1.0" 404 70666 "-" "-"
20.39.204.91 - - [15/Sep/2025:23:09:40 +0700] "GET /warm.PhP7 HTTP/1.0" 404 70666 "-" "-"
20.39.204.91 - - [15/Sep/2025:23:09:42 +0700] "GET /xmrlpc.php?p= HTTP/1.0" 403 571 "-" "-"
20.39.204.91 - - [15/Sep/2025:23:09:42 +0700] "GET /jlex.php HTTP/1.0" 403 569 "-" "-"
20.39.204.91 - - [15/Sep/2025:23:09:42 +0700] "GET /00.php HTTP/1.0" 403 567 "-" "-"
20.39.204.91 - - [15/Sep/2025:23:09:42 +0700] "GET /11.php HTTP/1.0" 403 567 "-" "-"
20.39.204.91 - - [15/Sep/2025:23:09:42 +0700] "GET /byp.php HTTP/1.0" 403 568 "-" "-"
20.39.204.91 - - [15/Sep/2025:23:09:43 +0700] "GET /chosen.php?p= HTTP/1.0" 403 571 "-" "-"
20.39.204.91 - - [15/Sep/2025:23:09:43 +0700] "GET /elp.php HTTP/1.0" 403 568 "-" "-"
20.39.204.91 - - [15/Sep/2025:23:09:43 +0700] "GET /mini.php HTTP/1.0" 403 569 "-" "-"
20.39.204.91 - - [15/Sep/2025:23:09:43 +0700] "GET /lc.php HTTP/1.0" 403 567 "-" "-"
20.39.204.91 - - [15/Sep/2025:23:09:43 +0700] "GET /wp-22.php HTTP/1.0" 403 570 "-" "-"
20.39.204.91 - - [15/Sep/2025:23:09:43 +0700] "GET /mah.php HTTP/1.0" 403 568 "-" "-"
20.39.204.91 - - [15/Sep/2025:23:09:44 +0700] "GET /up.php HTTP/1.0" 403 567 "-" "-"
20.39.204.91 - - [15/Sep/2025:23:09:44 +0700] "GET /atombil.php HTTP/1.0" 403 572 "-" "-"
20.39.204.91 - - [15/Sep/2025:23:09:44 +0700] "GET /sxo.php HTTP/1.0" 403 568 "-" "-"
20.39.204.91 - - [15/Sep/2025:23:09:44 +0700] "GET /fox.php HTTP/1.0" 403 568 "-" "-"
20.39.204.91 - - [15/Sep/2025:23:09:44 +0700] "GET /g3.php HTTP/1.0" 403 567 "-" "-"
20.39.204.91 - - [15/Sep/2025:23:09:44 +0700] "GET /NewFile.php HTTP/1.0" 403 572 "-" "-"
20.39.204.91 - - [15/Sep/2025:23:09:44 +0700] "GET /akc.php HTTP/1.0" 403 568 "-" "-"
20.39.204.91 - - [15/Sep/2025:23:09:45 +0700] "GET /manager.php?p= HTTP/1.0" 403 572 "-" "-"
20.39.204.91 - - [15/Sep/2025:23:09:45 +0700] "GET /fm.php?p= HTTP/1.0" 403 567 "-" "-"
20.39.204.91 - - [15/Sep/2025:23:09:45 +0700] "GET /css.php HTTP/1.0" 403 568 "-" "-"
20.39.204.91 - - [15/Sep/2025:23:09:45 +0700] "GET /shell.php?p= HTTP/1.0" 403 570 "-" "-"
20.39.204.91 - - [15/Sep/2025:23:09:45 +0700] "GET /doc.php HTTP/1.0" 403 568 "-" "-"
20.39.204.91 - - [15/Sep/2025:23:09:45 +0700] "GET /rk2.php HTTP/1.0" 403 568 "-" "-"
20.39.204.91 - - [15/Sep/2025:23:09:45 +0700] "GET /classsmtps.php HTTP/1.0" 404 70666 "-" "-"
20.39.204.91 - - [15/Sep/2025:23:09:47 +0700] "GET /go.php HTTP/1.0" 403 567 "-" "-"
20.39.204.91 - - [15/Sep/2025:23:09:47 +0700] "GET /members.php HTTP/1.0" 403 572 "-" "-"
20.39.204.91 - - [15/Sep/2025:23:09:47 +0700] "GET /klex.php HTTP/1.0" 403 569 "-" "-"
20.39.204.91 - - [15/Sep/2025:23:09:48 +0700] "GET /v1.php HTTP/1.0" 403 567 "-" "-"
20.39.204.91 - - [15/Sep/2025:23:09:48 +0700] "GET /v2.php HTTP/1.0" 403 567 "-" "-"
20.39.204.91 - - [15/Sep/2025:23:09:48 +0700] "GET /cool.php HTTP/1.0" 403 569 "-" "-"
20.39.204.91 - - [15/Sep/2025:23:09:48 +0700] "GET /dex.php HTTP/1.0" 403 568 "-" "-"
20.39.204.91 - - [15/Sep/2025:23:09:48 +0700] "GET /angelV2.php HTTP/1.0" 403 572 "-" "-"
20.39.204.91 - - [15/Sep/2025:23:09:48 +0700] "GET /akcc.php?p= HTTP/1.0" 403 569 "-" "-"
20.39.204.91 - - [15/Sep/2025:23:09:49 +0700] "GET /406.php HTTP/1.0" 403 568 "-" "-"
20.39.204.91 - - [15/Sep/2025:23:09:49 +0700] "GET /222.php?p= HTTP/1.0" 403 568 "-" "-"
20.39.204.91 - - [15/Sep/2025:23:09:49 +0700] "GET /bolt.php HTTP/1.0" 403 569 "-" "-"
20.39.204.91 - - [15/Sep/2025:23:09:49 +0700] "GET /jjlin.php HTTP/1.0" 403 570 "-" "-"
20.39.204.91 - - [15/Sep/2025:23:09:49 +0700] "GET /tech5pr.php HTTP/1.0" 403 572 "-" "-"
20.39.204.91 - - [15/Sep/2025:23:09:49 +0700] "GET /jq.php HTTP/1.0" 403 567 "-" "-"
20.39.204.91 - - [15/Sep/2025:23:09:49 +0700] "GET /ltsxppjj.php HTTP/1.0" 403 573 "-" "-"
20.39.204.91 - - [15/Sep/2025:23:09:50 +0700] "GET /xo.php HTTP/1.0" 403 567 "-" "-"
20.39.204.91 - - [15/Sep/2025:23:09:50 +0700] "GET /asd67.php HTTP/1.0" 403 570 "-" "-"
