103.131.71.169 - - [15/Sep/2025:19:57:40 +0700] "GET /post-sitemap4.xml HTTP/1.0" 200 157863 "-" "Mozilla/5.0 (compatible; coccocbot-web/1.0; +http://help.coccoc.com/searchengine)"
217.113.194.73 - - [15/Sep/2025:19:57:44 +0700] "GET /safety-rankings-and-comparisons-for-omegle/feed/ HTTP/1.0" 200 1723 "-" "Mozilla/5.0 (compatible; Barkrowler/0.9; +https://babbar.tech/crawler)"
103.131.71.169 - - [15/Sep/2025:19:57:47 +0700] "GET /post-sitemap5.xml HTTP/1.0" 200 159938 "-" "Mozilla/5.0 (compatible; coccocbot-web/1.0; +http://help.coccoc.com/searchengine)"
103.131.71.169 - - [15/Sep/2025:19:57:54 +0700] "GET /post-sitemap6.xml HTTP/1.0" 200 42210 "-" "Mozilla/5.0 (compatible; coccocbot-web/1.0; +http://help.coccoc.com/searchengine)"
103.131.71.169 - - [15/Sep/2025:19:58:01 +0700] "GET /page-sitemap.xml HTTP/1.0" 200 1873 "-" "Mozilla/5.0 (compatible; coccocbot-web/1.0; +http://help.coccoc.com/searchengine)"
217.113.194.72 - - [15/Sep/2025:19:58:05 +0700] "GET /safety-precautions-for-ometv-video-chat/feed/ HTTP/1.0" 200 1714 "-" "Mozilla/5.0 (compatible; Barkrowler/0.9; +https://babbar.tech/crawler)"
142.44.233.115 - - [15/Sep/2025:19:58:12 +0700] "GET /category/uncategorized/page/125/ HTTP/1.0" 200 76432 "-" "Mozilla/5.0 (compatible; AhrefsBot/7.0; +http://ahrefs.com/robot/)"
103.131.71.169 - - [15/Sep/2025:19:58:08 +0700] "GET /attachment-sitemap.xml HTTP/1.0" 200 72345 "-" "Mozilla/5.0 (compatible; coccocbot-web/1.0; +http://help.coccoc.com/searchengine)"
103.131.71.169 - - [15/Sep/2025:19:58:15 +0700] "GET /product-sitemap.xml HTTP/1.0" 200 51048 "-" "Mozilla/5.0 (compatible; coccocbot-web/1.0; +http://help.coccoc.com/searchengine)"
45.117.177.72 - - [15/Sep/2025:19:58:24 +0700] "POST /wp-cron.php?doing_wp_cron=1757941103.9644138813018798828125 HTTP/1.0" 200 416 "-" "WordPress/6.8.1; https://vattusacky.vn"
103.131.71.169 - - [15/Sep/2025:19:58:22 +0700] "GET /category-sitemap.xml HTTP/1.0" 200 24564 "-" "Mozilla/5.0 (compatible; coccocbot-web/1.0; +http://help.coccoc.com/searchengine)"
217.113.194.79 - - [15/Sep/2025:19:58:26 +0700] "GET /omegles-role-in-teenage-socialization/ HTTP/1.0" 200 90182 "-" "Mozilla/5.0 (compatible; Barkrowler/0.9; +https://babbar.tech/crawler)"
103.131.71.167 - - [15/Sep/2025:19:58:29 +0700] "GET /post_tag-sitemap.xml HTTP/1.0" 200 12903 "-" "Mozilla/5.0 (compatible; coccocbot-web/1.0; +http://help.coccoc.com/searchengine)"
103.131.71.167 - - [15/Sep/2025:19:58:36 +0700] "GET /product_cat-sitemap.xml HTTP/1.0" 200 8595 "-" "Mozilla/5.0 (compatible; coccocbot-web/1.0; +http://help.coccoc.com/searchengine)"
103.131.71.167 - - [15/Sep/2025:19:58:43 +0700] "GET /product_tag-sitemap.xml HTTP/1.0" 200 28520 "-" "Mozilla/5.0 (compatible; coccocbot-web/1.0; +http://help.coccoc.com/searchengine)"
217.113.194.79 - - [15/Sep/2025:19:58:47 +0700] "GET /omegles-role-in-building-support-networks/feed/ HTTP/1.0" 200 1720 "-" "Mozilla/5.0 (compatible; Barkrowler/0.9; +https://babbar.tech/crawler)"
217.113.194.81 - - [15/Sep/2025:19:59:07 +0700] "GET /omegles-mobile-app-chatting-on-the-go/ HTTP/1.0" 200 86100 "-" "Mozilla/5.0 (compatible; Barkrowler/0.9; +https://babbar.tech/crawler)"
45.117.177.72 - - [15/Sep/2025:19:59:35 +0700] "POST /wp-cron.php?doing_wp_cron=1757941175.5304629802703857421875 HTTP/1.0" 200 416 "-" "WordPress/6.8.1; https://vattusacky.vn"
217.113.194.79 - - [15/Sep/2025:19:59:34 +0700] "GET /omegle-and-privacy-understanding-data-security/ HTTP/1.0" 200 89783 "-" "Mozilla/5.0 (compatible; Barkrowler/0.9; +https://babbar.tech/crawler)"
4.217.254.113 - - [15/Sep/2025:19:59:36 +0700] "GET /wp-content/plugins/hellopress/wp_filemanager.php HTTP/1.0" 404 70812 "-" "-"
4.217.254.113 - - [15/Sep/2025:19:59:38 +0700] "GET /error.php HTTP/1.0" 403 570 "-" "-"
4.217.254.113 - - [15/Sep/2025:19:59:38 +0700] "GET /cabs.php HTTP/1.0" 403 569 "-" "-"
4.217.254.113 - - [15/Sep/2025:19:59:38 +0700] "GET /get.php HTTP/1.0" 403 568 "-" "-"
4.217.254.113 - - [15/Sep/2025:19:59:38 +0700] "GET /huangs.php HTTP/1.0" 403 571 "-" "-"
4.217.254.113 - - [15/Sep/2025:19:59:38 +0700] "GET /vee.php HTTP/1.0" 403 568 "-" "-"
4.217.254.113 - - [15/Sep/2025:19:59:38 +0700] "GET /law.php HTTP/1.0" 403 568 "-" "-"
4.217.254.113 - - [15/Sep/2025:19:59:38 +0700] "GET /gelap.php HTTP/1.0" 403 570 "-" "-"
4.217.254.113 - - [15/Sep/2025:19:59:39 +0700] "GET /class19.php HTTP/1.0" 403 572 "-" "-"
4.217.254.113 - - [15/Sep/2025:19:59:39 +0700] "GET /tyasd.php HTTP/1.0" 403 570 "-" "-"
4.217.254.113 - - [15/Sep/2025:19:59:39 +0700] "GET /ff2.php HTTP/1.0" 403 568 "-" "-"
4.217.254.113 - - [15/Sep/2025:19:59:39 +0700] "GET /aa2.php HTTP/1.0" 403 568 "-" "-"
4.217.254.113 - - [15/Sep/2025:19:59:39 +0700] "GET /samll.php HTTP/1.0" 403 570 "-" "-"
4.217.254.113 - - [15/Sep/2025:19:59:39 +0700] "GET /resp.php HTTP/1.0" 403 569 "-" "-"
4.217.254.113 - - [15/Sep/2025:19:59:39 +0700] "GET /ipil.php HTTP/1.0" 403 569 "-" "-"
4.217.254.113 - - [15/Sep/2025:19:59:40 +0700] "GET /vanta.php HTTP/1.0" 403 570 "-" "-"
4.217.254.113 - - [15/Sep/2025:19:59:40 +0700] "GET /racs3.php HTTP/1.0" 403 570 "-" "-"
4.217.254.113 - - [15/Sep/2025:19:59:40 +0700] "GET /2clas.php HTTP/1.0" 403 570 "-" "-"
4.217.254.113 - - [15/Sep/2025:19:59:40 +0700] "GET /bp.php HTTP/1.0" 403 567 "-" "-"
4.217.254.113 - - [15/Sep/2025:19:59:40 +0700] "GET /tox.php HTTP/1.0" 403 568 "-" "-"
4.217.254.113 - - [15/Sep/2025:19:59:40 +0700] "GET /bless5.php HTTP/1.0" 403 571 "-" "-"
4.217.254.113 - - [15/Sep/2025:19:59:41 +0700] "GET /blex.php HTTP/1.0" 403 569 "-" "-"
4.217.254.113 - - [15/Sep/2025:19:59:41 +0700] "GET /ssss.php HTTP/1.0" 403 569 "-" "-"
4.217.254.113 - - [15/Sep/2025:19:59:41 +0700] "GET /akses.php HTTP/1.0" 403 570 "-" "-"
4.217.254.113 - - [15/Sep/2025:19:59:41 +0700] "GET /fass.php HTTP/1.0" 403 569 "-" "-"
4.217.254.113 - - [15/Sep/2025:19:59:41 +0700] "GET /0x0x.php HTTP/1.0" 403 569 "-" "-"
4.217.254.113 - - [15/Sep/2025:19:59:41 +0700] "GET /xrp.php HTTP/1.0" 403 568 "-" "-"
4.217.254.113 - - [15/Sep/2025:19:59:41 +0700] "GET /file15.php HTTP/1.0" 403 571 "-" "-"
4.217.254.113 - - [15/Sep/2025:19:59:42 +0700] "GET /333.php HTTP/1.0" 403 568 "-" "-"
4.217.254.113 - - [15/Sep/2025:19:59:42 +0700] "GET /zeal.php HTTP/1.0" 403 569 "-" "-"
4.217.254.113 - - [15/Sep/2025:19:59:42 +0700] "GET /file.php HTTP/1.0" 403 569 "-" "-"
4.217.254.113 - - [15/Sep/2025:19:59:42 +0700] "GET /file1.php HTTP/1.0" 403 570 "-" "-"
4.217.254.113 - - [15/Sep/2025:19:59:42 +0700] "GET /file2.php HTTP/1.0" 403 570 "-" "-"
4.217.254.113 - - [15/Sep/2025:19:59:42 +0700] "GET /file5.php HTTP/1.0" 403 570 "-" "-"
4.217.254.113 - - [15/Sep/2025:19:59:43 +0700] "GET /file17.php HTTP/1.0" 403 571 "-" "-"
4.217.254.113 - - [15/Sep/2025:19:59:43 +0700] "GET /file32.php HTTP/1.0" 403 571 "-" "-"
4.217.254.113 - - [15/Sep/2025:19:59:43 +0700] "GET /filesss.php HTTP/1.0" 403 572 "-" "-"
4.217.254.113 - - [15/Sep/2025:19:59:43 +0700] "GET /file9.php HTTP/1.0" 403 570 "-" "-"
4.217.254.113 - - [15/Sep/2025:19:59:43 +0700] "GET /file13.php HTTP/1.0" 403 571 "-" "-"
4.217.254.113 - - [15/Sep/2025:19:59:43 +0700] "GET /file3.php HTTP/1.0" 403 570 "-" "-"
4.217.254.113 - - [15/Sep/2025:19:59:43 +0700] "GET /atomlib.php HTTP/1.0" 403 572 "-" "-"
4.217.254.113 - - [15/Sep/2025:19:59:44 +0700] "GET /manager.php HTTP/1.0" 403 572 "-" "-"
4.217.254.113 - - [15/Sep/2025:19:59:44 +0700] "GET /abcd.php HTTP/1.0" 403 569 "-" "-"
4.217.254.113 - - [15/Sep/2025:19:59:44 +0700] "GET /efile.php HTTP/1.0" 403 570 "-" "-"
4.217.254.113 - - [15/Sep/2025:19:59:44 +0700] "GET /file18.php HTTP/1.0" 403 571 "-" "-"
4.217.254.113 - - [15/Sep/2025:19:59:44 +0700] "GET /520.php HTTP/1.0" 403 568 "-" "-"
4.217.254.113 - - [15/Sep/2025:19:59:44 +0700] "GET /031.php HTTP/1.0" 403 568 "-" "-"
4.217.254.113 - - [15/Sep/2025:19:59:45 +0700] "GET /file7.php HTTP/1.0" 403 570 "-" "-"
4.217.254.113 - - [15/Sep/2025:19:59:45 +0700] "GET /file4.php HTTP/1.0" 403 570 "-" "-"
4.217.254.113 - - [15/Sep/2025:19:59:45 +0700] "GET /wp-freya.php HTTP/1.0" 403 573 "-" "-"
4.217.254.113 - - [15/Sep/2025:19:59:45 +0700] "GET /keu.php HTTP/1.0" 403 568 "-" "-"
4.217.254.113 - - [15/Sep/2025:19:59:45 +0700] "GET /file88.php HTTP/1.0" 403 571 "-" "-"
4.217.254.113 - - [15/Sep/2025:19:59:45 +0700] "GET /lock360.php HTTP/1.0" 403 572 "-" "-"
4.217.254.113 - - [15/Sep/2025:19:59:45 +0700] "GET /jmfi2.php HTTP/1.0" 403 570 "-" "-"
4.217.254.113 - - [15/Sep/2025:19:59:46 +0700] "GET /class.1.php HTTP/1.0" 403 572 "-" "-"
4.217.254.113 - - [15/Sep/2025:19:59:46 +0700] "GET /an.php HTTP/1.0" 403 567 "-" "-"
4.217.254.113 - - [15/Sep/2025:19:59:46 +0700] "GET /fs.php HTTP/1.0" 403 567 "-" "-"
4.217.254.113 - - [15/Sep/2025:19:59:46 +0700] "GET /CLA.php HTTP/1.0" 403 568 "-" "-"
4.217.254.113 - - [15/Sep/2025:19:59:46 +0700] "GET /gfile.php HTTP/1.0" 403 570 "-" "-"
4.217.254.113 - - [15/Sep/2025:19:59:46 +0700] "GET /file6.php HTTP/1.0" 403 570 "-" "-"
4.217.254.113 - - [15/Sep/2025:19:59:46 +0700] "GET /eauu.php HTTP/1.0" 403 569 "-" "-"
4.217.254.113 - - [15/Sep/2025:19:59:47 +0700] "GET /we.php HTTP/1.0" 403 567 "-" "-"
4.217.254.113 - - [15/Sep/2025:19:59:47 +0700] "GET /fe5.php HTTP/1.0" 403 568 "-" "-"
4.217.254.113 - - [15/Sep/2025:19:59:47 +0700] "GET /cccc.php HTTP/1.0" 403 569 "-" "-"
4.217.254.113 - - [15/Sep/2025:19:59:47 +0700] "GET /gmo.php HTTP/1.0" 403 568 "-" "-"
4.217.254.113 - - [15/Sep/2025:19:59:47 +0700] "GET /shell1.php HTTP/1.0" 403 571 "-" "-"
4.217.254.113 - - [15/Sep/2025:19:59:47 +0700] "GET /gm.php HTTP/1.0" 403 567 "-" "-"
4.217.254.113 - - [15/Sep/2025:19:59:47 +0700] "GET /lala.php HTTP/1.0" 403 569 "-" "-"
4.217.254.113 - - [15/Sep/2025:19:59:48 +0700] "GET /hexx.php HTTP/1.0" 403 569 "-" "-"
4.217.254.113 - - [15/Sep/2025:19:59:48 +0700] "GET /444.php HTTP/1.0" 403 568 "-" "-"
4.217.254.113 - - [15/Sep/2025:19:59:48 +0700] "GET /a2.php HTTP/1.0" 403 567 "-" "-"
4.217.254.113 - - [15/Sep/2025:19:59:48 +0700] "GET /cfile.php HTTP/1.0" 403 570 "-" "-"
4.217.254.113 - - [15/Sep/2025:19:59:48 +0700] "GET /lv.php HTTP/1.0" 403 567 "-" "-"
4.217.254.113 - - [15/Sep/2025:19:59:48 +0700] "GET /goat.php HTTP/1.0" 403 569 "-" "-"
4.217.254.113 - - [15/Sep/2025:19:59:48 +0700] "GET /222.php HTTP/1.0" 403 568 "-" "-"
4.217.254.113 - - [15/Sep/2025:19:59:49 +0700] "GET /aa.php HTTP/1.0" 403 567 "-" "-"
4.217.254.113 - - [15/Sep/2025:19:59:49 +0700] "GET /vast.php HTTP/1.0" 403 569 "-" "-"
4.217.254.113 - - [15/Sep/2025:19:59:49 +0700] "GET /cool.php HTTP/1.0" 403 569 "-" "-"
4.217.254.113 - - [15/Sep/2025:19:59:49 +0700] "GET /yanki.php HTTP/1.0" 403 570 "-" "-"
4.217.254.113 - - [15/Sep/2025:19:59:49 +0700] "GET /bolt.php HTTP/1.0" 403 569 "-" "-"
4.217.254.113 - - [15/Sep/2025:19:59:49 +0700] "GET /nfile.php HTTP/1.0" 403 570 "-" "-"
4.217.254.113 - - [15/Sep/2025:19:59:49 +0700] "GET /ilex.php HTTP/1.0" 403 569 "-" "-"
4.217.254.113 - - [15/Sep/2025:19:59:50 +0700] "GET /des.php HTTP/1.0" 403 568 "-" "-"
4.217.254.113 - - [15/Sep/2025:19:59:50 +0700] "GET /ext.php HTTP/1.0" 403 568 "-" "-"
4.217.254.113 - - [15/Sep/2025:19:59:50 +0700] "GET /axx.php HTTP/1.0" 403 568 "-" "-"
4.217.254.113 - - [15/Sep/2025:19:59:50 +0700] "GET /wp-update.php HTTP/1.0" 403 574 "-" "-"
4.217.254.113 - - [15/Sep/2025:19:59:50 +0700] "GET /yasnu.php HTTP/1.0" 403 570 "-" "-"
4.217.254.113 - - [15/Sep/2025:19:59:50 +0700] "GET /new4.php HTTP/1.0" 403 569 "-" "-"
4.217.254.113 - - [15/Sep/2025:19:59:51 +0700] "GET /ava.php HTTP/1.0" 403 568 "-" "-"
4.217.254.113 - - [15/Sep/2025:19:59:51 +0700] "GET /ioxi2.php HTTP/1.0" 403 570 "-" "-"
4.217.254.113 - - [15/Sep/2025:19:59:51 +0700] "GET /gfile1.php HTTP/1.0" 403 571 "-" "-"
4.217.254.113 - - [15/Sep/2025:19:59:51 +0700] "GET /ffile.php HTTP/1.0" 403 570 "-" "-"
4.217.254.113 - - [15/Sep/2025:19:59:51 +0700] "GET /rsnu.php HTTP/1.0" 403 569 "-" "-"
4.217.254.113 - - [15/Sep/2025:19:59:51 +0700] "GET /CLA.php HTTP/1.0" 403 568 "-" "-"
4.217.254.113 - - [15/Sep/2025:19:59:52 +0700] "GET /default.php HTTP/1.0" 403 1984 "-" "-"
4.217.254.113 - - [15/Sep/2025:19:59:52 +0700] "GET /dfre.php HTTP/1.0" 403 569 "-" "-"
4.217.254.113 - - [15/Sep/2025:19:59:52 +0700] "GET /pp.php HTTP/1.0" 403 567 "-" "-"
4.217.254.113 - - [15/Sep/2025:19:59:52 +0700] "GET /13.php HTTP/1.0" 403 567 "-" "-"
4.217.254.113 - - [15/Sep/2025:19:59:52 +0700] "GET /usep.php HTTP/1.0" 403 569 "-" "-"
4.217.254.113 - - [15/Sep/2025:19:59:52 +0700] "GET /3.php HTTP/1.0" 403 566 "-" "-"
142.44.228.37 - - [15/Sep/2025:19:59:54 +0700] "GET /sustanon-250-steroid-tutto-cio-che-devi-sapere-10/ HTTP/1.0" 200 70225 "-" "Mozilla/5.0 (compatible; AhrefsBot/7.0; +http://ahrefs.com/robot/)"
217.113.194.79 - - [15/Sep/2025:20:00:01 +0700] "GET /omegle-and-the-impact-on-online-communities/ HTTP/1.0" 200 90258 "-" "Mozilla/5.0 (compatible; Barkrowler/0.9; +https://babbar.tech/crawler)"
45.117.177.72 - - [15/Sep/2025:20:00:23 +0700] "POST /wp-cron.php?doing_wp_cron=1757941223.3054070472717285156250 HTTP/1.0" 200 416 "-" "WordPress/6.8.1; https://vattusacky.vn"
217.113.194.77 - - [15/Sep/2025:20:00:22 +0700] "GET /omegle-and-the-future-of-virtual-connections/ HTTP/1.0" 200 92151 "-" "Mozilla/5.0 (compatible; Barkrowler/0.9; +https://babbar.tech/crawler)"
3.210.223.61 - - [15/Sep/2025:20:00:38 +0700] "GET /danh-muc/moi-truong-khi/thiet-bi-lay-mau-khi-thai-isokinetic-non-isokinetic/ HTTP/1.0" 200 85208 "-" "Mozilla/5.0 AppleWebKit/537.36 (KHTML, like Gecko; compatible; Amazonbot/0.1; +https://developer.amazon.com/support/amazonbot) Chrome/119.0.6045.214 Safari/537.36"
3.94.156.104 - - [15/Sep/2025:20:00:41 +0700] "GET /wp-content/uploads/2018/08/HV500R_en.pdf HTTP/1.0" 200 422 "-" "Mozilla/5.0 AppleWebKit/537.36 (KHTML, like Gecko; compatible; Amazonbot/0.1; +https://developer.amazon.com/support/amazonbot) Chrome/119.0.6045.214 Safari/537.36"
217.113.194.80 - - [15/Sep/2025:20:00:45 +0700] "GET /omegle-and-the-evolution-of-online-communication/ HTTP/1.0" 200 91743 "-" "Mozilla/5.0 (compatible; Barkrowler/0.9; +https://babbar.tech/crawler)"
34.196.237.236 - - [15/Sep/2025:20:00:47 +0700] "GET /category/slide1/page/2/ HTTP/1.0" 200 65533 "-" "Mozilla/5.0 AppleWebKit/537.36 (KHTML, like Gecko; compatible; Amazonbot/0.1; +https://developer.amazon.com/support/amazonbot) Chrome/119.0.6045.214 Safari/537.36"
3.93.253.174 - - [15/Sep/2025:20:00:50 +0700] "GET /the/tram-lay-mau-bui-hiq/page/2/ HTTP/1.0" 200 92833 "-" "Mozilla/5.0 AppleWebKit/537.36 (KHTML, like Gecko; compatible; Amazonbot/0.1; +https://developer.amazon.com/support/amazonbot) Chrome/119.0.6045.214 Safari/537.36"
45.117.177.72 - - [15/Sep/2025:20:01:08 +0700] "POST /wp-cron.php?doing_wp_cron=1757941268.1774370670318603515625 HTTP/1.0" 200 416 "-" "WordPress/6.8.1; https://vattusacky.vn"
217.113.194.81 - - [15/Sep/2025:20:01:06 +0700] "GET /omegle-for-artists-and-creative-expression/feed/ HTTP/1.0" 200 1723 "-" "Mozilla/5.0 (compatible; Barkrowler/0.9; +https://babbar.tech/crawler)"
45.117.177.72 - - [15/Sep/2025:20:01:25 +0700] "POST /wp-cron.php?doing_wp_cron=1757941285.0045599937438964843750 HTTP/1.0" 200 416 "-" "WordPress/6.8.1; https://vattusacky.vn"
15.235.96.222 - - [15/Sep/2025:20:01:23 +0700] "GET /what-are-the-best-dating-websites-and-apps/ HTTP/1.0" 200 208883 "-" "Mozilla/5.0 (compatible; AhrefsBot/7.0; +http://ahrefs.com/robot/)"
217.113.194.81 - - [15/Sep/2025:20:01:26 +0700] "GET /omegle-for-business-opportunities-and-risks/feed/ HTTP/1.0" 200 1726 "-" "Mozilla/5.0 (compatible; Barkrowler/0.9; +https://babbar.tech/crawler)"
217.113.194.74 - - [15/Sep/2025:20:01:46 +0700] "GET /omegles-relevance-in-the-age-of-social-media/ HTTP/1.0" 200 90394 "-" "Mozilla/5.0 (compatible; Barkrowler/0.9; +https://babbar.tech/crawler)"
217.113.194.217 - - [15/Sep/2025:20:02:09 +0700] "GET /omegle-video-chat-on-mobile-devices/feed/ HTTP/1.0" 200 1702 "-" "Mozilla/5.0 (compatible; Barkrowler/0.9; +https://babbar.tech/crawler)"
45.117.177.72 - - [15/Sep/2025:20:02:30 +0700] "POST /wp-cron.php?doing_wp_cron=1757941349.9896669387817382812500 HTTP/1.0" 200 416 "-" "WordPress/6.8.1; https://vattusacky.vn"
154.54.249.200 - - [15/Sep/2025:20:02:28 +0700] "GET /omegles-impact-on-intercultural-communication/ HTTP/1.0" 200 83192 "-" "Mozilla/5.0 (compatible; Barkrowler/0.9; +https://babbar.tech/crawler)"
15.235.27.237 - - [15/Sep/2025:20:02:39 +0700] "GET /san-pham/thiet-bi-lay-mau-nuoc-alpha-van-dorn-loai-doc-2-2-lit-nhan-hang-wildco-2/ HTTP/1.0" 200 372019 "-" "Mozilla/5.0 (compatible; AhrefsBot/7.0; +http://ahrefs.com/robot/)"
185.191.171.2 - - [15/Sep/2025:20:02:51 +0700] "GET /the/thiet-bi-lay-mau-bui-isokinetic/ HTTP/1.0" 200 79085 "-" "Mozilla/5.0 (compatible; SemrushBot/7~bl; +http://www.semrush.com/bot.html)"
217.113.194.81 - - [15/Sep/2025:20:02:52 +0700] "GET /omegles-impact-on-the-dating-scene/feed/ HTTP/1.0" 200 1699 "-" "Mozilla/5.0 (compatible; Barkrowler/0.9; +https://babbar.tech/crawler)"
185.191.171.19 - - [15/Sep/2025:20:03:08 +0700] "GET /san-pham/may-quang-pho-phan-tich-nuoc-hs-3300/ HTTP/1.0" 200 119512 "-" "Mozilla/5.0 (compatible; SemrushBot/7~bl; +http://www.semrush.com/bot.html)"
217.113.194.79 - - [15/Sep/2025:20:03:12 +0700] "GET /producing-a-sample-profile-for-online-dating-site/ HTTP/1.0" 200 206530 "-" "Mozilla/5.0 (compatible; Barkrowler/0.9; +https://babbar.tech/crawler)"
45.117.177.72 - - [15/Sep/2025:20:03:40 +0700] "POST /wp-cron.php?doing_wp_cron=1757941420.3196649551391601562500 HTTP/1.0" 200 416 "-" "WordPress/6.8.1; https://vattusacky.vn"
217.113.194.218 - - [15/Sep/2025:20:03:38 +0700] "GET /online-dating-services-questions-to-request-a-guy/ HTTP/1.0" 200 208632 "-" "Mozilla/5.0 (compatible; Barkrowler/0.9; +https://babbar.tech/crawler)"
15.235.98.112 - - [15/Sep/2025:20:04:03 +0700] "GET /san-pham/thiet-bi-lay-mau-nuoc-alpha-van-dorn-loai-doc-2-2-lit-nhan-hang-wildco-3/ HTTP/1.0" 200 369662 "-" "Mozilla/5.0 (compatible; AhrefsBot/7.0; +http://ahrefs.com/robot/)"
45.117.177.72 - - [15/Sep/2025:20:04:08 +0700] "POST /wp-cron.php?doing_wp_cron=1757941448.1468429565429687500000 HTTP/1.0" 200 416 "-" "WordPress/6.8.1; https://vattusacky.vn"
217.113.194.79 - - [15/Sep/2025:20:04:06 +0700] "GET /encryption-and-security-features-on-ometv/ HTTP/1.0" 200 90342 "-" "Mozilla/5.0 (compatible; Barkrowler/0.9; +https://babbar.tech/crawler)"
45.117.177.72 - - [15/Sep/2025:20:04:31 +0700] "POST /wp-cron.php?doing_wp_cron=1757941471.3739719390869140625000 HTTP/1.0" 200 416 "-" "WordPress/6.8.1; https://vattusacky.vn"
217.113.194.72 - - [15/Sep/2025:20:04:29 +0700] "GET /encryption-and-security-features-on-omegle/ HTTP/1.0" 200 91418 "-" "Mozilla/5.0 (compatible; Barkrowler/0.9; +https://babbar.tech/crawler)"
217.113.194.217 - - [15/Sep/2025:20:04:54 +0700] "GET /unexpected-friendships-on-omegle/feed/ HTTP/1.0" 200 1693 "-" "Mozilla/5.0 (compatible; Barkrowler/0.9; +https://babbar.tech/crawler)"
217.113.194.78 - - [15/Sep/2025:20:05:13 +0700] "GET /unexpected-conversations-on-omegle/feed/ HTTP/1.0" 200 1699 "-" "Mozilla/5.0 (compatible; Barkrowler/0.9; +https://babbar.tech/crawler)"
45.117.177.72 - - [15/Sep/2025:20:05:35 +0700] "POST /wp-cron.php?doing_wp_cron=1757941534.7818191051483154296875 HTTP/1.0" 200 416 "-" "WordPress/6.8.1; https://vattusacky.vn"
217.113.194.73 - - [15/Sep/2025:20:05:33 +0700] "GET /female-handled-note-during-primary-date/feed/ HTTP/1.0" 200 1714 "-" "Mozilla/5.0 (compatible; Barkrowler/0.9; +https://babbar.tech/crawler)"
51.222.95.13 - - [15/Sep/2025:20:05:41 +0700] "GET /category/uncategorized/page/116/ HTTP/1.0" 200 76463 "-" "Mozilla/5.0 (compatible; AhrefsBot/7.0; +http://ahrefs.com/robot/)"
217.113.194.78 - - [15/Sep/2025:20:05:52 +0700] "GET /testosterone-enanthate-buy-canada/feed/ HTTP/1.0" 200 1696 "-" "Mozilla/5.0 (compatible; Barkrowler/0.9; +https://babbar.tech/crawler)"
217.113.194.81 - - [15/Sep/2025:20:06:11 +0700] "GET /kaufen-mobic-preis-ohne-rezept/feed/ HTTP/1.0" 200 1687 "-" "Mozilla/5.0 (compatible; Barkrowler/0.9; +https://babbar.tech/crawler)"
45.117.177.72 - - [15/Sep/2025:20:06:27 +0700] "POST /wp-cron.php?doing_wp_cron=1757941587.1168529987335205078125 HTTP/1.0" 200 416 "-" "WordPress/6.8.1; https://vattusacky.vn"
216.244.66.237 - - [15/Sep/2025:20:06:25 +0700] "GET /robots.txt HTTP/1.0" 200 984 "-" "Mozilla/5.0 (compatible; DotBot/1.2; +https://opensiteexplorer.org/dotbot; help@moz.com)"
154.54.249.200 - - [15/Sep/2025:20:06:33 +0700] "GET /creating-an-effective-online-dating-services-profile/feed/ HTTP/1.0" 200 1753 "-" "Mozilla/5.0 (compatible; Barkrowler/0.9; +https://babbar.tech/crawler)"
217.113.194.74 - - [15/Sep/2025:20:06:51 +0700] "GET /the-business-of-safe-betting-sites-malaysia/ HTTP/1.0" 200 91564 "-" "Mozilla/5.0 (compatible; Barkrowler/0.9; +https://babbar.tech/crawler)"
54.39.210.171 - - [15/Sep/2025:20:07:02 +0700] "GET /dianabol-ds-price-in-uae/steroids3-jpg-2/ HTTP/1.0" 200 64394 "-" "Mozilla/5.0 (compatible; AhrefsBot/7.0; +http://ahrefs.com/robot/)"
217.113.194.77 - - [15/Sep/2025:20:07:14 +0700] "GET /the-business-of-safe-betting-sites-malaysia/feed/ HTTP/1.0" 200 1726 "-" "Mozilla/5.0 (compatible; Barkrowler/0.9; +https://babbar.tech/crawler)"
45.117.177.72 - - [15/Sep/2025:20:07:38 +0700] "POST /wp-cron.php?doing_wp_cron=1757941658.7610049247741699218750 HTTP/1.0" 200 416 "-" "WordPress/6.8.1; https://vattusacky.vn"
217.113.194.74 - - [15/Sep/2025:20:07:37 +0700] "GET /tadalafil-and-sertraline-together/ HTTP/1.0" 200 105341 "-" "Mozilla/5.0 (compatible; Barkrowler/0.9; +https://babbar.tech/crawler)"
51.68.111.241 - - [15/Sep/2025:20:07:57 +0700] "GET /robots.txt HTTP/1.0" 200 984 "-" "Mozilla/5.0 (compatible; MJ12bot/v2.0.4; http://mj12bot.com/)"
51.68.111.241 - - [15/Sep/2025:20:07:58 +0700] "GET / HTTP/1.0" 200 60070 "-" "Mozilla/5.0 (compatible; MJ12bot/v2.0.4; http://mj12bot.com/)"
116.193.190.94 - - [15/Sep/2025:20:08:02 +0700] "POST /xmlrpc.php HTTP/1.0" 200 954 "-" "Mozilla/5.0 (X11; Ubuntu; Linux x86_64; rv:85.0) Gecko/20100101 Firefox/91.0"
217.113.194.79 - - [15/Sep/2025:20:08:04 +0700] "GET /the-spectacle-of-friendship-in-omelove/feed/ HTTP/1.0" 200 1711 "-" "Mozilla/5.0 (compatible; Barkrowler/0.9; +https://babbar.tech/crawler)"
45.117.177.72 - - [15/Sep/2025:20:08:26 +0700] "POST /wp-cron.php?doing_wp_cron=1757941705.7372300624847412109375 HTTP/1.0" 200 416 "-" "WordPress/6.8.1; https://vattusacky.vn"
217.113.194.218 - - [15/Sep/2025:20:08:24 +0700] "GET /ometv-connecting-people-with-authenticity/ HTTP/1.0" 200 88942 "-" "Mozilla/5.0 (compatible; Barkrowler/0.9; +https://babbar.tech/crawler)"
142.44.225.116 - - [15/Sep/2025:20:08:31 +0700] "GET /danh-muc/co-ba%CC%89n-thi-nghie%CC%A3m/lo-nung/ HTTP/1.0" 200 74157 "-" "Mozilla/5.0 (compatible; AhrefsBot/7.0; +http://ahrefs.com/robot/)"
45.117.177.72 - - [15/Sep/2025:20:08:44 +0700] "POST /wp-cron.php?doing_wp_cron=1757941724.4420909881591796875000 HTTP/1.0" 200 416 "-" "WordPress/6.8.1; https://vattusacky.vn"
185.191.171.8 - - [15/Sep/2025:20:08:43 +0700] "GET /the/epa5/ HTTP/1.0" 200 78423 "-" "Mozilla/5.0 (compatible; SemrushBot/7~bl; +http://www.semrush.com/bot.html)"
217.113.194.217 - - [15/Sep/2025:20:08:48 +0700] "GET /cyberbullying-and-harassment-on-omegle/feed/ HTTP/1.0" 200 1711 "-" "Mozilla/5.0 (compatible; Barkrowler/0.9; +https://babbar.tech/crawler)"
45.117.177.72 - - [15/Sep/2025:20:09:08 +0700] "POST /wp-cron.php?doing_wp_cron=1757941748.4207949638366699218750 HTTP/1.0" 200 416 "-" "WordPress/6.8.1; https://vattusacky.vn"
217.113.194.78 - - [15/Sep/2025:20:09:07 +0700] "GET /cyberbullying-and-harassment-on-ometv/ HTTP/1.0" 200 91203 "-" "Mozilla/5.0 (compatible; Barkrowler/0.9; +https://babbar.tech/crawler)"
185.191.171.2 - - [15/Sep/2025:20:09:13 +0700] "GET /sortie-du-troisieme-kit-pour-lac-milan-23-24/ HTTP/1.0" 200 72150 "-" "Mozilla/5.0 (compatible; SemrushBot/7~bl; +http://www.semrush.com/bot.html)"
45.117.177.72 - - [15/Sep/2025:20:09:32 +0700] "POST /wp-cron.php?doing_wp_cron=1757941772.0768809318542480468750 HTTP/1.0" 200 416 "-" "WordPress/6.8.1; https://vattusacky.vn"
217.113.194.73 - - [15/Sep/2025:20:09:30 +0700] "GET /what-is-e-unsecured-personal-technology/ HTTP/1.0" 200 205662 "-" "Mozilla/5.0 (compatible; Barkrowler/0.9; +https://babbar.tech/crawler)"
51.222.95.192 - - [15/Sep/2025:20:09:59 +0700] "GET /true-mail-buy-brides-discover-stunning-mail-order-sweetheart-online/ HTTP/1.0" 200 211457 "-" "Mozilla/5.0 (compatible; AhrefsBot/7.0; +http://ahrefs.com/robot/)"
217.113.194.79 - - [15/Sep/2025:20:10:05 +0700] "GET /what-is-cybertherapy-and-how-does-it-work/feed/ HTTP/1.0" 200 1720 "-" "Mozilla/5.0 (compatible; Barkrowler/0.9; +https://babbar.tech/crawler)"
45.117.177.72 - - [15/Sep/2025:20:10:28 +0700] "POST /wp-cron.php?doing_wp_cron=1757941828.7702140808105468750000 HTTP/1.0" 200 416 "-" "WordPress/6.8.1; https://vattusacky.vn"
217.113.194.217 - - [15/Sep/2025:20:10:27 +0700] "GET /free-slot-machine-at-the-casino-games-for-fun/ HTTP/1.0" 200 73572 "-" "Mozilla/5.0 (compatible; Barkrowler/0.9; +https://babbar.tech/crawler)"
154.54.249.200 - - [15/Sep/2025:20:10:49 +0700] "GET /sharing-experiences-and-stories-on-omegle/feed/ HTTP/1.0" 200 1720 "-" "Mozilla/5.0 (compatible; Barkrowler/0.9; +https://babbar.tech/crawler)"
217.113.194.217 - - [15/Sep/2025:20:11:08 +0700] "GET /virtual-cultural-exchange-on-omegle/feed/ HTTP/1.0" 200 1702 "-" "Mozilla/5.0 (compatible; Barkrowler/0.9; +https://babbar.tech/crawler)"
51.161.37.219 - - [15/Sep/2025:20:11:14 +0700] "GET /dianabol-ds-price-in-uae/steroids1-jpg-2/ HTTP/1.0" 200 64273 "-" "Mozilla/5.0 (compatible; AhrefsBot/7.0; +http://ahrefs.com/robot/)"
45.117.177.72 - - [15/Sep/2025:20:11:27 +0700] "POST /wp-cron.php?doing_wp_cron=1757941887.0607900619506835937500 HTTP/1.0" 200 416 "-" "WordPress/6.8.1; https://vattusacky.vn"
185.191.171.4 - - [15/Sep/2025:20:11:25 +0700] "GET /aion-wallet-secure-your-aion-aion-assets/ HTTP/1.0" 200 329532 "-" "Mozilla/5.0 (compatible; SemrushBot/7~bl; +http://www.semrush.com/bot.html)"
154.54.249.200 - - [15/Sep/2025:20:11:29 +0700] "GET /navigating-non-prescription-medication-purchases/ HTTP/1.0" 200 77289 "-" "Mozilla/5.0 (compatible; Barkrowler/0.9; +https://babbar.tech/crawler)"
217.113.194.74 - - [15/Sep/2025:20:11:52 +0700] "GET /fb-introduces-new-pages-for-partners/feed/ HTTP/1.0" 200 1705 "-" "Mozilla/5.0 (compatible; Barkrowler/0.9; +https://babbar.tech/crawler)"
54.39.203.197 - - [15/Sep/2025:20:12:06 +0700] "GET /wp-content/uploads/2023/07/steroids3-1.jpg HTTP/1.0" 200 419 "-" "Mozilla/5.0 (compatible; AhrefsBot/7.0; +http://ahrefs.com/robot/)"
154.54.249.200 - - [15/Sep/2025:20:12:11 +0700] "GET /the-best-latin-vocalists-of-all-time/ HTTP/1.0" 200 207955 "-" "Mozilla/5.0 (compatible; Barkrowler/0.9; +https://babbar.tech/crawler)"
45.117.177.72 - - [15/Sep/2025:20:12:29 +0700] "POST /wp-cron.php?doing_wp_cron=1757941949.2807660102844238281250 HTTP/1.0" 200 416 "-" "WordPress/6.8.1; https://vattusacky.vn"
15.235.98.123 - - [15/Sep/2025:20:12:27 +0700] "GET /22bet-ropes-in-new-zealand-cricketer-brendon-206/ HTTP/1.0" 200 243225 "-" "Mozilla/5.0 (compatible; AhrefsBot/7.0; +http://ahrefs.com/robot/)"
217.113.194.76 - - [15/Sep/2025:20:12:41 +0700] "GET /the-best-20-examples-of-pokies/feed/ HTTP/1.0" 200 1687 "-" "Mozilla/5.0 (compatible; Barkrowler/0.9; +https://babbar.tech/crawler)"
217.113.194.73 - - [15/Sep/2025:20:13:01 +0700] "GET /protect-technologies-and-data-storage-for-law-firms/ HTTP/1.0" 200 206074 "-" "Mozilla/5.0 (compatible; Barkrowler/0.9; +https://babbar.tech/crawler)"
45.117.177.72 - - [15/Sep/2025:20:13:19 +0700] "POST /wp-cron.php?doing_wp_cron=1757941999.6855320930480957031250 HTTP/1.0" 200 416 "-" "WordPress/6.8.1; https://vattusacky.vn"
85.208.96.193 - - [15/Sep/2025:20:13:18 +0700] "GET /epic-omegle-fails-and-hilarious-chat-mishaps/ HTTP/1.0" 200 88751 "-" "Mozilla/5.0 (compatible; SemrushBot/7~bl; +http://www.semrush.com/bot.html)"
217.113.194.75 - - [15/Sep/2025:20:13:31 +0700] "GET /protect-technologies-and-data-storage-for-law-firms/feed/ HTTP/1.0" 200 1750 "-" "Mozilla/5.0 (compatible; Barkrowler/0.9; +https://babbar.tech/crawler)"
54.39.203.47 - - [15/Sep/2025:20:13:49 +0700] "GET /author/yanz/page/122/ HTTP/1.0" 200 77064 "-" "Mozilla/5.0 (compatible; AhrefsBot/7.0; +http://ahrefs.com/robot/)"
217.113.194.77 - - [15/Sep/2025:20:13:51 +0700] "GET /is-normally-cbd-legal-in-the-us/feed/ HTTP/1.0" 200 1691 "-" "Mozilla/5.0 (compatible; Barkrowler/0.9; +https://babbar.tech/crawler)"
217.113.194.81 - - [15/Sep/2025:20:14:12 +0700] "GET /is-hair-care-comparison-worth-to-you/feed/ HTTP/1.0" 200 1710 "-" "Mozilla/5.0 (compatible; Barkrowler/0.9; +https://babbar.tech/crawler)"
45.117.177.72 - - [15/Sep/2025:20:14:34 +0700] "POST /wp-cron.php?doing_wp_cron=1757942074.0368080139160156250000 HTTP/1.0" 200 416 "-" "WordPress/6.8.1; https://vattusacky.vn"
185.191.171.17 - - [15/Sep/2025:20:14:32 +0700] "GET /daddy-casino-realnye-promokody-igrat-v-igrovye/ HTTP/1.0" 200 102866 "-" "Mozilla/5.0 (compatible; SemrushBot/7~bl; +http://www.semrush.com/bot.html)"
217.113.194.217 - - [15/Sep/2025:20:14:34 +0700] "GET /prednisone-10mg-discount-card/feed/ HTTP/1.0" 200 1684 "-" "Mozilla/5.0 (compatible; Barkrowler/0.9; +https://babbar.tech/crawler)"
216.244.66.237 - - [15/Sep/2025:20:14:42 +0700] "GET /navigating-the-path-of-friendship-in-omelove-stories/ HTTP/1.0" 200 89114 "-" "Mozilla/5.0 (compatible; DotBot/1.2; +https://opensiteexplorer.org/dotbot; help@moz.com)"
217.113.194.76 - - [15/Sep/2025:20:14:53 +0700] "GET /identifying-red-flags-in-online-interactions/ HTTP/1.0" 200 91103 "-" "Mozilla/5.0 (compatible; Barkrowler/0.9; +https://babbar.tech/crawler)"
142.44.220.198 - - [15/Sep/2025:20:15:06 +0700] "GET /author/yanz/page/317/ HTTP/1.0" 200 75737 "-" "Mozilla/5.0 (compatible; AhrefsBot/7.0; +http://ahrefs.com/robot/)"
45.117.177.72 - - [15/Sep/2025:20:15:17 +0700] "POST /wp-cron.php?doing_wp_cron=1757942117.2554008960723876953125 HTTP/1.0" 200 416 "-" "WordPress/6.8.1; https://vattusacky.vn"
217.113.194.77 - - [15/Sep/2025:20:15:15 +0700] "GET /1win-aviator-game-india-41/feed/ HTTP/1.0" 200 1672 "-" "Mozilla/5.0 (compatible; Barkrowler/0.9; +https://babbar.tech/crawler)"
217.113.194.78 - - [15/Sep/2025:20:15:35 +0700] "GET /1xbet-zambia-registration-377/feed/ HTTP/1.0" 200 1680 "-" "Mozilla/5.0 (compatible; Barkrowler/0.9; +https://babbar.tech/crawler)"
217.113.194.79 - - [15/Sep/2025:20:15:55 +0700] "GET /1xbet-bangladesh-app-review-44/ HTTP/1.0" 200 93802 "-" "Mozilla/5.0 (compatible; Barkrowler/0.9; +https://babbar.tech/crawler)"
45.117.177.72 - - [15/Sep/2025:20:16:18 +0700] "POST /wp-cron.php?doing_wp_cron=1757942177.7811040878295898437500 HTTP/1.0" 200 416 "-" "WordPress/6.8.1; https://vattusacky.vn"
217.113.194.77 - - [15/Sep/2025:20:16:16 +0700] "GET /1xbet-promo-codes-offers-79/feed/ HTTP/1.0" 200 1676 "-" "Mozilla/5.0 (compatible; Barkrowler/0.9; +https://babbar.tech/crawler)"
217.113.194.80 - - [15/Sep/2025:20:16:35 +0700] "GET /unforgettable-encounters-on-omegle/feed/ HTTP/1.0" 200 1699 "-" "Mozilla/5.0 (compatible; Barkrowler/0.9; +https://babbar.tech/crawler)"
148.113.128.63 - - [15/Sep/2025:20:16:36 +0700] "GET /tag/1xbet-az/feed/ HTTP/1.0" 200 250857 "-" "Mozilla/5.0 (compatible; AhrefsBot/7.0; +http://ahrefs.com/robot/)"
85.208.96.207 - - [15/Sep/2025:20:16:37 +0700] "GET /1win-ofitsialnyj-sajt-vhod-1win-registratsija/ HTTP/1.0" 200 107257 "-" "Mozilla/5.0 (compatible; SemrushBot/7~bl; +http://www.semrush.com/bot.html)"
217.113.194.79 - - [15/Sep/2025:20:16:55 +0700] "GET /category/best-mail-order-brides-websites/feed/ HTTP/1.0" 200 147486 "-" "Mozilla/5.0 (compatible; Barkrowler/0.9; +https://babbar.tech/crawler)"
45.117.177.72 - - [15/Sep/2025:20:17:20 +0700] "POST /wp-cron.php?doing_wp_cron=1757942239.8995420932769775390625 HTTP/1.0" 200 416 "-" "WordPress/6.8.1; https://vattusacky.vn"
154.54.249.200 - - [15/Sep/2025:20:17:18 +0700] "GET /category/konvektors-kiev-ua/feed/ HTTP/1.0" 200 170485 "-" "Mozilla/5.0 (compatible; Barkrowler/0.9; +https://babbar.tech/crawler)"
217.113.194.75 - - [15/Sep/2025:20:17:48 +0700] "GET /looking-ahead-omegles-path-to-the-future/ HTTP/1.0" 200 93204 "-" "Mozilla/5.0 (compatible; Barkrowler/0.9; +https://babbar.tech/crawler)"
148.113.130.234 - - [15/Sep/2025:20:17:49 +0700] "GET /digging-deeper-exploring-personal-growth-through-omegle-chats/feed/ HTTP/1.0" 200 1780 "-" "Mozilla/5.0 (compatible; AhrefsBot/7.0; +http://ahrefs.com/robot/)"
185.191.171.1 - - [15/Sep/2025:20:17:53 +0700] "GET /costa-da-prata-wedding-traditions/ HTTP/1.0" 200 207530 "-" "Mozilla/5.0 (compatible; SemrushBot/7~bl; +http://www.semrush.com/bot.html)"
217.113.194.78 - - [15/Sep/2025:20:18:11 +0700] "GET /methods-to-increase-added-value-in-the-business/ HTTP/1.0" 200 205490 "-" "Mozilla/5.0 (compatible; Barkrowler/0.9; +https://babbar.tech/crawler)"
85.208.96.212 - - [15/Sep/2025:20:18:13 +0700] "GET /the/may-quang-pho/page/2/ HTTP/1.0" 200 98968 "-" "Mozilla/5.0 (compatible; SemrushBot/7~bl; +http://www.semrush.com/bot.html)"
45.117.177.72 - - [15/Sep/2025:20:18:44 +0700] "POST /wp-cron.php?doing_wp_cron=1757942324.5378170013427734375000 HTTP/1.0" 200 416 "-" "WordPress/6.8.1; https://vattusacky.vn"
154.54.249.200 - - [15/Sep/2025:20:18:43 +0700] "GET /methods-to-increase-added-value-in-the-business/feed/ HTTP/1.0" 200 1738 "-" "Mozilla/5.0 (compatible; Barkrowler/0.9; +https://babbar.tech/crawler)"
217.113.194.74 - - [15/Sep/2025:20:19:03 +0700] "GET /mostbet-casino-indir-arivleri/feed/ HTTP/1.0" 200 1688 "-" "Mozilla/5.0 (compatible; Barkrowler/0.9; +https://babbar.tech/crawler)"
142.44.220.226 - - [15/Sep/2025:20:19:05 +0700] "GET /category/uncategorized/page/141/ HTTP/1.0" 200 76778 "-" "Mozilla/5.0 (compatible; AhrefsBot/7.0; +http://ahrefs.com/robot/)"
45.117.177.72 - - [15/Sep/2025:20:19:24 +0700] "POST /wp-cron.php?doing_wp_cron=1757942364.6080238819122314453125 HTTP/1.0" 200 416 "-" "WordPress/6.8.1; https://vattusacky.vn"
217.113.194.81 - - [15/Sep/2025:20:19:23 +0700] "GET /mostbet-turkey-resmi-sitesi-100/ HTTP/1.0" 200 84336 "-" "Mozilla/5.0 (compatible; Barkrowler/0.9; +https://babbar.tech/crawler)"
34.170.2.21 - - [15/Sep/2025:20:19:32 +0700] "GET /media/system/js/core.js HTTP/1.0" 404 70812 "http://vattusacky.vn/media/system/js/core.js" "Mozilla/5.0 (Macintosh; Intel Mac OS X 10_10_1) AppleWebKit/537.36 (KHTML, like Gecko) Chrome/39.0.2171.95 Safari/537.36"
154.54.249.200 - - [15/Sep/2025:20:19:48 +0700] "GET /initially-date-ideas-for-online-dating/ HTTP/1.0" 200 206679 "-" "Mozilla/5.0 (compatible; Barkrowler/0.9; +https://babbar.tech/crawler)"
45.117.177.72 - - [15/Sep/2025:20:20:18 +0700] "POST /wp-cron.php?doing_wp_cron=1757942418.6971409320831298828125 HTTP/1.0" 200 416 "-" "WordPress/6.8.1; https://vattusacky.vn"
154.54.249.200 - - [15/Sep/2025:20:20:17 +0700] "GET /understanding-the-omegle-chat-interface/feed/ HTTP/1.0" 200 1714 "-" "Mozilla/5.0 (compatible; Barkrowler/0.9; +https://babbar.tech/crawler)"
15.235.98.221 - - [15/Sep/2025:20:20:28 +0700] "GET /one-on-one-coaching-market-talk-live/ HTTP/1.0" 200 215613 "-" "Mozilla/5.0 (compatible; AhrefsBot/7.0; +http://ahrefs.com/robot/)"
217.113.194.75 - - [15/Sep/2025:20:20:36 +0700] "GET /alicia-pink-harrell-on-hubpages/ HTTP/1.0" 200 207528 "-" "Mozilla/5.0 (compatible; Barkrowler/0.9; +https://babbar.tech/crawler)"
217.113.194.75 - - [15/Sep/2025:20:21:11 +0700] "GET /reporting-and-blocking-on-ometv/feed/ HTTP/1.0" 200 1690 "-" "Mozilla/5.0 (compatible; Barkrowler/0.9; +https://babbar.tech/crawler)"
45.117.177.72 - - [15/Sep/2025:20:21:21 +0700] "POST /wp-cron.php?doing_wp_cron=1757942481.4873740673065185546875 HTTP/1.0" 200 416 "-" "WordPress/6.8.1; https://vattusacky.vn"
85.208.96.204 - - [15/Sep/2025:20:21:19 +0700] "GET /the/o3/ HTTP/1.0" 200 67924 "-" "Mozilla/5.0 (compatible; SemrushBot/7~bl; +http://www.semrush.com/bot.html)"
217.113.194.78 - - [15/Sep/2025:20:21:31 +0700] "GET /best-practices-for-staying-safe-on-omegle/ HTTP/1.0" 200 90078 "-" "Mozilla/5.0 (compatible; Barkrowler/0.9; +https://babbar.tech/crawler)"
54.39.0.113 - - [15/Sep/2025:20:21:35 +0700] "GET /author/yanz/page/2/ HTTP/1.0" 200 75498 "-" "Mozilla/5.0 (compatible; AhrefsBot/7.0; +http://ahrefs.com/robot/)"
217.113.194.218 - - [15/Sep/2025:20:21:55 +0700] "GET /the-impact-of-technology-on-social-dynamics/feed/ HTTP/1.0" 200 1726 "-" "Mozilla/5.0 (compatible; Barkrowler/0.9; +https://babbar.tech/crawler)"
217.113.194.72 - - [15/Sep/2025:20:22:14 +0700] "GET /loving-ideas-for-couples-of-all-ages/feed/ HTTP/1.0" 200 1705 "-" "Mozilla/5.0 (compatible; Barkrowler/0.9; +https://babbar.tech/crawler)"
45.117.177.72 - - [15/Sep/2025:20:22:35 +0700] "POST /wp-cron.php?doing_wp_cron=1757942554.7639870643615722656250 HTTP/1.0" 200 416 "-" "WordPress/6.8.1; https://vattusacky.vn"
217.113.194.76 - - [15/Sep/2025:20:22:33 +0700] "GET /casino-utan-svensk-licens-online-11/feed/ HTTP/1.0" 200 1699 "-" "Mozilla/5.0 (compatible; Barkrowler/0.9; +https://babbar.tech/crawler)"
51.222.95.65 - - [15/Sep/2025:20:22:44 +0700] "GET /category/uncategorized/page/115/ HTTP/1.0" 200 76514 "-" "Mozilla/5.0 (compatible; AhrefsBot/7.0; +http://ahrefs.com/robot/)"
217.113.194.79 - - [15/Sep/2025:20:22:52 +0700] "GET /dating-foreign-females-what-you-need-to-know/feed/ HTTP/1.0" 200 1737 "-" "Mozilla/5.0 (compatible; Barkrowler/0.9; +https://babbar.tech/crawler)"
185.191.171.16 - - [15/Sep/2025:20:23:08 +0700] "GET /the/may-quang-pho-hap-thu-phan-tu/page/2/ HTTP/1.0" 200 106969 "-" "Mozilla/5.0 (compatible; SemrushBot/7~bl; +http://www.semrush.com/bot.html)"
45.117.177.72 - - [15/Sep/2025:20:23:17 +0700] "POST /wp-cron.php?doing_wp_cron=1757942597.1139180660247802734375 HTTP/1.0" 200 416 "-" "WordPress/6.8.1; https://vattusacky.vn"
217.113.194.73 - - [15/Sep/2025:20:23:15 +0700] "GET /the-common-traits-of-thai-women/feed/ HTTP/1.0" 200 1690 "-" "Mozilla/5.0 (compatible; Barkrowler/0.9; +https://babbar.tech/crawler)"
217.113.194.79 - - [15/Sep/2025:20:23:35 +0700] "GET /what-exactly-virtual-info-room-2/feed/ HTTP/1.0" 200 1692 "-" "Mozilla/5.0 (compatible; Barkrowler/0.9; +https://babbar.tech/crawler)"
51.161.37.116 - - [15/Sep/2025:20:23:51 +0700] "GET /category/chinese-dating-sites/ HTTP/1.0" 200 58925 "-" "Mozilla/5.0 (compatible; AhrefsBot/7.0; +http://ahrefs.com/robot/)"
217.113.194.79 - - [15/Sep/2025:20:23:54 +0700] "GET /tag/quan-trac-khong-khi/feed/ HTTP/1.0" 200 200175 "-" "Mozilla/5.0 (compatible; Barkrowler/0.9; +https://babbar.tech/crawler)"
45.117.177.72 - - [15/Sep/2025:20:24:35 +0700] "POST /wp-cron.php?doing_wp_cron=1757942675.1682069301605224609375 HTTP/1.0" 200 416 "-" "WordPress/6.8.1; https://vattusacky.vn"
217.113.194.80 - - [15/Sep/2025:20:24:33 +0700] "GET /tag/quan-trac-nuoc-ngam/feed/ HTTP/1.0" 200 201847 "-" "Mozilla/5.0 (compatible; Barkrowler/0.9; +https://babbar.tech/crawler)"
154.54.249.200 - - [15/Sep/2025:20:25:06 +0700] "GET /tag/quan-trac-nuoc-thai/feed/ HTTP/1.0" 200 183695 "-" "Mozilla/5.0 (compatible; Barkrowler/0.9; +https://babbar.tech/crawler)"
142.44.233.200 - - [15/Sep/2025:20:25:14 +0700] "GET /trendy-gender-fetishes-thoroughly-tested/ HTTP/1.0" 200 210296 "-" "Mozilla/5.0 (compatible; AhrefsBot/7.0; +http://ahrefs.com/robot/)"
45.117.177.72 - - [15/Sep/2025:20:25:36 +0700] "POST /wp-cron.php?doing_wp_cron=1757942736.4374449253082275390625 HTTP/1.0" 200 416 "-" "WordPress/6.8.1; https://vattusacky.vn"
217.113.194.217 - - [15/Sep/2025:20:25:34 +0700] "GET /tag/lay-mau-tong-bui-lo-lung/ HTTP/1.0" 200 59631 "-" "Mozilla/5.0 (compatible; Barkrowler/0.9; +https://babbar.tech/crawler)"
85.208.96.198 - - [15/Sep/2025:20:25:42 +0700] "GET /embracing-the-journey-of-love-and-friendship-in-omelove/ HTTP/1.0" 200 93279 "-" "Mozilla/5.0 (compatible; SemrushBot/7~bl; +http://www.semrush.com/bot.html)"
217.113.194.81 - - [15/Sep/2025:20:25:57 +0700] "GET /exploring-omegle-video-chat-experience/feed/ HTTP/1.0" 200 1711 "-" "Mozilla/5.0 (compatible; Barkrowler/0.9; +https://babbar.tech/crawler)"
45.117.177.72 - - [15/Sep/2025:20:26:19 +0700] "POST /wp-cron.php?doing_wp_cron=1757942779.2302110195159912109375 HTTP/1.0" 200 416 "-" "WordPress/6.8.1; https://vattusacky.vn"
217.113.194.81 - - [15/Sep/2025:20:26:17 +0700] "GET /exploring-cultural-diversity-on-omegle/ HTTP/1.0" 200 90722 "-" "Mozilla/5.0 (compatible; Barkrowler/0.9; +https://babbar.tech/crawler)"
15.235.27.79 - - [15/Sep/2025:20:26:24 +0700] "GET /lien-he/feed/ HTTP/1.0" 200 1621 "-" "Mozilla/5.0 (compatible; AhrefsBot/7.0; +http://ahrefs.com/robot/)"
217.113.194.79 - - [15/Sep/2025:20:26:43 +0700] "GET /exploring-the-concept-of-virtual-empathy/ HTTP/1.0" 200 91626 "-" "Mozilla/5.0 (compatible; Barkrowler/0.9; +https://babbar.tech/crawler)"
185.191.171.15 - - [15/Sep/2025:20:26:50 +0700] "GET /danh-muc/moi-truong-nuoc/maydophongxa/ HTTP/1.0" 200 85678 "-" "Mozilla/5.0 (compatible; SemrushBot/7~bl; +http://www.semrush.com/bot.html)"
217.113.194.77 - - [15/Sep/2025:20:27:08 +0700] "GET /exploring-the-concept-of-omegle-celebrities/ HTTP/1.0" 200 89339 "-" "Mozilla/5.0 (compatible; Barkrowler/0.9; +https://babbar.tech/crawler)"
45.117.177.72 - - [15/Sep/2025:20:27:22 +0700] "POST /wp-cron.php?doing_wp_cron=1757942841.7312231063842773437500 HTTP/1.0" 200 416 "-" "WordPress/6.8.1; https://vattusacky.vn"
35.192.73.107 - - [15/Sep/2025:20:27:16 +0700] "GET /media/system/js/core.js HTTP/1.0" 404 70812 "http://vattusacky.vn/media/system/js/core.js" "Mozilla/5.0 (Macintosh; Intel Mac OS X 10_10_1) AppleWebKit/537.36 (KHTML, like Gecko) Chrome/39.0.2171.95 Safari/537.36"
85.208.96.195 - - [15/Sep/2025:20:27:26 +0700] "GET /the/ph/ HTTP/1.0" 200 68170 "-" "Mozilla/5.0 (compatible; SemrushBot/7~bl; +http://www.semrush.com/bot.html)"
217.113.194.78 - - [15/Sep/2025:20:27:30 +0700] "GET /exploring-the-popularity-of-ometv/feed/ HTTP/1.0" 200 1696 "-" "Mozilla/5.0 (compatible; Barkrowler/0.9; +https://babbar.tech/crawler)"
142.44.228.195 - - [15/Sep/2025:20:27:41 +0700] "GET /krypto-steuern-wie-hoch-kryptowahrungen-und/bitcoin2-jpg-2/ HTTP/1.0" 200 64761 "-" "Mozilla/5.0 (compatible; AhrefsBot/7.0; +http://ahrefs.com/robot/)"
217.113.194.76 - - [15/Sep/2025:20:27:49 +0700] "GET /exploring-the-different-features-of-omegle/feed/ HTTP/1.0" 200 1723 "-" "Mozilla/5.0 (compatible; Barkrowler/0.9; +https://babbar.tech/crawler)"
217.113.194.78 - - [15/Sep/2025:20:28:10 +0700] "GET /exploring-the-niche-communities-on-omegle/ HTTP/1.0" 200 88161 "-" "Mozilla/5.0 (compatible; Barkrowler/0.9; +https://babbar.tech/crawler)"
45.117.177.72 - - [15/Sep/2025:20:28:34 +0700] "POST /wp-cron.php?doing_wp_cron=1757942914.1014358997344970703125 HTTP/1.0" 200 416 "-" "WordPress/6.8.1; https://vattusacky.vn"
217.113.194.77 - - [15/Sep/2025:20:28:32 +0700] "GET /exploring-different-cultures-on-omegle/feed/ HTTP/1.0" 200 1711 "-" "Mozilla/5.0 (compatible; Barkrowler/0.9; +https://babbar.tech/crawler)"
51.161.65.146 - - [15/Sep/2025:20:28:46 +0700] "GET /protect-technologies-and-data-storage-for-law-firms/ HTTP/1.0" 200 206074 "-" "Mozilla/5.0 (compatible; AhrefsBot/7.0; +http://ahrefs.com/robot/)"
217.113.194.72 - - [15/Sep/2025:20:28:53 +0700] "GET /the-different-types-of-money-in-an-economy/feed/ HTTP/1.0" 200 1723 "-" "Mozilla/5.0 (compatible; Barkrowler/0.9; +https://babbar.tech/crawler)"
217.113.194.72 - - [15/Sep/2025:20:29:12 +0700] "GET /the/giay-loc-lay-mau-bui/feed/ HTTP/1.0" 200 146727 "-" "Mozilla/5.0 (compatible; Barkrowler/0.9; +https://babbar.tech/crawler)"
45.117.177.72 - - [15/Sep/2025:20:29:41 +0700] "POST /wp-cron.php?doing_wp_cron=1757942981.1799850463867187500000 HTTP/1.0" 200 416 "-" "WordPress/6.8.1; https://vattusacky.vn"
217.113.194.217 - - [15/Sep/2025:20:29:39 +0700] "GET /the/hieu-chuan-lay-mau/feed/ HTTP/1.0" 200 147318 "-" "Mozilla/5.0 (compatible; Barkrowler/0.9; +https://babbar.tech/crawler)"
95.217.44.223 - - [15/Sep/2025:20:29:48 +0700] "GET /pin-ap-opustimsya-v-mir-azarta-i-razvlecheniy-sredi-peredovykh-saytov-dlya-igry-na-realnye-dengi-i-pari-s-ispolzovaniem-depozita-i-bonusov/ HTTP/1.0" 200 117644 "https://vattusacky.vn/" "Mozilla/5.0 (Windows NT 10.0; Win64; x64) AppleWebKit/537.36 (KHTML, like Gecko) Chrome/114.0.0.0 Safari/537.36 Vivaldi/5.3.2679.68"
95.217.44.223 - - [15/Sep/2025:20:29:52 +0700] "POST /xmlrpc.php HTTP/1.0" 200 933 "https://vattusacky.vn/pin-ap-opustimsya-v-mir-azarta-i-razvlecheniy-sredi-peredovykh-saytov-dlya-igry-na-realnye-dengi-i-pari-s-ispolzovaniem-depozita-i-bonusov/" "PHP/6.3.68"
142.44.225.19 - - [15/Sep/2025:20:30:01 +0700] "GET /what-u-s-women-can-learn-from-polands-recent-abortion-restrictions/ HTTP/1.0" 200 212002 "-" "Mozilla/5.0 (compatible; AhrefsBot/7.0; +http://ahrefs.com/robot/)"
217.113.194.75 - - [15/Sep/2025:20:30:03 +0700] "GET /the/may-do-nhiet-do-va-ph/feed/ HTTP/1.0" 200 147439 "-" "Mozilla/5.0 (compatible; Barkrowler/0.9; +https://babbar.tech/crawler)"
45.117.177.72 - - [15/Sep/2025:20:30:28 +0700] "POST /wp-cron.php?doing_wp_cron=1757943027.9816679954528808593750 HTTP/1.0" 200 416 "-" "WordPress/6.8.1; https://vattusacky.vn"
217.113.194.217 - - [15/Sep/2025:20:30:26 +0700] "GET /the/lay-mau-nuoc-van-dorn/ HTTP/1.0" 200 182093 "-" "Mozilla/5.0 (compatible; Barkrowler/0.9; +https://babbar.tech/crawler)"
217.113.194.217 - - [15/Sep/2025:20:30:56 +0700] "GET /the/lay-mau-khi-ca-nhan/ HTTP/1.0" 200 95801 "-" "Mozilla/5.0 (compatible; Barkrowler/0.9; +https://babbar.tech/crawler)"
45.117.177.72 - - [15/Sep/2025:20:31:22 +0700] "POST /wp-cron.php?doing_wp_cron=1757943082.3052930831909179687500 HTTP/1.0" 200 416 "-" "WordPress/6.8.1; https://vattusacky.vn"
217.113.194.217 - - [15/Sep/2025:20:31:20 +0700] "GET /the/lay-mau-khi-ca-nhan/feed/ HTTP/1.0" 200 35845 "-" "Mozilla/5.0 (compatible; Barkrowler/0.9; +https://babbar.tech/crawler)"
54.39.210.15 - - [15/Sep/2025:20:31:26 +0700] "GET /category/fintech-2/ HTTP/1.0" 200 143728 "-" "Mozilla/5.0 (compatible; AhrefsBot/7.0; +http://ahrefs.com/robot/)"
217.113.194.77 - - [15/Sep/2025:20:31:40 +0700] "GET /the/do-nhanh-kim-loai/feed/ HTTP/1.0" 200 32786 "-" "Mozilla/5.0 (compatible; Barkrowler/0.9; +https://babbar.tech/crawler)"
17.241.75.39 - - [15/Sep/2025:20:31:52 +0700] "GET /omegle-and-ometv-for-finding-remote-job-opportunities/ HTTP/1.0" 200 92601 "-" "Mozilla/5.0 (Macintosh; Intel Mac OS X 10_15_7) AppleWebKit/605.1.15 (KHTML, like Gecko) Version/17.4 Safari/605.1.15 (Applebot/0.1; +http://www.apple.com/go/applebot)"
217.113.194.81 - - [15/Sep/2025:20:32:01 +0700] "GET /the/do-on-chong-nhieu-am/feed/ HTTP/1.0" 200 146263 "-" "Mozilla/5.0 (compatible; Barkrowler/0.9; +https://babbar.tech/crawler)"
45.117.177.72 - - [15/Sep/2025:20:32:25 +0700] "POST /wp-cron.php?doing_wp_cron=1757943145.7436940670013427734375 HTTP/1.0" 200 416 "-" "WordPress/6.8.1; https://vattusacky.vn"
85.208.96.198 - - [15/Sep/2025:20:32:24 +0700] "GET /robots.txt HTTP/1.0" 200 984 "-" "Mozilla/5.0 (compatible; SemrushBot/7~bl; +http://www.semrush.com/bot.html)"
217.113.194.81 - - [15/Sep/2025:20:32:26 +0700] "GET /the/do-amonia-trong-nuoc/feed/ HTTP/1.0" 200 147620 "-" "Mozilla/5.0 (compatible; Barkrowler/0.9; +https://babbar.tech/crawler)"
185.191.171.8 - - [15/Sep/2025:20:32:27 +0700] "GET /danh-muc/co-ba%CC%89n-thi-nghie%CC%A3m/bep-cach-thuy%CC%89/ HTTP/1.0" 200 74690 "-" "Mozilla/5.0 (compatible; SemrushBot/7~bl; +http://www.semrush.com/bot.html)"
54.166.126.132 - - [15/Sep/2025:20:32:30 +0700] "GET /the/do-on/ HTTP/1.0" 200 96585 "-" "Mozilla/5.0 AppleWebKit/537.36 (KHTML, like Gecko; compatible; Amazonbot/0.1; +https://developer.amazon.com/support/amazonbot) Chrome/119.0.6045.214 Safari/537.36"
98.82.59.253 - - [15/Sep/2025:20:32:34 +0700] "GET /the/may-do-do-rung/ HTTP/1.0" 200 73905 "-" "Mozilla/5.0 AppleWebKit/537.36 (KHTML, like Gecko; compatible; Amazonbot/0.1; +https://developer.amazon.com/support/amazonbot) Chrome/119.0.6045.214 Safari/537.36"
35.169.119.108 - - [15/Sep/2025:20:32:38 +0700] "GET /the/phong-xa/ HTTP/1.0" 200 103469 "-" "Mozilla/5.0 AppleWebKit/537.36 (KHTML, like Gecko; compatible; Amazonbot/0.1; +https://developer.amazon.com/support/amazonbot) Chrome/119.0.6045.214 Safari/537.36"
52.0.41.164 - - [15/Sep/2025:20:32:42 +0700] "GET /danh-muc/moi-truong-nuoc/lay-mau-nuoc-alphan-van-dor-loai-doc/ HTTP/1.0" 200 182728 "-" "Mozilla/5.0 AppleWebKit/537.36 (KHTML, like Gecko; compatible; Amazonbot/0.1; +https://developer.amazon.com/support/amazonbot) Chrome/119.0.6045.214 Safari/537.36"
15.235.98.205 - - [15/Sep/2025:20:32:45 +0700] "GET /wp-content/uploads/2023/08/bitcoin2-1.jpg HTTP/1.0" 200 418 "-" "Mozilla/5.0 (compatible; AhrefsBot/7.0; +http://ahrefs.com/robot/)"
52.3.155.146 - - [15/Sep/2025:20:32:46 +0700] "GET /san-pham/may-do-do-on-do-chinh-xac-cao-co-phan-tich-giai-tan-so-type-6238/ HTTP/1.0" 200 258750 "-" "Mozilla/5.0 AppleWebKit/537.36 (KHTML, like Gecko; compatible; Amazonbot/0.1; +https://developer.amazon.com/support/amazonbot) Chrome/119.0.6045.214 Safari/537.36"
85.208.96.196 - - [15/Sep/2025:20:32:46 +0700] "GET /san-pham/may-quang-pho-kha-kien-vis-cam-tay-hieu-nang-cao/ HTTP/1.0" 200 385367 "-" "Mozilla/5.0 (compatible; SemrushBot/7~bl; +http://www.semrush.com/bot.html)"
98.83.177.42 - - [15/Sep/2025:20:32:50 +0700] "GET /the/lay-mau-bui-iodine/ HTTP/1.0" 200 67483 "-" "Mozilla/5.0 AppleWebKit/537.36 (KHTML, like Gecko; compatible; Amazonbot/0.1; +https://developer.amazon.com/support/amazonbot) Chrome/119.0.6045.214 Safari/537.36"
217.113.194.72 - - [15/Sep/2025:20:32:51 +0700] "GET /the/thu-mau-nuoc-song/feed/ HTTP/1.0" 200 300841 "-" "Mozilla/5.0 (compatible; Barkrowler/0.9; +https://babbar.tech/crawler)"
3.89.176.255 - - [15/Sep/2025:20:33:02 +0700] "GET /the/lay-mau-tsp/page/2/ HTTP/1.0" 200 125587 "-" "Mozilla/5.0 AppleWebKit/537.36 (KHTML, like Gecko; compatible; Amazonbot/0.1; +https://developer.amazon.com/support/amazonbot) Chrome/119.0.6045.214 Safari/537.36"
15.235.98.38 - - [15/Sep/2025:20:33:03 +0700] "GET /how-to-discover-a-ukrainian-bride/ HTTP/1.0" 200 75807 "-" "Mozilla/5.0 (compatible; AhrefsBot/7.0; +http://ahrefs.com/robot/)"
45.117.177.72 - - [15/Sep/2025:20:33:37 +0700] "POST /wp-cron.php?doing_wp_cron=1757943216.7806429862976074218750 HTTP/1.0" 200 416 "-" "WordPress/6.8.1; https://vattusacky.vn"
