148.113.128.21 - - [15/Sep/2025:17:26:30 +0700] "GET /product_cat-sitemap.xml HTTP/1.0" 200 8595 "-" "Mozilla/5.0 (compatible; AhrefsBot/7.0; +http://ahrefs.com/robot/)"
142.44.225.147 - - [15/Sep/2025:17:26:34 +0700] "GET /product_tag-sitemap.xml HTTP/1.0" 200 28520 "-" "Mozilla/5.0 (compatible; AhrefsBot/7.0; +http://ahrefs.com/robot/)"
217.113.194.73 - - [15/Sep/2025:17:26:44 +0700] "GET /tag/nuoc-duoi-dat/feed/ HTTP/1.0" 200 201815 "-" "Mozilla/5.0 (compatible; Barkrowler/0.9; +https://babbar.tech/crawler)"
45.117.177.72 - - [15/Sep/2025:17:27:17 +0700] "POST /wp-cron.php?doing_wp_cron=1757932037.6040389537811279296875 HTTP/1.0" 200 416 "-" "WordPress/6.8.1; https://vattusacky.vn"
217.113.194.217 - - [15/Sep/2025:17:27:16 +0700] "GET /tag/daftar-evo88/feed/ HTTP/1.0" 200 5729 "-" "Mozilla/5.0 (compatible; Barkrowler/0.9; +https://babbar.tech/crawler)"
217.113.194.80 - - [15/Sep/2025:17:27:36 +0700] "GET /betwinner-football-betting-249/ HTTP/1.0" 200 215110 "-" "Mozilla/5.0 (compatible; Barkrowler/0.9; +https://babbar.tech/crawler)"
217.113.194.81 - - [15/Sep/2025:17:28:03 +0700] "GET /betwinner-evaluate-335/ HTTP/1.0" 200 212795 "-" "Mozilla/5.0 (compatible; Barkrowler/0.9; +https://babbar.tech/crawler)"
45.117.177.72 - - [15/Sep/2025:17:28:26 +0700] "POST /wp-cron.php?doing_wp_cron=1757932105.8403251171112060546875 HTTP/1.0" 200 416 "-" "WordPress/6.8.1; https://vattusacky.vn"
15.235.96.72 - - [15/Sep/2025:17:28:24 +0700] "GET /the/tong-chat-ran-hoa-tan/ HTTP/1.0" 200 68827 "-" "Mozilla/5.0 (compatible; AhrefsBot/7.0; +http://ahrefs.com/robot/)"
217.113.194.76 - - [15/Sep/2025:17:28:36 +0700] "GET /the/can-vi-luong/feed/ HTTP/1.0" 200 10349 "-" "Mozilla/5.0 (compatible; Barkrowler/0.9; +https://babbar.tech/crawler)"
217.113.194.75 - - [15/Sep/2025:17:28:55 +0700] "GET /the/phong-xa-beta/feed/ HTTP/1.0" 200 302234 "-" "Mozilla/5.0 (compatible; Barkrowler/0.9; +https://babbar.tech/crawler)"
45.117.177.72 - - [15/Sep/2025:17:29:35 +0700] "POST /wp-cron.php?doing_wp_cron=1757932175.2509789466857910156250 HTTP/1.0" 200 416 "-" "WordPress/6.8.1; https://vattusacky.vn"
217.113.194.81 - - [15/Sep/2025:17:29:33 +0700] "GET /the/giay-loc-hi-q/ HTTP/1.0" 200 68518 "-" "Mozilla/5.0 (compatible; Barkrowler/0.9; +https://babbar.tech/crawler)"
217.113.194.77 - - [15/Sep/2025:17:30:00 +0700] "GET /the/tich-hop-dau/feed/ HTTP/1.0" 200 291722 "-" "Mozilla/5.0 (compatible; Barkrowler/0.9; +https://babbar.tech/crawler)"
45.117.177.72 - - [15/Sep/2025:17:30:31 +0700] "POST /wp-cron.php?doing_wp_cron=1757932231.1685481071472167968750 HTTP/1.0" 200 416 "-" "WordPress/6.8.1; https://vattusacky.vn"
217.113.194.72 - - [15/Sep/2025:17:30:29 +0700] "GET /the/hieu-chuan-khi/ HTTP/1.0" 200 68671 "-" "Mozilla/5.0 (compatible; Barkrowler/0.9; +https://babbar.tech/crawler)"
217.113.194.75 - - [15/Sep/2025:17:30:51 +0700] "GET /the/may-do-do-on-aco/ HTTP/1.0" 200 67790 "-" "Mozilla/5.0 (compatible; Barkrowler/0.9; +https://babbar.tech/crawler)"
54.39.136.132 - - [15/Sep/2025:17:31:03 +0700] "GET /san-pham/may-do-oxy-hoa-tan-aquashock-chuan-ip67-850046k/ HTTP/1.0" 200 162272 "-" "Mozilla/5.0 (compatible; AhrefsBot/7.0; +http://ahrefs.com/robot/)"
154.54.249.200 - - [15/Sep/2025:17:31:11 +0700] "GET /the/may-do-phong-xa/feed/ HTTP/1.0" 200 152206 "-" "Mozilla/5.0 (compatible; Barkrowler/0.9; +https://babbar.tech/crawler)"
45.117.177.72 - - [15/Sep/2025:17:31:38 +0700] "POST /wp-cron.php?doing_wp_cron=1757932298.0251998901367187500000 HTTP/1.0" 200 416 "-" "WordPress/6.8.1; https://vattusacky.vn"
217.113.194.81 - - [15/Sep/2025:17:31:36 +0700] "GET /the/mau-de-bay-hoi/feed/ HTTP/1.0" 200 288479 "-" "Mozilla/5.0 (compatible; Barkrowler/0.9; +https://babbar.tech/crawler)"
154.54.249.200 - - [15/Sep/2025:17:32:07 +0700] "GET /the/lay-mau-bui/page/3/ HTTP/1.0" 200 125698 "-" "Mozilla/5.0 (compatible; Barkrowler/0.9; +https://babbar.tech/crawler)"
45.117.177.72 - - [15/Sep/2025:17:32:30 +0700] "POST /wp-cron.php?doing_wp_cron=1757932349.9937589168548583984375 HTTP/1.0" 200 416 "-" "WordPress/6.8.1; https://vattusacky.vn"
217.113.194.80 - - [15/Sep/2025:17:32:28 +0700] "GET /the/do-do-rung-aco/feed/ HTTP/1.0" 200 292487 "-" "Mozilla/5.0 (compatible; Barkrowler/0.9; +https://babbar.tech/crawler)"
15.235.98.231 - - [15/Sep/2025:17:33:04 +0700] "GET /wp-content/uploads/2017/02/untitled-5.png HTTP/1.0" 200 417 "-" "Mozilla/5.0 (compatible; AhrefsBot/7.0; +http://ahrefs.com/robot/)"
217.113.194.81 - - [15/Sep/2025:17:33:04 +0700] "GET /the/do-nhiet-do/feed/ HTTP/1.0" 200 147375 "-" "Mozilla/5.0 (compatible; Barkrowler/0.9; +https://babbar.tech/crawler)"
148.113.128.254 - - [15/Sep/2025:17:33:07 +0700] "GET /wp-content/uploads/2017/02/untitled-3.png HTTP/1.0" 200 417 "-" "Mozilla/5.0 (compatible; AhrefsBot/7.0; +http://ahrefs.com/robot/)"
142.44.225.44 - - [15/Sep/2025:17:33:11 +0700] "GET /wp-content/uploads/2019/03/may-do-do-aquashock.jpg HTTP/1.0" 200 427 "-" "Mozilla/5.0 (compatible; AhrefsBot/7.0; +http://ahrefs.com/robot/)"
54.39.89.232 - - [15/Sep/2025:17:33:13 +0700] "GET /wp-content/uploads/2019/03/may-do-do-aquashock-kit.jpg HTTP/1.0" 200 431 "-" "Mozilla/5.0 (compatible; AhrefsBot/7.0; +http://ahrefs.com/robot/)"
142.44.233.172 - - [15/Sep/2025:17:33:16 +0700] "GET /wp-content/uploads/2017/02/untitled-2.png HTTP/1.0" 200 417 "-" "Mozilla/5.0 (compatible; AhrefsBot/7.0; +http://ahrefs.com/robot/)"
51.161.37.102 - - [15/Sep/2025:17:33:19 +0700] "GET /wp-content/uploads/2019/12/may-do-do-duc-hien-truong.jpg HTTP/1.0" 200 433 "-" "Mozilla/5.0 (compatible; AhrefsBot/7.0; +http://ahrefs.com/robot/)"
45.117.177.72 - - [15/Sep/2025:17:33:24 +0700] "POST /wp-cron.php?doing_wp_cron=1757932404.4904549121856689453125 HTTP/1.0" 200 416 "-" "WordPress/6.8.1; https://vattusacky.vn"
54.39.210.95 - - [15/Sep/2025:17:33:23 +0700] "GET /mostbet-turkiye-icin-en-guvenilir-bahis-ve-casino-sitesi-398/ HTTP/1.0" 200 85257 "-" "Mozilla/5.0 (compatible; AhrefsBot/7.0; +http://ahrefs.com/robot/)"
217.113.194.81 - - [15/Sep/2025:17:33:31 +0700] "GET /can-be-my-romance-over/ HTTP/1.0" 200 205929 "-" "Mozilla/5.0 (compatible; Barkrowler/0.9; +https://babbar.tech/crawler)"
154.54.249.200 - - [15/Sep/2025:17:34:02 +0700] "GET /22bet-registration-26-2/feed/ HTTP/1.0" 200 1661 "-" "Mozilla/5.0 (compatible; Barkrowler/0.9; +https://babbar.tech/crawler)"
45.117.177.72 - - [15/Sep/2025:17:34:23 +0700] "POST /wp-cron.php?doing_wp_cron=1757932462.8976678848266601562500 HTTP/1.0" 200 416 "-" "WordPress/6.8.1; https://vattusacky.vn"
217.113.194.78 - - [15/Sep/2025:17:34:21 +0700] "GET /ways-to-rank-sexcam-sites/feed/ HTTP/1.0" 200 1672 "-" "Mozilla/5.0 (compatible; Barkrowler/0.9; +https://babbar.tech/crawler)"
217.113.194.81 - - [15/Sep/2025:17:34:42 +0700] "GET /ways-to-get-the-best-webcam-girls/feed/ HTTP/1.0" 200 1696 "-" "Mozilla/5.0 (compatible; Barkrowler/0.9; +https://babbar.tech/crawler)"
217.113.194.78 - - [15/Sep/2025:17:35:01 +0700] "GET /moderation-and-rules-on-omegle/ HTTP/1.0" 200 89490 "-" "Mozilla/5.0 (compatible; Barkrowler/0.9; +https://babbar.tech/crawler)"
45.117.177.72 - - [15/Sep/2025:17:35:25 +0700] "POST /wp-cron.php?doing_wp_cron=1757932525.2425599098205566406250 HTTP/1.0" 200 416 "-" "WordPress/6.8.1; https://vattusacky.vn"
217.113.194.74 - - [15/Sep/2025:17:35:23 +0700] "GET /moderation-and-rules-on-omegle/feed/ HTTP/1.0" 200 1687 "-" "Mozilla/5.0 (compatible; Barkrowler/0.9; +https://babbar.tech/crawler)"
51.222.168.157 - - [15/Sep/2025:17:35:30 +0700] "GET /por-copa-argentina-um-liga-profesional-este-proximo-rival-de-river-de-demichelis/ HTTP/1.0" 200 224813 "-" "Mozilla/5.0 (compatible; AhrefsBot/7.0; +http://ahrefs.com/robot/)"
217.113.194.72 - - [15/Sep/2025:17:35:42 +0700] "GET /anastasiadate-evaluation-2021/ HTTP/1.0" 200 222484 "-" "Mozilla/5.0 (compatible; Barkrowler/0.9; +https://babbar.tech/crawler)"
217.113.194.217 - - [15/Sep/2025:17:36:08 +0700] "GET /anastasiadate-evaluation-2021/feed/ HTTP/1.0" 200 1684 "-" "Mozilla/5.0 (compatible; Barkrowler/0.9; +https://babbar.tech/crawler)"
45.117.177.72 - - [15/Sep/2025:17:36:28 +0700] "POST /wp-cron.php?doing_wp_cron=1757932588.1057391166687011718750 HTTP/1.0" 200 416 "-" "WordPress/6.8.1; https://vattusacky.vn"
217.113.194.74 - - [15/Sep/2025:17:36:26 +0700] "GET /non-e-va-bene-cupido/feed/ HTTP/1.0" 200 1661 "-" "Mozilla/5.0 (compatible; Barkrowler/0.9; +https://babbar.tech/crawler)"
154.54.249.200 - - [15/Sep/2025:17:36:46 +0700] "GET /top-ten-most-popular-business-applications/ HTTP/1.0" 200 72448 "-" "Mozilla/5.0 (compatible; Barkrowler/0.9; +https://babbar.tech/crawler)"
85.208.96.209 - - [15/Sep/2025:17:36:48 +0700] "GET /kazino-vavada-top-kazino-v-internete-igrat-2/ HTTP/1.0" 200 220714 "-" "Mozilla/5.0 (compatible; SemrushBot/7~bl; +http://www.semrush.com/bot.html)"
154.54.249.200 - - [15/Sep/2025:17:37:07 +0700] "GET /privacy-concerns-with-ometv/feed/ HTTP/1.0" 200 1678 "-" "Mozilla/5.0 (compatible; Barkrowler/0.9; +https://babbar.tech/crawler)"
45.117.177.72 - - [15/Sep/2025:17:37:27 +0700] "POST /wp-cron.php?doing_wp_cron=1757932647.5715939998626708984375 HTTP/1.0" 200 416 "-" "WordPress/6.8.1; https://vattusacky.vn"
154.54.249.200 - - [15/Sep/2025:17:37:25 +0700] "GET /top-10-tips-to-grow-your-online-casino/feed/ HTTP/1.0" 200 1711 "-" "Mozilla/5.0 (compatible; Barkrowler/0.9; +https://babbar.tech/crawler)"
142.44.225.180 - - [15/Sep/2025:17:37:36 +0700] "GET /category/uncategorized/page/343/ HTTP/1.0" 200 77497 "-" "Mozilla/5.0 (compatible; AhrefsBot/7.0; +http://ahrefs.com/robot/)"
217.113.194.78 - - [15/Sep/2025:17:37:45 +0700] "GET /pin-up-aviator-game-review-9/ HTTP/1.0" 200 249076 "-" "Mozilla/5.0 (compatible; Barkrowler/0.9; +https://babbar.tech/crawler)"
45.117.177.72 - - [15/Sep/2025:17:38:17 +0700] "POST /wp-cron.php?doing_wp_cron=1757932697.4501819610595703125000 HTTP/1.0" 200 416 "-" "WordPress/6.8.1; https://vattusacky.vn"
217.113.194.74 - - [15/Sep/2025:17:38:16 +0700] "GET /dianabol-ds-price-in-uae/ HTTP/1.0" 200 103070 "-" "Mozilla/5.0 (compatible; Barkrowler/0.9; +https://babbar.tech/crawler)"
217.113.194.72 - - [15/Sep/2025:17:38:41 +0700] "GET /aviator-predictor-47/feed/ HTTP/1.0" 200 1654 "-" "Mozilla/5.0 (compatible; Barkrowler/0.9; +https://babbar.tech/crawler)"
217.113.194.75 - - [15/Sep/2025:17:38:59 +0700] "GET /lovely-and-specific-wedding-thoughts/feed/ HTTP/1.0" 200 1705 "-" "Mozilla/5.0 (compatible; Barkrowler/0.9; +https://babbar.tech/crawler)"
45.117.177.72 - - [15/Sep/2025:17:39:19 +0700] "POST /wp-cron.php?doing_wp_cron=1757932759.5359349250793457031250 HTTP/1.0" 200 416 "-" "WordPress/6.8.1; https://vattusacky.vn"
217.113.194.81 - - [15/Sep/2025:17:39:18 +0700] "GET /precisely-what-is-digital-document-storage/ HTTP/1.0" 200 205755 "-" "Mozilla/5.0 (compatible; Barkrowler/0.9; +https://babbar.tech/crawler)"
217.113.194.72 - - [15/Sep/2025:17:39:49 +0700] "GET /precisely-what-is-bdsm-meaning/ HTTP/1.0" 200 72936 "-" "Mozilla/5.0 (compatible; Barkrowler/0.9; +https://babbar.tech/crawler)"
51.222.95.237 - - [15/Sep/2025:17:40:03 +0700] "GET /author/yanz/page/293/ HTTP/1.0" 200 78504 "-" "Mozilla/5.0 (compatible; AhrefsBot/7.0; +http://ahrefs.com/robot/)"
217.113.194.73 - - [15/Sep/2025:17:40:09 +0700] "GET /how-to-stay-safe-on-ometv/ HTTP/1.0" 200 89154 "-" "Mozilla/5.0 (compatible; Barkrowler/0.9; +https://babbar.tech/crawler)"
45.117.177.72 - - [15/Sep/2025:17:40:33 +0700] "POST /wp-cron.php?doing_wp_cron=1757932833.2649068832397460937500 HTTP/1.0" 200 416 "-" "WordPress/6.8.1; https://vattusacky.vn"
217.113.194.218 - - [15/Sep/2025:17:40:34 +0700] "GET /how-to-enhance-your-omegle-experience/ HTTP/1.0" 200 90215 "-" "Mozilla/5.0 (compatible; Barkrowler/0.9; +https://babbar.tech/crawler)"
200.110.207.82 - - [15/Sep/2025:17:40:31 +0700] "GET /wp-login.php HTTP/1.0" 200 11374 "-" "GRequests/0.10"
217.113.194.79 - - [15/Sep/2025:17:40:55 +0700] "GET /how-to-discover-a-ukrainian-bride/feed/ HTTP/1.0" 200 1696 "-" "Mozilla/5.0 (compatible; Barkrowler/0.9; +https://babbar.tech/crawler)"
200.110.207.82 - - [15/Sep/2025:17:41:00 +0700] "POST /wp-login.php HTTP/1.0" 200 11748 "-" "GRequests/0.10"
217.113.194.78 - - [15/Sep/2025:17:41:14 +0700] "GET /how-to-find-free-casino-games-online-2/ HTTP/1.0" 200 73147 "-" "Mozilla/5.0 (compatible; Barkrowler/0.9; +https://babbar.tech/crawler)"
45.117.177.72 - - [15/Sep/2025:17:41:37 +0700] "POST /wp-cron.php?doing_wp_cron=1757932896.8250510692596435546875 HTTP/1.0" 200 416 "-" "WordPress/6.8.1; https://vattusacky.vn"
217.113.194.75 - - [15/Sep/2025:17:41:35 +0700] "GET /how-to-use-ometv-effectively/ HTTP/1.0" 200 90194 "-" "Mozilla/5.0 (compatible; Barkrowler/0.9; +https://babbar.tech/crawler)"
217.113.194.217 - - [15/Sep/2025:17:41:59 +0700] "GET /how-to-use-omegle-effectively/ HTTP/1.0" 200 90245 "-" "Mozilla/5.0 (compatible; Barkrowler/0.9; +https://babbar.tech/crawler)"
51.222.95.29 - - [15/Sep/2025:17:42:07 +0700] "GET /anonymity-and-intimacy-the-complex-dance-of-relationships-on-omegle/ HTTP/1.0" 200 91780 "-" "Mozilla/5.0 (compatible; AhrefsBot/7.0; +http://ahrefs.com/robot/)"
45.117.177.72 - - [15/Sep/2025:17:42:21 +0700] "POST /wp-cron.php?doing_wp_cron=1757932941.6672639846801757812500 HTTP/1.0" 200 416 "-" "WordPress/6.8.1; https://vattusacky.vn"
217.113.194.81 - - [15/Sep/2025:17:42:20 +0700] "GET /secrets-about-bc-game-bonus/feed/ HTTP/1.0" 200 1683 "-" "Mozilla/5.0 (compatible; Barkrowler/0.9; +https://babbar.tech/crawler)"
217.113.194.217 - - [15/Sep/2025:17:42:38 +0700] "GET /4rabet-official-website-28/ HTTP/1.0" 200 104473 "-" "Mozilla/5.0 (compatible; Barkrowler/0.9; +https://babbar.tech/crawler)"
217.113.194.80 - - [15/Sep/2025:17:43:03 +0700] "GET /play-online-slots-to-win-real-money/ HTTP/1.0" 200 73665 "-" "Mozilla/5.0 (compatible; Barkrowler/0.9; +https://babbar.tech/crawler)"
45.117.177.72 - - [15/Sep/2025:17:43:25 +0700] "POST /wp-cron.php?doing_wp_cron=1757933005.2612619400024414062500 HTTP/1.0" 200 416 "-" "WordPress/6.8.1; https://vattusacky.vn"
217.113.194.75 - - [15/Sep/2025:17:43:23 +0700] "GET /melbet-app-obtain-29/ HTTP/1.0" 200 220376 "-" "Mozilla/5.0 (compatible; Barkrowler/0.9; +https://babbar.tech/crawler)"
217.113.194.78 - - [15/Sep/2025:17:43:51 +0700] "GET /online-friendships-on-omegle/feed/ HTTP/1.0" 200 1681 "-" "Mozilla/5.0 (compatible; Barkrowler/0.9; +https://babbar.tech/crawler)"
217.113.194.217 - - [15/Sep/2025:17:44:11 +0700] "GET /how-could-i-chat-with-another-girl/ HTTP/1.0" 200 206337 "-" "Mozilla/5.0 (compatible; Barkrowler/0.9; +https://babbar.tech/crawler)"
45.117.177.72 - - [15/Sep/2025:17:44:25 +0700] "POST /wp-cron.php?doing_wp_cron=1757933064.9597969055175781250000 HTTP/1.0" 200 416 "-" "WordPress/6.8.1; https://vattusacky.vn"
51.222.168.174 - - [15/Sep/2025:17:44:23 +0700] "GET /dd%C2%B9d%C2%BD-dodd-d%C2%B8d%C2%BDd%C2%BE-ddonedd%C2%B8d%C2%BDn-n%C6%92donedd%C2%B8d%C2%BDn%C2%81dod%C2%B8d%C2%B5-gambling-den-d%C2%BDd-ned%C2%B5d/ HTTP/1.0" 200 212356 "-" "Mozilla/5.0 (compatible; AhrefsBot/7.0; +http://ahrefs.com/robot/)"
154.54.249.200 - - [15/Sep/2025:17:44:38 +0700] "GET /age-restrictions-on-ometv/ HTTP/1.0" 200 87603 "-" "Mozilla/5.0 (compatible; Barkrowler/0.9; +https://babbar.tech/crawler)"
217.113.194.81 - - [15/Sep/2025:17:45:01 +0700] "GET /age-restrictions-on-omegle/feed/ HTTP/1.0" 200 1675 "-" "Mozilla/5.0 (compatible; Barkrowler/0.9; +https://babbar.tech/crawler)"
45.117.177.72 - - [15/Sep/2025:17:45:21 +0700] "POST /wp-cron.php?doing_wp_cron=1757933121.2053990364074707031250 HTTP/1.0" 200 416 "-" "WordPress/6.8.1; https://vattusacky.vn"
217.113.194.72 - - [15/Sep/2025:17:45:19 +0700] "GET /types-of-organization-innovations/feed/ HTTP/1.0" 200 1698 "-" "Mozilla/5.0 (compatible; Barkrowler/0.9; +https://babbar.tech/crawler)"
217.113.194.218 - - [15/Sep/2025:17:45:39 +0700] "GET /creating-memories-on-omegle/ HTTP/1.0" 200 89255 "-" "Mozilla/5.0 (compatible; Barkrowler/0.9; +https://babbar.tech/crawler)"
217.113.194.81 - - [15/Sep/2025:17:45:59 +0700] "GET /the-ethics-of-online-interactions/feed/ HTTP/1.0" 200 1696 "-" "Mozilla/5.0 (compatible; Barkrowler/0.9; +https://babbar.tech/crawler)"
45.117.177.72 - - [15/Sep/2025:17:46:20 +0700] "POST /wp-cron.php?doing_wp_cron=1757933179.9315140247344970703125 HTTP/1.0" 200 416 "-" "WordPress/6.8.1; https://vattusacky.vn"
217.113.194.75 - - [15/Sep/2025:17:46:18 +0700] "GET /the-right-way-to-communicate-in-marriage/ HTTP/1.0" 200 207778 "-" "Mozilla/5.0 (compatible; Barkrowler/0.9; +https://babbar.tech/crawler)"
51.222.95.53 - - [15/Sep/2025:17:46:20 +0700] "GET /author/yanz/page/303/ HTTP/1.0" 200 78025 "-" "Mozilla/5.0 (compatible; AhrefsBot/7.0; +http://ahrefs.com/robot/)"
45.117.177.72 - - [15/Sep/2025:17:46:46 +0700] "POST /wp-cron.php?doing_wp_cron=1757933205.9919230937957763671875 HTTP/1.0" 200 416 "-" "WordPress/6.8.1; https://vattusacky.vn"
217.113.194.74 - - [15/Sep/2025:17:46:44 +0700] "GET /ometv-and-cyberbullying/feed/ HTTP/1.0" 200 1666 "-" "Mozilla/5.0 (compatible; Barkrowler/0.9; +https://babbar.tech/crawler)"
154.54.249.200 - - [15/Sep/2025:17:47:04 +0700] "GET /ometv-for-making-friends/feed/ HTTP/1.0" 200 1669 "-" "Mozilla/5.0 (compatible; Barkrowler/0.9; +https://babbar.tech/crawler)"
45.117.177.72 - - [15/Sep/2025:17:47:24 +0700] "POST /wp-cron.php?doing_wp_cron=1757933244.1847031116485595703125 HTTP/1.0" 200 416 "-" "WordPress/6.8.1; https://vattusacky.vn"
217.113.194.75 - - [15/Sep/2025:17:47:22 +0700] "GET /what-is-a-mutually-useful-arrangement/ HTTP/1.0" 200 208661 "-" "Mozilla/5.0 (compatible; Barkrowler/0.9; +https://babbar.tech/crawler)"
217.113.194.77 - - [15/Sep/2025:17:47:50 +0700] "GET /rencontre-mistakes-men-generate/feed/ HTTP/1.0" 200 1693 "-" "Mozilla/5.0 (compatible; Barkrowler/0.9; +https://babbar.tech/crawler)"
15.235.98.104 - - [15/Sep/2025:17:48:05 +0700] "GET /author/yanz/page/297/ HTTP/1.0" 200 76767 "-" "Mozilla/5.0 (compatible; AhrefsBot/7.0; +http://ahrefs.com/robot/)"
217.113.194.81 - - [15/Sep/2025:17:48:09 +0700] "GET /business-data-storage-and-showing/feed/ HTTP/1.0" 200 1696 "-" "Mozilla/5.0 (compatible; Barkrowler/0.9; +https://babbar.tech/crawler)"
45.117.177.72 - - [15/Sep/2025:17:48:28 +0700] "POST /wp-cron.php?doing_wp_cron=1757933308.7000200748443603515625 HTTP/1.0" 200 416 "-" "WordPress/6.8.1; https://vattusacky.vn"
217.113.194.73 - - [15/Sep/2025:17:48:27 +0700] "GET /trt-sante-et-bodybuilding/feed/ HTTP/1.0" 200 1673 "-" "Mozilla/5.0 (compatible; Barkrowler/0.9; +https://babbar.tech/crawler)"
217.113.194.73 - - [15/Sep/2025:17:48:45 +0700] "GET /trt-sante-et-bodybuilding/ HTTP/1.0" 200 209129 "-" "Mozilla/5.0 (compatible; Barkrowler/0.9; +https://babbar.tech/crawler)"
217.113.194.75 - - [15/Sep/2025:17:49:11 +0700] "GET /snail-mail-in-order-partner/feed/ HTTP/1.0" 200 1678 "-" "Mozilla/5.0 (compatible; Barkrowler/0.9; +https://babbar.tech/crawler)"
45.117.177.72 - - [15/Sep/2025:17:49:33 +0700] "POST /wp-cron.php?doing_wp_cron=1757933372.9240849018096923828125 HTTP/1.0" 200 416 "-" "WordPress/6.8.1; https://vattusacky.vn"
217.113.194.76 - - [15/Sep/2025:17:49:31 +0700] "GET /shopper-complaints-courtroom-16/ HTTP/1.0" 200 235796 "-" "Mozilla/5.0 (compatible; Barkrowler/0.9; +https://babbar.tech/crawler)"
85.208.96.201 - - [15/Sep/2025:17:49:53 +0700] "GET /san-pham/do-da-chi-tieu-kim-loai/ HTTP/1.0" 200 134277 "-" "Mozilla/5.0 (compatible; SemrushBot/7~bl; +http://www.semrush.com/bot.html)"
54.39.136.104 - - [15/Sep/2025:17:49:53 +0700] "GET /author/yanz/page/283/ HTTP/1.0" 200 77592 "-" "Mozilla/5.0 (compatible; AhrefsBot/7.0; +http://ahrefs.com/robot/)"
217.113.194.79 - - [15/Sep/2025:17:50:02 +0700] "GET /protected-online-data-rooms-solutions/feed/ HTTP/1.0" 200 1708 "-" "Mozilla/5.0 (compatible; Barkrowler/0.9; +https://babbar.tech/crawler)"
45.117.177.72 - - [15/Sep/2025:17:50:22 +0700] "POST /wp-cron.php?doing_wp_cron=1757933422.3806529045104980468750 HTTP/1.0" 200 416 "-" "WordPress/6.8.1; https://vattusacky.vn"
154.54.249.200 - - [15/Sep/2025:17:50:20 +0700] "GET /quantracnuocthai/feed/ HTTP/1.0" 200 1690 "-" "Mozilla/5.0 (compatible; Barkrowler/0.9; +https://babbar.tech/crawler)"
185.191.171.5 - - [15/Sep/2025:17:50:29 +0700] "GET /the/do-o3/ HTTP/1.0" 200 67999 "-" "Mozilla/5.0 (compatible; SemrushBot/7~bl; +http://www.semrush.com/bot.html)"
52.167.144.208 - - [15/Sep/2025:17:50:32 +0700] "GET /kham-pha-vu-tru-ly-ky-cua-tro-choi-song-bac/ HTTP/1.0" 200 77689 "-" "Mozilla/5.0 AppleWebKit/537.36 (KHTML, like Gecko; compatible; bingbot/2.0; +http://www.bing.com/bingbot.htm) Chrome/116.0.1938.76 Safari/537.36"
217.113.194.75 - - [15/Sep/2025:17:50:41 +0700] "GET /is-omegle-safe-for-use/feed/ HTTP/1.0" 200 1663 "-" "Mozilla/5.0 (compatible; Barkrowler/0.9; +https://babbar.tech/crawler)"
217.113.194.81 - - [15/Sep/2025:17:51:02 +0700] "GET /1xbit-evaluation-2023-35/ HTTP/1.0" 200 220705 "-" "Mozilla/5.0 (compatible; Barkrowler/0.9; +https://babbar.tech/crawler)"
45.117.177.72 - - [15/Sep/2025:17:51:32 +0700] "POST /wp-cron.php?doing_wp_cron=1757933492.5244529247283935546875 HTTP/1.0" 200 416 "-" "WordPress/6.8.1; https://vattusacky.vn"
217.113.194.73 - - [15/Sep/2025:17:51:31 +0700] "GET /category/dating-over-40-blog/feed/ HTTP/1.0" 200 152902 "-" "Mozilla/5.0 (compatible; Barkrowler/0.9; +https://babbar.tech/crawler)"
54.39.136.80 - - [15/Sep/2025:17:51:46 +0700] "GET /author/yanz/page/277/ HTTP/1.0" 200 77262 "-" "Mozilla/5.0 (compatible; AhrefsBot/7.0; +http://ahrefs.com/robot/)"
217.113.194.73 - - [15/Sep/2025:17:51:57 +0700] "GET /category/mostbet-in-turkey/feed/ HTTP/1.0" 200 82323 "-" "Mozilla/5.0 (compatible; Barkrowler/0.9; +https://babbar.tech/crawler)"
45.117.177.72 - - [15/Sep/2025:17:52:20 +0700] "POST /wp-cron.php?doing_wp_cron=1757933540.1568980216979980468750 HTTP/1.0" 200 416 "-" "WordPress/6.8.1; https://vattusacky.vn"
217.113.194.81 - - [15/Sep/2025:17:52:18 +0700] "GET /category/mostbet-casino-92/feed/ HTTP/1.0" 200 99540 "-" "Mozilla/5.0 (compatible; Barkrowler/0.9; +https://babbar.tech/crawler)"
142.44.228.254 - - [15/Sep/2025:17:52:22 +0700] "GET /wp-content/uploads/2023/08/ggbet.jpg HTTP/1.0" 200 413 "-" "Mozilla/5.0 (compatible; AhrefsBot/7.0; +http://ahrefs.com/robot/)"
217.113.194.79 - - [15/Sep/2025:17:52:42 +0700] "GET /category/torgovaja-platforma/feed/ HTTP/1.0" 200 238336 "-" "Mozilla/5.0 (compatible; Barkrowler/0.9; +https://babbar.tech/crawler)"
217.113.194.72 - - [15/Sep/2025:17:53:09 +0700] "GET /category/best-website-to-find-women/ HTTP/1.0" 200 58832 "-" "Mozilla/5.0 (compatible; Barkrowler/0.9; +https://babbar.tech/crawler)"
45.117.177.72 - - [15/Sep/2025:17:53:20 +0700] "POST /wp-cron.php?doing_wp_cron=1757933600.6967530250549316406250 HTTP/1.0" 200 416 "-" "WordPress/6.8.1; https://vattusacky.vn"
44.220.2.97 - - [15/Sep/2025:17:53:19 +0700] "GET /dlab/ HTTP/1.0" 200 203376 "-" "Mozilla/5.0 AppleWebKit/537.36 (KHTML, like Gecko; compatible; Amazonbot/0.1; +https://developer.amazon.com/support/amazonbot) Chrome/119.0.6045.214 Safari/537.36"
50.16.248.61 - - [15/Sep/2025:17:53:22 +0700] "GET /the/do-do-on/ HTTP/1.0" 200 96660 "-" "Mozilla/5.0 AppleWebKit/537.36 (KHTML, like Gecko; compatible; Amazonbot/0.1; +https://developer.amazon.com/support/amazonbot) Chrome/119.0.6045.214 Safari/537.36"
52.45.15.233 - - [15/Sep/2025:17:53:26 +0700] "GET /the/isokinetic/ HTTP/1.0" 200 78549 "-" "Mozilla/5.0 AppleWebKit/537.36 (KHTML, like Gecko; compatible; Amazonbot/0.1; +https://developer.amazon.com/support/amazonbot) Chrome/119.0.6045.214 Safari/537.36"
217.113.194.74 - - [15/Sep/2025:17:53:30 +0700] "GET /category/chinese-mail-order-wives/ HTTP/1.0" 200 90998 "-" "Mozilla/5.0 (compatible; Barkrowler/0.9; +https://babbar.tech/crawler)"
34.235.239.240 - - [15/Sep/2025:17:53:32 +0700] "GET /the/luu-toc-dong-chay-kenh-ho/ HTTP/1.0" 200 68818 "-" "Mozilla/5.0 AppleWebKit/537.36 (KHTML, like Gecko; compatible; Amazonbot/0.1; +https://developer.amazon.com/support/amazonbot) Chrome/119.0.6045.214 Safari/537.36"
54.86.59.155 - - [15/Sep/2025:17:53:34 +0700] "GET /san-pham/bo-tach-chiet-theo-epa-1311/ HTTP/1.0" 301 697 "-" "Mozilla/5.0 AppleWebKit/537.36 (KHTML, like Gecko; compatible; Amazonbot/0.1; +https://developer.amazon.com/support/amazonbot) Chrome/119.0.6045.214 Safari/537.36"
44.218.170.184 - - [15/Sep/2025:17:53:36 +0700] "GET /san-pham/bo-tach-chiet-voc-theo-epa-1311/ HTTP/1.0" 200 107424 "-" "Mozilla/5.0 AppleWebKit/537.36 (KHTML, like Gecko; compatible; Amazonbot/0.1; +https://developer.amazon.com/support/amazonbot) Chrome/119.0.6045.214 Safari/537.36"
3.224.205.25 - - [15/Sep/2025:17:53:37 +0700] "GET /category/blog/page/10/ HTTP/1.0" 200 74060 "-" "Mozilla/5.0 AppleWebKit/537.36 (KHTML, like Gecko; compatible; Amazonbot/0.1; +https://developer.amazon.com/support/amazonbot) Chrome/119.0.6045.214 Safari/537.36"
54.39.210.9 - - [15/Sep/2025:17:53:45 +0700] "GET /author/yanz/page/287/ HTTP/1.0" 200 76755 "-" "Mozilla/5.0 (compatible; AhrefsBot/7.0; +http://ahrefs.com/robot/)"
217.113.194.77 - - [15/Sep/2025:17:53:50 +0700] "GET /category/chinese-mail-order-wives/feed/ HTTP/1.0" 200 47735 "-" "Mozilla/5.0 (compatible; Barkrowler/0.9; +https://babbar.tech/crawler)"
217.113.194.81 - - [15/Sep/2025:17:54:11 +0700] "GET /category/thai-mail-order-wives/ HTTP/1.0" 200 106745 "-" "Mozilla/5.0 (compatible; Barkrowler/0.9; +https://babbar.tech/crawler)"
45.117.177.72 - - [15/Sep/2025:17:54:36 +0700] "POST /wp-cron.php?doing_wp_cron=1757933676.6858661174774169921875 HTTP/1.0" 200 416 "-" "WordPress/6.8.1; https://vattusacky.vn"
217.113.194.218 - - [15/Sep/2025:17:54:35 +0700] "GET /category/bukmacherzy-online/feed/ HTTP/1.0" 200 152286 "-" "Mozilla/5.0 (compatible; Barkrowler/0.9; +https://babbar.tech/crawler)"
217.113.194.217 - - [15/Sep/2025:17:55:01 +0700] "GET /methods-for-dating-an-older-man/feed/ HTTP/1.0" 200 1690 "-" "Mozilla/5.0 (compatible; Barkrowler/0.9; +https://babbar.tech/crawler)"
45.117.177.72 - - [15/Sep/2025:17:55:21 +0700] "POST /wp-cron.php?doing_wp_cron=1757933721.3136079311370849609375 HTTP/1.0" 200 416 "-" "WordPress/6.8.1; https://vattusacky.vn"
217.113.194.218 - - [15/Sep/2025:17:55:19 +0700] "GET /methods-to-communicate-in-marriage/ HTTP/1.0" 200 207563 "-" "Mozilla/5.0 (compatible; Barkrowler/0.9; +https://babbar.tech/crawler)"
54.39.89.76 - - [15/Sep/2025:17:55:38 +0700] "GET /category/uncategorized/page/313/ HTTP/1.0" 200 139340 "-" "Mozilla/5.0 (compatible; AhrefsBot/7.0; +http://ahrefs.com/robot/)"
217.113.194.217 - - [15/Sep/2025:17:55:50 +0700] "GET /understanding-system-error-codes/feed/ HTTP/1.0" 200 1693 "-" "Mozilla/5.0 (compatible; Barkrowler/0.9; +https://babbar.tech/crawler)"
217.113.194.73 - - [15/Sep/2025:17:56:08 +0700] "GET /5-things-people-hate-about-casino/feed/ HTTP/1.0" 200 1698 "-" "Mozilla/5.0 (compatible; Barkrowler/0.9; +https://babbar.tech/crawler)"
45.117.177.72 - - [15/Sep/2025:17:56:30 +0700] "POST /wp-cron.php?doing_wp_cron=1757933790.7506799697875976562500 HTTP/1.0" 200 416 "-" "WordPress/6.8.1; https://vattusacky.vn"
217.113.194.72 - - [15/Sep/2025:17:56:29 +0700] "GET /meeting-new-people-on-omegle/feed/ HTTP/1.0" 200 1681 "-" "Mozilla/5.0 (compatible; Barkrowler/0.9; +https://babbar.tech/crawler)"
217.113.194.74 - - [15/Sep/2025:17:56:48 +0700] "GET /the-pros-and-cons-of-open-affairs/feed/ HTTP/1.0" 200 1696 "-" "Mozilla/5.0 (compatible; Barkrowler/0.9; +https://babbar.tech/crawler)"
216.244.66.237 - - [15/Sep/2025:17:56:53 +0700] "GET /robots.txt HTTP/1.0" 200 984 "-" "Mozilla/5.0 (compatible; DotBot/1.2; +https://opensiteexplorer.org/dotbot; help@moz.com)"
154.54.249.200 - - [15/Sep/2025:17:57:08 +0700] "GET /asian-bride-in-the-united-states/feed/ HTTP/1.0" 200 1693 "-" "Mozilla/5.0 (compatible; Barkrowler/0.9; +https://babbar.tech/crawler)"
45.117.177.72 - - [15/Sep/2025:17:57:25 +0700] "POST /wp-cron.php?doing_wp_cron=1757933845.3995940685272216796875 HTTP/1.0" 200 416 "-" "WordPress/6.8.1; https://vattusacky.vn"
20.41.86.125 - - [15/Sep/2025:17:57:23 +0700] "GET //wp-content/plugins/fix/up.php HTTP/1.0" 301 685 "-" "Mozilla/5.0 (Windows NT 10.0; Win64; x64) AppleWebKit/537.36 (KHTML, like Gecko) Chrome/85.0.4183.102 Safari/537.36"
20.41.86.125 - - [15/Sep/2025:17:57:25 +0700] "GET /wp-content/plugins/fix/up.php HTTP/1.0" 404 70666 "-" "Mozilla/5.0 (Windows NT 10.0; Win64; x64) AppleWebKit/537.36 (KHTML, like Gecko) Chrome/85.0.4183.102 Safari/537.36"
51.161.37.173 - - [15/Sep/2025:17:57:26 +0700] "GET /category/uncategorized/page/307/ HTTP/1.0" 200 76020 "-" "Mozilla/5.0 (compatible; AhrefsBot/7.0; +http://ahrefs.com/robot/)"
217.113.194.218 - - [15/Sep/2025:17:57:28 +0700] "GET /essay-for-sale-with-custom-writing-services/ HTTP/1.0" 200 207005 "-" "Mozilla/5.0 (compatible; Barkrowler/0.9; +https://babbar.tech/crawler)"
217.113.194.81 - - [15/Sep/2025:17:58:01 +0700] "GET /loratadine-original-online-pharmacy/feed/ HTTP/1.0" 200 1702 "-" "Mozilla/5.0 (compatible; Barkrowler/0.9; +https://babbar.tech/crawler)"
45.117.177.72 - - [15/Sep/2025:17:58:22 +0700] "POST /wp-cron.php?doing_wp_cron=1757933901.9037199020385742187500 HTTP/1.0" 200 416 "-" "WordPress/6.8.1; https://vattusacky.vn"
217.113.194.218 - - [15/Sep/2025:17:58:20 +0700] "GET /ps-jewelry-write-reviews/feed/ HTTP/1.0" 200 1671 "-" "Mozilla/5.0 (compatible; Barkrowler/0.9; +https://babbar.tech/crawler)"
217.113.194.78 - - [15/Sep/2025:17:58:39 +0700] "GET /various-kinds-of-sugar-daddies/ HTTP/1.0" 200 207979 "-" "Mozilla/5.0 (compatible; Barkrowler/0.9; +https://babbar.tech/crawler)"
54.39.203.24 - - [15/Sep/2025:17:59:08 +0700] "GET /category/uncategorized/page/323/ HTTP/1.0" 200 77335 "-" "Mozilla/5.0 (compatible; AhrefsBot/7.0; +http://ahrefs.com/robot/)"
185.191.171.18 - - [15/Sep/2025:17:59:09 +0700] "GET /the/dong-chay-kenh-ho/ HTTP/1.0" 200 81460 "-" "Mozilla/5.0 (compatible; SemrushBot/7~bl; +http://www.semrush.com/bot.html)"
217.113.194.74 - - [15/Sep/2025:17:59:14 +0700] "GET /buy-clomid-without-a-prescription/feed/ HTTP/1.0" 200 1696 "-" "Mozilla/5.0 (compatible; Barkrowler/0.9; +https://babbar.tech/crawler)"
45.117.177.72 - - [15/Sep/2025:17:59:36 +0700] "POST /wp-cron.php?doing_wp_cron=1757933976.6510989665985107421875 HTTP/1.0" 200 416 "-" "WordPress/6.8.1; https://vattusacky.vn"
217.113.194.78 - - [15/Sep/2025:17:59:35 +0700] "GET /preparing-a-romantic-date-night-in/ HTTP/1.0" 200 204262 "-" "Mozilla/5.0 (compatible; Barkrowler/0.9; +https://babbar.tech/crawler)"
217.113.194.79 - - [15/Sep/2025:18:00:02 +0700] "GET /avast-free-discussion-board/feed/ HTTP/1.0" 200 1678 "-" "Mozilla/5.0 (compatible; Barkrowler/0.9; +https://babbar.tech/crawler)"
45.117.177.72 - - [15/Sep/2025:18:00:23 +0700] "POST /wp-cron.php?doing_wp_cron=1757934023.6576080322265625000000 HTTP/1.0" 200 416 "-" "WordPress/6.8.1; https://vattusacky.vn"
217.113.194.73 - - [15/Sep/2025:18:00:22 +0700] "GET /avast-internet-protection-review/feed/ HTTP/1.0" 200 1693 "-" "Mozilla/5.0 (compatible; Barkrowler/0.9; +https://babbar.tech/crawler)"
217.113.194.74 - - [15/Sep/2025:18:00:41 +0700] "GET /tag/moi-truong-dat/feed/ HTTP/1.0" 200 164912 "-" "Mozilla/5.0 (compatible; Barkrowler/0.9; +https://babbar.tech/crawler)"
45.117.177.72 - - [15/Sep/2025:18:01:07 +0700] "POST /wp-cron.php?doing_wp_cron=1757934067.7227699756622314453125 HTTP/1.0" 200 416 "-" "WordPress/6.8.1; https://vattusacky.vn"
217.113.194.218 - - [15/Sep/2025:18:01:06 +0700] "GET /tag/moitruonglaodong/feed/ HTTP/1.0" 200 157909 "-" "Mozilla/5.0 (compatible; Barkrowler/0.9; +https://babbar.tech/crawler)"
142.44.233.120 - - [15/Sep/2025:18:01:07 +0700] "GET /category/uncategorized/page/317/ HTTP/1.0" 200 76777 "-" "Mozilla/5.0 (compatible; AhrefsBot/7.0; +http://ahrefs.com/robot/)"
45.117.177.72 - - [15/Sep/2025:18:01:30 +0700] "POST /wp-cron.php?doing_wp_cron=1757934090.1437659263610839843750 HTTP/1.0" 200 416 "-" "WordPress/6.8.1; https://vattusacky.vn"
154.54.249.200 - - [15/Sep/2025:18:01:28 +0700] "GET /tag/situs-royale168/feed/ HTTP/1.0" 200 5774 "-" "Mozilla/5.0 (compatible; Barkrowler/0.9; +https://babbar.tech/crawler)"
185.191.171.18 - - [15/Sep/2025:18:01:44 +0700] "GET /author/yanz/page/373/ HTTP/1.0" 200 79722 "-" "Mozilla/5.0 (compatible; SemrushBot/7~bl; +http://www.semrush.com/bot.html)"
154.54.249.200 - - [15/Sep/2025:18:01:49 +0700] "GET /just-how-to-just-take-a-dick-pic/ HTTP/1.0" 200 213975 "-" "Mozilla/5.0 (compatible; Barkrowler/0.9; +https://babbar.tech/crawler)"
85.208.96.203 - - [15/Sep/2025:18:02:07 +0700] "GET /favorable-bets-along-with-22bet-95/ HTTP/1.0" 200 237092 "-" "Mozilla/5.0 (compatible; SemrushBot/7~bl; +http://www.semrush.com/bot.html)"
45.117.177.72 - - [15/Sep/2025:18:02:20 +0700] "POST /wp-cron.php?doing_wp_cron=1757934140.5423910617828369140625 HTTP/1.0" 200 416 "-" "WordPress/6.8.1; https://vattusacky.vn"
217.113.194.77 - - [15/Sep/2025:18:02:19 +0700] "GET /just-how-is-cbd-made/feed/ HTTP/1.0" 200 1658 "-" "Mozilla/5.0 (compatible; Barkrowler/0.9; +https://babbar.tech/crawler)"
217.182.195.181 - - [15/Sep/2025:18:02:35 +0700] "GET /robots.txt HTTP/1.0" 200 984 "-" "Mozilla/5.0 (compatible; MJ12bot/v1.4.8; http://mj12bot.com/)"
85.208.96.212 - - [15/Sep/2025:18:02:37 +0700] "GET /author/yanz/page/376/ HTTP/1.0" 200 77529 "-" "Mozilla/5.0 (compatible; SemrushBot/7~bl; +http://www.semrush.com/bot.html)"
217.113.194.79 - - [15/Sep/2025:18:02:38 +0700] "GET /activities-on-a-earliest-date/feed/ HTTP/1.0" 200 1684 "-" "Mozilla/5.0 (compatible; Barkrowler/0.9; +https://babbar.tech/crawler)"
217.182.195.181 - - [15/Sep/2025:18:02:45 +0700] "GET /danh-muc/moi-truong-nuoc/lay-mau-nuoc-alpha-van-dorn-loai-ngang/feed/ HTTP/1.0" 200 1796151 "-" "Mozilla/5.0 (compatible; MJ12bot/v1.4.8; http://mj12bot.com/)"
217.113.194.79 - - [15/Sep/2025:18:02:56 +0700] "GET /betwinner-football-betting-249/feed/ HTTP/1.0" 200 1683 "-" "Mozilla/5.0 (compatible; Barkrowler/0.9; +https://babbar.tech/crawler)"
54.39.203.75 - - [15/Sep/2025:18:03:09 +0700] "GET /category/uncategorized/page/333/ HTTP/1.0" 200 76857 "-" "Mozilla/5.0 (compatible; AhrefsBot/7.0; +http://ahrefs.com/robot/)"
45.117.177.72 - - [15/Sep/2025:18:03:17 +0700] "POST /wp-cron.php?doing_wp_cron=1757934197.1586658954620361328125 HTTP/1.0" 200 416 "-" "WordPress/6.8.1; https://vattusacky.vn"
217.113.194.79 - - [15/Sep/2025:18:03:15 +0700] "GET /the/coc-theo-1311/feed/ HTTP/1.0" 200 7946 "-" "Mozilla/5.0 (compatible; Barkrowler/0.9; +https://babbar.tech/crawler)"
217.113.194.74 - - [15/Sep/2025:18:03:35 +0700] "GET /the/giay-loc-hi-q/feed/ HTTP/1.0" 200 146673 "-" "Mozilla/5.0 (compatible; Barkrowler/0.9; +https://babbar.tech/crawler)"
45.117.177.72 - - [15/Sep/2025:18:04:01 +0700] "POST /wp-cron.php?doing_wp_cron=1757934241.2098939418792724609375 HTTP/1.0" 200 416 "-" "WordPress/6.8.1; https://vattusacky.vn"
217.113.194.77 - - [15/Sep/2025:18:03:59 +0700] "GET /arimidex-high-blood-pressure/ HTTP/1.0" 200 102382 "-" "Mozilla/5.0 (compatible; Barkrowler/0.9; +https://babbar.tech/crawler)"
45.117.177.72 - - [15/Sep/2025:18:04:26 +0700] "POST /wp-cron.php?doing_wp_cron=1757934266.2226860523223876953125 HTTP/1.0" 200 416 "-" "WordPress/6.8.1; https://vattusacky.vn"
217.113.194.77 - - [15/Sep/2025:18:04:24 +0700] "GET /the/hieu-chuan-bom/ HTTP/1.0" 200 68671 "-" "Mozilla/5.0 (compatible; Barkrowler/0.9; +https://babbar.tech/crawler)"
217.113.194.81 - - [15/Sep/2025:18:04:45 +0700] "GET /the/hieu-chuan-khi/feed/ HTTP/1.0" 200 147288 "-" "Mozilla/5.0 (compatible; Barkrowler/0.9; +https://babbar.tech/crawler)"
142.44.220.110 - - [15/Sep/2025:18:04:51 +0700] "GET /category/uncategorized/page/327/ HTTP/1.0" 200 76595 "-" "Mozilla/5.0 (compatible; AhrefsBot/7.0; +http://ahrefs.com/robot/)"
217.113.194.74 - - [15/Sep/2025:18:05:13 +0700] "GET /the/mau-bui-iodine/feed/ HTTP/1.0" 200 144901 "-" "Mozilla/5.0 (compatible; Barkrowler/0.9; +https://babbar.tech/crawler)"
45.117.177.72 - - [15/Sep/2025:18:05:39 +0700] "POST /wp-cron.php?doing_wp_cron=1757934339.6818408966064453125000 HTTP/1.0" 200 416 "-" "WordPress/6.8.1; https://vattusacky.vn"
217.113.194.81 - - [15/Sep/2025:18:05:38 +0700] "GET /the/lay-mau-vi-sinh/feed/ HTTP/1.0" 200 10954 "-" "Mozilla/5.0 (compatible; Barkrowler/0.9; +https://babbar.tech/crawler)"
217.113.194.72 - - [15/Sep/2025:18:05:58 +0700] "GET /the/lay-mau-tsp/page/2/ HTTP/1.0" 200 125587 "-" "Mozilla/5.0 (compatible; Barkrowler/0.9; +https://babbar.tech/crawler)"
45.117.177.72 - - [15/Sep/2025:18:06:21 +0700] "POST /wp-cron.php?doing_wp_cron=1757934381.0575571060180664062500 HTTP/1.0" 200 416 "-" "WordPress/6.8.1; https://vattusacky.vn"
217.113.194.72 - - [15/Sep/2025:18:06:19 +0700] "GET /the/do-nh4no3/feed/ HTTP/1.0" 200 146396 "-" "Mozilla/5.0 (compatible; Barkrowler/0.9; +https://babbar.tech/crawler)"
167.86.66.203 - - [15/Sep/2025:18:06:24 +0700] "GET /file-manager/ckeditor HTTP/1.0" 404 70812 "-" "Mozilla/5.0 (Windows NT 10.0; Win64; x64) AppleWebKit/537.36 (KHTML, like Gecko) Chrome/129.0.6668.71 Safari/537.36"
51.161.65.53 - - [15/Sep/2025:18:06:35 +0700] "GET /category/dota-2/ HTTP/1.0" 200 58420 "-" "Mozilla/5.0 (compatible; AhrefsBot/7.0; +http://ahrefs.com/robot/)"
217.113.194.77 - - [15/Sep/2025:18:06:44 +0700] "GET /the/do-da-chi-tieu/feed/ HTTP/1.0" 200 10846 "-" "Mozilla/5.0 (compatible; Barkrowler/0.9; +https://babbar.tech/crawler)"
217.113.194.78 - - [15/Sep/2025:18:07:04 +0700] "GET /the/do-kim-loai-nang/feed/ HTTP/1.0" 200 32788 "-" "Mozilla/5.0 (compatible; Barkrowler/0.9; +https://babbar.tech/crawler)"
45.117.177.72 - - [15/Sep/2025:18:07:23 +0700] "POST /wp-cron.php?doing_wp_cron=1757934442.9866800308227539062500 HTTP/1.0" 200 416 "-" "WordPress/6.8.1; https://vattusacky.vn"
54.39.210.255 - - [15/Sep/2025:18:07:21 +0700] "GET /category/uncategorized/page/333/ HTTP/1.0" 200 76857 "-" "Mozilla/5.0 (compatible; AhrefsBot/7.0; +http://ahrefs.com/robot/)"
217.113.194.78 - - [15/Sep/2025:18:07:23 +0700] "GET /the/luu-toc-dong-chay/feed/ HTTP/1.0" 200 146855 "-" "Mozilla/5.0 (compatible; Barkrowler/0.9; +https://babbar.tech/crawler)"
217.113.194.79 - - [15/Sep/2025:18:07:45 +0700] "GET /the/bo-chuyen-dau/feed/ HTTP/1.0" 200 291730 "-" "Mozilla/5.0 (compatible; Barkrowler/0.9; +https://babbar.tech/crawler)"
45.117.177.72 - - [15/Sep/2025:18:08:17 +0700] "POST /wp-cron.php?doing_wp_cron=1757934497.3182389736175537109375 HTTP/1.0" 200 416 "-" "WordPress/6.8.1; https://vattusacky.vn"
217.113.194.80 - - [15/Sep/2025:18:08:16 +0700] "GET /the/tong-chat-ran-hoa-tan/feed/ HTTP/1.0" 200 148374 "-" "Mozilla/5.0 (compatible; Barkrowler/0.9; +https://babbar.tech/crawler)"
148.113.130.104 - - [15/Sep/2025:18:08:16 +0700] "GET /the/do-do/ HTTP/1.0" 200 67939 "-" "Mozilla/5.0 (compatible; AhrefsBot/7.0; +http://ahrefs.com/robot/)"
185.191.171.10 - - [15/Sep/2025:18:08:17 +0700] "GET /danh-muc/phan-tich-thi-nghie%CC%A3m/quang-pho-phat-xa-plasma-icpoes/ HTTP/1.0" 200 68974 "-" "Mozilla/5.0 (compatible; SemrushBot/7~bl; +http://www.semrush.com/bot.html)"
45.117.177.72 - - [15/Sep/2025:18:08:43 +0700] "POST /wp-cron.php?doing_wp_cron=1757934523.3012130260467529296875 HTTP/1.0" 200 416 "-" "WordPress/6.8.1; https://vattusacky.vn"
154.54.249.200 - - [15/Sep/2025:18:08:41 +0700] "GET /deciding-on-a-data-space-provider/ HTTP/1.0" 200 71869 "-" "Mozilla/5.0 (compatible; Barkrowler/0.9; +https://babbar.tech/crawler)"
45.117.177.72 - - [15/Sep/2025:18:09:06 +0700] "POST /wp-cron.php?doing_wp_cron=1757934545.7803969383239746093750 HTTP/1.0" 200 416 "-" "WordPress/6.8.1; https://vattusacky.vn"
217.113.194.80 - - [15/Sep/2025:18:09:04 +0700] "GET /can-you-take-viagra-with-cialis/ HTTP/1.0" 200 85407 "-" "Mozilla/5.0 (compatible; Barkrowler/0.9; +https://babbar.tech/crawler)"
45.117.177.72 - - [15/Sep/2025:18:09:28 +0700] "POST /wp-cron.php?doing_wp_cron=1757934567.9571850299835205078125 HTTP/1.0" 200 416 "-" "WordPress/6.8.1; https://vattusacky.vn"
217.113.194.80 - - [15/Sep/2025:18:09:26 +0700] "GET /can-you-take-viagra-with-cialis/feed/ HTTP/1.0" 200 1692 "-" "Mozilla/5.0 (compatible; Barkrowler/0.9; +https://babbar.tech/crawler)"
217.113.194.72 - - [15/Sep/2025:18:09:46 +0700] "GET /can-you-get-clomid-otc/feed/ HTTP/1.0" 200 1665 "-" "Mozilla/5.0 (compatible; Barkrowler/0.9; +https://babbar.tech/crawler)"
217.113.194.78 - - [15/Sep/2025:18:10:05 +0700] "GET /can-be-my-romance-over/feed/ HTTP/1.0" 200 1664 "-" "Mozilla/5.0 (compatible; Barkrowler/0.9; +https://babbar.tech/crawler)"
85.208.96.199 - - [15/Sep/2025:18:10:11 +0700] "GET /danh-muc/thiet-bi%CC%A3-do-luong/ HTTP/1.0" 200 64991 "-" "Mozilla/5.0 (compatible; SemrushBot/7~bl; +http://www.semrush.com/bot.html)"
45.117.177.72 - - [15/Sep/2025:18:10:26 +0700] "POST /wp-cron.php?doing_wp_cron=1757934625.9058980941772460937500 HTTP/1.0" 200 416 "-" "WordPress/6.8.1; https://vattusacky.vn"
217.113.194.217 - - [15/Sep/2025:18:10:24 +0700] "GET /how-can-norton-safe-search-work/feed/ HTTP/1.0" 200 1691 "-" "Mozilla/5.0 (compatible; Barkrowler/0.9; +https://babbar.tech/crawler)"
148.113.130.204 - - [15/Sep/2025:18:10:32 +0700] "GET /the/do-ooxy-hoa-tan/ HTTP/1.0" 200 68161 "-" "Mozilla/5.0 (compatible; AhrefsBot/7.0; +http://ahrefs.com/robot/)"
217.113.194.72 - - [15/Sep/2025:18:10:42 +0700] "GET /learn-the-essay-writing-service-alternative/ HTTP/1.0" 200 73293 "-" "Mozilla/5.0 (compatible; Barkrowler/0.9; +https://babbar.tech/crawler)"
217.113.194.78 - - [15/Sep/2025:18:11:04 +0700] "GET /costa-da-prata-wedding-traditions/ HTTP/1.0" 200 207530 "-" "Mozilla/5.0 (compatible; Barkrowler/0.9; +https://babbar.tech/crawler)"
45.117.177.72 - - [15/Sep/2025:18:11:35 +0700] "POST /wp-cron.php?doing_wp_cron=1757934694.9759500026702880859375 HTTP/1.0" 200 416 "-" "WordPress/6.8.1; https://vattusacky.vn"
217.113.194.72 - - [15/Sep/2025:18:11:33 +0700] "GET /22bet-registration-26/feed/ HTTP/1.0" 200 1657 "-" "Mozilla/5.0 (compatible; Barkrowler/0.9; +https://babbar.tech/crawler)"
217.113.194.81 - - [15/Sep/2025:18:11:52 +0700] "GET /22bet-withdrawal-148/feed/ HTTP/1.0" 200 1653 "-" "Mozilla/5.0 (compatible; Barkrowler/0.9; +https://babbar.tech/crawler)"
217.113.194.218 - - [15/Sep/2025:18:12:11 +0700] "GET /popular-chat-topics-on-ometv/ HTTP/1.0" 200 88027 "-" "Mozilla/5.0 (compatible; Barkrowler/0.9; +https://babbar.tech/crawler)"
45.117.177.72 - - [15/Sep/2025:18:12:34 +0700] "POST /wp-cron.php?doing_wp_cron=1757934754.3156421184539794921875 HTTP/1.0" 200 416 "-" "WordPress/6.8.1; https://vattusacky.vn"
217.113.194.73 - - [15/Sep/2025:18:12:32 +0700] "GET /what-are-the-benefits-of-cbd/feed/ HTTP/1.0" 200 1682 "-" "Mozilla/5.0 (compatible; Barkrowler/0.9; +https://babbar.tech/crawler)"
15.235.96.28 - - [15/Sep/2025:18:12:42 +0700] "GET /the/do/ HTTP/1.0" 200 67864 "-" "Mozilla/5.0 (compatible; AhrefsBot/7.0; +http://ahrefs.com/robot/)"
217.113.194.78 - - [15/Sep/2025:18:12:52 +0700] "GET /ways-to-be-a-great-asian-better-half/ HTTP/1.0" 200 208161 "-" "Mozilla/5.0 (compatible; Barkrowler/0.9; +https://babbar.tech/crawler)"
45.117.177.72 - - [15/Sep/2025:18:13:23 +0700] "POST /wp-cron.php?doing_wp_cron=1757934803.2804999351501464843750 HTTP/1.0" 200 416 "-" "WordPress/6.8.1; https://vattusacky.vn"
217.113.194.217 - - [15/Sep/2025:18:13:21 +0700] "GET /privacy-and-security-features-on-omegle/feed/ HTTP/1.0" 200 1714 "-" "Mozilla/5.0 (compatible; Barkrowler/0.9; +https://babbar.tech/crawler)"
154.54.249.200 - - [15/Sep/2025:18:13:40 +0700] "GET /privacy-concerns-on-ometv/feed/ HTTP/1.0" 200 1672 "-" "Mozilla/5.0 (compatible; Barkrowler/0.9; +https://babbar.tech/crawler)"
217.113.194.76 - - [15/Sep/2025:18:14:00 +0700] "GET /finding-support-and-guidance-on-omegle/ HTTP/1.0" 200 88964 "-" "Mozilla/5.0 (compatible; Barkrowler/0.9; +https://babbar.tech/crawler)"
45.117.177.72 - - [15/Sep/2025:18:14:29 +0700] "POST /wp-cron.php?doing_wp_cron=1757934868.7961370944976806640625 HTTP/1.0" 200 416 "-" "WordPress/6.8.1; https://vattusacky.vn"
217.113.194.79 - - [15/Sep/2025:18:14:27 +0700] "GET /finding-love-and-romance-on-omegle/ HTTP/1.0" 200 89914 "-" "Mozilla/5.0 (compatible; Barkrowler/0.9; +https://babbar.tech/crawler)"
154.54.249.200 - - [15/Sep/2025:18:14:50 +0700] "GET /personal-information-safety-on-omegle/feed/ HTTP/1.0" 200 1708 "-" "Mozilla/5.0 (compatible; Barkrowler/0.9; +https://babbar.tech/crawler)"
51.222.168.109 - - [15/Sep/2025:18:14:57 +0700] "GET /lam-the-nao-de-co-duoc-mot-khoan-ung-truoc-nhanh-vaytienuytin24h-com-chong-lien-quan-den-mot-trieu-do-la-cho-nganh-cong-nghiep/ HTTP/1.0" 200 214429 "-" "Mozilla/5.0 (compatible; AhrefsBot/7.0; +http://ahrefs.com/robot/)"
45.117.177.72 - - [15/Sep/2025:18:15:10 +0700] "POST /wp-cron.php?doing_wp_cron=1757934910.1157150268554687500000 HTTP/1.0" 200 416 "-" "WordPress/6.8.1; https://vattusacky.vn"
217.113.194.77 - - [15/Sep/2025:18:15:08 +0700] "GET /dianabol-ds-price-in-uae/feed/ HTTP/1.0" 200 1669 "-" "Mozilla/5.0 (compatible; Barkrowler/0.9; +https://babbar.tech/crawler)"
217.113.194.80 - - [15/Sep/2025:18:15:27 +0700] "GET /memorable-moments-on-omegle/feed/ HTTP/1.0" 200 1678 "-" "Mozilla/5.0 (compatible; Barkrowler/0.9; +https://babbar.tech/crawler)"
217.113.194.80 - - [15/Sep/2025:18:15:47 +0700] "GET /how-to-stay-safe-on-chatroulette/ HTTP/1.0" 200 90458 "-" "Mozilla/5.0 (compatible; Barkrowler/0.9; +https://babbar.tech/crawler)"
45.117.177.72 - - [15/Sep/2025:18:16:12 +0700] "POST /wp-cron.php?doing_wp_cron=1757934972.2978758811950683593750 HTTP/1.0" 200 416 "-" "WordPress/6.8.1; https://vattusacky.vn"
217.113.194.217 - - [15/Sep/2025:18:16:10 +0700] "GET /how-to-build-your-own-erp-saas-business/feed/ HTTP/1.0" 200 1714 "-" "Mozilla/5.0 (compatible; Barkrowler/0.9; +https://babbar.tech/crawler)"
45.117.177.72 - - [15/Sep/2025:18:16:30 +0700] "POST /wp-cron.php?doing_wp_cron=1757934990.0405929088592529296875 HTTP/1.0" 200 416 "-" "WordPress/6.8.1; https://vattusacky.vn"
217.113.194.77 - - [15/Sep/2025:18:16:28 +0700] "GET /how-to-enhance-your-ometv-experience/ HTTP/1.0" 200 90143 "-" "Mozilla/5.0 (compatible; Barkrowler/0.9; +https://babbar.tech/crawler)"
217.113.194.76 - - [15/Sep/2025:18:16:51 +0700] "GET /how-to-obtain-the-best-casino-bonuses/ HTTP/1.0" 200 73900 "-" "Mozilla/5.0 (compatible; Barkrowler/0.9; +https://babbar.tech/crawler)"
51.161.37.60 - - [15/Sep/2025:18:17:02 +0700] "GET /mobilnaja-versija-1hstavka-vhod-na-ofitsialnyj-sajt-bukmekerskoj-kontory-1xstavka/ HTTP/1.0" 200 223322 "-" "Mozilla/5.0 (compatible; AhrefsBot/7.0; +http://ahrefs.com/robot/)"
217.113.194.80 - - [15/Sep/2025:18:17:13 +0700] "GET /discover-your-perfect-omegle-alternative/ HTTP/1.0" 200 89564 "-" "Mozilla/5.0 (compatible; Barkrowler/0.9; +https://babbar.tech/crawler)"
45.117.177.72 - - [15/Sep/2025:18:17:36 +0700] "POST /wp-cron.php?doing_wp_cron=1757935056.4929010868072509765625 HTTP/1.0" 200 416 "-" "WordPress/6.8.1; https://vattusacky.vn"
217.113.194.77 - - [15/Sep/2025:18:17:34 +0700] "GET /kinds-of-essays-for-urgent-necessities/ HTTP/1.0" 200 72920 "-" "Mozilla/5.0 (compatible; Barkrowler/0.9; +https://babbar.tech/crawler)"
216.244.66.237 - - [15/Sep/2025:18:17:38 +0700] "GET /the-art-of-finding-patterns-in-coincidences-on-omegle/ HTTP/1.0" 200 91452 "-" "Mozilla/5.0 (compatible; DotBot/1.2; +https://opensiteexplorer.org/dotbot; help@moz.com)"
111.119.222.59 - - [15/Sep/2025:18:17:51 +0700] "GET /daddy-top-kazino-android-apk-ios-zerkalo/ HTTP/1.0" 200 97213 "https://vattusacky.vn/daddy-top-kazino-android-apk-ios-zerkalo/" "Mozilla/5.0 (Macintosh; Intel Mac OS X 10_15_7) AppleWebKit/537.36 (KHTML, like Gecko) Chrome/131.0.0.0 Safari/537.36"
217.113.194.76 - - [15/Sep/2025:18:17:56 +0700] "GET /rotating-events-within-our-time/feed/ HTTP/1.0" 200 1690 "-" "Mozilla/5.0 (compatible; Barkrowler/0.9; +https://babbar.tech/crawler)"
46.105.40.140 - - [15/Sep/2025:18:18:13 +0700] "GET /robots.txt HTTP/1.0" 200 984 "-" "Mozilla/5.0 (compatible; MJ12bot/v2.0.4; http://mj12bot.com/)"
217.113.194.81 - - [15/Sep/2025:18:18:14 +0700] "GET /exactly-what-is-a-sugar-design/ HTTP/1.0" 200 208211 "-" "Mozilla/5.0 (compatible; Barkrowler/0.9; +https://babbar.tech/crawler)"
46.105.40.140 - - [15/Sep/2025:18:18:15 +0700] "GET / HTTP/1.0" 200 60070 "-" "Mozilla/5.0 (compatible; MJ12bot/v2.0.4; http://mj12bot.com/)"
45.117.177.72 - - [15/Sep/2025:18:18:41 +0700] "POST /wp-cron.php?doing_wp_cron=1757935121.5010929107666015625000 HTTP/1.0" 200 416 "-" "WordPress/6.8.1; https://vattusacky.vn"
217.113.194.74 - - [15/Sep/2025:18:18:40 +0700] "GET /exactly-what-are-mail-buy-brides/ HTTP/1.0" 200 207910 "-" "Mozilla/5.0 (compatible; Barkrowler/0.9; +https://babbar.tech/crawler)"
51.222.168.14 - - [15/Sep/2025:18:18:50 +0700] "GET /author/yanz/page/307/ HTTP/1.0" 200 117803 "-" "Mozilla/5.0 (compatible; AhrefsBot/7.0; +http://ahrefs.com/robot/)"
66.249.70.194 - - [15/Sep/2025:18:19:02 +0700] "GET /san-pham/may-do-do-rung-type-3116/ HTTP/1.0" 200 220923 "-" "Mozilla/5.0 (Linux; Android 6.0.1; Nexus 5X Build/MMB29P) AppleWebKit/537.36 (KHTML, like Gecko) Chrome/140.0.7339.127 Mobile Safari/537.36 (compatible; Googlebot/2.1; +http://www.google.com/bot.html)"
217.113.194.72 - - [15/Sep/2025:18:19:07 +0700] "GET /safety-tips-for-chatting-on-omegle/feed/ HTTP/1.0" 200 1699 "-" "Mozilla/5.0 (compatible; Barkrowler/0.9; +https://babbar.tech/crawler)"
45.117.177.72 - - [15/Sep/2025:18:19:27 +0700] "POST /wp-cron.php?doing_wp_cron=1757935167.1079070568084716796875 HTTP/1.0" 200 416 "-" "WordPress/6.8.1; https://vattusacky.vn"
217.113.194.217 - - [15/Sep/2025:18:19:25 +0700] "GET /safety-measures-on-ometv/feed/ HTTP/1.0" 200 1669 "-" "Mozilla/5.0 (compatible; Barkrowler/0.9; +https://babbar.tech/crawler)"
154.54.249.200 - - [15/Sep/2025:18:19:44 +0700] "GET /omegle-and-the-future-of-online-dating/ HTTP/1.0" 200 90129 "-" "Mozilla/5.0 (compatible; Barkrowler/0.9; +https://babbar.tech/crawler)"
217.113.194.74 - - [15/Sep/2025:18:20:04 +0700] "GET /omegle-and-online-gaming-communities/feed/ HTTP/1.0" 200 1705 "-" "Mozilla/5.0 (compatible; Barkrowler/0.9; +https://babbar.tech/crawler)"
45.117.177.72 - - [15/Sep/2025:18:20:25 +0700] "POST /wp-cron.php?doing_wp_cron=1757935224.8749759197235107421875 HTTP/1.0" 200 416 "-" "WordPress/6.8.1; https://vattusacky.vn"
