47.128.111.147 - - [15/Sep/2025:08:43:43 +0700] "GET /wp-content/uploads/2016/07/analytical-testing-corp-logo.jpg HTTP/1.0" 200 436 "https://vattusacky.vn/quan-trac-khi-thai-theo-thong-tu-24/" "Mozilla/5.0 (Linux; Android 5.0) AppleWebKit/537.36 (KHTML, like Gecko) Mobile Safari/537.36 (compatible; TikTokSpider; ttspider-feedback@tiktok.com)"
47.128.111.147 - - [15/Sep/2025:08:43:43 +0700] "GET /wp-content/uploads/2016/07/berghof_logo.png HTTP/1.0" 200 419 "https://vattusacky.vn/quan-trac-khi-thai-theo-thong-tu-24/" "Mozilla/5.0 (Linux; Android 5.0) AppleWebKit/537.36 (KHTML, like Gecko) Mobile Safari/537.36 (compatible; TikTokSpider; ttspider-feedback@tiktok.com)"
47.128.111.147 - - [15/Sep/2025:08:43:43 +0700] "GET /wp-content/uploads/2019/09/quan-trac-moi-truong-lao-dong-image.jpg HTTP/1.0" 200 443 "https://vattusacky.vn/quan-trac-khi-thai-theo-thong-tu-24/" "Mozilla/5.0 (Linux; Android 5.0) AppleWebKit/537.36 (KHTML, like Gecko) Mobile Safari/537.36 (compatible; TikTokSpider; ttspider-feedback@tiktok.com)"
47.128.111.147 - - [15/Sep/2025:08:43:43 +0700] "GET /wp-content/uploads/2018/06/hiq-logo.png HTTP/1.0" 200 415 "https://vattusacky.vn/quan-trac-khi-thai-theo-thong-tu-24/" "Mozilla/5.0 (Linux; Android 5.0) AppleWebKit/537.36 (KHTML, like Gecko) Mobile Safari/537.36 (compatible; TikTokSpider; ttspider-feedback@tiktok.com)"
47.128.111.147 - - [15/Sep/2025:08:43:43 +0700] "GET /wp-content/uploads/2018/08/untitled-1-2.jpg HTTP/1.0" 200 420 "https://vattusacky.vn/quan-trac-khi-thai-theo-thong-tu-24/" "Mozilla/5.0 (Linux; Android 5.0) AppleWebKit/537.36 (KHTML, like Gecko) Mobile Safari/537.36 (compatible; TikTokSpider; ttspider-feedback@tiktok.com)"
47.128.111.147 - - [15/Sep/2025:08:43:43 +0700] "GET /wp-content/uploads/2018/06/gfg.jpg HTTP/1.0" 200 411 "https://vattusacky.vn/quan-trac-khi-thai-theo-thong-tu-24/" "Mozilla/5.0 (Linux; Android 5.0) AppleWebKit/537.36 (KHTML, like Gecko) Mobile Safari/537.36 (compatible; TikTokSpider; ttspider-feedback@tiktok.com)"
47.128.111.147 - - [15/Sep/2025:08:43:43 +0700] "GET /wp-content/uploads/2018/06/dlab-logo.jpg HTTP/1.0" 200 417 "https://vattusacky.vn/quan-trac-khi-thai-theo-thong-tu-24/" "Mozilla/5.0 (Linux; Android 5.0) AppleWebKit/537.36 (KHTML, like Gecko) Mobile Safari/537.36 (compatible; TikTokSpider; ttspider-feedback@tiktok.com)"
47.128.111.147 - - [15/Sep/2025:08:43:43 +0700] "GET /wp-content/uploads/2018/06/halmilton-logo.jpg HTTP/1.0" 200 422 "https://vattusacky.vn/quan-trac-khi-thai-theo-thong-tu-24/" "Mozilla/5.0 (Linux; Android 5.0) AppleWebKit/537.36 (KHTML, like Gecko) Mobile Safari/537.36 (compatible; TikTokSpider; ttspider-feedback@tiktok.com)"
47.128.111.147 - - [15/Sep/2025:08:43:43 +0700] "GET /wp-content/uploads/2018/06/witeg-logo.jpg HTTP/1.0" 200 418 "https://vattusacky.vn/quan-trac-khi-thai-theo-thong-tu-24/" "Mozilla/5.0 (Linux; Android 5.0) AppleWebKit/537.36 (KHTML, like Gecko) Mobile Safari/537.36 (compatible; TikTokSpider; ttspider-feedback@tiktok.com)"
47.128.111.147 - - [15/Sep/2025:08:43:43 +0700] "GET /wp-content/uploads/2018/06/evoqua-logo.jpg HTTP/1.0" 200 419 "https://vattusacky.vn/quan-trac-khi-thai-theo-thong-tu-24/" "Mozilla/5.0 (Linux; Android 5.0) AppleWebKit/537.36 (KHTML, like Gecko) Mobile Safari/537.36 (compatible; TikTokSpider; ttspider-feedback@tiktok.com)"
47.128.111.147 - - [15/Sep/2025:08:43:43 +0700] "GET /wp-content/uploads/2018/06/sibata.gif HTTP/1.0" 200 413 "https://vattusacky.vn/quan-trac-khi-thai-theo-thong-tu-24/" "Mozilla/5.0 (Linux; Android 5.0) AppleWebKit/537.36 (KHTML, like Gecko) Mobile Safari/537.36 (compatible; TikTokSpider; ttspider-feedback@tiktok.com)"
47.128.111.147 - - [15/Sep/2025:08:43:43 +0700] "GET /wp-content/uploads/2018/06/mettler-logo.png HTTP/1.0" 200 419 "https://vattusacky.vn/quan-trac-khi-thai-theo-thong-tu-24/" "Mozilla/5.0 (Linux; Android 5.0) AppleWebKit/537.36 (KHTML, like Gecko) Mobile Safari/537.36 (compatible; TikTokSpider; ttspider-feedback@tiktok.com)"
47.128.111.147 - - [15/Sep/2025:08:43:43 +0700] "GET /wp-content/uploads/2018/06/logo-aco.gif HTTP/1.0" 200 415 "https://vattusacky.vn/quan-trac-khi-thai-theo-thong-tu-24/" "Mozilla/5.0 (Linux; Android 5.0) AppleWebKit/537.36 (KHTML, like Gecko) Mobile Safari/537.36 (compatible; TikTokSpider; ttspider-feedback@tiktok.com)"
47.128.111.147 - - [15/Sep/2025:08:43:43 +0700] "GET /wp-content/uploads/2018/06/evermed-logo.jpg HTTP/1.0" 200 420 "https://vattusacky.vn/quan-trac-khi-thai-theo-thong-tu-24/" "Mozilla/5.0 (Linux; Android 5.0) AppleWebKit/537.36 (KHTML, like Gecko) Mobile Safari/537.36 (compatible; TikTokSpider; ttspider-feedback@tiktok.com)"
47.128.111.147 - - [15/Sep/2025:08:43:43 +0700] "GET /wp-content/uploads/2018/06/wildco-logo.png HTTP/1.0" 200 418 "https://vattusacky.vn/quan-trac-khi-thai-theo-thong-tu-24/" "Mozilla/5.0 (Linux; Android 5.0) AppleWebKit/537.36 (KHTML, like Gecko) Mobile Safari/537.36 (compatible; TikTokSpider; ttspider-feedback@tiktok.com)"
47.128.111.147 - - [15/Sep/2025:08:43:43 +0700] "GET /wp-content/uploads/2018/06/kruess-logo.png HTTP/1.0" 200 418 "https://vattusacky.vn/quan-trac-khi-thai-theo-thong-tu-24/" "Mozilla/5.0 (Linux; Android 5.0) AppleWebKit/537.36 (KHTML, like Gecko) Mobile Safari/537.36 (compatible; TikTokSpider; ttspider-feedback@tiktok.com)"
47.128.111.147 - - [15/Sep/2025:08:43:43 +0700] "GET /wp-content/themes/tem_techno_v2/images/iconMobile.png HTTP/1.0" 200 429 "https://vattusacky.vn/wp-content/themes/tem_techno_v2/style.css?ver=6.8.1" "Mozilla/5.0 (Linux; Android 5.0) AppleWebKit/537.36 (KHTML, like Gecko) Mobile Safari/537.36 (compatible; TikTokSpider; ttspider-feedback@tiktok.com)"
47.128.111.147 - - [15/Sep/2025:08:43:43 +0700] "GET /images/image002.jpg HTTP/1.0" 404 33997 "https://vattusacky.vn/quan-trac-khi-thai-theo-thong-tu-24/" "Mozilla/5.0 (Linux; Android 5.0) AppleWebKit/537.36 (KHTML, like Gecko) Mobile Safari/537.36 (compatible; TikTokSpider; ttspider-feedback@tiktok.com)"
47.128.111.147 - - [15/Sep/2025:08:43:43 +0700] "GET /images/image003.jpg HTTP/1.0" 404 50423 "https://vattusacky.vn/quan-trac-khi-thai-theo-thong-tu-24/" "Mozilla/5.0 (Linux; Android 5.0) AppleWebKit/537.36 (KHTML, like Gecko) Mobile Safari/537.36 (compatible; TikTokSpider; ttspider-feedback@tiktok.com)"
47.128.111.147 - - [15/Sep/2025:08:43:43 +0700] "GET /path/to/default.png HTTP/1.0" 404 66849 "https://vattusacky.vn/quan-trac-khi-thai-theo-thong-tu-24/" "Mozilla/5.0 (Linux; Android 5.0) AppleWebKit/537.36 (KHTML, like Gecko) Mobile Safari/537.36 (compatible; TikTokSpider; ttspider-feedback@tiktok.com)"
47.128.111.147 - - [15/Sep/2025:08:43:43 +0700] "GET /images/image005.jpg HTTP/1.0" 404 33997 "https://vattusacky.vn/quan-trac-khi-thai-theo-thong-tu-24/" "Mozilla/5.0 (Linux; Android 5.0) AppleWebKit/537.36 (KHTML, like Gecko) Mobile Safari/537.36 (compatible; TikTokSpider; ttspider-feedback@tiktok.com)"
47.128.111.147 - - [15/Sep/2025:08:43:43 +0700] "GET /images/image004.jpg HTTP/1.0" 404 33997 "https://vattusacky.vn/quan-trac-khi-thai-theo-thong-tu-24/" "Mozilla/5.0 (Linux; Android 5.0) AppleWebKit/537.36 (KHTML, like Gecko) Mobile Safari/537.36 (compatible; TikTokSpider; ttspider-feedback@tiktok.com)"
47.128.111.147 - - [15/Sep/2025:08:43:43 +0700] "GET /images/logo-vietnguyen.png HTTP/1.0" 404 33997 "https://vattusacky.vn/quan-trac-khi-thai-theo-thong-tu-24/" "Mozilla/5.0 (Linux; Android 5.0) AppleWebKit/537.36 (KHTML, like Gecko) Mobile Safari/537.36 (compatible; TikTokSpider; ttspider-feedback@tiktok.com)"
217.113.194.72 - - [15/Sep/2025:08:44:04 +0700] "GET /logo1/feed/ HTTP/1.0" 200 1607 "-" "Mozilla/5.0 (compatible; Barkrowler/0.9; +https://babbar.tech/crawler)"
45.117.177.72 - - [15/Sep/2025:08:44:32 +0700] "POST /wp-cron.php?doing_wp_cron=1757900672.4580008983612060546875 HTTP/1.0" 200 416 "-" "WordPress/6.8.1; https://vattusacky.vn"
217.113.194.218 - - [15/Sep/2025:08:44:31 +0700] "GET /logo3/feed/ HTTP/1.0" 200 1610 "-" "Mozilla/5.0 (compatible; Barkrowler/0.9; +https://babbar.tech/crawler)"
119.28.89.249 - - [15/Sep/2025:08:44:53 +0700] "GET /wp-json/oembed/1.0/embed?url=https%3A%2F%2Fvattusacky.vn%2F HTTP/1.0" 200 3006 "-" "Mozilla/5.0 (iPhone; CPU iPhone OS 13_2_3 like Mac OS X) AppleWebKit/605.1.15 (KHTML, like Gecko) Version/13.0.3 Mobile/15E148 Safari/604.1"
217.113.194.217 - - [15/Sep/2025:08:44:57 +0700] "GET /9540-2/ HTTP/1.0" 200 72881 "-" "Mozilla/5.0 (compatible; Barkrowler/0.9; +https://babbar.tech/crawler)"
45.117.177.72 - - [15/Sep/2025:08:45:20 +0700] "POST /wp-cron.php?doing_wp_cron=1757900720.5386669635772705078125 HTTP/1.0" 200 416 "-" "WordPress/6.8.1; https://vattusacky.vn"
51.68.107.159 - - [15/Sep/2025:08:45:19 +0700] "GET /robots.txt HTTP/1.0" 200 984 "-" "Mozilla/5.0 (compatible; MJ12bot/v2.0.4; http://mj12bot.com/)"
51.68.107.159 - - [15/Sep/2025:08:45:21 +0700] "GET / HTTP/1.0" 200 60070 "-" "Mozilla/5.0 (compatible; MJ12bot/v2.0.4; http://mj12bot.com/)"
217.113.194.77 - - [15/Sep/2025:08:45:32 +0700] "GET /10827-2/ HTTP/1.0" 200 73342 "-" "Mozilla/5.0 (compatible; Barkrowler/0.9; +https://babbar.tech/crawler)"
217.113.194.78 - - [15/Sep/2025:08:46:04 +0700] "GET /10574-2/ HTTP/1.0" 200 72789 "-" "Mozilla/5.0 (compatible; Barkrowler/0.9; +https://babbar.tech/crawler)"
45.117.177.72 - - [15/Sep/2025:08:46:29 +0700] "POST /wp-cron.php?doing_wp_cron=1757900789.3902249336242675781250 HTTP/1.0" 200 416 "-" "WordPress/6.8.1; https://vattusacky.vn"
217.113.194.217 - - [15/Sep/2025:08:46:28 +0700] "GET /10571-2/ HTTP/1.0" 200 73144 "-" "Mozilla/5.0 (compatible; Barkrowler/0.9; +https://babbar.tech/crawler)"
217.113.194.72 - - [15/Sep/2025:08:46:58 +0700] "GET /page-1844/ HTTP/1.0" 200 204045 "-" "Mozilla/5.0 (compatible; Barkrowler/0.9; +https://babbar.tech/crawler)"
45.117.177.72 - - [15/Sep/2025:08:47:37 +0700] "POST /wp-cron.php?doing_wp_cron=1757900857.3127779960632324218750 HTTP/1.0" 200 416 "-" "WordPress/6.8.1; https://vattusacky.vn"
217.113.194.77 - - [15/Sep/2025:08:47:35 +0700] "GET /page-13778/ HTTP/1.0" 200 209079 "-" "Mozilla/5.0 (compatible; Barkrowler/0.9; +https://babbar.tech/crawler)"
51.68.111.214 - - [15/Sep/2025:08:47:38 +0700] "GET /robots.txt HTTP/1.0" 200 984 "-" "Mozilla/5.0 (compatible; MJ12bot/v2.0.4; http://mj12bot.com/)"
51.68.111.214 - - [15/Sep/2025:08:47:40 +0700] "GET / HTTP/1.0" 200 60070 "-" "Mozilla/5.0 (compatible; MJ12bot/v2.0.4; http://mj12bot.com/)"
47.128.16.138 - - [15/Sep/2025:08:47:41 +0700] "GET /robots.txt HTTP/1.0" 200 984 "-" "Go-http-client/2.0"
44.243.254.72 - - [15/Sep/2025:08:47:47 +0700] "GET / HTTP/1.0" 200 60070 "http://vattusacky.vn" "Mozilla/5.0 (Windows NT 10.0; Win64; x64) AppleWebKit/537.36"
44.243.254.72 - - [15/Sep/2025:08:47:49 +0700] "GET /https:/vattusacky.vn/xmlrpc.php HTTP/1.0" 404 70812 "http://vattusacky.vn/https:/vattusacky.vn/xmlrpc.php" "Go-http-client/1.1"
217.113.194.78 - - [15/Sep/2025:08:48:15 +0700] "GET /55-2/feed/ HTTP/1.0" 200 1615 "-" "Mozilla/5.0 (compatible; Barkrowler/0.9; +https://babbar.tech/crawler)"
45.117.177.72 - - [15/Sep/2025:08:48:44 +0700] "POST /wp-cron.php?doing_wp_cron=1757900924.7908329963684082031250 HTTP/1.0" 200 416 "-" "WordPress/6.8.1; https://vattusacky.vn"
154.54.249.200 - - [15/Sep/2025:08:48:43 +0700] "GET /4663-2/ HTTP/1.0" 200 206285 "-" "Mozilla/5.0 (compatible; Barkrowler/0.9; +https://babbar.tech/crawler)"
45.117.177.72 - - [15/Sep/2025:08:49:27 +0700] "POST /wp-cron.php?doing_wp_cron=1757900966.9384069442749023437500 HTTP/1.0" 200 416 "-" "WordPress/6.8.1; https://vattusacky.vn"
217.113.194.77 - - [15/Sep/2025:08:49:25 +0700] "GET /4939-2/ HTTP/1.0" 200 206349 "-" "Mozilla/5.0 (compatible; Barkrowler/0.9; +https://babbar.tech/crawler)"
217.113.194.72 - - [15/Sep/2025:08:50:02 +0700] "GET /3916-2/ HTTP/1.0" 200 206869 "-" "Mozilla/5.0 (compatible; Barkrowler/0.9; +https://babbar.tech/crawler)"
45.117.177.72 - - [15/Sep/2025:08:50:41 +0700] "POST /wp-cron.php?doing_wp_cron=1757901041.0327749252319335937500 HTTP/1.0" 200 416 "-" "WordPress/6.8.1; https://vattusacky.vn"
217.113.194.217 - - [15/Sep/2025:08:50:39 +0700] "GET /tag/2-5/feed/ HTTP/1.0" 200 158953 "-" "Mozilla/5.0 (compatible; Barkrowler/0.9; +https://babbar.tech/crawler)"
45.117.177.72 - - [15/Sep/2025:08:51:22 +0700] "POST /wp-cron.php?doing_wp_cron=1757901082.2266819477081298828125 HTTP/1.0" 200 416 "-" "WordPress/6.8.1; https://vattusacky.vn"
217.113.194.81 - - [15/Sep/2025:08:51:20 +0700] "GET /tag/avalide/ HTTP/1.0" 200 58550 "-" "Mozilla/5.0 (compatible; Barkrowler/0.9; +https://babbar.tech/crawler)"
217.113.194.73 - - [15/Sep/2025:08:51:49 +0700] "GET /tag/education/feed/ HTTP/1.0" 200 149497 "-" "Mozilla/5.0 (compatible; Barkrowler/0.9; +https://babbar.tech/crawler)"
45.117.177.72 - - [15/Sep/2025:08:52:25 +0700] "POST /wp-cron.php?doing_wp_cron=1757901145.0175929069519042968750 HTTP/1.0" 200 416 "-" "WordPress/6.8.1; https://vattusacky.vn"
217.113.194.79 - - [15/Sep/2025:08:52:23 +0700] "GET /tag/1win/ HTTP/1.0" 200 63159 "-" "Mozilla/5.0 (compatible; Barkrowler/0.9; +https://babbar.tech/crawler)"
217.113.194.78 - - [15/Sep/2025:08:52:54 +0700] "GET /tag/lopid/ HTTP/1.0" 200 58531 "-" "Mozilla/5.0 (compatible; Barkrowler/0.9; +https://babbar.tech/crawler)"
45.117.177.72 - - [15/Sep/2025:08:53:27 +0700] "POST /wp-cron.php?doing_wp_cron=1757901207.4404211044311523437500 HTTP/1.0" 200 416 "-" "WordPress/6.8.1; https://vattusacky.vn"
217.113.194.75 - - [15/Sep/2025:08:53:25 +0700] "GET /tag/co2/feed/ HTTP/1.0" 200 155581 "-" "Mozilla/5.0 (compatible; Barkrowler/0.9; +https://babbar.tech/crawler)"
217.113.194.73 - - [15/Sep/2025:08:53:52 +0700] "GET /5277-2/ HTTP/1.0" 200 73551 "-" "Mozilla/5.0 (compatible; Barkrowler/0.9; +https://babbar.tech/crawler)"
216.73.216.17 - - [15/Sep/2025:08:54:10 +0700] "GET /robots.txt HTTP/1.0" 200 984 "-" "Mozilla/5.0 AppleWebKit/537.36 (KHTML, like Gecko; compatible; ClaudeBot/1.0; +claudebot@anthropic.com)"
216.73.216.17 - - [15/Sep/2025:08:54:12 +0700] "GET /sitemap_index.xml HTTP/1.0" 200 2280 "-" "Mozilla/5.0 AppleWebKit/537.36 (KHTML, like Gecko; compatible; ClaudeBot/1.0; +claudebot@anthropic.com)"
154.54.249.200 - - [15/Sep/2025:08:54:24 +0700] "GET /the/ec/feed/ HTTP/1.0" 503 9015 "-" "Mozilla/5.0 (compatible; Barkrowler/0.9; +https://babbar.tech/crawler)"
45.117.177.72 - - [15/Sep/2025:08:55:16 +0700] "POST /wp-cron.php?doing_wp_cron=1757901316.6106119155883789062500 HTTP/1.0" 200 416 "-" "WordPress/6.8.1; https://vattusacky.vn"
40.77.167.143 - - [15/Sep/2025:08:55:16 +0700] "GET /omegle-as-an-escape-from-reality/ HTTP/1.0" 200 90564 "-" "Mozilla/5.0 AppleWebKit/537.36 (KHTML, like Gecko; compatible; bingbot/2.0; +http://www.bing.com/bingbot.htm) Chrome/116.0.1938.76 Safari/537.36"
43.130.111.40 - - [15/Sep/2025:08:55:15 +0700] "GET /san-pham/ HTTP/1.0" 200 136513 "-" "Mozilla/5.0 (iPhone; CPU iPhone OS 13_2_3 like Mac OS X) AppleWebKit/605.1.15 (KHTML, like Gecko) Version/13.0.3 Mobile/15E148 Safari/604.1"
45.117.177.72 - - [15/Sep/2025:08:57:11 +0700] "POST /wp-cron.php?doing_wp_cron=1757901430.9902429580688476562500 HTTP/1.0" 200 416 "-" "WordPress/6.8.1; https://vattusacky.vn"
93.218.125.58 - - [15/Sep/2025:08:57:09 +0700] "GET /robots.txt HTTP/1.0" 200 984 "-" "Mozilla/5.0 (compatible; MJ12bot/v1.4.8; http://mj12bot.com/)"
66.249.70.194 - - [15/Sep/2025:08:57:10 +0700] "GET /robots.txt HTTP/1.0" 200 984 "-" "Mozilla/5.0 (compatible; Googlebot/2.1; +http://www.google.com/bot.html)"
93.218.125.58 - - [15/Sep/2025:08:57:13 +0700] "GET /danh-muc/moi-truong-khi/may-do-nhanh-phan-tich-khi-thai/?s=E+Instruments+%E2%80%93+M%E1%BB%B9 HTTP/1.0" 200 69416 "-" "Mozilla/5.0 (compatible; MJ12bot/v1.4.8; http://mj12bot.com/)"
45.117.177.72 - - [15/Sep/2025:08:57:19 +0700] "POST /wp-cron.php?doing_wp_cron=1757901438.7947390079498291015625 HTTP/1.0" 200 416 "-" "WordPress/6.8.1; https://vattusacky.vn"
93.218.125.58 - - [15/Sep/2025:08:57:17 +0700] "GET /danh-muc/moi-truong-khi/tram-lay-mau-bui-tsppm10-pm2-5/?s=HIQ+%E2%80%93++M%E1%BB%B9 HTTP/1.0" 200 101597 "-" "Mozilla/5.0 (compatible; MJ12bot/v1.4.8; http://mj12bot.com/)"
185.191.171.2 - - [15/Sep/2025:08:57:40 +0700] "GET /robots.txt HTTP/1.0" 200 984 "-" "Mozilla/5.0 (compatible; SemrushBot/7~bl; +http://www.semrush.com/bot.html)"
85.208.96.197 - - [15/Sep/2025:08:57:43 +0700] "GET /san-pham/bep-pha-mau-hs-e200-humas/ HTTP/1.0" 200 102738 "-" "Mozilla/5.0 (compatible; SemrushBot/7~bl; +http://www.semrush.com/bot.html)"
45.117.177.72 - - [15/Sep/2025:08:59:52 +0700] "POST /wp-cron.php?doing_wp_cron=1757901592.3622000217437744140625 HTTP/1.0" 200 416 "-" "WordPress/6.8.1; https://vattusacky.vn"
85.208.96.197 - - [15/Sep/2025:08:59:50 +0700] "GET /ggbet-casino-erfahrungsbericht-das-spielangebot-2/ HTTP/1.0" 200 97986 "-" "Mozilla/5.0 (compatible; SemrushBot/7~bl; +http://www.semrush.com/bot.html)"
45.117.177.72 - - [15/Sep/2025:09:05:00 +0700] "POST /wp-cron.php?doing_wp_cron=1757901899.7850110530853271484375 HTTP/1.0" 200 416 "-" "WordPress/6.8.1; https://vattusacky.vn"
43.159.138.217 - - [15/Sep/2025:09:04:57 +0700] "GET /?s= HTTP/1.0" 200 89487 "-" "Mozilla/5.0 (iPhone; CPU iPhone OS 13_2_3 like Mac OS X) AppleWebKit/605.1.15 (KHTML, like Gecko) Version/13.0.3 Mobile/15E148 Safari/604.1"
52.44.148.203 - - [15/Sep/2025:09:05:02 +0700] "GET /logo4/ HTTP/1.0" 200 203664 "-" "Mozilla/5.0 AppleWebKit/537.36 (KHTML, like Gecko; compatible; Amazonbot/0.1; +https://developer.amazon.com/support/amazonbot) Chrome/119.0.6045.214 Safari/537.36"
54.147.238.89 - - [15/Sep/2025:09:05:07 +0700] "GET /danh-muc/phan-tich-thi-nghie%CC%A3m/ HTTP/1.0" 200 67406 "-" "Mozilla/5.0 AppleWebKit/537.36 (KHTML, like Gecko; compatible; Amazonbot/0.1; +https://developer.amazon.com/support/amazonbot) Chrome/119.0.6045.214 Safari/537.36"
45.117.177.72 - - [15/Sep/2025:09:06:21 +0700] "POST /wp-cron.php?doing_wp_cron=1757901981.4421710968017578125000 HTTP/1.0" 200 416 "-" "WordPress/6.8.1; https://vattusacky.vn"
40.77.167.254 - - [15/Sep/2025:09:06:19 +0700] "GET /?attachment_id=1640 HTTP/1.0" 200 198495 "-" "Mozilla/5.0 AppleWebKit/537.36 (KHTML, like Gecko; compatible; bingbot/2.0; +http://www.bing.com/bingbot.htm) Chrome/116.0.1938.76 Safari/537.36"
45.117.177.72 - - [15/Sep/2025:09:08:46 +0700] "POST /wp-cron.php?doing_wp_cron=1757902126.3838748931884765625000 HTTP/1.0" 200 416 "-" "WordPress/6.8.1; https://vattusacky.vn"
40.77.167.67 - - [15/Sep/2025:09:08:44 +0700] "GET /danh-muc/moi-truong-khi/tui-chua-khi-tedlar/ HTTP/1.0" 200 59995 "-" "Mozilla/5.0 AppleWebKit/537.36 (KHTML, like Gecko; compatible; bingbot/2.0; +http://www.bing.com/bingbot.htm) Chrome/116.0.1938.76 Safari/537.36"
45.117.177.72 - - [15/Sep/2025:09:14:56 +0700] "POST /wp-cron.php?doing_wp_cron=1757902495.9672598838806152343750 HTTP/1.0" 200 416 "-" "WordPress/6.8.1; https://vattusacky.vn"
43.156.109.53 - - [15/Sep/2025:09:14:53 +0700] "GET /xmlrpc.php?rsd HTTP/1.0" 200 1290 "-" "Mozilla/5.0 (iPhone; CPU iPhone OS 13_2_3 like Mac OS X) AppleWebKit/605.1.15 (KHTML, like Gecko) Version/13.0.3 Mobile/15E148 Safari/604.1"
45.117.177.72 - - [15/Sep/2025:09:16:29 +0700] "POST /wp-cron.php?doing_wp_cron=1757902589.3525800704956054687500 HTTP/1.0" 200 416 "-" "WordPress/6.8.1; https://vattusacky.vn"
216.73.216.17 - - [15/Sep/2025:09:16:27 +0700] "GET /sitemap_index.xml HTTP/1.0" 200 2426 "-" "Mozilla/5.0 AppleWebKit/537.36 (KHTML, like Gecko; compatible; ClaudeBot/1.0; +claudebot@anthropic.com)"
104.248.45.30 - - [15/Sep/2025:09:17:04 +0700] "POST /xmlrpc.php HTTP/1.0" 200 954 "-" "Mozilla/5.0 (X11; Ubuntu; Linux x86_64; rv:85.0) Gecko/20100101 Firefox/91.0"
45.117.177.72 - - [15/Sep/2025:09:20:15 +0700] "POST /wp-cron.php?doing_wp_cron=1757902815.4551858901977539062500 HTTP/1.0" 200 416 "-" "WordPress/6.8.1; https://vattusacky.vn"
5.255.231.74 - - [15/Sep/2025:09:20:13 +0700] "GET /blog/Thuc-trang-website-ten-mien-quoc-te-gia-mao-lua-dao-va-loi-khuyen-cho-nguoi-dung HTTP/1.0" 404 70812 "-" "Mozilla/5.0 (compatible; YandexBot/3.0; +http://yandex.com/bots)"
45.117.177.72 - - [15/Sep/2025:09:20:32 +0700] "POST /wp-cron.php?doing_wp_cron=1757902832.3844220638275146484375 HTTP/1.0" 200 416 "-" "WordPress/6.8.1; https://vattusacky.vn"
17.22.253.143 - - [15/Sep/2025:09:20:30 +0700] "GET /analyzing-the-influence-of-omegle-on-identity-formation-and-self-presentation/ HTTP/1.0" 200 93250 "-" "Mozilla/5.0 (Macintosh; Intel Mac OS X 10_15_7) AppleWebKit/605.1.15 (KHTML, like Gecko) Version/17.4 Safari/605.1.15 (Applebot/0.1; +http://www.apple.com/go/applebot)"
185.191.171.2 - - [15/Sep/2025:09:21:06 +0700] "GET /%D0%B4%D0%B5%D1%80%D0%B5%D0%B2%D1%8F%D0%BD%D0%BD%D1%8B%D0%B5-%D0%B4%D0%BE%D0%BC%D0%B0-%D0%B2-%D1%88%D0%B2%D0%B5%D0%B9%D1%86%D0%B0%D1%80%D1%81%D0%BA%D0%BE%D0%BC-%D1%81%D1%82%D0%B8%D0%BB%D0%B5/ HTTP/1.0" 200 187138 "-" "Mozilla/5.0 (compatible; SemrushBot/7~bl; +http://www.semrush.com/bot.html)"
45.117.177.72 - - [15/Sep/2025:09:22:33 +0700] "POST /wp-cron.php?doing_wp_cron=1757902953.6518380641937255859375 HTTP/1.0" 200 416 "-" "WordPress/6.8.1; https://vattusacky.vn"
85.208.96.207 - - [15/Sep/2025:09:22:31 +0700] "GET /embracing-digital-connections-omegles-evolution-continues/ HTTP/1.0" 200 90247 "-" "Mozilla/5.0 (compatible; SemrushBot/7~bl; +http://www.semrush.com/bot.html)"
45.117.177.72 - - [15/Sep/2025:09:23:28 +0700] "POST /wp-cron.php?doing_wp_cron=1757903008.2790551185607910156250 HTTP/1.0" 200 416 "-" "WordPress/6.8.1; https://vattusacky.vn"
46.105.46.43 - - [15/Sep/2025:09:23:26 +0700] "GET /robots.txt HTTP/1.0" 200 984 "-" "Mozilla/5.0 (compatible; MJ12bot/v2.0.4; http://mj12bot.com/)"
46.105.46.43 - - [15/Sep/2025:09:23:29 +0700] "GET / HTTP/1.0" 200 60070 "-" "Mozilla/5.0 (compatible; MJ12bot/v2.0.4; http://mj12bot.com/)"
95.108.213.243 - - [15/Sep/2025:09:23:58 +0700] "GET /1xbet-bangladesh-1xbet-bookmaker-1xbet-sport-betting/ HTTP/1.0" 200 217042 "-" "Mozilla/5.0 (compatible; YandexBot/3.0; +http://yandex.com/bots)"
43.153.119.119 - - [15/Sep/2025:09:24:00 +0700] "GET /lien-he/ HTTP/1.0" 200 242369 "-" "Mozilla/5.0 (iPhone; CPU iPhone OS 13_2_3 like Mac OS X) AppleWebKit/605.1.15 (KHTML, like Gecko) Version/13.0.3 Mobile/15E148 Safari/604.1"
45.117.177.72 - - [15/Sep/2025:09:24:48 +0700] "POST /wp-cron.php?doing_wp_cron=1757903088.2251288890838623046875 HTTP/1.0" 200 416 "-" "WordPress/6.8.1; https://vattusacky.vn"
44.218.170.184 - - [15/Sep/2025:09:24:46 +0700] "GET /san-pham/tram-lay-mau-bui-tsp-khong-choi-than-03-cap/ HTTP/1.0" 200 370881 "-" "Mozilla/5.0 AppleWebKit/537.36 (KHTML, like Gecko; compatible; Amazonbot/0.1; +https://developer.amazon.com/support/amazonbot) Chrome/119.0.6045.214 Safari/537.36"
45.117.177.72 - - [15/Sep/2025:09:27:31 +0700] "POST /wp-cron.php?doing_wp_cron=1757903251.4241709709167480468750 HTTP/1.0" 200 416 "-" "WordPress/6.8.1; https://vattusacky.vn"
217.113.194.80 - - [15/Sep/2025:09:27:29 +0700] "GET /the/do/feed/ HTTP/1.0" 200 146858 "-" "Mozilla/5.0 (compatible; Barkrowler/0.9; +https://babbar.tech/crawler)"
52.167.144.23 - - [15/Sep/2025:09:27:44 +0700] "GET /psychological-effects-of-omegle-on-users/ HTTP/1.0" 200 91380 "-" "Mozilla/5.0 AppleWebKit/537.36 (KHTML, like Gecko; compatible; bingbot/2.0; +http://www.bing.com/bingbot.htm) Chrome/116.0.1938.76 Safari/537.36"
217.113.194.76 - - [15/Sep/2025:09:28:05 +0700] "GET /4620-2/ HTTP/1.0" 200 213059 "-" "Mozilla/5.0 (compatible; Barkrowler/0.9; +https://babbar.tech/crawler)"
45.117.177.72 - - [15/Sep/2025:09:28:46 +0700] "POST /wp-cron.php?doing_wp_cron=1757903326.6557509899139404296875 HTTP/1.0" 200 416 "-" "WordPress/6.8.1; https://vattusacky.vn"
217.113.194.217 - - [15/Sep/2025:09:28:45 +0700] "GET /10135-2/ HTTP/1.0" 200 73680 "-" "Mozilla/5.0 (compatible; Barkrowler/0.9; +https://babbar.tech/crawler)"
185.191.171.17 - - [15/Sep/2025:09:29:00 +0700] "GET /celebrating-diversity-on-omegles-global-platform/ HTTP/1.0" 200 90193 "-" "Mozilla/5.0 (compatible; SemrushBot/7~bl; +http://www.semrush.com/bot.html)"
45.117.177.72 - - [15/Sep/2025:09:29:18 +0700] "POST /wp-cron.php?doing_wp_cron=1757903358.0754659175872802734375 HTTP/1.0" 200 416 "-" "WordPress/6.8.1; https://vattusacky.vn"
154.54.249.200 - - [15/Sep/2025:09:29:16 +0700] "GET /5568-2/ HTTP/1.0" 200 73539 "-" "Mozilla/5.0 (compatible; Barkrowler/0.9; +https://babbar.tech/crawler)"
217.113.194.79 - - [15/Sep/2025:09:29:47 +0700] "GET /2449-2/feed/ HTTP/1.0" 200 1617 "-" "Mozilla/5.0 (compatible; Barkrowler/0.9; +https://babbar.tech/crawler)"
154.54.249.200 - - [15/Sep/2025:09:30:12 +0700] "GET /perfect-woman/feed/ HTTP/1.0" 200 1636 "-" "Mozilla/5.0 (compatible; Barkrowler/0.9; +https://babbar.tech/crawler)"
45.117.177.72 - - [15/Sep/2025:09:30:43 +0700] "POST /wp-cron.php?doing_wp_cron=1757903443.4103920459747314453125 HTTP/1.0" 200 416 "-" "WordPress/6.8.1; https://vattusacky.vn"
154.54.249.200 - - [15/Sep/2025:09:30:42 +0700] "GET /3975-2/feed/ HTTP/1.0" 200 1617 "-" "Mozilla/5.0 (compatible; Barkrowler/0.9; +https://babbar.tech/crawler)"
154.54.249.200 - - [15/Sep/2025:09:31:13 +0700] "GET /glenjiko/ HTTP/1.0" 200 203314 "-" "Mozilla/5.0 (compatible; Barkrowler/0.9; +https://babbar.tech/crawler)"
217.113.194.217 - - [15/Sep/2025:09:31:52 +0700] "GET /gfl/feed/ HTTP/1.0" 200 1606 "-" "Mozilla/5.0 (compatible; Barkrowler/0.9; +https://babbar.tech/crawler)"
5.255.231.74 - - [15/Sep/2025:09:32:00 +0700] "GET /robots.txt HTTP/1.0" 200 984 "-" "Mozilla/5.0 (compatible; YandexBot/3.0; +http://yandex.com/bots)"
185.191.171.17 - - [15/Sep/2025:09:32:09 +0700] "GET /lucky-jet-onlajn-igra-otzyvy-shema-i-statistika/ HTTP/1.0" 200 115925 "-" "Mozilla/5.0 (compatible; SemrushBot/7~bl; +http://www.semrush.com/bot.html)"
217.113.194.218 - - [15/Sep/2025:09:32:23 +0700] "GET /3958-2/feed/ HTTP/1.0" 200 1617 "-" "Mozilla/5.0 (compatible; Barkrowler/0.9; +https://babbar.tech/crawler)"
45.117.177.72 - - [15/Sep/2025:09:32:56 +0700] "POST /wp-cron.php?doing_wp_cron=1757903576.2425489425659179687500 HTTP/1.0" 200 416 "-" "WordPress/6.8.1; https://vattusacky.vn"
217.113.194.78 - - [15/Sep/2025:09:32:54 +0700] "GET /3951-2/feed/ HTTP/1.0" 200 1617 "-" "Mozilla/5.0 (compatible; Barkrowler/0.9; +https://babbar.tech/crawler)"
45.117.177.72 - - [15/Sep/2025:09:33:25 +0700] "POST /wp-cron.php?doing_wp_cron=1757903605.1762659549713134765625 HTTP/1.0" 200 416 "-" "WordPress/6.8.1; https://vattusacky.vn"
217.113.194.217 - - [15/Sep/2025:09:33:23 +0700] "GET /result5809/feed/ HTTP/1.0" 200 1627 "-" "Mozilla/5.0 (compatible; Barkrowler/0.9; +https://babbar.tech/crawler)"
217.113.194.73 - - [15/Sep/2025:09:33:45 +0700] "GET /hello-world-3/ HTTP/1.0" 200 203292 "-" "Mozilla/5.0 (compatible; Barkrowler/0.9; +https://babbar.tech/crawler)"
45.117.177.72 - - [15/Sep/2025:09:34:22 +0700] "POST /wp-cron.php?doing_wp_cron=1757903662.7229781150817871093750 HTTP/1.0" 200 416 "-" "WordPress/6.8.1; https://vattusacky.vn"
172.213.21.159 - - [15/Sep/2025:09:34:21 +0700] "GET / HTTP/1.0" 503 8085 "-" "Mozilla/5.0 AppleWebKit/537.36 (KHTML, like Gecko); compatible; ChatGPT-User/1.0; +https://openai.com/bot"
217.113.194.217 - - [15/Sep/2025:09:34:23 +0700] "GET /free-slot-games/ HTTP/1.0" 200 72883 "-" "Mozilla/5.0 (compatible; Barkrowler/0.9; +https://babbar.tech/crawler)"
217.113.194.218 - - [15/Sep/2025:09:34:57 +0700] "GET /4282-2/feed/ HTTP/1.0" 200 1617 "-" "Mozilla/5.0 (compatible; Barkrowler/0.9; +https://babbar.tech/crawler)"
45.117.177.72 - - [15/Sep/2025:09:35:28 +0700] "POST /wp-cron.php?doing_wp_cron=1757903728.6933889389038085937500 HTTP/1.0" 200 416 "-" "WordPress/6.8.1; https://vattusacky.vn"
217.113.194.78 - - [15/Sep/2025:09:35:27 +0700] "GET /4259-2/feed/ HTTP/1.0" 200 1617 "-" "Mozilla/5.0 (compatible; Barkrowler/0.9; +https://babbar.tech/crawler)"
157.55.39.223 - - [15/Sep/2025:09:35:40 +0700] "GET /robots.txt HTTP/1.0" 200 984 "-" "Mozilla/5.0 AppleWebKit/537.36 (KHTML, like Gecko; compatible; bingbot/2.0; +http://www.bing.com/bingbot.htm) Chrome/116.0.1938.76 Safari/537.36"
217.113.194.76 - - [15/Sep/2025:09:35:53 +0700] "GET /category/piabet/ HTTP/1.0" 200 58560 "-" "Mozilla/5.0 (compatible; Barkrowler/0.9; +https://babbar.tech/crawler)"
45.117.177.72 - - [15/Sep/2025:09:36:17 +0700] "POST /wp-cron.php?doing_wp_cron=1757903777.1254711151123046875000 HTTP/1.0" 200 416 "-" "WordPress/6.8.1; https://vattusacky.vn"
43.153.123.3 - - [15/Sep/2025:09:36:15 +0700] "GET /slot-gacor-hari-ini-game-slot-dengan-volatilitas-tinggi/ HTTP/1.0" 200 65016 "-" "Mozilla/5.0 (iPhone; CPU iPhone OS 13_2_3 like Mac OS X) AppleWebKit/605.1.15 (KHTML, like Gecko) Version/13.0.3 Mobile/15E148 Safari/604.1"
217.113.194.218 - - [15/Sep/2025:09:36:23 +0700] "GET /category/education/feed/ HTTP/1.0" 200 195796 "-" "Mozilla/5.0 (compatible; Barkrowler/0.9; +https://babbar.tech/crawler)"
185.191.171.6 - - [15/Sep/2025:09:36:34 +0700] "GET /photo-product-specifications-91-2/ HTTP/1.0" 200 255383 "-" "Mozilla/5.0 (compatible; SemrushBot/7~bl; +http://www.semrush.com/bot.html)"
217.113.194.73 - - [15/Sep/2025:09:37:02 +0700] "GET /category/uncategorized/feed/ HTTP/1.0" 200 72925 "-" "Mozilla/5.0 (compatible; Barkrowler/0.9; +https://babbar.tech/crawler)"
45.117.177.72 - - [15/Sep/2025:09:37:31 +0700] "POST /wp-cron.php?doing_wp_cron=1757903850.9925899505615234375000 HTTP/1.0" 200 416 "-" "WordPress/6.8.1; https://vattusacky.vn"
217.113.194.76 - - [15/Sep/2025:09:37:29 +0700] "GET /4005-2/feed/ HTTP/1.0" 200 1617 "-" "Mozilla/5.0 (compatible; Barkrowler/0.9; +https://babbar.tech/crawler)"
217.113.194.217 - - [15/Sep/2025:09:38:00 +0700] "GET /best-online-slots/ HTTP/1.0" 200 206379 "-" "Mozilla/5.0 (compatible; Barkrowler/0.9; +https://babbar.tech/crawler)"
45.117.177.72 - - [15/Sep/2025:09:38:40 +0700] "POST /wp-cron.php?doing_wp_cron=1757903920.1891870498657226562500 HTTP/1.0" 200 416 "-" "WordPress/6.8.1; https://vattusacky.vn"
217.113.194.77 - - [15/Sep/2025:09:38:38 +0700] "GET /4123-2/feed/ HTTP/1.0" 200 1617 "-" "Mozilla/5.0 (compatible; Barkrowler/0.9; +https://babbar.tech/crawler)"
154.54.249.200 - - [15/Sep/2025:09:39:08 +0700] "GET /page-1727/feed/ HTTP/1.0" 200 1729 "-" "Mozilla/5.0 (compatible; Barkrowler/0.9; +https://babbar.tech/crawler)"
85.208.96.212 - - [15/Sep/2025:09:39:08 +0700] "GET /unveiling-the-essence-of-true-love-in-omelove/ HTTP/1.0" 200 90976 "-" "Mozilla/5.0 (compatible; SemrushBot/7~bl; +http://www.semrush.com/bot.html)"
45.117.177.72 - - [15/Sep/2025:09:39:38 +0700] "POST /wp-cron.php?doing_wp_cron=1757903978.5246710777282714843750 HTTP/1.0" 200 416 "-" "WordPress/6.8.1; https://vattusacky.vn"
217.113.194.72 - - [15/Sep/2025:09:39:37 +0700] "GET /tag/mobic/feed/ HTTP/1.0" 200 84888 "-" "Mozilla/5.0 (compatible; Barkrowler/0.9; +https://babbar.tech/crawler)"
18.224.192.118 - - [15/Sep/2025:09:39:52 +0700] "GET / HTTP/1.0" 200 60070 "-" "Mozilla/5.0 zgrab/0.x"
217.113.194.74 - - [15/Sep/2025:09:40:10 +0700] "GET /tag/prednisone/feed/ HTTP/1.0" 200 78888 "-" "Mozilla/5.0 (compatible; Barkrowler/0.9; +https://babbar.tech/crawler)"
45.117.177.72 - - [15/Sep/2025:09:40:44 +0700] "POST /wp-cron.php?doing_wp_cron=1757904043.9533030986785888671875 HTTP/1.0" 200 416 "-" "WordPress/6.8.1; https://vattusacky.vn"
217.113.194.72 - - [15/Sep/2025:09:40:42 +0700] "GET /tag/vulkan-vegas/ HTTP/1.0" 200 74990 "-" "Mozilla/5.0 (compatible; Barkrowler/0.9; +https://babbar.tech/crawler)"
217.113.194.81 - - [15/Sep/2025:09:41:10 +0700] "GET /tag/lopid/feed/ HTTP/1.0" 200 73712 "-" "Mozilla/5.0 (compatible; Barkrowler/0.9; +https://babbar.tech/crawler)"
45.117.177.72 - - [15/Sep/2025:09:41:44 +0700] "POST /wp-cron.php?doing_wp_cron=1757904104.1939969062805175781250 HTTP/1.0" 200 416 "-" "WordPress/6.8.1; https://vattusacky.vn"
217.113.194.74 - - [15/Sep/2025:09:41:42 +0700] "GET /tag/rans4d/ HTTP/1.0" 200 58601 "-" "Mozilla/5.0 (compatible; Barkrowler/0.9; +https://babbar.tech/crawler)"
217.113.194.80 - - [15/Sep/2025:09:42:12 +0700] "GET /the/tds/feed/ HTTP/1.0" 200 148252 "-" "Mozilla/5.0 (compatible; Barkrowler/0.9; +https://babbar.tech/crawler)"
45.117.177.72 - - [15/Sep/2025:09:42:47 +0700] "POST /wp-cron.php?doing_wp_cron=1757904166.8861410617828369140625 HTTP/1.0" 200 416 "-" "WordPress/6.8.1; https://vattusacky.vn"
217.113.194.218 - - [15/Sep/2025:09:42:45 +0700] "GET /the/o3/feed/ HTTP/1.0" 200 147130 "-" "Mozilla/5.0 (compatible; Barkrowler/0.9; +https://babbar.tech/crawler)"
45.117.177.72 - - [15/Sep/2025:09:43:26 +0700] "POST /wp-cron.php?doing_wp_cron=1757904206.4863259792327880859375 HTTP/1.0" 200 416 "-" "WordPress/6.8.1; https://vattusacky.vn"
217.113.194.79 - - [15/Sep/2025:09:43:25 +0700] "GET /the/toc/feed/ HTTP/1.0" 200 307821 "-" "Mozilla/5.0 (compatible; Barkrowler/0.9; +https://babbar.tech/crawler)"
217.113.194.76 - - [15/Sep/2025:09:44:15 +0700] "GET /evoqua/feed/ HTTP/1.0" 200 1615 "-" "Mozilla/5.0 (compatible; Barkrowler/0.9; +https://babbar.tech/crawler)"
45.117.177.72 - - [15/Sep/2025:09:44:41 +0700] "POST /wp-cron.php?doing_wp_cron=1757904281.0710968971252441406250 HTTP/1.0" 200 416 "-" "WordPress/6.8.1; https://vattusacky.vn"
217.113.194.81 - - [15/Sep/2025:09:44:39 +0700] "GET /jewelry-innovations/feed/ HTTP/1.0" 200 1656 "-" "Mozilla/5.0 (compatible; Barkrowler/0.9; +https://babbar.tech/crawler)"
43.135.135.57 - - [15/Sep/2025:09:44:48 +0700] "GET /san-pham/wsl25-chat-luong-nuoc/ HTTP/1.0" 200 119008 "-" "Mozilla/5.0 (iPhone; CPU iPhone OS 13_2_3 like Mac OS X) AppleWebKit/605.1.15 (KHTML, like Gecko) Version/13.0.3 Mobile/15E148 Safari/604.1"
217.113.194.217 - - [15/Sep/2025:09:45:07 +0700] "GET /play-casino-online/ HTTP/1.0" 200 205796 "-" "Mozilla/5.0 (compatible; Barkrowler/0.9; +https://babbar.tech/crawler)"
45.117.177.72 - - [15/Sep/2025:09:45:52 +0700] "POST /wp-cron.php?doing_wp_cron=1757904351.8527929782867431640625 HTTP/1.0" 200 416 "-" "WordPress/6.8.1; https://vattusacky.vn"
217.113.194.218 - - [15/Sep/2025:09:45:50 +0700] "GET /sbobet-7/ HTTP/1.0" 200 261628 "-" "Mozilla/5.0 (compatible; Barkrowler/0.9; +https://babbar.tech/crawler)"
45.117.177.72 - - [15/Sep/2025:09:46:28 +0700] "POST /wp-cron.php?doing_wp_cron=1757904387.9825239181518554687500 HTTP/1.0" 200 416 "-" "WordPress/6.8.1; https://vattusacky.vn"
154.54.249.200 - - [15/Sep/2025:09:46:26 +0700] "GET /offshore-brides/feed/ HTTP/1.0" 200 1642 "-" "Mozilla/5.0 (compatible; Barkrowler/0.9; +https://babbar.tech/crawler)"
45.117.177.72 - - [15/Sep/2025:09:46:38 +0700] "POST /wp-cron.php?doing_wp_cron=1757904398.1376171112060546875000 HTTP/1.0" 200 416 "-" "WordPress/6.8.1; https://vattusacky.vn"
17.241.75.93 - - [15/Sep/2025:09:46:36 +0700] "GET /can-you-bring-viagra-back-from-mexico/ HTTP/1.0" 200 81359 "-" "Mozilla/5.0 (Macintosh; Intel Mac OS X 10_15_7) AppleWebKit/605.1.15 (KHTML, like Gecko) Version/17.4 Safari/605.1.15 (Applebot/0.1; +http://www.apple.com/go/applebot)"
217.113.194.75 - - [15/Sep/2025:09:46:54 +0700] "GET /glenjiko/feed/ HTTP/1.0" 200 1621 "-" "Mozilla/5.0 (compatible; Barkrowler/0.9; +https://babbar.tech/crawler)"
85.208.96.193 - - [15/Sep/2025:09:46:58 +0700] "GET /author/yanz/page/345/ HTTP/1.0" 200 76560 "-" "Mozilla/5.0 (compatible; SemrushBot/7~bl; +http://www.semrush.com/bot.html)"
45.117.177.72 - - [15/Sep/2025:09:47:24 +0700] "POST /wp-cron.php?doing_wp_cron=1757904444.3080360889434814453125 HTTP/1.0" 200 416 "-" "WordPress/6.8.1; https://vattusacky.vn"
217.113.194.217 - - [15/Sep/2025:09:47:22 +0700] "GET /what-is-data-exchange/feed/ HTTP/1.0" 200 1661 "-" "Mozilla/5.0 (compatible; Barkrowler/0.9; +https://babbar.tech/crawler)"
217.113.194.75 - - [15/Sep/2025:09:47:51 +0700] "GET /kat-c-ce/feed/ HTTP/1.0" 200 1624 "-" "Mozilla/5.0 (compatible; Barkrowler/0.9; +https://babbar.tech/crawler)"
45.117.177.72 - - [15/Sep/2025:09:48:19 +0700] "POST /wp-cron.php?doing_wp_cron=1757904499.5856220722198486328125 HTTP/1.0" 200 416 "-" "WordPress/6.8.1; https://vattusacky.vn"
217.113.194.78 - - [15/Sep/2025:09:48:18 +0700] "GET /hello-world-4/feed/ HTTP/1.0" 200 1634 "-" "Mozilla/5.0 (compatible; Barkrowler/0.9; +https://babbar.tech/crawler)"
217.113.194.78 - - [15/Sep/2025:09:48:45 +0700] "GET /hello-world-8/feed/ HTTP/1.0" 200 1634 "-" "Mozilla/5.0 (compatible; Barkrowler/0.9; +https://babbar.tech/crawler)"
217.113.194.75 - - [15/Sep/2025:09:49:14 +0700] "GET /category/online-pharmacy/ HTTP/1.0" 200 63098 "-" "Mozilla/5.0 (compatible; Barkrowler/0.9; +https://babbar.tech/crawler)"
45.117.177.72 - - [15/Sep/2025:09:49:45 +0700] "POST /wp-cron.php?doing_wp_cron=1757904585.7653269767761230468750 HTTP/1.0" 200 416 "-" "WordPress/6.8.1; https://vattusacky.vn"
217.113.194.81 - - [15/Sep/2025:09:49:44 +0700] "GET /category/online-dating/feed/ HTTP/1.0" 200 18155 "-" "Mozilla/5.0 (compatible; Barkrowler/0.9; +https://babbar.tech/crawler)"
217.113.194.74 - - [15/Sep/2025:09:50:08 +0700] "GET /category/sex-chat/ HTTP/1.0" 200 58594 "-" "Mozilla/5.0 (compatible; Barkrowler/0.9; +https://babbar.tech/crawler)"
45.117.177.72 - - [15/Sep/2025:09:50:40 +0700] "POST /wp-cron.php?doing_wp_cron=1757904640.5058240890502929687500 HTTP/1.0" 200 416 "-" "WordPress/6.8.1; https://vattusacky.vn"
217.113.194.75 - - [15/Sep/2025:09:50:39 +0700] "GET /category/sex-chat/feed/ HTTP/1.0" 200 146263 "-" "Mozilla/5.0 (compatible; Barkrowler/0.9; +https://babbar.tech/crawler)"
217.113.194.78 - - [15/Sep/2025:09:51:13 +0700] "GET /category/txt/feed/ HTTP/1.0" 200 23204 "-" "Mozilla/5.0 (compatible; Barkrowler/0.9; +https://babbar.tech/crawler)"
45.117.177.72 - - [15/Sep/2025:09:51:19 +0700] "POST /wp-cron.php?doing_wp_cron=1757904679.0558938980102539062500 HTTP/1.0" 200 416 "-" "WordPress/6.8.1; https://vattusacky.vn"
85.208.96.198 - - [15/Sep/2025:09:51:17 +0700] "GET /khoroshee-bk-melbet-registratsiya-eto/ HTTP/1.0" 200 110383 "-" "Mozilla/5.0 (compatible; SemrushBot/7~bl; +http://www.semrush.com/bot.html)"
217.113.194.79 - - [15/Sep/2025:09:51:41 +0700] "GET /category/kazino/ HTTP/1.0" 200 58857 "-" "Mozilla/5.0 (compatible; Barkrowler/0.9; +https://babbar.tech/crawler)"
217.113.194.79 - - [15/Sep/2025:09:52:07 +0700] "GET /category/top-dating-reviews/ HTTP/1.0" 200 81833 "-" "Mozilla/5.0 (compatible; Barkrowler/0.9; +https://babbar.tech/crawler)"
57.141.2.54 - - [15/Sep/2025:09:52:11 +0700] "GET /unlocking-discovery-adventures-in-omegles-serendipitous-conversations/ HTTP/1.0" 200 93712 "-" "meta-externalagent/1.1 (+https://developers.facebook.com/docs/sharing/webmasters/crawler)"
45.117.177.72 - - [15/Sep/2025:09:52:39 +0700] "POST /wp-cron.php?doing_wp_cron=1757904759.4402160644531250000000 HTTP/1.0" 200 416 "-" "WordPress/6.8.1; https://vattusacky.vn"
217.113.194.77 - - [15/Sep/2025:09:52:38 +0700] "GET /category/gg-bet/ HTTP/1.0" 200 58738 "-" "Mozilla/5.0 (compatible; Barkrowler/0.9; +https://babbar.tech/crawler)"
217.113.194.76 - - [15/Sep/2025:09:53:08 +0700] "GET /category/blog/page/7/ HTTP/1.0" 200 74408 "-" "Mozilla/5.0 (compatible; Barkrowler/0.9; +https://babbar.tech/crawler)"
45.117.177.72 - - [15/Sep/2025:09:53:41 +0700] "POST /wp-cron.php?doing_wp_cron=1757904821.3291079998016357421875 HTTP/1.0" 200 416 "-" "WordPress/6.8.1; https://vattusacky.vn"
217.113.194.217 - - [15/Sep/2025:09:53:39 +0700] "GET /category/blog/page/15/ HTTP/1.0" 200 74895 "-" "Mozilla/5.0 (compatible; Barkrowler/0.9; +https://babbar.tech/crawler)"
217.113.194.78 - - [15/Sep/2025:09:54:10 +0700] "GET /category/blog/page/6/ HTTP/1.0" 200 72491 "-" "Mozilla/5.0 (compatible; Barkrowler/0.9; +https://babbar.tech/crawler)"
45.117.177.72 - - [15/Sep/2025:09:54:44 +0700] "POST /wp-cron.php?doing_wp_cron=1757904884.0501389503479003906250 HTTP/1.0" 200 416 "-" "WordPress/6.8.1; https://vattusacky.vn"
35.171.117.160 - - [15/Sep/2025:09:54:42 +0700] "GET /the/do-on-do-on/ HTTP/1.0" 200 67700 "-" "Mozilla/5.0 AppleWebKit/537.36 (KHTML, like Gecko; compatible; Amazonbot/0.1; +https://developer.amazon.com/support/amazonbot) Chrome/119.0.6045.214 Safari/537.36"
217.113.194.81 - - [15/Sep/2025:09:54:43 +0700] "GET /category/blog/page/18/ HTTP/1.0" 200 74266 "-" "Mozilla/5.0 (compatible; Barkrowler/0.9; +https://babbar.tech/crawler)"
44.215.231.15 - - [15/Sep/2025:09:54:46 +0700] "GET /san-pham/may-do-do-on-type-6230/ HTTP/1.0" 200 253815 "-" "Mozilla/5.0 AppleWebKit/537.36 (KHTML, like Gecko; compatible; Amazonbot/0.1; +https://developer.amazon.com/support/amazonbot) Chrome/119.0.6045.214 Safari/537.36"
3.227.180.70 - - [15/Sep/2025:09:54:50 +0700] "GET /hiq/ HTTP/1.0" 200 203459 "-" "Mozilla/5.0 AppleWebKit/537.36 (KHTML, like Gecko; compatible; Amazonbot/0.1; +https://developer.amazon.com/support/amazonbot) Chrome/119.0.6045.214 Safari/537.36"
34.205.163.103 - - [15/Sep/2025:09:54:54 +0700] "GET /san-pham/thiet-bi-lay-mau-nuoc-alpha-van-dorn-loai-ngang-8-2-lit-nhan-hang-wildco-4/ HTTP/1.0" 200 369896 "-" "Mozilla/5.0 AppleWebKit/537.36 (KHTML, like Gecko; compatible; Amazonbot/0.1; +https://developer.amazon.com/support/amazonbot) Chrome/119.0.6045.214 Safari/537.36"
49.51.253.83 - - [15/Sep/2025:09:55:08 +0700] "GET /san-pham/msl50-trace2o-thiet-bi-lay-mau-vi-sinh/ HTTP/1.0" 200 121190 "-" "Mozilla/5.0 (iPhone; CPU iPhone OS 13_2_3 like Mac OS X) AppleWebKit/605.1.15 (KHTML, like Gecko) Version/13.0.3 Mobile/15E148 Safari/604.1"
45.117.177.72 - - [15/Sep/2025:09:55:18 +0700] "POST /wp-cron.php?doing_wp_cron=1757904918.3952870368957519531250 HTTP/1.0" 200 416 "-" "WordPress/6.8.1; https://vattusacky.vn"
217.113.194.81 - - [15/Sep/2025:09:55:17 +0700] "GET /category/blog/page/16/ HTTP/1.0" 200 74190 "-" "Mozilla/5.0 (compatible; Barkrowler/0.9; +https://babbar.tech/crawler)"
217.113.194.77 - - [15/Sep/2025:09:55:43 +0700] "GET /category/blog/page/17/ HTTP/1.0" 200 74313 "-" "Mozilla/5.0 (compatible; Barkrowler/0.9; +https://babbar.tech/crawler)"
217.113.194.77 - - [15/Sep/2025:09:56:15 +0700] "GET /category/uncategorized/page/2/ HTTP/1.0" 200 76348 "-" "Mozilla/5.0 (compatible; Barkrowler/0.9; +https://babbar.tech/crawler)"
40.77.167.151 - - [15/Sep/2025:09:56:40 +0700] "GET /wp-content/uploads/2017/04/cf-1000-800x800-768x768.jpg HTTP/1.0" 200 431 "-" "Mozilla/5.0 AppleWebKit/537.36 (KHTML, like Gecko; compatible; bingbot/2.0; +http://www.bing.com/bingbot.htm) Chrome/116.0.1938.76 Safari/537.36"
45.117.177.72 - - [15/Sep/2025:09:56:50 +0700] "POST /wp-cron.php?doing_wp_cron=1757905010.3120439052581787109375 HTTP/1.0" 200 416 "-" "WordPress/6.8.1; https://vattusacky.vn"
217.113.194.75 - - [15/Sep/2025:09:56:48 +0700] "GET /category/uncategorized3/ HTTP/1.0" 200 60113 "-" "Mozilla/5.0 (compatible; Barkrowler/0.9; +https://babbar.tech/crawler)"
45.117.177.72 - - [15/Sep/2025:09:57:21 +0700] "POST /wp-cron.php?doing_wp_cron=1757905041.0608799457550048828125 HTTP/1.0" 200 416 "-" "WordPress/6.8.1; https://vattusacky.vn"
217.113.194.75 - - [15/Sep/2025:09:57:19 +0700] "GET /category/asian-women/feed/ HTTP/1.0" 200 30966 "-" "Mozilla/5.0 (compatible; Barkrowler/0.9; +https://babbar.tech/crawler)"
112.196.0.228 - - [15/Sep/2025:09:57:32 +0700] "POST /xmlrpc.php HTTP/1.0" 200 954 "-" "Mozilla/5.0 (X11; Ubuntu; Linux x86_64; rv:85.0) Gecko/20100101 Firefox/91.0"
217.113.194.77 - - [15/Sep/2025:09:57:46 +0700] "GET /casino-free-slots/ HTTP/1.0" 200 74235 "-" "Mozilla/5.0 (compatible; Barkrowler/0.9; +https://babbar.tech/crawler)"
185.191.171.18 - - [15/Sep/2025:09:57:50 +0700] "GET /robots.txt HTTP/1.0" 200 984 "-" "Mozilla/5.0 (compatible; SemrushBot/7~bl; +http://www.semrush.com/bot.html)"
185.191.171.7 - - [15/Sep/2025:09:57:52 +0700] "GET /tips-on-how-to-date-online-internationally/ HTTP/1.0" 200 76253 "-" "Mozilla/5.0 (compatible; SemrushBot/7~bl; +http://www.semrush.com/bot.html)"
45.117.177.72 - - [15/Sep/2025:09:58:20 +0700] "POST /wp-cron.php?doing_wp_cron=1757905100.7216339111328125000000 HTTP/1.0" 200 416 "-" "WordPress/6.8.1; https://vattusacky.vn"
217.113.194.77 - - [15/Sep/2025:09:58:19 +0700] "GET /tag/amoxicillin/feed/ HTTP/1.0" 200 90966 "-" "Mozilla/5.0 (compatible; Barkrowler/0.9; +https://babbar.tech/crawler)"
217.113.194.76 - - [15/Sep/2025:09:58:51 +0700] "GET /tag/mostbet/feed/ HTTP/1.0" 200 286272 "-" "Mozilla/5.0 (compatible; Barkrowler/0.9; +https://babbar.tech/crawler)"
45.117.177.72 - - [15/Sep/2025:09:59:41 +0700] "POST /wp-cron.php?doing_wp_cron=1757905181.5080819129943847656250 HTTP/1.0" 200 416 "-" "WordPress/6.8.1; https://vattusacky.vn"
217.113.194.79 - - [15/Sep/2025:09:59:40 +0700] "GET /tag/slot-thailand/feed/ HTTP/1.0" 200 28298 "-" "Mozilla/5.0 (compatible; Barkrowler/0.9; +https://babbar.tech/crawler)"
45.117.177.72 - - [15/Sep/2025:10:00:10 +0700] "POST /wp-cron.php?doing_wp_cron=1757905209.9267139434814453125000 HTTP/1.0" 200 416 "-" "WordPress/6.8.1; https://vattusacky.vn"
217.113.194.81 - - [15/Sep/2025:10:00:08 +0700] "GET /tag/evecare/feed/ HTTP/1.0" 200 62232 "-" "Mozilla/5.0 (compatible; Barkrowler/0.9; +https://babbar.tech/crawler)"
45.117.177.72 - - [15/Sep/2025:10:00:42 +0700] "POST /wp-cron.php?doing_wp_cron=1757905242.6930301189422607421875 HTTP/1.0" 200 416 "-" "WordPress/6.8.1; https://vattusacky.vn"
217.113.194.74 - - [15/Sep/2025:10:00:41 +0700] "GET /tag/micardis/ HTTP/1.0" 200 58753 "-" "Mozilla/5.0 (compatible; Barkrowler/0.9; +https://babbar.tech/crawler)"
45.117.177.72 - - [15/Sep/2025:10:01:08 +0700] "POST /wp-cron.php?doing_wp_cron=1757905268.4893159866333007812500 HTTP/1.0" 200 416 "-" "WordPress/6.8.1; https://vattusacky.vn"
217.113.194.74 - - [15/Sep/2025:10:01:07 +0700] "GET /tag/bui-tong/ HTTP/1.0" 200 59317 "-" "Mozilla/5.0 (compatible; Barkrowler/0.9; +https://babbar.tech/crawler)"
45.117.177.72 - - [15/Sep/2025:10:01:26 +0700] "POST /wp-cron.php?doing_wp_cron=1757905285.9900920391082763671875 HTTP/1.0" 200 416 "-" "WordPress/6.8.1; https://vattusacky.vn"
54.36.60.45 - - [15/Sep/2025:10:01:24 +0700] "GET /robots.txt HTTP/1.0" 200 984 "-" "Mozilla/5.0 (compatible; MJ12bot/v1.4.8; http://mj12bot.com/)"
54.36.60.45 - - [15/Sep/2025:10:01:28 +0700] "GET /danh-muc/moi-truong-nuoc/bo-do-b-o-d/?s=Aqualytic%20-%20%C4%90%E1%BB%A9c HTTP/1.0" 200 92585 "-" "Mozilla/5.0 (compatible; MJ12bot/v1.4.8; http://mj12bot.com/)"
217.113.194.72 - - [15/Sep/2025:10:01:39 +0700] "GET /the/epa5/feed/ HTTP/1.0" 200 344383 "-" "Mozilla/5.0 (compatible; Barkrowler/0.9; +https://babbar.tech/crawler)"
45.117.177.72 - - [15/Sep/2025:10:02:29 +0700] "POST /wp-cron.php?doing_wp_cron=1757905349.6551229953765869140625 HTTP/1.0" 200 416 "-" "WordPress/6.8.1; https://vattusacky.vn"
217.113.194.79 - - [15/Sep/2025:10:02:28 +0700] "GET /the/do-dan/feed/ HTTP/1.0" 200 148280 "-" "Mozilla/5.0 (compatible; Barkrowler/0.9; +https://babbar.tech/crawler)"
185.191.171.14 - - [15/Sep/2025:10:02:36 +0700] "GET /san-pham/phan-tich-nuoc-phong-thi-nghiem-hs-2300plus-humas/ HTTP/1.0" 200 116229 "-" "Mozilla/5.0 (compatible; SemrushBot/7~bl; +http://www.semrush.com/bot.html)"
217.113.194.72 - - [15/Sep/2025:10:02:55 +0700] "GET /the/do-ph/feed/ HTTP/1.0" 200 147358 "-" "Mozilla/5.0 (compatible; Barkrowler/0.9; +https://babbar.tech/crawler)"
45.117.177.72 - - [15/Sep/2025:10:03:32 +0700] "POST /wp-cron.php?doing_wp_cron=1757905411.8783819675445556640625 HTTP/1.0" 200 416 "-" "WordPress/6.8.1; https://vattusacky.vn"
185.191.171.1 - - [15/Sep/2025:10:03:30 +0700] "GET /happymatches-a-fresh-dating-internet-site-is-actually-rebooting-internet-dating/ HTTP/1.0" 200 217172 "-" "Mozilla/5.0 (compatible; SemrushBot/7~bl; +http://www.semrush.com/bot.html)"
217.113.194.81 - - [15/Sep/2025:10:03:31 +0700] "GET /the/do-do/feed/ HTTP/1.0" 200 146878 "-" "Mozilla/5.0 (compatible; Barkrowler/0.9; +https://babbar.tech/crawler)"
217.113.194.74 - - [15/Sep/2025:10:04:06 +0700] "GET /the/ozone/feed/ HTTP/1.0" 200 147148 "-" "Mozilla/5.0 (compatible; Barkrowler/0.9; +https://babbar.tech/crawler)"
45.117.177.72 - - [15/Sep/2025:10:04:41 +0700] "POST /wp-cron.php?doing_wp_cron=1757905481.3037710189819335937500 HTTP/1.0" 200 416 "-" "WordPress/6.8.1; https://vattusacky.vn"
43.131.39.179 - - [15/Sep/2025:10:04:39 +0700] "GET /%f0%9f%8e%b0-situs-slot-hari-ini-terbaik-terpercaya-2025-gampang-menang-besar-selalu-update-game-terbaru/ HTTP/1.0" 200 70120 "-" "Mozilla/5.0 (iPhone; CPU iPhone OS 13_2_3 like Mac OS X) AppleWebKit/605.1.15 (KHTML, like Gecko) Version/13.0.3 Mobile/15E148 Safari/604.1"
217.113.194.78 - - [15/Sep/2025:10:04:40 +0700] "GET /the/bo-giu/ HTTP/1.0" 200 67095 "-" "Mozilla/5.0 (compatible; Barkrowler/0.9; +https://babbar.tech/crawler)"
217.113.194.217 - - [15/Sep/2025:10:05:12 +0700] "GET /4620-2/feed/ HTTP/1.0" 200 1617 "-" "Mozilla/5.0 (compatible; Barkrowler/0.9; +https://babbar.tech/crawler)"
45.117.177.72 - - [15/Sep/2025:10:05:46 +0700] "POST /wp-cron.php?doing_wp_cron=1757905546.7503440380096435546875 HTTP/1.0" 200 416 "-" "WordPress/6.8.1; https://vattusacky.vn"
217.113.194.81 - - [15/Sep/2025:10:05:45 +0700] "GET /oddsjam/feed/ HTTP/1.0" 200 1618 "-" "Mozilla/5.0 (compatible; Barkrowler/0.9; +https://babbar.tech/crawler)"
217.113.194.74 - - [15/Sep/2025:10:06:14 +0700] "GET /how-to-choose-a-bed/ HTTP/1.0" 200 207366 "-" "Mozilla/5.0 (compatible; Barkrowler/0.9; +https://babbar.tech/crawler)"
45.117.177.72 - - [15/Sep/2025:10:06:45 +0700] "POST /wp-cron.php?doing_wp_cron=1757905605.2179539203643798828125 HTTP/1.0" 200 416 "-" "WordPress/6.8.1; https://vattusacky.vn"
217.113.194.79 - - [15/Sep/2025:10:06:43 +0700] "GET /sbobet-7/feed/ HTTP/1.0" 200 1732 "-" "Mozilla/5.0 (compatible; Barkrowler/0.9; +https://babbar.tech/crawler)"
217.113.194.218 - - [15/Sep/2025:10:07:13 +0700] "GET /online-dating-international/ HTTP/1.0" 200 74515 "-" "Mozilla/5.0 (compatible; Barkrowler/0.9; +https://babbar.tech/crawler)"
45.117.177.72 - - [15/Sep/2025:10:07:50 +0700] "POST /wp-cron.php?doing_wp_cron=1757905670.3548929691314697265625 HTTP/1.0" 200 416 "-" "WordPress/6.8.1; https://vattusacky.vn"
217.113.194.79 - - [15/Sep/2025:10:07:49 +0700] "GET /how-omegle-works/ HTTP/1.0" 200 87638 "-" "Mozilla/5.0 (compatible; Barkrowler/0.9; +https://babbar.tech/crawler)"
45.117.177.72 - - [15/Sep/2025:10:08:19 +0700] "POST /wp-cron.php?doing_wp_cron=1757905699.3093008995056152343750 HTTP/1.0" 200 416 "-" "WordPress/6.8.1; https://vattusacky.vn"
217.113.194.77 - - [15/Sep/2025:10:08:18 +0700] "GET /unibet-130/feed/ HTTP/1.0" 200 1623 "-" "Mozilla/5.0 (compatible; Barkrowler/0.9; +https://babbar.tech/crawler)"
