45.117.177.72 - - [15/Sep/2025:10:08:47 +0700] "POST /wp-cron.php?doing_wp_cron=1757905727.2800738811492919921875 HTTP/1.0" 200 416 "-" "WordPress/6.8.1; https://vattusacky.vn"
217.113.194.73 - - [15/Sep/2025:10:08:45 +0700] "GET /what-is-omegle/feed/ HTTP/1.0" 200 1639 "-" "Mozilla/5.0 (compatible; Barkrowler/0.9; +https://babbar.tech/crawler)"
45.117.177.72 - - [15/Sep/2025:10:09:18 +0700] "POST /wp-cron.php?doing_wp_cron=1757905757.9502620697021484375000 HTTP/1.0" 200 416 "-" "WordPress/6.8.1; https://vattusacky.vn"
154.54.249.200 - - [15/Sep/2025:10:09:16 +0700] "GET /hello-world-9/feed/ HTTP/1.0" 200 1634 "-" "Mozilla/5.0 (compatible; Barkrowler/0.9; +https://babbar.tech/crawler)"
217.113.194.77 - - [15/Sep/2025:10:09:47 +0700] "GET /intimate-marriages/ HTTP/1.0" 200 206923 "-" "Mozilla/5.0 (compatible; Barkrowler/0.9; +https://babbar.tech/crawler)"
45.117.177.72 - - [15/Sep/2025:10:10:17 +0700] "POST /wp-cron.php?doing_wp_cron=1757905817.7407729625701904296875 HTTP/1.0" 200 416 "-" "WordPress/6.8.1; https://vattusacky.vn"
217.113.194.75 - - [15/Sep/2025:10:10:16 +0700] "GET /category/wife-finder/ HTTP/1.0" 200 58940 "-" "Mozilla/5.0 (compatible; Barkrowler/0.9; +https://babbar.tech/crawler)"
217.113.194.75 - - [15/Sep/2025:10:10:48 +0700] "GET /category/chatbot-news/ HTTP/1.0" 200 77259 "-" "Mozilla/5.0 (compatible; Barkrowler/0.9; +https://babbar.tech/crawler)"
45.117.177.72 - - [15/Sep/2025:10:11:22 +0700] "POST /wp-cron.php?doing_wp_cron=1757905882.5089681148529052734375 HTTP/1.0" 200 416 "-" "WordPress/6.8.1; https://vattusacky.vn"
217.113.194.80 - - [15/Sep/2025:10:11:21 +0700] "GET /category/casino-bonus/feed/ HTTP/1.0" 200 36653 "-" "Mozilla/5.0 (compatible; Barkrowler/0.9; +https://babbar.tech/crawler)"
217.113.194.73 - - [15/Sep/2025:10:11:51 +0700] "GET /category/crypto-news/ HTTP/1.0" 200 506328 "-" "Mozilla/5.0 (compatible; Barkrowler/0.9; +https://babbar.tech/crawler)"
45.117.177.72 - - [15/Sep/2025:10:12:53 +0700] "POST /wp-cron.php?doing_wp_cron=1757905973.4857718944549560546875 HTTP/1.0" 200 416 "-" "WordPress/6.8.1; https://vattusacky.vn"
217.113.194.81 - - [15/Sep/2025:10:12:52 +0700] "GET /category/first-date-game/ HTTP/1.0" 200 58656 "-" "Mozilla/5.0 (compatible; Barkrowler/0.9; +https://babbar.tech/crawler)"
45.117.177.72 - - [15/Sep/2025:10:13:24 +0700] "POST /wp-cron.php?doing_wp_cron=1757906004.0233559608459472656250 HTTP/1.0" 200 416 "-" "WordPress/6.8.1; https://vattusacky.vn"
217.113.194.74 - - [15/Sep/2025:10:13:22 +0700] "GET /category/uncategorized1/feed/ HTTP/1.0" 200 68932 "-" "Mozilla/5.0 (compatible; Barkrowler/0.9; +https://babbar.tech/crawler)"
217.113.194.72 - - [15/Sep/2025:10:13:50 +0700] "GET /category/uncategorized3/feed/ HTTP/1.0" 200 30231 "-" "Mozilla/5.0 (compatible; Barkrowler/0.9; +https://babbar.tech/crawler)"
45.117.177.72 - - [15/Sep/2025:10:14:18 +0700] "POST /wp-cron.php?doing_wp_cron=1757906058.2279870510101318359375 HTTP/1.0" 200 416 "-" "WordPress/6.8.1; https://vattusacky.vn"
162.62.213.165 - - [15/Sep/2025:10:14:16 +0700] "GET /xmlrpc.php HTTP/1.0" 405 600 "-" "Mozilla/5.0 (iPhone; CPU iPhone OS 13_2_3 like Mac OS X) AppleWebKit/605.1.15 (KHTML, like Gecko) Version/13.0.3 Mobile/15E148 Safari/604.1"
217.113.194.74 - - [15/Sep/2025:10:14:19 +0700] "GET /category/asian-brides/ HTTP/1.0" 200 58716 "-" "Mozilla/5.0 (compatible; Barkrowler/0.9; +https://babbar.tech/crawler)"
217.113.194.77 - - [15/Sep/2025:10:14:51 +0700] "GET /top-spots-to-see/feed/ HTTP/1.0" 200 1645 "-" "Mozilla/5.0 (compatible; Barkrowler/0.9; +https://babbar.tech/crawler)"
45.117.177.72 - - [15/Sep/2025:10:15:23 +0700] "POST /wp-cron.php?doing_wp_cron=1757906122.9670350551605224609375 HTTP/1.0" 200 416 "-" "WordPress/6.8.1; https://vattusacky.vn"
217.113.194.74 - - [15/Sep/2025:10:15:21 +0700] "GET /tag/royale168/feed/ HTTP/1.0" 200 5738 "-" "Mozilla/5.0 (compatible; Barkrowler/0.9; +https://babbar.tech/crawler)"
217.113.194.73 - - [15/Sep/2025:10:15:45 +0700] "GET /tag/tram-tich/feed/ HTTP/1.0" 200 10555 "-" "Mozilla/5.0 (compatible; Barkrowler/0.9; +https://babbar.tech/crawler)"
45.117.177.72 - - [15/Sep/2025:10:16:19 +0700] "POST /wp-cron.php?doing_wp_cron=1757906179.0605950355529785156250 HTTP/1.0" 200 416 "-" "WordPress/6.8.1; https://vattusacky.vn"
217.113.194.75 - - [15/Sep/2025:10:16:17 +0700] "GET /tag/bui-tsp/ HTTP/1.0" 200 59288 "-" "Mozilla/5.0 (compatible; Barkrowler/0.9; +https://babbar.tech/crawler)"
217.113.194.217 - - [15/Sep/2025:10:16:50 +0700] "GET /tag/bui-tong/feed/ HTTP/1.0" 200 155862 "-" "Mozilla/5.0 (compatible; Barkrowler/0.9; +https://babbar.tech/crawler)"
45.117.177.72 - - [15/Sep/2025:10:17:28 +0700] "POST /wp-cron.php?doing_wp_cron=1757906248.1688110828399658203125 HTTP/1.0" 200 416 "-" "WordPress/6.8.1; https://vattusacky.vn"
154.54.249.200 - - [15/Sep/2025:10:17:26 +0700] "GET /betwinner-523/ HTTP/1.0" 200 78629 "-" "Mozilla/5.0 (compatible; Barkrowler/0.9; +https://babbar.tech/crawler)"
217.113.194.77 - - [15/Sep/2025:10:17:58 +0700] "GET /betwinner-442/ HTTP/1.0" 200 78502 "-" "Mozilla/5.0 (compatible; Barkrowler/0.9; +https://babbar.tech/crawler)"
45.117.177.72 - - [15/Sep/2025:10:21:25 +0700] "POST /wp-cron.php?doing_wp_cron=1757906484.9267640113830566406250 HTTP/1.0" 200 416 "-" "WordPress/6.8.1; https://vattusacky.vn"
3.220.148.166 - - [15/Sep/2025:10:21:23 +0700] "GET /san-pham/lay-bui-pm10-pm2-5-pm1-0-amiangde-bay-hoi-1-%C3%B7-3-5-m3h/ HTTP/1.0" 200 510481 "-" "Mozilla/5.0 AppleWebKit/537.36 (KHTML, like Gecko; compatible; Amazonbot/0.1; +https://developer.amazon.com/support/amazonbot) Chrome/119.0.6045.214 Safari/537.36"
3.222.85.38 - - [15/Sep/2025:10:21:26 +0700] "GET /the/thu-mau-bui/ HTTP/1.0" 200 67173 "-" "Mozilla/5.0 AppleWebKit/537.36 (KHTML, like Gecko; compatible; Amazonbot/0.1; +https://developer.amazon.com/support/amazonbot) Chrome/119.0.6045.214 Safari/537.36"
85.208.96.197 - - [15/Sep/2025:10:21:26 +0700] "GET /1xbet-como-apostar-en-mexico-bono-de-3-500-en-2023/ HTTP/1.0" 200 99397 "-" "Mozilla/5.0 (compatible; SemrushBot/7~bl; +http://www.semrush.com/bot.html)"
45.117.177.72 - - [15/Sep/2025:10:24:45 +0700] "POST /wp-cron.php?doing_wp_cron=1757906685.2002201080322265625000 HTTP/1.0" 200 416 "-" "WordPress/6.8.1; https://vattusacky.vn"
43.133.139.6 - - [15/Sep/2025:10:24:43 +0700] "GET /wp-json/oembed/1.0/embed?url=https%3A%2F%2Fvattusacky.vn%2Flien-he%2F&format=xml HTTP/1.0" 200 4060 "-" "Mozilla/5.0 (iPhone; CPU iPhone OS 13_2_3 like Mac OS X) AppleWebKit/605.1.15 (KHTML, like Gecko) Version/13.0.3 Mobile/15E148 Safari/604.1"
45.117.177.72 - - [15/Sep/2025:10:25:33 +0700] "POST /wp-cron.php?doing_wp_cron=1757906733.6247310638427734375000 HTTP/1.0" 200 416 "-" "WordPress/6.8.1; https://vattusacky.vn"
103.131.71.36 - - [15/Sep/2025:10:25:32 +0700] "GET /robots.txt HTTP/1.0" 200 984 "-" "Mozilla/5.0 (compatible; coccocbot-image/1.0; +http://help.coccoc.com/searchengine)"
103.131.71.28 - - [15/Sep/2025:10:25:40 +0700] "GET /wp-content/uploads/2016/07/bw-technologies.png HTTP/1.0" 200 422 "-" "Mozilla/5.0 (compatible; coccocbot-image/1.0; +http://help.coccoc.com/searchengine)"
103.131.71.19 - - [15/Sep/2025:10:26:01 +0700] "GET /sitemap_index.xml HTTP/1.0" 200 2426 "-" "Mozilla/5.0 (compatible; coccocbot-image/1.0; +http://help.coccoc.com/searchengine)"
45.117.177.72 - - [15/Sep/2025:10:26:43 +0700] "POST /wp-cron.php?doing_wp_cron=1757906803.6651570796966552734375 HTTP/1.0" 200 416 "-" "WordPress/6.8.1; https://vattusacky.vn"
40.77.167.15 - - [15/Sep/2025:10:26:41 +0700] "GET /danh-muc/thiet-bi%CC%A3-do-luong/do-phong-xa-dien-tu-truong/ HTTP/1.0" 200 98160 "-" "Mozilla/5.0 AppleWebKit/537.36 (KHTML, like Gecko; compatible; bingbot/2.0; +http://www.bing.com/bingbot.htm) Chrome/116.0.1938.76 Safari/537.36"
85.208.96.210 - - [15/Sep/2025:10:28:49 +0700] "GET /asian-games-2026-aichi-23/ HTTP/1.0" 200 113342 "-" "Mozilla/5.0 (compatible; SemrushBot/7~bl; +http://www.semrush.com/bot.html)"
185.191.171.12 - - [15/Sep/2025:10:29:20 +0700] "GET /connecting-with-strangers-exploring-the-thrill-of-the-unexpected/ HTTP/1.0" 200 91860 "-" "Mozilla/5.0 (compatible; SemrushBot/7~bl; +http://www.semrush.com/bot.html)"
45.117.177.72 - - [15/Sep/2025:10:34:26 +0700] "POST /wp-cron.php?doing_wp_cron=1757907265.8878920078277587890625 HTTP/1.0" 200 416 "-" "WordPress/6.8.1; https://vattusacky.vn"
43.128.67.187 - - [15/Sep/2025:10:34:23 +0700] "GET /slot-gacor-hari-ini-daftar-game-yang-sedang-hot/ HTTP/1.0" 200 65140 "-" "Mozilla/5.0 (iPhone; CPU iPhone OS 13_2_3 like Mac OS X) AppleWebKit/605.1.15 (KHTML, like Gecko) Version/13.0.3 Mobile/15E148 Safari/604.1"
216.244.66.237 - - [15/Sep/2025:10:34:28 +0700] "GET /robots.txt HTTP/1.0" 200 984 "-" "Mozilla/5.0 (compatible; DotBot/1.2; +https://opensiteexplorer.org/dotbot; help@moz.com)"
185.191.171.5 - - [15/Sep/2025:10:34:29 +0700] "GET /demystifying-omegles-randomness-understanding-the-science-behind/ HTTP/1.0" 200 90250 "-" "Mozilla/5.0 (compatible; SemrushBot/7~bl; +http://www.semrush.com/bot.html)"
45.117.177.72 - - [15/Sep/2025:10:37:09 +0700] "POST /wp-cron.php?doing_wp_cron=1757907429.5658700466156005859375 HTTP/1.0" 200 416 "-" "WordPress/6.8.1; https://vattusacky.vn"
185.191.171.19 - - [15/Sep/2025:10:37:07 +0700] "GET /agricoltura-la-coesione-sociale-boom-imprese-impegnate-nel-sociale-250-in-ultimi-8-anni/ HTTP/1.0" 200 226545 "-" "Mozilla/5.0 (compatible; SemrushBot/7~bl; +http://www.semrush.com/bot.html)"
45.117.177.72 - - [15/Sep/2025:10:37:55 +0700] "POST /wp-cron.php?doing_wp_cron=1757907475.2417480945587158203125 HTTP/1.0" 200 416 "-" "WordPress/6.8.1; https://vattusacky.vn"
45.119.84.18 - - [15/Sep/2025:10:37:53 +0700] "POST /xmlrpc.php HTTP/1.0" 200 954 "-" "Mozilla/5.0 (X11; Ubuntu; Linux x86_64; rv:85.0) Gecko/20100101 Firefox/91.0"
45.117.177.72 - - [15/Sep/2025:10:38:34 +0700] "POST /wp-cron.php?doing_wp_cron=1757907514.5722839832305908203125 HTTP/1.0" 200 416 "-" "WordPress/6.8.1; https://vattusacky.vn"
85.208.96.206 - - [15/Sep/2025:10:38:33 +0700] "GET /the/phong-xa/ HTTP/1.0" 200 103469 "-" "Mozilla/5.0 (compatible; SemrushBot/7~bl; +http://www.semrush.com/bot.html)"
45.117.177.72 - - [15/Sep/2025:10:39:43 +0700] "POST /wp-cron.php?doing_wp_cron=1757907583.1817018985748291015625 HTTP/1.0" 200 416 "-" "WordPress/6.8.1; https://vattusacky.vn"
109.236.93.77 - - [15/Sep/2025:10:39:41 +0700] "GET /pin-ap-opustimsya-v-mir-azarta-i-razvlecheniy-sredi-peredovykh-saytov-dlya-igry-na-realnye-dengi-i-pari-s-ispolzovaniem-depozita-i-bonusov HTTP/1.0" 301 729 "-" "Mozilla/5.0 (Windows NT 10.0; Win64; x64) AppleWebKit/537.36 (KHTML, like Gecko) Chrome/118.0.0.0 Safari/537.36"
109.236.93.77 - - [15/Sep/2025:10:39:44 +0700] "GET /pin-ap-opustimsya-v-mir-azarta-i-razvlecheniy-sredi-peredovykh-saytov-dlya-igry-na-realnye-dengi-i-pari-s-ispolzovaniem-depozita-i-bonusov/ HTTP/1.0" 200 117498 "-" "Mozilla/5.0 (Windows NT 10.0; Win64; x64) AppleWebKit/537.36 (KHTML, like Gecko) Chrome/118.0.0.0 Safari/537.36"
45.117.177.72 - - [15/Sep/2025:10:40:32 +0700] "POST /wp-cron.php?doing_wp_cron=1757907632.2806370258331298828125 HTTP/1.0" 200 416 "-" "WordPress/6.8.1; https://vattusacky.vn"
216.244.66.237 - - [15/Sep/2025:10:40:30 +0700] "GET /danh-muc/moi-truong-khi/van-toc-luu-luong-khi-nhiet-do/?s=Mesa%20Labs%20-%20M%E1%BB%B9 HTTP/1.0" 200 60660 "-" "Mozilla/5.0 (compatible; DotBot/1.2; +https://opensiteexplorer.org/dotbot; help@moz.com)"
185.191.171.16 - - [15/Sep/2025:10:40:39 +0700] "GET /san-pham/thiet-bi-do-nuoc-bien-hien-truong/ HTTP/1.0" 200 188779 "-" "Mozilla/5.0 (compatible; SemrushBot/7~bl; +http://www.semrush.com/bot.html)"
52.167.144.204 - - [15/Sep/2025:10:41:01 +0700] "GET /danh-muc/phan-tich-thi-nghi%C3%A1%C2%BA%C2%B9m/he-thong-chung-cat-dam-kjeldahl/ HTTP/1.0" 200 105372 "-" "Mozilla/5.0 AppleWebKit/537.36 (KHTML, like Gecko; compatible; bingbot/2.0; +http://www.bing.com/bingbot.htm) Chrome/116.0.1938.76 Safari/537.36"
45.117.177.72 - - [15/Sep/2025:10:45:51 +0700] "POST /wp-cron.php?doing_wp_cron=1757907950.8334939479827880859375 HTTP/1.0" 200 416 "-" "WordPress/6.8.1; https://vattusacky.vn"
85.208.96.206 - - [15/Sep/2025:10:45:48 +0700] "GET /legalny-hazard-w-polsce-na-przykadzie-feuer-speiender-berg-umgangssprachlich-vegas-i-innych-kasyn/ HTTP/1.0" 200 87925 "-" "Mozilla/5.0 (compatible; SemrushBot/7~bl; +http://www.semrush.com/bot.html)"
20.171.207.193 - - [15/Sep/2025:10:46:02 +0700] "GET /sitemap_index.xml HTTP/1.0" 200 2426 "-" "Mozilla/5.0 AppleWebKit/537.36 (KHTML, like Gecko; compatible; GPTBot/1.2; +https://openai.com/gptbot)"
20.171.207.193 - - [15/Sep/2025:10:46:07 +0700] "GET /post-sitemap.xml HTTP/1.0" 500 3132 "-" "Mozilla/5.0 AppleWebKit/537.36 (KHTML, like Gecko; compatible; GPTBot/1.2; +https://openai.com/gptbot)"
45.117.177.72 - - [15/Sep/2025:10:48:26 +0700] "POST /wp-cron.php?doing_wp_cron=1757908106.6776731014251708984375 HTTP/1.0" 200 416 "-" "WordPress/6.8.1; https://vattusacky.vn"
43.130.14.245 - - [15/Sep/2025:10:48:24 +0700] "GET /danh-muc/moi-truong-nuoc/bo-loc-chan-khong-tss-bo-loc-vi-sinh/ HTTP/1.0" 200 109142 "-" "Mozilla/5.0 (iPhone; CPU iPhone OS 13_2_3 like Mac OS X) AppleWebKit/605.1.15 (KHTML, like Gecko) Version/13.0.3 Mobile/15E148 Safari/604.1"
45.117.177.72 - - [15/Sep/2025:10:48:28 +0700] "POST /wp-admin/admin-ajax.php?action=wp_1_wc_privacy_cleanup&nonce=fcbb9ef2d9 HTTP/1.0" 200 716 "-" "WordPress/6.8.1; https://vattusacky.vn"
45.117.177.72 - - [15/Sep/2025:10:48:46 +0700] "POST /wp-cron.php?doing_wp_cron=1757908126.3485710620880126953125 HTTP/1.0" 200 416 "-" "WordPress/6.8.1; https://vattusacky.vn"
103.131.71.197 - - [15/Sep/2025:10:48:44 +0700] "GET /robots.txt HTTP/1.0" 200 984 "-" "Mozilla/5.0 (compatible; coccocbot-web/1.0; +http://help.coccoc.com/searchengine)"
103.131.71.74 - - [15/Sep/2025:10:48:51 +0700] "GET /betonred-canl-casino-oyna-canl-casino-sitesii/ HTTP/1.0" 200 215897 "-" "Mozilla/5.0 (compatible; coccocbot-web/1.0; +http://help.coccoc.com/searchengine)"
103.131.71.165 - - [15/Sep/2025:10:48:58 +0700] "GET /sitemap_index.xml HTTP/1.0" 200 2426 "-" "Mozilla/5.0 (compatible; coccocbot-web/1.0; +http://help.coccoc.com/searchengine)"
45.117.177.72 - - [15/Sep/2025:10:49:21 +0700] "POST /wp-cron.php?doing_wp_cron=1757908161.3026568889617919921875 HTTP/1.0" 200 416 "-" "WordPress/6.8.1; https://vattusacky.vn"
103.131.71.179 - - [15/Sep/2025:10:49:20 +0700] "GET /post-sitemap.xml HTTP/1.0" 500 3278 "-" "Mozilla/5.0 (compatible; coccocbot-web/1.0; +http://help.coccoc.com/searchengine)"
103.131.71.179 - - [15/Sep/2025:10:49:27 +0700] "GET /post-sitemap2.xml HTTP/1.0" 200 158032 "-" "Mozilla/5.0 (compatible; coccocbot-web/1.0; +http://help.coccoc.com/searchengine)"
103.131.71.179 - - [15/Sep/2025:10:49:34 +0700] "GET /post-sitemap3.xml HTTP/1.0" 200 155802 "-" "Mozilla/5.0 (compatible; coccocbot-web/1.0; +http://help.coccoc.com/searchengine)"
103.131.71.179 - - [15/Sep/2025:10:49:41 +0700] "GET /post-sitemap4.xml HTTP/1.0" 200 157863 "-" "Mozilla/5.0 (compatible; coccocbot-web/1.0; +http://help.coccoc.com/searchengine)"
103.131.71.179 - - [15/Sep/2025:10:49:48 +0700] "GET /post-sitemap5.xml HTTP/1.0" 200 159938 "-" "Mozilla/5.0 (compatible; coccocbot-web/1.0; +http://help.coccoc.com/searchengine)"
103.131.71.179 - - [15/Sep/2025:10:49:55 +0700] "GET /post-sitemap6.xml HTTP/1.0" 200 42210 "-" "Mozilla/5.0 (compatible; coccocbot-web/1.0; +http://help.coccoc.com/searchengine)"
103.131.71.179 - - [15/Sep/2025:10:50:02 +0700] "GET /page-sitemap.xml HTTP/1.0" 200 1873 "-" "Mozilla/5.0 (compatible; coccocbot-web/1.0; +http://help.coccoc.com/searchengine)"
103.131.71.179 - - [15/Sep/2025:10:50:09 +0700] "GET /attachment-sitemap.xml HTTP/1.0" 200 72345 "-" "Mozilla/5.0 (compatible; coccocbot-web/1.0; +http://help.coccoc.com/searchengine)"
45.117.177.72 - - [15/Sep/2025:10:50:18 +0700] "POST /wp-cron.php?doing_wp_cron=1757908218.5011219978332519531250 HTTP/1.0" 200 416 "-" "WordPress/6.8.1; https://vattusacky.vn"
103.131.71.179 - - [15/Sep/2025:10:50:17 +0700] "GET /product-sitemap.xml HTTP/1.0" 200 51048 "-" "Mozilla/5.0 (compatible; coccocbot-web/1.0; +http://help.coccoc.com/searchengine)"
103.131.71.179 - - [15/Sep/2025:10:50:24 +0700] "GET /category-sitemap.xml HTTP/1.0" 200 24564 "-" "Mozilla/5.0 (compatible; coccocbot-web/1.0; +http://help.coccoc.com/searchengine)"
103.131.71.174 - - [15/Sep/2025:10:50:31 +0700] "GET /post_tag-sitemap.xml HTTP/1.0" 200 12903 "-" "Mozilla/5.0 (compatible; coccocbot-web/1.0; +http://help.coccoc.com/searchengine)"
103.131.71.174 - - [15/Sep/2025:10:50:38 +0700] "GET /product_cat-sitemap.xml HTTP/1.0" 200 8595 "-" "Mozilla/5.0 (compatible; coccocbot-web/1.0; +http://help.coccoc.com/searchengine)"
103.131.71.174 - - [15/Sep/2025:10:50:45 +0700] "GET /product_tag-sitemap.xml HTTP/1.0" 200 28520 "-" "Mozilla/5.0 (compatible; coccocbot-web/1.0; +http://help.coccoc.com/searchengine)"
45.117.177.72 - - [15/Sep/2025:10:51:23 +0700] "POST /wp-cron.php?doing_wp_cron=1757908282.9004290103912353515625 HTTP/1.0" 200 416 "-" "WordPress/6.8.1; https://vattusacky.vn"
217.113.194.80 - - [15/Sep/2025:10:51:21 +0700] "GET /betwinner-271/ HTTP/1.0" 200 78599 "-" "Mozilla/5.0 (compatible; Barkrowler/0.9; +https://babbar.tech/crawler)"
52.2.191.202 - - [15/Sep/2025:10:51:44 +0700] "GET /robots.txt HTTP/1.0" 200 984 "-" "Mozilla/5.0 AppleWebKit/537.36 (KHTML, like Gecko; compatible; Amazonbot/0.1; +https://developer.amazon.com/support/amazonbot) Chrome/119.0.6045.214 Safari/537.36"
54.225.81.20 - - [15/Sep/2025:10:51:51 +0700] "GET /the/may-do-do-on-aco/ HTTP/1.0" 200 67790 "-" "Mozilla/5.0 AppleWebKit/537.36 (KHTML, like Gecko; compatible; Amazonbot/0.1; +https://developer.amazon.com/support/amazonbot) Chrome/119.0.6045.214 Safari/537.36"
217.113.194.74 - - [15/Sep/2025:10:51:53 +0700] "GET /betwinner-763/ HTTP/1.0" 200 78302 "-" "Mozilla/5.0 (compatible; Barkrowler/0.9; +https://babbar.tech/crawler)"
98.83.10.183 - - [15/Sep/2025:10:51:55 +0700] "GET /san-pham/thiet-bi-lay-mau-nuoc-alpha-van-dorn-loai-ngang-3-2-lit-nhan-hang-wildco-2/ HTTP/1.0" 200 372391 "-" "Mozilla/5.0 AppleWebKit/537.36 (KHTML, like Gecko; compatible; Amazonbot/0.1; +https://developer.amazon.com/support/amazonbot) Chrome/119.0.6045.214 Safari/537.36"
3.213.85.234 - - [15/Sep/2025:10:52:00 +0700] "GET /the/thong-tu-40/ HTTP/1.0" 200 78594 "-" "Mozilla/5.0 AppleWebKit/537.36 (KHTML, like Gecko; compatible; Amazonbot/0.1; +https://developer.amazon.com/support/amazonbot) Chrome/119.0.6045.214 Safari/537.36"
3.90.73.206 - - [15/Sep/2025:10:52:02 +0700] "GET /san-pham/may-do-do-on-type-6226/ HTTP/1.0" 200 254793 "-" "Mozilla/5.0 AppleWebKit/537.36 (KHTML, like Gecko; compatible; Amazonbot/0.1; +https://developer.amazon.com/support/amazonbot) Chrome/119.0.6045.214 Safari/537.36"
34.196.6.199 - - [15/Sep/2025:10:52:06 +0700] "GET /danh-muc/phan-tich-thi-nghie%CC%A3m/he-thong-chung-cat-dam-kjeldahl/ HTTP/1.0" 200 105361 "-" "Mozilla/5.0 AppleWebKit/537.36 (KHTML, like Gecko; compatible; Amazonbot/0.1; +https://developer.amazon.com/support/amazonbot) Chrome/119.0.6045.214 Safari/537.36"
34.227.234.246 - - [15/Sep/2025:10:52:12 +0700] "GET /the/giam-sat-phong-xa-thuc/ HTTP/1.0" 200 90174 "-" "Mozilla/5.0 AppleWebKit/537.36 (KHTML, like Gecko; compatible; Amazonbot/0.1; +https://developer.amazon.com/support/amazonbot) Chrome/119.0.6045.214 Safari/537.36"
44.215.61.66 - - [15/Sep/2025:10:52:15 +0700] "GET /the/do-luu-toc-dong-chay/ HTTP/1.0" 200 75090 "-" "Mozilla/5.0 AppleWebKit/537.36 (KHTML, like Gecko; compatible; Amazonbot/0.1; +https://developer.amazon.com/support/amazonbot) Chrome/119.0.6045.214 Safari/537.36"
45.117.177.72 - - [15/Sep/2025:10:52:24 +0700] "POST /wp-cron.php?doing_wp_cron=1757908343.9978239536285400390625 HTTP/1.0" 200 416 "-" "WordPress/6.8.1; https://vattusacky.vn"
217.113.194.78 - - [15/Sep/2025:10:52:22 +0700] "GET /betwinner-923/ HTTP/1.0" 200 78756 "-" "Mozilla/5.0 (compatible; Barkrowler/0.9; +https://babbar.tech/crawler)"
57.141.2.74 - - [15/Sep/2025:10:52:26 +0700] "GET /wp-json/oembed/1.0/embed?url=https%3A%2F%2Fvattusacky.vn%2Fhustle-roms-play-your-favorite-playstation-a-couple-of-games-with-your-mobile-machine%2F HTTP/1.0" 200 3750 "-" "meta-externalagent/1.1 (+https://developers.facebook.com/docs/sharing/webmasters/crawler)"
217.113.194.75 - - [15/Sep/2025:10:52:57 +0700] "GET /betwinner-314/ HTTP/1.0" 200 78584 "-" "Mozilla/5.0 (compatible; Barkrowler/0.9; +https://babbar.tech/crawler)"
135.181.79.106 - - [15/Sep/2025:10:53:06 +0700] "GET /robots.txt HTTP/1.0" 200 984 "-" "Mozilla/5.0 (compatible; MJ12bot/v1.4.8; http://mj12bot.com/)"
135.181.79.106 - - [15/Sep/2025:10:53:10 +0700] "GET /1xbet-az-r%C9%99smi-sayt-1xbet-az%C9%99rbaycan-bukmeker-kontoru-bonuslar-apk-105/ HTTP/1.0" 200 82212 "-" "Mozilla/5.0 (compatible; MJ12bot/v1.4.8; http://mj12bot.com/)"
45.117.177.72 - - [15/Sep/2025:10:53:17 +0700] "POST /wp-cron.php?doing_wp_cron=1757908397.1349589824676513671875 HTTP/1.0" 200 416 "-" "WordPress/6.8.1; https://vattusacky.vn"
135.181.79.106 - - [15/Sep/2025:10:53:15 +0700] "GET /1xbet-az-r%C9%99smi-sayt-1xbet-az%C9%99rbaycan-bukmeker-kontoru-bonuslar-apk-152/ HTTP/1.0" 200 83573 "-" "Mozilla/5.0 (compatible; MJ12bot/v1.4.8; http://mj12bot.com/)"
135.181.79.106 - - [15/Sep/2025:10:53:20 +0700] "GET /1xbet-azerbaycan-m%C9%99rc-sayti-giris-1xbet-azerbaycan-mobil-uygulama-yukle-248/ HTTP/1.0" 200 84086 "-" "Mozilla/5.0 (compatible; MJ12bot/v1.4.8; http://mj12bot.com/)"
135.181.79.106 - - [15/Sep/2025:10:53:25 +0700] "GET /1xbet-az%C9%99rbaycan-idman-v%C9%99-kazino-uzr%C9%99-m%C9%99rcl%C9%99r-839/ HTTP/1.0" 200 84242 "-" "Mozilla/5.0 (compatible; MJ12bot/v1.4.8; http://mj12bot.com/)"
45.117.177.72 - - [15/Sep/2025:10:53:31 +0700] "POST /wp-cron.php?doing_wp_cron=1757908411.0810680389404296875000 HTTP/1.0" 200 416 "-" "WordPress/6.8.1; https://vattusacky.vn"
135.181.79.106 - - [15/Sep/2025:10:53:29 +0700] "GET /888-casino-evaluate-2023-%EF%B8%8F-play-actual-cash-5/ HTTP/1.0" 200 246522 "-" "Mozilla/5.0 (compatible; MJ12bot/v1.4.8; http://mj12bot.com/)"
217.113.194.217 - - [15/Sep/2025:10:53:30 +0700] "GET /betwinner-1123/ HTTP/1.0" 200 78735 "-" "Mozilla/5.0 (compatible; Barkrowler/0.9; +https://babbar.tech/crawler)"
45.117.177.72 - - [15/Sep/2025:10:53:36 +0700] "POST /wp-cron.php?doing_wp_cron=1757908416.6437160968780517578125 HTTP/1.0" 200 416 "-" "WordPress/6.8.1; https://vattusacky.vn"
135.181.79.106 - - [15/Sep/2025:10:53:35 +0700] "GET /aviatordan-pul-qazanmaq-2022-yeni-x%C9%99st%C9%99lik-aviator-casino-mostbet-910/ HTTP/1.0" 200 87020 "-" "Mozilla/5.0 (compatible; MJ12bot/v1.4.8; http://mj12bot.com/)"
135.181.79.106 - - [15/Sep/2025:10:53:39 +0700] "GET /az%C9%99rbaycanda-mostbet-bukmeker-kontorunun-icmali-313/ HTTP/1.0" 200 82755 "-" "Mozilla/5.0 (compatible; MJ12bot/v1.4.8; http://mj12bot.com/)"
135.181.79.106 - - [15/Sep/2025:10:53:44 +0700] "GET /az%C9%99rbaycanda-mostbet-bukmeker-kontorunun-icmali-790/ HTTP/1.0" 200 85545 "-" "Mozilla/5.0 (compatible; MJ12bot/v1.4.8; http://mj12bot.com/)"
135.181.79.106 - - [15/Sep/2025:10:53:49 +0700] "GET /casinoland-examine-2022-%EF%B8%8F-popped-place-with-regard-to-united-kingdom-competitors-%EF%B8%8F/ HTTP/1.0" 200 210304 "-" "Mozilla/5.0 (compatible; MJ12bot/v1.4.8; http://mj12bot.com/)"
135.181.79.106 - - [15/Sep/2025:10:53:53 +0700] "GET /category/1win-az-bonuslar-mobil-t%C9%99tbiq-v%C9%99-m%C9%99rc-marketl%C9%99ri-119/ HTTP/1.0" 200 64293 "-" "Mozilla/5.0 (compatible; MJ12bot/v1.4.8; http://mj12bot.com/)"
135.181.79.106 - - [15/Sep/2025:10:53:59 +0700] "GET /danh-muc/co-ba%CC%89n-thi-nghie%CC%A3m/ HTTP/1.0" 200 67804 "-" "Mozilla/5.0 (compatible; MJ12bot/v1.4.8; http://mj12bot.com/)"
217.113.194.81 - - [15/Sep/2025:10:54:00 +0700] "GET /betwinner-367/ HTTP/1.0" 200 78353 "-" "Mozilla/5.0 (compatible; Barkrowler/0.9; +https://babbar.tech/crawler)"
135.181.79.106 - - [15/Sep/2025:10:54:03 +0700] "GET /danh-muc/co-ba%CC%89n-thi-nghie%CC%A3m/be-o%CC%89n-nhie%CC%A3t-tuan-hoan/ HTTP/1.0" 200 60379 "-" "Mozilla/5.0 (compatible; MJ12bot/v1.4.8; http://mj12bot.com/)"
135.181.79.106 - - [15/Sep/2025:10:54:07 +0700] "GET /danh-muc/co-ba%CC%89n-thi-nghie%CC%A3m/be-rua-sieu-am/ HTTP/1.0" 200 60088 "-" "Mozilla/5.0 (compatible; MJ12bot/v1.4.8; http://mj12bot.com/)"
135.181.79.106 - - [15/Sep/2025:10:54:11 +0700] "GET /danh-muc/co-ba%CC%89n-thi-nghie%CC%A3m/bep-cach-thuy%CC%89/ HTTP/1.0" 200 74690 "-" "Mozilla/5.0 (compatible; MJ12bot/v1.4.8; http://mj12bot.com/)"
45.117.177.72 - - [15/Sep/2025:10:54:18 +0700] "POST /wp-cron.php?doing_wp_cron=1757908457.8774189949035644531250 HTTP/1.0" 200 416 "-" "WordPress/6.8.1; https://vattusacky.vn"
135.181.79.106 - - [15/Sep/2025:10:54:16 +0700] "GET /danh-muc/co-ba%CC%89n-thi-nghie%CC%A3m/bom-chan-khong-bo%CC%A3-lo%CC%A3c-chan-khong/ HTTP/1.0" 200 69859 "-" "Mozilla/5.0 (compatible; MJ12bot/v1.4.8; http://mj12bot.com/)"
135.181.79.106 - - [15/Sep/2025:10:54:23 +0700] "GET /danh-muc/co-ba%CC%89n-thi-nghie%CC%A3m/can-phan-tich-can-ky%CC%83-thua%CC%A3t/ HTTP/1.0" 200 99802 "-" "Mozilla/5.0 (compatible; MJ12bot/v1.4.8; http://mj12bot.com/)"
212.102.39.219 - - [15/Sep/2025:10:54:25 +0700] "GET /where-can-i-buy-viagra-over-the-counter-in-the-usa/ HTTP/1.0" 200 225090 "https://vattusacky.vn/where-can-i-buy-viagra-over-the-counter-in-the-usa/" "Mozilla/5.0 (Windows NT 10.0; Win64; x64) AppleWebKit/537.36 (KHTML, like Gecko) Chrome/130.0.0.0 Safari/537.36"
135.181.79.106 - - [15/Sep/2025:10:54:27 +0700] "GET /danh-muc/co-ba%CC%89n-thi-nghie%CC%A3m/can-say-a%CC%89m/ HTTP/1.0" 200 60076 "-" "Mozilla/5.0 (compatible; MJ12bot/v1.4.8; http://mj12bot.com/)"
135.181.79.106 - - [15/Sep/2025:10:54:31 +0700] "GET /danh-muc/co-ba%CC%89n-thi-nghie%CC%A3m/khuc-xa-ke/ HTTP/1.0" 200 60004 "-" "Mozilla/5.0 (compatible; MJ12bot/v1.4.8; http://mj12bot.com/)"
217.113.194.73 - - [15/Sep/2025:10:54:35 +0700] "GET /betwinner-1351/ HTTP/1.0" 200 78651 "-" "Mozilla/5.0 (compatible; Barkrowler/0.9; +https://babbar.tech/crawler)"
135.181.79.106 - - [15/Sep/2025:10:54:36 +0700] "GET /danh-muc/co-ba%CC%89n-thi-nghie%CC%A3m/kinh-hien-vi/ HTTP/1.0" 200 60021 "-" "Mozilla/5.0 (compatible; MJ12bot/v1.4.8; http://mj12bot.com/)"
135.181.79.106 - - [15/Sep/2025:10:54:40 +0700] "GET /danh-muc/co-ba%CC%89n-thi-nghie%CC%A3m/lo-nung/ HTTP/1.0" 200 74157 "-" "Mozilla/5.0 (compatible; MJ12bot/v1.4.8; http://mj12bot.com/)"
185.191.171.9 - - [15/Sep/2025:10:54:43 +0700] "GET /san-pham/palintest-_may-do-ph-do-dan-tds-va-t0c-hien-truong/ HTTP/1.0" 200 302788 "-" "Mozilla/5.0 (compatible; SemrushBot/7~bl; +http://www.semrush.com/bot.html)"
135.181.79.106 - - [15/Sep/2025:10:54:45 +0700] "GET /danh-muc/co-ba%CC%89n-thi-nghie%CC%A3m/may-cat-nuoc/ HTTP/1.0" 200 60052 "-" "Mozilla/5.0 (compatible; MJ12bot/v1.4.8; http://mj12bot.com/)"
135.181.79.106 - - [15/Sep/2025:10:54:49 +0700] "GET /danh-muc/co-ba%CC%89n-thi-nghie%CC%A3m/may-cay-dia-petri/ HTTP/1.0" 200 60135 "-" "Mozilla/5.0 (compatible; MJ12bot/v1.4.8; http://mj12bot.com/)"
135.181.79.106 - - [15/Sep/2025:10:54:54 +0700] "GET /danh-muc/co-ba%CC%89n-thi-nghie%CC%A3m/may-co-quay-chan-khong/ HTTP/1.0" 200 60218 "-" "Mozilla/5.0 (compatible; MJ12bot/v1.4.8; http://mj12bot.com/)"
135.181.79.106 - - [15/Sep/2025:10:54:58 +0700] "GET /danh-muc/co-ba%CC%89n-thi-nghie%CC%A3m/may-dap-mau-vi-sinh/ HTTP/1.0" 200 60166 "-" "Mozilla/5.0 (compatible; MJ12bot/v1.4.8; http://mj12bot.com/)"
135.181.79.106 - - [15/Sep/2025:10:55:03 +0700] "GET /danh-muc/co-ba%CC%89n-thi-nghie%CC%A3m/may-dem-khuan-lac/ HTTP/1.0" 200 60161 "-" "Mozilla/5.0 (compatible; MJ12bot/v1.4.8; http://mj12bot.com/)"
135.181.79.106 - - [15/Sep/2025:10:55:07 +0700] "GET /danh-muc/co-ba%CC%89n-thi-nghie%CC%A3m/may-do-do-nhot/ HTTP/1.0" 200 60100 "-" "Mozilla/5.0 (compatible; MJ12bot/v1.4.8; http://mj12bot.com/)"
217.113.194.78 - - [15/Sep/2025:10:55:08 +0700] "GET /betwinner-619/ HTTP/1.0" 200 78394 "-" "Mozilla/5.0 (compatible; Barkrowler/0.9; +https://babbar.tech/crawler)"
135.181.79.106 - - [15/Sep/2025:10:55:11 +0700] "GET /danh-muc/co-ba%CC%89n-thi-nghie%CC%A3m/may-dong-hoa-mau/ HTTP/1.0" 200 100398 "-" "Mozilla/5.0 (compatible; MJ12bot/v1.4.8; http://mj12bot.com/)"
135.181.79.106 - - [15/Sep/2025:10:55:15 +0700] "GET /danh-muc/co-ba%CC%89n-thi-nghie%CC%A3m/may-dong-kho/ HTTP/1.0" 200 60038 "-" "Mozilla/5.0 (compatible; MJ12bot/v1.4.8; http://mj12bot.com/)"
45.117.177.72 - - [15/Sep/2025:10:55:21 +0700] "POST /wp-cron.php?doing_wp_cron=1757908521.3644390106201171875000 HTTP/1.0" 200 416 "-" "WordPress/6.8.1; https://vattusacky.vn"
135.181.79.106 - - [15/Sep/2025:10:55:20 +0700] "GET /danh-muc/co-ba%CC%89n-thi-nghie%CC%A3m/may-khuay-dua/ HTTP/1.0" 200 60063 "-" "Mozilla/5.0 (compatible; MJ12bot/v1.4.8; http://mj12bot.com/)"
135.181.79.106 - - [15/Sep/2025:10:55:25 +0700] "GET /danh-muc/co-ba%CC%89n-thi-nghie%CC%A3m/may-khuay-tu-gia-nhiet-va-lam-lanh/ HTTP/1.0" 200 60506 "-" "Mozilla/5.0 (compatible; MJ12bot/v1.4.8; http://mj12bot.com/)"
135.181.79.106 - - [15/Sep/2025:10:55:29 +0700] "GET /danh-muc/co-ba%CC%89n-thi-nghie%CC%A3m/may-lac-lac-vortex/ HTTP/1.0" 200 60196 "-" "Mozilla/5.0 (compatible; MJ12bot/v1.4.8; http://mj12bot.com/)"
135.181.79.106 - - [15/Sep/2025:10:55:33 +0700] "GET /danh-muc/co-ba%CC%89n-thi-nghie%CC%A3m/may-loc-nuoc-sieu-sach/ HTTP/1.0" 200 60263 "-" "Mozilla/5.0 (compatible; MJ12bot/v1.4.8; http://mj12bot.com/)"
135.181.79.106 - - [15/Sep/2025:10:55:38 +0700] "GET /danh-muc/co-ba%CC%89n-thi-nghie%CC%A3m/may-ly-tam/ HTTP/1.0" 200 59978 "-" "Mozilla/5.0 (compatible; MJ12bot/v1.4.8; http://mj12bot.com/)"
217.113.194.78 - - [15/Sep/2025:10:55:40 +0700] "GET /the/tclp/feed/ HTTP/1.0" 200 7892 "-" "Mozilla/5.0 (compatible; Barkrowler/0.9; +https://babbar.tech/crawler)"
135.181.79.106 - - [15/Sep/2025:10:55:43 +0700] "GET /danh-muc/co-ba%CC%89n-thi-nghie%CC%A3m/may-nghien-ma%CC%83u/ HTTP/1.0" 200 60156 "-" "Mozilla/5.0 (compatible; MJ12bot/v1.4.8; http://mj12bot.com/)"
135.181.79.106 - - [15/Sep/2025:10:55:47 +0700] "GET /danh-muc/co-ba%CC%89n-thi-nghie%CC%A3m/may-pha-loang-mau-trong-luong/ HTTP/1.0" 200 60389 "-" "Mozilla/5.0 (compatible; MJ12bot/v1.4.8; http://mj12bot.com/)"
135.181.79.106 - - [15/Sep/2025:10:55:51 +0700] "GET /danh-muc/co-ba%CC%89n-thi-nghie%CC%A3m/noi-hap-tiet-trung/ HTTP/1.0" 200 96725 "-" "Mozilla/5.0 (compatible; MJ12bot/v1.4.8; http://mj12bot.com/)"
135.181.79.106 - - [15/Sep/2025:10:55:56 +0700] "GET /danh-muc/co-ba%CC%89n-thi-nghie%CC%A3m/page/2/ HTTP/1.0" 200 154607 "-" "Mozilla/5.0 (compatible; MJ12bot/v1.4.8; http://mj12bot.com/)"
135.181.79.106 - - [15/Sep/2025:10:56:02 +0700] "GET /danh-muc/co-ba%CC%89n-thi-nghie%CC%A3m/phan-cu%CC%A3c-ke/ HTTP/1.0" 200 60094 "-" "Mozilla/5.0 (compatible; MJ12bot/v1.4.8; http://mj12bot.com/)"
135.181.79.106 - - [15/Sep/2025:10:56:06 +0700] "GET /danh-muc/co-ba%CC%89n-thi-nghie%CC%A3m/sang-ray/ HTTP/1.0" 200 59938 "-" "Mozilla/5.0 (compatible; MJ12bot/v1.4.8; http://mj12bot.com/)"
217.113.194.217 - - [15/Sep/2025:10:56:07 +0700] "GET /the/iodine/feed/ HTTP/1.0" 200 144845 "-" "Mozilla/5.0 (compatible; Barkrowler/0.9; +https://babbar.tech/crawler)"
135.181.79.106 - - [15/Sep/2025:10:56:10 +0700] "GET /danh-muc/moi-truong-dat/du%CC%A3ng-cu%CC%A3-lay-ma%CC%83u-dat-moi-truong-dat/feed/ HTTP/1.0" 200 1749544 "-" "Mozilla/5.0 (compatible; MJ12bot/v1.4.8; http://mj12bot.com/)"
45.117.177.72 - - [15/Sep/2025:10:56:40 +0700] "POST /wp-cron.php?doing_wp_cron=1757908599.9926500320434570312500 HTTP/1.0" 200 416 "-" "WordPress/6.8.1; https://vattusacky.vn"
217.113.194.79 - - [15/Sep/2025:10:56:38 +0700] "GET /the/amonia/feed/ HTTP/1.0" 200 147528 "-" "Mozilla/5.0 (compatible; Barkrowler/0.9; +https://babbar.tech/crawler)"
17.241.219.177 - - [15/Sep/2025:10:56:49 +0700] "GET /the-social-experiment-of-omegle-examining-the-power-of-connection/ HTTP/1.0" 200 92274 "-" "Mozilla/5.0 (Macintosh; Intel Mac OS X 10_15_7) AppleWebKit/605.1.15 (KHTML, like Gecko) Version/17.4 Safari/605.1.15 (Applebot/0.1; +http://www.apple.com/go/applebot)"
135.181.79.106 - - [15/Sep/2025:10:56:49 +0700] "GET /danh-muc/moi-truong-khi/van-toc-luu-luong-khi-nhiet-do/?s=HIQ+%E2%80%93++M%E1%BB%B9 HTTP/1.0" 200 60641 "-" "Mozilla/5.0 (compatible; MJ12bot/v1.4.8; http://mj12bot.com/)"
135.181.79.106 - - [15/Sep/2025:10:56:54 +0700] "GET /danh-muc/phan-tich-thi-nghie%CC%A3m/feed/ HTTP/1.0" 200 1367073 "-" "Mozilla/5.0 (compatible; MJ12bot/v1.4.8; http://mj12bot.com/)"
135.181.79.106 - - [15/Sep/2025:10:57:08 +0700] "GET /danh-muc/phan-tich-thi-nghie%CC%A3m/he-thong-chung-cat-dam-kjeldahl/feed/ HTTP/1.0" 200 1035841 "-" "Mozilla/5.0 (compatible; MJ12bot/v1.4.8; http://mj12bot.com/)"
45.117.177.72 - - [15/Sep/2025:10:57:19 +0700] "POST /wp-cron.php?doing_wp_cron=1757908639.0237650871276855468750 HTTP/1.0" 200 416 "-" "WordPress/6.8.1; https://vattusacky.vn"
217.113.194.218 - - [15/Sep/2025:10:57:17 +0700] "GET /the/dau-loc/feed/ HTTP/1.0" 200 146881 "-" "Mozilla/5.0 (compatible; Barkrowler/0.9; +https://babbar.tech/crawler)"
135.181.79.106 - - [15/Sep/2025:10:57:24 +0700] "GET /danh-muc/phan-tich-thi-nghie%CC%A3m/may-quang-pho-tu-ngoai-kha-kien-uv-vis/feed/ HTTP/1.0" 200 1763203 "-" "Mozilla/5.0 (compatible; MJ12bot/v1.4.8; http://mj12bot.com/)"
154.54.249.200 - - [15/Sep/2025:10:57:52 +0700] "GET /the/do-rung/ HTTP/1.0" 200 73734 "-" "Mozilla/5.0 (compatible; Barkrowler/0.9; +https://babbar.tech/crawler)"
135.181.79.106 - - [15/Sep/2025:10:57:54 +0700] "GET /danh-muc/thiet-bi%CC%A3-do-luong/feed/ HTTP/1.0" 200 1612787 "-" "Mozilla/5.0 (compatible; MJ12bot/v1.4.8; http://mj12bot.com/)"
45.117.177.72 - - [15/Sep/2025:10:58:26 +0700] "POST /wp-cron.php?doing_wp_cron=1757908706.3594579696655273437500 HTTP/1.0" 200 416 "-" "WordPress/6.8.1; https://vattusacky.vn"
217.113.194.74 - - [15/Sep/2025:10:58:24 +0700] "GET /the/do-rung/feed/ HTTP/1.0" 200 292443 "-" "Mozilla/5.0 (compatible; Barkrowler/0.9; +https://babbar.tech/crawler)"
135.181.79.106 - - [15/Sep/2025:10:58:30 +0700] "GET /danh-muc/thiet-bi%CC%A3-do-luong/do-chat-luong-khi-trong-phong-iaq/ HTTP/1.0" 200 60371 "-" "Mozilla/5.0 (compatible; MJ12bot/v1.4.8; http://mj12bot.com/)"
135.181.79.106 - - [15/Sep/2025:10:58:35 +0700] "GET /danh-muc/thiet-bi%CC%A3-do-luong/do-phong-xa-dien-tu-truong/ HTTP/1.0" 200 98160 "-" "Mozilla/5.0 (compatible; MJ12bot/v1.4.8; http://mj12bot.com/)"
135.181.79.106 - - [15/Sep/2025:10:58:40 +0700] "GET /danh-muc/thiet-bi%CC%A3-do-luong/khuc-xa-ke-do-do-man/ HTTP/1.0" 200 60179 "-" "Mozilla/5.0 (compatible; MJ12bot/v1.4.8; http://mj12bot.com/)"
135.181.79.106 - - [15/Sep/2025:10:58:44 +0700] "GET /danh-muc/thiet-bi%CC%A3-do-luong/kiem-tra-bang-hat-tu/ HTTP/1.0" 200 60127 "-" "Mozilla/5.0 (compatible; MJ12bot/v1.4.8; http://mj12bot.com/)"
135.181.79.106 - - [15/Sep/2025:10:58:48 +0700] "GET /danh-muc/thiet-bi%CC%A3-do-luong/kiem-tra-khuyet-tat-bang-x-ray/ HTTP/1.0" 200 60307 "-" "Mozilla/5.0 (compatible; MJ12bot/v1.4.8; http://mj12bot.com/)"
135.181.79.106 - - [15/Sep/2025:10:58:51 +0700] "GET /danh-muc/thiet-bi%CC%A3-do-luong/kiem-tra-khuyet-tat-sieu-am/ HTTP/1.0" 200 60258 "-" "Mozilla/5.0 (compatible; MJ12bot/v1.4.8; http://mj12bot.com/)"
135.181.79.106 - - [15/Sep/2025:10:58:55 +0700] "GET /danh-muc/thiet-bi%CC%A3-do-luong/may-do-buc-xa-nhiet/ HTTP/1.0" 200 60114 "-" "Mozilla/5.0 (compatible; MJ12bot/v1.4.8; http://mj12bot.com/)"
135.181.79.106 - - [15/Sep/2025:10:59:00 +0700] "GET /danh-muc/thiet-bi%CC%A3-do-luong/may-do-do-bong/ HTTP/1.0" 200 60010 "-" "Mozilla/5.0 (compatible; MJ12bot/v1.4.8; http://mj12bot.com/)"
104.210.140.129 - - [15/Sep/2025:10:59:03 +0700] "GET /robots.txt HTTP/1.0" 200 984 "-" "Mozilla/5.0 (Macintosh; Intel Mac OS X 10_15_7) AppleWebKit/537.36 (KHTML, like Gecko) Chrome/131.0.0.0 Safari/537.36; compatible; OAI-SearchBot/1.0; +https://openai.com/searchbot"
135.181.79.106 - - [15/Sep/2025:10:59:04 +0700] "GET /danh-muc/thiet-bi%CC%A3-do-luong/may-do-do-cung-cam-tay/ HTTP/1.0" 200 60180 "-" "Mozilla/5.0 (compatible; MJ12bot/v1.4.8; http://mj12bot.com/)"
43.157.67.70 - - [15/Sep/2025:10:59:06 +0700] "GET /san-pham/msl50-trace2o-thiet-bi-lay-mau-vi-sinh/ HTTP/1.0" 200 121190 "-" "Mozilla/5.0 (iPhone; CPU iPhone OS 13_2_3 like Mac OS X) AppleWebKit/605.1.15 (KHTML, like Gecko) Version/13.0.3 Mobile/15E148 Safari/604.1"
217.113.194.74 - - [15/Sep/2025:10:59:07 +0700] "GET /the/do-o3/feed/ HTTP/1.0" 200 147150 "-" "Mozilla/5.0 (compatible; Barkrowler/0.9; +https://babbar.tech/crawler)"
135.181.79.106 - - [15/Sep/2025:10:59:08 +0700] "GET /danh-muc/thiet-bi%CC%A3-do-luong/may-do-do-day-bang-sieu-am/ HTTP/1.0" 200 60269 "-" "Mozilla/5.0 (compatible; MJ12bot/v1.4.8; http://mj12bot.com/)"
135.181.79.106 - - [15/Sep/2025:10:59:12 +0700] "GET /danh-muc/thiet-bi%CC%A3-do-luong/may-do-do-day-lop-phu/ HTTP/1.0" 200 60174 "-" "Mozilla/5.0 (compatible; MJ12bot/v1.4.8; http://mj12bot.com/)"
85.208.96.210 - - [15/Sep/2025:10:59:14 +0700] "GET /robots.txt HTTP/1.0" 200 984 "-" "Mozilla/5.0 (compatible; SemrushBot/7~bl; +http://www.semrush.com/bot.html)"
45.117.177.72 - - [15/Sep/2025:10:59:17 +0700] "POST /wp-cron.php?doing_wp_cron=1757908757.6309919357299804687500 HTTP/1.0" 200 416 "-" "WordPress/6.8.1; https://vattusacky.vn"
135.181.79.106 - - [15/Sep/2025:10:59:16 +0700] "GET /danh-muc/thiet-bi%CC%A3-do-luong/may-do-do-nham-be-mat/ HTTP/1.0" 200 60174 "-" "Mozilla/5.0 (compatible; MJ12bot/v1.4.8; http://mj12bot.com/)"
185.191.171.13 - - [15/Sep/2025:10:59:17 +0700] "GET /unmasking-omegle-an-inside-look-into-anonymous-adventures/ HTTP/1.0" 200 90720 "-" "Mozilla/5.0 (compatible; SemrushBot/7~bl; +http://www.semrush.com/bot.html)"
135.181.79.106 - - [15/Sep/2025:10:59:21 +0700] "GET /danh-muc/thiet-bi%CC%A3-do-luong/may-do-do-on/ HTTP/1.0" 200 110024 "-" "Mozilla/5.0 (compatible; MJ12bot/v1.4.8; http://mj12bot.com/)"
135.181.79.106 - - [15/Sep/2025:10:59:26 +0700] "GET /danh-muc/thiet-bi%CC%A3-do-luong/may-do-do-rung/ HTTP/1.0" 200 74665 "-" "Mozilla/5.0 (compatible; MJ12bot/v1.4.8; http://mj12bot.com/)"
135.181.79.106 - - [15/Sep/2025:10:59:31 +0700] "GET /danh-muc/thiet-bi%CC%A3-do-luong/may-do-khuyet-tat-lop-son/ HTTP/1.0" 200 60234 "-" "Mozilla/5.0 (compatible; MJ12bot/v1.4.8; http://mj12bot.com/)"
217.113.194.81 - - [15/Sep/2025:10:59:35 +0700] "GET /the/loc-bui/feed/ HTTP/1.0" 200 291688 "-" "Mozilla/5.0 (compatible; Barkrowler/0.9; +https://babbar.tech/crawler)"
135.181.79.106 - - [15/Sep/2025:10:59:35 +0700] "GET /danh-muc/thiet-bi%CC%A3-do-luong/may-do-kiem-tra-do-cung/ HTTP/1.0" 200 60233 "-" "Mozilla/5.0 (compatible; MJ12bot/v1.4.8; http://mj12bot.com/)"
135.181.79.106 - - [15/Sep/2025:10:59:39 +0700] "GET /danh-muc/thiet-bi%CC%A3-do-luong/may-do-nhiet-do-do-am/ HTTP/1.0" 200 69476 "-" "Mozilla/5.0 (compatible; MJ12bot/v1.4.8; http://mj12bot.com/)"
135.181.79.106 - - [15/Sep/2025:10:59:44 +0700] "GET /danh-muc/thiet-bi%CC%A3-do-luong/may-do-toc-do-gio/ HTTP/1.0" 200 60083 "-" "Mozilla/5.0 (compatible; MJ12bot/v1.4.8; http://mj12bot.com/)"
135.181.79.106 - - [15/Sep/2025:10:59:48 +0700] "GET /danh-muc/thiet-bi%CC%A3-do-luong/may-do-vi-khi-hau/ HTTP/1.0" 200 60052 "-" "Mozilla/5.0 (compatible; MJ12bot/v1.4.8; http://mj12bot.com/)"
85.208.96.210 - - [15/Sep/2025:10:59:49 +0700] "GET /discovering-the-depths-of-love-in-omelove/ HTTP/1.0" 200 88252 "-" "Mozilla/5.0 (compatible; SemrushBot/7~bl; +http://www.semrush.com/bot.html)"
135.181.79.106 - - [15/Sep/2025:10:59:52 +0700] "GET /danh-muc/thiet-bi%CC%A3-do-luong/nhiet-ke-hong-ngoai/ HTTP/1.0" 200 60109 "-" "Mozilla/5.0 (compatible; MJ12bot/v1.4.8; http://mj12bot.com/)"
135.181.79.106 - - [15/Sep/2025:10:59:56 +0700] "GET /danh-muc/thiet-bi%CC%A3-do-luong/sung-ban-be-tong-sung-bat-nay/ HTTP/1.0" 200 60353 "-" "Mozilla/5.0 (compatible; MJ12bot/v1.4.8; http://mj12bot.com/)"
135.181.79.106 - - [15/Sep/2025:11:00:00 +0700] "GET /indikatory-billa-vil%D1%8Cjamsa-indikatory-indikatory-i/ HTTP/1.0" 200 261954 "-" "Mozilla/5.0 (compatible; MJ12bot/v1.4.8; http://mj12bot.com/)"
135.181.79.106 - - [15/Sep/2025:11:00:06 +0700] "GET /kak-snjat%D1%8C-den%D1%8Cgi-s-vklada-v-sberbanke-i-mozhno-li/ HTTP/1.0" 200 232634 "-" "Mozilla/5.0 (compatible; MJ12bot/v1.4.8; http://mj12bot.com/)"
45.117.177.72 - - [15/Sep/2025:11:00:12 +0700] "POST /wp-cron.php?doing_wp_cron=1757908812.5353200435638427734375 HTTP/1.0" 200 416 "-" "WordPress/6.8.1; https://vattusacky.vn"
135.181.79.106 - - [15/Sep/2025:11:00:11 +0700] "GET /kak-sozdat%D1%8C-ideal%D1%8Cnoe-cv-dlja-it-specialista/ HTTP/1.0" 200 351595 "-" "Mozilla/5.0 (compatible; MJ12bot/v1.4.8; http://mj12bot.com/)"
45.117.177.72 - - [15/Sep/2025:11:00:19 +0700] "POST /wp-cron.php?doing_wp_cron=1757908819.8932030200958251953125 HTTP/1.0" 200 416 "-" "WordPress/6.8.1; https://vattusacky.vn"
135.181.79.106 - - [15/Sep/2025:11:00:18 +0700] "GET /ll-codigo-promocional-1xbet-%EF%B8%8F-bono-de-bienvenida-1xbet-2023-17/ HTTP/1.0" 200 88859 "-" "Mozilla/5.0 (compatible; MJ12bot/v1.4.8; http://mj12bot.com/)"
135.181.79.106 - - [15/Sep/2025:11:00:23 +0700] "GET /missija-kompanii-kak-ejo-sozdat%D1%8C-primery-izvestnyh/ HTTP/1.0" 200 282739 "-" "Mozilla/5.0 (compatible; MJ12bot/v1.4.8; http://mj12bot.com/)"
217.113.194.78 - - [15/Sep/2025:11:00:23 +0700] "GET /author/yanz/feed/ HTTP/1.0" 200 351621 "-" "Mozilla/5.0 (compatible; Barkrowler/0.9; +https://babbar.tech/crawler)"
135.181.79.106 - - [15/Sep/2025:11:00:28 +0700] "GET /mobil%D1%8Cnye-kriptokoshel%D1%8Cki-top-10-luchshih/ HTTP/1.0" 200 216618 "-" "Mozilla/5.0 (compatible; MJ12bot/v1.4.8; http://mj12bot.com/)"
135.181.79.106 - - [15/Sep/2025:11:00:34 +0700] "GET /refused-by-every-lady-tips-change-situations-arounda%C2%80%C2%A6/ HTTP/1.0" 200 211636 "-" "Mozilla/5.0 (compatible; MJ12bot/v1.4.8; http://mj12bot.com/)"
135.181.79.106 - - [15/Sep/2025:11:00:39 +0700] "GET /san-pham/bo-dung-cu-lay-mau-dat-2%C2%BC-co-ky-hieu-signature-soil-sampler-kit/ HTTP/1.0" 200 329846 "-" "Mozilla/5.0 (compatible; MJ12bot/v1.4.8; http://mj12bot.com/)"
135.181.79.106 - - [15/Sep/2025:11:00:44 +0700] "GET /san-pham/bo-dung-cu-lay-mau-dat-3%C2%BC-soil-sampler-kit/ HTTP/1.0" 200 329177 "-" "Mozilla/5.0 (compatible; MJ12bot/v1.4.8; http://mj12bot.com/)"
135.181.79.106 - - [15/Sep/2025:11:00:50 +0700] "GET /san-pham/thiet-bi-lay-mau-bui-pm10-pm2-5-pm1-0-1-5-%C3%B7-5-5-m3h/ HTTP/1.0" 200 515255 "-" "Mozilla/5.0 (compatible; MJ12bot/v1.4.8; http://mj12bot.com/)"
45.117.177.72 - - [15/Sep/2025:11:00:58 +0700] "POST /wp-cron.php?doing_wp_cron=1757908858.6108570098876953125000 HTTP/1.0" 200 416 "-" "WordPress/6.8.1; https://vattusacky.vn"
135.181.79.106 - - [15/Sep/2025:11:00:57 +0700] "GET /san-pham/thiet-bi-lay-mau-bui-pm10-pm2-5-pm1-0-1-5-%C3%B7-5-5-m3h-2/ HTTP/1.0" 200 513196 "-" "Mozilla/5.0 (compatible; MJ12bot/v1.4.8; http://mj12bot.com/)"
135.181.79.106 - - [15/Sep/2025:11:01:04 +0700] "GET /skil%D1%8Cki-zarobljae-programist-v-ukraini/ HTTP/1.0" 200 180216 "-" "Mozilla/5.0 (compatible; MJ12bot/v1.4.8; http://mj12bot.com/)"
217.113.194.75 - - [15/Sep/2025:11:01:06 +0700] "GET /author/wadminw/feed/ HTTP/1.0" 200 72816 "-" "Mozilla/5.0 (compatible; Barkrowler/0.9; +https://babbar.tech/crawler)"
135.181.79.106 - - [15/Sep/2025:11:01:10 +0700] "GET /svechnye-patterny-kak-povysit%D1%8C-tochnost%D1%8C-svechnyh/ HTTP/1.0" 200 228241 "-" "Mozilla/5.0 (compatible; MJ12bot/v1.4.8; http://mj12bot.com/)"
135.181.79.106 - - [15/Sep/2025:11:01:15 +0700] "GET /trader-perevod-na-russkij-slovar%D1%8C-ital%D1%8Cjanskij/ HTTP/1.0" 200 227964 "-" "Mozilla/5.0 (compatible; MJ12bot/v1.4.8; http://mj12bot.com/)"
45.117.177.72 - - [15/Sep/2025:11:01:21 +0700] "POST /wp-cron.php?doing_wp_cron=1757908881.2536571025848388671875 HTTP/1.0" 200 416 "-" "WordPress/6.8.1; https://vattusacky.vn"
135.181.79.106 - - [15/Sep/2025:11:01:20 +0700] "GET /%D0%B0%D0%BF%D0%BF%D0%B0%D1%80%D0%B0%D1%82-%D1%81-%D0%B2%D1%8B%D0%B4%D0%B0%D1%87%D0%B5%D0%B9-%D0%BF%D1%80%D0%B8%D0%B7%D0%BE%D0%B2-lucky-streak-unis-%D0%BA%D0%B8%D1%82%D0%B0%D0%B9-%D0%BA%D1%83%D0%BF/ HTTP/1.0" 200 224772 "-" "Mozilla/5.0 (compatible; MJ12bot/v1.4.8; http://mj12bot.com/)"
135.181.79.106 - - [15/Sep/2025:11:01:24 +0700] "GET /%D0%BF%D1%80%D0%BE%D0%B5%D0%BA%D1%82%D1%8B-%D0%B4%D0%B5%D1%80%D0%B5%D0%B2%D1%8F%D0%BD%D0%BD%D1%8B%D1%85-%D0%B4%D0%BE%D0%BC%D0%BE%D0%B2-%D0%B7%D0%B0%D0%B3%D0%BE%D1%80%D0%BE%D0%B4%D0%BD%D1%8B%D0%B5/ HTTP/1.0" 200 167031 "-" "Mozilla/5.0 (compatible; MJ12bot/v1.4.8; http://mj12bot.com/)"
135.181.79.106 - - [15/Sep/2025:11:01:29 +0700] "GET /%D1%81%D0%BA%D0%B0%D1%87%D0%B0%D1%82%D1%8C-1xbet-kz-%D0%BC%D0%BE%D0%B1%D0%B8%D0%BB%D1%8C%D0%BD%D0%B0%D1%8F-%D0%B2%D0%B5%D1%80%D1%81%D0%B8%D1%8F-1%D1%85%D0%B1%D0%B5%D1%82-%D0%BD%D0%B0-%D0%B0%D0%BD/ HTTP/1.0" 200 114086 "-" "Mozilla/5.0 (compatible; MJ12bot/v1.4.8; http://mj12bot.com/)"
135.181.79.106 - - [15/Sep/2025:11:01:33 +0700] "GET /%F0%9F%8E%B0-situs-slot-hari-ini-terbaik-terpercaya-2025-gampang-menang-besar-selalu-update-game-terbaru/ HTTP/1.0" 200 70119 "-" "Mozilla/5.0 (compatible; MJ12bot/v1.4.8; http://mj12bot.com/)"
217.113.194.77 - - [15/Sep/2025:11:01:34 +0700] "GET /finding-a-soulmate/feed/ HTTP/1.0" 200 1651 "-" "Mozilla/5.0 (compatible; Barkrowler/0.9; +https://babbar.tech/crawler)"
147.135.215.173 - - [15/Sep/2025:11:01:59 +0700] "GET /robots.txt HTTP/1.0" 200 984 "-" "Mozilla/5.0 (compatible; MJ12bot/v1.4.8; http://mj12bot.com/)"
147.135.215.173 - - [15/Sep/2025:11:02:03 +0700] "GET /danh-muc/phan-tich-thi-nghie%CC%A3m/may-quang-pho-tu-ngoai-kha-kien-uv-vis/?s=PG+Instruments+%E2%80%93+Anh HTTP/1.0" 200 186002 "-" "Mozilla/5.0 (compatible; MJ12bot/v1.4.8; http://mj12bot.com/)"
217.113.194.77 - - [15/Sep/2025:11:02:09 +0700] "GET /no-in-cricket-199/ HTTP/1.0" 200 251474 "-" "Mozilla/5.0 (compatible; Barkrowler/0.9; +https://babbar.tech/crawler)"
45.117.177.72 - - [15/Sep/2025:11:02:57 +0700] "POST /wp-cron.php?doing_wp_cron=1757908977.5312941074371337890625 HTTP/1.0" 200 416 "-" "WordPress/6.8.1; https://vattusacky.vn"
217.113.194.72 - - [15/Sep/2025:11:02:55 +0700] "GET /larry-williams-strategy/feed/ HTTP/1.0" 200 1666 "-" "Mozilla/5.0 (compatible; Barkrowler/0.9; +https://babbar.tech/crawler)"
45.117.177.72 - - [15/Sep/2025:11:03:23 +0700] "POST /wp-cron.php?doing_wp_cron=1757909003.4063930511474609375000 HTTP/1.0" 200 416 "-" "WordPress/6.8.1; https://vattusacky.vn"
217.113.194.80 - - [15/Sep/2025:11:03:21 +0700] "GET /how-to-compose-cheap-essays/ HTTP/1.0" 200 205879 "-" "Mozilla/5.0 (compatible; Barkrowler/0.9; +https://babbar.tech/crawler)"
185.191.171.2 - - [15/Sep/2025:11:03:42 +0700] "GET /which-is-better-video-or-text-communication-on-omegle-and-ometv/ HTTP/1.0" 200 91107 "-" "Mozilla/5.0 (compatible; SemrushBot/7~bl; +http://www.semrush.com/bot.html)"
142.44.225.197 - - [15/Sep/2025:11:03:52 +0700] "GET / HTTP/1.0" 200 60070 "-" "Mozilla/5.0 (compatible; AhrefsBot/7.0; +http://ahrefs.com/robot/)"
217.113.194.76 - - [15/Sep/2025:11:03:59 +0700] "GET /how-to-play-free-casino-games/ HTTP/1.0" 200 74288 "-" "Mozilla/5.0 (compatible; Barkrowler/0.9; +https://babbar.tech/crawler)"
45.117.177.72 - - [15/Sep/2025:11:04:31 +0700] "POST /wp-cron.php?doing_wp_cron=1757909070.7047500610351562500000 HTTP/1.0" 200 416 "-" "WordPress/6.8.1; https://vattusacky.vn"
217.113.194.80 - - [15/Sep/2025:11:04:29 +0700] "GET /how-to-write-an-essay-2/ HTTP/1.0" 200 206176 "-" "Mozilla/5.0 (compatible; Barkrowler/0.9; +https://babbar.tech/crawler)"
45.117.177.72 - - [15/Sep/2025:11:04:33 +0700] "POST /wp-cron.php?doing_wp_cron=1757909073.1118590831756591796875 HTTP/1.0" 200 416 "-" "WordPress/6.8.1; https://vattusacky.vn"
43.131.23.154 - - [15/Sep/2025:11:04:30 +0700] "GET /%f0%9f%8e%b0-situs-slot-hari-ini-terbaik-terpercaya-2025-gampang-menang-besar-selalu-update-game-terbaru/ HTTP/1.0" 200 70120 "-" "Mozilla/5.0 (iPhone; CPU iPhone OS 13_2_3 like Mac OS X) AppleWebKit/605.1.15 (KHTML, like Gecko) Version/13.0.3 Mobile/15E148 Safari/604.1"
51.222.95.114 - - [15/Sep/2025:11:04:34 +0700] "GET /wp-content/uploads/2020/05/0005569-860x500.jpeg HTTP/1.0" 200 424 "-" "Mozilla/5.0 (compatible; AhrefsBot/7.0; +http://ahrefs.com/robot/)"
54.39.203.125 - - [15/Sep/2025:11:04:36 +0700] "GET /wp-content/uploads/2020/05/0007323-860x500.jpeg HTTP/1.0" 200 424 "-" "Mozilla/5.0 (compatible; AhrefsBot/7.0; +http://ahrefs.com/robot/)"
51.161.37.228 - - [15/Sep/2025:11:04:39 +0700] "GET /wp-content/uploads/2020/05/0007490-860x500.jpeg HTTP/1.0" 200 424 "-" "Mozilla/5.0 (compatible; AhrefsBot/7.0; +http://ahrefs.com/robot/)"
46.105.42.96 - - [15/Sep/2025:11:04:47 +0700] "GET /robots.txt HTTP/1.0" 200 984 "-" "Mozilla/5.0 (compatible; MJ12bot/v2.0.4; http://mj12bot.com/)"
46.105.42.96 - - [15/Sep/2025:11:04:49 +0700] "GET / HTTP/1.0" 200 60070 "-" "Mozilla/5.0 (compatible; MJ12bot/v2.0.4; http://mj12bot.com/)"
217.113.194.217 - - [15/Sep/2025:11:05:00 +0700] "GET /play-free-slot-machines/ HTTP/1.0" 200 206411 "-" "Mozilla/5.0 (compatible; Barkrowler/0.9; +https://babbar.tech/crawler)"
45.117.177.72 - - [15/Sep/2025:11:05:43 +0700] "POST /wp-cron.php?doing_wp_cron=1757909142.8148210048675537109375 HTTP/1.0" 200 416 "-" "WordPress/6.8.1; https://vattusacky.vn"
217.113.194.73 - - [15/Sep/2025:11:05:41 +0700] "GET /play-free-online-slots/ HTTP/1.0" 200 73005 "-" "Mozilla/5.0 (compatible; Barkrowler/0.9; +https://babbar.tech/crawler)"
45.117.177.72 - - [15/Sep/2025:11:06:18 +0700] "POST /wp-cron.php?doing_wp_cron=1757909178.6014640331268310546875 HTTP/1.0" 200 416 "-" "WordPress/6.8.1; https://vattusacky.vn"
217.113.194.74 - - [15/Sep/2025:11:06:17 +0700] "GET /play-online-slot-machine/ HTTP/1.0" 200 73522 "-" "Mozilla/5.0 (compatible; Barkrowler/0.9; +https://babbar.tech/crawler)"
51.161.65.34 - - [15/Sep/2025:11:06:25 +0700] "GET /sitemap_index.xml HTTP/1.0" 200 2426 "-" "Mozilla/5.0 (compatible; AhrefsBot/7.0; +http://ahrefs.com/robot/)"
51.161.65.185 - - [15/Sep/2025:11:06:28 +0700] "GET /post-sitemap.xml HTTP/1.0" 500 3278 "-" "Mozilla/5.0 (compatible; AhrefsBot/7.0; +http://ahrefs.com/robot/)"
142.44.228.158 - - [15/Sep/2025:11:06:33 +0700] "GET /post-sitemap2.xml HTTP/1.0" 200 158032 "-" "Mozilla/5.0 (compatible; AhrefsBot/7.0; +http://ahrefs.com/robot/)"
142.44.233.71 - - [15/Sep/2025:11:06:39 +0700] "GET /san-pham/may-quang-pho-hai-chum-tia/ HTTP/1.0" 200 377254 "-" "Mozilla/5.0 (compatible; AhrefsBot/7.0; +http://ahrefs.com/robot/)"
