217.113.194.218 - - [15/Sep/2025:18:20:23 +0700] "GET /omegle-video-chat-and-online-dating/ HTTP/1.0" 200 92571 "-" "Mozilla/5.0 (compatible; Barkrowler/0.9; +https://babbar.tech/crawler)"
85.208.96.207 - - [15/Sep/2025:18:20:35 +0700] "GET /robots.txt HTTP/1.0" 200 984 "-" "Mozilla/5.0 (compatible; SemrushBot/7~bl; +http://www.semrush.com/bot.html)"
85.208.96.198 - - [15/Sep/2025:18:20:38 +0700] "GET /ensuring-personal-safety-video-vs-text-on-omegle-and-ometv/ HTTP/1.0" 200 91630 "-" "Mozilla/5.0 (compatible; SemrushBot/7~bl; +http://www.semrush.com/bot.html)"
217.113.194.79 - - [15/Sep/2025:18:20:45 +0700] "GET /omegles-impact-on-the-dating-scene/ HTTP/1.0" 200 90893 "-" "Mozilla/5.0 (compatible; Barkrowler/0.9; +https://babbar.tech/crawler)"
51.161.37.37 - - [15/Sep/2025:18:20:51 +0700] "GET /author/yanz/page/323/ HTTP/1.0" 200 77671 "-" "Mozilla/5.0 (compatible; AhrefsBot/7.0; +http://ahrefs.com/robot/)"
217.113.194.76 - - [15/Sep/2025:18:21:06 +0700] "GET /how-omegle-protects-user-privacy/ HTTP/1.0" 200 88883 "-" "Mozilla/5.0 (compatible; Barkrowler/0.9; +https://babbar.tech/crawler)"
45.117.177.72 - - [15/Sep/2025:18:21:29 +0700] "POST /wp-cron.php?doing_wp_cron=1757935288.7762019634246826171875 HTTP/1.0" 200 416 "-" "WordPress/6.8.1; https://vattusacky.vn"
217.113.194.78 - - [15/Sep/2025:18:21:27 +0700] "GET /how-long-is-trazodone-in-system/ HTTP/1.0" 200 81336 "-" "Mozilla/5.0 (compatible; Barkrowler/0.9; +https://babbar.tech/crawler)"
217.113.194.75 - - [15/Sep/2025:18:21:48 +0700] "GET /how-popular-is-ometv/feed/ HTTP/1.0" 200 1657 "-" "Mozilla/5.0 (compatible; Barkrowler/0.9; +https://babbar.tech/crawler)"
154.54.249.200 - - [15/Sep/2025:18:22:06 +0700] "GET /getting-a-lady-to-carry-the-hand/ HTTP/1.0" 200 207303 "-" "Mozilla/5.0 (compatible; Barkrowler/0.9; +https://babbar.tech/crawler)"
45.117.177.72 - - [15/Sep/2025:18:22:38 +0700] "POST /wp-cron.php?doing_wp_cron=1757935357.8447198867797851562500 HTTP/1.0" 200 416 "-" "WordPress/6.8.1; https://vattusacky.vn"
217.113.194.74 - - [15/Sep/2025:18:22:36 +0700] "GET /the-rising-popularity-of-online-professional/ HTTP/1.0" 200 239677 "-" "Mozilla/5.0 (compatible; Barkrowler/0.9; +https://babbar.tech/crawler)"
142.44.233.76 - - [15/Sep/2025:18:22:46 +0700] "GET /the/asen-trong-nuoc/ HTTP/1.0" 200 68001 "-" "Mozilla/5.0 (compatible; AhrefsBot/7.0; +http://ahrefs.com/robot/)"
217.113.194.80 - - [15/Sep/2025:18:23:03 +0700] "GET /the-advantages-of-a-panel-portal/feed/ HTTP/1.0" 200 1695 "-" "Mozilla/5.0 (compatible; Barkrowler/0.9; +https://babbar.tech/crawler)"
45.117.177.72 - - [15/Sep/2025:18:23:23 +0700] "POST /wp-cron.php?doing_wp_cron=1757935403.3518528938293457031250 HTTP/1.0" 200 416 "-" "WordPress/6.8.1; https://vattusacky.vn"
217.113.194.77 - - [15/Sep/2025:18:23:21 +0700] "GET /gay-porn-free-porn-gay-sites/feed/ HTTP/1.0" 200 1681 "-" "Mozilla/5.0 (compatible; Barkrowler/0.9; +https://babbar.tech/crawler)"
85.208.96.196 - - [15/Sep/2025:18:23:23 +0700] "GET /danh-muc/phan-tich-thi-nghie%CC%A3m/he-thong-chung-cat-dam-kjeldahl/ HTTP/1.0" 200 105361 "-" "Mozilla/5.0 (compatible; SemrushBot/7~bl; +http://www.semrush.com/bot.html)"
217.113.194.77 - - [15/Sep/2025:18:23:40 +0700] "GET /whats-right-about-top-crypto-casinos/feed/ HTTP/1.0" 200 1712 "-" "Mozilla/5.0 (compatible; Barkrowler/0.9; +https://babbar.tech/crawler)"
45.117.177.72 - - [15/Sep/2025:18:24:01 +0700] "POST /wp-cron.php?doing_wp_cron=1757935441.3821580410003662109375 HTTP/1.0" 200 416 "-" "WordPress/6.8.1; https://vattusacky.vn"
217.113.194.217 - - [15/Sep/2025:18:23:59 +0700] "GET /free-hookup-no-subscription/feed/ HTTP/1.0" 200 1678 "-" "Mozilla/5.0 (compatible; Barkrowler/0.9; +https://babbar.tech/crawler)"
45.117.177.72 - - [15/Sep/2025:18:24:20 +0700] "POST /wp-cron.php?doing_wp_cron=1757935459.8880650997161865234375 HTTP/1.0" 200 416 "-" "WordPress/6.8.1; https://vattusacky.vn"
217.113.194.74 - - [15/Sep/2025:18:24:18 +0700] "GET /bet365-app-zambia-1052/ HTTP/1.0" 200 223274 "-" "Mozilla/5.0 (compatible; Barkrowler/0.9; +https://babbar.tech/crawler)"
85.208.96.196 - - [15/Sep/2025:18:24:45 +0700] "GET /the/ammonia/ HTTP/1.0" 200 68803 "-" "Mozilla/5.0 (compatible; SemrushBot/7~bl; +http://www.semrush.com/bot.html)"
51.161.65.208 - - [15/Sep/2025:18:24:45 +0700] "GET /author/yanz/page/327/ HTTP/1.0" 200 79249 "-" "Mozilla/5.0 (compatible; AhrefsBot/7.0; +http://ahrefs.com/robot/)"
217.113.194.81 - - [15/Sep/2025:18:24:52 +0700] "GET /advantages-of-live-learning-online/ HTTP/1.0" 200 72187 "-" "Mozilla/5.0 (compatible; Barkrowler/0.9; +https://babbar.tech/crawler)"
217.113.194.74 - - [15/Sep/2025:18:25:13 +0700] "GET /management-keep-it-simple-and-stupid/ HTTP/1.0" 200 230785 "-" "Mozilla/5.0 (compatible; Barkrowler/0.9; +https://babbar.tech/crawler)"
45.117.177.72 - - [15/Sep/2025:18:25:43 +0700] "POST /wp-cron.php?doing_wp_cron=1757935543.1770899295806884765625 HTTP/1.0" 200 416 "-" "WordPress/6.8.1; https://vattusacky.vn"
217.113.194.72 - - [15/Sep/2025:18:25:41 +0700] "GET /the-best-online-casinos-for-zambia-78/ HTTP/1.0" 200 239050 "-" "Mozilla/5.0 (compatible; Barkrowler/0.9; +https://babbar.tech/crawler)"
217.113.194.218 - - [15/Sep/2025:18:26:08 +0700] "GET /the-best-20-examples-of-pokies/ HTTP/1.0" 200 89360 "-" "Mozilla/5.0 (compatible; Barkrowler/0.9; +https://babbar.tech/crawler)"
45.117.177.72 - - [15/Sep/2025:18:26:32 +0700] "POST /wp-cron.php?doing_wp_cron=1757935592.3666079044342041015625 HTTP/1.0" 200 416 "-" "WordPress/6.8.1; https://vattusacky.vn"
154.54.249.200 - - [15/Sep/2025:18:26:31 +0700] "GET /the-benefits-of-a-data-bedroom-business/ HTTP/1.0" 200 72113 "-" "Mozilla/5.0 (compatible; Barkrowler/0.9; +https://babbar.tech/crawler)"
54.39.89.33 - - [15/Sep/2025:18:26:45 +0700] "GET /author/yanz/page/333/ HTTP/1.0" 200 75574 "-" "Mozilla/5.0 (compatible; AhrefsBot/7.0; +http://ahrefs.com/robot/)"
217.113.194.81 - - [15/Sep/2025:18:26:50 +0700] "GET /the-benefits-of-a-data-bedroom-business/feed/ HTTP/1.0" 200 1716 "-" "Mozilla/5.0 (compatible; Barkrowler/0.9; +https://babbar.tech/crawler)"
217.113.194.75 - - [15/Sep/2025:18:27:11 +0700] "GET /alternatives-to-ometv/feed/ HTTP/1.0" 200 1660 "-" "Mozilla/5.0 (compatible; Barkrowler/0.9; +https://babbar.tech/crawler)"
45.117.177.72 - - [15/Sep/2025:18:27:33 +0700] "POST /wp-cron.php?doing_wp_cron=1757935652.8369169235229492187500 HTTP/1.0" 200 416 "-" "WordPress/6.8.1; https://vattusacky.vn"
217.113.194.79 - - [15/Sep/2025:18:27:31 +0700] "GET /expressing-oneself-on-omegle/ HTTP/1.0" 200 90570 "-" "Mozilla/5.0 (compatible; Barkrowler/0.9; +https://babbar.tech/crawler)"
217.113.194.80 - - [15/Sep/2025:18:27:53 +0700] "GET /viagra-clinics-costa-mesa-ca/feed/ HTTP/1.0" 200 1681 "-" "Mozilla/5.0 (compatible; Barkrowler/0.9; +https://babbar.tech/crawler)"
217.113.194.81 - - [15/Sep/2025:18:28:14 +0700] "GET /is-ometv-safe-for-use/feed/ HTTP/1.0" 200 1660 "-" "Mozilla/5.0 (compatible; Barkrowler/0.9; +https://babbar.tech/crawler)"
45.117.177.72 - - [15/Sep/2025:18:28:33 +0700] "POST /wp-cron.php?doing_wp_cron=1757935713.1770639419555664062500 HTTP/1.0" 200 416 "-" "WordPress/6.8.1; https://vattusacky.vn"
54.39.89.32 - - [15/Sep/2025:18:28:31 +0700] "GET /author/yanz/page/333/ HTTP/1.0" 200 75574 "-" "Mozilla/5.0 (compatible; AhrefsBot/7.0; +http://ahrefs.com/robot/)"
217.113.194.81 - - [15/Sep/2025:18:28:34 +0700] "GET /1xbet-zambia-registration-377/ HTTP/1.0" 200 244301 "-" "Mozilla/5.0 (compatible; Barkrowler/0.9; +https://babbar.tech/crawler)"
51.161.65.255 - - [15/Sep/2025:18:28:44 +0700] "GET /author/yanz/page/313/ HTTP/1.0" 200 75808 "-" "Mozilla/5.0 (compatible; AhrefsBot/7.0; +http://ahrefs.com/robot/)"
217.113.194.217 - - [15/Sep/2025:18:29:08 +0700] "GET /1xbet-promo-codes-offers-79/ HTTP/1.0" 200 232056 "-" "Mozilla/5.0 (compatible; Barkrowler/0.9; +https://babbar.tech/crawler)"
45.117.177.72 - - [15/Sep/2025:18:29:44 +0700] "POST /wp-cron.php?doing_wp_cron=1757935784.2459859848022460937500 HTTP/1.0" 200 416 "-" "WordPress/6.8.1; https://vattusacky.vn"
217.113.194.81 - - [15/Sep/2025:18:29:42 +0700] "GET /category/ukrainische-frauen-kennen/ HTTP/1.0" 200 59033 "-" "Mozilla/5.0 (compatible; Barkrowler/0.9; +https://babbar.tech/crawler)"
217.113.194.72 - - [15/Sep/2025:18:30:02 +0700] "GET /category/legit-mail-order-brides/feed/ HTTP/1.0" 200 16897 "-" "Mozilla/5.0 (compatible; Barkrowler/0.9; +https://babbar.tech/crawler)"
45.117.177.72 - - [15/Sep/2025:18:30:24 +0700] "POST /wp-cron.php?doing_wp_cron=1757935824.1016349792480468750000 HTTP/1.0" 200 416 "-" "WordPress/6.8.1; https://vattusacky.vn"
217.113.194.80 - - [15/Sep/2025:18:30:22 +0700] "GET /category/status-irpin-com-ua/feed/ HTTP/1.0" 200 171689 "-" "Mozilla/5.0 (compatible; Barkrowler/0.9; +https://babbar.tech/crawler)"
85.208.96.208 - - [15/Sep/2025:18:30:44 +0700] "GET /easy-ways-to-find-your-wife/ HTTP/1.0" 200 207414 "-" "Mozilla/5.0 (compatible; SemrushBot/7~bl; +http://www.semrush.com/bot.html)"
154.54.249.200 - - [15/Sep/2025:18:30:47 +0700] "GET /category/turkish-xnxx-pron/ HTTP/1.0" 200 60272 "-" "Mozilla/5.0 (compatible; Barkrowler/0.9; +https://babbar.tech/crawler)"
51.161.37.197 - - [15/Sep/2025:18:30:58 +0700] "GET /category/uncategorized/page/337/ HTTP/1.0" 200 76583 "-" "Mozilla/5.0 (compatible; AhrefsBot/7.0; +http://ahrefs.com/robot/)"
217.113.194.75 - - [15/Sep/2025:18:31:09 +0700] "GET /category/download-drivers-windows-11/ HTTP/1.0" 200 75434 "-" "Mozilla/5.0 (compatible; Barkrowler/0.9; +https://babbar.tech/crawler)"
45.117.177.72 - - [15/Sep/2025:18:31:31 +0700] "POST /wp-cron.php?doing_wp_cron=1757935891.2679080963134765625000 HTTP/1.0" 200 416 "-" "WordPress/6.8.1; https://vattusacky.vn"
217.113.194.217 - - [15/Sep/2025:18:31:29 +0700] "GET /category/dating-in-different-countries/feed/ HTTP/1.0" 200 148146 "-" "Mozilla/5.0 (compatible; Barkrowler/0.9; +https://babbar.tech/crawler)"
217.113.194.76 - - [15/Sep/2025:18:31:52 +0700] "GET /category/russian-womens-for-marriage/feed/ HTTP/1.0" 200 148322 "-" "Mozilla/5.0 (compatible; Barkrowler/0.9; +https://babbar.tech/crawler)"
45.117.177.72 - - [15/Sep/2025:18:32:24 +0700] "POST /wp-cron.php?doing_wp_cron=1757935944.1957650184631347656250 HTTP/1.0" 200 416 "-" "WordPress/6.8.1; https://vattusacky.vn"
217.113.194.217 - - [15/Sep/2025:18:32:22 +0700] "GET /category/best-dating-escort-2023-2/feed/ HTTP/1.0" 200 17292 "-" "Mozilla/5.0 (compatible; Barkrowler/0.9; +https://babbar.tech/crawler)"
44.217.177.142 - - [15/Sep/2025:18:32:34 +0700] "GET /the/may-do-do-on/ HTTP/1.0" 200 67718 "-" "Mozilla/5.0 AppleWebKit/537.36 (KHTML, like Gecko; compatible; Amazonbot/0.1; +https://developer.amazon.com/support/amazonbot) Chrome/119.0.6045.214 Safari/537.36"
34.231.118.144 - - [15/Sep/2025:18:32:40 +0700] "GET /danh-muc/moi-truong-nuoc/bo-do-b-o-d/ HTTP/1.0" 200 92081 "-" "Mozilla/5.0 AppleWebKit/537.36 (KHTML, like Gecko; compatible; Amazonbot/0.1; +https://developer.amazon.com/support/amazonbot) Chrome/119.0.6045.214 Safari/537.36"
54.198.33.233 - - [15/Sep/2025:18:32:41 +0700] "GET /san-pham/palintest-_may-do-ammonia-duo/ HTTP/1.0" 200 301023 "-" "Mozilla/5.0 AppleWebKit/537.36 (KHTML, like Gecko; compatible; Amazonbot/0.1; +https://developer.amazon.com/support/amazonbot) Chrome/119.0.6045.214 Safari/537.36"
217.113.194.218 - - [15/Sep/2025:18:32:45 +0700] "GET /category/marriage-certificate-requirements/ HTTP/1.0" 200 59100 "-" "Mozilla/5.0 (compatible; Barkrowler/0.9; +https://babbar.tech/crawler)"
3.225.45.252 - - [15/Sep/2025:18:32:46 +0700] "GET /san-pham/thiet-bi-lay-mau-nuoc-alpha-van-dorn-loai-ngang-6-2-lit-nhan-hang-wildco-2/ HTTP/1.0" 200 369979 "-" "Mozilla/5.0 AppleWebKit/537.36 (KHTML, like Gecko; compatible; Amazonbot/0.1; +https://developer.amazon.com/support/amazonbot) Chrome/119.0.6045.214 Safari/537.36"
54.39.203.37 - - [15/Sep/2025:18:32:48 +0700] "GET /author/yanz/page/313/ HTTP/1.0" 200 75808 "-" "Mozilla/5.0 (compatible; AhrefsBot/7.0; +http://ahrefs.com/robot/)"
52.71.216.196 - - [15/Sep/2025:18:32:52 +0700] "GET /the/do-dong-chay-nuoc/ HTTP/1.0" 200 68094 "-" "Mozilla/5.0 AppleWebKit/537.36 (KHTML, like Gecko; compatible; Amazonbot/0.1; +https://developer.amazon.com/support/amazonbot) Chrome/119.0.6045.214 Safari/537.36"
54.225.181.161 - - [15/Sep/2025:18:32:54 +0700] "GET /san-pham/thiet-bi-lay-mau-bui-pm-10-the-tich-lon/ HTTP/1.0" 200 376547 "-" "Mozilla/5.0 AppleWebKit/537.36 (KHTML, like Gecko; compatible; Amazonbot/0.1; +https://developer.amazon.com/support/amazonbot) Chrome/119.0.6045.214 Safari/537.36"
34.227.234.246 - - [15/Sep/2025:18:32:58 +0700] "GET /san-pham/bo-do-bod-12-cho-code-444465-aqualytic-duc/ HTTP/1.0" 200 100905 "-" "Mozilla/5.0 AppleWebKit/537.36 (KHTML, like Gecko; compatible; Amazonbot/0.1; +https://developer.amazon.com/support/amazonbot) Chrome/119.0.6045.214 Safari/537.36"
44.214.19.8 - - [15/Sep/2025:18:33:02 +0700] "GET /wp-content/uploads/2019/03/Catalogue-Aczet-CM-6F-can-6-so-vietnam.pdf HTTP/1.0" 200 451 "-" "Mozilla/5.0 AppleWebKit/537.36 (KHTML, like Gecko; compatible; Amazonbot/0.1; +https://developer.amazon.com/support/amazonbot) Chrome/119.0.6045.214 Safari/537.36"
217.113.194.76 - - [15/Sep/2025:18:33:04 +0700] "GET /category/ilovemybaby-com-ua/ HTTP/1.0" 200 59162 "-" "Mozilla/5.0 (compatible; Barkrowler/0.9; +https://babbar.tech/crawler)"
54.235.191.179 - - [15/Sep/2025:18:33:07 +0700] "GET /the/giam-sat-thoi-giam-thuc/ HTTP/1.0" 200 90183 "-" "Mozilla/5.0 AppleWebKit/537.36 (KHTML, like Gecko; compatible; Amazonbot/0.1; +https://developer.amazon.com/support/amazonbot) Chrome/119.0.6045.214 Safari/537.36"
3.211.105.134 - - [15/Sep/2025:18:33:10 +0700] "GET /1xbet-app-obtain-apk-for-android-ios-windows-156/ HTTP/1.0" 200 103944 "-" "Mozilla/5.0 AppleWebKit/537.36 (KHTML, like Gecko; compatible; Amazonbot/0.1; +https://developer.amazon.com/support/amazonbot) Chrome/119.0.6045.214 Safari/537.36"
52.22.64.232 - - [15/Sep/2025:18:33:14 +0700] "GET /the/dong-chay-dong-chay/ HTTP/1.0" 200 68173 "-" "Mozilla/5.0 AppleWebKit/537.36 (KHTML, like Gecko; compatible; Amazonbot/0.1; +https://developer.amazon.com/support/amazonbot) Chrome/119.0.6045.214 Safari/537.36"
45.117.177.72 - - [15/Sep/2025:18:33:18 +0700] "POST /wp-cron.php?doing_wp_cron=1757935998.6513130664825439453125 HTTP/1.0" 200 416 "-" "WordPress/6.8.1; https://vattusacky.vn"
54.39.6.136 - - [15/Sep/2025:18:33:17 +0700] "GET /data-room-due-diligence/ HTTP/1.0" 200 205062 "-" "Mozilla/5.0 (compatible; AhrefsBot/7.0; +http://ahrefs.com/robot/)"
23.21.225.190 - - [15/Sep/2025:18:33:17 +0700] "GET /danh-muc/phan-tich-thi-nghie%CC%A3m/may-quang-pho-tu-ngoai-kha-kien-uv-vis/page/1/ HTTP/1.0" 301 619 "-" "Mozilla/5.0 AppleWebKit/537.36 (KHTML, like Gecko; compatible; Amazonbot/0.1; +https://developer.amazon.com/support/amazonbot) Chrome/119.0.6045.214 Safari/537.36"
217.113.194.73 - - [15/Sep/2025:18:33:24 +0700] "GET /category/where-to-meet-single-women/feed/ HTTP/1.0" 200 147792 "-" "Mozilla/5.0 (compatible; Barkrowler/0.9; +https://babbar.tech/crawler)"
154.54.249.200 - - [15/Sep/2025:18:33:47 +0700] "GET /category/thai-mail-order-wives/feed/ HTTP/1.0" 200 64134 "-" "Mozilla/5.0 (compatible; Barkrowler/0.9; +https://babbar.tech/crawler)"
217.113.194.79 - - [15/Sep/2025:18:34:07 +0700] "GET /category/japanese-wife-finder/feed/ HTTP/1.0" 200 17583 "-" "Mozilla/5.0 (compatible; Barkrowler/0.9; +https://babbar.tech/crawler)"
45.117.177.72 - - [15/Sep/2025:18:34:27 +0700] "POST /wp-cron.php?doing_wp_cron=1757936067.4832999706268310546875 HTTP/1.0" 200 416 "-" "WordPress/6.8.1; https://vattusacky.vn"
217.113.194.77 - - [15/Sep/2025:18:34:26 +0700] "GET /category/latin-mail-order-brides/feed/ HTTP/1.0" 200 38522 "-" "Mozilla/5.0 (compatible; Barkrowler/0.9; +https://babbar.tech/crawler)"
217.113.194.74 - - [15/Sep/2025:18:34:46 +0700] "GET /methods-to-meet-a-russian-nice-woman/ HTTP/1.0" 200 207825 "-" "Mozilla/5.0 (compatible; Barkrowler/0.9; +https://babbar.tech/crawler)"
185.191.171.17 - - [15/Sep/2025:18:34:55 +0700] "GET /danh-muc/co-ba%CC%89n-thi-nghie%CC%A3m/lo-nung/ HTTP/1.0" 200 74157 "-" "Mozilla/5.0 (compatible; SemrushBot/7~bl; +http://www.semrush.com/bot.html)"
54.39.89.157 - - [15/Sep/2025:18:35:14 +0700] "GET /category/forex-trading-3/feed/ HTTP/1.0" 200 1596654 "-" "Mozilla/5.0 (compatible; AhrefsBot/7.0; +http://ahrefs.com/robot/)"
217.113.194.81 - - [15/Sep/2025:18:35:14 +0700] "GET /san-pham/horiba-u-52/ HTTP/1.0" 200 239294 "-" "Mozilla/5.0 (compatible; Barkrowler/0.9; +https://babbar.tech/crawler)"
45.117.177.72 - - [15/Sep/2025:18:35:44 +0700] "POST /wp-cron.php?doing_wp_cron=1757936143.9699718952178955078125 HTTP/1.0" 200 416 "-" "WordPress/6.8.1; https://vattusacky.vn"
217.113.194.81 - - [15/Sep/2025:18:35:42 +0700] "GET /mostbet-canl-casino-giri/feed/ HTTP/1.0" 200 1679 "-" "Mozilla/5.0 (compatible; Barkrowler/0.9; +https://babbar.tech/crawler)"
217.113.194.77 - - [15/Sep/2025:18:36:01 +0700] "GET /atlanta-wedding-and-engagement-traditions/feed/ HTTP/1.0" 200 1720 "-" "Mozilla/5.0 (compatible; Barkrowler/0.9; +https://babbar.tech/crawler)"
45.117.177.72 - - [15/Sep/2025:18:36:21 +0700] "POST /wp-cron.php?doing_wp_cron=1757936180.9395799636840820312500 HTTP/1.0" 200 416 "-" "WordPress/6.8.1; https://vattusacky.vn"
217.113.194.81 - - [15/Sep/2025:18:36:19 +0700] "GET /understanding-compassion-on-omegle/feed/ HTTP/1.0" 200 1699 "-" "Mozilla/5.0 (compatible; Barkrowler/0.9; +https://babbar.tech/crawler)"
217.113.194.77 - - [15/Sep/2025:18:36:38 +0700] "GET /dealing-with-trolls-on-omegle/ HTTP/1.0" 200 89853 "-" "Mozilla/5.0 (compatible; Barkrowler/0.9; +https://babbar.tech/crawler)"
217.113.194.72 - - [15/Sep/2025:18:36:58 +0700] "GET /dealing-with-trolls-on-omegle/feed/ HTTP/1.0" 200 1684 "-" "Mozilla/5.0 (compatible; Barkrowler/0.9; +https://babbar.tech/crawler)"
45.117.177.72 - - [15/Sep/2025:18:37:20 +0700] "POST /wp-cron.php?doing_wp_cron=1757936240.2078230381011962890625 HTTP/1.0" 200 416 "-" "WordPress/6.8.1; https://vattusacky.vn"
217.113.194.73 - - [15/Sep/2025:18:37:18 +0700] "GET /connecting-with-strangers-on-omegle/ HTTP/1.0" 200 89329 "-" "Mozilla/5.0 (compatible; Barkrowler/0.9; +https://babbar.tech/crawler)"
217.113.194.72 - - [15/Sep/2025:18:37:42 +0700] "GET /pathan-film-obtain-21/ HTTP/1.0" 200 247957 "-" "Mozilla/5.0 (compatible; Barkrowler/0.9; +https://babbar.tech/crawler)"
217.113.194.73 - - [15/Sep/2025:18:38:14 +0700] "GET /via-the-internet-board-managing-features/ HTTP/1.0" 200 205598 "-" "Mozilla/5.0 (compatible; Barkrowler/0.9; +https://babbar.tech/crawler)"
45.117.177.72 - - [15/Sep/2025:18:38:26 +0700] "POST /wp-cron.php?doing_wp_cron=1757936306.7383489608764648437500 HTTP/1.0" 200 416 "-" "WordPress/6.8.1; https://vattusacky.vn"
194.42.196.29 - - [15/Sep/2025:18:38:25 +0700] "GET / HTTP/1.0" 301 598 "-" "-"
194.42.196.29 - - [15/Sep/2025:18:38:27 +0700] "GET / HTTP/1.0" 200 60070 "https://www.vattusacky.vn/" "-"
17.241.227.173 - - [15/Sep/2025:18:38:29 +0700] "GET /breaking-barriers-connecting-with-people-worldwide-on-omegle/ HTTP/1.0" 200 92477 "-" "Mozilla/5.0 (Macintosh; Intel Mac OS X 10_15_7) AppleWebKit/605.1.15 (KHTML, like Gecko) Version/17.4 Safari/605.1.15 (Applebot/0.1; +http://www.apple.com/go/applebot)"
194.42.196.29 - - [15/Sep/2025:18:38:30 +0700] "GET / HTTP/1.0" 301 598 "http://www.vattusacky.vn/" "-"
194.42.196.29 - - [15/Sep/2025:18:38:32 +0700] "GET / HTTP/1.0" 200 60070 "https://www.vattusacky.vn/" "-"
217.113.194.218 - - [15/Sep/2025:18:38:41 +0700] "GET /casino-india-login-and-review-2023/ HTTP/1.0" 200 220035 "-" "Mozilla/5.0 (compatible; Barkrowler/0.9; +https://babbar.tech/crawler)"
217.113.194.78 - - [15/Sep/2025:18:39:07 +0700] "GET /exness-without-driving-yourself-crazy/feed/ HTTP/1.0" 200 1710 "-" "Mozilla/5.0 (compatible; Barkrowler/0.9; +https://babbar.tech/crawler)"
45.117.177.72 - - [15/Sep/2025:18:39:28 +0700] "POST /wp-cron.php?doing_wp_cron=1757936368.2202539443969726562500 HTTP/1.0" 200 416 "-" "WordPress/6.8.1; https://vattusacky.vn"
217.113.194.77 - - [15/Sep/2025:18:39:26 +0700] "GET /where-to-find-the-best-data-room-critiques/ HTTP/1.0" 200 205500 "-" "Mozilla/5.0 (compatible; Barkrowler/0.9; +https://babbar.tech/crawler)"
217.113.194.75 - - [15/Sep/2025:18:40:04 +0700] "GET /888-nj-on-line-casino-13/feed/ HTTP/1.0" 200 1666 "-" "Mozilla/5.0 (compatible; Barkrowler/0.9; +https://babbar.tech/crawler)"
45.117.177.72 - - [15/Sep/2025:18:40:25 +0700] "POST /wp-cron.php?doing_wp_cron=1757936425.1533100605010986328125 HTTP/1.0" 200 416 "-" "WordPress/6.8.1; https://vattusacky.vn"
217.113.194.72 - - [15/Sep/2025:18:40:23 +0700] "GET /euro-ladies-world-wide-dating-company/feed/ HTTP/1.0" 200 1708 "-" "Mozilla/5.0 (compatible; Barkrowler/0.9; +https://babbar.tech/crawler)"
217.113.194.74 - - [15/Sep/2025:18:40:42 +0700] "GET /tag/link-alternatif-evo88/feed/ HTTP/1.0" 200 5783 "-" "Mozilla/5.0 (compatible; Barkrowler/0.9; +https://babbar.tech/crawler)"
95.91.104.195 - - [15/Sep/2025:18:40:51 +0700] "GET /robots.txt HTTP/1.0" 200 984 "-" "Mozilla/5.0 (compatible; MJ12bot/v1.4.8; http://mj12bot.com/)"
95.91.104.195 - - [15/Sep/2025:18:40:56 +0700] "GET /danh-muc/moi-truong-khi/bom-lay-mau-bui-tsp-pm10-pm2-5/feed/ HTTP/1.0" 200 1186533 "-" "Mozilla/5.0 (compatible; MJ12bot/v1.4.8; http://mj12bot.com/)"
66.249.70.192 - - [15/Sep/2025:18:40:58 +0700] "GET /san-pham/may-do-do-rung-type-3116/ HTTP/1.0" 200 220923 "-" "Mozilla/5.0 (Linux; Android 6.0.1; Nexus 5X Build/MMB29P) AppleWebKit/537.36 (KHTML, like Gecko) Chrome/140.0.7339.127 Mobile Safari/537.36 (compatible; GoogleOther)"
217.113.194.79 - - [15/Sep/2025:18:41:02 +0700] "GET /tag/phan-tich-nuoc-bien/feed/ HTTP/1.0" 200 177826 "-" "Mozilla/5.0 (compatible; Barkrowler/0.9; +https://babbar.tech/crawler)"
95.91.104.195 - - [15/Sep/2025:18:41:03 +0700] "GET /danh-muc/moi-truong-khi/thiet-bi-lay-mau-khi-thai-isokinetic-non-isokinetic/?s=Analitica%20%E2%80%93%20%C3%9D HTTP/1.0" 200 76871 "-" "Mozilla/5.0 (compatible; MJ12bot/v1.4.8; http://mj12bot.com/)"
95.91.104.195 - - [15/Sep/2025:18:41:08 +0700] "GET /danh-muc/moi-truong-khi/tram-lay-mau-bui-tsppm10-pm2-5/?s=HIQ%20%E2%80%93%20%20M%E1%BB%B9 HTTP/1.0" 200 101597 "-" "Mozilla/5.0 (compatible; MJ12bot/v1.4.8; http://mj12bot.com/)"
95.91.104.195 - - [15/Sep/2025:18:41:14 +0700] "GET /danh-muc/moi-truong-khi/tram-lay-mau-bui-tsppm10-pm2-5/?s=HIQ+%E2%80%93++M%E1%BB%B9 HTTP/1.0" 200 101597 "-" "Mozilla/5.0 (compatible; MJ12bot/v1.4.8; http://mj12bot.com/)"
66.249.70.193 - - [15/Sep/2025:18:41:19 +0700] "GET /wp-includes/js/wp-emoji-release.min.js?ver=6.8.1 HTTP/1.0" 200 427 "https://vattusacky.vn/san-pham/may-do-do-rung-type-3116/" "Mozilla/5.0 (Linux; Android 6.0.1; Nexus 5X Build/MMB29P) AppleWebKit/537.36 (KHTML, like Gecko) Chrome/139.0.7258.127 Mobile Safari/537.36 (compatible; Googlebot/2.1; +http://www.google.com/bot.html)"
45.117.177.72 - - [15/Sep/2025:18:41:22 +0700] "POST /wp-cron.php?doing_wp_cron=1757936482.0358290672302246093750 HTTP/1.0" 200 416 "-" "WordPress/6.8.1; https://vattusacky.vn"
95.91.104.195 - - [15/Sep/2025:18:41:20 +0700] "GET /danh-muc/moi-truong-khi/van-toc-luu-luong-khi-nhiet-do/?s=HIQ%20%E2%80%93%20%20M%E1%BB%B9 HTTP/1.0" 200 60641 "-" "Mozilla/5.0 (compatible; MJ12bot/v1.4.8; http://mj12bot.com/)"
95.91.104.195 - - [15/Sep/2025:18:41:25 +0700] "GET /danh-muc/moi-truong-khi/van-toc-luu-luong-khi-nhiet-do/?s=HIQ+%E2%80%93++M%E1%BB%B9 HTTP/1.0" 200 60641 "-" "Mozilla/5.0 (compatible; MJ12bot/v1.4.8; http://mj12bot.com/)"
217.113.194.77 - - [15/Sep/2025:18:41:26 +0700] "GET /tag/thiet-bi-lay-mau-bui/ HTTP/1.0" 200 59557 "-" "Mozilla/5.0 (compatible; Barkrowler/0.9; +https://babbar.tech/crawler)"
95.91.104.195 - - [15/Sep/2025:18:41:30 +0700] "GET /danh-muc/moi-truong-khi/van-toc-luu-luong-khi-nhiet-do/?s=Mesa%20Labs%20-%20M%E1%BB%B9 HTTP/1.0" 200 60660 "-" "Mozilla/5.0 (compatible; MJ12bot/v1.4.8; http://mj12bot.com/)"
95.91.104.195 - - [15/Sep/2025:18:41:34 +0700] "GET /danh-muc/moi-truong-nuoc/bo-do-b-o-d/?s=Aqualytic%20-%20%C4%90%E1%BB%A9c HTTP/1.0" 200 92585 "-" "Mozilla/5.0 (compatible; MJ12bot/v1.4.8; http://mj12bot.com/)"
95.91.104.195 - - [15/Sep/2025:18:41:39 +0700] "GET /danh-muc/moi-truong-nuoc/bo-do-c-o-d/?s=Aqualytic%20-%20%C4%90%E1%BB%A9c HTTP/1.0" 200 74269 "-" "Mozilla/5.0 (compatible; MJ12bot/v1.4.8; http://mj12bot.com/)"
95.91.104.195 - - [15/Sep/2025:18:41:43 +0700] "GET /danh-muc/moi-truong-nuoc/bo-do-c-o-d/?s=Humas%20-%20H%C3%A0n%20Qu%E1%BB%91c HTTP/1.0" 200 68739 "-" "Mozilla/5.0 (compatible; MJ12bot/v1.4.8; http://mj12bot.com/)"
95.91.104.195 - - [15/Sep/2025:18:41:46 +0700] "GET /danh-muc/moi-truong-nuoc/bo-loc-chan-khong-tss-bo-loc-vi-sinh/?s=Rocker%20-%20%C4%90%C3%A0i%20Loan HTTP/1.0" 200 69935 "-" "Mozilla/5.0 (compatible; MJ12bot/v1.4.8; http://mj12bot.com/)"
217.113.194.76 - - [15/Sep/2025:18:41:47 +0700] "GET /tag/quan-trac-nuoc-bien/ HTTP/1.0" 200 59686 "-" "Mozilla/5.0 (compatible; Barkrowler/0.9; +https://babbar.tech/crawler)"
95.91.104.195 - - [15/Sep/2025:18:41:50 +0700] "GET /danh-muc/moi-truong-nuoc/do-luu-toc-dong-chay-kenh-ho/?s=Swoffer%20-%20M%E1%BB%B9 HTTP/1.0" 200 68833 "-" "Mozilla/5.0 (compatible; MJ12bot/v1.4.8; http://mj12bot.com/)"
95.91.104.195 - - [15/Sep/2025:18:41:55 +0700] "GET /danh-muc/moi-truong-nuoc/may-do-nuoc-da-chi-tieu-hien-truong/?s=Horiba%20-%20Nh%E1%BA%ADt%20B%E1%BA%A3n HTTP/1.0" 200 69751 "-" "Mozilla/5.0 (compatible; MJ12bot/v1.4.8; http://mj12bot.com/)"
95.91.104.195 - - [15/Sep/2025:18:41:59 +0700] "GET /danh-muc/moi-truong-nuoc/may-do-nuoc-da-chi-tieu-hien-truong/?s=Humas%20-%20H%C3%A0n%20Qu%E1%BB%91c HTTP/1.0" 200 82460 "-" "Mozilla/5.0 (compatible; MJ12bot/v1.4.8; http://mj12bot.com/)"
95.91.104.195 - - [15/Sep/2025:18:42:03 +0700] "GET /danh-muc/moi-truong-nuoc/may-do-nuoc-da-chi-tieu-hien-truong/?s=Palintest%20%E2%80%93%20Anh HTTP/1.0" 200 102995 "-" "Mozilla/5.0 (compatible; MJ12bot/v1.4.8; http://mj12bot.com/)"
217.113.194.78 - - [15/Sep/2025:18:42:07 +0700] "GET /tag/quan-trac-moi-truong/feed/ HTTP/1.0" 200 157945 "-" "Mozilla/5.0 (compatible; Barkrowler/0.9; +https://babbar.tech/crawler)"
95.91.104.195 - - [15/Sep/2025:18:42:06 +0700] "GET /danh-muc/moi-truong-nuoc/may-do-phmvorpectdsmandodo-duc-cam-tay/?s=Horiba%20-%20Nh%E1%BA%ADt%20B%E1%BA%A3n HTTP/1.0" 200 69821 "-" "Mozilla/5.0 (compatible; MJ12bot/v1.4.8; http://mj12bot.com/)"
95.91.104.195 - - [15/Sep/2025:18:42:12 +0700] "GET /danh-muc/moi-truong-nuoc/may-do-phmvorpectdsmandodo-duc-cam-tay/?s=Humas%20-%20H%C3%A0n%20Qu%E1%BB%91c HTTP/1.0" 200 69191 "-" "Mozilla/5.0 (compatible; MJ12bot/v1.4.8; http://mj12bot.com/)"
45.117.177.72 - - [15/Sep/2025:18:42:18 +0700] "POST /wp-cron.php?doing_wp_cron=1757936538.4951748847961425781250 HTTP/1.0" 200 416 "-" "WordPress/6.8.1; https://vattusacky.vn"
95.91.104.195 - - [15/Sep/2025:18:42:17 +0700] "GET /danh-muc/moi-truong-nuoc/may-do-phmvorpectdsmandodo-duc-cam-tay/?s=Palintest%20%E2%80%93%20Anh HTTP/1.0" 200 115334 "-" "Mozilla/5.0 (compatible; MJ12bot/v1.4.8; http://mj12bot.com/)"
95.91.104.195 - - [15/Sep/2025:18:42:22 +0700] "GET /danh-muc/moi-truong-nuoc/may-quang-pho-phan-tich-nuoc/?s=Aqualytic%20-%20%C4%90%E1%BB%A9c HTTP/1.0" 200 75189 "-" "Mozilla/5.0 (compatible; MJ12bot/v1.4.8; http://mj12bot.com/)"
217.113.194.73 - - [15/Sep/2025:18:42:29 +0700] "GET /tag/thong-tu-24-btnmt/feed/ HTTP/1.0" 200 177804 "-" "Mozilla/5.0 (compatible; Barkrowler/0.9; +https://babbar.tech/crawler)"
51.210.194.206 - - [15/Sep/2025:18:42:30 +0700] "POST /xmlrpc.php HTTP/1.0" 200 954 "-" "Mozilla/5.0 (X11; Ubuntu; Linux x86_64; rv:85.0) Gecko/20100101 Firefox/91.0"
95.91.104.195 - - [15/Sep/2025:18:42:32 +0700] "GET /danh-muc/moi-truong-nuoc/may-quang-pho-phan-tich-nuoc/?s=Humas%20-%20H%C3%A0n%20Qu%E1%BB%91c HTTP/1.0" 200 88894 "-" "Mozilla/5.0 (compatible; MJ12bot/v1.4.8; http://mj12bot.com/)"
85.208.96.211 - - [15/Sep/2025:18:42:34 +0700] "GET /danh-muc/moi-truong-nuoc/ HTTP/1.0" 200 74079 "-" "Mozilla/5.0 (compatible; SemrushBot/7~bl; +http://www.semrush.com/bot.html)"
95.91.104.195 - - [15/Sep/2025:18:42:36 +0700] "GET /danh-muc/moi-truong-nuoc/maydophongxa/?s=Berthold%20-%20%C4%90%E1%BB%A9c HTTP/1.0" 200 72313 "-" "Mozilla/5.0 (compatible; MJ12bot/v1.4.8; http://mj12bot.com/)"
95.91.104.195 - - [15/Sep/2025:18:42:41 +0700] "GET /danh-muc/moi-truong-nuoc/maydophongxa/?s=SPC%20%E2%80%9CDoza%E2%80%9D%20Ltd.,%20%E2%80%93%20Nga HTTP/1.0" 200 72585 "-" "Mozilla/5.0 (compatible; MJ12bot/v1.4.8; http://mj12bot.com/)"
95.91.104.195 - - [15/Sep/2025:18:42:48 +0700] "GET /danh-muc/phan-tich-thi-nghie%CC%A3m/may-quang-pho-tu-ngoai-kha-kien-uv-vis/page/1/?s=PG+Instruments+%E2%80%93+Anh HTTP/1.0" 200 184037 "-" "Mozilla/5.0 (compatible; MJ12bot/v1.4.8; http://mj12bot.com/)"
154.54.249.200 - - [15/Sep/2025:18:42:52 +0700] "GET /tag/thong-tu-24btnmt/feed/ HTTP/1.0" 200 200157 "-" "Mozilla/5.0 (compatible; Barkrowler/0.9; +https://babbar.tech/crawler)"
95.91.104.195 - - [15/Sep/2025:18:42:52 +0700] "GET /danh-muc/phan-tich-thi-nghie%CC%A3m/may-quang-pho-tu-ngoai-kha-kien-uv-vis/page/2/?s=PG+Instruments+%E2%80%93+Anh HTTP/1.0" 200 101110 "-" "Mozilla/5.0 (compatible; MJ12bot/v1.4.8; http://mj12bot.com/)"
185.191.171.18 - - [15/Sep/2025:18:42:55 +0700] "GET /author/yanz/page/404/ HTTP/1.0" 200 76985 "-" "Mozilla/5.0 (compatible; SemrushBot/7~bl; +http://www.semrush.com/bot.html)"
95.91.104.195 - - [15/Sep/2025:18:43:00 +0700] "GET /danh-muc/phan-tich-thi-nghie%CC%A3m/may-quang-pho-tu-ngoai-kha-kien-uv-vis/?s=PG%20Instruments%20%E2%80%93%20Anh HTTP/1.0" 200 186002 "-" "Mozilla/5.0 (compatible; MJ12bot/v1.4.8; http://mj12bot.com/)"
95.91.104.195 - - [15/Sep/2025:18:43:07 +0700] "GET /danh-muc/phan-tich-thi-nghie%CC%A3m/quang-pho-phat-xa-plasma-icpoes/?s=Leeman%20Labs%20-%20M%E1%BB%B9 HTTP/1.0" 200 69357 "-" "Mozilla/5.0 (compatible; MJ12bot/v1.4.8; http://mj12bot.com/)"
95.91.104.195 - - [15/Sep/2025:18:43:10 +0700] "GET /danh-muc/phan-tich-thi-nghie%CC%A3m/sac-ky-ion-ic/?s=MembraPure%20-%20%C4%90%E1%BB%A9c HTTP/1.0" 200 69289 "-" "Mozilla/5.0 (compatible; MJ12bot/v1.4.8; http://mj12bot.com/)"
95.91.104.195 - - [15/Sep/2025:18:43:14 +0700] "GET /danh-muc/phan-tich-thi-nghie%CC%A3m/may-phan-tich-toctnb/?s=Teledyne%20Tekmar%20-%20M%E1%BB%B9 HTTP/1.0" 200 75657 "-" "Mozilla/5.0 (compatible; MJ12bot/v1.4.8; http://mj12bot.com/)"
45.117.177.72 - - [15/Sep/2025:18:43:20 +0700] "POST /wp-cron.php?doing_wp_cron=1757936600.0967900753021240234375 HTTP/1.0" 200 416 "-" "WordPress/6.8.1; https://vattusacky.vn"
95.91.104.195 - - [15/Sep/2025:18:43:18 +0700] "GET /danh-muc/phan-tich-thi-nghie%CC%A3m/may-quang-pho-tu-ngoai-kha-kien-uv-vis/?s=PG+Instruments+%E2%80%93+Anh HTTP/1.0" 200 186002 "-" "Mozilla/5.0 (compatible; MJ12bot/v1.4.8; http://mj12bot.com/)"
154.54.249.200 - - [15/Sep/2025:18:43:23 +0700] "GET /exploring-omegle-an-introduction/ HTTP/1.0" 200 89956 "-" "Mozilla/5.0 (compatible; Barkrowler/0.9; +https://babbar.tech/crawler)"
95.91.104.195 - - [15/Sep/2025:18:43:24 +0700] "GET /danh-muc/phan-tich-thi-nghie%CC%A3m/may-quang-pho-tu-ngoai-kha-kien-uv-vis/page/1/?s=PG%20Instruments%20%E2%80%93%20Anh HTTP/1.0" 200 184037 "-" "Mozilla/5.0 (compatible; MJ12bot/v1.4.8; http://mj12bot.com/)"
95.91.104.195 - - [15/Sep/2025:18:43:30 +0700] "GET /danh-muc/phan-tich-thi-nghie%CC%A3m/may-quang-pho-tu-ngoai-kha-kien-uv-vis/page/2/?s=PG%20Instruments%20%E2%80%93%20Anh HTTP/1.0" 200 101116 "-" "Mozilla/5.0 (compatible; MJ12bot/v1.4.8; http://mj12bot.com/)"
217.113.194.81 - - [15/Sep/2025:18:43:44 +0700] "GET /betway-live-casino-australia/feed/ HTTP/1.0" 200 1681 "-" "Mozilla/5.0 (compatible; Barkrowler/0.9; +https://babbar.tech/crawler)"
95.91.104.195 - - [15/Sep/2025:18:43:55 +0700] "GET /danh-muc/quan-trac-moi-truong-lao-dong/yeu-to-vat-ly/?s=ACO%20%20%E2%80%93%20Nh%E1%BA%ADt%20B%E1%BA%A3n HTTP/1.0" 200 77302 "-" "Mozilla/5.0 (compatible; MJ12bot/v1.4.8; http://mj12bot.com/)"
95.91.104.195 - - [15/Sep/2025:18:43:59 +0700] "GET /danh-muc/quan-trac-moi-truong-lao-dong/yeu-to-vat-ly/?s=ACO++%E2%80%93+Nh%E1%BA%ADt+B%E1%BA%A3n HTTP/1.0" 200 77302 "-" "Mozilla/5.0 (compatible; MJ12bot/v1.4.8; http://mj12bot.com/)"
217.113.194.74 - - [15/Sep/2025:18:44:03 +0700] "GET /the/giay-loc-hiq/feed/ HTTP/1.0" 200 146667 "-" "Mozilla/5.0 (compatible; Barkrowler/0.9; +https://babbar.tech/crawler)"
95.91.104.195 - - [15/Sep/2025:18:44:03 +0700] "GET /danh-muc/quan-trac-moi-truong-lao-dong/yeu-to-vat-ly/?s=BSWA%20-%20Trung%20Qu%E1%BB%91c HTTP/1.0" 200 69093 "-" "Mozilla/5.0 (compatible; MJ12bot/v1.4.8; http://mj12bot.com/)"
95.91.104.195 - - [15/Sep/2025:18:44:08 +0700] "GET /danh-muc/thiet-bi%CC%A3-do-luong/may-do-do-on/?s=ACO++%E2%80%93+Nh%E1%BA%ADt+B%E1%BA%A3n HTTP/1.0" 200 90618 "-" "Mozilla/5.0 (compatible; MJ12bot/v1.4.8; http://mj12bot.com/)"
45.117.177.72 - - [15/Sep/2025:18:44:31 +0700] "POST /wp-cron.php?doing_wp_cron=1757936671.3705549240112304687500 HTTP/1.0" 200 416 "-" "WordPress/6.8.1; https://vattusacky.vn"
217.113.194.75 - - [15/Sep/2025:18:44:30 +0700] "GET /the/dong-chay-dong-chay/feed/ HTTP/1.0" 200 146490 "-" "Mozilla/5.0 (compatible; Barkrowler/0.9; +https://babbar.tech/crawler)"
95.91.104.195 - - [15/Sep/2025:18:44:38 +0700] "GET /danh-muc/thiet-bi%CC%A3-do-luong/may-do-do-rung/?s=ACO++%E2%80%93+Nh%E1%BA%ADt+B%E1%BA%A3n HTTP/1.0" 200 75197 "-" "Mozilla/5.0 (compatible; MJ12bot/v1.4.8; http://mj12bot.com/)"
217.113.194.76 - - [15/Sep/2025:18:44:54 +0700] "GET /the/dau-loc-hiq/feed/ HTTP/1.0" 200 291714 "-" "Mozilla/5.0 (compatible; Barkrowler/0.9; +https://babbar.tech/crawler)"
95.91.104.195 - - [15/Sep/2025:18:44:56 +0700] "GET /danh-muc/thiet-bi%CC%A3-do-luong/do-phong-xa-dien-tu-truong/?s=SPC%20%E2%80%9CDoza%E2%80%9D%20Ltd.,%20%E2%80%93%20Nga HTTP/1.0" 200 70342 "-" "Mozilla/5.0 (compatible; MJ12bot/v1.4.8; http://mj12bot.com/)"
95.91.104.195 - - [15/Sep/2025:18:45:00 +0700] "GET /danh-muc/thiet-bi%CC%A3-do-luong/may-do-do-on/?s=ACO%20%20%E2%80%93%20Nh%E1%BA%ADt%20B%E1%BA%A3n HTTP/1.0" 200 90618 "-" "Mozilla/5.0 (compatible; MJ12bot/v1.4.8; http://mj12bot.com/)"
95.91.104.195 - - [15/Sep/2025:18:45:04 +0700] "GET /danh-muc/thiet-bi%CC%A3-do-luong/may-do-do-on/?s=BSWA%20-%20Trung%20Qu%E1%BB%91c HTTP/1.0" 200 69123 "-" "Mozilla/5.0 (compatible; MJ12bot/v1.4.8; http://mj12bot.com/)"
95.91.104.195 - - [15/Sep/2025:18:45:08 +0700] "GET /danh-muc/thiet-bi%CC%A3-do-luong/may-do-do-rung/?s=ACO%20%20%E2%80%93%20Nh%E1%BA%ADt%20B%E1%BA%A3n HTTP/1.0" 200 75197 "-" "Mozilla/5.0 (compatible; MJ12bot/v1.4.8; http://mj12bot.com/)"
95.91.104.195 - - [15/Sep/2025:18:45:12 +0700] "GET /danh-muc/thiet-bi%CC%A3-do-luong/may-do-nhiet-do-do-am/?s=Palintest%20%E2%80%93%20Anh HTTP/1.0" 200 69863 "-" "Mozilla/5.0 (compatible; MJ12bot/v1.4.8; http://mj12bot.com/)"
45.117.177.72 - - [15/Sep/2025:18:45:17 +0700] "POST /wp-cron.php?doing_wp_cron=1757936717.0523018836975097656250 HTTP/1.0" 200 416 "-" "WordPress/6.8.1; https://vattusacky.vn"
95.91.104.195 - - [15/Sep/2025:18:45:15 +0700] "GET /the/lay-mau-nuoc-loai-doc/feed/ HTTP/1.0" 200 1795466 "-" "Mozilla/5.0 (compatible; MJ12bot/v1.4.8; http://mj12bot.com/)"
217.113.194.218 - - [15/Sep/2025:18:45:26 +0700] "GET /the/hieu-chuan-hi-q/ HTTP/1.0" 200 68680 "-" "Mozilla/5.0 (compatible; Barkrowler/0.9; +https://babbar.tech/crawler)"
95.91.104.195 - - [15/Sep/2025:18:45:32 +0700] "GET /the/lay-mau-nuoc-loai-ngang/feed/ HTTP/1.0" 200 1795833 "-" "Mozilla/5.0 (compatible; MJ12bot/v1.4.8; http://mj12bot.com/)"
217.113.194.218 - - [15/Sep/2025:18:45:47 +0700] "GET /the/maydo-phong-xa/feed/ HTTP/1.0" 200 302244 "-" "Mozilla/5.0 (compatible; Barkrowler/0.9; +https://babbar.tech/crawler)"
45.117.177.72 - - [15/Sep/2025:18:46:21 +0700] "POST /wp-cron.php?doing_wp_cron=1757936780.8841741085052490234375 HTTP/1.0" 200 416 "-" "WordPress/6.8.1; https://vattusacky.vn"
217.113.194.81 - - [15/Sep/2025:18:46:19 +0700] "GET /the/phu-kien-lay-mau/feed/ HTTP/1.0" 200 151097 "-" "Mozilla/5.0 (compatible; Barkrowler/0.9; +https://babbar.tech/crawler)"
95.91.104.195 - - [15/Sep/2025:18:46:19 +0700] "GET /the/lay-mau/feed/ HTTP/1.0" 200 1795368 "-" "Mozilla/5.0 (compatible; MJ12bot/v1.4.8; http://mj12bot.com/)"
45.117.177.72 - - [15/Sep/2025:18:46:46 +0700] "POST /wp-cron.php?doing_wp_cron=1757936806.2236900329589843750000 HTTP/1.0" 200 416 "-" "WordPress/6.8.1; https://vattusacky.vn"
217.113.194.74 - - [15/Sep/2025:18:46:44 +0700] "GET /the/bom-lay-mau-khi/feed/ HTTP/1.0" 200 155162 "-" "Mozilla/5.0 (compatible; Barkrowler/0.9; +https://babbar.tech/crawler)"
154.54.249.200 - - [15/Sep/2025:18:47:11 +0700] "GET /the/ammonium-trong-nuoc/feed/ HTTP/1.0" 200 146460 "-" "Mozilla/5.0 (compatible; Barkrowler/0.9; +https://babbar.tech/crawler)"
45.117.177.72 - - [15/Sep/2025:18:47:38 +0700] "POST /wp-cron.php?doing_wp_cron=1757936858.3798940181732177734375 HTTP/1.0" 200 416 "-" "WordPress/6.8.1; https://vattusacky.vn"
217.113.194.75 - - [15/Sep/2025:18:47:36 +0700] "GET /the/ammonia-trong-nuoc/feed/ HTTP/1.0" 200 146454 "-" "Mozilla/5.0 (compatible; Barkrowler/0.9; +https://babbar.tech/crawler)"
217.113.194.79 - - [15/Sep/2025:18:47:59 +0700] "GET /cabgolin-tablet-in-hindi/feed/ HTTP/1.0" 200 1669 "-" "Mozilla/5.0 (compatible; Barkrowler/0.9; +https://babbar.tech/crawler)"
95.214.106.112 - - [15/Sep/2025:18:48:10 +0700] "GET /wp-login.php HTTP/1.0" 200 11388 "-" "GRequests/0.10"
45.117.177.72 - - [15/Sep/2025:18:48:17 +0700] "POST /wp-cron.php?doing_wp_cron=1757936897.0227570533752441406250 HTTP/1.0" 200 416 "-" "WordPress/6.8.1; https://vattusacky.vn"
95.214.106.112 - - [15/Sep/2025:18:48:15 +0700] "POST /wp-login.php HTTP/1.0" 200 11748 "-" "GRequests/0.10"
217.113.194.81 - - [15/Sep/2025:18:48:20 +0700] "GET /cabgolin-tablet-in-hindi-2/ HTTP/1.0" 200 104456 "-" "Mozilla/5.0 (compatible; Barkrowler/0.9; +https://babbar.tech/crawler)"
85.208.96.205 - - [15/Sep/2025:18:48:31 +0700] "GET /what-is-omegle-and-how-does-it-work/ HTTP/1.0" 200 88123 "-" "Mozilla/5.0 (compatible; SemrushBot/7~bl; +http://www.semrush.com/bot.html)"
217.113.194.81 - - [15/Sep/2025:18:48:43 +0700] "GET /can-be-360-security-legit/feed/ HTTP/1.0" 200 1675 "-" "Mozilla/5.0 (compatible; Barkrowler/0.9; +https://babbar.tech/crawler)"
217.113.194.81 - - [15/Sep/2025:18:49:01 +0700] "GET /you-can-play-online-slots-with-no-download/ HTTP/1.0" 200 73900 "-" "Mozilla/5.0 (compatible; Barkrowler/0.9; +https://babbar.tech/crawler)"
45.117.177.72 - - [15/Sep/2025:18:49:23 +0700] "POST /wp-cron.php?doing_wp_cron=1757936963.4576389789581298828125 HTTP/1.0" 200 416 "-" "WordPress/6.8.1; https://vattusacky.vn"
217.113.194.78 - - [15/Sep/2025:18:49:22 +0700] "GET /sermorelin-before-and-after-pics/ HTTP/1.0" 200 108039 "-" "Mozilla/5.0 (compatible; Barkrowler/0.9; +https://babbar.tech/crawler)"
217.113.194.81 - - [15/Sep/2025:18:49:43 +0700] "GET /ways-to-impress-mail-order-gothic-wives/feed/ HTTP/1.0" 200 1714 "-" "Mozilla/5.0 (compatible; Barkrowler/0.9; +https://babbar.tech/crawler)"
217.113.194.80 - - [15/Sep/2025:18:50:01 +0700] "GET /creepy-encounters-on-omegle/feed/ HTTP/1.0" 200 1678 "-" "Mozilla/5.0 (compatible; Barkrowler/0.9; +https://babbar.tech/crawler)"
45.117.177.72 - - [15/Sep/2025:18:50:22 +0700] "POST /wp-cron.php?doing_wp_cron=1757937022.1014890670776367187500 HTTP/1.0" 200 416 "-" "WordPress/6.8.1; https://vattusacky.vn"
217.113.194.217 - - [15/Sep/2025:18:50:20 +0700] "GET /features-and-functions-of-ometv/feed/ HTTP/1.0" 200 1690 "-" "Mozilla/5.0 (compatible; Barkrowler/0.9; +https://babbar.tech/crawler)"
217.113.194.81 - - [15/Sep/2025:18:50:39 +0700] "GET /powerful-corporate-governance-software/feed/ HTTP/1.0" 200 1711 "-" "Mozilla/5.0 (compatible; Barkrowler/0.9; +https://babbar.tech/crawler)"
217.113.194.218 - - [15/Sep/2025:18:50:57 +0700] "GET /privacy-policy-and-terms-of-service-on-omegle/feed/ HTTP/1.0" 200 1732 "-" "Mozilla/5.0 (compatible; Barkrowler/0.9; +https://babbar.tech/crawler)"
45.117.177.72 - - [15/Sep/2025:18:51:19 +0700] "POST /wp-cron.php?doing_wp_cron=1757937078.8469638824462890625000 HTTP/1.0" 200 416 "-" "WordPress/6.8.1; https://vattusacky.vn"
217.113.194.217 - - [15/Sep/2025:18:51:17 +0700] "GET /finding-real-ship-order-bride-sites/feed/ HTTP/1.0" 200 1702 "-" "Mozilla/5.0 (compatible; Barkrowler/0.9; +https://babbar.tech/crawler)"
185.191.171.12 - - [15/Sep/2025:18:51:31 +0700] "GET /basic-attention-token-usd-bat-usd-price-value-news/ HTTP/1.0" 200 251688 "-" "Mozilla/5.0 (compatible; SemrushBot/7~bl; +http://www.semrush.com/bot.html)"
217.113.194.217 - - [15/Sep/2025:18:51:36 +0700] "GET /finding-love-and-romance-on-omegle/feed/ HTTP/1.0" 200 1699 "-" "Mozilla/5.0 (compatible; Barkrowler/0.9; +https://babbar.tech/crawler)"
217.113.194.77 - - [15/Sep/2025:18:51:54 +0700] "GET /pin-up-aviator-game-review-15/feed/ HTTP/1.0" 200 1681 "-" "Mozilla/5.0 (compatible; Barkrowler/0.9; +https://babbar.tech/crawler)"
217.113.194.218 - - [15/Sep/2025:18:52:13 +0700] "GET /greatest-online-casinos-in-australia-160/feed/ HTTP/1.0" 200 1713 "-" "Mozilla/5.0 (compatible; Barkrowler/0.9; +https://babbar.tech/crawler)"
45.117.177.72 - - [15/Sep/2025:18:52:33 +0700] "POST /wp-cron.php?doing_wp_cron=1757937153.5535991191864013671875 HTTP/1.0" 200 416 "-" "WordPress/6.8.1; https://vattusacky.vn"
217.113.194.77 - - [15/Sep/2025:18:52:32 +0700] "GET /finest-first-particular-date-ideas/ HTTP/1.0" 200 73330 "-" "Mozilla/5.0 (compatible; Barkrowler/0.9; +https://babbar.tech/crawler)"
217.113.194.76 - - [15/Sep/2025:18:52:52 +0700] "GET /how-to-stay-safe-while-using-omegle/ HTTP/1.0" 200 89353 "-" "Mozilla/5.0 (compatible; Barkrowler/0.9; +https://babbar.tech/crawler)"
45.117.177.72 - - [15/Sep/2025:18:53:17 +0700] "POST /wp-cron.php?doing_wp_cron=1757937197.5252850055694580078125 HTTP/1.0" 200 416 "-" "WordPress/6.8.1; https://vattusacky.vn"
217.113.194.76 - - [15/Sep/2025:18:53:16 +0700] "GET /how-to-enhance-your-ometv-experience/feed/ HTTP/1.0" 200 1705 "-" "Mozilla/5.0 (compatible; Barkrowler/0.9; +https://babbar.tech/crawler)"
217.113.194.77 - - [15/Sep/2025:18:53:37 +0700] "GET /how-to-use-ometv-effectively/feed/ HTTP/1.0" 200 1681 "-" "Mozilla/5.0 (compatible; Barkrowler/0.9; +https://babbar.tech/crawler)"
217.113.194.79 - - [15/Sep/2025:18:53:55 +0700] "GET /chat-content-filtering-on-omegle/feed/ HTTP/1.0" 200 1693 "-" "Mozilla/5.0 (compatible; Barkrowler/0.9; +https://babbar.tech/crawler)"
45.117.177.72 - - [15/Sep/2025:18:54:17 +0700] "POST /wp-cron.php?doing_wp_cron=1757937257.5011379718780517578125 HTTP/1.0" 200 416 "-" "WordPress/6.8.1; https://vattusacky.vn"
217.113.194.72 - - [15/Sep/2025:18:54:16 +0700] "GET /using-online-slot-machines-for-fun-and-money/ HTTP/1.0" 200 74687 "-" "Mozilla/5.0 (compatible; Barkrowler/0.9; +https://babbar.tech/crawler)"
217.113.194.75 - - [15/Sep/2025:18:54:37 +0700] "GET /play-free-casino-games-without-downloading/ HTTP/1.0" 200 209002 "-" "Mozilla/5.0 (compatible; Barkrowler/0.9; +https://babbar.tech/crawler)"
217.113.194.72 - - [15/Sep/2025:18:55:05 +0700] "GET /melbet-india-review-2023-57/ HTTP/1.0" 200 236061 "-" "Mozilla/5.0 (compatible; Barkrowler/0.9; +https://babbar.tech/crawler)"
45.117.177.72 - - [15/Sep/2025:18:55:32 +0700] "POST /wp-cron.php?doing_wp_cron=1757937332.6906619071960449218750 HTTP/1.0" 200 416 "-" "WordPress/6.8.1; https://vattusacky.vn"
217.113.194.76 - - [15/Sep/2025:18:55:31 +0700] "GET /choosing-a-cloud-structured-storage-system/ HTTP/1.0" 200 205799 "-" "Mozilla/5.0 (compatible; Barkrowler/0.9; +https://babbar.tech/crawler)"
217.113.194.79 - - [15/Sep/2025:18:55:59 +0700] "GET /choosing-the-best-online-data-room-software/ HTTP/1.0" 200 72357 "-" "Mozilla/5.0 (compatible; Barkrowler/0.9; +https://babbar.tech/crawler)"
45.117.177.72 - - [15/Sep/2025:18:56:20 +0700] "POST /wp-cron.php?doing_wp_cron=1757937380.1667990684509277343750 HTTP/1.0" 200 416 "-" "WordPress/6.8.1; https://vattusacky.vn"
217.113.194.79 - - [15/Sep/2025:18:56:18 +0700] "GET /learning-about-global-issues-on-omegle/ HTTP/1.0" 200 90143 "-" "Mozilla/5.0 (compatible; Barkrowler/0.9; +https://babbar.tech/crawler)"
85.208.96.210 - - [15/Sep/2025:18:56:18 +0700] "GET /san-pham/palintest-_thiet-bi-do-do-dan-dien-ec-tong-chat-ran-hoa-tan-tds/ HTTP/1.0" 200 300109 "-" "Mozilla/5.0 (compatible; SemrushBot/7~bl; +http://www.semrush.com/bot.html)"
217.113.194.73 - - [15/Sep/2025:18:56:41 +0700] "GET /the-role-of-anonymity-on-omegle/ HTTP/1.0" 200 87933 "-" "Mozilla/5.0 (compatible; Barkrowler/0.9; +https://babbar.tech/crawler)"
217.113.194.78 - - [15/Sep/2025:18:57:02 +0700] "GET /exactly-what-is-a-sugar-design/feed/ HTTP/1.0" 200 1688 "-" "Mozilla/5.0 (compatible; Barkrowler/0.9; +https://babbar.tech/crawler)"
185.191.171.18 - - [15/Sep/2025:18:57:04 +0700] "GET /category/uncategorized/page/365/ HTTP/1.0" 200 77321 "-" "Mozilla/5.0 (compatible; SemrushBot/7~bl; +http://www.semrush.com/bot.html)"
45.117.177.72 - - [15/Sep/2025:18:57:22 +0700] "POST /wp-cron.php?doing_wp_cron=1757937442.2110199928283691406250 HTTP/1.0" 200 416 "-" "WordPress/6.8.1; https://vattusacky.vn"
217.113.194.72 - - [15/Sep/2025:18:57:20 +0700] "GET /omegles-role-in-connecting-cultures/feed/ HTTP/1.0" 200 1702 "-" "Mozilla/5.0 (compatible; Barkrowler/0.9; +https://babbar.tech/crawler)"
217.113.194.81 - - [15/Sep/2025:18:57:40 +0700] "GET /omegle-and-the-phenomenon-of-ghosting/ HTTP/1.0" 200 89540 "-" "Mozilla/5.0 (compatible; Barkrowler/0.9; +https://babbar.tech/crawler)"
217.113.194.81 - - [15/Sep/2025:18:58:03 +0700] "GET /omegle-and-the-phenomenon-of-catfishing/ HTTP/1.0" 200 87856 "-" "Mozilla/5.0 (compatible; Barkrowler/0.9; +https://babbar.tech/crawler)"
45.117.177.72 - - [15/Sep/2025:18:58:27 +0700] "POST /wp-cron.php?doing_wp_cron=1757937507.2699410915374755859375 HTTP/1.0" 200 416 "-" "WordPress/6.8.1; https://vattusacky.vn"
217.113.194.78 - - [15/Sep/2025:18:58:25 +0700] "GET /omegles-influence-on-interpersonal-skills/ HTTP/1.0" 200 91354 "-" "Mozilla/5.0 (compatible; Barkrowler/0.9; +https://babbar.tech/crawler)"
217.113.194.80 - - [15/Sep/2025:18:58:53 +0700] "GET /omegle-as-an-escape-from-reality/ HTTP/1.0" 200 90564 "-" "Mozilla/5.0 (compatible; Barkrowler/0.9; +https://babbar.tech/crawler)"
52.0.63.151 - - [15/Sep/2025:18:59:14 +0700] "GET /aco/ HTTP/1.0" 200 203468 "-" "Mozilla/5.0 AppleWebKit/537.36 (KHTML, like Gecko; compatible; Amazonbot/0.1; +https://developer.amazon.com/support/amazonbot) Chrome/119.0.6045.214 Safari/537.36"
45.117.177.72 - - [15/Sep/2025:18:59:21 +0700] "POST /wp-cron.php?doing_wp_cron=1757937561.1845951080322265625000 HTTP/1.0" 200 416 "-" "WordPress/6.8.1; https://vattusacky.vn"
217.113.194.79 - - [15/Sep/2025:18:59:18 +0700] "GET /omegle-as-an-escape-from-reality/feed/ HTTP/1.0" 200 1693 "-" "Mozilla/5.0 (compatible; Barkrowler/0.9; +https://babbar.tech/crawler)"
18.211.148.239 - - [15/Sep/2025:18:59:18 +0700] "GET /san-pham/phu-kien-cho-bo-lay-mau-comde-derenda/ HTTP/1.0" 200 509711 "-" "Mozilla/5.0 AppleWebKit/537.36 (KHTML, like Gecko; compatible; Amazonbot/0.1; +https://developer.amazon.com/support/amazonbot) Chrome/119.0.6045.214 Safari/537.36"
23.22.59.87 - - [15/Sep/2025:18:59:22 +0700] "GET /san-pham/thiet-bi-lay-mau-bui-isokinetic-epa-5-thu-cong-2/ HTTP/1.0" 200 270548 "-" "Mozilla/5.0 AppleWebKit/537.36 (KHTML, like Gecko; compatible; Amazonbot/0.1; +https://developer.amazon.com/support/amazonbot) Chrome/119.0.6045.214 Safari/537.36"
184.73.167.217 - - [15/Sep/2025:18:59:26 +0700] "GET /the/dau-loc-them/ HTTP/1.0" 200 68960 "-" "Mozilla/5.0 AppleWebKit/537.36 (KHTML, like Gecko; compatible; Amazonbot/0.1; +https://developer.amazon.com/support/amazonbot) Chrome/119.0.6045.214 Safari/537.36"
34.206.193.60 - - [15/Sep/2025:18:59:31 +0700] "GET /the/bom-lay-mau-bui-the-tich-lon/ HTTP/1.0" 200 190368 "-" "Mozilla/5.0 AppleWebKit/537.36 (KHTML, like Gecko; compatible; Amazonbot/0.1; +https://developer.amazon.com/support/amazonbot) Chrome/119.0.6045.214 Safari/537.36"
52.45.15.233 - - [15/Sep/2025:18:59:33 +0700] "GET /the/bom-lay-mau-bui-tsp-the-tich-lon/ HTTP/1.0" 200 190464 "-" "Mozilla/5.0 AppleWebKit/537.36 (KHTML, like Gecko; compatible; Amazonbot/0.1; +https://developer.amazon.com/support/amazonbot) Chrome/119.0.6045.214 Safari/537.36"
107.20.181.148 - - [15/Sep/2025:18:59:39 +0700] "GET /wp-content/uploads/2019/03/Memmert-Waterbath-WNB-22.en_.pdf HTTP/1.0" 200 441 "-" "Mozilla/5.0 AppleWebKit/537.36 (KHTML, like Gecko; compatible; Amazonbot/0.1; +https://developer.amazon.com/support/amazonbot) Chrome/119.0.6045.214 Safari/537.36"
217.113.194.72 - - [15/Sep/2025:18:59:45 +0700] "GET /omegle-video-chat-alternatives/feed/ HTTP/1.0" 200 1687 "-" "Mozilla/5.0 (compatible; Barkrowler/0.9; +https://babbar.tech/crawler)"
85.208.96.204 - - [15/Sep/2025:19:00:04 +0700] "GET /1xbit-evaluation-2023-35/ HTTP/1.0" 200 220705 "-" "Mozilla/5.0 (compatible; SemrushBot/7~bl; +http://www.semrush.com/bot.html)"
217.113.194.217 - - [15/Sep/2025:19:00:08 +0700] "GET /omegles-impact-on-social-interaction/ HTTP/1.0" 200 90457 "-" "Mozilla/5.0 (compatible; Barkrowler/0.9; +https://babbar.tech/crawler)"
45.117.177.72 - - [15/Sep/2025:19:00:34 +0700] "POST /wp-cron.php?doing_wp_cron=1757937634.2070229053497314453125 HTTP/1.0" 200 416 "-" "WordPress/6.8.1; https://vattusacky.vn"
217.113.194.81 - - [15/Sep/2025:19:00:32 +0700] "GET /online-casino-paypal-funktionierender-3/feed/ HTTP/1.0" 200 1758 "-" "Mozilla/5.0 (compatible; Barkrowler/0.9; +https://babbar.tech/crawler)"
45.117.177.72 - - [15/Sep/2025:19:00:58 +0700] "POST /wp-cron.php?doing_wp_cron=1757937657.7071220874786376953125 HTTP/1.0" 200 416 "-" "WordPress/6.8.1; https://vattusacky.vn"
217.113.194.81 - - [15/Sep/2025:19:00:56 +0700] "GET /enhance-your-dating-life-inside-the-new-year/ HTTP/1.0" 200 206661 "-" "Mozilla/5.0 (compatible; Barkrowler/0.9; +https://babbar.tech/crawler)"
45.117.177.72 - - [15/Sep/2025:19:01:29 +0700] "POST /wp-cron.php?doing_wp_cron=1757937689.2603139877319335937500 HTTP/1.0" 200 416 "-" "WordPress/6.8.1; https://vattusacky.vn"
154.54.249.200 - - [15/Sep/2025:19:01:27 +0700] "GET /how-long-is-trazodone-in-system/feed/ HTTP/1.0" 200 1692 "-" "Mozilla/5.0 (compatible; Barkrowler/0.9; +https://babbar.tech/crawler)"
