217.113.194.77 - - [15/Sep/2025:12:54:51 +0700] "GET /category/uncategorized/page/320/ HTTP/1.0" 200 76518 "-" "Mozilla/5.0 (compatible; Barkrowler/0.9; +https://babbar.tech/crawler)"
45.117.177.72 - - [15/Sep/2025:12:55:17 +0700] "POST /wp-cron.php?doing_wp_cron=1757915717.5660219192504882812500 HTTP/1.0" 200 416 "-" "WordPress/6.8.1; https://vattusacky.vn"
217.113.194.217 - - [15/Sep/2025:12:55:16 +0700] "GET /category/uncategorized/page/302/ HTTP/1.0" 200 75989 "-" "Mozilla/5.0 (compatible; Barkrowler/0.9; +https://babbar.tech/crawler)"
170.106.15.3 - - [15/Sep/2025:12:55:37 +0700] "GET /wp-json/oembed/1.0/embed?url=https%3A%2F%2Fvattusacky.vn%2Fthiet-bi-lay-mau-bui-pm10-pm2-5-phu-hop-thong-tu-24%2F HTTP/1.0" 200 3989 "-" "Mozilla/5.0 (iPhone; CPU iPhone OS 13_2_3 like Mac OS X) AppleWebKit/605.1.15 (KHTML, like Gecko) Version/13.0.3 Mobile/15E148 Safari/604.1"
217.113.194.74 - - [15/Sep/2025:12:55:44 +0700] "GET /category/uncategorized/page/74/ HTTP/1.0" 200 76603 "-" "Mozilla/5.0 (compatible; Barkrowler/0.9; +https://babbar.tech/crawler)"
217.113.194.74 - - [15/Sep/2025:12:56:14 +0700] "GET /category/uncategorized/page/346/ HTTP/1.0" 200 76536 "-" "Mozilla/5.0 (compatible; Barkrowler/0.9; +https://babbar.tech/crawler)"
45.117.177.72 - - [15/Sep/2025:12:56:46 +0700] "POST /wp-cron.php?doing_wp_cron=1757915805.8835330009460449218750 HTTP/1.0" 200 416 "-" "WordPress/6.8.1; https://vattusacky.vn"
217.113.194.218 - - [15/Sep/2025:12:56:44 +0700] "GET /category/uncategorized/page/268/ HTTP/1.0" 200 76016 "-" "Mozilla/5.0 (compatible; Barkrowler/0.9; +https://babbar.tech/crawler)"
217.113.194.81 - - [15/Sep/2025:12:57:12 +0700] "GET /category/uncategorized/page/254/ HTTP/1.0" 200 76599 "-" "Mozilla/5.0 (compatible; Barkrowler/0.9; +https://babbar.tech/crawler)"
185.191.171.6 - - [15/Sep/2025:12:57:13 +0700] "GET /author/yanz/page/394/ HTTP/1.0" 200 107841 "-" "Mozilla/5.0 (compatible; SemrushBot/7~bl; +http://www.semrush.com/bot.html)"
45.117.177.72 - - [15/Sep/2025:12:57:43 +0700] "POST /wp-cron.php?doing_wp_cron=1757915863.3378400802612304687500 HTTP/1.0" 200 416 "-" "WordPress/6.8.1; https://vattusacky.vn"
217.113.194.79 - - [15/Sep/2025:12:57:41 +0700] "GET /category/uncategorized/page/331/ HTTP/1.0" 200 76050 "-" "Mozilla/5.0 (compatible; Barkrowler/0.9; +https://babbar.tech/crawler)"
217.113.194.78 - - [15/Sep/2025:12:58:08 +0700] "GET /category/uncategorized/page/283/ HTTP/1.0" 200 77681 "-" "Mozilla/5.0 (compatible; Barkrowler/0.9; +https://babbar.tech/crawler)"
45.117.177.72 - - [15/Sep/2025:12:58:41 +0700] "POST /wp-cron.php?doing_wp_cron=1757915921.2737390995025634765625 HTTP/1.0" 200 416 "-" "WordPress/6.8.1; https://vattusacky.vn"
217.113.194.74 - - [15/Sep/2025:12:58:39 +0700] "GET /category/uncategorized/page/340/ HTTP/1.0" 200 76454 "-" "Mozilla/5.0 (compatible; Barkrowler/0.9; +https://babbar.tech/crawler)"
217.113.194.217 - - [15/Sep/2025:12:59:07 +0700] "GET /category/uncategorized/page/298/ HTTP/1.0" 200 74733 "-" "Mozilla/5.0 (compatible; Barkrowler/0.9; +https://babbar.tech/crawler)"
45.117.177.72 - - [15/Sep/2025:12:59:38 +0700] "POST /wp-cron.php?doing_wp_cron=1757915978.3265309333801269531250 HTTP/1.0" 200 416 "-" "WordPress/6.8.1; https://vattusacky.vn"
217.113.194.80 - - [15/Sep/2025:12:59:36 +0700] "GET /category/uncategorized/page/146/ HTTP/1.0" 200 76868 "-" "Mozilla/5.0 (compatible; Barkrowler/0.9; +https://babbar.tech/crawler)"
113.16.17.30 - - [15/Sep/2025:12:59:48 +0700] "POST /wp-comments-post.php HTTP/1.0" 200 3205 "-" "Mozilla/5.0 (Windows NT 10.0; Win64; x64) AppleWebKit/537.36 (KHTML, like Gecko) Chrome/108.0.0.0 Safari/537.36 Edg/108.0.1462.46"
217.113.194.81 - - [15/Sep/2025:13:00:01 +0700] "GET /category/uncategorized/page/230/ HTTP/1.0" 200 76562 "-" "Mozilla/5.0 (compatible; Barkrowler/0.9; +https://babbar.tech/crawler)"
45.117.177.72 - - [15/Sep/2025:13:00:29 +0700] "POST /wp-cron.php?doing_wp_cron=1757916029.0003750324249267578125 HTTP/1.0" 200 416 "-" "WordPress/6.8.1; https://vattusacky.vn"
217.113.194.76 - - [15/Sep/2025:13:00:27 +0700] "GET /category/uncategorized/page/335/ HTTP/1.0" 200 77441 "-" "Mozilla/5.0 (compatible; Barkrowler/0.9; +https://babbar.tech/crawler)"
217.113.194.217 - - [15/Sep/2025:13:00:52 +0700] "GET /category/uncategorized/page/326/ HTTP/1.0" 200 75947 "-" "Mozilla/5.0 (compatible; Barkrowler/0.9; +https://babbar.tech/crawler)"
45.117.177.72 - - [15/Sep/2025:13:01:17 +0700] "POST /wp-cron.php?doing_wp_cron=1757916077.6765320301055908203125 HTTP/1.0" 200 416 "-" "WordPress/6.8.1; https://vattusacky.vn"
217.113.194.79 - - [15/Sep/2025:13:01:16 +0700] "GET /category/uncategorized/page/345/ HTTP/1.0" 200 77563 "-" "Mozilla/5.0 (compatible; Barkrowler/0.9; +https://babbar.tech/crawler)"
217.113.194.217 - - [15/Sep/2025:13:01:38 +0700] "GET /category/uncategorized/page/234/ HTTP/1.0" 200 76240 "-" "Mozilla/5.0 (compatible; Barkrowler/0.9; +https://babbar.tech/crawler)"
217.113.194.73 - - [15/Sep/2025:13:02:03 +0700] "GET /category/uncategorized/page/255/ HTTP/1.0" 200 76809 "-" "Mozilla/5.0 (compatible; Barkrowler/0.9; +https://babbar.tech/crawler)"
45.117.177.72 - - [15/Sep/2025:13:02:30 +0700] "POST /wp-cron.php?doing_wp_cron=1757916150.1563720703125000000000 HTTP/1.0" 200 416 "-" "WordPress/6.8.1; https://vattusacky.vn"
217.113.194.73 - - [15/Sep/2025:13:02:28 +0700] "GET /category/uncategorized/page/233/ HTTP/1.0" 200 76945 "-" "Mozilla/5.0 (compatible; Barkrowler/0.9; +https://babbar.tech/crawler)"
217.113.194.75 - - [15/Sep/2025:13:02:52 +0700] "GET /category/uncategorized/page/236/ HTTP/1.0" 200 76886 "-" "Mozilla/5.0 (compatible; Barkrowler/0.9; +https://babbar.tech/crawler)"
45.138.16.89 - - [15/Sep/2025:13:03:05 +0700] "HEAD / HTTP/1.0" 200 137 "-" "python-requests/2.32.4"
45.117.177.72 - - [15/Sep/2025:13:03:19 +0700] "POST /wp-cron.php?doing_wp_cron=1757916199.0843200683593750000000 HTTP/1.0" 200 416 "-" "WordPress/6.8.1; https://vattusacky.vn"
45.138.16.89 - - [15/Sep/2025:13:03:12 +0700] "HEAD / HTTP/1.0" 200 137 "-" "python-requests/2.32.4"
217.113.194.218 - - [15/Sep/2025:13:03:16 +0700] "GET /category/uncategorized/page/212/ HTTP/1.0" 200 76408 "-" "Mozilla/5.0 (compatible; Barkrowler/0.9; +https://babbar.tech/crawler)"
217.113.194.81 - - [15/Sep/2025:13:03:42 +0700] "GET /category/uncategorized/page/193/ HTTP/1.0" 200 76624 "-" "Mozilla/5.0 (compatible; Barkrowler/0.9; +https://babbar.tech/crawler)"
217.113.194.80 - - [15/Sep/2025:13:04:09 +0700] "GET /category/uncategorized/page/223/ HTTP/1.0" 200 76851 "-" "Mozilla/5.0 (compatible; Barkrowler/0.9; +https://babbar.tech/crawler)"
45.117.177.72 - - [15/Sep/2025:13:04:42 +0700] "POST /wp-cron.php?doing_wp_cron=1757916281.5701138973236083984375 HTTP/1.0" 200 416 "-" "WordPress/6.8.1; https://vattusacky.vn"
217.113.194.79 - - [15/Sep/2025:13:04:36 +0700] "GET /category/uncategorized/page/217/ HTTP/1.0" 200 77120 "-" "Mozilla/5.0 (compatible; Barkrowler/0.9; +https://babbar.tech/crawler)"
217.113.194.77 - - [15/Sep/2025:13:05:04 +0700] "GET /category/uncategorized/page/292/ HTTP/1.0" 200 74822 "-" "Mozilla/5.0 (compatible; Barkrowler/0.9; +https://babbar.tech/crawler)"
45.117.177.72 - - [15/Sep/2025:13:05:37 +0700] "POST /wp-cron.php?doing_wp_cron=1757916337.3491139411926269531250 HTTP/1.0" 200 416 "-" "WordPress/6.8.1; https://vattusacky.vn"
217.113.194.74 - - [15/Sep/2025:13:05:33 +0700] "GET /category/uncategorized/page/276/ HTTP/1.0" 200 75057 "-" "Mozilla/5.0 (compatible; Barkrowler/0.9; +https://babbar.tech/crawler)"
217.113.194.74 - - [15/Sep/2025:13:05:59 +0700] "GET /category/uncategorized/page/277/ HTTP/1.0" 200 75272 "-" "Mozilla/5.0 (compatible; Barkrowler/0.9; +https://babbar.tech/crawler)"
45.117.177.72 - - [15/Sep/2025:13:06:25 +0700] "POST /wp-cron.php?doing_wp_cron=1757916385.4162139892578125000000 HTTP/1.0" 200 416 "-" "WordPress/6.8.1; https://vattusacky.vn"
43.166.247.155 - - [15/Sep/2025:13:06:20 +0700] "GET /?p=1062 HTTP/1.0" 301 642 "-" "Mozilla/5.0 (iPhone; CPU iPhone OS 13_2_3 like Mac OS X) AppleWebKit/605.1.15 (KHTML, like Gecko) Version/13.0.3 Mobile/15E148 Safari/604.1"
217.113.194.81 - - [15/Sep/2025:13:06:27 +0700] "GET /category/uncategorized/page/334/ HTTP/1.0" 200 76167 "-" "Mozilla/5.0 (compatible; Barkrowler/0.9; +https://babbar.tech/crawler)"
43.166.247.155 - - [15/Sep/2025:13:06:29 +0700] "GET /thiet-bi-lay-mau-bui-pm10-pm2-5-phu-hop-thong-tu-24/ HTTP/1.0" 200 214131 "https://vattusacky.vn/?p=1062" "Mozilla/5.0 (iPhone; CPU iPhone OS 13_2_3 like Mac OS X) AppleWebKit/605.1.15 (KHTML, like Gecko) Version/13.0.3 Mobile/15E148 Safari/604.1"
217.113.194.77 - - [15/Sep/2025:13:06:53 +0700] "GET /category/uncategorized/page/347/ HTTP/1.0" 200 76210 "-" "Mozilla/5.0 (compatible; Barkrowler/0.9; +https://babbar.tech/crawler)"
185.191.171.5 - - [15/Sep/2025:13:07:10 +0700] "GET /robots.txt HTTP/1.0" 200 984 "-" "Mozilla/5.0 (compatible; SemrushBot/7~bl; +http://www.semrush.com/bot.html)"
45.117.177.72 - - [15/Sep/2025:13:07:18 +0700] "POST /wp-cron.php?doing_wp_cron=1757916437.9292209148406982421875 HTTP/1.0" 200 416 "-" "WordPress/6.8.1; https://vattusacky.vn"
185.191.171.9 - - [15/Sep/2025:13:07:14 +0700] "GET /so-tien-co-the-la-mot-chuyen-tiep-khoang-https-vaysite-com-vay-tien-nhanh-mot-tram-trieu-thang-nay-sang-thang-khac/ HTTP/1.0" 200 209611 "-" "Mozilla/5.0 (compatible; SemrushBot/7~bl; +http://www.semrush.com/bot.html)"
217.113.194.78 - - [15/Sep/2025:13:07:19 +0700] "GET /category/uncategorized/page/261/ HTTP/1.0" 200 77528 "-" "Mozilla/5.0 (compatible; Barkrowler/0.9; +https://babbar.tech/crawler)"
217.113.194.74 - - [15/Sep/2025:13:07:44 +0700] "GET /category/uncategorized/page/265/ HTTP/1.0" 200 75909 "-" "Mozilla/5.0 (compatible; Barkrowler/0.9; +https://babbar.tech/crawler)"
185.137.235.119 - - [15/Sep/2025:13:07:51 +0700] "POST /xmlrpc.php HTTP/1.0" 200 954 "-" "Mozilla/5.0 (X11; Ubuntu; Linux x86_64; rv:85.0) Gecko/20100101 Firefox/91.0"
217.113.194.80 - - [15/Sep/2025:13:08:07 +0700] "GET /category/uncategorized/page/266/ HTTP/1.0" 200 76334 "-" "Mozilla/5.0 (compatible; Barkrowler/0.9; +https://babbar.tech/crawler)"
45.117.177.72 - - [15/Sep/2025:13:08:26 +0700] "POST /wp-cron.php?doing_wp_cron=1757916506.0054221153259277343750 HTTP/1.0" 200 416 "-" "WordPress/6.8.1; https://vattusacky.vn"
185.191.171.6 - - [15/Sep/2025:13:08:24 +0700] "GET /4005-2/ HTTP/1.0" 200 215828 "-" "Mozilla/5.0 (compatible; SemrushBot/7~bl; +http://www.semrush.com/bot.html)"
217.113.194.81 - - [15/Sep/2025:13:08:30 +0700] "GET /category/uncategorized/page/269/ HTTP/1.0" 200 76741 "-" "Mozilla/5.0 (compatible; Barkrowler/0.9; +https://babbar.tech/crawler)"
45.117.177.72 - - [15/Sep/2025:13:08:59 +0700] "POST /wp-cron.php?doing_wp_cron=1757916539.0045409202575683593750 HTTP/1.0" 200 416 "-" "WordPress/6.8.1; https://vattusacky.vn"
217.113.194.76 - - [15/Sep/2025:13:08:57 +0700] "GET /category/uncategorized/page/152/ HTTP/1.0" 200 75529 "-" "Mozilla/5.0 (compatible; Barkrowler/0.9; +https://babbar.tech/crawler)"
45.117.177.72 - - [15/Sep/2025:13:09:21 +0700] "POST /wp-cron.php?doing_wp_cron=1757916561.0476169586181640625000 HTTP/1.0" 200 416 "-" "WordPress/6.8.1; https://vattusacky.vn"
217.113.194.79 - - [15/Sep/2025:13:09:19 +0700] "GET /category/uncategorized/page/177/ HTTP/1.0" 200 76373 "-" "Mozilla/5.0 (compatible; Barkrowler/0.9; +https://babbar.tech/crawler)"
217.113.194.76 - - [15/Sep/2025:13:09:43 +0700] "GET /category/uncategorized/page/220/ HTTP/1.0" 200 76770 "-" "Mozilla/5.0 (compatible; Barkrowler/0.9; +https://babbar.tech/crawler)"
217.113.194.74 - - [15/Sep/2025:13:10:05 +0700] "GET /category/uncategorized/page/325/ HTTP/1.0" 200 76042 "-" "Mozilla/5.0 (compatible; Barkrowler/0.9; +https://babbar.tech/crawler)"
45.117.177.72 - - [15/Sep/2025:13:10:31 +0700] "POST /wp-cron.php?doing_wp_cron=1757916631.2973470687866210937500 HTTP/1.0" 200 416 "-" "WordPress/6.8.1; https://vattusacky.vn"
217.113.194.80 - - [15/Sep/2025:13:10:29 +0700] "GET /category/uncategorized/page/291/ HTTP/1.0" 200 75715 "-" "Mozilla/5.0 (compatible; Barkrowler/0.9; +https://babbar.tech/crawler)"
217.113.194.217 - - [15/Sep/2025:13:10:54 +0700] "GET /category/uncategorized/page/248/ HTTP/1.0" 200 76700 "-" "Mozilla/5.0 (compatible; Barkrowler/0.9; +https://babbar.tech/crawler)"
45.117.177.72 - - [15/Sep/2025:13:11:17 +0700] "POST /wp-cron.php?doing_wp_cron=1757916677.6304318904876708984375 HTTP/1.0" 200 416 "-" "WordPress/6.8.1; https://vattusacky.vn"
217.113.194.78 - - [15/Sep/2025:13:11:16 +0700] "GET /category/uncategorized/page/256/ HTTP/1.0" 200 74766 "-" "Mozilla/5.0 (compatible; Barkrowler/0.9; +https://babbar.tech/crawler)"
45.134.225.122 - - [15/Sep/2025:13:11:26 +0700] "GET /wp-includes/ID3/index.php HTTP/1.0" 301 672 "-" "Mozlila/5.0 (Linux; Android 7.0; SM-G892A Bulid/NRD90M; wv) AppleWebKit/537.36 (KHTML, like Gecko) Version/4.0 Chrome/60.0.3112.107 Moblie Safari/537.36"
45.134.225.122 - - [15/Sep/2025:13:11:31 +0700] "GET /wp-includes/ID3/ HTTP/1.0" 403 577 "-" "Mozlila/5.0 (Linux; Android 7.0; SM-G892A Bulid/NRD90M; wv) AppleWebKit/537.36 (KHTML, like Gecko) Version/4.0 Chrome/60.0.3112.107 Moblie Safari/537.36"
45.134.225.122 - - [15/Sep/2025:13:11:37 +0700] "GET /wp-content/plugins/index.php HTTP/1.0" 200 323 "-" "Mozlila/5.0 (Linux; Android 7.0; SM-G892A Bulid/NRD90M; wv) AppleWebKit/537.36 (KHTML, like Gecko) Version/4.0 Chrome/60.0.3112.107 Moblie Safari/537.36"
217.113.194.79 - - [15/Sep/2025:13:11:41 +0700] "GET /category/uncategorized/page/242/ HTTP/1.0" 200 77157 "-" "Mozilla/5.0 (compatible; Barkrowler/0.9; +https://babbar.tech/crawler)"
45.134.225.122 - - [15/Sep/2025:13:11:43 +0700] "GET /wp-admin/network/index.php HTTP/1.0" 302 738 "-" "Mozlila/5.0 (Linux; Android 7.0; SM-G892A Bulid/NRD90M; wv) AppleWebKit/537.36 (KHTML, like Gecko) Version/4.0 Chrome/60.0.3112.107 Moblie Safari/537.36"
45.134.225.122 - - [15/Sep/2025:13:11:48 +0700] "GET /wp-login.php?redirect_to=https%3A%2F%2Fvattusacky.vn%2Fwp-admin%2Fnetwork%2Findex.php&reauth=1 HTTP/1.0" 200 13429 "-" "Mozlila/5.0 (Linux; Android 7.0; SM-G892A Bulid/NRD90M; wv) AppleWebKit/537.36 (KHTML, like Gecko) Version/4.0 Chrome/60.0.3112.107 Moblie Safari/537.36"
45.134.225.122 - - [15/Sep/2025:13:12:02 +0700] "GET /wp-includes/IXR/index.php HTTP/1.0" 301 672 "-" "Mozlila/5.0 (Linux; Android 7.0; SM-G892A Bulid/NRD90M; wv) AppleWebKit/537.36 (KHTML, like Gecko) Version/4.0 Chrome/60.0.3112.107 Moblie Safari/537.36"
45.134.225.122 - - [15/Sep/2025:13:12:06 +0700] "GET /wp-includes/IXR/ HTTP/1.0" 403 577 "-" "Mozlila/5.0 (Linux; Android 7.0; SM-G892A Bulid/NRD90M; wv) AppleWebKit/537.36 (KHTML, like Gecko) Version/4.0 Chrome/60.0.3112.107 Moblie Safari/537.36"
217.113.194.81 - - [15/Sep/2025:13:12:08 +0700] "GET /category/uncategorized/page/288/ HTTP/1.0" 200 76269 "-" "Mozilla/5.0 (compatible; Barkrowler/0.9; +https://babbar.tech/crawler)"
45.134.225.122 - - [15/Sep/2025:13:12:11 +0700] "GET /wp-admin/images/index.php HTTP/1.0" 301 672 "-" "Mozlila/5.0 (Linux; Android 7.0; SM-G892A Bulid/NRD90M; wv) AppleWebKit/537.36 (KHTML, like Gecko) Version/4.0 Chrome/60.0.3112.107 Moblie Safari/537.36"
45.134.225.122 - - [15/Sep/2025:13:12:16 +0700] "GET /wp-admin/images/ HTTP/1.0" 403 577 "-" "Mozlila/5.0 (Linux; Android 7.0; SM-G892A Bulid/NRD90M; wv) AppleWebKit/537.36 (KHTML, like Gecko) Version/4.0 Chrome/60.0.3112.107 Moblie Safari/537.36"
45.117.177.72 - - [15/Sep/2025:13:12:23 +0700] "POST /wp-cron.php?doing_wp_cron=1757916743.7499239444732666015625 HTTP/1.0" 200 416 "-" "WordPress/6.8.1; https://vattusacky.vn"
45.134.225.122 - - [15/Sep/2025:13:12:22 +0700] "GET /wp-login.php HTTP/1.0" 200 11388 "-" "Mozlila/5.0 (Linux; Android 7.0; SM-G892A Bulid/NRD90M; wv) AppleWebKit/537.36 (KHTML, like Gecko) Version/4.0 Chrome/60.0.3112.107 Moblie Safari/537.36"
45.134.225.122 - - [15/Sep/2025:13:12:30 +0700] "GET /wp-content/plugins/admin.php HTTP/1.0" 404 70813 "-" "Mozlila/5.0 (Linux; Android 7.0; SM-G892A Bulid/NRD90M; wv) AppleWebKit/537.36 (KHTML, like Gecko) Version/4.0 Chrome/60.0.3112.107 Moblie Safari/537.36"
217.113.194.81 - - [15/Sep/2025:13:12:32 +0700] "GET /category/uncategorized/page/315/ HTTP/1.0" 200 75718 "-" "Mozilla/5.0 (compatible; Barkrowler/0.9; +https://babbar.tech/crawler)"
45.134.225.122 - - [15/Sep/2025:13:12:38 +0700] "GET /xmlrpc.php HTTP/1.0" 405 600 "-" "Mozlila/5.0 (Linux; Android 7.0; SM-G892A Bulid/NRD90M; wv) AppleWebKit/537.36 (KHTML, like Gecko) Version/4.0 Chrome/60.0.3112.107 Moblie Safari/537.36"
45.134.225.122 - - [15/Sep/2025:13:12:45 +0700] "GET /wp-admin.php HTTP/1.0" 403 573 "-" "Mozlila/5.0 (Linux; Android 7.0; SM-G892A Bulid/NRD90M; wv) AppleWebKit/537.36 (KHTML, like Gecko) Version/4.0 Chrome/60.0.3112.107 Moblie Safari/537.36"
45.134.225.122 - - [15/Sep/2025:13:12:51 +0700] "GET /wp-content/plugins/Core-Econ/upH.php HTTP/1.0" 404 70813 "-" "Mozlila/5.0 (Linux; Android 7.0; SM-G892A Bulid/NRD90M; wv) AppleWebKit/537.36 (KHTML, like Gecko) Version/4.0 Chrome/60.0.3112.107 Moblie Safari/537.36"
217.113.194.74 - - [15/Sep/2025:13:12:56 +0700] "GET /category/uncategorized/page/299/ HTTP/1.0" 200 75834 "-" "Mozilla/5.0 (compatible; Barkrowler/0.9; +https://babbar.tech/crawler)"
45.134.225.122 - - [15/Sep/2025:13:13:00 +0700] "GET /wp-content/plugins/fix/up.php HTTP/1.0" 404 70813 "-" "Mozlila/5.0 (Linux; Android 7.0; SM-G892A Bulid/NRD90M; wv) AppleWebKit/537.36 (KHTML, like Gecko) Version/4.0 Chrome/60.0.3112.107 Moblie Safari/537.36"
45.134.225.122 - - [15/Sep/2025:13:13:08 +0700] "GET /wp-content/plugins/pwnd/pwnd.php HTTP/1.0" 404 70813 "-" "Mozlila/5.0 (Linux; Android 7.0; SM-G892A Bulid/NRD90M; wv) AppleWebKit/537.36 (KHTML, like Gecko) Version/4.0 Chrome/60.0.3112.107 Moblie Safari/537.36"
45.117.177.72 - - [15/Sep/2025:13:13:19 +0700] "POST /wp-cron.php?doing_wp_cron=1757916799.5731229782104492187500 HTTP/1.0" 200 416 "-" "WordPress/6.8.1; https://vattusacky.vn"
45.134.225.122 - - [15/Sep/2025:13:13:18 +0700] "GET /wp-content/plugins/shell/noimg.php HTTP/1.0" 404 70813 "-" "Mozlila/5.0 (Linux; Android 7.0; SM-G892A Bulid/NRD90M; wv) AppleWebKit/537.36 (KHTML, like Gecko) Version/4.0 Chrome/60.0.3112.107 Moblie Safari/537.36"
217.113.194.78 - - [15/Sep/2025:13:13:21 +0700] "GET /category/uncategorized/page/309/ HTTP/1.0" 200 76415 "-" "Mozilla/5.0 (compatible; Barkrowler/0.9; +https://babbar.tech/crawler)"
45.134.225.122 - - [15/Sep/2025:13:13:27 +0700] "GET /WSOEnigma.php HTTP/1.0" 403 574 "-" "Mozlila/5.0 (Linux; Android 7.0; SM-G892A Bulid/NRD90M; wv) AppleWebKit/537.36 (KHTML, like Gecko) Version/4.0 Chrome/60.0.3112.107 Moblie Safari/537.36"
45.134.225.122 - - [15/Sep/2025:13:13:34 +0700] "GET /wp-content/plugins/pwnd-1/pwnd.php HTTP/1.0" 404 70813 "-" "Mozlila/5.0 (Linux; Android 7.0; SM-G892A Bulid/NRD90M; wv) AppleWebKit/537.36 (KHTML, like Gecko) Version/4.0 Chrome/60.0.3112.107 Moblie Safari/537.36"
45.134.225.122 - - [15/Sep/2025:13:13:43 +0700] "GET /wp-content/plugins/dummyyummy/wp-signup.php HTTP/1.0" 404 70813 "-" "Mozlila/5.0 (Linux; Android 7.0; SM-G892A Bulid/NRD90M; wv) AppleWebKit/537.36 (KHTML, like Gecko) Version/4.0 Chrome/60.0.3112.107 Moblie Safari/537.36"
217.113.194.74 - - [15/Sep/2025:13:13:47 +0700] "GET /category/uncategorized/page/257/ HTTP/1.0" 200 74289 "-" "Mozilla/5.0 (compatible; Barkrowler/0.9; +https://babbar.tech/crawler)"
45.134.225.122 - - [15/Sep/2025:13:13:52 +0700] "GET /wp-content/plugins/clara/clara.php HTTP/1.0" 404 70813 "-" "Mozlila/5.0 (Linux; Android 7.0; SM-G892A Bulid/NRD90M; wv) AppleWebKit/537.36 (KHTML, like Gecko) Version/4.0 Chrome/60.0.3112.107 Moblie Safari/537.36"
185.191.171.1 - - [15/Sep/2025:13:13:57 +0700] "GET /vr-bank-oberfranken-mitte-eg-vr-bank-oberfranken/ HTTP/1.0" 200 108101 "-" "Mozilla/5.0 (compatible; SemrushBot/7~bl; +http://www.semrush.com/bot.html)"
34.231.181.240 - - [15/Sep/2025:13:13:57 +0700] "GET /san-pham/thiet-bi-do-gamma-va-beta-thoi-gian-thuc/ HTTP/1.0" 200 247277 "-" "Mozilla/5.0 AppleWebKit/537.36 (KHTML, like Gecko; compatible; Amazonbot/0.1; +https://developer.amazon.com/support/amazonbot) Chrome/119.0.6045.214 Safari/537.36"
3.93.98.99 - - [15/Sep/2025:13:13:58 +0700] "GET /san-pham/thiet-bi-lay-mau-bun-tram-tich-tang-sau-kieu-gau-van-veen/ HTTP/1.0" 200 108507 "-" "Mozilla/5.0 AppleWebKit/537.36 (KHTML, like Gecko; compatible; Amazonbot/0.1; +https://developer.amazon.com/support/amazonbot) Chrome/119.0.6045.214 Safari/537.36"
217.113.194.76 - - [15/Sep/2025:13:14:10 +0700] "GET /category/uncategorized/page/207/ HTTP/1.0" 200 76730 "-" "Mozilla/5.0 (compatible; Barkrowler/0.9; +https://babbar.tech/crawler)"
45.117.177.72 - - [15/Sep/2025:13:14:34 +0700] "POST /wp-cron.php?doing_wp_cron=1757916873.9102699756622314453125 HTTP/1.0" 200 416 "-" "WordPress/6.8.1; https://vattusacky.vn"
217.113.194.76 - - [15/Sep/2025:13:14:32 +0700] "GET /category/uncategorized/page/208/ HTTP/1.0" 200 76608 "-" "Mozilla/5.0 (compatible; Barkrowler/0.9; +https://babbar.tech/crawler)"
217.113.194.80 - - [15/Sep/2025:13:14:54 +0700] "GET /category/uncategorized/page/206/ HTTP/1.0" 200 77115 "-" "Mozilla/5.0 (compatible; Barkrowler/0.9; +https://babbar.tech/crawler)"
43.167.157.80 - - [15/Sep/2025:13:14:54 +0700] "GET /quantracnuocthai/ HTTP/1.0" 200 244309 "-" "Mozilla/5.0 (iPhone; CPU iPhone OS 13_2_3 like Mac OS X) AppleWebKit/605.1.15 (KHTML, like Gecko) Version/13.0.3 Mobile/15E148 Safari/604.1"
51.68.32.135 - - [15/Sep/2025:13:15:03 +0700] "GET /robots.txt HTTP/1.0" 200 984 "-" "Mozilla/5.0 (compatible; MJ12bot/v1.4.8; http://mj12bot.com/)"
51.68.32.135 - - [15/Sep/2025:13:15:07 +0700] "GET /san-pham/thiet-bi-lay-mau-bui-pm10-pm2-5-pm1-0-1-0-%C3%B7-3-5-m3h/ HTTP/1.0" 200 512605 "-" "Mozilla/5.0 (compatible; MJ12bot/v1.4.8; http://mj12bot.com/)"
51.68.32.135 - - [15/Sep/2025:13:15:11 +0700] "GET /san-pham/thiet-bi-lay-mau-bui-pm10-pm2-5-pm1-0-1-0-%C3%B7-3-5-m3h-2/ HTTP/1.0" 200 512088 "-" "Mozilla/5.0 (compatible; MJ12bot/v1.4.8; http://mj12bot.com/)"
45.117.177.72 - - [15/Sep/2025:13:15:20 +0700] "POST /wp-cron.php?doing_wp_cron=1757916920.3261609077453613281250 HTTP/1.0" 200 416 "-" "WordPress/6.8.1; https://vattusacky.vn"
217.113.194.80 - - [15/Sep/2025:13:15:19 +0700] "GET /category/asiasloty-org/ HTTP/1.0" 200 60419 "-" "Mozilla/5.0 (compatible; Barkrowler/0.9; +https://babbar.tech/crawler)"
217.113.194.75 - - [15/Sep/2025:13:15:42 +0700] "GET /category/asian-brides/feed/ HTTP/1.0" 200 16991 "-" "Mozilla/5.0 (compatible; Barkrowler/0.9; +https://babbar.tech/crawler)"
217.113.194.75 - - [15/Sep/2025:13:16:03 +0700] "GET /san-pham/1712/ HTTP/1.0" 200 94366 "-" "Mozilla/5.0 (compatible; Barkrowler/0.9; +https://babbar.tech/crawler)"
45.117.177.72 - - [15/Sep/2025:13:16:31 +0700] "POST /wp-cron.php?doing_wp_cron=1757916990.7772600650787353515625 HTTP/1.0" 200 416 "-" "WordPress/6.8.1; https://vattusacky.vn"
154.54.249.200 - - [15/Sep/2025:13:16:29 +0700] "GET /san-pham/1664/ HTTP/1.0" 200 105453 "-" "Mozilla/5.0 (compatible; Barkrowler/0.9; +https://babbar.tech/crawler)"
85.208.96.196 - - [15/Sep/2025:13:16:34 +0700] "GET /how-you-can-impress-a-country-boy/ HTTP/1.0" 200 207368 "-" "Mozilla/5.0 (compatible; SemrushBot/7~bl; +http://www.semrush.com/bot.html)"
217.113.194.80 - - [15/Sep/2025:13:16:52 +0700] "GET /robots.txt HTTP/1.0" 200 984 "-" "Mozilla/5.0 (compatible; Barkrowler/0.9; +https://babbar.tech/crawler)"
45.117.177.72 - - [15/Sep/2025:13:17:20 +0700] "POST /wp-cron.php?doing_wp_cron=1757917039.7941889762878417968750 HTTP/1.0" 200 416 "-" "WordPress/6.8.1; https://vattusacky.vn"
45.131.155.101 - - [15/Sep/2025:13:17:09 +0700] "GET / HTTP/1.0" 503 8085 "-" "Mozilla/5.0 (X11; CrOS x86_64 14541.0.0) AppleWebKit/537.36 (KHTML, like Gecko) Chrome/114.0.0.0 Safari/537.36"
217.113.194.217 - - [15/Sep/2025:13:17:13 +0700] "GET /tag/epa-method-5/feed/ HTTP/1.0" 200 156574 "-" "Mozilla/5.0 (compatible; Barkrowler/0.9; +https://babbar.tech/crawler)"
217.113.194.217 - - [15/Sep/2025:13:17:44 +0700] "GET /tag/mostbet-tr/feed/ HTTP/1.0" 200 289477 "-" "Mozilla/5.0 (compatible; Barkrowler/0.9; +https://babbar.tech/crawler)"
45.117.177.72 - - [15/Sep/2025:13:18:17 +0700] "POST /wp-cron.php?doing_wp_cron=1757917097.2328450679779052734375 HTTP/1.0" 200 416 "-" "WordPress/6.8.1; https://vattusacky.vn"
217.113.194.80 - - [15/Sep/2025:13:18:15 +0700] "GET /tag/1xbet-ar/feed/ HTTP/1.0" 200 87571 "-" "Mozilla/5.0 (compatible; Barkrowler/0.9; +https://babbar.tech/crawler)"
85.208.96.197 - - [15/Sep/2025:13:18:35 +0700] "GET /balancing-privacy-on-omegle-sharing-personal-information-responsibly/ HTTP/1.0" 200 88186 "-" "Mozilla/5.0 (compatible; SemrushBot/7~bl; +http://www.semrush.com/bot.html)"
217.113.194.75 - - [15/Sep/2025:13:18:40 +0700] "GET /tag/1xbet-az/ HTTP/1.0" 200 75619 "-" "Mozilla/5.0 (compatible; Barkrowler/0.9; +https://babbar.tech/crawler)"
154.54.249.200 - - [15/Sep/2025:13:19:02 +0700] "GET /tag/vulkan-vegas-de/feed/ HTTP/1.0" 200 78123 "-" "Mozilla/5.0 (compatible; Barkrowler/0.9; +https://babbar.tech/crawler)"
45.117.177.72 - - [15/Sep/2025:13:19:26 +0700] "POST /wp-cron.php?doing_wp_cron=1757917166.5366060733795166015625 HTTP/1.0" 200 416 "-" "WordPress/6.8.1; https://vattusacky.vn"
217.113.194.77 - - [15/Sep/2025:13:19:25 +0700] "GET /tag/rans4d-login/feed/ HTTP/1.0" 200 6064 "-" "Mozilla/5.0 (compatible; Barkrowler/0.9; +https://babbar.tech/crawler)"
194.42.196.29 - - [15/Sep/2025:13:19:26 +0700] "GET /V%E1%BA%ACT%20T%C6%AF%20S%E1%BA%AEC%20K%C3%9D HTTP/1.0" 301 709 "-" "Mozilla/5.0 (Windows NT 10.0; Win64; x64) AppleWebKit/537.36 (KHTML, like Gecko) Chrome/135.0.0.0 Safari/537.36"
194.42.196.29 - - [15/Sep/2025:13:19:28 +0700] "GET /V%E1%BA%ACT%20T%C6%AF%20S%E1%BA%AEC%20K%C3%9D HTTP/1.0" 404 70812 "https://www.vattusacky.vn/V%E1%BA%ACT%20T%C6%AF%20S%E1%BA%AEC%20K%C3%9D" "Mozilla/5.0 (Windows NT 10.0; Win64; x64) AppleWebKit/537.36 (KHTML, like Gecko) Chrome/135.0.0.0 Safari/537.36"
217.113.194.75 - - [15/Sep/2025:13:19:47 +0700] "GET /betwinner-4816/feed/ HTTP/1.0" 200 1634 "-" "Mozilla/5.0 (compatible; Barkrowler/0.9; +https://babbar.tech/crawler)"
217.113.194.217 - - [15/Sep/2025:13:20:06 +0700] "GET /betwinner-4403-2/ HTTP/1.0" 200 78768 "-" "Mozilla/5.0 (compatible; Barkrowler/0.9; +https://babbar.tech/crawler)"
45.117.177.72 - - [15/Sep/2025:13:20:35 +0700] "POST /wp-cron.php?doing_wp_cron=1757917234.8164720535278320312500 HTTP/1.0" 200 416 "-" "WordPress/6.8.1; https://vattusacky.vn"
217.113.194.77 - - [15/Sep/2025:13:20:33 +0700] "GET /betwinner-4403/feed/ HTTP/1.0" 200 1634 "-" "Mozilla/5.0 (compatible; Barkrowler/0.9; +https://babbar.tech/crawler)"
217.113.194.75 - - [15/Sep/2025:13:20:56 +0700] "GET /betwinner-2672/feed/ HTTP/1.0" 200 1634 "-" "Mozilla/5.0 (compatible; Barkrowler/0.9; +https://babbar.tech/crawler)"
45.117.177.72 - - [15/Sep/2025:13:21:20 +0700] "POST /wp-cron.php?doing_wp_cron=1757917279.7696049213409423828125 HTTP/1.0" 200 416 "-" "WordPress/6.8.1; https://vattusacky.vn"
154.54.249.200 - - [15/Sep/2025:13:21:18 +0700] "GET /betwinner-271/feed/ HTTP/1.0" 200 1632 "-" "Mozilla/5.0 (compatible; Barkrowler/0.9; +https://babbar.tech/crawler)"
217.113.194.75 - - [15/Sep/2025:13:21:39 +0700] "GET /betwinner-763/feed/ HTTP/1.0" 200 1632 "-" "Mozilla/5.0 (compatible; Barkrowler/0.9; +https://babbar.tech/crawler)"
185.191.171.8 - - [15/Sep/2025:13:21:47 +0700] "GET /mostbet-casino-shirokij-vybor-igrovyh-slotov-2/ HTTP/1.0" 200 95295 "-" "Mozilla/5.0 (compatible; SemrushBot/7~bl; +http://www.semrush.com/bot.html)"
217.113.194.75 - - [15/Sep/2025:13:21:59 +0700] "GET /betwinner-314/feed/ HTTP/1.0" 200 1632 "-" "Mozilla/5.0 (compatible; Barkrowler/0.9; +https://babbar.tech/crawler)"
45.117.177.72 - - [15/Sep/2025:13:22:22 +0700] "POST /wp-cron.php?doing_wp_cron=1757917342.1558070182800292968750 HTTP/1.0" 200 416 "-" "WordPress/6.8.1; https://vattusacky.vn"
217.113.194.79 - - [15/Sep/2025:13:22:20 +0700] "GET /betwinner-2256/feed/ HTTP/1.0" 200 1634 "-" "Mozilla/5.0 (compatible; Barkrowler/0.9; +https://babbar.tech/crawler)"
217.113.194.72 - - [15/Sep/2025:13:22:41 +0700] "GET /betwinner-271-2/ HTTP/1.0" 200 78631 "-" "Mozilla/5.0 (compatible; Barkrowler/0.9; +https://babbar.tech/crawler)"
217.113.194.75 - - [15/Sep/2025:13:23:05 +0700] "GET /betwinner-1351/feed/ HTTP/1.0" 200 1634 "-" "Mozilla/5.0 (compatible; Barkrowler/0.9; +https://babbar.tech/crawler)"
45.117.177.72 - - [15/Sep/2025:13:23:28 +0700] "POST /wp-cron.php?doing_wp_cron=1757917408.2063438892364501953125 HTTP/1.0" 200 416 "-" "WordPress/6.8.1; https://vattusacky.vn"
154.54.249.200 - - [15/Sep/2025:13:23:26 +0700] "GET /betwinner-3903/feed/ HTTP/1.0" 200 1634 "-" "Mozilla/5.0 (compatible; Barkrowler/0.9; +https://babbar.tech/crawler)"
217.113.194.75 - - [15/Sep/2025:13:23:47 +0700] "GET /betwinner-3270/feed/ HTTP/1.0" 200 1634 "-" "Mozilla/5.0 (compatible; Barkrowler/0.9; +https://babbar.tech/crawler)"
217.113.194.77 - - [15/Sep/2025:13:24:08 +0700] "GET /betwinner-1614/feed/ HTTP/1.0" 200 1634 "-" "Mozilla/5.0 (compatible; Barkrowler/0.9; +https://babbar.tech/crawler)"
45.117.177.72 - - [15/Sep/2025:13:24:21 +0700] "POST /wp-cron.php?doing_wp_cron=1757917461.5942230224609375000000 HTTP/1.0" 200 416 "-" "WordPress/6.8.1; https://vattusacky.vn"
15.235.98.43 - - [15/Sep/2025:13:24:20 +0700] "GET /sitemap_index.xml HTTP/1.0" 200 2426 "-" "Mozilla/5.0 (compatible; AhrefsBot/7.0; +http://ahrefs.com/robot/)"
54.39.210.133 - - [15/Sep/2025:13:24:23 +0700] "GET /post-sitemap.xml HTTP/1.0" 500 3278 "-" "Mozilla/5.0 (compatible; AhrefsBot/7.0; +http://ahrefs.com/robot/)"
217.113.194.73 - - [15/Sep/2025:13:24:30 +0700] "GET /betwinner-1936/feed/ HTTP/1.0" 200 1634 "-" "Mozilla/5.0 (compatible; Barkrowler/0.9; +https://babbar.tech/crawler)"
142.44.220.128 - - [15/Sep/2025:13:24:31 +0700] "GET /post-sitemap2.xml HTTP/1.0" 200 158032 "-" "Mozilla/5.0 (compatible; AhrefsBot/7.0; +http://ahrefs.com/robot/)"
15.235.98.28 - - [15/Sep/2025:13:24:40 +0700] "GET /post-sitemap3.xml HTTP/1.0" 200 155802 "-" "Mozilla/5.0 (compatible; AhrefsBot/7.0; +http://ahrefs.com/robot/)"
54.39.0.18 - - [15/Sep/2025:13:24:45 +0700] "GET /post-sitemap4.xml HTTP/1.0" 200 157863 "-" "Mozilla/5.0 (compatible; AhrefsBot/7.0; +http://ahrefs.com/robot/)"
217.113.194.73 - - [15/Sep/2025:13:24:51 +0700] "GET /the/rung-dong/feed/ HTTP/1.0" 200 292455 "-" "Mozilla/5.0 (compatible; Barkrowler/0.9; +https://babbar.tech/crawler)"
51.161.37.246 - - [15/Sep/2025:13:24:50 +0700] "GET /post-sitemap5.xml HTTP/1.0" 200 159938 "-" "Mozilla/5.0 (compatible; AhrefsBot/7.0; +http://ahrefs.com/robot/)"
51.161.65.100 - - [15/Sep/2025:13:24:55 +0700] "GET /post-sitemap6.xml HTTP/1.0" 200 42210 "-" "Mozilla/5.0 (compatible; AhrefsBot/7.0; +http://ahrefs.com/robot/)"
148.113.128.70 - - [15/Sep/2025:13:24:59 +0700] "GET /page-sitemap.xml HTTP/1.0" 200 1873 "-" "Mozilla/5.0 (compatible; AhrefsBot/7.0; +http://ahrefs.com/robot/)"
54.39.6.47 - - [15/Sep/2025:13:25:02 +0700] "GET /attachment-sitemap.xml HTTP/1.0" 200 72345 "-" "Mozilla/5.0 (compatible; AhrefsBot/7.0; +http://ahrefs.com/robot/)"
54.39.136.44 - - [15/Sep/2025:13:25:11 +0700] "GET /product-sitemap.xml HTTP/1.0" 200 51048 "-" "Mozilla/5.0 (compatible; AhrefsBot/7.0; +http://ahrefs.com/robot/)"
45.117.177.72 - - [15/Sep/2025:13:25:20 +0700] "POST /wp-cron.php?doing_wp_cron=1757917520.3226320743560791015625 HTTP/1.0" 200 416 "-" "WordPress/6.8.1; https://vattusacky.vn"
142.44.220.118 - - [15/Sep/2025:13:25:18 +0700] "GET /category-sitemap.xml HTTP/1.0" 200 24564 "-" "Mozilla/5.0 (compatible; AhrefsBot/7.0; +http://ahrefs.com/robot/)"
54.39.210.192 - - [15/Sep/2025:13:25:22 +0700] "GET /post_tag-sitemap.xml HTTP/1.0" 200 12903 "-" "Mozilla/5.0 (compatible; AhrefsBot/7.0; +http://ahrefs.com/robot/)"
15.235.98.14 - - [15/Sep/2025:13:25:26 +0700] "GET /product_cat-sitemap.xml HTTP/1.0" 200 8595 "-" "Mozilla/5.0 (compatible; AhrefsBot/7.0; +http://ahrefs.com/robot/)"
217.113.194.75 - - [15/Sep/2025:13:25:30 +0700] "GET /the/giay-loc/feed/ HTTP/1.0" 200 146643 "-" "Mozilla/5.0 (compatible; Barkrowler/0.9; +https://babbar.tech/crawler)"
54.39.203.247 - - [15/Sep/2025:13:25:30 +0700] "GET /product_tag-sitemap.xml HTTP/1.0" 200 28520 "-" "Mozilla/5.0 (compatible; AhrefsBot/7.0; +http://ahrefs.com/robot/)"
217.113.194.75 - - [15/Sep/2025:13:25:58 +0700] "GET /the/may-do-toc/feed/ HTTP/1.0" 200 307867 "-" "Mozilla/5.0 (compatible; Barkrowler/0.9; +https://babbar.tech/crawler)"
45.117.177.72 - - [15/Sep/2025:13:26:38 +0700] "POST /wp-cron.php?doing_wp_cron=1757917598.1281750202178955078125 HTTP/1.0" 200 416 "-" "WordPress/6.8.1; https://vattusacky.vn"
217.113.194.75 - - [15/Sep/2025:13:26:36 +0700] "GET /the/do-do-duc/feed/ HTTP/1.0" 200 151556 "-" "Mozilla/5.0 (compatible; Barkrowler/0.9; +https://babbar.tech/crawler)"
43.165.189.206 - - [15/Sep/2025:13:26:54 +0700] "GET /?p=1076 HTTP/1.0" 301 662 "-" "Mozilla/5.0 (iPhone; CPU iPhone OS 13_2_3 like Mac OS X) AppleWebKit/605.1.15 (KHTML, like Gecko) Version/13.0.3 Mobile/15E148 Safari/604.1"
43.165.189.206 - - [15/Sep/2025:13:26:59 +0700] "GET /thiet-bi-lay-mau-bui-pm10-pm2-5-xung-quanh-dong-thoi-model-ipm-fds-2510/ HTTP/1.0" 200 220375 "https://vattusacky.vn/?p=1076" "Mozilla/5.0 (iPhone; CPU iPhone OS 13_2_3 like Mac OS X) AppleWebKit/605.1.15 (KHTML, like Gecko) Version/13.0.3 Mobile/15E148 Safari/604.1"
217.113.194.78 - - [15/Sep/2025:13:27:08 +0700] "GET /the/do-ozone/feed/ HTTP/1.0" 200 147168 "-" "Mozilla/5.0 (compatible; Barkrowler/0.9; +https://babbar.tech/crawler)"
45.117.177.72 - - [15/Sep/2025:13:27:36 +0700] "POST /wp-cron.php?doing_wp_cron=1757917656.6658420562744140625000 HTTP/1.0" 200 416 "-" "WordPress/6.8.1; https://vattusacky.vn"
217.113.194.77 - - [15/Sep/2025:13:27:35 +0700] "GET /the/do-nuoc/feed/ HTTP/1.0" 200 167763 "-" "Mozilla/5.0 (compatible; Barkrowler/0.9; +https://babbar.tech/crawler)"
217.113.194.217 - - [15/Sep/2025:13:28:07 +0700] "GET /the/do-quang/feed/ HTTP/1.0" 200 151533 "-" "Mozilla/5.0 (compatible; Barkrowler/0.9; +https://babbar.tech/crawler)"
45.117.177.72 - - [15/Sep/2025:13:28:41 +0700] "POST /wp-cron.php?doing_wp_cron=1757917720.6391990184783935546875 HTTP/1.0" 200 416 "-" "WordPress/6.8.1; https://vattusacky.vn"
217.113.194.217 - - [15/Sep/2025:13:28:37 +0700] "GET /the/thu-mau/feed/ HTTP/1.0" 200 300773 "-" "Mozilla/5.0 (compatible; Barkrowler/0.9; +https://babbar.tech/crawler)"
85.208.96.200 - - [15/Sep/2025:13:28:40 +0700] "GET /san-pham/may-do-oxy-hoa-tan-aquashock-chuan-ip67-850046k/ HTTP/1.0" 200 162243 "-" "Mozilla/5.0 (compatible; SemrushBot/7~bl; +http://www.semrush.com/bot.html)"
45.117.177.72 - - [15/Sep/2025:13:29:25 +0700] "POST /wp-cron.php?doing_wp_cron=1757917764.9811298847198486328125 HTTP/1.0" 200 416 "-" "WordPress/6.8.1; https://vattusacky.vn"
217.113.194.81 - - [15/Sep/2025:13:29:23 +0700] "GET /the/ammonium/feed/ HTTP/1.0" 200 146388 "-" "Mozilla/5.0 (compatible; Barkrowler/0.9; +https://babbar.tech/crawler)"
217.113.194.81 - - [15/Sep/2025:13:29:49 +0700] "GET /22bet-india-27/ HTTP/1.0" 200 107008 "-" "Mozilla/5.0 (compatible; Barkrowler/0.9; +https://babbar.tech/crawler)"
216.244.66.237 - - [15/Sep/2025:13:30:10 +0700] "GET /robots.txt HTTP/1.0" 200 984 "-" "Mozilla/5.0 (compatible; DotBot/1.2; +https://opensiteexplorer.org/dotbot; help@moz.com)"
217.113.194.81 - - [15/Sep/2025:13:30:12 +0700] "GET /solo-latin-girls-dating/ HTTP/1.0" 200 208011 "-" "Mozilla/5.0 (compatible; Barkrowler/0.9; +https://babbar.tech/crawler)"
159.138.100.243 - - [15/Sep/2025:13:30:12 +0700] "GET /free-slot-machines-get-the-top-known-slots-online/ HTTP/1.0" 200 208469 "https://vattusacky.vn/free-slot-machines-get-the-top-known-slots-online/" "Mozilla/5.0 (Windows NT 10.0; Win64; x64) AppleWebKit/537.36 (KHTML, like Gecko) Chrome/101.0.4951.64 Safari/537.36 Edg/101.0.1210.47"
45.117.177.72 - - [15/Sep/2025:13:30:41 +0700] "POST /wp-cron.php?doing_wp_cron=1757917841.4236850738525390625000 HTTP/1.0" 200 416 "-" "WordPress/6.8.1; https://vattusacky.vn"
217.113.194.76 - - [15/Sep/2025:13:30:39 +0700] "GET /ways-to-date-successfully/ HTTP/1.0" 200 206226 "-" "Mozilla/5.0 (compatible; Barkrowler/0.9; +https://babbar.tech/crawler)"
217.113.194.75 - - [15/Sep/2025:13:31:10 +0700] "GET /cheap-alternative-for-viagra/feed/ HTTP/1.0" 200 1681 "-" "Mozilla/5.0 (compatible; Barkrowler/0.9; +https://babbar.tech/crawler)"
45.117.177.72 - - [15/Sep/2025:13:31:26 +0700] "POST /wp-cron.php?doing_wp_cron=1757917886.6507370471954345703125 HTTP/1.0" 200 416 "-" "WordPress/6.8.1; https://vattusacky.vn"
185.191.171.3 - - [15/Sep/2025:13:31:25 +0700] "GET /the-very-best-antivirus-for-iphone/ HTTP/1.0" 200 205407 "-" "Mozilla/5.0 (compatible; SemrushBot/7~bl; +http://www.semrush.com/bot.html)"
217.113.194.81 - - [15/Sep/2025:13:31:33 +0700] "GET /hacked-by-babyclown/feed/ HTTP/1.0" 200 1654 "-" "Mozilla/5.0 (compatible; Barkrowler/0.9; +https://babbar.tech/crawler)"
216.244.66.237 - - [15/Sep/2025:13:31:34 +0700] "GET /omegle-and-the-impact-on-online-communities/ HTTP/1.0" 200 90258 "-" "Mozilla/5.0 (compatible; DotBot/1.2; +https://opensiteexplorer.org/dotbot; help@moz.com)"
217.113.194.217 - - [15/Sep/2025:13:31:55 +0700] "GET /hacked-by-babyclown/ HTTP/1.0" 200 203074 "-" "Mozilla/5.0 (compatible; Barkrowler/0.9; +https://babbar.tech/crawler)"
45.117.177.72 - - [15/Sep/2025:13:32:26 +0700] "POST /wp-cron.php?doing_wp_cron=1757917946.7036340236663818359375 HTTP/1.0" 200 416 "-" "WordPress/6.8.1; https://vattusacky.vn"
154.54.249.200 - - [15/Sep/2025:13:32:25 +0700] "GET /finding-love-on-omegle/ HTTP/1.0" 200 89394 "-" "Mozilla/5.0 (compatible; Barkrowler/0.9; +https://babbar.tech/crawler)"
217.113.194.217 - - [15/Sep/2025:13:32:49 +0700] "GET /1967-relevant-articles/feed/ HTTP/1.0" 200 1663 "-" "Mozilla/5.0 (compatible; Barkrowler/0.9; +https://babbar.tech/crawler)"
217.113.194.75 - - [15/Sep/2025:13:33:10 +0700] "GET /77ups-24-15/feed/ HTTP/1.0" 200 1754 "-" "Mozilla/5.0 (compatible; Barkrowler/0.9; +https://babbar.tech/crawler)"
45.117.177.72 - - [15/Sep/2025:13:33:33 +0700] "POST /wp-cron.php?doing_wp_cron=1757918013.6047220230102539062500 HTTP/1.0" 200 416 "-" "WordPress/6.8.1; https://vattusacky.vn"
217.113.194.81 - - [15/Sep/2025:13:33:32 +0700] "GET /24-sbobet-6/feed/ HTTP/1.0" 200 1772 "-" "Mozilla/5.0 (compatible; Barkrowler/0.9; +https://babbar.tech/crawler)"
217.113.194.81 - - [15/Sep/2025:13:33:54 +0700] "GET /melbet-india-677/ HTTP/1.0" 200 231941 "-" "Mozilla/5.0 (compatible; Barkrowler/0.9; +https://babbar.tech/crawler)"
85.208.96.197 - - [15/Sep/2025:13:34:13 +0700] "GET /hushlove-review-in-2020/ HTTP/1.0" 200 210170 "-" "Mozilla/5.0 (compatible; SemrushBot/7~bl; +http://www.semrush.com/bot.html)"
45.117.177.72 - - [15/Sep/2025:13:34:32 +0700] "POST /wp-cron.php?doing_wp_cron=1757918071.9799320697784423828125 HTTP/1.0" 200 416 "-" "WordPress/6.8.1; https://vattusacky.vn"
217.113.194.74 - - [15/Sep/2025:13:34:30 +0700] "GET /melbet-india-948/ HTTP/1.0" 200 251258 "-" "Mozilla/5.0 (compatible; Barkrowler/0.9; +https://babbar.tech/crawler)"
51.161.65.9 - - [15/Sep/2025:13:34:46 +0700] "GET /author/yanz/page/228/ HTTP/1.0" 200 76940 "-" "Mozilla/5.0 (compatible; AhrefsBot/7.0; +http://ahrefs.com/robot/)"
217.113.194.81 - - [15/Sep/2025:13:35:02 +0700] "GET /avg-vpn-netflix-review/ HTTP/1.0" 200 71596 "-" "Mozilla/5.0 (compatible; Barkrowler/0.9; +https://babbar.tech/crawler)"
45.117.177.72 - - [15/Sep/2025:13:35:29 +0700] "POST /wp-cron.php?doing_wp_cron=1757918129.2976388931274414062500 HTTP/1.0" 200 416 "-" "WordPress/6.8.1; https://vattusacky.vn"
217.113.194.73 - - [15/Sep/2025:13:35:27 +0700] "GET /a-kaspersky-review/ HTTP/1.0" 200 71751 "-" "Mozilla/5.0 (compatible; Barkrowler/0.9; +https://babbar.tech/crawler)"
217.113.194.75 - - [15/Sep/2025:13:35:52 +0700] "GET /digital-news-and-time-control/ HTTP/1.0" 200 72061 "-" "Mozilla/5.0 (compatible; Barkrowler/0.9; +https://babbar.tech/crawler)"
45.117.177.72 - - [15/Sep/2025:13:36:17 +0700] "POST /wp-cron.php?doing_wp_cron=1757918177.7740049362182617187500 HTTP/1.0" 200 416 "-" "WordPress/6.8.1; https://vattusacky.vn"
217.113.194.80 - - [15/Sep/2025:13:36:16 +0700] "GET /digital-news-and-time-control/feed/ HTTP/1.0" 200 1684 "-" "Mozilla/5.0 (compatible; Barkrowler/0.9; +https://babbar.tech/crawler)"
217.113.194.79 - - [15/Sep/2025:13:36:38 +0700] "GET /leovegas-casino-review/ HTTP/1.0" 200 219605 "-" "Mozilla/5.0 (compatible; Barkrowler/0.9; +https://babbar.tech/crawler)"
217.113.194.80 - - [15/Sep/2025:13:37:12 +0700] "GET /bookofmatches-review/feed/ HTTP/1.0" 200 1657 "-" "Mozilla/5.0 (compatible; Barkrowler/0.9; +https://babbar.tech/crawler)"
45.117.177.72 - - [15/Sep/2025:13:37:35 +0700] "POST /wp-cron.php?doing_wp_cron=1757918255.7185649871826171875000 HTTP/1.0" 200 416 "-" "WordPress/6.8.1; https://vattusacky.vn"
217.113.194.75 - - [15/Sep/2025:13:37:34 +0700] "GET /omegle-and-cyberbullying/ HTTP/1.0" 200 88801 "-" "Mozilla/5.0 (compatible; Barkrowler/0.9; +https://babbar.tech/crawler)"
217.113.194.75 - - [15/Sep/2025:13:37:59 +0700] "GET /solutions-and-asylum-procedures/ HTTP/1.0" 200 72656 "-" "Mozilla/5.0 (compatible; Barkrowler/0.9; +https://babbar.tech/crawler)"
45.117.177.72 - - [15/Sep/2025:13:38:25 +0700] "POST /wp-cron.php?doing_wp_cron=1757918305.1357529163360595703125 HTTP/1.0" 200 416 "-" "WordPress/6.8.1; https://vattusacky.vn"
217.113.194.81 - - [15/Sep/2025:13:38:23 +0700] "GET /how-does-omegle-work/ HTTP/1.0" 200 89717 "-" "Mozilla/5.0 (compatible; Barkrowler/0.9; +https://babbar.tech/crawler)"
217.113.194.79 - - [15/Sep/2025:13:38:48 +0700] "GET /astrology-and-online-dating-sites/ HTTP/1.0" 200 206581 "-" "Mozilla/5.0 (compatible; Barkrowler/0.9; +https://babbar.tech/crawler)"
45.117.177.72 - - [15/Sep/2025:13:39:18 +0700] "POST /wp-cron.php?doing_wp_cron=1757918358.6359460353851318359375 HTTP/1.0" 200 416 "-" "WordPress/6.8.1; https://vattusacky.vn"
217.113.194.73 - - [15/Sep/2025:13:39:17 +0700] "GET /getting-foreign-females-online/ HTTP/1.0" 200 208157 "-" "Mozilla/5.0 (compatible; Barkrowler/0.9; +https://babbar.tech/crawler)"
217.113.194.80 - - [15/Sep/2025:13:39:48 +0700] "GET /types-of-corporate-governance/ HTTP/1.0" 200 205481 "-" "Mozilla/5.0 (compatible; Barkrowler/0.9; +https://babbar.tech/crawler)"
185.191.171.8 - - [15/Sep/2025:13:40:05 +0700] "GET /expanding-horizons-discovering-cultural-variety-on-omegle-and-ometv/ HTTP/1.0" 200 90756 "-" "Mozilla/5.0 (compatible; SemrushBot/7~bl; +http://www.semrush.com/bot.html)"
45.117.177.72 - - [15/Sep/2025:13:40:19 +0700] "POST /wp-cron.php?doing_wp_cron=1757918418.9991528987884521484375 HTTP/1.0" 200 416 "-" "WordPress/6.8.1; https://vattusacky.vn"
217.113.194.75 - - [15/Sep/2025:13:40:17 +0700] "GET /poker-games-list-ethics/feed/ HTTP/1.0" 200 1666 "-" "Mozilla/5.0 (compatible; Barkrowler/0.9; +https://babbar.tech/crawler)"
148.113.128.49 - - [15/Sep/2025:13:40:38 +0700] "GET /category/uncategorized/page/251/ HTTP/1.0" 200 77274 "-" "Mozilla/5.0 (compatible; AhrefsBot/7.0; +http://ahrefs.com/robot/)"
217.113.194.81 - - [15/Sep/2025:13:40:39 +0700] "GET /what-is-being-in-love/feed/ HTTP/1.0" 200 1661 "-" "Mozilla/5.0 (compatible; Barkrowler/0.9; +https://babbar.tech/crawler)"
159.65.152.66 - - [15/Sep/2025:13:40:47 +0700] "POST /xmlrpc.php HTTP/1.0" 200 954 "-" "Mozilla/5.0 (X11; Ubuntu; Linux x86_64; rv:85.0) Gecko/20100101 Firefox/91.0"
185.191.171.17 - - [15/Sep/2025:13:41:00 +0700] "GET /licensed-verbinden-casino-sport-and-esport-betting/ HTTP/1.0" 200 222091 "-" "Mozilla/5.0 (compatible; SemrushBot/7~bl; +http://www.semrush.com/bot.html)"
217.113.194.73 - - [15/Sep/2025:13:41:01 +0700] "GET /dragonfly-doji/feed/ HTTP/1.0" 200 1639 "-" "Mozilla/5.0 (compatible; Barkrowler/0.9; +https://babbar.tech/crawler)"
45.117.177.72 - - [15/Sep/2025:13:41:23 +0700] "POST /wp-cron.php?doing_wp_cron=1757918483.5261490345001220703125 HTTP/1.0" 200 416 "-" "WordPress/6.8.1; https://vattusacky.vn"
217.113.194.79 - - [15/Sep/2025:13:41:22 +0700] "GET /monsterxbet-6/feed/ HTTP/1.0" 200 1775 "-" "Mozilla/5.0 (compatible; Barkrowler/0.9; +https://babbar.tech/crawler)"
85.208.96.208 - - [15/Sep/2025:13:41:44 +0700] "GET /vavada-casino-kazino-bonusy-zerkalo-oficialnogo/ HTTP/1.0" 200 223615 "-" "Mozilla/5.0 (compatible; SemrushBot/7~bl; +http://www.semrush.com/bot.html)"
217.113.194.217 - - [15/Sep/2025:13:41:44 +0700] "GET /introduction-to-omegle/ HTTP/1.0" 200 85873 "-" "Mozilla/5.0 (compatible; Barkrowler/0.9; +https://babbar.tech/crawler)"
217.113.194.80 - - [15/Sep/2025:13:42:09 +0700] "GET /hushlove-review-in-2020/ HTTP/1.0" 200 210170 "-" "Mozilla/5.0 (compatible; Barkrowler/0.9; +https://babbar.tech/crawler)"
45.117.177.72 - - [15/Sep/2025:13:42:46 +0700] "POST /wp-cron.php?doing_wp_cron=1757918565.9108579158782958984375 HTTP/1.0" 200 416 "-" "WordPress/6.8.1; https://vattusacky.vn"
217.113.194.217 - - [15/Sep/2025:13:42:44 +0700] "GET /the-best-video-slots-online/ HTTP/1.0" 200 73690 "-" "Mozilla/5.0 (compatible; Barkrowler/0.9; +https://babbar.tech/crawler)"
217.113.194.75 - - [15/Sep/2025:13:43:07 +0700] "GET /1xbet-india-627/ HTTP/1.0" 200 94254 "-" "Mozilla/5.0 (compatible; Barkrowler/0.9; +https://babbar.tech/crawler)"
45.117.177.72 - - [15/Sep/2025:13:43:36 +0700] "POST /wp-cron.php?doing_wp_cron=1757918616.0059430599212646484375 HTTP/1.0" 200 416 "-" "WordPress/6.8.1; https://vattusacky.vn"
217.113.194.79 - - [15/Sep/2025:13:43:34 +0700] "GET /1xbet-india-48/ HTTP/1.0" 200 113202 "-" "Mozilla/5.0 (compatible; Barkrowler/0.9; +https://babbar.tech/crawler)"
217.113.194.78 - - [15/Sep/2025:13:44:01 +0700] "GET /1xbet-india-277/ HTTP/1.0" 200 239985 "-" "Mozilla/5.0 (compatible; Barkrowler/0.9; +https://babbar.tech/crawler)"
45.117.177.72 - - [15/Sep/2025:13:44:42 +0700] "POST /wp-cron.php?doing_wp_cron=1757918682.6027350425720214843750 HTTP/1.0" 200 416 "-" "WordPress/6.8.1; https://vattusacky.vn"
217.113.194.74 - - [15/Sep/2025:13:44:41 +0700] "GET /benefits-of-using-omegle/ HTTP/1.0" 200 91144 "-" "Mozilla/5.0 (compatible; Barkrowler/0.9; +https://babbar.tech/crawler)"
15.235.96.107 - - [15/Sep/2025:13:44:59 +0700] "GET /paypal-konto-geld-einzahlen-paypal-konto-aufladen/bitcoin-jpg-5/ HTTP/1.0" 200 64835 "-" "Mozilla/5.0 (compatible; AhrefsBot/7.0; +http://ahrefs.com/robot/)"
154.54.249.200 - - [15/Sep/2025:13:45:07 +0700] "GET /category/online-geld-verdienen/ HTTP/1.0" 200 60527 "-" "Mozilla/5.0 (compatible; Barkrowler/0.9; +https://babbar.tech/crawler)"
45.117.177.72 - - [15/Sep/2025:13:45:32 +0700] "POST /wp-cron.php?doing_wp_cron=1757918732.2520360946655273437500 HTTP/1.0" 200 416 "-" "WordPress/6.8.1; https://vattusacky.vn"
217.113.194.217 - - [15/Sep/2025:13:45:30 +0700] "GET /category/wife-finder/feed/ HTTP/1.0" 200 151750 "-" "Mozilla/5.0 (compatible; Barkrowler/0.9; +https://babbar.tech/crawler)"
51.161.65.136 - - [15/Sep/2025:13:45:41 +0700] "GET /wp-content/uploads/2023/08/bitcoin-4.jpg HTTP/1.0" 200 417 "-" "Mozilla/5.0 (compatible; AhrefsBot/7.0; +http://ahrefs.com/robot/)"
217.113.194.217 - - [15/Sep/2025:13:46:05 +0700] "GET /category/chatbot-programming/ HTTP/1.0" 200 99533 "-" "Mozilla/5.0 (compatible; Barkrowler/0.9; +https://babbar.tech/crawler)"
45.117.177.72 - - [15/Sep/2025:13:46:32 +0700] "POST /wp-cron.php?doing_wp_cron=1757918792.2064120769500732421875 HTTP/1.0" 200 416 "-" "WordPress/6.8.1; https://vattusacky.vn"
217.113.194.73 - - [15/Sep/2025:13:46:30 +0700] "GET /category/it-obrazovanie-2/ HTTP/1.0" 200 148671 "-" "Mozilla/5.0 (compatible; Barkrowler/0.9; +https://babbar.tech/crawler)"
51.68.236.90 - - [15/Sep/2025:13:46:49 +0700] "GET /robots.txt HTTP/1.0" 200 984 "-" "Mozilla/5.0 (compatible; MJ12bot/v2.0.4; http://mj12bot.com/)"
51.68.236.90 - - [15/Sep/2025:13:46:51 +0700] "GET / HTTP/1.0" 200 60070 "-" "Mozilla/5.0 (compatible; MJ12bot/v2.0.4; http://mj12bot.com/)"
217.113.194.73 - - [15/Sep/2025:13:46:57 +0700] "GET /category/it-vakansii/feed/ HTTP/1.0" 200 120188 "-" "Mozilla/5.0 (compatible; Barkrowler/0.9; +https://babbar.tech/crawler)"
45.117.177.72 - - [15/Sep/2025:13:47:24 +0700] "POST /wp-cron.php?doing_wp_cron=1757918844.1600029468536376953125 HTTP/1.0" 200 416 "-" "WordPress/6.8.1; https://vattusacky.vn"
217.113.194.74 - - [15/Sep/2025:13:47:22 +0700] "GET /category/maxim-krippa/ HTTP/1.0" 200 58904 "-" "Mozilla/5.0 (compatible; Barkrowler/0.9; +https://babbar.tech/crawler)"
142.44.228.249 - - [15/Sep/2025:13:47:38 +0700] "GET /san-pham/mayquangphopgianh/ HTTP/1.0" 200 376310 "-" "Mozilla/5.0 (compatible; AhrefsBot/7.0; +http://ahrefs.com/robot/)"
217.113.194.217 - - [15/Sep/2025:13:47:46 +0700] "GET /category/polish-women/feed/ HTTP/1.0" 200 47930 "-" "Mozilla/5.0 (compatible; Barkrowler/0.9; +https://babbar.tech/crawler)"
217.113.194.218 - - [15/Sep/2025:13:48:09 +0700] "GET /category/vietnamese-dating-blog/ HTTP/1.0" 200 58933 "-" "Mozilla/5.0 (compatible; Barkrowler/0.9; +https://babbar.tech/crawler)"
45.117.177.72 - - [15/Sep/2025:13:48:35 +0700] "POST /wp-cron.php?doing_wp_cron=1757918915.0372650623321533203125 HTTP/1.0" 200 416 "-" "WordPress/6.8.1; https://vattusacky.vn"
217.113.194.78 - - [15/Sep/2025:13:48:33 +0700] "GET /category/mail-order-brides/feed/ HTTP/1.0" 200 151548 "-" "Mozilla/5.0 (compatible; Barkrowler/0.9; +https://babbar.tech/crawler)"
217.113.194.77 - - [15/Sep/2025:13:48:59 +0700] "GET /category/mostbet-casino/feed/ HTTP/1.0" 200 509435 "-" "Mozilla/5.0 (compatible; Barkrowler/0.9; +https://babbar.tech/crawler)"
45.117.177.72 - - [15/Sep/2025:13:49:49 +0700] "POST /wp-cron.php?doing_wp_cron=1757918989.5794548988342285156250 HTTP/1.0" 200 416 "-" "WordPress/6.8.1; https://vattusacky.vn"
217.113.194.72 - - [15/Sep/2025:13:49:48 +0700] "GET /category/hookup-sites/feed/ HTTP/1.0" 200 152820 "-" "Mozilla/5.0 (compatible; Barkrowler/0.9; +https://babbar.tech/crawler)"
142.44.233.138 - - [15/Sep/2025:13:50:11 +0700] "GET /the/lay-mau-amiang-trong-khong-khi/ HTTP/1.0" 200 76483 "-" "Mozilla/5.0 (compatible; AhrefsBot/7.0; +http://ahrefs.com/robot/)"
217.113.194.79 - - [15/Sep/2025:13:50:15 +0700] "GET /category/colombian-dating/ HTTP/1.0" 200 73660 "-" "Mozilla/5.0 (compatible; Barkrowler/0.9; +https://babbar.tech/crawler)"
