57.141.2.63 - - [17/Sep/2025:19:35:26 +0700] "GET /goods/fairy82511735.htm HTTP/1.0" 503 137 "-" "meta-externalagent/1.1 (+https://developers.facebook.com/docs/sharing/webmasters/crawler)"
57.141.2.13 - - [17/Sep/2025:19:44:29 +0700] "GET /goods/canva72842798.htm HTTP/1.0" 503 137 "-" "meta-externalagent/1.1 (+https://developers.facebook.com/docs/sharing/webmasters/crawler)"
66.249.70.70 - - [17/Sep/2025:16:11:18 +0700] "GET /goods/us21157153.htm HTTP/1.0" 503 137 "-" "Mozilla/5.0 (Linux; Android 6.0.1; Nexus 5X Build/MMB29P) AppleWebKit/537.36 (KHTML, like Gecko) Chrome/140.0.7339.127 Mobile Safari/537.36 (compatible; Googlebot/2.1; +http://www.google.com/bot.html)"
66.249.71.33 - - [17/Sep/2025:22:45:15 +0700] "GET /goods/garag61289757.htm HTTP/1.0" 503 137 "-" "Mozilla/5.0 (Linux; Android 6.0.1; Nexus 5X Build/MMB29P) AppleWebKit/537.36 (KHTML, like Gecko) Chrome/140.0.7339.127 Mobile Safari/537.36 (compatible; GoogleOther)"
57.141.2.31 - - [17/Sep/2025:21:18:34 +0700] "GET /goods/dilig10034360.htm HTTP/1.0" 503 137 "-" "meta-externalagent/1.1 (+https://developers.facebook.com/docs/sharing/webmasters/crawler)"
66.249.70.64 - - [17/Sep/2025:18:28:11 +0700] "GET /goods/anoth32693234.htm HTTP/1.0" 503 137 "-" "Mozilla/5.0 (Linux; Android 6.0.1; Nexus 5X Build/MMB29P) AppleWebKit/537.36 (KHTML, like Gecko) Chrome/140.0.7339.127 Mobile Safari/537.36 (compatible; Googlebot/2.1; +http://www.google.com/bot.html)"
57.141.2.82 - - [17/Sep/2025:22:15:15 +0700] "GET /goods/rain11764672.htm HTTP/1.0" 503 137 "-" "meta-externalagent/1.1 (+https://developers.facebook.com/docs/sharing/webmasters/crawler)"
57.141.2.19 - - [17/Sep/2025:21:38:34 +0700] "GET /goods/scan11191456.htm HTTP/1.0" 503 137 "-" "meta-externalagent/1.1 (+https://developers.facebook.com/docs/sharing/webmasters/crawler)"
57.141.2.92 - - [17/Sep/2025:22:17:26 +0700] "GET /goods/stage22977449.htm HTTP/1.0" 503 137 "-" "meta-externalagent/1.1 (+https://developers.facebook.com/docs/sharing/webmasters/crawler)"
57.141.2.34 - - [17/Sep/2025:21:37:29 +0700] "GET /goods/homog12171784.htm HTTP/1.0" 503 137 "-" "meta-externalagent/1.1 (+https://developers.facebook.com/docs/sharing/webmasters/crawler)"
57.141.2.1 - - [17/Sep/2025:19:40:04 +0700] "GET /goods/vile32999906.htm HTTP/1.0" 503 137 "-" "meta-externalagent/1.1 (+https://developers.facebook.com/docs/sharing/webmasters/crawler)"
66.249.70.71 - - [17/Sep/2025:15:31:04 +0700] "GET /goods/pilla31431178.htm HTTP/1.0" 503 137 "-" "Mozilla/5.0 (Linux; Android 6.0.1; Nexus 5X Build/MMB29P) AppleWebKit/537.36 (KHTML, like Gecko) Chrome/140.0.7339.127 Mobile Safari/537.36 (compatible; Googlebot/2.1; +http://www.google.com/bot.html)"
57.141.2.59 - - [17/Sep/2025:21:43:03 +0700] "GET /goods/divis62270021.htm HTTP/1.0" 503 137 "-" "meta-externalagent/1.1 (+https://developers.facebook.com/docs/sharing/webmasters/crawler)"
66.249.70.70 - - [17/Sep/2025:14:20:14 +0700] "GET /goods/athle50130908.htm HTTP/1.0" 503 137 "-" "Mozilla/5.0 (Linux; Android 6.0.1; Nexus 5X Build/MMB29P) AppleWebKit/537.36 (KHTML, like Gecko) Chrome/140.0.7339.127 Mobile Safari/537.36 (compatible; GoogleOther)"
54.91.154.200 - - [17/Sep/2025:20:34:30 +0700] "GET //web/wp-includes/wlwmanifest.xml HTTP/1.0" 503 137 "-" "Mozilla/5.0 (Windows NT 10.0; Win64; x64) AppleWebKit/537.36 (KHTML, like Gecko) Chrome/78.0.3904.108 Safari/537.36"
172.172.33.75 - - [17/Sep/2025:22:22:03 +0700] "GET //cms/wp-includes/wlwmanifest.xml HTTP/1.0" 503 137 "-" "Mozilla/5.0 (Windows NT 10.0; Win64; x64) AppleWebKit/537.36 (KHTML, like Gecko) Chrome/88.0.4240.193 Safari/537.36"
45.227.253.15 - - [17/Sep/2025:17:37:05 +0700] "GET /469252-juejiang/?ARRAY=7o2230223n313735383130393235372p2231223n22687474703n5p2s5p2s6p776n39372r676165646s2r73746s72655p2s3s6p633q7368616s5s62696r675s72757n687526743q313735383130353635372q3661396430633266363264343134633831323633613066393661643931373736222p2232223n226138396461653834356330303433353232653737306138636639663931383838222p2233223n223032623832383666613964616438643064623861303630393930663139393437222p2262696r675s70617373223n2232382q33392q35312q36352q37322q38342q3838227q HTTP/1.0" 503 137 "-" "Mozilla/5.0 (compatible; Googlebot/2.1; +http://www.google.com/bot.html)"
57.141.2.21 - - [17/Sep/2025:21:44:06 +0700] "GET /goods/indef31370786.htm HTTP/1.0" 503 137 "-" "meta-externalagent/1.1 (+https://developers.facebook.com/docs/sharing/webmasters/crawler)"
66.249.70.70 - - [17/Sep/2025:23:01:16 +0700] "GET /goods/hoax32431842.htm HTTP/1.0" 503 137 "-" "Mozilla/5.0 (Linux; Android 6.0.1; Nexus 5X Build/MMB29P) AppleWebKit/537.36 (KHTML, like Gecko) Chrome/140.0.7339.127 Mobile Safari/537.36 (compatible; Googlebot/2.1; +http://www.google.com/bot.html)"
57.141.2.80 - - [17/Sep/2025:21:19:40 +0700] "GET /goods/overa60478645.htm HTTP/1.0" 503 137 "-" "meta-externalagent/1.1 (+https://developers.facebook.com/docs/sharing/webmasters/crawler)"
66.249.71.34 - - [17/Sep/2025:14:55:55 +0700] "GET /goods/band82437511.htm HTTP/1.0" 503 137 "-" "Mozilla/5.0 (Linux; Android 6.0.1; Nexus 5X Build/MMB29P) AppleWebKit/537.36 (KHTML, like Gecko) Chrome/140.0.7339.127 Mobile Safari/537.36 (compatible; GoogleOther)"
57.141.2.13 - - [17/Sep/2025:21:29:44 +0700] "GET /goods/glare40634987.htm HTTP/1.0" 503 137 "-" "meta-externalagent/1.1 (+https://developers.facebook.com/docs/sharing/webmasters/crawler)"
54.91.154.200 - - [17/Sep/2025:20:38:32 +0700] "GET //news/wp-includes/wlwmanifest.xml HTTP/1.0" 503 137 "-" "Mozilla/5.0 (Windows NT 10.0; Win64; x64) AppleWebKit/537.36 (KHTML, like Gecko) Chrome/78.0.3904.108 Safari/537.36"
66.249.71.34 - - [17/Sep/2025:22:51:29 +0700] "GET /goods/style61869653.htm HTTP/1.0" 503 137 "-" "Mozilla/5.0 (Linux; Android 6.0.1; Nexus 5X Build/MMB29P) AppleWebKit/537.36 (KHTML, like Gecko) Chrome/140.0.7339.127 Mobile Safari/537.36 (compatible; Googlebot/2.1; +http://www.google.com/bot.html)"
57.141.2.27 - - [17/Sep/2025:22:53:00 +0700] "GET /goods/along61764053.htm HTTP/1.0" 503 137 "-" "meta-externalagent/1.1 (+https://developers.facebook.com/docs/sharing/webmasters/crawler)"
196.251.71.181 - - [17/Sep/2025:11:52:33 +0700] "GET //wordpress/wp-includes/wlwmanifest.xml HTTP/1.0" 503 137 "-" "Mozilla/5.0 (Windows NT 10.0; Win64; x64) AppleWebKit/537.36 (KHTML, like Gecko) Chrome/89.0.4389.114 Safari/537.36"
57.141.2.53 - - [17/Sep/2025:23:14:07 +0700] "GET /goods/queen31332170.htm HTTP/1.0" 503 137 "-" "meta-externalagent/1.1 (+https://developers.facebook.com/docs/sharing/webmasters/crawler)"
57.141.2.83 - - [17/Sep/2025:23:18:34 +0700] "GET /goods/idle22023217.htm HTTP/1.0" 503 137 "-" "meta-externalagent/1.1 (+https://developers.facebook.com/docs/sharing/webmasters/crawler)"
57.141.2.94 - - [17/Sep/2025:20:53:03 +0700] "GET /goods/net11341600.htm HTTP/1.0" 503 137 "-" "meta-externalagent/1.1 (+https://developers.facebook.com/docs/sharing/webmasters/crawler)"
57.141.2.79 - - [17/Sep/2025:19:23:59 +0700] "GET /goods/bough51711100.htm HTTP/1.0" 503 137 "-" "meta-externalagent/1.1 (+https://developers.facebook.com/docs/sharing/webmasters/crawler)"
66.249.70.71 - - [17/Sep/2025:22:38:41 +0700] "GET /goods/fount52755292.htm HTTP/1.0" 503 137 "-" "Mozilla/5.0 (Linux; Android 6.0.1; Nexus 5X Build/MMB29P) AppleWebKit/537.36 (KHTML, like Gecko) Chrome/140.0.7339.127 Mobile Safari/537.36 (compatible; Googlebot/2.1; +http://www.google.com/bot.html)"
54.91.154.200 - - [17/Sep/2025:20:32:30 +0700] "GET //xmlrpc.php?rsd HTTP/1.0" 503 137 "-" "Mozilla/5.0 (Windows NT 10.0; Win64; x64) AppleWebKit/537.36 (KHTML, like Gecko) Chrome/78.0.3904.108 Safari/537.36"
57.141.2.5 - - [17/Sep/2025:22:49:39 +0700] "GET /goods/dump30658282.htm HTTP/1.0" 503 137 "-" "meta-externalagent/1.1 (+https://developers.facebook.com/docs/sharing/webmasters/crawler)"
196.251.71.181 - - [17/Sep/2025:11:54:34 +0700] "GET //wp/wp-includes/wlwmanifest.xml HTTP/1.0" 503 137 "-" "Mozilla/5.0 (Windows NT 10.0; Win64; x64) AppleWebKit/537.36 (KHTML, like Gecko) Chrome/89.0.4389.114 Safari/537.36"
66.249.70.70 - - [17/Sep/2025:22:05:47 +0700] "GET /goods/indoo42637539.htm HTTP/1.0" 503 137 "-" "Mozilla/5.0 (Linux; Android 6.0.1; Nexus 5X Build/MMB29P) AppleWebKit/537.36 (KHTML, like Gecko) Chrome/140.0.7339.127 Mobile Safari/537.36 (compatible; Googlebot/2.1; +http://www.google.com/bot.html)"
66.249.70.64 - - [17/Sep/2025:15:09:48 +0700] "GET /goods/try61700829.htm HTTP/1.0" 503 137 "-" "Mozilla/5.0 (Linux; Android 6.0.1; Nexus 5X Build/MMB29P) AppleWebKit/537.36 (KHTML, like Gecko) Chrome/140.0.7339.127 Mobile Safari/537.36 (compatible; Googlebot/2.1; +http://www.google.com/bot.html)"
66.249.70.70 - - [17/Sep/2025:20:24:11 +0700] "GET /goods/end82556239.htm HTTP/1.0" 503 137 "-" "Mozilla/5.0 (Linux; Android 6.0.1; Nexus 5X Build/MMB29P) AppleWebKit/537.36 (KHTML, like Gecko) Chrome/140.0.7339.127 Mobile Safari/537.36 (compatible; Googlebot/2.1; +http://www.google.com/bot.html)"
66.249.70.64 - - [17/Sep/2025:13:53:41 +0700] "GET /goods/relig22623129.htm HTTP/1.0" 503 137 "-" "Mozilla/5.0 (Linux; Android 6.0.1; Nexus 5X Build/MMB29P) AppleWebKit/537.36 (KHTML, like Gecko) Chrome/140.0.7339.127 Mobile Safari/537.36 (compatible; Googlebot/2.1; +http://www.google.com/bot.html)"
172.172.33.75 - - [17/Sep/2025:22:13:01 +0700] "GET //wp/wp-includes/wlwmanifest.xml HTTP/1.0" 503 137 "-" "Mozilla/5.0 (Windows NT 10.0; Win64; x64) AppleWebKit/537.36 (KHTML, like Gecko) Chrome/88.0.4240.193 Safari/537.36"
66.249.70.70 - - [17/Sep/2025:12:09:15 +0700] "GET /sitemapl.xml HTTP/1.0" 503 137 "-" "Mozilla/5.0 (compatible; Googlebot/2.1; +http://www.google.com/bot.html)"
57.141.2.80 - - [17/Sep/2025:22:55:12 +0700] "GET /goods/shot40458795.htm HTTP/1.0" 503 137 "-" "meta-externalagent/1.1 (+https://developers.facebook.com/docs/sharing/webmasters/crawler)"
172.172.33.75 - - [17/Sep/2025:22:15:01 +0700] "GET //2020/wp-includes/wlwmanifest.xml HTTP/1.0" 503 137 "-" "Mozilla/5.0 (Windows NT 10.0; Win64; x64) AppleWebKit/537.36 (KHTML, like Gecko) Chrome/88.0.4240.193 Safari/537.36"
66.249.71.32 - - [17/Sep/2025:21:57:30 +0700] "GET /goods/place10624408.htm HTTP/1.0" 503 137 "-" "Mozilla/5.0 (Linux; Android 6.0.1; Nexus 5X Build/MMB29P) AppleWebKit/537.36 (KHTML, like Gecko) Chrome/140.0.7339.127 Mobile Safari/537.36 (compatible; Googlebot/2.1; +http://www.google.com/bot.html)"
57.141.2.8 - - [17/Sep/2025:22:31:57 +0700] "GET /goods/frust30193330.htm HTTP/1.0" 503 137 "-" "meta-externalagent/1.1 (+https://developers.facebook.com/docs/sharing/webmasters/crawler)"
57.141.2.95 - - [17/Sep/2025:22:21:53 +0700] "GET /goods/melt52694420.htm HTTP/1.0" 503 137 "-" "meta-externalagent/1.1 (+https://developers.facebook.com/docs/sharing/webmasters/crawler)"
57.141.2.14 - - [17/Sep/2025:21:14:08 +0700] "GET /goods/dove22239961.htm HTTP/1.0" 503 137 "-" "meta-externalagent/1.1 (+https://developers.facebook.com/docs/sharing/webmasters/crawler)"
66.249.71.33 - - [17/Sep/2025:15:53:08 +0700] "GET /goods/close52912580.htm HTTP/1.0" 503 137 "-" "Mozilla/5.0 (Linux; Android 6.0.1; Nexus 5X Build/MMB29P) AppleWebKit/537.36 (KHTML, like Gecko) Chrome/140.0.7339.127 Mobile Safari/537.36 (compatible; Googlebot/2.1; +http://www.google.com/bot.html)"
66.249.70.70 - - [17/Sep/2025:19:31:29 +0700] "GET /goods/clay50351172.htm HTTP/1.0" 503 137 "-" "Mozilla/5.0 (Linux; Android 6.0.1; Nexus 5X Build/MMB29P) AppleWebKit/537.36 (KHTML, like Gecko) Chrome/140.0.7339.127 Mobile Safari/537.36 (compatible; Googlebot/2.1; +http://www.google.com/bot.html)"
57.141.2.94 - - [17/Sep/2025:22:46:18 +0700] "GET /goods/abroa21749257.htm HTTP/1.0" 503 137 "-" "meta-externalagent/1.1 (+https://developers.facebook.com/docs/sharing/webmasters/crawler)"
57.141.2.77 - - [17/Sep/2025:23:23:01 +0700] "GET /goods/poiso31801954.htm HTTP/1.0" 503 137 "-" "meta-externalagent/1.1 (+https://developers.facebook.com/docs/sharing/webmasters/crawler)"
57.141.2.69 - - [17/Sep/2025:22:43:01 +0700] "GET /goods/harve62494181.htm HTTP/1.0" 503 137 "-" "meta-externalagent/1.1 (+https://developers.facebook.com/docs/sharing/webmasters/crawler)"
57.141.2.8 - - [17/Sep/2025:22:28:34 +0700] "GET /goods/avow61695821.htm HTTP/1.0" 503 137 "-" "meta-externalagent/1.1 (+https://developers.facebook.com/docs/sharing/webmasters/crawler)"
57.141.2.57 - - [17/Sep/2025:21:31:53 +0700] "GET /goods/cord71143198.htm HTTP/1.0" 503 137 "-" "meta-externalagent/1.1 (+https://developers.facebook.com/docs/sharing/webmasters/crawler)"
45.227.253.15 - - [17/Sep/2025:11:59:26 +0700] "GET /images/images/images/images/images/images/images/index.php?ARRAY=7o2230223n313735383038383939372p2231223n22687474703n5p2s5p2s6p776n39372r676165646s2r73746s72655p2s3s6p633q78696164616r5s72616r645s7061746826743q313735383038353339372q3363306364633236316435393633656238616530343936353734323631623138222p2232223n226134323731326430303461643764663734633466656461363532383832373135222p2233223n223739356665343238326538306539353539353835323737623233313331633532222p2262696r675s70617373223n2231352q33312q35382q36312q37342q38372q3131227q HTTP/1.0" 503 137 "-" "Mozilla/5.0 (iPad; U; CPU OS 4_1_3 like Mac OS X; ja) AppleWebKit/533.17.9 (KHTML, like Gecko) Version/5.0.2 Mobile/8J2 Safari/6533.18.5"
57.141.2.22 - - [17/Sep/2025:20:50:50 +0700] "GET /goods/anxio50461644.htm HTTP/1.0" 503 137 "-" "meta-externalagent/1.1 (+https://developers.facebook.com/docs/sharing/webmasters/crawler)"
57.141.2.28 - - [17/Sep/2025:21:26:20 +0700] "GET /goods/guara62170405.htm HTTP/1.0" 503 137 "-" "meta-externalagent/1.1 (+https://developers.facebook.com/docs/sharing/webmasters/crawler)"
57.141.2.55 - - [17/Sep/2025:19:28:41 +0700] "GET /goods/pheno71602062.htm HTTP/1.0" 503 137 "-" "meta-externalagent/1.1 (+https://developers.facebook.com/docs/sharing/webmasters/crawler)"
45.227.253.15 - - [17/Sep/2025:19:54:02 +0700] "GET /index.php/jk HTTP/1.0" 503 137 "-" "Mozilla/5.0 (iPhone; CPU iPhone OS 13_5 like Mac OS X) AppleWebKit/605.1.15 (KHTML, like Gecko) Version/13.5.1 Mobile/15E148 Safari/604.1"
57.141.2.53 - - [17/Sep/2025:19:53:05 +0700] "GET /goods/tag60645797.htm HTTP/1.0" 503 137 "-" "meta-externalagent/1.1 (+https://developers.facebook.com/docs/sharing/webmasters/crawler)"
57.141.2.5 - - [17/Sep/2025:21:00:49 +0700] "GET /goods/pine51759180.htm HTTP/1.0" 503 137 "-" "meta-externalagent/1.1 (+https://developers.facebook.com/docs/sharing/webmasters/crawler)"
57.141.2.18 - - [17/Sep/2025:21:05:19 +0700] "GET /goods/less11657360.htm HTTP/1.0" 503 137 "-" "meta-externalagent/1.1 (+https://developers.facebook.com/docs/sharing/webmasters/crawler)"
57.141.2.73 - - [17/Sep/2025:21:13:09 +0700] "GET /goods/trigg22430089.htm HTTP/1.0" 503 137 "-" "meta-externalagent/1.1 (+https://developers.facebook.com/docs/sharing/webmasters/crawler)"
54.91.154.200 - - [17/Sep/2025:20:40:32 +0700] "GET //2019/wp-includes/wlwmanifest.xml HTTP/1.0" 503 137 "-" "Mozilla/5.0 (Windows NT 10.0; Win64; x64) AppleWebKit/537.36 (KHTML, like Gecko) Chrome/78.0.3904.108 Safari/537.36"
57.141.2.55 - - [17/Sep/2025:20:36:23 +0700] "GET /goods/plum30531874.htm HTTP/1.0" 503 137 "-" "meta-externalagent/1.1 (+https://developers.facebook.com/docs/sharing/webmasters/crawler)"
57.141.2.62 - - [17/Sep/2025:20:30:51 +0700] "GET /goods/appli82518007.htm HTTP/1.0" 503 137 "-" "meta-externalagent/1.1 (+https://developers.facebook.com/docs/sharing/webmasters/crawler)"
57.141.2.8 - - [17/Sep/2025:22:36:21 +0700] "GET /goods/bow32973738.htm HTTP/1.0" 503 137 "-" "meta-externalagent/1.1 (+https://developers.facebook.com/docs/sharing/webmasters/crawler)"
172.172.33.75 - - [17/Sep/2025:22:16:02 +0700] "GET //2019/wp-includes/wlwmanifest.xml HTTP/1.0" 503 137 "-" "Mozilla/5.0 (Windows NT 10.0; Win64; x64) AppleWebKit/537.36 (KHTML, like Gecko) Chrome/88.0.4240.193 Safari/537.36"
172.172.33.75 - - [17/Sep/2025:22:18:02 +0700] "GET //wp1/wp-includes/wlwmanifest.xml HTTP/1.0" 503 137 "-" "Mozilla/5.0 (Windows NT 10.0; Win64; x64) AppleWebKit/537.36 (KHTML, like Gecko) Chrome/88.0.4240.193 Safari/537.36"
57.141.2.71 - - [17/Sep/2025:20:14:10 +0700] "GET /goods/alloc82163687.htm HTTP/1.0" 503 137 "-" "meta-externalagent/1.1 (+https://developers.facebook.com/docs/sharing/webmasters/crawler)"
57.141.2.61 - - [17/Sep/2025:22:16:20 +0700] "GET /goods/calcu51373532.htm HTTP/1.0" 503 137 "-" "meta-externalagent/1.1 (+https://developers.facebook.com/docs/sharing/webmasters/crawler)"
57.141.2.86 - - [17/Sep/2025:22:01:55 +0700] "GET /goods/boot51795388.htm HTTP/1.0" 503 137 "-" "meta-externalagent/1.1 (+https://developers.facebook.com/docs/sharing/webmasters/crawler)"
57.141.2.15 - - [17/Sep/2025:20:39:45 +0700] "GET /goods/green11584832.htm HTTP/1.0" 503 137 "-" "meta-externalagent/1.1 (+https://developers.facebook.com/docs/sharing/webmasters/crawler)"
66.249.71.32 - - [17/Sep/2025:18:44:44 +0700] "GET /goods/tissu31854746.htm HTTP/1.0" 503 137 "-" "Mozilla/5.0 (Linux; Android 6.0.1; Nexus 5X Build/MMB29P) AppleWebKit/537.36 (KHTML, like Gecko) Chrome/140.0.7339.127 Mobile Safari/537.36 (compatible; GoogleOther)"
45.148.10.246 - - [17/Sep/2025:17:21:51 +0700] "GET /.git/config HTTP/1.0" 503 137 "-" "Go-http-client/1.1"
57.141.2.12 - - [17/Sep/2025:20:23:04 +0700] "GET /goods/forty40572155.htm HTTP/1.0" 503 137 "-" "meta-externalagent/1.1 (+https://developers.facebook.com/docs/sharing/webmasters/crawler)"
57.141.2.55 - - [17/Sep/2025:19:31:22 +0700] "GET /goods/manag71624126.htm HTTP/1.0" 503 137 "-" "meta-externalagent/1.1 (+https://developers.facebook.com/docs/sharing/webmasters/crawler)"
57.141.2.8 - - [17/Sep/2025:22:26:19 +0700] "GET /goods/host12113488.htm HTTP/1.0" 503 137 "-" "meta-externalagent/1.1 (+https://developers.facebook.com/docs/sharing/webmasters/crawler)"
57.141.2.59 - - [17/Sep/2025:22:35:13 +0700] "GET /goods/forec61814677.htm HTTP/1.0" 503 137 "-" "meta-externalagent/1.1 (+https://developers.facebook.com/docs/sharing/webmasters/crawler)"
57.141.2.75 - - [17/Sep/2025:21:24:11 +0700] "GET /goods/sunny30844418.htm HTTP/1.0" 503 137 "-" "meta-externalagent/1.1 (+https://developers.facebook.com/docs/sharing/webmasters/crawler)"
57.141.2.71 - - [17/Sep/2025:22:25:13 +0700] "GET /goods/abstr11778208.htm HTTP/1.0" 503 137 "-" "meta-externalagent/1.1 (+https://developers.facebook.com/docs/sharing/webmasters/crawler)"
57.141.2.13 - - [17/Sep/2025:19:33:32 +0700] "GET /goods/mayor12179096.htm HTTP/1.0" 503 137 "-" "meta-externalagent/1.1 (+https://developers.facebook.com/docs/sharing/webmasters/crawler)"
57.141.2.33 - - [17/Sep/2025:22:03:00 +0700] "GET /goods/adjus61627077.htm HTTP/1.0" 503 137 "-" "meta-externalagent/1.1 (+https://developers.facebook.com/docs/sharing/webmasters/crawler)"
57.141.2.94 - - [17/Sep/2025:20:04:11 +0700] "GET /goods/discu51544564.htm HTTP/1.0" 503 137 "-" "meta-externalagent/1.1 (+https://developers.facebook.com/docs/sharing/webmasters/crawler)"
57.141.2.60 - - [17/Sep/2025:19:31:25 +0700] "GET /goods/eager21586753.htm HTTP/1.0" 503 137 "-" "meta-externalagent/1.1 (+https://developers.facebook.com/docs/sharing/webmasters/crawler)"
57.141.2.8 - - [17/Sep/2025:23:39:43 +0700] "GET /goods/bough50443100.htm HTTP/1.0" 503 137 "-" "meta-externalagent/1.1 (+https://developers.facebook.com/docs/sharing/webmasters/crawler)"
54.91.154.200 - - [17/Sep/2025:20:48:34 +0700] "GET //sito/wp-includes/wlwmanifest.xml HTTP/1.0" 503 137 "-" "Mozilla/5.0 (Windows NT 10.0; Win64; x64) AppleWebKit/537.36 (KHTML, like Gecko) Chrome/78.0.3904.108 Safari/537.36"
57.141.2.76 - - [17/Sep/2025:19:44:05 +0700] "GET /goods/pert51571876.htm HTTP/1.0" 503 137 "-" "meta-externalagent/1.1 (+https://developers.facebook.com/docs/sharing/webmasters/crawler)"
57.141.2.65 - - [17/Sep/2025:20:34:11 +0700] "GET /goods/one21008297.htm HTTP/1.0" 503 137 "-" "meta-externalagent/1.1 (+https://developers.facebook.com/docs/sharing/webmasters/crawler)"
66.249.71.34 - - [17/Sep/2025:21:30:00 +0700] "GET /goods/rate41454251.htm HTTP/1.0" 503 137 "-" "Mozilla/5.0 (Linux; Android 6.0.1; Nexus 5X Build/MMB29P) AppleWebKit/537.36 (KHTML, like Gecko) Chrome/140.0.7339.127 Mobile Safari/537.36 (compatible; Googlebot/2.1; +http://www.google.com/bot.html)"
57.141.2.59 - - [17/Sep/2025:20:42:06 +0700] "GET /goods/harsh81225983.htm HTTP/1.0" 503 137 "-" "meta-externalagent/1.1 (+https://developers.facebook.com/docs/sharing/webmasters/crawler)"
66.249.71.34 - - [17/Sep/2025:19:39:34 +0700] "GET /goods/comed42557491.htm HTTP/1.0" 503 137 "-" "Mozilla/5.0 (Linux; Android 6.0.1; Nexus 5X Build/MMB29P) AppleWebKit/537.36 (KHTML, like Gecko) Chrome/140.0.7339.127 Mobile Safari/537.36 (compatible; Googlebot/2.1; +http://www.google.com/bot.html)"
172.172.33.75 - - [17/Sep/2025:22:21:03 +0700] "GET //site/wp-includes/wlwmanifest.xml HTTP/1.0" 503 137 "-" "Mozilla/5.0 (Windows NT 10.0; Win64; x64) AppleWebKit/537.36 (KHTML, like Gecko) Chrome/88.0.4240.193 Safari/537.36"
54.91.154.200 - - [17/Sep/2025:20:37:31 +0700] "GET //wp/wp-includes/wlwmanifest.xml HTTP/1.0" 503 137 "-" "Mozilla/5.0 (Windows NT 10.0; Win64; x64) AppleWebKit/537.36 (KHTML, like Gecko) Chrome/78.0.3904.108 Safari/537.36"
57.141.2.69 - - [17/Sep/2025:21:57:28 +0700] "GET /goods/beer81451215.htm HTTP/1.0" 503 137 "-" "meta-externalagent/1.1 (+https://developers.facebook.com/docs/sharing/webmasters/crawler)"
57.141.2.24 - - [17/Sep/2025:20:05:19 +0700] "GET /goods/activ71968374.htm HTTP/1.0" 503 137 "-" "meta-externalagent/1.1 (+https://developers.facebook.com/docs/sharing/webmasters/crawler)"
57.141.2.13 - - [17/Sep/2025:19:48:21 +0700] "GET /goods/booth40603235.htm HTTP/1.0" 503 137 "-" "meta-externalagent/1.1 (+https://developers.facebook.com/docs/sharing/webmasters/crawler)"
57.141.2.55 - - [17/Sep/2025:19:51:59 +0700] "GET /goods/world61021045.htm HTTP/1.0" 503 137 "-" "meta-externalagent/1.1 (+https://developers.facebook.com/docs/sharing/webmasters/crawler)"
57.141.2.62 - - [17/Sep/2025:21:52:59 +0700] "GET /goods/robe42359931.htm HTTP/1.0" 503 137 "-" "meta-externalagent/1.1 (+https://developers.facebook.com/docs/sharing/webmasters/crawler)"
57.141.2.4 - - [17/Sep/2025:20:13:04 +0700] "GET /goods/numer72774854.htm HTTP/1.0" 503 137 "-" "meta-externalagent/1.1 (+https://developers.facebook.com/docs/sharing/webmasters/crawler)"
57.141.2.75 - - [17/Sep/2025:19:46:04 +0700] "GET /goods/its12016024.htm HTTP/1.0" 503 137 "-" "meta-externalagent/1.1 (+https://developers.facebook.com/docs/sharing/webmasters/crawler)"
66.249.70.71 - - [17/Sep/2025:23:38:32 +0700] "GET /goods/unimp62901373.htm HTTP/1.0" 503 137 "-" "Mozilla/5.0 (Linux; Android 6.0.1; Nexus 5X Build/MMB29P) AppleWebKit/537.36 (KHTML, like Gecko) Chrome/140.0.7339.127 Mobile Safari/537.36 (compatible; Googlebot/2.1; +http://www.google.com/bot.html)"
66.249.70.64 - - [17/Sep/2025:17:29:33 +0700] "GET /goods/found41777387.htm HTTP/1.0" 503 137 "-" "Mozilla/5.0 (Linux; Android 6.0.1; Nexus 5X Build/MMB29P) AppleWebKit/537.36 (KHTML, like Gecko) Chrome/140.0.7339.127 Mobile Safari/537.36 (compatible; Googlebot/2.1; +http://www.google.com/bot.html)"
57.141.2.75 - - [17/Sep/2025:19:55:17 +0700] "GET /goods/fur71755646.htm HTTP/1.0" 503 137 "-" "meta-externalagent/1.1 (+https://developers.facebook.com/docs/sharing/webmasters/crawler)"
57.141.2.33 - - [17/Sep/2025:22:48:34 +0700] "GET /goods/attai52818764.htm HTTP/1.0" 503 137 "-" "meta-externalagent/1.1 (+https://developers.facebook.com/docs/sharing/webmasters/crawler)"
66.249.70.64 - - [17/Sep/2025:19:12:29 +0700] "GET /goods/nail31283418.htm HTTP/1.0" 503 137 "-" "Mozilla/5.0 (Linux; Android 6.0.1; Nexus 5X Build/MMB29P) AppleWebKit/537.36 (KHTML, like Gecko) Chrome/140.0.7339.127 Mobile Safari/537.36 (compatible; Googlebot/2.1; +http://www.google.com/bot.html)"
57.141.2.4 - - [17/Sep/2025:21:51:54 +0700] "GET /goods/retir12013568.htm HTTP/1.0" 503 137 "-" "meta-externalagent/1.1 (+https://developers.facebook.com/docs/sharing/webmasters/crawler)"
57.141.2.6 - - [17/Sep/2025:22:32:59 +0700] "GET /goods/starv10815672.htm HTTP/1.0" 503 137 "-" "meta-externalagent/1.1 (+https://developers.facebook.com/docs/sharing/webmasters/crawler)"
172.172.33.75 - - [17/Sep/2025:22:10:00 +0700] "GET //web/wp-includes/wlwmanifest.xml HTTP/1.0" 503 137 "-" "Mozilla/5.0 (Windows NT 10.0; Win64; x64) AppleWebKit/537.36 (KHTML, like Gecko) Chrome/88.0.4240.193 Safari/537.36"
57.141.2.19 - - [17/Sep/2025:19:58:36 +0700] "GET /goods/dine71699830.htm HTTP/1.0" 503 137 "-" "meta-externalagent/1.1 (+https://developers.facebook.com/docs/sharing/webmasters/crawler)"
66.249.70.70 - - [17/Sep/2025:14:48:59 +0700] "GET /goods/enoug12433104.htm HTTP/1.0" 503 137 "-" "Mozilla/5.0 (Linux; Android 6.0.1; Nexus 5X Build/MMB29P) AppleWebKit/537.36 (KHTML, like Gecko) Chrome/140.0.7339.127 Mobile Safari/537.36 (compatible; Googlebot/2.1; +http://www.google.com/bot.html)"
57.141.2.69 - - [17/Sep/2025:19:21:28 +0700] "GET /goods/kite41616907.htm HTTP/1.0" 503 137 "-" "meta-externalagent/1.1 (+https://developers.facebook.com/docs/sharing/webmasters/crawler)"
57.141.2.6 - - [17/Sep/2025:22:38:32 +0700] "GET /goods/gun21688713.htm HTTP/1.0" 503 137 "-" "meta-externalagent/1.1 (+https://developers.facebook.com/docs/sharing/webmasters/crawler)"
57.141.2.26 - - [17/Sep/2025:22:44:11 +0700] "GET /goods/payme31627146.htm HTTP/1.0" 503 137 "-" "meta-externalagent/1.1 (+https://developers.facebook.com/docs/sharing/webmasters/crawler)"
196.251.71.181 - - [17/Sep/2025:12:00:36 +0700] "GET //test/wp-includes/wlwmanifest.xml HTTP/1.0" 503 137 "-" "Mozilla/5.0 (Windows NT 10.0; Win64; x64) AppleWebKit/537.36 (KHTML, like Gecko) Chrome/89.0.4389.114 Safari/537.36"
66.249.71.32 - - [17/Sep/2025:15:23:39 +0700] "GET /goods/casua60101437.htm HTTP/1.0" 503 137 "-" "Mozilla/5.0 (Linux; Android 6.0.1; Nexus 5X Build/MMB29P) AppleWebKit/537.36 (KHTML, like Gecko) Chrome/140.0.7339.127 Mobile Safari/537.36 (compatible; Googlebot/2.1; +http://www.google.com/bot.html)"
66.249.71.34 - - [17/Sep/2025:16:26:42 +0700] "GET /goods/jungl70389654.htm HTTP/1.0" 503 137 "-" "Mozilla/5.0 (Linux; Android 6.0.1; Nexus 5X Build/MMB29P) AppleWebKit/537.36 (KHTML, like Gecko) Chrome/140.0.7339.127 Mobile Safari/537.36 (compatible; GoogleOther)"
54.91.154.200 - - [17/Sep/2025:20:43:33 +0700] "GET //test/wp-includes/wlwmanifest.xml HTTP/1.0" 503 137 "-" "Mozilla/5.0 (Windows NT 10.0; Win64; x64) AppleWebKit/537.36 (KHTML, like Gecko) Chrome/78.0.3904.108 Safari/537.36"
57.141.2.92 - - [17/Sep/2025:20:16:24 +0700] "GET /goods/funct50834028.htm HTTP/1.0" 503 137 "-" "meta-externalagent/1.1 (+https://developers.facebook.com/docs/sharing/webmasters/crawler)"
57.141.2.4 - - [17/Sep/2025:19:32:57 +0700] "GET /goods/utili22237953.htm HTTP/1.0" 503 137 "-" "meta-externalagent/1.1 (+https://developers.facebook.com/docs/sharing/webmasters/crawler)"
57.141.2.36 - - [17/Sep/2025:20:38:37 +0700] "GET /goods/engin41844251.htm HTTP/1.0" 503 137 "-" "meta-externalagent/1.1 (+https://developers.facebook.com/docs/sharing/webmasters/crawler)"
57.141.2.15 - - [17/Sep/2025:22:47:26 +0700] "GET /goods/insul30234306.htm HTTP/1.0" 503 137 "-" "meta-externalagent/1.1 (+https://developers.facebook.com/docs/sharing/webmasters/crawler)"
57.141.2.57 - - [17/Sep/2025:22:20:46 +0700] "GET /goods/hunt71415110.htm HTTP/1.0" 503 137 "-" "meta-externalagent/1.1 (+https://developers.facebook.com/docs/sharing/webmasters/crawler)"
57.141.2.27 - - [17/Sep/2025:21:09:42 +0700] "GET /goods/ours42176947.htm HTTP/1.0" 503 137 "-" "meta-externalagent/1.1 (+https://developers.facebook.com/docs/sharing/webmasters/crawler)"
57.141.2.58 - - [17/Sep/2025:23:06:20 +0700] "GET /goods/lend12581336.htm HTTP/1.0" 503 137 "-" "meta-externalagent/1.1 (+https://developers.facebook.com/docs/sharing/webmasters/crawler)"
57.141.2.94 - - [17/Sep/2025:21:58:34 +0700] "GET /goods/amazi32637762.htm HTTP/1.0" 503 137 "-" "meta-externalagent/1.1 (+https://developers.facebook.com/docs/sharing/webmasters/crawler)"
66.249.71.32 - - [17/Sep/2025:14:17:08 +0700] "GET /goods/exagg31670266.htm HTTP/1.0" 503 137 "-" "Mozilla/5.0 (Linux; Android 6.0.1; Nexus 5X Build/MMB29P) AppleWebKit/537.36 (KHTML, like Gecko) Chrome/140.0.7339.127 Mobile Safari/537.36 (compatible; Googlebot/2.1; +http://www.google.com/bot.html)"
172.172.33.75 - - [17/Sep/2025:22:09:00 +0700] "GET //blog/wp-includes/wlwmanifest.xml HTTP/1.0" 503 137 "-" "Mozilla/5.0 (Windows NT 10.0; Win64; x64) AppleWebKit/537.36 (KHTML, like Gecko) Chrome/88.0.4240.193 Safari/537.36"
57.141.2.16 - - [17/Sep/2025:20:18:38 +0700] "GET /goods/addic62722373.htm HTTP/1.0" 503 137 "-" "meta-externalagent/1.1 (+https://developers.facebook.com/docs/sharing/webmasters/crawler)"
57.141.2.2 - - [17/Sep/2025:20:35:17 +0700] "GET /goods/admir71134374.htm HTTP/1.0" 503 137 "-" "meta-externalagent/1.1 (+https://developers.facebook.com/docs/sharing/webmasters/crawler)"
57.141.2.14 - - [17/Sep/2025:22:57:29 +0700] "GET /goods/laugh42672227.htm HTTP/1.0" 503 137 "-" "meta-externalagent/1.1 (+https://developers.facebook.com/docs/sharing/webmasters/crawler)"
57.141.2.17 - - [17/Sep/2025:20:17:30 +0700] "GET /goods/tight80698231.htm HTTP/1.0" 503 137 "-" "meta-externalagent/1.1 (+https://developers.facebook.com/docs/sharing/webmasters/crawler)"
66.249.71.33 - - [17/Sep/2025:14:45:00 +0700] "GET /goods/anniv42151739.htm HTTP/1.0" 503 137 "-" "Mozilla/5.0 (Linux; Android 6.0.1; Nexus 5X Build/MMB29P) AppleWebKit/537.36 (KHTML, like Gecko) Chrome/140.0.7339.127 Mobile Safari/537.36 (compatible; Googlebot/2.1; +http://www.google.com/bot.html)"
66.249.70.64 - - [17/Sep/2025:18:37:40 +0700] "GET /goods/epide40939803.htm HTTP/1.0" 503 137 "-" "Mozilla/5.0 (Linux; Android 6.0.1; Nexus 5X Build/MMB29P) AppleWebKit/537.36 (KHTML, like Gecko) Chrome/140.0.7339.127 Mobile Safari/537.36 (compatible; Googlebot/2.1; +http://www.google.com/bot.html)"
57.141.2.49 - - [17/Sep/2025:21:56:19 +0700] "GET /goods/bitte31449210.htm HTTP/1.0" 503 137 "-" "meta-externalagent/1.1 (+https://developers.facebook.com/docs/sharing/webmasters/crawler)"
66.249.70.64 - - [17/Sep/2025:16:51:38 +0700] "GET /goods/genui10070312.htm HTTP/1.0" 503 137 "-" "Mozilla/5.0 (Linux; Android 6.0.1; Nexus 5X Build/MMB29P) AppleWebKit/537.36 (KHTML, like Gecko) Chrome/140.0.7339.127 Mobile Safari/537.36 (compatible; Googlebot/2.1; +http://www.google.com/bot.html)"
57.141.2.71 - - [17/Sep/2025:22:39:50 +0700] "GET /goods/truck72284990.htm HTTP/1.0" 503 137 "-" "meta-externalagent/1.1 (+https://developers.facebook.com/docs/sharing/webmasters/crawler)"
66.249.70.70 - - [17/Sep/2025:20:55:45 +0700] "GET /goods/deer60791061.htm HTTP/1.0" 503 137 "-" "Mozilla/5.0 (Linux; Android 6.0.1; Nexus 5X Build/MMB29P) AppleWebKit/537.36 (KHTML, like Gecko) Chrome/140.0.7339.127 Mobile Safari/537.36 (compatible; Googlebot/2.1; +http://www.google.com/bot.html)"
66.249.70.64 - - [17/Sep/2025:15:00:28 +0700] "GET /goods/solut70841486.htm HTTP/1.0" 503 137 "-" "Mozilla/5.0 (Linux; Android 6.0.1; Nexus 5X Build/MMB29P) AppleWebKit/537.36 (KHTML, like Gecko) Chrome/140.0.7339.127 Mobile Safari/537.36 (compatible; Googlebot/2.1; +http://www.google.com/bot.html)"
66.249.71.33 - - [17/Sep/2025:17:14:06 +0700] "GET /goods/only22740993.htm HTTP/1.0" 503 137 "-" "Mozilla/5.0 (Linux; Android 6.0.1; Nexus 5X Build/MMB29P) AppleWebKit/537.36 (KHTML, like Gecko) Chrome/140.0.7339.127 Mobile Safari/537.36 (compatible; Googlebot/2.1; +http://www.google.com/bot.html)"
57.141.2.32 - - [17/Sep/2025:20:27:32 +0700] "GET /goods/offic61452109.htm HTTP/1.0" 503 137 "-" "meta-externalagent/1.1 (+https://developers.facebook.com/docs/sharing/webmasters/crawler)"
213.209.157.232 - - [17/Sep/2025:16:13:12 +0700] "GET /.git/config HTTP/1.0" 503 137 "-" "Mozilla/5.0 (iPhone; CPU iPhone OS 10_3_3 like Mac OS X) AppleWebKit/603.3.8 (KHTML, like Gecko) Version/10.0 Mobile/14G60 Safari/602.1"
57.141.2.25 - - [17/Sep/2025:22:12:01 +0700] "GET /goods/it10393112.htm HTTP/1.0" 503 137 "-" "meta-externalagent/1.1 (+https://developers.facebook.com/docs/sharing/webmasters/crawler)"
57.141.2.76 - - [17/Sep/2025:21:59:40 +0700] "GET /goods/mecha31662218.htm HTTP/1.0" 503 137 "-" "meta-externalagent/1.1 (+https://developers.facebook.com/docs/sharing/webmasters/crawler)"
57.141.2.17 - - [17/Sep/2025:19:49:12 +0700] "GET /goods/conqu10838472.htm HTTP/1.0" 503 137 "-" "meta-externalagent/1.1 (+https://developers.facebook.com/docs/sharing/webmasters/crawler)"
57.141.2.1 - - [17/Sep/2025:20:33:05 +0700] "GET /goods/kiss50528028.htm HTTP/1.0" 503 137 "-" "meta-externalagent/1.1 (+https://developers.facebook.com/docs/sharing/webmasters/crawler)"
66.249.70.71 - - [17/Sep/2025:18:23:06 +0700] "GET /sitemapa.xml HTTP/1.0" 503 137 "-" "Mozilla/5.0 (compatible; Googlebot/2.1; +http://www.google.com/bot.html)"
45.227.253.15 - - [17/Sep/2025:22:23:49 +0700] "GET /index.php/jk HTTP/1.0" 503 137 "-" "Mozilla/5.0 (Macintosh; Intel Mac OS X 10_15_7) AppleWebKit/537.36 (KHTML, like Gecko) Chrome/86.0.4240.111 Safari/537.36 Edg/86.0.622.51"
57.141.2.61 - - [17/Sep/2025:20:49:46 +0700] "GET /goods/quant72146198.htm HTTP/1.0" 503 137 "-" "meta-externalagent/1.1 (+https://developers.facebook.com/docs/sharing/webmasters/crawler)"
57.141.2.57 - - [17/Sep/2025:22:18:33 +0700] "GET /goods/baby41748819.htm HTTP/1.0" 503 137 "-" "meta-externalagent/1.1 (+https://developers.facebook.com/docs/sharing/webmasters/crawler)"
57.141.2.75 - - [17/Sep/2025:23:31:53 +0700] "GET /goods/clums52629868.htm HTTP/1.0" 503 137 "-" "meta-externalagent/1.1 (+https://developers.facebook.com/docs/sharing/webmasters/crawler)"
57.141.2.22 - - [17/Sep/2025:22:56:21 +0700] "GET /goods/amate10227720.htm HTTP/1.0" 503 137 "-" "meta-externalagent/1.1 (+https://developers.facebook.com/docs/sharing/webmasters/crawler)"
57.141.2.65 - - [17/Sep/2025:23:50:52 +0700] "GET /goods/sligh42798163.htm HTTP/1.0" 503 137 "-" "meta-externalagent/1.1 (+https://developers.facebook.com/docs/sharing/webmasters/crawler)"
57.141.2.31 - - [17/Sep/2025:19:33:05 +0700] "GET /goods/passa12961184.htm HTTP/1.0" 503 137 "-" "meta-externalagent/1.1 (+https://developers.facebook.com/docs/sharing/webmasters/crawler)"
66.249.71.32 - - [17/Sep/2025:18:07:25 +0700] "GET /sitemapg.xml HTTP/1.0" 503 137 "-" "Mozilla/5.0 (compatible; Googlebot/2.1; +http://www.google.com/bot.html)"
66.249.70.71 - - [17/Sep/2025:15:22:39 +0700] "GET /goods/popul42376123.htm HTTP/1.0" 503 137 "-" "Mozilla/5.0 (Linux; Android 6.0.1; Nexus 5X Build/MMB29P) AppleWebKit/537.36 (KHTML, like Gecko) Chrome/140.0.7339.127 Mobile Safari/537.36 (compatible; GoogleOther)"
196.251.71.181 - - [17/Sep/2025:11:59:35 +0700] "GET //wp1/wp-includes/wlwmanifest.xml HTTP/1.0" 503 137 "-" "Mozilla/5.0 (Windows NT 10.0; Win64; x64) AppleWebKit/537.36 (KHTML, like Gecko) Chrome/89.0.4389.114 Safari/537.36"
172.172.33.75 - - [17/Sep/2025:22:12:01 +0700] "GET //website/wp-includes/wlwmanifest.xml HTTP/1.0" 503 137 "-" "Mozilla/5.0 (Windows NT 10.0; Win64; x64) AppleWebKit/537.36 (KHTML, like Gecko) Chrome/88.0.4240.193 Safari/537.36"
66.249.70.71 - - [17/Sep/2025:11:42:54 +0700] "GET /goods/tool80480999.htm HTTP/1.0" 503 137 "-" "Mozilla/5.0 (Linux; Android 6.0.1; Nexus 5X Build/MMB29P) AppleWebKit/537.36 (KHTML, like Gecko) Chrome/140.0.7339.127 Mobile Safari/537.36 (compatible; Googlebot/2.1; +http://www.google.com/bot.html)"
66.249.70.64 - - [17/Sep/2025:16:01:42 +0700] "GET /goods/amid21899801.htm HTTP/1.0" 503 137 "-" "Mozilla/5.0 (Linux; Android 6.0.1; Nexus 5X Build/MMB29P) AppleWebKit/537.36 (KHTML, like Gecko) Chrome/140.0.7339.127 Mobile Safari/537.36 (compatible; Googlebot/2.1; +http://www.google.com/bot.html)"
66.249.71.32 - - [17/Sep/2025:15:46:45 +0700] "GET /goods/zero61196733.htm HTTP/1.0" 503 137 "-" "Mozilla/5.0 (Linux; Android 6.0.1; Nexus 5X Build/MMB29P) AppleWebKit/537.36 (KHTML, like Gecko) Chrome/140.0.7339.127 Mobile Safari/537.36 (compatible; Googlebot/2.1; +http://www.google.com/bot.html)"
57.141.2.8 - - [17/Sep/2025:23:33:00 +0700] "GET /goods/kindn21383641.htm HTTP/1.0" 503 137 "-" "meta-externalagent/1.1 (+https://developers.facebook.com/docs/sharing/webmasters/crawler)"
66.249.71.32 - - [17/Sep/2025:14:53:47 +0700] "GET /goods/cleve72848798.htm HTTP/1.0" 503 137 "-" "Mozilla/5.0 (Linux; Android 6.0.1; Nexus 5X Build/MMB29P) AppleWebKit/537.36 (KHTML, like Gecko) Chrome/140.0.7339.127 Mobile Safari/537.36 (compatible; Googlebot/2.1; +http://www.google.com/bot.html)"
196.251.71.181 - - [17/Sep/2025:11:48:32 +0700] "GET //wp-includes/wlwmanifest.xml HTTP/1.0" 503 137 "-" "Mozilla/5.0 (Windows NT 10.0; Win64; x64) AppleWebKit/537.36 (KHTML, like Gecko) Chrome/89.0.4389.114 Safari/537.36"
66.249.70.64 - - [17/Sep/2025:14:25:00 +0700] "GET /goods/terro62329549.htm HTTP/1.0" 503 137 "-" "Mozilla/5.0 (Linux; Android 6.0.1; Nexus 5X Build/MMB29P) AppleWebKit/537.36 (KHTML, like Gecko) Chrome/140.0.7339.127 Mobile Safari/537.36 (compatible; Googlebot/2.1; +http://www.google.com/bot.html)"
57.141.2.60 - - [17/Sep/2025:23:19:41 +0700] "GET /goods/suitc62613525.htm HTTP/1.0" 503 137 "-" "meta-externalagent/1.1 (+https://developers.facebook.com/docs/sharing/webmasters/crawler)"
45.227.253.15 - - [17/Sep/2025:14:05:46 +0700] "GET /index.php/jk HTTP/1.0" 503 137 "-" "Mozilla/5.0 (iPad; U; CPU OS 4_3_3 like Mac OS X; ja) AppleWebKit/533.17.9 (KHTML, like Gecko) Version/5.0.2 Mobile/8J2 Safari/6533.18.5"
66.249.71.32 - - [17/Sep/2025:15:48:57 +0700] "GET /goods/mini22423857.htm HTTP/1.0" 503 137 "-" "Mozilla/5.0 (Linux; Android 6.0.1; Nexus 5X Build/MMB29P) AppleWebKit/537.36 (KHTML, like Gecko) Chrome/140.0.7339.127 Mobile Safari/537.36 (compatible; GoogleOther)"
54.91.154.200 - - [17/Sep/2025:20:36:31 +0700] "GET //website/wp-includes/wlwmanifest.xml HTTP/1.0" 503 137 "-" "Mozilla/5.0 (Windows NT 10.0; Win64; x64) AppleWebKit/537.36 (KHTML, like Gecko) Chrome/78.0.3904.108 Safari/537.36"
66.249.71.32 - - [17/Sep/2025:16:44:41 +0700] "GET /goods/court22481441.htm HTTP/1.0" 503 137 "-" "Mozilla/5.0 (Linux; Android 6.0.1; Nexus 5X Build/MMB29P) AppleWebKit/537.36 (KHTML, like Gecko) Chrome/140.0.7339.127 Mobile Safari/537.36 (compatible; Googlebot/2.1; +http://www.google.com/bot.html)"
196.251.71.181 - - [17/Sep/2025:11:49:32 +0700] "GET //xmlrpc.php?rsd HTTP/1.0" 503 137 "-" "Mozilla/5.0 (Windows NT 10.0; Win64; x64) AppleWebKit/537.36 (KHTML, like Gecko) Chrome/89.0.4389.114 Safari/537.36"
66.249.70.71 - - [17/Sep/2025:14:07:32 +0700] "GET /goods/cup70132382.htm HTTP/1.0" 503 137 "-" "Mozilla/5.0 (Linux; Android 6.0.1; Nexus 5X Build/MMB29P) AppleWebKit/537.36 (KHTML, like Gecko) Chrome/140.0.7339.127 Mobile Safari/537.36 (compatible; Googlebot/2.1; +http://www.google.com/bot.html)"
66.249.70.64 - - [17/Sep/2025:16:59:47 +0700] "GET /goods/bet80230823.htm HTTP/1.0" 503 137 "-" "Mozilla/5.0 (Linux; Android 6.0.1; Nexus 5X Build/MMB29P) AppleWebKit/537.36 (KHTML, like Gecko) Chrome/140.0.7339.127 Mobile Safari/537.36 (compatible; Googlebot/2.1; +http://www.google.com/bot.html)"
66.249.71.32 - - [17/Sep/2025:14:31:53 +0700] "GET /goods/fry72509718.htm HTTP/1.0" 503 137 "-" "Mozilla/5.0 (Linux; Android 6.0.1; Nexus 5X Build/MMB29P) AppleWebKit/537.36 (KHTML, like Gecko) Chrome/140.0.7339.127 Mobile Safari/537.36 (compatible; Googlebot/2.1; +http://www.google.com/bot.html)"
66.249.70.70 - - [17/Sep/2025:13:58:25 +0700] "GET /goods/herd42163611.htm HTTP/1.0" 503 137 "-" "Mozilla/5.0 (Linux; Android 6.0.1; Nexus 5X Build/MMB29P) AppleWebKit/537.36 (KHTML, like Gecko) Chrome/140.0.7339.127 Mobile Safari/537.36 (compatible; Googlebot/2.1; +http://www.google.com/bot.html)"
45.227.253.15 - - [17/Sep/2025:17:29:35 +0700] "GET /images/images/images/images/images/images/index.php?ARRAY=7o2230223n313735383130383830372p2231223n22687474703n5p2s5p2s6p776n39372r676165646s2r73746s72655p2s3s6p633q78696164616r5s72616r645s7061746826743q313735383130353230372q3564636336616130633561666663373731643333323964656134333665353865222p2232223n223237636331363839666238353431393737633435643063366536366664343032222p2233223n223236313736316262613936313838633038333939626534333630613935386237222p2262696r675s70617373223n2232302q34372q35362q36382q38302q38372q3330227q HTTP/1.0" 503 137 "-" "Mozilla/5.0 (Macintosh; Intel Mac OS X 10.13; rv:103.0) Gecko/20100101 Firefox/101.0"
57.141.2.59 - - [18/Sep/2025:09:55:18 +0700] "GET /goods/insid60572901.htm HTTP/1.0" 200 323 "-" "meta-externalagent/1.1 (+https://developers.facebook.com/docs/sharing/webmasters/crawler)"
57.141.2.74 - - [18/Sep/2025:09:56:24 +0700] "GET /goods/atmos50578164.htm HTTP/1.0" 200 323 "-" "meta-externalagent/1.1 (+https://developers.facebook.com/docs/sharing/webmasters/crawler)"
66.249.70.71 - - [18/Sep/2025:09:56:34 +0700] "GET /goods/urgen31295138.htm HTTP/1.0" 200 175105 "-" "Mozilla/5.0 (Linux; Android 6.0.1; Nexus 5X Build/MMB29P) AppleWebKit/537.36 (KHTML, like Gecko) Chrome/140.0.7339.127 Mobile Safari/537.36 (compatible; Googlebot/2.1; +http://www.google.com/bot.html)"
57.141.2.4 - - [18/Sep/2025:09:57:26 +0700] "GET /goods/shear82766943.htm HTTP/1.0" 200 323 "-" "meta-externalagent/1.1 (+https://developers.facebook.com/docs/sharing/webmasters/crawler)"
57.141.2.31 - - [18/Sep/2025:09:59:21 +0700] "GET /goods/need22988017.htm HTTP/1.0" 200 323 "-" "meta-externalagent/1.1 (+https://developers.facebook.com/docs/sharing/webmasters/crawler)"
57.141.2.75 - - [18/Sep/2025:10:00:17 +0700] "GET /goods/conte62373837.htm HTTP/1.0" 200 323 "-" "meta-externalagent/1.1 (+https://developers.facebook.com/docs/sharing/webmasters/crawler)"
57.141.2.53 - - [18/Sep/2025:10:01:09 +0700] "GET /goods/shame61240965.htm HTTP/1.0" 200 323 "-" "meta-externalagent/1.1 (+https://developers.facebook.com/docs/sharing/webmasters/crawler)"
57.141.2.27 - - [18/Sep/2025:10:02:03 +0700] "GET /goods/prolo62967725.htm HTTP/1.0" 200 323 "-" "meta-externalagent/1.1 (+https://developers.facebook.com/docs/sharing/webmasters/crawler)"
57.141.2.2 - - [18/Sep/2025:10:02:47 +0700] "GET /goods/rent41013643.htm HTTP/1.0" 200 323 "-" "meta-externalagent/1.1 (+https://developers.facebook.com/docs/sharing/webmasters/crawler)"
57.141.2.68 - - [18/Sep/2025:10:03:32 +0700] "GET /goods/satis11189808.htm HTTP/1.0" 200 323 "-" "meta-externalagent/1.1 (+https://developers.facebook.com/docs/sharing/webmasters/crawler)"
57.141.2.78 - - [18/Sep/2025:10:04:15 +0700] "GET /goods/peak12723496.htm HTTP/1.0" 200 323 "-" "meta-externalagent/1.1 (+https://developers.facebook.com/docs/sharing/webmasters/crawler)"
57.141.2.18 - - [18/Sep/2025:10:05:08 +0700] "GET /goods/serio22521217.htm HTTP/1.0" 200 323 "-" "meta-externalagent/1.1 (+https://developers.facebook.com/docs/sharing/webmasters/crawler)"
57.141.2.72 - - [18/Sep/2025:10:05:37 +0700] "GET /goods/shut60029661.htm HTTP/1.0" 200 323 "-" "meta-externalagent/1.1 (+https://developers.facebook.com/docs/sharing/webmasters/crawler)"
57.141.2.56 - - [18/Sep/2025:10:06:16 +0700] "GET /goods/hell40167091.htm HTTP/1.0" 200 323 "-" "meta-externalagent/1.1 (+https://developers.facebook.com/docs/sharing/webmasters/crawler)"
57.141.2.56 - - [18/Sep/2025:10:06:53 +0700] "GET /goods/cease71767006.htm HTTP/1.0" 200 323 "-" "meta-externalagent/1.1 (+https://developers.facebook.com/docs/sharing/webmasters/crawler)"
57.141.2.64 - - [18/Sep/2025:10:07:29 +0700] "GET /goods/bud50710684.htm HTTP/1.0" 200 323 "-" "meta-externalagent/1.1 (+https://developers.facebook.com/docs/sharing/webmasters/crawler)"
57.141.2.34 - - [18/Sep/2025:10:08:05 +0700] "GET /goods/nowad70786686.htm HTTP/1.0" 200 323 "-" "meta-externalagent/1.1 (+https://developers.facebook.com/docs/sharing/webmasters/crawler)"
57.141.2.55 - - [18/Sep/2025:10:08:37 +0700] "GET /goods/jeer72491846.htm HTTP/1.0" 200 323 "-" "meta-externalagent/1.1 (+https://developers.facebook.com/docs/sharing/webmasters/crawler)"
57.141.2.5 - - [18/Sep/2025:10:09:09 +0700] "GET /goods/rende70654078.htm HTTP/1.0" 200 323 "-" "meta-externalagent/1.1 (+https://developers.facebook.com/docs/sharing/webmasters/crawler)"
57.141.2.1 - - [18/Sep/2025:10:09:40 +0700] "GET /goods/floor52772380.htm HTTP/1.0" 200 323 "-" "meta-externalagent/1.1 (+https://developers.facebook.com/docs/sharing/webmasters/crawler)"
57.141.2.79 - - [18/Sep/2025:10:10:10 +0700] "GET /goods/haste30702970.htm HTTP/1.0" 200 323 "-" "meta-externalagent/1.1 (+https://developers.facebook.com/docs/sharing/webmasters/crawler)"
66.249.70.71 - - [18/Sep/2025:10:10:05 +0700] "GET /goods/refer21818809.htm HTTP/1.0" 200 174693 "-" "Mozilla/5.0 (Linux; Android 6.0.1; Nexus 5X Build/MMB29P) AppleWebKit/537.36 (KHTML, like Gecko) Chrome/140.0.7339.127 Mobile Safari/537.36 (compatible; Googlebot/2.1; +http://www.google.com/bot.html)"
57.141.2.25 - - [18/Sep/2025:10:10:41 +0700] "GET /goods/estat40011747.htm HTTP/1.0" 200 323 "-" "meta-externalagent/1.1 (+https://developers.facebook.com/docs/sharing/webmasters/crawler)"
57.141.2.77 - - [18/Sep/2025:10:11:07 +0700] "GET /goods/scene21521745.htm HTTP/1.0" 200 323 "-" "meta-externalagent/1.1 (+https://developers.facebook.com/docs/sharing/webmasters/crawler)"
57.141.2.92 - - [18/Sep/2025:10:11:40 +0700] "GET /goods/modes70893438.htm HTTP/1.0" 200 323 "-" "meta-externalagent/1.1 (+https://developers.facebook.com/docs/sharing/webmasters/crawler)"
57.141.2.35 - - [18/Sep/2025:10:12:03 +0700] "GET /goods/capta80024639.htm HTTP/1.0" 200 323 "-" "meta-externalagent/1.1 (+https://developers.facebook.com/docs/sharing/webmasters/crawler)"
66.249.70.64 - - [18/Sep/2025:10:11:59 +0700] "GET /goods/slip30735746.htm HTTP/1.0" 200 183351 "-" "Mozilla/5.0 (Linux; Android 6.0.1; Nexus 5X Build/MMB29P) AppleWebKit/537.36 (KHTML, like Gecko) Chrome/140.0.7339.127 Mobile Safari/537.36 (compatible; Googlebot/2.1; +http://www.google.com/bot.html)"
57.141.2.15 - - [18/Sep/2025:10:12:30 +0700] "GET /goods/ankle62606925.htm HTTP/1.0" 200 323 "-" "meta-externalagent/1.1 (+https://developers.facebook.com/docs/sharing/webmasters/crawler)"
57.141.2.29 - - [18/Sep/2025:10:12:57 +0700] "GET /goods/workm60994629.htm HTTP/1.0" 200 323 "-" "meta-externalagent/1.1 (+https://developers.facebook.com/docs/sharing/webmasters/crawler)"
57.141.2.79 - - [18/Sep/2025:10:13:22 +0700] "GET /goods/terri21409049.htm HTTP/1.0" 200 323 "-" "meta-externalagent/1.1 (+https://developers.facebook.com/docs/sharing/webmasters/crawler)"
57.141.2.58 - - [18/Sep/2025:10:13:45 +0700] "GET /goods/tempo50263516.htm HTTP/1.0" 200 323 "-" "meta-externalagent/1.1 (+https://developers.facebook.com/docs/sharing/webmasters/crawler)"
57.141.2.62 - - [18/Sep/2025:10:14:08 +0700] "GET /goods/walle60297421.htm HTTP/1.0" 200 323 "-" "meta-externalagent/1.1 (+https://developers.facebook.com/docs/sharing/webmasters/crawler)"
57.141.2.38 - - [18/Sep/2025:10:14:31 +0700] "GET /goods/react52958228.htm HTTP/1.0" 200 323 "-" "meta-externalagent/1.1 (+https://developers.facebook.com/docs/sharing/webmasters/crawler)"
57.141.2.7 - - [18/Sep/2025:10:14:54 +0700] "GET /goods/comed41041491.htm HTTP/1.0" 200 323 "-" "meta-externalagent/1.1 (+https://developers.facebook.com/docs/sharing/webmasters/crawler)"
57.141.2.35 - - [18/Sep/2025:10:15:18 +0700] "GET /goods/balan42929467.htm HTTP/1.0" 200 323 "-" "meta-externalagent/1.1 (+https://developers.facebook.com/docs/sharing/webmasters/crawler)"
57.141.2.58 - - [18/Sep/2025:10:15:38 +0700] "GET /goods/zag61215933.htm HTTP/1.0" 200 323 "-" "meta-externalagent/1.1 (+https://developers.facebook.com/docs/sharing/webmasters/crawler)"
57.141.2.61 - - [18/Sep/2025:10:16:01 +0700] "GET /goods/unfam30473370.htm HTTP/1.0" 200 323 "-" "meta-externalagent/1.1 (+https://developers.facebook.com/docs/sharing/webmasters/crawler)"
57.141.2.29 - - [18/Sep/2025:10:16:19 +0700] "GET /goods/decem11205096.htm HTTP/1.0" 200 323 "-" "meta-externalagent/1.1 (+https://developers.facebook.com/docs/sharing/webmasters/crawler)"
66.249.71.34 - - [18/Sep/2025:10:16:33 +0700] "GET /goods/fleet62355429.htm HTTP/1.0" 200 173100 "-" "Mozilla/5.0 (Linux; Android 6.0.1; Nexus 5X Build/MMB29P) AppleWebKit/537.36 (KHTML, like Gecko) Chrome/140.0.7339.127 Mobile Safari/537.36 (compatible; Googlebot/2.1; +http://www.google.com/bot.html)"
57.141.2.72 - - [18/Sep/2025:10:16:40 +0700] "GET /goods/vital80405847.htm HTTP/1.0" 200 323 "-" "meta-externalagent/1.1 (+https://developers.facebook.com/docs/sharing/webmasters/crawler)"
57.141.2.61 - - [18/Sep/2025:10:17:03 +0700] "GET /goods/instr62128493.htm HTTP/1.0" 200 323 "-" "meta-externalagent/1.1 (+https://developers.facebook.com/docs/sharing/webmasters/crawler)"
57.141.2.6 - - [18/Sep/2025:10:17:21 +0700] "GET /goods/depos31074954.htm HTTP/1.0" 200 323 "-" "meta-externalagent/1.1 (+https://developers.facebook.com/docs/sharing/webmasters/crawler)"
57.141.2.9 - - [18/Sep/2025:10:17:39 +0700] "GET /goods/nerve51950860.htm HTTP/1.0" 200 323 "-" "meta-externalagent/1.1 (+https://developers.facebook.com/docs/sharing/webmasters/crawler)"
57.141.2.92 - - [18/Sep/2025:10:17:58 +0700] "GET /goods/funer61170829.htm HTTP/1.0" 200 323 "-" "meta-externalagent/1.1 (+https://developers.facebook.com/docs/sharing/webmasters/crawler)"
57.141.2.80 - - [18/Sep/2025:10:18:34 +0700] "GET /goods/wide12993024.htm HTTP/1.0" 200 323 "-" "meta-externalagent/1.1 (+https://developers.facebook.com/docs/sharing/webmasters/crawler)"
57.141.2.78 - - [18/Sep/2025:10:18:57 +0700] "GET /goods/susta31922058.htm HTTP/1.0" 200 323 "-" "meta-externalagent/1.1 (+https://developers.facebook.com/docs/sharing/webmasters/crawler)"
57.141.2.82 - - [18/Sep/2025:10:19:12 +0700] "GET /goods/glanc11610808.htm HTTP/1.0" 200 323 "-" "meta-externalagent/1.1 (+https://developers.facebook.com/docs/sharing/webmasters/crawler)"
57.141.2.6 - - [18/Sep/2025:10:19:30 +0700] "GET /goods/previ62977949.htm HTTP/1.0" 200 323 "-" "meta-externalagent/1.1 (+https://developers.facebook.com/docs/sharing/webmasters/crawler)"
57.141.2.7 - - [18/Sep/2025:10:19:46 +0700] "GET /goods/cubic40782675.htm HTTP/1.0" 200 323 "-" "meta-externalagent/1.1 (+https://developers.facebook.com/docs/sharing/webmasters/crawler)"
57.141.2.82 - - [18/Sep/2025:10:20:04 +0700] "GET /goods/pregn40593987.htm HTTP/1.0" 200 323 "-" "meta-externalagent/1.1 (+https://developers.facebook.com/docs/sharing/webmasters/crawler)"
