57.141.2.8 - - [18/Sep/2025:14:38:53 +0700] "GET /goods/comma70977542.htm HTTP/1.0" 200 323 "-" "meta-externalagent/1.1 (+https://developers.facebook.com/docs/sharing/webmasters/crawler)"
57.141.2.75 - - [18/Sep/2025:14:39:36 +0700] "GET /goods/few21132625.htm HTTP/1.0" 200 323 "-" "meta-externalagent/1.1 (+https://developers.facebook.com/docs/sharing/webmasters/crawler)"
66.249.70.70 - - [18/Sep/2025:14:39:38 +0700] "GET /goods/syste51390700.htm HTTP/1.0" 200 180961 "-" "Mozilla/5.0 (Linux; Android 6.0.1; Nexus 5X Build/MMB29P) AppleWebKit/537.36 (KHTML, like Gecko) Chrome/140.0.7339.127 Mobile Safari/537.36 (compatible; Googlebot/2.1; +http://www.google.com/bot.html)"
57.141.2.61 - - [18/Sep/2025:14:39:58 +0700] "GET /goods/broom60295325.htm HTTP/1.0" 200 323 "-" "meta-externalagent/1.1 (+https://developers.facebook.com/docs/sharing/webmasters/crawler)"
57.141.2.32 - - [18/Sep/2025:14:40:29 +0700] "GET /goods/forei12904224.htm HTTP/1.0" 200 323 "-" "meta-externalagent/1.1 (+https://developers.facebook.com/docs/sharing/webmasters/crawler)"
57.141.2.94 - - [18/Sep/2025:14:41:16 +0700] "GET /goods/cease72147006.htm HTTP/1.0" 200 323 "-" "meta-externalagent/1.1 (+https://developers.facebook.com/docs/sharing/webmasters/crawler)"
66.249.70.70 - - [18/Sep/2025:14:40:56 +0700] "GET /goods/soar42561923.htm HTTP/1.0" 200 175009 "-" "Mozilla/5.0 (Linux; Android 6.0.1; Nexus 5X Build/MMB29P) AppleWebKit/537.36 (KHTML, like Gecko) Chrome/140.0.7339.127 Mobile Safari/537.36 (compatible; Googlebot/2.1; +http://www.google.com/bot.html)"
57.141.2.38 - - [18/Sep/2025:14:42:42 +0700] "GET /goods/zig50379932.htm HTTP/1.0" 200 323 "-" "meta-externalagent/1.1 (+https://developers.facebook.com/docs/sharing/webmasters/crawler)"
57.141.2.57 - - [18/Sep/2025:14:43:26 +0700] "GET /goods/futur42188371.htm HTTP/1.0" 200 323 "-" "meta-externalagent/1.1 (+https://developers.facebook.com/docs/sharing/webmasters/crawler)"
57.141.2.59 - - [18/Sep/2025:14:43:30 +0700] "GET /goods/pool12672872.htm HTTP/1.0" 200 323 "-" "meta-externalagent/1.1 (+https://developers.facebook.com/docs/sharing/webmasters/crawler)"
57.141.2.69 - - [18/Sep/2025:14:43:53 +0700] "GET /goods/pump50598492.htm HTTP/1.0" 200 323 "-" "meta-externalagent/1.1 (+https://developers.facebook.com/docs/sharing/webmasters/crawler)"
57.141.2.66 - - [18/Sep/2025:14:44:24 +0700] "GET /goods/facto32040834.htm HTTP/1.0" 200 323 "-" "meta-externalagent/1.1 (+https://developers.facebook.com/docs/sharing/webmasters/crawler)"
66.249.71.34 - - [18/Sep/2025:14:45:18 +0700] "GET /goods/pot20883489.htm HTTP/1.0" 200 174394 "-" "Mozilla/5.0 (Linux; Android 6.0.1; Nexus 5X Build/MMB29P) AppleWebKit/537.36 (KHTML, like Gecko) Chrome/140.0.7339.127 Mobile Safari/537.36 (compatible; Googlebot/2.1; +http://www.google.com/bot.html)"
66.249.70.71 - - [18/Sep/2025:14:45:43 +0700] "GET /goods/polic12140152.htm HTTP/1.0" 200 323 "-" "Mozilla/5.0 (Linux; Android 6.0.1; Nexus 5X Build/MMB29P) AppleWebKit/537.36 (KHTML, like Gecko) Chrome/140.0.7339.127 Mobile Safari/537.36 (compatible; GoogleOther)"
57.141.2.25 - - [18/Sep/2025:14:46:15 +0700] "GET /goods/talen60057605.htm HTTP/1.0" 200 323 "-" "meta-externalagent/1.1 (+https://developers.facebook.com/docs/sharing/webmasters/crawler)"
57.141.2.80 - - [18/Sep/2025:14:46:21 +0700] "GET /goods/husba72396702.htm HTTP/1.0" 200 323 "-" "meta-externalagent/1.1 (+https://developers.facebook.com/docs/sharing/webmasters/crawler)"
57.141.2.58 - - [18/Sep/2025:14:46:30 +0700] "GET /goods/lunch61660765.htm HTTP/1.0" 200 323 "-" "meta-externalagent/1.1 (+https://developers.facebook.com/docs/sharing/webmasters/crawler)"
57.141.2.76 - - [18/Sep/2025:14:46:55 +0700] "GET /goods/rate40770251.htm HTTP/1.0" 200 323 "-" "meta-externalagent/1.1 (+https://developers.facebook.com/docs/sharing/webmasters/crawler)"
57.141.2.28 - - [18/Sep/2025:14:47:11 +0700] "GET /goods/unres81937839.htm HTTP/1.0" 200 323 "-" "meta-externalagent/1.1 (+https://developers.facebook.com/docs/sharing/webmasters/crawler)"
66.249.70.64 - - [18/Sep/2025:14:47:59 +0700] "GET /goods/farme42725291.htm HTTP/1.0" 200 174668 "-" "Mozilla/5.0 (Linux; Android 6.0.1; Nexus 5X Build/MMB29P) AppleWebKit/537.36 (KHTML, like Gecko) Chrome/140.0.7339.127 Mobile Safari/537.36 (compatible; Googlebot/2.1; +http://www.google.com/bot.html)"
57.141.2.81 - - [18/Sep/2025:14:48:23 +0700] "GET /goods/effic41450067.htm HTTP/1.0" 200 323 "-" "meta-externalagent/1.1 (+https://developers.facebook.com/docs/sharing/webmasters/crawler)"
66.249.71.33 - - [18/Sep/2025:14:48:14 +0700] "GET /goods/passi81445823.htm HTTP/1.0" 200 176024 "-" "Mozilla/5.0 (Linux; Android 6.0.1; Nexus 5X Build/MMB29P) AppleWebKit/537.36 (KHTML, like Gecko) Chrome/140.0.7339.127 Mobile Safari/537.36 (compatible; GoogleOther)"
66.249.71.33 - - [18/Sep/2025:14:48:29 +0700] "POST /get-message-notify HTTP/1.0" 503 8544 "https://vnc-group.vn/goods/farme42725291.htm" "Mozilla/5.0 (Linux; Android 6.0.1; Nexus 5X Build/MMB29P) AppleWebKit/537.36 (KHTML, like Gecko) Chrome/139.0.7258.127 Mobile Safari/537.36 (compatible; Googlebot/2.1; +http://www.google.com/bot.html)"
57.141.2.27 - - [18/Sep/2025:14:48:43 +0700] "GET /goods/bedro12628976.htm HTTP/1.0" 200 323 "-" "meta-externalagent/1.1 (+https://developers.facebook.com/docs/sharing/webmasters/crawler)"
57.141.2.77 - - [18/Sep/2025:14:48:55 +0700] "GET /goods/calcu52905532.htm HTTP/1.0" 200 323 "-" "meta-externalagent/1.1 (+https://developers.facebook.com/docs/sharing/webmasters/crawler)"
66.249.70.70 - - [18/Sep/2025:14:48:58 +0700] "GET /goods/lectu52918540.htm HTTP/1.0" 200 183423 "-" "Mozilla/5.0 (Linux; Android 6.0.1; Nexus 5X Build/MMB29P) AppleWebKit/537.36 (KHTML, like Gecko) Chrome/140.0.7339.127 Mobile Safari/537.36 (compatible; Googlebot/2.1; +http://www.google.com/bot.html)"
57.141.2.33 - - [18/Sep/2025:14:49:22 +0700] "GET /goods/coars82643647.htm HTTP/1.0" 200 323 "-" "meta-externalagent/1.1 (+https://developers.facebook.com/docs/sharing/webmasters/crawler)"
57.141.2.56 - - [18/Sep/2025:14:49:42 +0700] "GET /goods/light60293245.htm HTTP/1.0" 200 323 "-" "meta-externalagent/1.1 (+https://developers.facebook.com/docs/sharing/webmasters/crawler)"
57.141.2.53 - - [18/Sep/2025:14:50:21 +0700] "GET /goods/highw11526984.htm HTTP/1.0" 200 323 "-" "meta-externalagent/1.1 (+https://developers.facebook.com/docs/sharing/webmasters/crawler)"
57.141.2.70 - - [18/Sep/2025:14:50:23 +0700] "GET /goods/cave32375330.htm HTTP/1.0" 200 323 "-" "meta-externalagent/1.1 (+https://developers.facebook.com/docs/sharing/webmasters/crawler)"
66.249.70.70 - - [18/Sep/2025:14:50:07 +0700] "GET /goods/two32685218.htm HTTP/1.0" 200 198426 "-" "Mozilla/5.0 (Linux; Android 6.0.1; Nexus 5X Build/MMB29P) AppleWebKit/537.36 (KHTML, like Gecko) Chrome/140.0.7339.127 Mobile Safari/537.36 (compatible; Googlebot/2.1; +http://www.google.com/bot.html)"
57.141.2.66 - - [18/Sep/2025:14:50:35 +0700] "GET /goods/fort42767971.htm HTTP/1.0" 200 323 "-" "meta-externalagent/1.1 (+https://developers.facebook.com/docs/sharing/webmasters/crawler)"
57.141.2.81 - - [18/Sep/2025:14:51:20 +0700] "GET /goods/banan30581106.htm HTTP/1.0" 200 323 "-" "meta-externalagent/1.1 (+https://developers.facebook.com/docs/sharing/webmasters/crawler)"
57.141.2.10 - - [18/Sep/2025:14:51:23 +0700] "GET /goods/reces20089865.htm HTTP/1.0" 200 323 "-" "meta-externalagent/1.1 (+https://developers.facebook.com/docs/sharing/webmasters/crawler)"
66.249.71.33 - - [18/Sep/2025:14:51:34 +0700] "GET /goods/muscl72183550.htm HTTP/1.0" 200 173393 "-" "Mozilla/5.0 (Linux; Android 6.0.1; Nexus 5X Build/MMB29P) AppleWebKit/537.36 (KHTML, like Gecko) Chrome/140.0.7339.127 Mobile Safari/537.36 (compatible; Googlebot/2.1; +http://www.google.com/bot.html)"
57.141.2.17 - - [18/Sep/2025:14:52:13 +0700] "GET /goods/strat42565611.htm HTTP/1.0" 200 323 "-" "meta-externalagent/1.1 (+https://developers.facebook.com/docs/sharing/webmasters/crawler)"
66.249.70.64 - - [18/Sep/2025:14:52:09 +0700] "GET /goods/thril52505484.htm HTTP/1.0" 200 323 "-" "Mozilla/5.0 (Linux; Android 6.0.1; Nexus 5X Build/MMB29P) AppleWebKit/537.36 (KHTML, like Gecko) Chrome/140.0.7339.127 Mobile Safari/537.36 (compatible; GoogleOther)"
57.141.2.29 - - [18/Sep/2025:14:53:17 +0700] "GET /goods/dot72619566.htm HTTP/1.0" 200 323 "-" "meta-externalagent/1.1 (+https://developers.facebook.com/docs/sharing/webmasters/crawler)"
57.141.2.64 - - [18/Sep/2025:14:53:44 +0700] "GET /goods/oven20890825.htm HTTP/1.0" 200 323 "-" "meta-externalagent/1.1 (+https://developers.facebook.com/docs/sharing/webmasters/crawler)"
20.214.240.40 - - [18/Sep/2025:14:54:21 +0700] "GET /wp-content/plugins/hellopress/wp_filemanager.php HTTP/1.0" 200 323 "-" "-"
20.214.240.40 - - [18/Sep/2025:14:54:21 +0700] "GET /error.php HTTP/1.0" 403 1229 "-" "-"
20.214.240.40 - - [18/Sep/2025:14:54:21 +0700] "GET /ea.php HTTP/1.0" 403 1229 "-" "-"
20.214.240.40 - - [18/Sep/2025:14:54:21 +0700] "GET /gi.php HTTP/1.0" 403 1229 "-" "-"
20.214.240.40 - - [18/Sep/2025:14:54:22 +0700] "GET /nov.php HTTP/1.0" 403 1229 "-" "-"
20.214.240.40 - - [18/Sep/2025:14:54:22 +0700] "GET /xo.php HTTP/1.0" 403 1229 "-" "-"
20.214.240.40 - - [18/Sep/2025:14:54:22 +0700] "GET /555.php HTTP/1.0" 403 1229 "-" "-"
20.214.240.40 - - [18/Sep/2025:14:54:22 +0700] "GET /anskrit.php HTTP/1.0" 403 1229 "-" "-"
20.214.240.40 - - [18/Sep/2025:14:54:22 +0700] "GET /habhan.php HTTP/1.0" 403 1229 "-" "-"
20.214.240.40 - - [18/Sep/2025:14:54:22 +0700] "GET /win.php HTTP/1.0" 403 1229 "-" "-"
20.214.240.40 - - [18/Sep/2025:14:54:22 +0700] "GET /ut.php HTTP/1.0" 403 1229 "-" "-"
20.214.240.40 - - [18/Sep/2025:14:54:23 +0700] "GET /ooaiyc.php HTTP/1.0" 403 1229 "-" "-"
20.214.240.40 - - [18/Sep/2025:14:54:23 +0700] "GET /addle.php HTTP/1.0" 403 1229 "-" "-"
20.214.240.40 - - [18/Sep/2025:14:54:23 +0700] "GET /nx1.php HTTP/1.0" 403 1229 "-" "-"
20.214.240.40 - - [18/Sep/2025:14:54:23 +0700] "GET /avtst.php HTTP/1.0" 403 1229 "-" "-"
20.214.240.40 - - [18/Sep/2025:14:54:23 +0700] "GET /inde.php HTTP/1.0" 403 1229 "-" "-"
20.214.240.40 - - [18/Sep/2025:14:54:23 +0700] "GET /classgoto24.php HTTP/1.0" 403 1229 "-" "-"
20.214.240.40 - - [18/Sep/2025:14:54:23 +0700] "GET /lx.php HTTP/1.0" 403 1229 "-" "-"
20.214.240.40 - - [18/Sep/2025:14:54:24 +0700] "GET /die.php HTTP/1.0" 403 1229 "-" "-"
20.214.240.40 - - [18/Sep/2025:14:54:24 +0700] "GET /aaaa.php HTTP/1.0" 403 1229 "-" "-"
20.214.240.40 - - [18/Sep/2025:14:54:24 +0700] "GET /bbbb.php HTTP/1.0" 403 1229 "-" "-"
20.214.240.40 - - [18/Sep/2025:14:54:24 +0700] "GET /cccc.php HTTP/1.0" 403 1229 "-" "-"
57.141.2.60 - - [18/Sep/2025:14:54:24 +0700] "GET /goods/fight41865739.htm HTTP/1.0" 200 323 "-" "meta-externalagent/1.1 (+https://developers.facebook.com/docs/sharing/webmasters/crawler)"
20.214.240.40 - - [18/Sep/2025:14:54:24 +0700] "GET /file.php HTTP/1.0" 403 1229 "-" "-"
20.214.240.40 - - [18/Sep/2025:14:54:24 +0700] "GET /file1.php HTTP/1.0" 403 1229 "-" "-"
20.214.240.40 - - [18/Sep/2025:14:54:24 +0700] "GET /file2.php HTTP/1.0" 403 1229 "-" "-"
20.214.240.40 - - [18/Sep/2025:14:54:25 +0700] "GET /file5.php HTTP/1.0" 403 1229 "-" "-"
20.214.240.40 - - [18/Sep/2025:14:54:25 +0700] "GET /file17.php HTTP/1.0" 403 1229 "-" "-"
20.214.240.40 - - [18/Sep/2025:14:54:25 +0700] "GET /file32.php HTTP/1.0" 403 1229 "-" "-"
20.214.240.40 - - [18/Sep/2025:14:54:25 +0700] "GET /filesss.php HTTP/1.0" 403 1229 "-" "-"
20.214.240.40 - - [18/Sep/2025:14:54:25 +0700] "GET /file9.php HTTP/1.0" 403 1229 "-" "-"
20.214.240.40 - - [18/Sep/2025:14:54:25 +0700] "GET /file13.php HTTP/1.0" 403 1229 "-" "-"
20.214.240.40 - - [18/Sep/2025:14:54:26 +0700] "GET /file3.php HTTP/1.0" 403 1229 "-" "-"
20.214.240.40 - - [18/Sep/2025:14:54:26 +0700] "GET /3406.php HTTP/1.0" 403 1229 "-" "-"
20.214.240.40 - - [18/Sep/2025:14:54:26 +0700] "GET /963e.php HTTP/1.0" 403 1229 "-" "-"
20.214.240.40 - - [18/Sep/2025:14:54:26 +0700] "GET /hk.php HTTP/1.0" 403 1229 "-" "-"
20.214.240.40 - - [18/Sep/2025:14:54:26 +0700] "GET /cjfuns.php HTTP/1.0" 200 323 "-" "-"
20.214.240.40 - - [18/Sep/2025:14:54:26 +0700] "GET /akk.php HTTP/1.0" 403 1229 "-" "-"
20.214.240.40 - - [18/Sep/2025:14:54:26 +0700] "GET /alpa.php HTTP/1.0" 403 1229 "-" "-"
20.214.240.40 - - [18/Sep/2025:14:54:26 +0700] "GET /bitch.php HTTP/1.0" 403 1229 "-" "-"
20.214.240.40 - - [18/Sep/2025:14:54:27 +0700] "GET /rrr.php HTTP/1.0" 403 1229 "-" "-"
20.214.240.40 - - [18/Sep/2025:14:54:27 +0700] "GET /vee.php HTTP/1.0" 403 1229 "-" "-"
20.214.240.40 - - [18/Sep/2025:14:54:27 +0700] "GET /0x0x.php HTTP/1.0" 403 1229 "-" "-"
20.214.240.40 - - [18/Sep/2025:14:54:27 +0700] "GET /atomlib.php HTTP/1.0" 403 1229 "-" "-"
20.214.240.40 - - [18/Sep/2025:14:54:27 +0700] "GET /manager.php HTTP/1.0" 403 1229 "-" "-"
20.214.240.40 - - [18/Sep/2025:14:54:27 +0700] "GET /abcd.php HTTP/1.0" 403 1229 "-" "-"
20.214.240.40 - - [18/Sep/2025:14:54:27 +0700] "GET /520.php HTTP/1.0" 403 1229 "-" "-"
20.214.240.40 - - [18/Sep/2025:14:54:28 +0700] "GET /031.php HTTP/1.0" 403 1229 "-" "-"
20.214.240.40 - - [18/Sep/2025:14:54:28 +0700] "GET /we.php HTTP/1.0" 403 1229 "-" "-"
20.214.240.40 - - [18/Sep/2025:14:54:28 +0700] "GET /fe5.php HTTP/1.0" 403 1229 "-" "-"
20.214.240.40 - - [18/Sep/2025:14:54:28 +0700] "GET /gmo.php HTTP/1.0" 403 1229 "-" "-"
20.214.240.40 - - [18/Sep/2025:14:54:28 +0700] "GET /shell1.php HTTP/1.0" 403 1229 "-" "-"
20.214.240.40 - - [18/Sep/2025:14:54:28 +0700] "GET /gm.php HTTP/1.0" 403 1229 "-" "-"
20.214.240.40 - - [18/Sep/2025:14:54:29 +0700] "GET /lala.php HTTP/1.0" 403 1229 "-" "-"
20.214.240.40 - - [18/Sep/2025:14:54:29 +0700] "GET /hexx.php HTTP/1.0" 403 1229 "-" "-"
20.214.240.40 - - [18/Sep/2025:14:54:29 +0700] "GET /444.php HTTP/1.0" 403 1229 "-" "-"
20.214.240.40 - - [18/Sep/2025:14:54:29 +0700] "GET /a2.php HTTP/1.0" 403 1229 "-" "-"
20.214.240.40 - - [18/Sep/2025:14:54:29 +0700] "GET /lv.php HTTP/1.0" 403 1229 "-" "-"
20.214.240.40 - - [18/Sep/2025:14:54:29 +0700] "GET /goat.php HTTP/1.0" 403 1229 "-" "-"
20.214.240.40 - - [18/Sep/2025:14:54:29 +0700] "GET /222.php HTTP/1.0" 403 1229 "-" "-"
20.214.240.40 - - [18/Sep/2025:14:54:30 +0700] "GET /aa.php HTTP/1.0" 403 1229 "-" "-"
20.214.240.40 - - [18/Sep/2025:14:54:30 +0700] "GET /vast.php HTTP/1.0" 403 1229 "-" "-"
20.214.240.40 - - [18/Sep/2025:14:54:30 +0700] "GET /rrr.php HTTP/1.0" 403 1229 "-" "-"
20.214.240.40 - - [18/Sep/2025:14:54:30 +0700] "GET /bolt.php HTTP/1.0" 403 1229 "-" "-"
20.214.240.40 - - [18/Sep/2025:14:54:30 +0700] "GET /ilex.php HTTP/1.0" 403 1229 "-" "-"
20.214.240.40 - - [18/Sep/2025:14:54:30 +0700] "GET /des.php HTTP/1.0" 403 1229 "-" "-"
20.214.240.40 - - [18/Sep/2025:14:54:30 +0700] "GET /ext.php HTTP/1.0" 403 1229 "-" "-"
20.214.240.40 - - [18/Sep/2025:14:54:31 +0700] "GET /axx.php HTTP/1.0" 403 1229 "-" "-"
20.214.240.40 - - [18/Sep/2025:14:54:31 +0700] "GET /wp-update.php HTTP/1.0" 403 1229 "-" "-"
20.214.240.40 - - [18/Sep/2025:14:54:31 +0700] "GET /yasnu.php HTTP/1.0" 403 1229 "-" "-"
20.214.240.40 - - [18/Sep/2025:14:54:31 +0700] "GET /new4.php HTTP/1.0" 403 1229 "-" "-"
20.214.240.40 - - [18/Sep/2025:14:54:31 +0700] "GET /ava.php HTTP/1.0" 403 1229 "-" "-"
20.214.240.40 - - [18/Sep/2025:14:54:31 +0700] "GET /ioxi2.php HTTP/1.0" 403 1229 "-" "-"
20.214.240.40 - - [18/Sep/2025:14:54:31 +0700] "GET /rsnu.php HTTP/1.0" 403 1229 "-" "-"
20.214.240.40 - - [18/Sep/2025:14:54:32 +0700] "GET /default.php HTTP/1.0" 403 1229 "-" "-"
20.214.240.40 - - [18/Sep/2025:14:54:32 +0700] "GET /re.php HTTP/1.0" 403 1229 "-" "-"
20.214.240.40 - - [18/Sep/2025:14:54:32 +0700] "GET /fe5.php HTTP/1.0" 403 1229 "-" "-"
20.214.240.40 - - [18/Sep/2025:14:54:32 +0700] "GET /jmfi2.php HTTP/1.0" 403 1229 "-" "-"
20.214.240.40 - - [18/Sep/2025:14:54:32 +0700] "GET /class.1.php HTTP/1.0" 403 1229 "-" "-"
20.214.240.40 - - [18/Sep/2025:14:54:32 +0700] "GET /aa.php HTTP/1.0" 403 1229 "-" "-"
20.214.240.40 - - [18/Sep/2025:14:54:32 +0700] "GET /cjfuns.php HTTP/1.0" 200 323 "-" "-"
20.214.240.40 - - [18/Sep/2025:14:54:33 +0700] "GET /gfile1.php HTTP/1.0" 403 1229 "-" "-"
20.214.240.40 - - [18/Sep/2025:14:54:33 +0700] "GET /ffile.php HTTP/1.0" 403 1229 "-" "-"
20.214.240.40 - - [18/Sep/2025:14:54:33 +0700] "GET /bp.php HTTP/1.0" 403 1229 "-" "-"
20.214.240.40 - - [18/Sep/2025:14:54:33 +0700] "GET /tox.php HTTP/1.0" 403 1229 "-" "-"
57.141.2.8 - - [18/Sep/2025:14:54:39 +0700] "GET /goods/concr11285944.htm HTTP/1.0" 200 323 "-" "meta-externalagent/1.1 (+https://developers.facebook.com/docs/sharing/webmasters/crawler)"
57.141.2.68 - - [18/Sep/2025:14:54:52 +0700] "GET /goods/divor61122725.htm HTTP/1.0" 200 323 "-" "meta-externalagent/1.1 (+https://developers.facebook.com/docs/sharing/webmasters/crawler)"
57.141.2.2 - - [18/Sep/2025:14:54:52 +0700] "GET /goods/measu22966185.htm HTTP/1.0" 200 323 "-" "meta-externalagent/1.1 (+https://developers.facebook.com/docs/sharing/webmasters/crawler)"
66.249.70.70 - - [18/Sep/2025:14:54:49 +0700] "GET /goods/parti21913433.htm HTTP/1.0" 200 172523 "-" "Mozilla/5.0 (Linux; Android 6.0.1; Nexus 5X Build/MMB29P) AppleWebKit/537.36 (KHTML, like Gecko) Chrome/140.0.7339.127 Mobile Safari/537.36 (compatible; Googlebot/2.1; +http://www.google.com/bot.html)"
57.141.2.28 - - [18/Sep/2025:14:55:49 +0700] "GET /goods/insuf51830844.htm HTTP/1.0" 200 323 "-" "meta-externalagent/1.1 (+https://developers.facebook.com/docs/sharing/webmasters/crawler)"
57.141.2.33 - - [18/Sep/2025:14:55:51 +0700] "GET /goods/rib61795621.htm HTTP/1.0" 200 323 "-" "meta-externalagent/1.1 (+https://developers.facebook.com/docs/sharing/webmasters/crawler)"
57.141.2.1 - - [18/Sep/2025:14:56:01 +0700] "GET /goods/accel20694449.htm HTTP/1.0" 200 323 "-" "meta-externalagent/1.1 (+https://developers.facebook.com/docs/sharing/webmasters/crawler)"
57.141.2.35 - - [18/Sep/2025:14:57:06 +0700] "GET /goods/mile10664776.htm HTTP/1.0" 200 323 "-" "meta-externalagent/1.1 (+https://developers.facebook.com/docs/sharing/webmasters/crawler)"
57.141.2.81 - - [18/Sep/2025:14:57:10 +0700] "GET /goods/east80520711.htm HTTP/1.0" 200 323 "-" "meta-externalagent/1.1 (+https://developers.facebook.com/docs/sharing/webmasters/crawler)"
57.141.2.29 - - [18/Sep/2025:14:57:23 +0700] "GET /goods/annua70918238.htm HTTP/1.0" 200 323 "-" "meta-externalagent/1.1 (+https://developers.facebook.com/docs/sharing/webmasters/crawler)"
66.249.70.70 - - [18/Sep/2025:14:57:41 +0700] "GET /goods/persu11710248.htm HTTP/1.0" 200 176656 "-" "Mozilla/5.0 (Linux; Android 6.0.1; Nexus 5X Build/MMB29P) AppleWebKit/537.36 (KHTML, like Gecko) Chrome/140.0.7339.127 Mobile Safari/537.36 (compatible; GoogleOther)"
57.141.2.58 - - [18/Sep/2025:14:57:55 +0700] "GET /goods/requi42704611.htm HTTP/1.0" 200 323 "-" "meta-externalagent/1.1 (+https://developers.facebook.com/docs/sharing/webmasters/crawler)"
57.141.2.12 - - [18/Sep/2025:14:58:00 +0700] "GET /goods/outsk62706973.htm HTTP/1.0" 200 323 "-" "meta-externalagent/1.1 (+https://developers.facebook.com/docs/sharing/webmasters/crawler)"
57.141.2.24 - - [18/Sep/2025:14:58:02 +0700] "GET /goods/spoil12962720.htm HTTP/1.0" 200 323 "-" "meta-externalagent/1.1 (+https://developers.facebook.com/docs/sharing/webmasters/crawler)"
57.141.2.95 - - [18/Sep/2025:14:58:30 +0700] "GET /goods/guest70392334.htm HTTP/1.0" 200 323 "-" "meta-externalagent/1.1 (+https://developers.facebook.com/docs/sharing/webmasters/crawler)"
57.141.2.61 - - [18/Sep/2025:14:58:52 +0700] "GET /goods/dug70255942.htm HTTP/1.0" 200 323 "-" "meta-externalagent/1.1 (+https://developers.facebook.com/docs/sharing/webmasters/crawler)"
66.249.70.70 - - [18/Sep/2025:14:59:03 +0700] "GET /goods/know22481769.htm HTTP/1.0" 200 176272 "-" "Mozilla/5.0 (Linux; Android 6.0.1; Nexus 5X Build/MMB29P) AppleWebKit/537.36 (KHTML, like Gecko) Chrome/140.0.7339.127 Mobile Safari/537.36 (compatible; Googlebot/2.1; +http://www.google.com/bot.html)"
66.249.70.70 - - [18/Sep/2025:14:59:14 +0700] "GET /goods/remem72056262.htm HTTP/1.0" 200 177713 "-" "Mozilla/5.0 (Linux; Android 6.0.1; Nexus 5X Build/MMB29P) AppleWebKit/537.36 (KHTML, like Gecko) Chrome/140.0.7339.127 Mobile Safari/537.36 (compatible; Googlebot/2.1; +http://www.google.com/bot.html)"
57.141.2.26 - - [18/Sep/2025:14:59:39 +0700] "GET /goods/walk12508096.htm HTTP/1.0" 200 323 "-" "meta-externalagent/1.1 (+https://developers.facebook.com/docs/sharing/webmasters/crawler)"
57.141.2.9 - - [18/Sep/2025:15:00:13 +0700] "GET /goods/van50842604.htm HTTP/1.0" 200 323 "-" "meta-externalagent/1.1 (+https://developers.facebook.com/docs/sharing/webmasters/crawler)"
66.249.70.70 - - [18/Sep/2025:15:00:50 +0700] "GET /goods/butto41239011.htm HTTP/1.0" 200 172685 "-" "Mozilla/5.0 (Linux; Android 6.0.1; Nexus 5X Build/MMB29P) AppleWebKit/537.36 (KHTML, like Gecko) Chrome/140.0.7339.127 Mobile Safari/537.36 (compatible; Googlebot/2.1; +http://www.google.com/bot.html)"
57.141.2.32 - - [18/Sep/2025:15:01:22 +0700] "GET /goods/atmos51890164.htm HTTP/1.0" 200 323 "-" "meta-externalagent/1.1 (+https://developers.facebook.com/docs/sharing/webmasters/crawler)"
66.249.70.71 - - [18/Sep/2025:15:01:24 +0700] "POST /get-message-notify HTTP/1.0" 503 8544 "https://vnc-group.vn/goods/butto41239011.htm" "Mozilla/5.0 (Linux; Android 6.0.1; Nexus 5X Build/MMB29P) AppleWebKit/537.36 (KHTML, like Gecko) Chrome/139.0.7258.127 Mobile Safari/537.36 (compatible; Googlebot/2.1; +http://www.google.com/bot.html)"
66.249.70.70 - - [18/Sep/2025:15:01:41 +0700] "GET /goods/misgu61866149.htm HTTP/1.0" 200 172798 "-" "Mozilla/5.0 (Linux; Android 6.0.1; Nexus 5X Build/MMB29P) AppleWebKit/537.36 (KHTML, like Gecko) Chrome/140.0.7339.127 Mobile Safari/537.36 (compatible; Googlebot/2.1; +http://www.google.com/bot.html)"
66.249.70.64 - - [18/Sep/2025:15:02:04 +0700] "GET /goods/aloud10193264.htm HTTP/1.0" 200 173512 "-" "Mozilla/5.0 (Linux; Android 6.0.1; Nexus 5X Build/MMB29P) AppleWebKit/537.36 (KHTML, like Gecko) Chrome/140.0.7339.127 Mobile Safari/537.36 (compatible; GoogleOther)"
57.141.2.12 - - [18/Sep/2025:15:03:11 +0700] "GET /goods/exam30765562.htm HTTP/1.0" 200 323 "-" "meta-externalagent/1.1 (+https://developers.facebook.com/docs/sharing/webmasters/crawler)"
57.141.2.29 - - [18/Sep/2025:15:03:19 +0700] "GET /goods/lonel70952878.htm HTTP/1.0" 200 323 "-" "meta-externalagent/1.1 (+https://developers.facebook.com/docs/sharing/webmasters/crawler)"
57.141.2.92 - - [18/Sep/2025:15:03:49 +0700] "GET /goods/jest80667847.htm HTTP/1.0" 200 323 "-" "meta-externalagent/1.1 (+https://developers.facebook.com/docs/sharing/webmasters/crawler)"
57.141.2.91 - - [18/Sep/2025:15:03:50 +0700] "GET /goods/summe71357478.htm HTTP/1.0" 200 323 "-" "meta-externalagent/1.1 (+https://developers.facebook.com/docs/sharing/webmasters/crawler)"
66.249.71.32 - - [18/Sep/2025:15:03:58 +0700] "GET /goods/fussy60926301.htm HTTP/1.0" 200 187433 "-" "Mozilla/5.0 (Linux; Android 6.0.1; Nexus 5X Build/MMB29P) AppleWebKit/537.36 (KHTML, like Gecko) Chrome/140.0.7339.127 Mobile Safari/537.36 (compatible; Googlebot/2.1; +http://www.google.com/bot.html)"
57.141.2.17 - - [18/Sep/2025:15:04:21 +0700] "GET /goods/tackl60826437.htm HTTP/1.0" 200 323 "-" "meta-externalagent/1.1 (+https://developers.facebook.com/docs/sharing/webmasters/crawler)"
57.141.2.64 - - [18/Sep/2025:15:04:49 +0700] "GET /goods/think72753390.htm HTTP/1.0" 200 323 "-" "meta-externalagent/1.1 (+https://developers.facebook.com/docs/sharing/webmasters/crawler)"
57.141.2.22 - - [18/Sep/2025:15:05:19 +0700] "GET /goods/fabri80043463.htm HTTP/1.0" 200 323 "-" "meta-externalagent/1.1 (+https://developers.facebook.com/docs/sharing/webmasters/crawler)"
57.141.2.73 - - [18/Sep/2025:15:06:49 +0700] "GET /goods/mutte52874972.htm HTTP/1.0" 200 323 "-" "meta-externalagent/1.1 (+https://developers.facebook.com/docs/sharing/webmasters/crawler)"
66.249.70.70 - - [18/Sep/2025:15:06:47 +0700] "GET /goods/mould70939278.htm HTTP/1.0" 200 178447 "-" "Mozilla/5.0 (Linux; Android 6.0.1; Nexus 5X Build/MMB29P) AppleWebKit/537.36 (KHTML, like Gecko) Chrome/140.0.7339.127 Mobile Safari/537.36 (compatible; GoogleOther)"
66.249.71.33 - - [18/Sep/2025:15:07:10 +0700] "POST /get-message-notify HTTP/1.0" 200 323 "https://vnc-group.vn/goods/mould70939278.htm" "Mozilla/5.0 (Linux; Android 6.0.1; Nexus 5X Build/MMB29P) AppleWebKit/537.36 (KHTML, like Gecko) Chrome/139.0.7258.127 Mobile Safari/537.36 (compatible; Googlebot/2.1; +http://www.google.com/bot.html)"
66.249.71.33 - - [18/Sep/2025:15:07:58 +0700] "GET /goods/menta32366634.htm HTTP/1.0" 200 173225 "-" "Mozilla/5.0 (Linux; Android 6.0.1; Nexus 5X Build/MMB29P) AppleWebKit/537.36 (KHTML, like Gecko) Chrome/140.0.7339.127 Mobile Safari/537.36 (compatible; Googlebot/2.1; +http://www.google.com/bot.html)"
57.141.2.8 - - [18/Sep/2025:15:08:29 +0700] "GET /goods/commo52516100.htm HTTP/1.0" 200 323 "-" "meta-externalagent/1.1 (+https://developers.facebook.com/docs/sharing/webmasters/crawler)"
57.141.2.10 - - [18/Sep/2025:15:08:47 +0700] "GET /goods/agree61173109.htm HTTP/1.0" 200 323 "-" "meta-externalagent/1.1 (+https://developers.facebook.com/docs/sharing/webmasters/crawler)"
66.249.71.32 - - [18/Sep/2025:15:08:20 +0700] "POST /get-message-notify HTTP/1.0" 503 8544 "https://vnc-group.vn/goods/menta32366634.htm" "Mozilla/5.0 (Linux; Android 6.0.1; Nexus 5X Build/MMB29P) AppleWebKit/537.36 (KHTML, like Gecko) Chrome/139.0.7258.127 Mobile Safari/537.36 (compatible; Googlebot/2.1; +http://www.google.com/bot.html)"
57.141.2.14 - - [18/Sep/2025:15:09:00 +0700] "GET /goods/poet11507616.htm HTTP/1.0" 200 323 "-" "meta-externalagent/1.1 (+https://developers.facebook.com/docs/sharing/webmasters/crawler)"
57.141.2.25 - - [18/Sep/2025:15:09:34 +0700] "GET /goods/raid60727773.htm HTTP/1.0" 200 323 "-" "meta-externalagent/1.1 (+https://developers.facebook.com/docs/sharing/webmasters/crawler)"
57.141.2.33 - - [18/Sep/2025:15:09:35 +0700] "GET /goods/geniu40598859.htm HTTP/1.0" 200 323 "-" "meta-externalagent/1.1 (+https://developers.facebook.com/docs/sharing/webmasters/crawler)"
57.141.2.4 - - [18/Sep/2025:15:09:47 +0700] "GET /goods/dairy62094789.htm HTTP/1.0" 200 323 "-" "meta-externalagent/1.1 (+https://developers.facebook.com/docs/sharing/webmasters/crawler)"
57.141.2.66 - - [18/Sep/2025:15:09:52 +0700] "GET /goods/awry72723822.htm HTTP/1.0" 200 323 "-" "meta-externalagent/1.1 (+https://developers.facebook.com/docs/sharing/webmasters/crawler)"
66.249.70.64 - - [18/Sep/2025:15:10:09 +0700] "GET /goods/enoug12681104.htm HTTP/1.0" 200 173193 "-" "Mozilla/5.0 (Linux; Android 6.0.1; Nexus 5X Build/MMB29P) AppleWebKit/537.36 (KHTML, like Gecko) Chrome/140.0.7339.127 Mobile Safari/537.36 (compatible; Googlebot/2.1; +http://www.google.com/bot.html)"
57.141.2.26 - - [18/Sep/2025:15:10:28 +0700] "GET /goods/barre12850776.htm HTTP/1.0" 200 323 "-" "meta-externalagent/1.1 (+https://developers.facebook.com/docs/sharing/webmasters/crawler)"
57.141.2.36 - - [18/Sep/2025:15:10:38 +0700] "GET /goods/cable40935019.htm HTTP/1.0" 200 323 "-" "meta-externalagent/1.1 (+https://developers.facebook.com/docs/sharing/webmasters/crawler)"
57.141.2.53 - - [18/Sep/2025:15:11:12 +0700] "GET /goods/cover21160201.htm HTTP/1.0" 200 323 "-" "meta-externalagent/1.1 (+https://developers.facebook.com/docs/sharing/webmasters/crawler)"
66.249.70.64 - - [18/Sep/2025:15:11:17 +0700] "GET /goods/equiv61973813.htm HTTP/1.0" 200 176417 "-" "Mozilla/5.0 (Linux; Android 6.0.1; Nexus 5X Build/MMB29P) AppleWebKit/537.36 (KHTML, like Gecko) Chrome/140.0.7339.127 Mobile Safari/537.36 (compatible; Googlebot/2.1; +http://www.google.com/bot.html)"
57.141.2.65 - - [18/Sep/2025:15:11:51 +0700] "GET /goods/bale%2012947824.htm HTTP/1.0" 200 323 "-" "meta-externalagent/1.1 (+https://developers.facebook.com/docs/sharing/webmasters/crawler)"
57.141.2.13 - - [18/Sep/2025:15:13:28 +0700] "GET /goods/nobod11972656.htm HTTP/1.0" 200 323 "-" "meta-externalagent/1.1 (+https://developers.facebook.com/docs/sharing/webmasters/crawler)"
66.249.70.64 - - [18/Sep/2025:15:13:07 +0700] "GET /goods/futur42444371.htm HTTP/1.0" 200 173571 "-" "Mozilla/5.0 (Linux; Android 6.0.1; Nexus 5X Build/MMB29P) AppleWebKit/537.36 (KHTML, like Gecko) Chrome/140.0.7339.127 Mobile Safari/537.36 (compatible; Googlebot/2.1; +http://www.google.com/bot.html)"
57.141.2.2 - - [18/Sep/2025:15:13:43 +0700] "GET /goods/tyre42355547.htm HTTP/1.0" 200 323 "-" "meta-externalagent/1.1 (+https://developers.facebook.com/docs/sharing/webmasters/crawler)"
57.141.2.21 - - [18/Sep/2025:15:13:54 +0700] "GET /goods/curl12223080.htm HTTP/1.0" 200 323 "-" "meta-externalagent/1.1 (+https://developers.facebook.com/docs/sharing/webmasters/crawler)"
66.249.70.71 - - [18/Sep/2025:15:14:12 +0700] "GET /goods/pocke61481061.htm HTTP/1.0" 200 176242 "-" "Mozilla/5.0 (Linux; Android 6.0.1; Nexus 5X Build/MMB29P) AppleWebKit/537.36 (KHTML, like Gecko) Chrome/140.0.7339.127 Mobile Safari/537.36 (compatible; GoogleOther)"
57.141.2.92 - - [18/Sep/2025:15:14:53 +0700] "GET /goods/revis50686276.htm HTTP/1.0" 200 323 "-" "meta-externalagent/1.1 (+https://developers.facebook.com/docs/sharing/webmasters/crawler)"
57.141.2.75 - - [18/Sep/2025:15:15:14 +0700] "GET /goods/incor41714515.htm HTTP/1.0" 200 323 "-" "meta-externalagent/1.1 (+https://developers.facebook.com/docs/sharing/webmasters/crawler)"
57.141.2.84 - - [18/Sep/2025:15:15:22 +0700] "GET /goods/fatal22078065.htm HTTP/1.0" 200 323 "-" "meta-externalagent/1.1 (+https://developers.facebook.com/docs/sharing/webmasters/crawler)"
57.141.2.65 - - [18/Sep/2025:15:15:22 +0700] "GET /goods/socio62635813.htm HTTP/1.0" 200 323 "-" "meta-externalagent/1.1 (+https://developers.facebook.com/docs/sharing/webmasters/crawler)"
57.141.2.59 - - [18/Sep/2025:15:15:36 +0700] "GET /goods/pine52107180.htm HTTP/1.0" 200 323 "-" "meta-externalagent/1.1 (+https://developers.facebook.com/docs/sharing/webmasters/crawler)"
66.249.70.70 - - [18/Sep/2025:15:14:52 +0700] "POST /get-message-notify HTTP/1.0" 503 1362 "https://vnc-group.vn/goods/pocke61481061.htm" "Mozilla/5.0 (Linux; Android 6.0.1; Nexus 5X Build/MMB29P) AppleWebKit/537.36 (KHTML, like Gecko) Chrome/139.0.7258.127 Mobile Safari/537.36 (compatible; Googlebot/2.1; +http://www.google.com/bot.html)"
57.141.2.35 - - [18/Sep/2025:15:16:20 +0700] "GET /goods/shall42645603.htm HTTP/1.0" 200 323 "-" "meta-externalagent/1.1 (+https://developers.facebook.com/docs/sharing/webmasters/crawler)"
57.141.2.26 - - [18/Sep/2025:15:17:15 +0700] "GET /goods/gavin40227995.htm HTTP/1.0" 200 323 "-" "meta-externalagent/1.1 (+https://developers.facebook.com/docs/sharing/webmasters/crawler)"
57.141.2.21 - - [18/Sep/2025:15:17:20 +0700] "GET /goods/trave12977424.htm HTTP/1.0" 200 323 "-" "meta-externalagent/1.1 (+https://developers.facebook.com/docs/sharing/webmasters/crawler)"
57.141.2.13 - - [18/Sep/2025:15:19:06 +0700] "GET /goods/next32540730.htm HTTP/1.0" 200 323 "-" "meta-externalagent/1.1 (+https://developers.facebook.com/docs/sharing/webmasters/crawler)"
57.141.2.38 - - [18/Sep/2025:15:19:14 +0700] "GET /goods/ruin71195718.htm HTTP/1.0" 200 323 "-" "meta-externalagent/1.1 (+https://developers.facebook.com/docs/sharing/webmasters/crawler)"
57.141.2.27 - - [18/Sep/2025:15:19:54 +0700] "GET /goods/whip10035240.htm HTTP/1.0" 200 323 "-" "meta-externalagent/1.1 (+https://developers.facebook.com/docs/sharing/webmasters/crawler)"
57.141.2.12 - - [18/Sep/2025:15:20:00 +0700] "GET /goods/furth30771202.htm HTTP/1.0" 200 323 "-" "meta-externalagent/1.1 (+https://developers.facebook.com/docs/sharing/webmasters/crawler)"
66.249.70.64 - - [18/Sep/2025:15:20:35 +0700] "GET /goods/thoro40978963.htm HTTP/1.0" 200 186268 "-" "Mozilla/5.0 (Linux; Android 6.0.1; Nexus 5X Build/MMB29P) AppleWebKit/537.36 (KHTML, like Gecko) Chrome/140.0.7339.127 Mobile Safari/537.36 (compatible; Googlebot/2.1; +http://www.google.com/bot.html)"
57.141.2.34 - - [18/Sep/2025:15:21:06 +0700] "GET /goods/handb72261118.htm HTTP/1.0" 200 323 "-" "meta-externalagent/1.1 (+https://developers.facebook.com/docs/sharing/webmasters/crawler)"
57.141.2.57 - - [18/Sep/2025:15:21:16 +0700] "GET /goods/dawn12455056.htm HTTP/1.0" 200 323 "-" "meta-externalagent/1.1 (+https://developers.facebook.com/docs/sharing/webmasters/crawler)"
57.141.2.60 - - [18/Sep/2025:15:21:44 +0700] "GET /goods/reall30413810.htm HTTP/1.0" 200 323 "-" "meta-externalagent/1.1 (+https://developers.facebook.com/docs/sharing/webmasters/crawler)"
57.141.2.55 - - [18/Sep/2025:15:22:48 +0700] "GET /goods/hen81544927.htm HTTP/1.0" 200 323 "-" "meta-externalagent/1.1 (+https://developers.facebook.com/docs/sharing/webmasters/crawler)"
57.141.2.11 - - [18/Sep/2025:15:23:01 +0700] "GET /goods/thoro41314963.htm HTTP/1.0" 200 323 "-" "meta-externalagent/1.1 (+https://developers.facebook.com/docs/sharing/webmasters/crawler)"
57.141.2.84 - - [18/Sep/2025:15:23:19 +0700] "GET /goods/neces42864571.htm HTTP/1.0" 200 323 "-" "meta-externalagent/1.1 (+https://developers.facebook.com/docs/sharing/webmasters/crawler)"
57.141.2.35 - - [18/Sep/2025:15:23:27 +0700] "GET /goods/condu12974944.htm HTTP/1.0" 200 323 "-" "meta-externalagent/1.1 (+https://developers.facebook.com/docs/sharing/webmasters/crawler)"
57.141.2.65 - - [18/Sep/2025:15:23:29 +0700] "GET /goods/intak52030372.htm HTTP/1.0" 200 323 "-" "meta-externalagent/1.1 (+https://developers.facebook.com/docs/sharing/webmasters/crawler)"
57.141.2.7 - - [18/Sep/2025:15:23:35 +0700] "GET /goods/foots32567098.htm HTTP/1.0" 200 323 "-" "meta-externalagent/1.1 (+https://developers.facebook.com/docs/sharing/webmasters/crawler)"
57.141.2.86 - - [18/Sep/2025:15:23:39 +0700] "GET /goods/stron70604982.htm HTTP/1.0" 200 323 "-" "meta-externalagent/1.1 (+https://developers.facebook.com/docs/sharing/webmasters/crawler)"
57.141.2.91 - - [18/Sep/2025:15:24:03 +0700] "GET /goods/empir40551427.htm HTTP/1.0" 200 323 "-" "meta-externalagent/1.1 (+https://developers.facebook.com/docs/sharing/webmasters/crawler)"
57.141.2.80 - - [18/Sep/2025:15:24:12 +0700] "GET /goods/eat50273540.htm HTTP/1.0" 200 323 "-" "meta-externalagent/1.1 (+https://developers.facebook.com/docs/sharing/webmasters/crawler)"
66.249.70.64 - - [18/Sep/2025:15:26:07 +0700] "GET /robots.txt HTTP/1.0" 200 742 "-" "Mozilla/5.0 (compatible; Googlebot/2.1; +http://www.google.com/bot.html)"
57.141.2.57 - - [18/Sep/2025:15:26:47 +0700] "GET /goods/impli12670184.htm HTTP/1.0" 200 323 "-" "meta-externalagent/1.1 (+https://developers.facebook.com/docs/sharing/webmasters/crawler)"
57.141.2.2 - - [18/Sep/2025:15:26:50 +0700] "GET /goods/mud81159543.htm HTTP/1.0" 200 323 "-" "meta-externalagent/1.1 (+https://developers.facebook.com/docs/sharing/webmasters/crawler)"
57.141.2.86 - - [18/Sep/2025:15:26:52 +0700] "GET /goods/frequ71446526.htm HTTP/1.0" 200 323 "-" "meta-externalagent/1.1 (+https://developers.facebook.com/docs/sharing/webmasters/crawler)"
57.141.2.83 - - [18/Sep/2025:15:26:55 +0700] "GET /goods/coral52219988.htm HTTP/1.0" 200 323 "-" "meta-externalagent/1.1 (+https://developers.facebook.com/docs/sharing/webmasters/crawler)"
57.141.2.71 - - [18/Sep/2025:15:27:10 +0700] "GET /goods/enqui42795779.htm HTTP/1.0" 200 323 "-" "meta-externalagent/1.1 (+https://developers.facebook.com/docs/sharing/webmasters/crawler)"
66.249.71.33 - - [18/Sep/2025:15:26:28 +0700] "GET /goods/eden71315966.htm HTTP/1.0" 200 179508 "-" "Mozilla/5.0 (Linux; Android 6.0.1; Nexus 5X Build/MMB29P) AppleWebKit/537.36 (KHTML, like Gecko) Chrome/140.0.7339.127 Mobile Safari/537.36 (compatible; Googlebot/2.1; +http://www.google.com/bot.html)"
66.249.70.70 - - [18/Sep/2025:15:27:17 +0700] "GET /robots.txt HTTP/1.0" 200 742 "-" "Mozilla/5.0 (compatible; Googlebot/2.1; +http://www.google.com/bot.html)"
57.141.2.77 - - [18/Sep/2025:15:27:49 +0700] "GET /goods/numb50035868.htm HTTP/1.0" 200 323 "-" "meta-externalagent/1.1 (+https://developers.facebook.com/docs/sharing/webmasters/crawler)"
57.141.2.16 - - [18/Sep/2025:15:27:58 +0700] "GET /goods/cushi31502978.htm HTTP/1.0" 200 323 "-" "meta-externalagent/1.1 (+https://developers.facebook.com/docs/sharing/webmasters/crawler)"
57.141.2.64 - - [18/Sep/2025:15:28:03 +0700] "GET /goods/fox61532117.htm HTTP/1.0" 200 323 "-" "meta-externalagent/1.1 (+https://developers.facebook.com/docs/sharing/webmasters/crawler)"
66.249.70.71 - - [18/Sep/2025:15:28:01 +0700] "GET /goods/dike71559958.htm HTTP/1.0" 200 175410 "-" "Mozilla/5.0 (Linux; Android 6.0.1; Nexus 5X Build/MMB29P) AppleWebKit/537.36 (KHTML, like Gecko) Chrome/140.0.7339.127 Mobile Safari/537.36 (compatible; GoogleOther)"
66.249.71.32 - - [18/Sep/2025:15:28:25 +0700] "GET /robots.txt HTTP/1.0" 200 742 "-" "Mozilla/5.0 (compatible; Googlebot/2.1; +http://www.google.com/bot.html)"
57.141.2.56 - - [18/Sep/2025:15:29:41 +0700] "GET /goods/finge10457064.htm HTTP/1.0" 200 323 "-" "meta-externalagent/1.1 (+https://developers.facebook.com/docs/sharing/webmasters/crawler)"
57.141.2.84 - - [18/Sep/2025:15:29:56 +0700] "GET /goods/topic50541668.htm HTTP/1.0" 200 323 "-" "meta-externalagent/1.1 (+https://developers.facebook.com/docs/sharing/webmasters/crawler)"
57.141.2.74 - - [18/Sep/2025:15:30:03 +0700] "GET /goods/spite81014791.htm HTTP/1.0" 200 323 "-" "meta-externalagent/1.1 (+https://developers.facebook.com/docs/sharing/webmasters/crawler)"
66.249.71.32 - - [18/Sep/2025:15:30:02 +0700] "GET /goods/pocke61749061.htm HTTP/1.0" 200 179863 "-" "Mozilla/5.0 (Linux; Android 6.0.1; Nexus 5X Build/MMB29P) AppleWebKit/537.36 (KHTML, like Gecko) Chrome/140.0.7339.127 Mobile Safari/537.36 (compatible; Googlebot/2.1; +http://www.google.com/bot.html)"
66.249.70.71 - - [18/Sep/2025:15:31:08 +0700] "GET /robots.txt HTTP/1.0" 200 742 "-" "Mozilla/5.0 (compatible; Googlebot/2.1; +http://www.google.com/bot.html)"
57.141.2.34 - - [18/Sep/2025:15:31:24 +0700] "GET /goods/while62849165.htm HTTP/1.0" 200 323 "-" "meta-externalagent/1.1 (+https://developers.facebook.com/docs/sharing/webmasters/crawler)"
57.141.2.3 - - [18/Sep/2025:15:33:23 +0700] "GET /goods/rub42339755.htm HTTP/1.0" 200 323 "-" "meta-externalagent/1.1 (+https://developers.facebook.com/docs/sharing/webmasters/crawler)"
57.141.2.80 - - [18/Sep/2025:15:33:47 +0700] "GET /goods/disas82467375.htm HTTP/1.0" 200 323 "-" "meta-externalagent/1.1 (+https://developers.facebook.com/docs/sharing/webmasters/crawler)"
57.141.2.66 - - [18/Sep/2025:15:34:59 +0700] "GET /goods/spin11430624.htm HTTP/1.0" 200 323 "-" "meta-externalagent/1.1 (+https://developers.facebook.com/docs/sharing/webmasters/crawler)"
57.141.2.2 - - [18/Sep/2025:15:36:07 +0700] "GET /goods/disho40250379.htm HTTP/1.0" 200 323 "-" "meta-externalagent/1.1 (+https://developers.facebook.com/docs/sharing/webmasters/crawler)"
57.141.2.13 - - [18/Sep/2025:15:36:10 +0700] "GET /goods/leade72820422.htm HTTP/1.0" 200 323 "-" "meta-externalagent/1.1 (+https://developers.facebook.com/docs/sharing/webmasters/crawler)"
66.249.70.64 - - [18/Sep/2025:15:36:40 +0700] "GET /robots.txt HTTP/1.0" 200 742 "-" "Mozilla/5.0 (compatible; Googlebot/2.1; +http://www.google.com/bot.html)"
57.141.2.81 - - [18/Sep/2025:15:37:06 +0700] "GET /goods/morta82003559.htm HTTP/1.0" 200 323 "-" "meta-externalagent/1.1 (+https://developers.facebook.com/docs/sharing/webmasters/crawler)"
57.141.2.31 - - [18/Sep/2025:15:37:21 +0700] "GET /goods/readi71567030.htm HTTP/1.0" 200 323 "-" "meta-externalagent/1.1 (+https://developers.facebook.com/docs/sharing/webmasters/crawler)"
66.249.71.33 - - [18/Sep/2025:15:37:31 +0700] "GET /goods/costu31001714.htm HTTP/1.0" 200 174692 "-" "Mozilla/5.0 (Linux; Android 6.0.1; Nexus 5X Build/MMB29P) AppleWebKit/537.36 (KHTML, like Gecko) Chrome/140.0.7339.127 Mobile Safari/537.36 (compatible; Googlebot/2.1; +http://www.google.com/bot.html)"
66.249.70.71 - - [18/Sep/2025:15:38:02 +0700] "GET /robots.txt HTTP/1.0" 200 742 "-" "Mozilla/5.0 (compatible; Googlebot/2.1; +http://www.google.com/bot.html)"
57.141.2.59 - - [18/Sep/2025:15:38:09 +0700] "GET /goods/prefa22918657.htm HTTP/1.0" 200 323 "-" "meta-externalagent/1.1 (+https://developers.facebook.com/docs/sharing/webmasters/crawler)"
57.141.2.75 - - [18/Sep/2025:15:38:11 +0700] "GET /goods/anony30131730.htm HTTP/1.0" 200 323 "-" "meta-externalagent/1.1 (+https://developers.facebook.com/docs/sharing/webmasters/crawler)"
57.141.2.83 - - [18/Sep/2025:15:38:32 +0700] "GET /goods/void52059900.htm HTTP/1.0" 200 323 "-" "meta-externalagent/1.1 (+https://developers.facebook.com/docs/sharing/webmasters/crawler)"
57.141.2.77 - - [18/Sep/2025:15:38:33 +0700] "GET /goods/impro20825073.htm HTTP/1.0" 200 323 "-" "meta-externalagent/1.1 (+https://developers.facebook.com/docs/sharing/webmasters/crawler)"
57.141.2.49 - - [18/Sep/2025:15:38:49 +0700] "GET /goods/calcu50465532.htm HTTP/1.0" 200 323 "-" "meta-externalagent/1.1 (+https://developers.facebook.com/docs/sharing/webmasters/crawler)"
57.141.2.77 - - [18/Sep/2025:15:38:56 +0700] "GET /goods/fortu41373867.htm HTTP/1.0" 200 323 "-" "meta-externalagent/1.1 (+https://developers.facebook.com/docs/sharing/webmasters/crawler)"
57.141.2.13 - - [18/Sep/2025:15:39:08 +0700] "GET /goods/commo51008100.htm HTTP/1.0" 200 323 "-" "meta-externalagent/1.1 (+https://developers.facebook.com/docs/sharing/webmasters/crawler)"
57.141.2.61 - - [18/Sep/2025:15:39:35 +0700] "GET /goods/sligh40466163.htm HTTP/1.0" 200 323 "-" "meta-externalagent/1.1 (+https://developers.facebook.com/docs/sharing/webmasters/crawler)"
57.141.2.35 - - [18/Sep/2025:15:40:02 +0700] "GET /goods/requi42520611.htm HTTP/1.0" 200 323 "-" "meta-externalagent/1.1 (+https://developers.facebook.com/docs/sharing/webmasters/crawler)"
66.249.71.33 - - [18/Sep/2025:15:40:26 +0700] "GET /goods/usele40848651.htm HTTP/1.0" 200 173769 "-" "Mozilla/5.0 (Linux; Android 6.0.1; Nexus 5X Build/MMB29P) AppleWebKit/537.36 (KHTML, like Gecko) Chrome/140.0.7339.127 Mobile Safari/537.36 (compatible; Googlebot/2.1; +http://www.google.com/bot.html)"
57.141.2.74 - - [18/Sep/2025:15:41:15 +0700] "GET /goods/rough20366801.htm HTTP/1.0" 200 323 "-" "meta-externalagent/1.1 (+https://developers.facebook.com/docs/sharing/webmasters/crawler)"
57.141.2.83 - - [18/Sep/2025:15:41:31 +0700] "GET /goods/coke40552083.htm HTTP/1.0" 200 323 "-" "meta-externalagent/1.1 (+https://developers.facebook.com/docs/sharing/webmasters/crawler)"
66.249.70.70 - - [18/Sep/2025:15:41:00 +0700] "POST /get-message-notify HTTP/1.0" 503 8544 "https://vnc-group.vn/goods/usele40848651.htm" "Mozilla/5.0 (Linux; Android 6.0.1; Nexus 5X Build/MMB29P) AppleWebKit/537.36 (KHTML, like Gecko) Chrome/139.0.7258.127 Mobile Safari/537.36 (compatible; Googlebot/2.1; +http://www.google.com/bot.html)"
57.141.2.60 - - [18/Sep/2025:15:42:10 +0700] "GET /goods/bale%2010511824.htm HTTP/1.0" 200 323 "-" "meta-externalagent/1.1 (+https://developers.facebook.com/docs/sharing/webmasters/crawler)"
57.141.2.3 - - [18/Sep/2025:15:42:25 +0700] "GET /goods/pass42396691.htm HTTP/1.0" 200 323 "-" "meta-externalagent/1.1 (+https://developers.facebook.com/docs/sharing/webmasters/crawler)"
57.141.2.77 - - [18/Sep/2025:15:42:40 +0700] "GET /goods/wash21688417.htm HTTP/1.0" 200 323 "-" "meta-externalagent/1.1 (+https://developers.facebook.com/docs/sharing/webmasters/crawler)"
66.249.70.64 - - [18/Sep/2025:15:42:57 +0700] "GET /goods/culti51218244.htm HTTP/1.0" 200 173159 "-" "Mozilla/5.0 (Linux; Android 6.0.1; Nexus 5X Build/MMB29P) AppleWebKit/537.36 (KHTML, like Gecko) Chrome/140.0.7339.127 Mobile Safari/537.36 (compatible; GoogleOther)"
57.141.2.31 - - [18/Sep/2025:15:43:59 +0700] "GET /goods/softw70411806.htm HTTP/1.0" 200 323 "-" "meta-externalagent/1.1 (+https://developers.facebook.com/docs/sharing/webmasters/crawler)"
57.141.2.20 - - [18/Sep/2025:15:46:15 +0700] "GET /goods/needl50110884.htm HTTP/1.0" 200 323 "-" "meta-externalagent/1.1 (+https://developers.facebook.com/docs/sharing/webmasters/crawler)"
57.141.2.64 - - [18/Sep/2025:15:46:55 +0700] "GET /goods/canva70050798.htm HTTP/1.0" 200 323 "-" "meta-externalagent/1.1 (+https://developers.facebook.com/docs/sharing/webmasters/crawler)"
57.141.2.26 - - [18/Sep/2025:15:48:04 +0700] "GET /goods/agenc31306034.htm HTTP/1.0" 200 323 "-" "meta-externalagent/1.1 (+https://developers.facebook.com/docs/sharing/webmasters/crawler)"
57.141.2.63 - - [18/Sep/2025:15:48:09 +0700] "GET /goods/my80960479.htm HTTP/1.0" 200 323 "-" "meta-externalagent/1.1 (+https://developers.facebook.com/docs/sharing/webmasters/crawler)"
57.141.2.13 - - [18/Sep/2025:15:49:10 +0700] "GET /goods/dissa81770439.htm HTTP/1.0" 200 323 "-" "meta-externalagent/1.1 (+https://developers.facebook.com/docs/sharing/webmasters/crawler)"
57.141.2.94 - - [18/Sep/2025:15:49:18 +0700] "GET /goods/conde71482606.htm HTTP/1.0" 200 323 "-" "meta-externalagent/1.1 (+https://developers.facebook.com/docs/sharing/webmasters/crawler)"
57.141.2.19 - - [18/Sep/2025:15:50:39 +0700] "GET /goods/seal21185737.htm HTTP/1.0" 200 323 "-" "meta-externalagent/1.1 (+https://developers.facebook.com/docs/sharing/webmasters/crawler)"
57.141.2.49 - - [18/Sep/2025:15:51:27 +0700] "GET /goods/renew32485906.htm HTTP/1.0" 200 323 "-" "meta-externalagent/1.1 (+https://developers.facebook.com/docs/sharing/webmasters/crawler)"
66.249.71.32 - - [18/Sep/2025:15:51:13 +0700] "GET /goods/deepe82150447.htm HTTP/1.0" 200 173817 "-" "Mozilla/5.0 (Linux; Android 6.0.1; Nexus 5X Build/MMB29P) AppleWebKit/537.36 (KHTML, like Gecko) Chrome/140.0.7339.127 Mobile Safari/537.36 (compatible; Googlebot/2.1; +http://www.google.com/bot.html)"
57.141.2.81 - - [18/Sep/2025:15:51:58 +0700] "GET /goods/patch80654503.htm HTTP/1.0" 200 323 "-" "meta-externalagent/1.1 (+https://developers.facebook.com/docs/sharing/webmasters/crawler)"
57.141.2.75 - - [18/Sep/2025:15:51:59 +0700] "GET /goods/chart52242804.htm HTTP/1.0" 200 323 "-" "meta-externalagent/1.1 (+https://developers.facebook.com/docs/sharing/webmasters/crawler)"
57.141.2.31 - - [18/Sep/2025:15:52:56 +0700] "GET /goods/globe40279035.htm HTTP/1.0" 200 323 "-" "meta-externalagent/1.1 (+https://developers.facebook.com/docs/sharing/webmasters/crawler)"
57.141.2.65 - - [18/Sep/2025:15:53:01 +0700] "GET /goods/degre62373765.htm HTTP/1.0" 200 323 "-" "meta-externalagent/1.1 (+https://developers.facebook.com/docs/sharing/webmasters/crawler)"
57.141.2.35 - - [18/Sep/2025:15:53:19 +0700] "GET /goods/few21876625.htm HTTP/1.0" 200 323 "-" "meta-externalagent/1.1 (+https://developers.facebook.com/docs/sharing/webmasters/crawler)"
57.141.2.14 - - [18/Sep/2025:15:53:47 +0700] "GET /goods/wear70021782.htm HTTP/1.0" 200 323 "-" "meta-externalagent/1.1 (+https://developers.facebook.com/docs/sharing/webmasters/crawler)"
57.141.2.18 - - [18/Sep/2025:15:53:57 +0700] "GET /goods/hint60990605.htm HTTP/1.0" 200 323 "-" "meta-externalagent/1.1 (+https://developers.facebook.com/docs/sharing/webmasters/crawler)"
57.141.2.71 - - [18/Sep/2025:15:53:58 +0700] "GET /goods/spect20379705.htm HTTP/1.0" 200 323 "-" "meta-externalagent/1.1 (+https://developers.facebook.com/docs/sharing/webmasters/crawler)"
57.141.2.75 - - [18/Sep/2025:15:55:03 +0700] "GET /goods/imply70498222.htm HTTP/1.0" 200 323 "-" "meta-externalagent/1.1 (+https://developers.facebook.com/docs/sharing/webmasters/crawler)"
57.141.2.61 - - [18/Sep/2025:15:55:04 +0700] "GET /goods/these71860750.htm HTTP/1.0" 200 323 "-" "meta-externalagent/1.1 (+https://developers.facebook.com/docs/sharing/webmasters/crawler)"
57.141.2.5 - - [18/Sep/2025:15:56:48 +0700] "GET /goods/mire61911861.htm HTTP/1.0" 200 323 "-" "meta-externalagent/1.1 (+https://developers.facebook.com/docs/sharing/webmasters/crawler)"
57.141.2.24 - - [18/Sep/2025:15:57:10 +0700] "GET /goods/shape10364752.htm HTTP/1.0" 200 323 "-" "meta-externalagent/1.1 (+https://developers.facebook.com/docs/sharing/webmasters/crawler)"
57.141.2.64 - - [18/Sep/2025:15:57:15 +0700] "GET /goods/porri42709659.htm HTTP/1.0" 200 323 "-" "meta-externalagent/1.1 (+https://developers.facebook.com/docs/sharing/webmasters/crawler)"
57.141.2.53 - - [18/Sep/2025:15:58:13 +0700] "GET /goods/them42800731.htm HTTP/1.0" 200 323 "-" "meta-externalagent/1.1 (+https://developers.facebook.com/docs/sharing/webmasters/crawler)"
57.141.2.83 - - [18/Sep/2025:15:58:18 +0700] "GET /goods/bette31257338.htm HTTP/1.0" 200 323 "-" "meta-externalagent/1.1 (+https://developers.facebook.com/docs/sharing/webmasters/crawler)"
57.141.2.3 - - [18/Sep/2025:15:58:29 +0700] "GET /goods/firm41601507.htm HTTP/1.0" 200 323 "-" "meta-externalagent/1.1 (+https://developers.facebook.com/docs/sharing/webmasters/crawler)"
57.141.2.4 - - [18/Sep/2025:15:59:33 +0700] "GET /goods/berry42042587.htm HTTP/1.0" 200 323 "-" "meta-externalagent/1.1 (+https://developers.facebook.com/docs/sharing/webmasters/crawler)"
57.141.2.9 - - [18/Sep/2025:15:59:59 +0700] "GET /goods/brown20665057.htm HTTP/1.0" 200 323 "-" "meta-externalagent/1.1 (+https://developers.facebook.com/docs/sharing/webmasters/crawler)"
57.141.2.13 - - [18/Sep/2025:16:00:44 +0700] "GET /goods/brook51306508.htm HTTP/1.0" 200 323 "-" "meta-externalagent/1.1 (+https://developers.facebook.com/docs/sharing/webmasters/crawler)"
57.141.2.59 - - [18/Sep/2025:16:00:47 +0700] "GET /goods/epide40155803.htm HTTP/1.0" 200 323 "-" "meta-externalagent/1.1 (+https://developers.facebook.com/docs/sharing/webmasters/crawler)"
57.141.2.83 - - [18/Sep/2025:16:00:51 +0700] "GET /goods/skill52028852.htm HTTP/1.0" 200 323 "-" "meta-externalagent/1.1 (+https://developers.facebook.com/docs/sharing/webmasters/crawler)"
57.141.2.55 - - [18/Sep/2025:16:01:57 +0700] "GET /goods/gloom40650059.htm HTTP/1.0" 200 323 "-" "meta-externalagent/1.1 (+https://developers.facebook.com/docs/sharing/webmasters/crawler)"
57.141.2.80 - - [18/Sep/2025:16:01:58 +0700] "GET /goods/happe61596869.htm HTTP/1.0" 200 323 "-" "meta-externalagent/1.1 (+https://developers.facebook.com/docs/sharing/webmasters/crawler)"
57.141.2.59 - - [18/Sep/2025:16:03:14 +0700] "GET /goods/labou51947124.htm HTTP/1.0" 200 323 "-" "meta-externalagent/1.1 (+https://developers.facebook.com/docs/sharing/webmasters/crawler)"
