20.171.207.25 - - [10/Sep/2025:08:42:21 +0700] "GET /wp-json/wp/v2/posts/9173 HTTP/1.0" 200 42542 "-" "Mozilla/5.0 AppleWebKit/537.36 (KHTML, like Gecko; compatible; GPTBot/1.2; +https://openai.com/gptbot)"
20.171.207.25 - - [10/Sep/2025:08:42:26 +0700] "GET /wp-json/wp/v2/posts/9140 HTTP/1.0" 200 39372 "-" "Mozilla/5.0 AppleWebKit/537.36 (KHTML, like Gecko; compatible; GPTBot/1.2; +https://openai.com/gptbot)"
20.171.207.25 - - [10/Sep/2025:08:42:32 +0700] "GET /wp-json/wp/v2/posts/6140 HTTP/1.0" 200 41531 "-" "Mozilla/5.0 AppleWebKit/537.36 (KHTML, like Gecko; compatible; GPTBot/1.2; +https://openai.com/gptbot)"
20.171.207.25 - - [10/Sep/2025:08:42:37 +0700] "GET /wp-json/wp/v2/posts/3861 HTTP/1.0" 200 180334 "-" "Mozilla/5.0 AppleWebKit/537.36 (KHTML, like Gecko; compatible; GPTBot/1.2; +https://openai.com/gptbot)"
162.240.97.19 - - [10/Sep/2025:08:42:39 +0700] "POST /xmlrpc.php HTTP/1.0" 200 956 "https://vattusacky.vn" "Mozilla/5.0 (Macintosh; Intel Mac OS X 13_3) AppleWebKit/537.36 (KHTML, like Gecko) Chrome/126.0.0.0 Safari/537.36"
162.240.97.19 - - [10/Sep/2025:08:42:41 +0700] "POST /wp-login.php HTTP/1.0" 200 11730 "https://vattusacky.vn" "Mozilla/5.0 (Windows NT 10.0; Win64; x64; rv:127.0) Gecko/20100101 Firefox/127.0"
20.171.207.25 - - [10/Sep/2025:08:42:43 +0700] "GET /wp-json/wp/v2/posts/5069 HTTP/1.0" 200 180480 "-" "Mozilla/5.0 AppleWebKit/537.36 (KHTML, like Gecko; compatible; GPTBot/1.2; +https://openai.com/gptbot)"
216.244.66.237 - - [10/Sep/2025:08:42:48 +0700] "GET /omegle-and-online-harassment-fighting-back-against-trolls/feed/ HTTP/1.0" 200 1768 "-" "Mozilla/5.0 (compatible; DotBot/1.2; +https://opensiteexplorer.org/dotbot; help@moz.com)"
20.171.207.25 - - [10/Sep/2025:08:42:49 +0700] "GET /wp-json/wp/v2/posts/4865 HTTP/1.0" 200 195455 "-" "Mozilla/5.0 AppleWebKit/537.36 (KHTML, like Gecko; compatible; GPTBot/1.2; +https://openai.com/gptbot)"
20.171.207.25 - - [10/Sep/2025:08:42:56 +0700] "GET /wp-json/wp/v2/posts/6091 HTTP/1.0" 200 39156 "-" "Mozilla/5.0 AppleWebKit/537.36 (KHTML, like Gecko; compatible; GPTBot/1.2; +https://openai.com/gptbot)"
20.171.207.25 - - [10/Sep/2025:08:43:01 +0700] "GET /wp-json/wp/v2/posts/6849 HTTP/1.0" 200 26714 "-" "Mozilla/5.0 AppleWebKit/537.36 (KHTML, like Gecko; compatible; GPTBot/1.2; +https://openai.com/gptbot)"
20.171.207.25 - - [10/Sep/2025:08:43:07 +0700] "GET /wp-json/wp/v2/posts/6905 HTTP/1.0" 200 38257 "-" "Mozilla/5.0 AppleWebKit/537.36 (KHTML, like Gecko; compatible; GPTBot/1.2; +https://openai.com/gptbot)"
20.171.207.25 - - [10/Sep/2025:08:43:13 +0700] "GET /wp-json/wp/v2/posts/8093 HTTP/1.0" 200 39918 "-" "Mozilla/5.0 AppleWebKit/537.36 (KHTML, like Gecko; compatible; GPTBot/1.2; +https://openai.com/gptbot)"
54.39.6.216 - - [10/Sep/2025:08:43:22 +0700] "GET /san-pham/dau-khoan-cat-5%E2%80%B3-sand-auger/ HTTP/1.0" 200 327536 "-" "Mozilla/5.0 (compatible; AhrefsBot/7.0; +http://ahrefs.com/robot/)"
20.171.207.25 - - [10/Sep/2025:08:43:19 +0700] "GET /wp-json/wp/v2/posts/7538 HTTP/1.0" 200 37897 "-" "Mozilla/5.0 AppleWebKit/537.36 (KHTML, like Gecko; compatible; GPTBot/1.2; +https://openai.com/gptbot)"
20.171.207.25 - - [10/Sep/2025:08:43:29 +0700] "GET /wp-json/wp/v2/posts/4185 HTTP/1.0" 200 208781 "-" "Mozilla/5.0 AppleWebKit/537.36 (KHTML, like Gecko; compatible; GPTBot/1.2; +https://openai.com/gptbot)"
20.171.207.25 - - [10/Sep/2025:08:43:37 +0700] "GET /wp-json/wp/v2/posts/4091 HTTP/1.0" 200 207052 "-" "Mozilla/5.0 AppleWebKit/537.36 (KHTML, like Gecko; compatible; GPTBot/1.2; +https://openai.com/gptbot)"
20.171.207.25 - - [10/Sep/2025:08:43:43 +0700] "GET /wp-json/wp/v2/posts/6809 HTTP/1.0" 200 39269 "-" "Mozilla/5.0 AppleWebKit/537.36 (KHTML, like Gecko; compatible; GPTBot/1.2; +https://openai.com/gptbot)"
20.171.207.25 - - [10/Sep/2025:08:43:49 +0700] "GET /wp-json/wp/v2/posts/8346 HTTP/1.0" 200 40402 "-" "Mozilla/5.0 AppleWebKit/537.36 (KHTML, like Gecko; compatible; GPTBot/1.2; +https://openai.com/gptbot)"
20.171.207.25 - - [10/Sep/2025:08:43:55 +0700] "GET /wp-json/wp/v2/posts/4058 HTTP/1.0" 200 229147 "-" "Mozilla/5.0 AppleWebKit/537.36 (KHTML, like Gecko; compatible; GPTBot/1.2; +https://openai.com/gptbot)"
20.171.207.25 - - [10/Sep/2025:08:44:02 +0700] "GET /wp-json/wp/v2/posts/7415 HTTP/1.0" 200 40123 "-" "Mozilla/5.0 AppleWebKit/537.36 (KHTML, like Gecko; compatible; GPTBot/1.2; +https://openai.com/gptbot)"
20.171.207.25 - - [10/Sep/2025:08:44:08 +0700] "GET /wp-json/wp/v2/posts/7180 HTTP/1.0" 200 40368 "-" "Mozilla/5.0 AppleWebKit/537.36 (KHTML, like Gecko; compatible; GPTBot/1.2; +https://openai.com/gptbot)"
20.171.207.25 - - [10/Sep/2025:08:44:15 +0700] "GET /wp-json/wp/v2/posts/5146 HTTP/1.0" 200 52831 "-" "Mozilla/5.0 AppleWebKit/537.36 (KHTML, like Gecko; compatible; GPTBot/1.2; +https://openai.com/gptbot)"
45.117.177.72 - - [10/Sep/2025:08:44:21 +0700] "POST /wp-cron.php?doing_wp_cron=1757468660.9622390270233154296875 HTTP/1.0" 200 416 "-" "WordPress/6.8.1; https://vattusacky.vn"
216.244.66.237 - - [10/Sep/2025:08:44:19 +0700] "GET /the-allure-of-anonymity-exploring-the-appeal-of-omegle-and-ometv/feed/ HTTP/1.0" 200 1789 "-" "Mozilla/5.0 (compatible; DotBot/1.2; +https://opensiteexplorer.org/dotbot; help@moz.com)"
20.171.207.25 - - [10/Sep/2025:08:44:22 +0700] "GET /wp-json/wp/v2/posts/8906 HTTP/1.0" 200 40700 "-" "Mozilla/5.0 AppleWebKit/537.36 (KHTML, like Gecko; compatible; GPTBot/1.2; +https://openai.com/gptbot)"
20.171.207.25 - - [10/Sep/2025:08:44:27 +0700] "GET /wp-json/wp/v2/posts/6459 HTTP/1.0" 200 40472 "-" "Mozilla/5.0 AppleWebKit/537.36 (KHTML, like Gecko; compatible; GPTBot/1.2; +https://openai.com/gptbot)"
216.244.66.237 - - [10/Sep/2025:08:44:28 +0700] "GET /the-dark-side-of-anonymity-exploring-the-risks-on-omegle-and-ometv/feed/ HTTP/1.0" 200 1795 "-" "Mozilla/5.0 (compatible; DotBot/1.2; +https://opensiteexplorer.org/dotbot; help@moz.com)"
20.171.207.25 - - [10/Sep/2025:08:44:33 +0700] "GET /wp-json/wp/v2/posts/9073 HTTP/1.0" 200 38421 "-" "Mozilla/5.0 AppleWebKit/537.36 (KHTML, like Gecko; compatible; GPTBot/1.2; +https://openai.com/gptbot)"
20.171.207.25 - - [10/Sep/2025:08:44:39 +0700] "GET /wp-json/wp/v2/posts/7963 HTTP/1.0" 200 37953 "-" "Mozilla/5.0 AppleWebKit/537.36 (KHTML, like Gecko; compatible; GPTBot/1.2; +https://openai.com/gptbot)"
20.171.207.25 - - [10/Sep/2025:08:44:45 +0700] "GET /wp-json/wp/v2/posts/5748 HTTP/1.0" 200 26866 "-" "Mozilla/5.0 AppleWebKit/537.36 (KHTML, like Gecko; compatible; GPTBot/1.2; +https://openai.com/gptbot)"
20.171.207.25 - - [10/Sep/2025:08:44:50 +0700] "GET /wp-json/wp/v2/posts/6438 HTTP/1.0" 200 41139 "-" "Mozilla/5.0 AppleWebKit/537.36 (KHTML, like Gecko; compatible; GPTBot/1.2; +https://openai.com/gptbot)"
20.171.207.25 - - [10/Sep/2025:08:44:58 +0700] "GET /wp-json/wp/v2/posts/3971 HTTP/1.0" 200 190546 "-" "Mozilla/5.0 AppleWebKit/537.36 (KHTML, like Gecko; compatible; GPTBot/1.2; +https://openai.com/gptbot)"
20.171.207.25 - - [10/Sep/2025:08:45:04 +0700] "GET /wp-json/wp/v2/posts/7308 HTTP/1.0" 200 37618 "-" "Mozilla/5.0 AppleWebKit/537.36 (KHTML, like Gecko; compatible; GPTBot/1.2; +https://openai.com/gptbot)"
20.171.207.25 - - [10/Sep/2025:08:45:10 +0700] "GET /wp-json/wp/v2/posts/7154 HTTP/1.0" 200 41199 "-" "Mozilla/5.0 AppleWebKit/537.36 (KHTML, like Gecko; compatible; GPTBot/1.2; +https://openai.com/gptbot)"
20.171.207.25 - - [10/Sep/2025:08:45:15 +0700] "GET /wp-json/wp/v2/posts/7038 HTTP/1.0" 200 37315 "-" "Mozilla/5.0 AppleWebKit/537.36 (KHTML, like Gecko; compatible; GPTBot/1.2; +https://openai.com/gptbot)"
45.117.177.72 - - [10/Sep/2025:08:45:22 +0700] "POST /wp-cron.php?doing_wp_cron=1757468722.1732530593872070312500 HTTP/1.0" 200 416 "-" "WordPress/6.8.1; https://vattusacky.vn"
20.171.207.25 - - [10/Sep/2025:08:45:21 +0700] "GET /wp-json/wp/v2/posts/8305 HTTP/1.0" 200 41447 "-" "Mozilla/5.0 AppleWebKit/537.36 (KHTML, like Gecko; compatible; GPTBot/1.2; +https://openai.com/gptbot)"
142.44.228.236 - - [10/Sep/2025:08:45:25 +0700] "GET /exploring-the-psychological-factors-that-influence-anonymity-and-authenticity-on-omegle/ HTTP/1.0" 200 92765 "-" "Mozilla/5.0 (compatible; AhrefsBot/7.0; +http://ahrefs.com/robot/)"
20.171.207.25 - - [10/Sep/2025:08:45:27 +0700] "GET /wp-json/wp/v2/posts/4173 HTTP/1.0" 200 210646 "-" "Mozilla/5.0 AppleWebKit/537.36 (KHTML, like Gecko; compatible; GPTBot/1.2; +https://openai.com/gptbot)"
20.171.207.25 - - [10/Sep/2025:08:45:34 +0700] "GET /wp-json/wp/v2/posts/8591 HTTP/1.0" 200 39622 "-" "Mozilla/5.0 AppleWebKit/537.36 (KHTML, like Gecko; compatible; GPTBot/1.2; +https://openai.com/gptbot)"
20.171.207.25 - - [10/Sep/2025:08:45:40 +0700] "GET /wp-json/wp/v2/posts/9370 HTTP/1.0" 200 92911 "-" "Mozilla/5.0 AppleWebKit/537.36 (KHTML, like Gecko; compatible; GPTBot/1.2; +https://openai.com/gptbot)"
20.171.207.25 - - [10/Sep/2025:08:45:46 +0700] "GET /wp-json/wp/v2/posts/6739 HTTP/1.0" 200 40587 "-" "Mozilla/5.0 AppleWebKit/537.36 (KHTML, like Gecko; compatible; GPTBot/1.2; +https://openai.com/gptbot)"
20.171.207.25 - - [10/Sep/2025:08:45:52 +0700] "GET /wp-json/wp/v2/posts/7409 HTTP/1.0" 200 37405 "-" "Mozilla/5.0 AppleWebKit/537.36 (KHTML, like Gecko; compatible; GPTBot/1.2; +https://openai.com/gptbot)"
20.171.207.25 - - [10/Sep/2025:08:45:58 +0700] "GET /wp-json/wp/v2/posts/6195 HTTP/1.0" 200 40725 "-" "Mozilla/5.0 AppleWebKit/537.36 (KHTML, like Gecko; compatible; GPTBot/1.2; +https://openai.com/gptbot)"
20.171.207.25 - - [10/Sep/2025:08:46:04 +0700] "GET /wp-json/wp/v2/posts/6487 HTTP/1.0" 200 41061 "-" "Mozilla/5.0 AppleWebKit/537.36 (KHTML, like Gecko; compatible; GPTBot/1.2; +https://openai.com/gptbot)"
20.171.207.25 - - [10/Sep/2025:08:46:10 +0700] "GET /wp-json/wp/v2/posts/7954 HTTP/1.0" 200 39676 "-" "Mozilla/5.0 AppleWebKit/537.36 (KHTML, like Gecko; compatible; GPTBot/1.2; +https://openai.com/gptbot)"
45.117.177.72 - - [10/Sep/2025:08:46:18 +0700] "POST /wp-cron.php?doing_wp_cron=1757468778.1305589675903320312500 HTTP/1.0" 200 416 "-" "WordPress/6.8.1; https://vattusacky.vn"
20.171.207.25 - - [10/Sep/2025:08:46:16 +0700] "GET /wp-json/wp/v2/posts/8045 HTTP/1.0" 200 40508 "-" "Mozilla/5.0 AppleWebKit/537.36 (KHTML, like Gecko; compatible; GPTBot/1.2; +https://openai.com/gptbot)"
20.171.207.25 - - [10/Sep/2025:08:46:24 +0700] "GET /wp-json/wp/v2/posts/6784 HTTP/1.0" 200 38762 "-" "Mozilla/5.0 AppleWebKit/537.36 (KHTML, like Gecko; compatible; GPTBot/1.2; +https://openai.com/gptbot)"
45.117.177.72 - - [10/Sep/2025:08:46:31 +0700] "POST /wp-cron.php?doing_wp_cron=1757468791.1180760860443115234375 HTTP/1.0" 200 416 "-" "WordPress/6.8.1; https://vattusacky.vn"
20.171.207.25 - - [10/Sep/2025:08:46:29 +0700] "GET /wp-json/wp/v2/posts/6183 HTTP/1.0" 200 40473 "-" "Mozilla/5.0 AppleWebKit/537.36 (KHTML, like Gecko; compatible; GPTBot/1.2; +https://openai.com/gptbot)"
20.171.207.25 - - [10/Sep/2025:08:46:36 +0700] "GET /wp-json/wp/v2/posts/9653 HTTP/1.0" 200 98792 "-" "Mozilla/5.0 AppleWebKit/537.36 (KHTML, like Gecko; compatible; GPTBot/1.2; +https://openai.com/gptbot)"
20.171.207.25 - - [10/Sep/2025:08:46:42 +0700] "GET /wp-json/wp/v2/posts/7350 HTTP/1.0" 200 40968 "-" "Mozilla/5.0 AppleWebKit/537.36 (KHTML, like Gecko; compatible; GPTBot/1.2; +https://openai.com/gptbot)"
20.171.207.25 - - [10/Sep/2025:08:46:48 +0700] "GET /wp-json/wp/v2/posts/3659 HTTP/1.0" 200 192490 "-" "Mozilla/5.0 AppleWebKit/537.36 (KHTML, like Gecko; compatible; GPTBot/1.2; +https://openai.com/gptbot)"
20.171.207.25 - - [10/Sep/2025:08:46:56 +0700] "GET /wp-json/wp/v2/posts/5639 HTTP/1.0" 200 59039 "-" "Mozilla/5.0 AppleWebKit/537.36 (KHTML, like Gecko; compatible; GPTBot/1.2; +https://openai.com/gptbot)"
20.171.207.25 - - [10/Sep/2025:08:47:03 +0700] "GET /wp-json/wp/v2/posts/7489 HTTP/1.0" 200 38232 "-" "Mozilla/5.0 AppleWebKit/537.36 (KHTML, like Gecko; compatible; GPTBot/1.2; +https://openai.com/gptbot)"
20.171.207.25 - - [10/Sep/2025:08:47:09 +0700] "GET /wp-json/wp/v2/posts/7953 HTTP/1.0" 200 43100 "-" "Mozilla/5.0 AppleWebKit/537.36 (KHTML, like Gecko; compatible; GPTBot/1.2; +https://openai.com/gptbot)"
52.167.144.234 - - [10/Sep/2025:08:47:10 +0700] "GET /unraveling-the-complexity-of-friendship-and-romance-in-omelove/ HTTP/1.0" 200 90780 "-" "Mozilla/5.0 AppleWebKit/537.36 (KHTML, like Gecko; compatible; bingbot/2.0; +http://www.bing.com/bingbot.htm) Chrome/116.0.1938.76 Safari/537.36"
45.117.177.72 - - [10/Sep/2025:08:47:17 +0700] "POST /wp-cron.php?doing_wp_cron=1757468837.7426609992980957031250 HTTP/1.0" 200 416 "-" "WordPress/6.8.1; https://vattusacky.vn"
20.171.207.25 - - [10/Sep/2025:08:47:16 +0700] "GET /wp-json/wp/v2/posts/6914 HTTP/1.0" 200 37759 "-" "Mozilla/5.0 AppleWebKit/537.36 (KHTML, like Gecko; compatible; GPTBot/1.2; +https://openai.com/gptbot)"
20.171.207.25 - - [10/Sep/2025:08:47:22 +0700] "GET /wp-json/wp/v2/posts/4051 HTTP/1.0" 200 217286 "-" "Mozilla/5.0 AppleWebKit/537.36 (KHTML, like Gecko; compatible; GPTBot/1.2; +https://openai.com/gptbot)"
20.171.207.25 - - [10/Sep/2025:08:47:29 +0700] "GET /wp-json/wp/v2/posts/3579 HTTP/1.0" 200 179052 "-" "Mozilla/5.0 AppleWebKit/537.36 (KHTML, like Gecko; compatible; GPTBot/1.2; +https://openai.com/gptbot)"
85.208.96.196 - - [10/Sep/2025:08:47:32 +0700] "GET /author/yanz/page/236/ HTTP/1.0" 200 132389 "-" "Mozilla/5.0 (compatible; SemrushBot/7~bl; +http://www.semrush.com/bot.html)"
20.171.207.25 - - [10/Sep/2025:08:47:37 +0700] "GET /wp-json/wp/v2/posts/7054 HTTP/1.0" 200 41393 "-" "Mozilla/5.0 AppleWebKit/537.36 (KHTML, like Gecko; compatible; GPTBot/1.2; +https://openai.com/gptbot)"
142.44.228.199 - - [10/Sep/2025:08:47:44 +0700] "GET /enthralling-tales-from-omegle-anonymous-explorers-perspectives/ HTTP/1.0" 200 90879 "-" "Mozilla/5.0 (compatible; AhrefsBot/7.0; +http://ahrefs.com/robot/)"
20.171.207.25 - - [10/Sep/2025:08:47:44 +0700] "GET /wp-json/wp/v2/posts/7980 HTTP/1.0" 200 39365 "-" "Mozilla/5.0 AppleWebKit/537.36 (KHTML, like Gecko; compatible; GPTBot/1.2; +https://openai.com/gptbot)"
45.117.177.72 - - [10/Sep/2025:08:47:52 +0700] "POST /wp-cron.php?doing_wp_cron=1757468872.7663290500640869140625 HTTP/1.0" 200 416 "-" "WordPress/6.8.1; https://vattusacky.vn"
20.171.207.25 - - [10/Sep/2025:08:47:51 +0700] "GET /wp-json/wp/v2/posts/3674 HTTP/1.0" 200 181253 "-" "Mozilla/5.0 AppleWebKit/537.36 (KHTML, like Gecko; compatible; GPTBot/1.2; +https://openai.com/gptbot)"
20.171.207.25 - - [10/Sep/2025:08:47:59 +0700] "GET /wp-json/wp/v2/posts/8569 HTTP/1.0" 200 41409 "-" "Mozilla/5.0 AppleWebKit/537.36 (KHTML, like Gecko; compatible; GPTBot/1.2; +https://openai.com/gptbot)"
20.171.207.25 - - [10/Sep/2025:08:48:06 +0700] "GET /wp-json/wp/v2/posts/8407 HTTP/1.0" 200 38524 "-" "Mozilla/5.0 AppleWebKit/537.36 (KHTML, like Gecko; compatible; GPTBot/1.2; +https://openai.com/gptbot)"
20.171.207.25 - - [10/Sep/2025:08:48:14 +0700] "GET /wp-json/wp/v2/posts/3145 HTTP/1.0" 200 185047 "-" "Mozilla/5.0 AppleWebKit/537.36 (KHTML, like Gecko; compatible; GPTBot/1.2; +https://openai.com/gptbot)"
45.117.177.72 - - [10/Sep/2025:08:48:22 +0700] "POST /wp-cron.php?doing_wp_cron=1757468902.7755899429321289062500 HTTP/1.0" 200 416 "-" "WordPress/6.8.1; https://vattusacky.vn"
20.171.207.25 - - [10/Sep/2025:08:48:21 +0700] "GET /wp-json/wp/v2/posts/3061 HTTP/1.0" 200 187648 "-" "Mozilla/5.0 AppleWebKit/537.36 (KHTML, like Gecko; compatible; GPTBot/1.2; +https://openai.com/gptbot)"
20.171.207.25 - - [10/Sep/2025:08:48:28 +0700] "GET /wp-json/wp/v2/posts/3708 HTTP/1.0" 200 182447 "-" "Mozilla/5.0 AppleWebKit/537.36 (KHTML, like Gecko; compatible; GPTBot/1.2; +https://openai.com/gptbot)"
20.171.207.25 - - [10/Sep/2025:08:48:35 +0700] "GET /wp-json/wp/v2/posts/7503 HTTP/1.0" 200 33527 "-" "Mozilla/5.0 AppleWebKit/537.36 (KHTML, like Gecko; compatible; GPTBot/1.2; +https://openai.com/gptbot)"
20.171.207.25 - - [10/Sep/2025:08:48:42 +0700] "GET /wp-json/wp/v2/posts/8670 HTTP/1.0" 200 23633 "-" "Mozilla/5.0 AppleWebKit/537.36 (KHTML, like Gecko; compatible; GPTBot/1.2; +https://openai.com/gptbot)"
20.171.207.25 - - [10/Sep/2025:08:48:50 +0700] "GET /wp-json/wp/v2/posts/4197 HTTP/1.0" 200 198496 "-" "Mozilla/5.0 AppleWebKit/537.36 (KHTML, like Gecko; compatible; GPTBot/1.2; +https://openai.com/gptbot)"
20.171.207.25 - - [10/Sep/2025:08:48:57 +0700] "GET /wp-json/wp/v2/posts/8416 HTTP/1.0" 200 23260 "-" "Mozilla/5.0 AppleWebKit/537.36 (KHTML, like Gecko; compatible; GPTBot/1.2; +https://openai.com/gptbot)"
20.171.207.25 - - [10/Sep/2025:08:49:03 +0700] "GET /wp-json/wp/v2/posts/7650 HTTP/1.0" 200 41220 "-" "Mozilla/5.0 AppleWebKit/537.36 (KHTML, like Gecko; compatible; GPTBot/1.2; +https://openai.com/gptbot)"
20.171.207.25 - - [10/Sep/2025:08:49:10 +0700] "GET /wp-json/wp/v2/posts/5169 HTTP/1.0" 200 35700 "-" "Mozilla/5.0 AppleWebKit/537.36 (KHTML, like Gecko; compatible; GPTBot/1.2; +https://openai.com/gptbot)"
45.117.177.72 - - [10/Sep/2025:08:49:17 +0700] "POST /wp-cron.php?doing_wp_cron=1757468957.7173209190368652343750 HTTP/1.0" 200 416 "-" "WordPress/6.8.1; https://vattusacky.vn"
20.171.207.25 - - [10/Sep/2025:08:49:16 +0700] "GET /wp-json/wp/v2/posts/8795 HTTP/1.0" 200 42249 "-" "Mozilla/5.0 AppleWebKit/537.36 (KHTML, like Gecko; compatible; GPTBot/1.2; +https://openai.com/gptbot)"
20.171.207.25 - - [10/Sep/2025:08:49:24 +0700] "GET /wp-json/wp/v2/posts/6158 HTTP/1.0" 200 24161 "-" "Mozilla/5.0 AppleWebKit/537.36 (KHTML, like Gecko; compatible; GPTBot/1.2; +https://openai.com/gptbot)"
20.171.207.25 - - [10/Sep/2025:08:49:31 +0700] "GET /wp-json/wp/v2/posts/4856 HTTP/1.0" 200 198044 "-" "Mozilla/5.0 AppleWebKit/537.36 (KHTML, like Gecko; compatible; GPTBot/1.2; +https://openai.com/gptbot)"
20.171.207.25 - - [10/Sep/2025:08:49:37 +0700] "GET /wp-json/wp/v2/posts/3496 HTTP/1.0" 200 183364 "-" "Mozilla/5.0 AppleWebKit/537.36 (KHTML, like Gecko; compatible; GPTBot/1.2; +https://openai.com/gptbot)"
51.161.65.101 - - [10/Sep/2025:08:49:39 +0700] "GET /unexpected-moments-and-serendipity-in-the-age-of-artificial-intelligence/ HTTP/1.0" 200 92454 "-" "Mozilla/5.0 (compatible; AhrefsBot/7.0; +http://ahrefs.com/robot/)"
20.171.207.25 - - [10/Sep/2025:08:49:44 +0700] "GET /wp-json/wp/v2/posts/6134 HTTP/1.0" 200 36104 "-" "Mozilla/5.0 AppleWebKit/537.36 (KHTML, like Gecko; compatible; GPTBot/1.2; +https://openai.com/gptbot)"
20.171.207.25 - - [10/Sep/2025:08:49:50 +0700] "GET /wp-json/wp/v2/posts/7359 HTTP/1.0" 200 38733 "-" "Mozilla/5.0 AppleWebKit/537.36 (KHTML, like Gecko; compatible; GPTBot/1.2; +https://openai.com/gptbot)"
20.171.207.25 - - [10/Sep/2025:08:49:58 +0700] "GET /wp-json/wp/v2/posts/8034 HTTP/1.0" 200 43103 "-" "Mozilla/5.0 AppleWebKit/537.36 (KHTML, like Gecko; compatible; GPTBot/1.2; +https://openai.com/gptbot)"
20.171.207.25 - - [10/Sep/2025:08:50:04 +0700] "GET /wp-json/wp/v2/posts/8904 HTTP/1.0" 200 41642 "-" "Mozilla/5.0 AppleWebKit/537.36 (KHTML, like Gecko; compatible; GPTBot/1.2; +https://openai.com/gptbot)"
20.171.207.25 - - [10/Sep/2025:08:50:12 +0700] "GET /wp-json/wp/v2/posts/8365 HTTP/1.0" 200 40660 "-" "Mozilla/5.0 AppleWebKit/537.36 (KHTML, like Gecko; compatible; GPTBot/1.2; +https://openai.com/gptbot)"
45.117.177.72 - - [10/Sep/2025:08:50:21 +0700] "POST /wp-cron.php?doing_wp_cron=1757469021.4803769588470458984375 HTTP/1.0" 200 416 "-" "WordPress/6.8.1; https://vattusacky.vn"
20.171.207.25 - - [10/Sep/2025:08:50:19 +0700] "GET /wp-json/wp/v2/posts/7835 HTTP/1.0" 200 41050 "-" "Mozilla/5.0 AppleWebKit/537.36 (KHTML, like Gecko; compatible; GPTBot/1.2; +https://openai.com/gptbot)"
20.171.207.25 - - [10/Sep/2025:08:50:28 +0700] "GET /wp-json/wp/v2/posts/6175 HTTP/1.0" 200 41487 "-" "Mozilla/5.0 AppleWebKit/537.36 (KHTML, like Gecko; compatible; GPTBot/1.2; +https://openai.com/gptbot)"
20.171.207.25 - - [10/Sep/2025:08:50:36 +0700] "GET /wp-json/wp/v2/posts/7983 HTTP/1.0" 200 38660 "-" "Mozilla/5.0 AppleWebKit/537.36 (KHTML, like Gecko; compatible; GPTBot/1.2; +https://openai.com/gptbot)"
20.171.207.25 - - [10/Sep/2025:08:50:44 +0700] "GET /wp-json/wp/v2/posts/8645 HTTP/1.0" 200 33931 "-" "Mozilla/5.0 AppleWebKit/537.36 (KHTML, like Gecko; compatible; GPTBot/1.2; +https://openai.com/gptbot)"
20.171.207.25 - - [10/Sep/2025:08:50:51 +0700] "GET /wp-json/wp/v2/posts/7051 HTTP/1.0" 200 43152 "-" "Mozilla/5.0 AppleWebKit/537.36 (KHTML, like Gecko; compatible; GPTBot/1.2; +https://openai.com/gptbot)"
20.171.207.25 - - [10/Sep/2025:08:50:57 +0700] "GET /wp-json/wp/v2/posts/8176 HTTP/1.0" 200 28741 "-" "Mozilla/5.0 AppleWebKit/537.36 (KHTML, like Gecko; compatible; GPTBot/1.2; +https://openai.com/gptbot)"
20.171.207.25 - - [10/Sep/2025:08:51:04 +0700] "GET /wp-json/wp/v2/posts/3457 HTTP/1.0" 200 184133 "-" "Mozilla/5.0 AppleWebKit/537.36 (KHTML, like Gecko; compatible; GPTBot/1.2; +https://openai.com/gptbot)"
20.171.207.25 - - [10/Sep/2025:08:51:11 +0700] "GET /wp-json/wp/v2/posts/6517 HTTP/1.0" 200 39367 "-" "Mozilla/5.0 AppleWebKit/537.36 (KHTML, like Gecko; compatible; GPTBot/1.2; +https://openai.com/gptbot)"
45.117.177.72 - - [10/Sep/2025:08:51:18 +0700] "POST /wp-cron.php?doing_wp_cron=1757469078.5131030082702636718750 HTTP/1.0" 200 416 "-" "WordPress/6.8.1; https://vattusacky.vn"
20.171.207.25 - - [10/Sep/2025:08:51:17 +0700] "GET /wp-json/wp/v2/posts/9015 HTTP/1.0" 200 40720 "-" "Mozilla/5.0 AppleWebKit/537.36 (KHTML, like Gecko; compatible; GPTBot/1.2; +https://openai.com/gptbot)"
20.171.207.25 - - [10/Sep/2025:08:51:24 +0700] "GET /wp-json/wp/v2/posts/6017 HTTP/1.0" 200 651515 "-" "Mozilla/5.0 AppleWebKit/537.36 (KHTML, like Gecko; compatible; GPTBot/1.2; +https://openai.com/gptbot)"
20.171.207.25 - - [10/Sep/2025:08:51:32 +0700] "GET /wp-json/wp/v2/posts/4139 HTTP/1.0" 200 211007 "-" "Mozilla/5.0 AppleWebKit/537.36 (KHTML, like Gecko; compatible; GPTBot/1.2; +https://openai.com/gptbot)"
20.171.207.25 - - [10/Sep/2025:08:51:40 +0700] "GET /wp-json/wp/v2/posts/3589 HTTP/1.0" 200 177899 "-" "Mozilla/5.0 AppleWebKit/537.36 (KHTML, like Gecko; compatible; GPTBot/1.2; +https://openai.com/gptbot)"
167.114.139.178 - - [10/Sep/2025:08:51:45 +0700] "GET /the-serendipitous-nature-of-language-exchange-on-omegle-and-ometv/ HTTP/1.0" 200 87712 "-" "Mozilla/5.0 (compatible; AhrefsBot/7.0; +http://ahrefs.com/robot/)"
20.171.207.25 - - [10/Sep/2025:08:51:48 +0700] "GET /wp-json/wp/v2/posts/6875 HTTP/1.0" 200 41998 "-" "Mozilla/5.0 AppleWebKit/537.36 (KHTML, like Gecko; compatible; GPTBot/1.2; +https://openai.com/gptbot)"
20.171.207.25 - - [10/Sep/2025:08:51:55 +0700] "GET /wp-json/wp/v2/posts/8493 HTTP/1.0" 200 23479 "-" "Mozilla/5.0 AppleWebKit/537.36 (KHTML, like Gecko; compatible; GPTBot/1.2; +https://openai.com/gptbot)"
20.171.207.25 - - [10/Sep/2025:08:52:03 +0700] "GET /wp-json/wp/v2/posts/8907 HTTP/1.0" 200 38918 "-" "Mozilla/5.0 AppleWebKit/537.36 (KHTML, like Gecko; compatible; GPTBot/1.2; +https://openai.com/gptbot)"
20.171.207.25 - - [10/Sep/2025:08:52:09 +0700] "GET /wp-json/wp/v2/posts/8471 HTTP/1.0" 200 37594 "-" "Mozilla/5.0 AppleWebKit/537.36 (KHTML, like Gecko; compatible; GPTBot/1.2; +https://openai.com/gptbot)"
45.117.177.72 - - [10/Sep/2025:08:52:18 +0700] "POST /wp-cron.php?doing_wp_cron=1757469138.5792050361633300781250 HTTP/1.0" 200 416 "-" "WordPress/6.8.1; https://vattusacky.vn"
20.171.207.25 - - [10/Sep/2025:08:52:17 +0700] "GET /wp-json/wp/v2/posts/6458 HTTP/1.0" 200 42666 "-" "Mozilla/5.0 AppleWebKit/537.36 (KHTML, like Gecko; compatible; GPTBot/1.2; +https://openai.com/gptbot)"
20.171.207.25 - - [10/Sep/2025:08:52:24 +0700] "GET /wp-json/wp/v2/posts/7869 HTTP/1.0" 200 39210 "-" "Mozilla/5.0 AppleWebKit/537.36 (KHTML, like Gecko; compatible; GPTBot/1.2; +https://openai.com/gptbot)"
185.163.44.141 - - [10/Sep/2025:08:52:30 +0700] "POST /xmlrpc.php HTTP/1.0" 200 956 "https://vattusacky.vn" "Mozilla/5.0 (Macintosh; Intel Mac OS X 10_15_7) AppleWebKit/537.36 (KHTML, like Gecko) Chrome/115.0.5790.102 Safari/537.36"
20.171.207.25 - - [10/Sep/2025:08:52:31 +0700] "GET /wp-json/wp/v2/posts/9053 HTTP/1.0" 200 37841 "-" "Mozilla/5.0 AppleWebKit/537.36 (KHTML, like Gecko; compatible; GPTBot/1.2; +https://openai.com/gptbot)"
185.163.44.141 - - [10/Sep/2025:08:52:32 +0700] "POST /wp-login.php HTTP/1.0" 200 11730 "https://vattusacky.vn" "Mozilla/5.0 (Windows NT 10.0; Win64; x64; rv:125.0.1) Gecko/20100101 Firefox/125.0.1"
20.171.207.25 - - [10/Sep/2025:08:52:38 +0700] "GET /wp-json/wp/v2/posts/3016 HTTP/1.0" 200 188595 "-" "Mozilla/5.0 AppleWebKit/537.36 (KHTML, like Gecko; compatible; GPTBot/1.2; +https://openai.com/gptbot)"
20.171.207.25 - - [10/Sep/2025:08:52:46 +0700] "GET /wp-json/wp/v2/posts/7034 HTTP/1.0" 200 38681 "-" "Mozilla/5.0 AppleWebKit/537.36 (KHTML, like Gecko; compatible; GPTBot/1.2; +https://openai.com/gptbot)"
20.171.207.25 - - [10/Sep/2025:08:52:53 +0700] "GET /wp-json/wp/v2/posts/6785 HTTP/1.0" 200 38824 "-" "Mozilla/5.0 AppleWebKit/537.36 (KHTML, like Gecko; compatible; GPTBot/1.2; +https://openai.com/gptbot)"
20.171.207.25 - - [10/Sep/2025:08:53:00 +0700] "GET /wp-json/wp/v2/posts/6704 HTTP/1.0" 200 38490 "-" "Mozilla/5.0 AppleWebKit/537.36 (KHTML, like Gecko; compatible; GPTBot/1.2; +https://openai.com/gptbot)"
20.171.207.25 - - [10/Sep/2025:08:53:08 +0700] "GET /wp-json/wp/v2/posts/7045 HTTP/1.0" 200 39720 "-" "Mozilla/5.0 AppleWebKit/537.36 (KHTML, like Gecko; compatible; GPTBot/1.2; +https://openai.com/gptbot)"
20.171.207.25 - - [10/Sep/2025:08:53:14 +0700] "GET /wp-json/wp/v2/posts/6803 HTTP/1.0" 200 41319 "-" "Mozilla/5.0 AppleWebKit/537.36 (KHTML, like Gecko; compatible; GPTBot/1.2; +https://openai.com/gptbot)"
45.117.177.72 - - [10/Sep/2025:08:53:22 +0700] "POST /wp-cron.php?doing_wp_cron=1757469202.4009010791778564453125 HTTP/1.0" 200 416 "-" "WordPress/6.8.1; https://vattusacky.vn"
20.171.207.25 - - [10/Sep/2025:08:53:21 +0700] "GET /wp-json/wp/v2/posts/8941 HTTP/1.0" 200 40726 "-" "Mozilla/5.0 AppleWebKit/537.36 (KHTML, like Gecko; compatible; GPTBot/1.2; +https://openai.com/gptbot)"
20.171.207.25 - - [10/Sep/2025:08:53:28 +0700] "GET /wp-json/wp/v2/posts/6751 HTTP/1.0" 200 38671 "-" "Mozilla/5.0 AppleWebKit/537.36 (KHTML, like Gecko; compatible; GPTBot/1.2; +https://openai.com/gptbot)"
142.44.225.84 - - [10/Sep/2025:08:53:32 +0700] "GET /unexpected-love-stories-from-omegles-random-matches/ HTTP/1.0" 200 92096 "-" "Mozilla/5.0 (compatible; AhrefsBot/7.0; +http://ahrefs.com/robot/)"
20.171.207.25 - - [10/Sep/2025:08:53:35 +0700] "GET /wp-json/wp/v2/posts/9013 HTTP/1.0" 200 37259 "-" "Mozilla/5.0 AppleWebKit/537.36 (KHTML, like Gecko; compatible; GPTBot/1.2; +https://openai.com/gptbot)"
20.171.207.25 - - [10/Sep/2025:08:53:43 +0700] "GET /wp-json/wp/v2/posts/5061 HTTP/1.0" 200 194146 "-" "Mozilla/5.0 AppleWebKit/537.36 (KHTML, like Gecko; compatible; GPTBot/1.2; +https://openai.com/gptbot)"
20.171.207.25 - - [10/Sep/2025:08:53:50 +0700] "GET /wp-json/wp/v2/posts/8570 HTTP/1.0" 200 39861 "-" "Mozilla/5.0 AppleWebKit/537.36 (KHTML, like Gecko; compatible; GPTBot/1.2; +https://openai.com/gptbot)"
20.171.207.25 - - [10/Sep/2025:08:53:59 +0700] "GET /wp-json/wp/v2/posts/6387 HTTP/1.0" 200 40943 "-" "Mozilla/5.0 AppleWebKit/537.36 (KHTML, like Gecko; compatible; GPTBot/1.2; +https://openai.com/gptbot)"
20.171.207.25 - - [10/Sep/2025:08:54:06 +0700] "GET /wp-json/wp/v2/posts/3904 HTTP/1.0" 200 221440 "-" "Mozilla/5.0 AppleWebKit/537.36 (KHTML, like Gecko; compatible; GPTBot/1.2; +https://openai.com/gptbot)"
20.171.207.25 - - [10/Sep/2025:08:54:15 +0700] "GET /wp-json/wp/v2/posts/8075 HTTP/1.0" 200 37244 "-" "Mozilla/5.0 AppleWebKit/537.36 (KHTML, like Gecko; compatible; GPTBot/1.2; +https://openai.com/gptbot)"
45.117.177.72 - - [10/Sep/2025:08:54:25 +0700] "POST /wp-cron.php?doing_wp_cron=1757469265.5981349945068359375000 HTTP/1.0" 200 416 "-" "WordPress/6.8.1; https://vattusacky.vn"
20.171.207.25 - - [10/Sep/2025:08:54:24 +0700] "GET /wp-json/wp/v2/posts/8635 HTTP/1.0" 200 39033 "-" "Mozilla/5.0 AppleWebKit/537.36 (KHTML, like Gecko; compatible; GPTBot/1.2; +https://openai.com/gptbot)"
20.171.207.25 - - [10/Sep/2025:08:54:33 +0700] "GET /wp-json/wp/v2/posts/8135 HTTP/1.0" 200 26352 "-" "Mozilla/5.0 AppleWebKit/537.36 (KHTML, like Gecko; compatible; GPTBot/1.2; +https://openai.com/gptbot)"
20.171.207.25 - - [10/Sep/2025:08:54:44 +0700] "GET /wp-json/wp/v2/posts/8104 HTTP/1.0" 200 41102 "-" "Mozilla/5.0 AppleWebKit/537.36 (KHTML, like Gecko; compatible; GPTBot/1.2; +https://openai.com/gptbot)"
20.171.207.25 - - [10/Sep/2025:08:54:51 +0700] "GET /wp-json/wp/v2/posts/9617 HTTP/1.0" 200 103351 "-" "Mozilla/5.0 AppleWebKit/537.36 (KHTML, like Gecko; compatible; GPTBot/1.2; +https://openai.com/gptbot)"
20.171.207.25 - - [10/Sep/2025:08:54:59 +0700] "GET /wp-json/wp/v2/posts/4195 HTTP/1.0" 200 218371 "-" "Mozilla/5.0 AppleWebKit/537.36 (KHTML, like Gecko; compatible; GPTBot/1.2; +https://openai.com/gptbot)"
20.171.207.25 - - [10/Sep/2025:08:55:07 +0700] "GET /wp-json/wp/v2/posts/6938 HTTP/1.0" 200 41126 "-" "Mozilla/5.0 AppleWebKit/537.36 (KHTML, like Gecko; compatible; GPTBot/1.2; +https://openai.com/gptbot)"
20.171.207.25 - - [10/Sep/2025:08:55:15 +0700] "GET /wp-json/wp/v2/posts/7169 HTTP/1.0" 200 39950 "-" "Mozilla/5.0 AppleWebKit/537.36 (KHTML, like Gecko; compatible; GPTBot/1.2; +https://openai.com/gptbot)"
45.117.177.72 - - [10/Sep/2025:08:55:25 +0700] "POST /wp-cron.php?doing_wp_cron=1757469324.8851740360260009765625 HTTP/1.0" 200 416 "-" "WordPress/6.8.1; https://vattusacky.vn"
20.171.207.25 - - [10/Sep/2025:08:55:23 +0700] "GET /wp-json/wp/v2/posts/8710 HTTP/1.0" 200 40249 "-" "Mozilla/5.0 AppleWebKit/537.36 (KHTML, like Gecko; compatible; GPTBot/1.2; +https://openai.com/gptbot)"
54.39.0.145 - - [10/Sep/2025:08:55:25 +0700] "GET /the/epa5/ HTTP/1.0" 200 78423 "-" "Mozilla/5.0 (compatible; AhrefsBot/7.0; +http://ahrefs.com/robot/)"
20.171.207.25 - - [10/Sep/2025:08:55:31 +0700] "GET /wp-json/wp/v2/posts/6597 HTTP/1.0" 200 41835 "-" "Mozilla/5.0 AppleWebKit/537.36 (KHTML, like Gecko; compatible; GPTBot/1.2; +https://openai.com/gptbot)"
20.171.207.25 - - [10/Sep/2025:08:55:40 +0700] "GET /wp-json/wp/v2/posts/8019 HTTP/1.0" 200 41050 "-" "Mozilla/5.0 AppleWebKit/537.36 (KHTML, like Gecko; compatible; GPTBot/1.2; +https://openai.com/gptbot)"
20.171.207.25 - - [10/Sep/2025:08:55:48 +0700] "GET /wp-json/wp/v2/posts/8074 HTTP/1.0" 200 40039 "-" "Mozilla/5.0 AppleWebKit/537.36 (KHTML, like Gecko; compatible; GPTBot/1.2; +https://openai.com/gptbot)"
20.171.207.25 - - [10/Sep/2025:08:55:56 +0700] "GET /wp-json/wp/v2/posts/7531 HTTP/1.0" 200 39272 "-" "Mozilla/5.0 AppleWebKit/537.36 (KHTML, like Gecko; compatible; GPTBot/1.2; +https://openai.com/gptbot)"
20.171.207.25 - - [10/Sep/2025:08:56:04 +0700] "GET /wp-json/wp/v2/posts/7160 HTTP/1.0" 200 35289 "-" "Mozilla/5.0 AppleWebKit/537.36 (KHTML, like Gecko; compatible; GPTBot/1.2; +https://openai.com/gptbot)"
20.171.207.25 - - [10/Sep/2025:08:56:12 +0700] "GET /wp-json/wp/v2/posts/8614 HTTP/1.0" 200 38104 "-" "Mozilla/5.0 AppleWebKit/537.36 (KHTML, like Gecko; compatible; GPTBot/1.2; +https://openai.com/gptbot)"
45.117.177.72 - - [10/Sep/2025:08:56:22 +0700] "POST /wp-cron.php?doing_wp_cron=1757469381.9788448810577392578125 HTTP/1.0" 200 416 "-" "WordPress/6.8.1; https://vattusacky.vn"
20.171.207.25 - - [10/Sep/2025:08:56:20 +0700] "GET /wp-json/wp/v2/posts/6319 HTTP/1.0" 200 39326 "-" "Mozilla/5.0 AppleWebKit/537.36 (KHTML, like Gecko; compatible; GPTBot/1.2; +https://openai.com/gptbot)"
20.171.207.25 - - [10/Sep/2025:08:56:28 +0700] "GET /wp-json/wp/v2/posts/8563 HTTP/1.0" 200 40085 "-" "Mozilla/5.0 AppleWebKit/537.36 (KHTML, like Gecko; compatible; GPTBot/1.2; +https://openai.com/gptbot)"
20.171.207.25 - - [10/Sep/2025:08:56:36 +0700] "GET /wp-json/wp/v2/posts/9184 HTTP/1.0" 200 32067 "-" "Mozilla/5.0 AppleWebKit/537.36 (KHTML, like Gecko; compatible; GPTBot/1.2; +https://openai.com/gptbot)"
20.171.207.25 - - [10/Sep/2025:08:56:45 +0700] "GET /wp-json/wp/v2/posts/8975 HTTP/1.0" 200 42624 "-" "Mozilla/5.0 AppleWebKit/537.36 (KHTML, like Gecko; compatible; GPTBot/1.2; +https://openai.com/gptbot)"
20.171.207.25 - - [10/Sep/2025:08:56:53 +0700] "GET /wp-json/wp/v2/posts/7109 HTTP/1.0" 200 40387 "-" "Mozilla/5.0 AppleWebKit/537.36 (KHTML, like Gecko; compatible; GPTBot/1.2; +https://openai.com/gptbot)"
20.171.207.25 - - [10/Sep/2025:08:57:01 +0700] "GET /wp-json/wp/v2/posts/6098 HTTP/1.0" 200 37545 "-" "Mozilla/5.0 AppleWebKit/537.36 (KHTML, like Gecko; compatible; GPTBot/1.2; +https://openai.com/gptbot)"
20.171.207.25 - - [10/Sep/2025:08:57:08 +0700] "GET /wp-json/wp/v2/posts/9037 HTTP/1.0" 200 42458 "-" "Mozilla/5.0 AppleWebKit/537.36 (KHTML, like Gecko; compatible; GPTBot/1.2; +https://openai.com/gptbot)"
45.117.177.72 - - [10/Sep/2025:08:57:17 +0700] "POST /wp-cron.php?doing_wp_cron=1757469437.1996428966522216796875 HTTP/1.0" 200 416 "-" "WordPress/6.8.1; https://vattusacky.vn"
20.171.207.25 - - [10/Sep/2025:08:57:16 +0700] "GET /wp-json/wp/v2/posts/8107 HTTP/1.0" 200 38947 "-" "Mozilla/5.0 AppleWebKit/537.36 (KHTML, like Gecko; compatible; GPTBot/1.2; +https://openai.com/gptbot)"
20.171.207.25 - - [10/Sep/2025:08:57:24 +0700] "GET /wp-json/wp/v2/posts/6978 HTTP/1.0" 200 41479 "-" "Mozilla/5.0 AppleWebKit/537.36 (KHTML, like Gecko; compatible; GPTBot/1.2; +https://openai.com/gptbot)"
31.11.36.220 - - [10/Sep/2025:08:57:25 +0700] "POST /xmlrpc.php HTTP/1.0" 200 956 "https://vattusacky.vn" "Mozilla/5.0 (Macintosh; Intel Mac OS X 10_15_7) AppleWebKit/537.36 (KHTML, like Gecko) Chrome/113.0.5672.93 Safari/537.36"
31.11.36.220 - - [10/Sep/2025:08:57:27 +0700] "POST /wp-login.php HTTP/1.0" 200 11730 "https://vattusacky.vn" "Mozilla/5.0 (Windows NT 10.0; Win64; x64; rv:125.0.1) Gecko/20100101 Firefox/125.0.1"
20.171.207.25 - - [10/Sep/2025:08:57:32 +0700] "GET /wp-json/wp/v2/posts/7469 HTTP/1.0" 200 39414 "-" "Mozilla/5.0 AppleWebKit/537.36 (KHTML, like Gecko; compatible; GPTBot/1.2; +https://openai.com/gptbot)"
148.113.130.186 - - [10/Sep/2025:08:57:33 +0700] "GET /the/thiet-bi-lay-mau-bui-isokinetic-theo-phuong-phap-dang-dong-hoc/ HTTP/1.0" 200 79846 "-" "Mozilla/5.0 (compatible; AhrefsBot/7.0; +http://ahrefs.com/robot/)"
20.171.207.25 - - [10/Sep/2025:08:57:40 +0700] "GET /wp-json/wp/v2/posts/3156 HTTP/1.0" 200 190095 "-" "Mozilla/5.0 AppleWebKit/537.36 (KHTML, like Gecko; compatible; GPTBot/1.2; +https://openai.com/gptbot)"
20.171.207.25 - - [10/Sep/2025:08:57:48 +0700] "GET /wp-json/wp/v2/posts/7513 HTTP/1.0" 200 39037 "-" "Mozilla/5.0 AppleWebKit/537.36 (KHTML, like Gecko; compatible; GPTBot/1.2; +https://openai.com/gptbot)"
20.171.207.25 - - [10/Sep/2025:08:57:57 +0700] "GET /wp-json/wp/v2/posts/7964 HTTP/1.0" 200 38195 "-" "Mozilla/5.0 AppleWebKit/537.36 (KHTML, like Gecko; compatible; GPTBot/1.2; +https://openai.com/gptbot)"
20.171.207.25 - - [10/Sep/2025:08:58:04 +0700] "GET /wp-json/wp/v2/posts/7956 HTTP/1.0" 200 39913 "-" "Mozilla/5.0 AppleWebKit/537.36 (KHTML, like Gecko; compatible; GPTBot/1.2; +https://openai.com/gptbot)"
20.171.207.25 - - [10/Sep/2025:08:58:12 +0700] "GET /wp-json/wp/v2/posts/6093 HTTP/1.0" 200 39490 "-" "Mozilla/5.0 AppleWebKit/537.36 (KHTML, like Gecko; compatible; GPTBot/1.2; +https://openai.com/gptbot)"
45.117.177.72 - - [10/Sep/2025:08:58:21 +0700] "POST /wp-cron.php?doing_wp_cron=1757469501.1975710391998291015625 HTTP/1.0" 200 416 "-" "WordPress/6.8.1; https://vattusacky.vn"
20.171.207.25 - - [10/Sep/2025:08:58:20 +0700] "GET /wp-json/wp/v2/posts/8519 HTTP/1.0" 200 40291 "-" "Mozilla/5.0 AppleWebKit/537.36 (KHTML, like Gecko; compatible; GPTBot/1.2; +https://openai.com/gptbot)"
54.39.136.247 - - [10/Sep/2025:08:58:25 +0700] "GET /how-do-i-play-free-casino-slot-games/ HTTP/1.0" 200 244122 "-" "Mozilla/5.0 (compatible; AhrefsBot/7.0; +http://ahrefs.com/robot/)"
20.171.207.25 - - [10/Sep/2025:08:58:27 +0700] "GET /wp-json/wp/v2/posts/9364 HTTP/1.0" 200 36065 "-" "Mozilla/5.0 AppleWebKit/537.36 (KHTML, like Gecko; compatible; GPTBot/1.2; +https://openai.com/gptbot)"
20.171.207.25 - - [10/Sep/2025:08:58:35 +0700] "GET /wp-json/wp/v2/posts/4586 HTTP/1.0" 200 215269 "-" "Mozilla/5.0 AppleWebKit/537.36 (KHTML, like Gecko; compatible; GPTBot/1.2; +https://openai.com/gptbot)"
143.198.49.39 - - [10/Sep/2025:08:58:41 +0700] "POST /xmlrpc.php HTTP/1.0" 200 956 "-" "Mozilla/5.0 (Windows NT 10.0; Win64; x64; rv:63.0) Gecko/20100101 Firefox/63.0"
20.171.207.25 - - [10/Sep/2025:08:58:43 +0700] "GET /wp-json/wp/v2/posts/7195 HTTP/1.0" 200 43814 "-" "Mozilla/5.0 AppleWebKit/537.36 (KHTML, like Gecko; compatible; GPTBot/1.2; +https://openai.com/gptbot)"
20.171.207.25 - - [10/Sep/2025:08:58:50 +0700] "GET /wp-json/wp/v2/posts/6105 HTTP/1.0" 200 40257 "-" "Mozilla/5.0 AppleWebKit/537.36 (KHTML, like Gecko; compatible; GPTBot/1.2; +https://openai.com/gptbot)"
20.171.207.25 - - [10/Sep/2025:08:59:01 +0700] "GET /wp-json/wp/v2/posts/7839 HTTP/1.0" 200 41010 "-" "Mozilla/5.0 AppleWebKit/537.36 (KHTML, like Gecko; compatible; GPTBot/1.2; +https://openai.com/gptbot)"
20.171.207.25 - - [10/Sep/2025:08:59:10 +0700] "GET /wp-json/wp/v2/posts/3608 HTTP/1.0" 200 228921 "-" "Mozilla/5.0 AppleWebKit/537.36 (KHTML, like Gecko; compatible; GPTBot/1.2; +https://openai.com/gptbot)"
45.117.177.72 - - [10/Sep/2025:08:59:21 +0700] "POST /wp-cron.php?doing_wp_cron=1757469561.3504528999328613281250 HTTP/1.0" 200 416 "-" "WordPress/6.8.1; https://vattusacky.vn"
20.171.207.25 - - [10/Sep/2025:08:59:20 +0700] "GET /wp-json/wp/v2/posts/6974 HTTP/1.0" 200 40660 "-" "Mozilla/5.0 AppleWebKit/537.36 (KHTML, like Gecko; compatible; GPTBot/1.2; +https://openai.com/gptbot)"
51.161.65.186 - - [10/Sep/2025:08:59:22 +0700] "GET /the/dang-doc-hoc/ HTTP/1.0" 200 78672 "-" "Mozilla/5.0 (compatible; AhrefsBot/7.0; +http://ahrefs.com/robot/)"
20.171.207.25 - - [10/Sep/2025:08:59:27 +0700] "GET /wp-json/wp/v2/posts/9835 HTTP/1.0" 200 41448 "-" "Mozilla/5.0 AppleWebKit/537.36 (KHTML, like Gecko; compatible; GPTBot/1.2; +https://openai.com/gptbot)"
20.171.207.25 - - [10/Sep/2025:08:59:35 +0700] "GET /wp-json/wp/v2/posts/7916 HTTP/1.0" 200 38540 "-" "Mozilla/5.0 AppleWebKit/537.36 (KHTML, like Gecko; compatible; GPTBot/1.2; +https://openai.com/gptbot)"
20.171.207.25 - - [10/Sep/2025:08:59:43 +0700] "GET /wp-json/wp/v2/posts/7463 HTTP/1.0" 200 38250 "-" "Mozilla/5.0 AppleWebKit/537.36 (KHTML, like Gecko; compatible; GPTBot/1.2; +https://openai.com/gptbot)"
20.171.207.25 - - [10/Sep/2025:08:59:50 +0700] "GET /wp-json/wp/v2/posts/9163 HTTP/1.0" 200 41275 "-" "Mozilla/5.0 AppleWebKit/537.36 (KHTML, like Gecko; compatible; GPTBot/1.2; +https://openai.com/gptbot)"
20.171.207.25 - - [10/Sep/2025:08:59:58 +0700] "GET /wp-json/wp/v2/posts/8617 HTTP/1.0" 200 39625 "-" "Mozilla/5.0 AppleWebKit/537.36 (KHTML, like Gecko; compatible; GPTBot/1.2; +https://openai.com/gptbot)"
20.171.207.25 - - [10/Sep/2025:09:00:07 +0700] "GET /wp-json/wp/v2/posts/9374 HTTP/1.0" 200 93346 "-" "Mozilla/5.0 AppleWebKit/537.36 (KHTML, like Gecko; compatible; GPTBot/1.2; +https://openai.com/gptbot)"
20.171.207.25 - - [10/Sep/2025:09:00:15 +0700] "GET /wp-json/wp/v2/posts/9041 HTTP/1.0" 200 37568 "-" "Mozilla/5.0 AppleWebKit/537.36 (KHTML, like Gecko; compatible; GPTBot/1.2; +https://openai.com/gptbot)"
45.117.177.72 - - [10/Sep/2025:09:00:19 +0700] "POST /wp-cron.php?doing_wp_cron=1757469619.5128479003906250000000 HTTP/1.0" 200 416 "-" "WordPress/6.8.1; https://vattusacky.vn"
142.44.225.36 - - [10/Sep/2025:09:00:18 +0700] "GET /the/isokinetic/ HTTP/1.0" 200 78549 "-" "Mozilla/5.0 (compatible; AhrefsBot/7.0; +http://ahrefs.com/robot/)"
20.171.207.25 - - [10/Sep/2025:09:00:23 +0700] "GET /wp-json/wp/v2/posts/6087 HTTP/1.0" 200 39922 "-" "Mozilla/5.0 AppleWebKit/537.36 (KHTML, like Gecko; compatible; GPTBot/1.2; +https://openai.com/gptbot)"
20.171.207.25 - - [10/Sep/2025:09:00:31 +0700] "GET /wp-json/wp/v2/posts/8619 HTTP/1.0" 200 43207 "-" "Mozilla/5.0 AppleWebKit/537.36 (KHTML, like Gecko; compatible; GPTBot/1.2; +https://openai.com/gptbot)"
20.171.207.25 - - [10/Sep/2025:09:00:39 +0700] "GET /wp-json/wp/v2/posts/5473 HTTP/1.0" 200 92868 "-" "Mozilla/5.0 AppleWebKit/537.36 (KHTML, like Gecko; compatible; GPTBot/1.2; +https://openai.com/gptbot)"
20.171.207.25 - - [10/Sep/2025:09:00:47 +0700] "GET /wp-json/wp/v2/posts/7810 HTTP/1.0" 200 40785 "-" "Mozilla/5.0 AppleWebKit/537.36 (KHTML, like Gecko; compatible; GPTBot/1.2; +https://openai.com/gptbot)"
20.171.207.25 - - [10/Sep/2025:09:00:55 +0700] "GET /wp-json/wp/v2/posts/7831 HTTP/1.0" 200 42832 "-" "Mozilla/5.0 AppleWebKit/537.36 (KHTML, like Gecko; compatible; GPTBot/1.2; +https://openai.com/gptbot)"
20.171.207.25 - - [10/Sep/2025:09:01:07 +0700] "GET /wp-json/wp/v2/posts/6150 HTTP/1.0" 200 39091 "-" "Mozilla/5.0 AppleWebKit/537.36 (KHTML, like Gecko; compatible; GPTBot/1.2; +https://openai.com/gptbot)"
15.235.98.138 - - [10/Sep/2025:09:01:09 +0700] "GET /japanese-mail-order-brides-how-to-find-a-japanese-wife/ HTTP/1.0" 200 76743 "-" "Mozilla/5.0 (compatible; AhrefsBot/7.0; +http://ahrefs.com/robot/)"
20.171.207.25 - - [10/Sep/2025:09:01:17 +0700] "GET /wp-json/wp/v2/posts/9310 HTTP/1.0" 200 26172 "-" "Mozilla/5.0 AppleWebKit/537.36 (KHTML, like Gecko; compatible; GPTBot/1.2; +https://openai.com/gptbot)"
20.171.207.25 - - [10/Sep/2025:09:01:25 +0700] "GET /wp-json/wp/v2/posts/4876 HTTP/1.0" 200 192989 "-" "Mozilla/5.0 AppleWebKit/537.36 (KHTML, like Gecko; compatible; GPTBot/1.2; +https://openai.com/gptbot)"
20.171.207.25 - - [10/Sep/2025:09:01:34 +0700] "GET /wp-json/wp/v2/posts/8415 HTTP/1.0" 200 42414 "-" "Mozilla/5.0 AppleWebKit/537.36 (KHTML, like Gecko; compatible; GPTBot/1.2; +https://openai.com/gptbot)"
20.171.207.25 - - [10/Sep/2025:09:01:42 +0700] "GET /wp-json/wp/v2/posts/9067 HTTP/1.0" 200 39197 "-" "Mozilla/5.0 AppleWebKit/537.36 (KHTML, like Gecko; compatible; GPTBot/1.2; +https://openai.com/gptbot)"
20.171.207.25 - - [10/Sep/2025:09:01:50 +0700] "GET /wp-json/wp/v2/posts/8716 HTTP/1.0" 200 40704 "-" "Mozilla/5.0 AppleWebKit/537.36 (KHTML, like Gecko; compatible; GPTBot/1.2; +https://openai.com/gptbot)"
45.117.177.72 - - [10/Sep/2025:09:01:59 +0700] "POST /wp-cron.php?doing_wp_cron=1757469719.7369720935821533203125 HTTP/1.0" 200 416 "-" "WordPress/6.8.1; https://vattusacky.vn"
20.171.207.25 - - [10/Sep/2025:09:01:58 +0700] "GET /wp-json/wp/v2/posts/3697 HTTP/1.0" 200 183878 "-" "Mozilla/5.0 AppleWebKit/537.36 (KHTML, like Gecko; compatible; GPTBot/1.2; +https://openai.com/gptbot)"
20.171.207.25 - - [10/Sep/2025:09:02:06 +0700] "GET /wp-json/wp/v2/posts/4715 HTTP/1.0" 200 214598 "-" "Mozilla/5.0 AppleWebKit/537.36 (KHTML, like Gecko; compatible; GPTBot/1.2; +https://openai.com/gptbot)"
142.44.233.27 - - [10/Sep/2025:09:02:08 +0700] "GET /the-different-types-of-money-in-an-economy/ HTTP/1.0" 200 466331 "-" "Mozilla/5.0 (compatible; AhrefsBot/7.0; +http://ahrefs.com/robot/)"
20.171.207.25 - - [10/Sep/2025:09:02:14 +0700] "GET /wp-json/wp/v2/posts/8760 HTTP/1.0" 200 40790 "-" "Mozilla/5.0 AppleWebKit/537.36 (KHTML, like Gecko; compatible; GPTBot/1.2; +https://openai.com/gptbot)"
45.117.177.72 - - [10/Sep/2025:09:02:23 +0700] "POST /wp-cron.php?doing_wp_cron=1757469743.5733048915863037109375 HTTP/1.0" 200 416 "-" "WordPress/6.8.1; https://vattusacky.vn"
20.171.207.25 - - [10/Sep/2025:09:02:22 +0700] "GET /wp-json/wp/v2/posts/9164 HTTP/1.0" 200 37393 "-" "Mozilla/5.0 AppleWebKit/537.36 (KHTML, like Gecko; compatible; GPTBot/1.2; +https://openai.com/gptbot)"
147.182.171.230 - - [10/Sep/2025:09:02:29 +0700] "POST /xmlrpc.php HTTP/1.0" 200 956 "https://vattusacky.vn" "Mozilla/5.0 (Macintosh; Intel Mac OS X 13_3) AppleWebKit/537.36 (KHTML, like Gecko) Chrome/126.0.0.0 Safari/537.36 Edg/126.0.0.0"
20.171.207.25 - - [10/Sep/2025:09:02:31 +0700] "GET /wp-json/wp/v2/posts/9135 HTTP/1.0" 200 41851 "-" "Mozilla/5.0 AppleWebKit/537.36 (KHTML, like Gecko; compatible; GPTBot/1.2; +https://openai.com/gptbot)"
147.182.171.230 - - [10/Sep/2025:09:02:31 +0700] "POST /wp-login.php HTTP/1.0" 200 11730 "https://vattusacky.vn" "Mozilla/5.0 (Windows NT 10.0; Win64; x64) AppleWebKit/537.36 (KHTML, like Gecko) Chrome/115.0.5790.102 Safari/537.36"
20.171.207.25 - - [10/Sep/2025:09:02:38 +0700] "GET /wp-json/wp/v2/posts/5493 HTTP/1.0" 200 22886 "-" "Mozilla/5.0 AppleWebKit/537.36 (KHTML, like Gecko; compatible; GPTBot/1.2; +https://openai.com/gptbot)"
20.171.207.25 - - [10/Sep/2025:09:02:46 +0700] "GET /wp-json/wp/v2/posts/7940 HTTP/1.0" 200 40670 "-" "Mozilla/5.0 AppleWebKit/537.36 (KHTML, like Gecko; compatible; GPTBot/1.2; +https://openai.com/gptbot)"
20.171.207.25 - - [10/Sep/2025:09:02:54 +0700] "GET /wp-json/wp/v2/posts/6354 HTTP/1.0" 200 40333 "-" "Mozilla/5.0 AppleWebKit/537.36 (KHTML, like Gecko; compatible; GPTBot/1.2; +https://openai.com/gptbot)"
20.171.207.25 - - [10/Sep/2025:09:03:03 +0700] "GET /wp-json/wp/v2/posts/8419 HTTP/1.0" 200 38291 "-" "Mozilla/5.0 AppleWebKit/537.36 (KHTML, like Gecko; compatible; GPTBot/1.2; +https://openai.com/gptbot)"
148.113.128.60 - - [10/Sep/2025:09:03:08 +0700] "GET /the/lay-mau-bui-khi-thai/ HTTP/1.0" 200 78855 "-" "Mozilla/5.0 (compatible; AhrefsBot/7.0; +http://ahrefs.com/robot/)"
20.171.207.25 - - [10/Sep/2025:09:03:11 +0700] "GET /wp-json/wp/v2/posts/8630 HTTP/1.0" 200 37497 "-" "Mozilla/5.0 AppleWebKit/537.36 (KHTML, like Gecko; compatible; GPTBot/1.2; +https://openai.com/gptbot)"
45.117.177.72 - - [10/Sep/2025:09:03:22 +0700] "POST /wp-cron.php?doing_wp_cron=1757469802.3476080894470214843750 HTTP/1.0" 200 416 "-" "WordPress/6.8.1; https://vattusacky.vn"
20.171.207.25 - - [10/Sep/2025:09:03:21 +0700] "GET /wp-json/wp/v2/posts/4951 HTTP/1.0" 200 209817 "-" "Mozilla/5.0 AppleWebKit/537.36 (KHTML, like Gecko; compatible; GPTBot/1.2; +https://openai.com/gptbot)"
20.171.207.25 - - [10/Sep/2025:09:03:30 +0700] "GET /wp-json/wp/v2/posts/6578 HTTP/1.0" 200 40134 "-" "Mozilla/5.0 AppleWebKit/537.36 (KHTML, like Gecko; compatible; GPTBot/1.2; +https://openai.com/gptbot)"
20.171.207.25 - - [10/Sep/2025:09:03:38 +0700] "GET /wp-json/oembed/1.0/embed?url=https%3A%2F%2Fvattusacky.vn%2Flogo1%2Fanalytical-testing-corp-logo%2F HTTP/1.0" 200 3967 "-" "Mozilla/5.0 AppleWebKit/537.36 (KHTML, like Gecko; compatible; GPTBot/1.2; +https://openai.com/gptbot)"
20.171.207.25 - - [10/Sep/2025:09:03:47 +0700] "GET /wp-json/wp/v2/posts/7569 HTTP/1.0" 200 40408 "-" "Mozilla/5.0 AppleWebKit/537.36 (KHTML, like Gecko; compatible; GPTBot/1.2; +https://openai.com/gptbot)"
20.171.207.25 - - [10/Sep/2025:09:03:55 +0700] "GET /wp-json/wp/v2/posts/6941 HTTP/1.0" 200 41918 "-" "Mozilla/5.0 AppleWebKit/537.36 (KHTML, like Gecko; compatible; GPTBot/1.2; +https://openai.com/gptbot)"
17.241.219.240 - - [10/Sep/2025:09:03:55 +0700] "GET /enhancing-empathy-through-nonverbal-cues-on-omegle/ HTTP/1.0" 200 93080 "-" "Mozilla/5.0 (Macintosh; Intel Mac OS X 10_15_7) AppleWebKit/605.1.15 (KHTML, like Gecko) Version/17.4 Safari/605.1.15 (Applebot/0.1; +http://www.apple.com/go/applebot)"
54.39.0.109 - - [10/Sep/2025:09:03:58 +0700] "GET /the/lay-mau-ong-khoi/ HTTP/1.0" 200 78744 "-" "Mozilla/5.0 (compatible; AhrefsBot/7.0; +http://ahrefs.com/robot/)"
20.171.207.25 - - [10/Sep/2025:09:04:03 +0700] "GET /wp-json/oembed/1.0/embed?url=https%3A%2F%2Fvattusacky.vn%2Favast-secureline-vpn-review%2F HTTP/1.0" 200 3363 "-" "Mozilla/5.0 AppleWebKit/537.36 (KHTML, like Gecko; compatible; GPTBot/1.2; +https://openai.com/gptbot)"
20.171.207.25 - - [10/Sep/2025:09:04:11 +0700] "GET /wp-json/wp/v2/posts/5637 HTTP/1.0" 200 30896 "-" "Mozilla/5.0 AppleWebKit/537.36 (KHTML, like Gecko; compatible; GPTBot/1.2; +https://openai.com/gptbot)"
45.117.177.72 - - [10/Sep/2025:09:04:20 +0700] "POST /wp-cron.php?doing_wp_cron=1757469860.7598910331726074218750 HTTP/1.0" 200 416 "-" "WordPress/6.8.1; https://vattusacky.vn"
20.171.207.25 - - [10/Sep/2025:09:04:19 +0700] "GET /wp-json/oembed/1.0/embed?url=https%3A%2F%2Fvattusacky.vn%2Fmethods-to-meet-international-girlfriend-over-the-internet%2F HTTP/1.0" 200 3534 "-" "Mozilla/5.0 AppleWebKit/537.36 (KHTML, like Gecko; compatible; GPTBot/1.2; +https://openai.com/gptbot)"
20.171.207.25 - - [10/Sep/2025:09:04:28 +0700] "GET /wp-json/wp/v2/posts/6371 HTTP/1.0" 200 37159 "-" "Mozilla/5.0 AppleWebKit/537.36 (KHTML, like Gecko; compatible; GPTBot/1.2; +https://openai.com/gptbot)"
20.171.207.25 - - [10/Sep/2025:09:04:36 +0700] "GET /wp-json/oembed/1.0/embed?url=https%3A%2F%2Fvattusacky.vn%2Fsafe-text-conversations-ometvs-text-chat-security-measures%2F HTTP/1.0" 200 3561 "-" "Mozilla/5.0 AppleWebKit/537.36 (KHTML, like Gecko; compatible; GPTBot/1.2; +https://openai.com/gptbot)"
216.244.66.237 - - [10/Sep/2025:09:04:37 +0700] "GET /robots.txt HTTP/1.0" 200 984 "-" "Mozilla/5.0 (compatible; DotBot/1.2; +https://opensiteexplorer.org/dotbot; help@moz.com)"
20.171.207.25 - - [10/Sep/2025:09:04:44 +0700] "GET /wp-json/oembed/1.0/embed?url=https%3A%2F%2Fvattusacky.vn%2Fexploring-video-playback-and-streaming-features-in-omegle-and-ometvs-user-interface%2F HTTP/1.0" 200 3644 "-" "Mozilla/5.0 AppleWebKit/537.36 (KHTML, like Gecko; compatible; GPTBot/1.2; +https://openai.com/gptbot)"
20.171.207.25 - - [10/Sep/2025:09:04:52 +0700] "GET /fedor-smolov-vstrechaetsja-s-karinoj-istominoj-16/feed/ HTTP/1.0" 200 1737 "-" "Mozilla/5.0 AppleWebKit/537.36 (KHTML, like Gecko; compatible; GPTBot/1.2; +https://openai.com/gptbot)"
20.171.207.25 - - [10/Sep/2025:09:04:59 +0700] "GET /wp-json/wp/v2/posts/8655 HTTP/1.0" 200 40612 "-" "Mozilla/5.0 AppleWebKit/537.36 (KHTML, like Gecko; compatible; GPTBot/1.2; +https://openai.com/gptbot)"
142.44.225.218 - - [10/Sep/2025:09:05:03 +0700] "GET /san-pham/maydohoatdophongxa1000/ HTTP/1.0" 200 266255 "-" "Mozilla/5.0 (compatible; AhrefsBot/7.0; +http://ahrefs.com/robot/)"
20.171.207.25 - - [10/Sep/2025:09:05:07 +0700] "GET /wp-json/oembed/1.0/embed?url=https%3A%2F%2Fvattusacky.vn%2F1xbet-cellular-app-for-ios-and-android-68%2F HTTP/1.0" 200 3402 "-" "Mozilla/5.0 AppleWebKit/537.36 (KHTML, like Gecko; compatible; GPTBot/1.2; +https://openai.com/gptbot)"
20.171.207.25 - - [10/Sep/2025:09:05:15 +0700] "GET /wp-json/oembed/1.0/embed?url=https%3A%2F%2Fvattusacky.vn%2Fnotepad-how-to-recover-a-deleted-file-45%2F HTTP/1.0" 200 3427 "-" "Mozilla/5.0 AppleWebKit/537.36 (KHTML, like Gecko; compatible; GPTBot/1.2; +https://openai.com/gptbot)"
