20.171.207.25 - - [10/Sep/2025:07:33:24 +0700] "GET /wp-json/wp/v2/posts/8506 HTTP/1.0" 200 39831 "-" "Mozilla/5.0 AppleWebKit/537.36 (KHTML, like Gecko; compatible; GPTBot/1.2; +https://openai.com/gptbot)"
44.218.170.184 - - [10/Sep/2025:07:33:27 +0700] "GET /22bet-evaluation-cell-app-and-attractive-welcome-5/ HTTP/1.0" 200 242713 "-" "Mozilla/5.0 AppleWebKit/537.36 (KHTML, like Gecko; compatible; Amazonbot/0.1; +https://developer.amazon.com/support/amazonbot) Chrome/119.0.6045.214 Safari/537.36"
217.113.194.78 - - [10/Sep/2025:07:33:28 +0700] "GET /the-beginnings-of-omegle-how-it-all-started/ HTTP/1.0" 200 92396 "-" "Mozilla/5.0 (compatible; Barkrowler/0.9; +https://babbar.tech/crawler)"
20.171.207.25 - - [10/Sep/2025:07:33:28 +0700] "GET /wp-json/wp/v2/posts/3751 HTTP/1.0" 200 258745 "-" "Mozilla/5.0 AppleWebKit/537.36 (KHTML, like Gecko; compatible; GPTBot/1.2; +https://openai.com/gptbot)"
20.171.207.25 - - [10/Sep/2025:07:33:30 +0700] "GET /wp-json/wp/v2/posts/7853 HTTP/1.0" 200 36085 "-" "Mozilla/5.0 AppleWebKit/537.36 (KHTML, like Gecko; compatible; GPTBot/1.2; +https://openai.com/gptbot)"
34.231.156.59 - - [10/Sep/2025:07:33:31 +0700] "GET /dambulla-viiking-cricket-group-sri-lanka-45/ HTTP/1.0" 200 237173 "-" "Mozilla/5.0 AppleWebKit/537.36 (KHTML, like Gecko; compatible; Amazonbot/0.1; +https://developer.amazon.com/support/amazonbot) Chrome/119.0.6045.214 Safari/537.36"
20.171.207.25 - - [10/Sep/2025:07:33:33 +0700] "GET /wp-json/wp/v2/posts/6810 HTTP/1.0" 200 38336 "-" "Mozilla/5.0 AppleWebKit/537.36 (KHTML, like Gecko; compatible; GPTBot/1.2; +https://openai.com/gptbot)"
3.227.180.70 - - [10/Sep/2025:07:33:35 +0700] "GET /category/polish-women/ HTTP/1.0" 200 91020 "-" "Mozilla/5.0 AppleWebKit/537.36 (KHTML, like Gecko; compatible; Amazonbot/0.1; +https://developer.amazon.com/support/amazonbot) Chrome/119.0.6045.214 Safari/537.36"
20.171.207.25 - - [10/Sep/2025:07:33:37 +0700] "GET /wp-json/wp/v2/posts/5387 HTTP/1.0" 200 38172 "-" "Mozilla/5.0 AppleWebKit/537.36 (KHTML, like Gecko; compatible; GPTBot/1.2; +https://openai.com/gptbot)"
52.200.58.199 - - [10/Sep/2025:07:33:40 +0700] "GET /the-best-guide-to-best-betting-sites-in-indonesia/ HTTP/1.0" 200 78294 "-" "Mozilla/5.0 AppleWebKit/537.36 (KHTML, like Gecko; compatible; Amazonbot/0.1; +https://developer.amazon.com/support/amazonbot) Chrome/119.0.6045.214 Safari/537.36"
20.171.207.25 - - [10/Sep/2025:07:33:40 +0700] "GET /wp-json/wp/v2/posts/6307 HTTP/1.0" 200 34413 "-" "Mozilla/5.0 AppleWebKit/537.36 (KHTML, like Gecko; compatible; GPTBot/1.2; +https://openai.com/gptbot)"
34.236.71.44 - - [10/Sep/2025:07:33:43 +0700] "GET /exploring-body-based-therapies-in-omegle-therapy/ HTTP/1.0" 403 610 "-" "Mozilla/5.0 AppleWebKit/605.1.15 (KHTML, like Gecko) Chrome/139.0.0.0 Safari/605.1.15"
20.171.207.25 - - [10/Sep/2025:07:33:43 +0700] "GET /wp-json/wp/v2/posts/8594 HTTP/1.0" 200 41914 "-" "Mozilla/5.0 AppleWebKit/537.36 (KHTML, like Gecko; compatible; GPTBot/1.2; +https://openai.com/gptbot)"
34.206.193.60 - - [10/Sep/2025:07:33:44 +0700] "GET /types-of-research-papers-opening/ HTTP/1.0" 200 72686 "-" "Mozilla/5.0 AppleWebKit/537.36 (KHTML, like Gecko; compatible; Amazonbot/0.1; +https://developer.amazon.com/support/amazonbot) Chrome/119.0.6045.214 Safari/537.36"
20.171.207.25 - - [10/Sep/2025:07:33:45 +0700] "GET /wp-json/wp/v2/posts/4163 HTTP/1.0" 200 241279 "-" "Mozilla/5.0 AppleWebKit/537.36 (KHTML, like Gecko; compatible; GPTBot/1.2; +https://openai.com/gptbot)"
52.71.46.142 - - [10/Sep/2025:07:33:49 +0700] "GET /how-omegle-and-ometv-are-reshaping-communication-in-the-digital-age/ HTTP/1.0" 200 93260 "-" "Mozilla/5.0 AppleWebKit/537.36 (KHTML, like Gecko; compatible; Amazonbot/0.1; +https://developer.amazon.com/support/amazonbot) Chrome/119.0.6045.214 Safari/537.36"
20.171.207.25 - - [10/Sep/2025:07:33:49 +0700] "GET /wp-json/wp/v2/posts/4513 HTTP/1.0" 200 231764 "-" "Mozilla/5.0 AppleWebKit/537.36 (KHTML, like Gecko; compatible; GPTBot/1.2; +https://openai.com/gptbot)"
217.113.194.218 - - [10/Sep/2025:07:33:51 +0700] "GET /the-benefits-of-seeking-therapy-on-omegle/ HTTP/1.0" 200 92190 "-" "Mozilla/5.0 (compatible; Barkrowler/0.9; +https://babbar.tech/crawler)"
35.173.18.61 - - [10/Sep/2025:07:33:52 +0700] "GET /the-role-of-omegle-in-social-movements-and-activism/ HTTP/1.0" 200 90402 "-" "Mozilla/5.0 AppleWebKit/537.36 (KHTML, like Gecko; compatible; Amazonbot/0.1; +https://developer.amazon.com/support/amazonbot) Chrome/119.0.6045.214 Safari/537.36"
20.171.207.25 - - [10/Sep/2025:07:33:52 +0700] "GET /wp-json/wp/v2/posts/7519 HTTP/1.0" 200 40110 "-" "Mozilla/5.0 AppleWebKit/537.36 (KHTML, like Gecko; compatible; GPTBot/1.2; +https://openai.com/gptbot)"
23.22.59.87 - - [10/Sep/2025:07:33:56 +0700] "GET /exploring-online-friendships-across-generations/ HTTP/1.0" 200 92100 "-" "Mozilla/5.0 AppleWebKit/537.36 (KHTML, like Gecko; compatible; Amazonbot/0.1; +https://developer.amazon.com/support/amazonbot) Chrome/119.0.6045.214 Safari/537.36"
20.171.207.25 - - [10/Sep/2025:07:33:56 +0700] "GET /wp-json/wp/v2/posts/7896 HTTP/1.0" 200 37868 "-" "Mozilla/5.0 AppleWebKit/537.36 (KHTML, like Gecko; compatible; GPTBot/1.2; +https://openai.com/gptbot)"
47.128.44.71 - - [10/Sep/2025:07:33:57 +0700] "GET /robots.txt HTTP/1.0" 200 984 "-" "Mozilla/5.0 (Linux; Android 5.0) AppleWebKit/537.36 (KHTML, like Gecko) Mobile Safari/537.36 (compatible; Bytespider; spider-feedback@bytedance.com)"
20.171.207.25 - - [10/Sep/2025:07:33:58 +0700] "GET /wp-json/wp/v2/posts/6904 HTTP/1.0" 200 39730 "-" "Mozilla/5.0 AppleWebKit/537.36 (KHTML, like Gecko; compatible; GPTBot/1.2; +https://openai.com/gptbot)"
52.45.15.233 - - [10/Sep/2025:07:33:59 +0700] "GET /how-to-stay-safe-on-omegle/ HTTP/1.0" 200 89699 "-" "Mozilla/5.0 AppleWebKit/537.36 (KHTML, like Gecko; compatible; Amazonbot/0.1; +https://developer.amazon.com/support/amazonbot) Chrome/119.0.6045.214 Safari/537.36"
20.171.207.25 - - [10/Sep/2025:07:34:00 +0700] "GET /wp-json/wp/v2/posts/8359 HTTP/1.0" 200 39538 "-" "Mozilla/5.0 AppleWebKit/537.36 (KHTML, like Gecko; compatible; GPTBot/1.2; +https://openai.com/gptbot)"
20.171.207.25 - - [10/Sep/2025:07:34:02 +0700] "GET /wp-json/wp/v2/posts/7018 HTTP/1.0" 200 26234 "-" "Mozilla/5.0 AppleWebKit/537.36 (KHTML, like Gecko; compatible; GPTBot/1.2; +https://openai.com/gptbot)"
52.6.232.201 - - [10/Sep/2025:07:34:04 +0700] "GET /mental-health-support-on-omegle/ HTTP/1.0" 200 91166 "-" "Mozilla/5.0 AppleWebKit/537.36 (KHTML, like Gecko; compatible; Amazonbot/0.1; +https://developer.amazon.com/support/amazonbot) Chrome/119.0.6045.214 Safari/537.36"
20.171.207.25 - - [10/Sep/2025:07:34:04 +0700] "GET /wp-json/wp/v2/posts/9534 HTTP/1.0" 200 38647 "-" "Mozilla/5.0 AppleWebKit/537.36 (KHTML, like Gecko; compatible; GPTBot/1.2; +https://openai.com/gptbot)"
20.171.207.25 - - [10/Sep/2025:07:34:05 +0700] "GET /wp-json/wp/v2/posts/4689 HTTP/1.0" 200 184177 "-" "Mozilla/5.0 AppleWebKit/537.36 (KHTML, like Gecko; compatible; GPTBot/1.2; +https://openai.com/gptbot)"
98.84.60.17 - - [10/Sep/2025:07:34:07 +0700] "GET /expressing-oneself-on-omegle/ HTTP/1.0" 200 90570 "-" "Mozilla/5.0 AppleWebKit/537.36 (KHTML, like Gecko; compatible; Amazonbot/0.1; +https://developer.amazon.com/support/amazonbot) Chrome/119.0.6045.214 Safari/537.36"
20.171.207.25 - - [10/Sep/2025:07:34:08 +0700] "GET /wp-json/wp/v2/posts/9703 HTTP/1.0" 200 108480 "-" "Mozilla/5.0 AppleWebKit/537.36 (KHTML, like Gecko; compatible; GPTBot/1.2; +https://openai.com/gptbot)"
20.171.207.25 - - [10/Sep/2025:07:34:10 +0700] "GET /wp-json/wp/v2/posts/8370 HTTP/1.0" 200 39078 "-" "Mozilla/5.0 AppleWebKit/537.36 (KHTML, like Gecko; compatible; GPTBot/1.2; +https://openai.com/gptbot)"
20.171.207.25 - - [10/Sep/2025:07:34:14 +0700] "GET /wp-json/wp/v2/posts/6839 HTTP/1.0" 200 39679 "-" "Mozilla/5.0 AppleWebKit/537.36 (KHTML, like Gecko; compatible; GPTBot/1.2; +https://openai.com/gptbot)"
217.113.194.77 - - [10/Sep/2025:07:34:15 +0700] "GET /common-privacy-issues-faced-by-omegle-users/ HTTP/1.0" 200 89439 "-" "Mozilla/5.0 (compatible; Barkrowler/0.9; +https://babbar.tech/crawler)"
45.117.177.72 - - [10/Sep/2025:07:34:18 +0700] "POST /wp-cron.php?doing_wp_cron=1757464458.8354709148406982421875 HTTP/1.0" 200 416 "-" "WordPress/6.8.1; https://vattusacky.vn"
20.171.207.25 - - [10/Sep/2025:07:34:17 +0700] "GET /wp-json/wp/v2/posts/8139 HTTP/1.0" 200 38653 "-" "Mozilla/5.0 AppleWebKit/537.36 (KHTML, like Gecko; compatible; GPTBot/1.2; +https://openai.com/gptbot)"
20.171.207.25 - - [10/Sep/2025:07:34:21 +0700] "GET /wp-json/wp/v2/posts/8351 HTTP/1.0" 200 39676 "-" "Mozilla/5.0 AppleWebKit/537.36 (KHTML, like Gecko; compatible; GPTBot/1.2; +https://openai.com/gptbot)"
44.218.154.71 - - [10/Sep/2025:07:34:24 +0700] "GET /addressing-relationship-issues-in-omegle-therapy/ HTTP/1.0" 403 610 "-" "Mozilla/5.0 AppleWebKit/605.1.15 (KHTML, like Gecko) Chrome/139.0.0.0 Safari/605.1.15"
20.171.207.25 - - [10/Sep/2025:07:34:25 +0700] "GET /wp-json/wp/v2/posts/9051 HTTP/1.0" 200 35653 "-" "Mozilla/5.0 AppleWebKit/537.36 (KHTML, like Gecko; compatible; GPTBot/1.2; +https://openai.com/gptbot)"
20.171.207.25 - - [10/Sep/2025:07:34:28 +0700] "GET /wp-json/wp/v2/posts/9716 HTTP/1.0" 200 22650 "-" "Mozilla/5.0 AppleWebKit/537.36 (KHTML, like Gecko; compatible; GPTBot/1.2; +https://openai.com/gptbot)"
20.171.207.25 - - [10/Sep/2025:07:34:31 +0700] "GET /wp-json/wp/v2/posts/5987 HTTP/1.0" 200 27301 "-" "Mozilla/5.0 AppleWebKit/537.36 (KHTML, like Gecko; compatible; GPTBot/1.2; +https://openai.com/gptbot)"
20.171.207.25 - - [10/Sep/2025:07:34:34 +0700] "GET /wp-json/wp/v2/posts/4531 HTTP/1.0" 200 227152 "-" "Mozilla/5.0 AppleWebKit/537.36 (KHTML, like Gecko; compatible; GPTBot/1.2; +https://openai.com/gptbot)"
20.171.207.25 - - [10/Sep/2025:07:34:36 +0700] "GET /wp-json/wp/v2/posts/5690 HTTP/1.0" 200 39136 "-" "Mozilla/5.0 AppleWebKit/537.36 (KHTML, like Gecko; compatible; GPTBot/1.2; +https://openai.com/gptbot)"
217.113.194.81 - - [10/Sep/2025:07:34:37 +0700] "GET /bahis-siteleri-casino-nedir-giri/ HTTP/1.0" 200 83666 "-" "Mozilla/5.0 (compatible; Barkrowler/0.9; +https://babbar.tech/crawler)"
20.171.207.25 - - [10/Sep/2025:07:34:40 +0700] "GET /wp-json/wp/v2/posts/8453 HTTP/1.0" 200 39013 "-" "Mozilla/5.0 AppleWebKit/537.36 (KHTML, like Gecko; compatible; GPTBot/1.2; +https://openai.com/gptbot)"
20.171.207.25 - - [10/Sep/2025:07:34:41 +0700] "GET /wp-json/wp/v2/posts/9685 HTTP/1.0" 200 77826 "-" "Mozilla/5.0 AppleWebKit/537.36 (KHTML, like Gecko; compatible; GPTBot/1.2; +https://openai.com/gptbot)"
20.171.207.25 - - [10/Sep/2025:07:34:44 +0700] "GET /wp-json/wp/v2/posts/5738 HTTP/1.0" 200 28786 "-" "Mozilla/5.0 AppleWebKit/537.36 (KHTML, like Gecko; compatible; GPTBot/1.2; +https://openai.com/gptbot)"
20.171.207.25 - - [10/Sep/2025:07:34:47 +0700] "GET /wp-json/wp/v2/posts/6054 HTTP/1.0" 200 22771 "-" "Mozilla/5.0 AppleWebKit/537.36 (KHTML, like Gecko; compatible; GPTBot/1.2; +https://openai.com/gptbot)"
20.171.207.25 - - [10/Sep/2025:07:34:51 +0700] "GET /wp-json/wp/v2/posts/5073 HTTP/1.0" 200 185240 "-" "Mozilla/5.0 AppleWebKit/537.36 (KHTML, like Gecko; compatible; GPTBot/1.2; +https://openai.com/gptbot)"
20.171.207.25 - - [10/Sep/2025:07:34:54 +0700] "GET /wp-json/wp/v2/posts/8403 HTTP/1.0" 200 41662 "-" "Mozilla/5.0 AppleWebKit/537.36 (KHTML, like Gecko; compatible; GPTBot/1.2; +https://openai.com/gptbot)"
20.171.207.25 - - [10/Sep/2025:07:34:58 +0700] "GET /wp-json/wp/v2/posts/7695 HTTP/1.0" 200 38987 "-" "Mozilla/5.0 AppleWebKit/537.36 (KHTML, like Gecko; compatible; GPTBot/1.2; +https://openai.com/gptbot)"
20.171.207.25 - - [10/Sep/2025:07:35:01 +0700] "GET /wp-json/wp/v2/posts/8754 HTTP/1.0" 200 38744 "-" "Mozilla/5.0 AppleWebKit/537.36 (KHTML, like Gecko; compatible; GPTBot/1.2; +https://openai.com/gptbot)"
217.113.194.79 - - [10/Sep/2025:07:35:01 +0700] "GET /quantracmoitruongnuocngam/ HTTP/1.0" 200 263050 "-" "Mozilla/5.0 (compatible; Barkrowler/0.9; +https://babbar.tech/crawler)"
20.171.207.25 - - [10/Sep/2025:07:35:05 +0700] "GET /wp-json/wp/v2/posts/7190 HTTP/1.0" 200 35015 "-" "Mozilla/5.0 AppleWebKit/537.36 (KHTML, like Gecko; compatible; GPTBot/1.2; +https://openai.com/gptbot)"
20.171.207.25 - - [10/Sep/2025:07:35:07 +0700] "GET /wp-json/wp/v2/posts/5349 HTTP/1.0" 200 98247 "-" "Mozilla/5.0 AppleWebKit/537.36 (KHTML, like Gecko; compatible; GPTBot/1.2; +https://openai.com/gptbot)"
20.171.207.25 - - [10/Sep/2025:07:35:11 +0700] "GET /wp-json/wp/v2/posts/4983 HTTP/1.0" 200 194868 "-" "Mozilla/5.0 AppleWebKit/537.36 (KHTML, like Gecko; compatible; GPTBot/1.2; +https://openai.com/gptbot)"
20.171.207.25 - - [10/Sep/2025:07:35:13 +0700] "GET /wp-json/wp/v2/posts/8043 HTTP/1.0" 200 41896 "-" "Mozilla/5.0 AppleWebKit/537.36 (KHTML, like Gecko; compatible; GPTBot/1.2; +https://openai.com/gptbot)"
45.117.177.72 - - [10/Sep/2025:07:35:19 +0700] "POST /wp-cron.php?doing_wp_cron=1757464519.0998959541320800781250 HTTP/1.0" 200 416 "-" "WordPress/6.8.1; https://vattusacky.vn"
20.171.207.25 - - [10/Sep/2025:07:35:18 +0700] "GET /wp-json/wp/v2/posts/3645 HTTP/1.0" 200 428527 "-" "Mozilla/5.0 AppleWebKit/537.36 (KHTML, like Gecko; compatible; GPTBot/1.2; +https://openai.com/gptbot)"
20.171.207.25 - - [10/Sep/2025:07:35:21 +0700] "GET /wp-json/wp/v2/posts/5019 HTTP/1.0" 200 308657 "-" "Mozilla/5.0 AppleWebKit/537.36 (KHTML, like Gecko; compatible; GPTBot/1.2; +https://openai.com/gptbot)"
20.171.207.25 - - [10/Sep/2025:07:35:24 +0700] "GET /wp-json/wp/v2/posts/7965 HTTP/1.0" 200 37116 "-" "Mozilla/5.0 AppleWebKit/537.36 (KHTML, like Gecko; compatible; GPTBot/1.2; +https://openai.com/gptbot)"
20.171.207.25 - - [10/Sep/2025:07:35:26 +0700] "GET /wp-json/wp/v2/posts/8953 HTTP/1.0" 200 40370 "-" "Mozilla/5.0 AppleWebKit/537.36 (KHTML, like Gecko; compatible; GPTBot/1.2; +https://openai.com/gptbot)"
20.171.207.25 - - [10/Sep/2025:07:35:30 +0700] "GET /wp-json/wp/v2/posts/6147 HTTP/1.0" 200 40932 "-" "Mozilla/5.0 AppleWebKit/537.36 (KHTML, like Gecko; compatible; GPTBot/1.2; +https://openai.com/gptbot)"
20.171.207.25 - - [10/Sep/2025:07:35:33 +0700] "GET /wp-json/wp/v2/posts/3071 HTTP/1.0" 200 182380 "-" "Mozilla/5.0 AppleWebKit/537.36 (KHTML, like Gecko; compatible; GPTBot/1.2; +https://openai.com/gptbot)"
20.171.207.25 - - [10/Sep/2025:07:35:36 +0700] "GET /wp-json/wp/v2/posts/5801 HTTP/1.0" 200 32065 "-" "Mozilla/5.0 AppleWebKit/537.36 (KHTML, like Gecko; compatible; GPTBot/1.2; +https://openai.com/gptbot)"
20.171.207.25 - - [10/Sep/2025:07:35:39 +0700] "GET /wp-json/wp/v2/posts/3967 HTTP/1.0" 200 183383 "-" "Mozilla/5.0 AppleWebKit/537.36 (KHTML, like Gecko; compatible; GPTBot/1.2; +https://openai.com/gptbot)"
20.171.207.25 - - [10/Sep/2025:07:35:42 +0700] "GET /wp-json/wp/v2/posts/6894 HTTP/1.0" 200 42784 "-" "Mozilla/5.0 AppleWebKit/537.36 (KHTML, like Gecko; compatible; GPTBot/1.2; +https://openai.com/gptbot)"
20.171.207.25 - - [10/Sep/2025:07:35:46 +0700] "GET /wp-json/wp/v2/posts/7364 HTTP/1.0" 200 40812 "-" "Mozilla/5.0 AppleWebKit/537.36 (KHTML, like Gecko; compatible; GPTBot/1.2; +https://openai.com/gptbot)"
217.113.194.72 - - [10/Sep/2025:07:35:48 +0700] "GET /quantracmoitruongungquanh/feed/ HTTP/1.0" 200 1763 "-" "Mozilla/5.0 (compatible; Barkrowler/0.9; +https://babbar.tech/crawler)"
20.171.207.25 - - [10/Sep/2025:07:35:50 +0700] "GET /wp-json/wp/v2/posts/6504 HTTP/1.0" 200 39939 "-" "Mozilla/5.0 AppleWebKit/537.36 (KHTML, like Gecko; compatible; GPTBot/1.2; +https://openai.com/gptbot)"
20.171.207.25 - - [10/Sep/2025:07:35:55 +0700] "GET /wp-json/wp/v2/posts/6519 HTTP/1.0" 200 38877 "-" "Mozilla/5.0 AppleWebKit/537.36 (KHTML, like Gecko; compatible; GPTBot/1.2; +https://openai.com/gptbot)"
20.171.207.25 - - [10/Sep/2025:07:36:01 +0700] "GET /wp-json/wp/v2/posts/4750 HTTP/1.0" 200 193608 "-" "Mozilla/5.0 AppleWebKit/537.36 (KHTML, like Gecko; compatible; GPTBot/1.2; +https://openai.com/gptbot)"
217.113.194.72 - - [10/Sep/2025:07:36:06 +0700] "GET /is-ometv-safer-than-omegle/feed/ HTTP/1.0" 200 1675 "-" "Mozilla/5.0 (compatible; Barkrowler/0.9; +https://babbar.tech/crawler)"
20.171.207.25 - - [10/Sep/2025:07:36:06 +0700] "GET /wp-json/wp/v2/posts/8609 HTTP/1.0" 200 39549 "-" "Mozilla/5.0 AppleWebKit/537.36 (KHTML, like Gecko; compatible; GPTBot/1.2; +https://openai.com/gptbot)"
20.171.207.25 - - [10/Sep/2025:07:36:12 +0700] "GET /wp-json/wp/v2/posts/8790 HTTP/1.0" 200 39287 "-" "Mozilla/5.0 AppleWebKit/537.36 (KHTML, like Gecko; compatible; GPTBot/1.2; +https://openai.com/gptbot)"
45.117.177.72 - - [10/Sep/2025:07:36:18 +0700] "POST /wp-cron.php?doing_wp_cron=1757464578.1895699501037597656250 HTTP/1.0" 200 416 "-" "WordPress/6.8.1; https://vattusacky.vn"
20.171.207.25 - - [10/Sep/2025:07:36:16 +0700] "GET /wp-json/wp/v2/posts/7534 HTTP/1.0" 200 39508 "-" "Mozilla/5.0 AppleWebKit/537.36 (KHTML, like Gecko; compatible; GPTBot/1.2; +https://openai.com/gptbot)"
20.171.207.25 - - [10/Sep/2025:07:36:23 +0700] "GET /wp-json/wp/v2/posts/9743 HTTP/1.0" 200 33049 "-" "Mozilla/5.0 AppleWebKit/537.36 (KHTML, like Gecko; compatible; GPTBot/1.2; +https://openai.com/gptbot)"
217.113.194.218 - - [10/Sep/2025:07:36:25 +0700] "GET /identifying-red-flags-in-online-interactions/feed/ HTTP/1.0" 200 1729 "-" "Mozilla/5.0 (compatible; Barkrowler/0.9; +https://babbar.tech/crawler)"
20.171.207.25 - - [10/Sep/2025:07:36:29 +0700] "GET /wp-json/wp/v2/posts/6708 HTTP/1.0" 200 39261 "-" "Mozilla/5.0 AppleWebKit/537.36 (KHTML, like Gecko; compatible; GPTBot/1.2; +https://openai.com/gptbot)"
20.171.207.25 - - [10/Sep/2025:07:36:34 +0700] "GET /wp-json/wp/v2/posts/9457 HTTP/1.0" 200 23619 "-" "Mozilla/5.0 AppleWebKit/537.36 (KHTML, like Gecko; compatible; GPTBot/1.2; +https://openai.com/gptbot)"
20.171.207.25 - - [10/Sep/2025:07:36:39 +0700] "GET /wp-json/wp/v2/posts/8413 HTTP/1.0" 200 38179 "-" "Mozilla/5.0 AppleWebKit/537.36 (KHTML, like Gecko; compatible; GPTBot/1.2; +https://openai.com/gptbot)"
217.113.194.217 - - [10/Sep/2025:07:36:43 +0700] "GET /1xbet-uganda-enroll-offer-32/feed/ HTTP/1.0" 200 1678 "-" "Mozilla/5.0 (compatible; Barkrowler/0.9; +https://babbar.tech/crawler)"
20.171.207.25 - - [10/Sep/2025:07:36:45 +0700] "GET /wp-json/wp/v2/posts/6305 HTTP/1.0" 200 41112 "-" "Mozilla/5.0 AppleWebKit/537.36 (KHTML, like Gecko; compatible; GPTBot/1.2; +https://openai.com/gptbot)"
20.171.207.25 - - [10/Sep/2025:07:36:51 +0700] "GET /wp-json/wp/v2/posts/5618 HTTP/1.0" 200 136646 "-" "Mozilla/5.0 AppleWebKit/537.36 (KHTML, like Gecko; compatible; GPTBot/1.2; +https://openai.com/gptbot)"
20.171.207.25 - - [10/Sep/2025:07:36:56 +0700] "GET /wp-json/wp/v2/posts/7146 HTTP/1.0" 200 34005 "-" "Mozilla/5.0 AppleWebKit/537.36 (KHTML, like Gecko; compatible; GPTBot/1.2; +https://openai.com/gptbot)"
217.113.194.81 - - [10/Sep/2025:07:37:01 +0700] "GET /unveiling-the-pros-and-cons-of-omegle/feed/ HTTP/1.0" 200 1708 "-" "Mozilla/5.0 (compatible; Barkrowler/0.9; +https://babbar.tech/crawler)"
20.171.207.25 - - [10/Sep/2025:07:37:01 +0700] "GET /wp-json/wp/v2/posts/5893 HTTP/1.0" 200 22390 "-" "Mozilla/5.0 AppleWebKit/537.36 (KHTML, like Gecko; compatible; GPTBot/1.2; +https://openai.com/gptbot)"
85.208.96.199 - - [10/Sep/2025:07:37:07 +0700] "GET /author/yanz/page/341/ HTTP/1.0" 200 76456 "-" "Mozilla/5.0 (compatible; SemrushBot/7~bl; +http://www.semrush.com/bot.html)"
20.171.207.25 - - [10/Sep/2025:07:37:08 +0700] "GET /wp-json/wp/v2/posts/6908 HTTP/1.0" 200 38841 "-" "Mozilla/5.0 AppleWebKit/537.36 (KHTML, like Gecko; compatible; GPTBot/1.2; +https://openai.com/gptbot)"
20.171.207.25 - - [10/Sep/2025:07:37:13 +0700] "GET /wp-json/wp/v2/posts/4713 HTTP/1.0" 200 188723 "-" "Mozilla/5.0 AppleWebKit/537.36 (KHTML, like Gecko; compatible; GPTBot/1.2; +https://openai.com/gptbot)"
45.117.177.72 - - [10/Sep/2025:07:37:20 +0700] "POST /wp-cron.php?doing_wp_cron=1757464640.8536169528961181640625 HTTP/1.0" 200 416 "-" "WordPress/6.8.1; https://vattusacky.vn"
217.113.194.77 - - [10/Sep/2025:07:37:19 +0700] "GET /planning-a-small-wedding-party-on-a-budget/feed/ HTTP/1.0" 200 1723 "-" "Mozilla/5.0 (compatible; Barkrowler/0.9; +https://babbar.tech/crawler)"
20.171.207.25 - - [10/Sep/2025:07:37:20 +0700] "GET /wp-json/wp/v2/posts/9175 HTTP/1.0" 200 38897 "-" "Mozilla/5.0 AppleWebKit/537.36 (KHTML, like Gecko; compatible; GPTBot/1.2; +https://openai.com/gptbot)"
20.171.207.25 - - [10/Sep/2025:07:37:26 +0700] "GET /wp-json/wp/v2/posts/4061 HTTP/1.0" 200 180910 "-" "Mozilla/5.0 AppleWebKit/537.36 (KHTML, like Gecko; compatible; GPTBot/1.2; +https://openai.com/gptbot)"
20.171.207.25 - - [10/Sep/2025:07:37:33 +0700] "GET /wp-json/wp/v2/posts/6104 HTTP/1.0" 200 39630 "-" "Mozilla/5.0 AppleWebKit/537.36 (KHTML, like Gecko; compatible; GPTBot/1.2; +https://openai.com/gptbot)"
217.113.194.74 - - [10/Sep/2025:07:37:37 +0700] "GET /investirovanie-v-mikrofinansovye-organizacii/ HTTP/1.0" 200 224251 "-" "Mozilla/5.0 (compatible; Barkrowler/0.9; +https://babbar.tech/crawler)"
20.171.207.25 - - [10/Sep/2025:07:37:40 +0700] "GET /wp-json/wp/v2/posts/6543 HTTP/1.0" 200 39222 "-" "Mozilla/5.0 AppleWebKit/537.36 (KHTML, like Gecko; compatible; GPTBot/1.2; +https://openai.com/gptbot)"
20.171.207.25 - - [10/Sep/2025:07:37:47 +0700] "GET /wp-json/wp/v2/posts/3684 HTTP/1.0" 200 179375 "-" "Mozilla/5.0 AppleWebKit/537.36 (KHTML, like Gecko; compatible; GPTBot/1.2; +https://openai.com/gptbot)"
20.171.207.25 - - [10/Sep/2025:07:37:53 +0700] "GET /wp-json/wp/v2/posts/5908 HTTP/1.0" 200 27318 "-" "Mozilla/5.0 AppleWebKit/537.36 (KHTML, like Gecko; compatible; GPTBot/1.2; +https://openai.com/gptbot)"
20.171.207.25 - - [10/Sep/2025:07:38:00 +0700] "GET /wp-json/wp/v2/posts/8136 HTTP/1.0" 200 36278 "-" "Mozilla/5.0 AppleWebKit/537.36 (KHTML, like Gecko; compatible; GPTBot/1.2; +https://openai.com/gptbot)"
20.171.207.25 - - [10/Sep/2025:07:38:05 +0700] "GET /wp-json/wp/v2/posts/8703 HTTP/1.0" 200 40745 "-" "Mozilla/5.0 AppleWebKit/537.36 (KHTML, like Gecko; compatible; GPTBot/1.2; +https://openai.com/gptbot)"
217.113.194.77 - - [10/Sep/2025:07:38:11 +0700] "GET /the-legal-implications-of-privacy-on-omegle/ HTTP/1.0" 200 91983 "-" "Mozilla/5.0 (compatible; Barkrowler/0.9; +https://babbar.tech/crawler)"
20.171.207.25 - - [10/Sep/2025:07:38:11 +0700] "GET /wp-json/wp/v2/posts/7601 HTTP/1.0" 200 40550 "-" "Mozilla/5.0 AppleWebKit/537.36 (KHTML, like Gecko; compatible; GPTBot/1.2; +https://openai.com/gptbot)"
45.117.177.72 - - [10/Sep/2025:07:38:18 +0700] "POST /wp-cron.php?doing_wp_cron=1757464698.6878459453582763671875 HTTP/1.0" 200 416 "-" "WordPress/6.8.1; https://vattusacky.vn"
20.171.207.25 - - [10/Sep/2025:07:38:17 +0700] "GET /wp-json/wp/v2/posts/8590 HTTP/1.0" 200 41032 "-" "Mozilla/5.0 AppleWebKit/537.36 (KHTML, like Gecko; compatible; GPTBot/1.2; +https://openai.com/gptbot)"
20.171.207.25 - - [10/Sep/2025:07:38:25 +0700] "GET /wp-json/wp/v2/posts/9873 HTTP/1.0" 200 41664 "-" "Mozilla/5.0 AppleWebKit/537.36 (KHTML, like Gecko; compatible; GPTBot/1.2; +https://openai.com/gptbot)"
20.171.207.25 - - [10/Sep/2025:07:38:31 +0700] "GET /wp-json/wp/v2/posts/8639 HTTP/1.0" 200 39783 "-" "Mozilla/5.0 AppleWebKit/537.36 (KHTML, like Gecko; compatible; GPTBot/1.2; +https://openai.com/gptbot)"
154.54.249.200 - - [10/Sep/2025:07:38:35 +0700] "GET /the-legal-implications-of-privacy-on-omegle/feed/ HTTP/1.0" 200 1726 "-" "Mozilla/5.0 (compatible; Barkrowler/0.9; +https://babbar.tech/crawler)"
20.171.207.25 - - [10/Sep/2025:07:38:38 +0700] "GET /wp-json/wp/v2/posts/9150 HTTP/1.0" 200 41681 "-" "Mozilla/5.0 AppleWebKit/537.36 (KHTML, like Gecko; compatible; GPTBot/1.2; +https://openai.com/gptbot)"
20.171.207.25 - - [10/Sep/2025:07:38:45 +0700] "GET /wp-json/wp/v2/posts/8536 HTTP/1.0" 200 41047 "-" "Mozilla/5.0 AppleWebKit/537.36 (KHTML, like Gecko; compatible; GPTBot/1.2; +https://openai.com/gptbot)"
139.162.83.71 - - [10/Sep/2025:07:38:46 +0700] "POST /xmlrpc.php HTTP/1.0" 200 956 "https://vattusacky.vn" "Mozilla/5.0 (Macintosh; Intel Mac OS X 10_15_7; rv:127.0) Gecko/20100101 Firefox/127.0"
139.162.83.71 - - [10/Sep/2025:07:38:47 +0700] "POST /wp-login.php HTTP/1.0" 200 11730 "https://vattusacky.vn" "Mozilla/5.0 (Macintosh; Intel Mac OS X 14_4_1) AppleWebKit/605.1.15 (KHTML, like Gecko) Version/17.3.1 Safari/605.1.15"
20.171.207.25 - - [10/Sep/2025:07:38:52 +0700] "GET /wp-json/wp/v2/posts/8791 HTTP/1.0" 200 38325 "-" "Mozilla/5.0 AppleWebKit/537.36 (KHTML, like Gecko; compatible; GPTBot/1.2; +https://openai.com/gptbot)"
217.113.194.74 - - [10/Sep/2025:07:38:54 +0700] "GET /san-pham/bo-tripod-trac-ba-chan/feed/ HTTP/1.0" 200 1644 "-" "Mozilla/5.0 (compatible; Barkrowler/0.9; +https://babbar.tech/crawler)"
20.171.207.25 - - [10/Sep/2025:07:38:59 +0700] "GET /wp-json/wp/v2/posts/8965 HTTP/1.0" 200 39270 "-" "Mozilla/5.0 AppleWebKit/537.36 (KHTML, like Gecko; compatible; GPTBot/1.2; +https://openai.com/gptbot)"
20.171.207.25 - - [10/Sep/2025:07:39:05 +0700] "GET /wp-json/wp/v2/posts/8537 HTTP/1.0" 200 40239 "-" "Mozilla/5.0 AppleWebKit/537.36 (KHTML, like Gecko; compatible; GPTBot/1.2; +https://openai.com/gptbot)"
20.171.207.25 - - [10/Sep/2025:07:39:11 +0700] "GET /wp-json/wp/v2/posts/3965 HTTP/1.0" 200 353839 "-" "Mozilla/5.0 AppleWebKit/537.36 (KHTML, like Gecko; compatible; GPTBot/1.2; +https://openai.com/gptbot)"
217.113.194.78 - - [10/Sep/2025:07:39:12 +0700] "GET /san-pham/bo-tripod-trac-ba-chan/ HTTP/1.0" 200 176707 "-" "Mozilla/5.0 (compatible; Barkrowler/0.9; +https://babbar.tech/crawler)"
45.117.177.72 - - [10/Sep/2025:07:39:19 +0700] "POST /wp-cron.php?doing_wp_cron=1757464759.6316130161285400390625 HTTP/1.0" 200 416 "-" "WordPress/6.8.1; https://vattusacky.vn"
20.171.207.25 - - [10/Sep/2025:07:39:18 +0700] "GET /wp-json/wp/v2/posts/8740 HTTP/1.0" 200 43101 "-" "Mozilla/5.0 AppleWebKit/537.36 (KHTML, like Gecko; compatible; GPTBot/1.2; +https://openai.com/gptbot)"
20.171.207.25 - - [10/Sep/2025:07:39:24 +0700] "GET /wp-json/wp/v2/posts/8165 HTTP/1.0" 200 28345 "-" "Mozilla/5.0 AppleWebKit/537.36 (KHTML, like Gecko; compatible; GPTBot/1.2; +https://openai.com/gptbot)"
20.171.207.25 - - [10/Sep/2025:07:39:29 +0700] "GET /wp-json/wp/v2/posts/7150 HTTP/1.0" 200 39292 "-" "Mozilla/5.0 AppleWebKit/537.36 (KHTML, like Gecko; compatible; GPTBot/1.2; +https://openai.com/gptbot)"
20.171.207.25 - - [10/Sep/2025:07:39:36 +0700] "GET /wp-json/wp/v2/posts/6954 HTTP/1.0" 200 41652 "-" "Mozilla/5.0 AppleWebKit/537.36 (KHTML, like Gecko; compatible; GPTBot/1.2; +https://openai.com/gptbot)"
20.171.207.25 - - [10/Sep/2025:07:39:43 +0700] "GET /wp-json/wp/v2/posts/7638 HTTP/1.0" 200 41088 "-" "Mozilla/5.0 AppleWebKit/537.36 (KHTML, like Gecko; compatible; GPTBot/1.2; +https://openai.com/gptbot)"
217.113.194.218 - - [10/Sep/2025:07:39:46 +0700] "GET /san-pham/bom-lay-mau-vi-sinh/ HTTP/1.0" 200 181370 "-" "Mozilla/5.0 (compatible; Barkrowler/0.9; +https://babbar.tech/crawler)"
20.171.207.25 - - [10/Sep/2025:07:39:48 +0700] "GET /wp-json/wp/v2/posts/9105 HTTP/1.0" 200 38395 "-" "Mozilla/5.0 AppleWebKit/537.36 (KHTML, like Gecko; compatible; GPTBot/1.2; +https://openai.com/gptbot)"
52.167.144.18 - - [10/Sep/2025:07:39:53 +0700] "GET /one-women-with-respect-to-marriage/ HTTP/1.0" 200 205321 "-" "Mozilla/5.0 AppleWebKit/537.36 (KHTML, like Gecko; compatible; bingbot/2.0; +http://www.bing.com/bingbot.htm) Chrome/116.0.1938.76 Safari/537.36"
20.171.207.25 - - [10/Sep/2025:07:39:56 +0700] "GET /wp-json/wp/v2/posts/5087 HTTP/1.0" 200 204677 "-" "Mozilla/5.0 AppleWebKit/537.36 (KHTML, like Gecko; compatible; GPTBot/1.2; +https://openai.com/gptbot)"
44.221.105.234 - - [10/Sep/2025:07:39:59 +0700] "GET /seeking-the-unexpected-discovering-omegles-serendipity/ HTTP/1.0" 200 93508 "-" "Mozilla/5.0 AppleWebKit/537.36 (KHTML, like Gecko; compatible; Amazonbot/0.1; +https://developer.amazon.com/support/amazonbot) Chrome/119.0.6045.214 Safari/537.36"
20.171.207.25 - - [10/Sep/2025:07:40:03 +0700] "GET /wp-json/wp/v2/posts/8905 HTTP/1.0" 200 40032 "-" "Mozilla/5.0 AppleWebKit/537.36 (KHTML, like Gecko; compatible; GPTBot/1.2; +https://openai.com/gptbot)"
44.212.131.50 - - [10/Sep/2025:07:40:03 +0700] "GET /omegles-next-phase-enhancing-user-privacy-and-safety/ HTTP/1.0" 200 91309 "-" "Mozilla/5.0 AppleWebKit/537.36 (KHTML, like Gecko; compatible; Amazonbot/0.1; +https://developer.amazon.com/support/amazonbot) Chrome/119.0.6045.214 Safari/537.36"
20.171.207.25 - - [10/Sep/2025:07:40:09 +0700] "GET /wp-json/wp/v2/posts/3098 HTTP/1.0" 200 232263 "-" "Mozilla/5.0 AppleWebKit/537.36 (KHTML, like Gecko; compatible; GPTBot/1.2; +https://openai.com/gptbot)"
45.117.177.72 - - [10/Sep/2025:07:40:17 +0700] "POST /wp-cron.php?doing_wp_cron=1757464817.1476030349731445312500 HTTP/1.0" 200 416 "-" "WordPress/6.8.1; https://vattusacky.vn"
20.171.207.25 - - [10/Sep/2025:07:40:16 +0700] "GET /wp-json/wp/v2/posts/4378 HTTP/1.0" 200 227106 "-" "Mozilla/5.0 AppleWebKit/537.36 (KHTML, like Gecko; compatible; GPTBot/1.2; +https://openai.com/gptbot)"
20.171.207.25 - - [10/Sep/2025:07:40:21 +0700] "GET /wp-json/wp/v2/posts/7804 HTTP/1.0" 200 37636 "-" "Mozilla/5.0 AppleWebKit/537.36 (KHTML, like Gecko; compatible; GPTBot/1.2; +https://openai.com/gptbot)"
217.113.194.81 - - [10/Sep/2025:07:40:21 +0700] "GET /san-pham/lay-mau-bun-tram-tich/ HTTP/1.0" 200 107294 "-" "Mozilla/5.0 (compatible; Barkrowler/0.9; +https://babbar.tech/crawler)"
20.171.207.25 - - [10/Sep/2025:07:40:27 +0700] "GET /wp-json/wp/v2/posts/9043 HTTP/1.0" 200 38943 "-" "Mozilla/5.0 AppleWebKit/537.36 (KHTML, like Gecko; compatible; GPTBot/1.2; +https://openai.com/gptbot)"
20.171.207.25 - - [10/Sep/2025:07:40:32 +0700] "GET /wp-json/wp/v2/posts/7319 HTTP/1.0" 200 41354 "-" "Mozilla/5.0 AppleWebKit/537.36 (KHTML, like Gecko; compatible; GPTBot/1.2; +https://openai.com/gptbot)"
20.171.207.25 - - [10/Sep/2025:07:40:37 +0700] "GET /wp-json/wp/v2/posts/7380 HTTP/1.0" 200 39247 "-" "Mozilla/5.0 AppleWebKit/537.36 (KHTML, like Gecko; compatible; GPTBot/1.2; +https://openai.com/gptbot)"
20.171.207.25 - - [10/Sep/2025:07:40:44 +0700] "GET /wp-json/wp/v2/posts/9084 HTTP/1.0" 200 37927 "-" "Mozilla/5.0 AppleWebKit/537.36 (KHTML, like Gecko; compatible; GPTBot/1.2; +https://openai.com/gptbot)"
217.113.194.72 - - [10/Sep/2025:07:40:46 +0700] "GET /language-learning-and-cultural-exchange-on-omegle/feed/ HTTP/1.0" 200 1744 "-" "Mozilla/5.0 (compatible; Barkrowler/0.9; +https://babbar.tech/crawler)"
20.171.207.25 - - [10/Sep/2025:07:40:50 +0700] "GET /wp-json/wp/v2/posts/6705 HTTP/1.0" 200 40038 "-" "Mozilla/5.0 AppleWebKit/537.36 (KHTML, like Gecko; compatible; GPTBot/1.2; +https://openai.com/gptbot)"
20.171.207.25 - - [10/Sep/2025:07:40:57 +0700] "GET /wp-json/wp/v2/posts/9701 HTTP/1.0" 200 69948 "-" "Mozilla/5.0 AppleWebKit/537.36 (KHTML, like Gecko; compatible; GPTBot/1.2; +https://openai.com/gptbot)"
20.171.207.25 - - [10/Sep/2025:07:41:03 +0700] "GET /wp-json/wp/v2/posts/7891 HTTP/1.0" 200 41815 "-" "Mozilla/5.0 AppleWebKit/537.36 (KHTML, like Gecko; compatible; GPTBot/1.2; +https://openai.com/gptbot)"
217.113.194.79 - - [10/Sep/2025:07:41:05 +0700] "GET /mostbet-kazinosu-the-computer-toda/feed/ HTTP/1.0" 200 1701 "-" "Mozilla/5.0 (compatible; Barkrowler/0.9; +https://babbar.tech/crawler)"
20.171.207.25 - - [10/Sep/2025:07:41:10 +0700] "GET /wp-json/wp/v2/posts/8915 HTTP/1.0" 200 40055 "-" "Mozilla/5.0 AppleWebKit/537.36 (KHTML, like Gecko; compatible; GPTBot/1.2; +https://openai.com/gptbot)"
45.117.177.72 - - [10/Sep/2025:07:41:17 +0700] "POST /wp-cron.php?doing_wp_cron=1757464877.6718010902404785156250 HTTP/1.0" 200 416 "-" "WordPress/6.8.1; https://vattusacky.vn"
20.171.207.25 - - [10/Sep/2025:07:41:16 +0700] "GET /wp-json/wp/v2/posts/5946 HTTP/1.0" 200 46173 "-" "Mozilla/5.0 AppleWebKit/537.36 (KHTML, like Gecko; compatible; GPTBot/1.2; +https://openai.com/gptbot)"
154.54.249.200 - - [10/Sep/2025:07:41:23 +0700] "GET /celebrating-the-intensity-of-love-in-omelove/feed/ HTTP/1.0" 200 1729 "-" "Mozilla/5.0 (compatible; Barkrowler/0.9; +https://babbar.tech/crawler)"
20.171.207.25 - - [10/Sep/2025:07:41:23 +0700] "GET /wp-json/wp/v2/posts/3896 HTTP/1.0" 200 180065 "-" "Mozilla/5.0 AppleWebKit/537.36 (KHTML, like Gecko; compatible; GPTBot/1.2; +https://openai.com/gptbot)"
20.171.207.25 - - [10/Sep/2025:07:41:30 +0700] "GET /wp-json/wp/v2/posts/8016 HTTP/1.0" 200 43214 "-" "Mozilla/5.0 AppleWebKit/537.36 (KHTML, like Gecko; compatible; GPTBot/1.2; +https://openai.com/gptbot)"
20.171.207.25 - - [10/Sep/2025:07:41:36 +0700] "GET /wp-json/wp/v2/posts/7483 HTTP/1.0" 200 39984 "-" "Mozilla/5.0 AppleWebKit/537.36 (KHTML, like Gecko; compatible; GPTBot/1.2; +https://openai.com/gptbot)"
217.113.194.81 - - [10/Sep/2025:07:41:40 +0700] "GET /suggestions-for-the-younger-women-seeking-older-men/ HTTP/1.0" 200 74830 "-" "Mozilla/5.0 (compatible; Barkrowler/0.9; +https://babbar.tech/crawler)"
20.171.207.25 - - [10/Sep/2025:07:41:42 +0700] "GET /wp-json/wp/v2/posts/8461 HTTP/1.0" 200 37431 "-" "Mozilla/5.0 AppleWebKit/537.36 (KHTML, like Gecko; compatible; GPTBot/1.2; +https://openai.com/gptbot)"
20.171.207.25 - - [10/Sep/2025:07:41:46 +0700] "GET /wp-json/wp/v2/posts/7385 HTTP/1.0" 200 40436 "-" "Mozilla/5.0 AppleWebKit/537.36 (KHTML, like Gecko; compatible; GPTBot/1.2; +https://openai.com/gptbot)"
20.171.207.25 - - [10/Sep/2025:07:41:52 +0700] "GET /wp-json/wp/v2/posts/4501 HTTP/1.0" 200 235531 "-" "Mozilla/5.0 AppleWebKit/537.36 (KHTML, like Gecko; compatible; GPTBot/1.2; +https://openai.com/gptbot)"
20.171.207.25 - - [10/Sep/2025:07:41:58 +0700] "GET /wp-json/wp/v2/posts/4167 HTTP/1.0" 200 223667 "-" "Mozilla/5.0 AppleWebKit/537.36 (KHTML, like Gecko; compatible; GPTBot/1.2; +https://openai.com/gptbot)"
20.171.207.25 - - [10/Sep/2025:07:42:03 +0700] "GET /wp-json/wp/v2/posts/7608 HTTP/1.0" 200 39636 "-" "Mozilla/5.0 AppleWebKit/537.36 (KHTML, like Gecko; compatible; GPTBot/1.2; +https://openai.com/gptbot)"
217.113.194.73 - - [10/Sep/2025:07:42:07 +0700] "GET /bitcoin-price-btc-price-index-and-live-chart/feed/ HTTP/1.0" 200 1729 "-" "Mozilla/5.0 (compatible; Barkrowler/0.9; +https://babbar.tech/crawler)"
20.171.207.25 - - [10/Sep/2025:07:42:08 +0700] "GET /wp-json/wp/v2/posts/7581 HTTP/1.0" 200 39245 "-" "Mozilla/5.0 AppleWebKit/537.36 (KHTML, like Gecko; compatible; GPTBot/1.2; +https://openai.com/gptbot)"
20.171.207.25 - - [10/Sep/2025:07:42:14 +0700] "GET /wp-json/wp/v2/posts/6703 HTTP/1.0" 200 39351 "-" "Mozilla/5.0 AppleWebKit/537.36 (KHTML, like Gecko; compatible; GPTBot/1.2; +https://openai.com/gptbot)"
45.117.177.72 - - [10/Sep/2025:07:42:22 +0700] "POST /wp-cron.php?doing_wp_cron=1757464941.7849550247192382812500 HTTP/1.0" 200 416 "-" "WordPress/6.8.1; https://vattusacky.vn"
20.171.207.25 - - [10/Sep/2025:07:42:20 +0700] "GET /wp-json/wp/v2/posts/9108 HTTP/1.0" 200 41650 "-" "Mozilla/5.0 AppleWebKit/537.36 (KHTML, like Gecko; compatible; GPTBot/1.2; +https://openai.com/gptbot)"
154.54.249.200 - - [10/Sep/2025:07:42:25 +0700] "GET /bitcoin-price-btc-market-cap-price-today-chart/ HTTP/1.0" 200 349226 "-" "Mozilla/5.0 (compatible; Barkrowler/0.9; +https://babbar.tech/crawler)"
20.171.207.25 - - [10/Sep/2025:07:42:27 +0700] "GET /wp-json/wp/v2/posts/8709 HTTP/1.0" 200 39217 "-" "Mozilla/5.0 AppleWebKit/537.36 (KHTML, like Gecko; compatible; GPTBot/1.2; +https://openai.com/gptbot)"
20.171.207.25 - - [10/Sep/2025:07:42:33 +0700] "GET /wp-json/wp/v2/posts/4917 HTTP/1.0" 200 204541 "-" "Mozilla/5.0 AppleWebKit/537.36 (KHTML, like Gecko; compatible; GPTBot/1.2; +https://openai.com/gptbot)"
20.171.207.25 - - [10/Sep/2025:07:42:38 +0700] "GET /wp-json/wp/v2/posts/5671 HTTP/1.0" 200 149959 "-" "Mozilla/5.0 AppleWebKit/537.36 (KHTML, like Gecko; compatible; GPTBot/1.2; +https://openai.com/gptbot)"
20.171.207.25 - - [10/Sep/2025:07:42:44 +0700] "GET /wp-json/wp/v2/posts/7053 HTTP/1.0" 200 39504 "-" "Mozilla/5.0 AppleWebKit/537.36 (KHTML, like Gecko; compatible; GPTBot/1.2; +https://openai.com/gptbot)"
20.171.207.25 - - [10/Sep/2025:07:42:52 +0700] "GET /wp-json/wp/v2/posts/7458 HTTP/1.0" 200 39891 "-" "Mozilla/5.0 AppleWebKit/537.36 (KHTML, like Gecko; compatible; GPTBot/1.2; +https://openai.com/gptbot)"
217.113.194.74 - - [10/Sep/2025:07:42:58 +0700] "GET /bitcoin-alt-btc-free-currency-exchange-rate/feed/ HTTP/1.0" 200 1748 "-" "Mozilla/5.0 (compatible; Barkrowler/0.9; +https://babbar.tech/crawler)"
20.171.207.25 - - [10/Sep/2025:07:42:58 +0700] "GET /wp-json/wp/v2/posts/8130 HTTP/1.0" 200 39721 "-" "Mozilla/5.0 AppleWebKit/537.36 (KHTML, like Gecko; compatible; GPTBot/1.2; +https://openai.com/gptbot)"
20.171.207.25 - - [10/Sep/2025:07:43:04 +0700] "GET /wp-json/wp/v2/posts/6351 HTTP/1.0" 200 39380 "-" "Mozilla/5.0 AppleWebKit/537.36 (KHTML, like Gecko; compatible; GPTBot/1.2; +https://openai.com/gptbot)"
20.171.207.25 - - [10/Sep/2025:07:43:11 +0700] "GET /wp-json/wp/v2/posts/8354 HTTP/1.0" 200 41413 "-" "Mozilla/5.0 AppleWebKit/537.36 (KHTML, like Gecko; compatible; GPTBot/1.2; +https://openai.com/gptbot)"
45.117.177.72 - - [10/Sep/2025:07:43:18 +0700] "POST /wp-cron.php?doing_wp_cron=1757464998.3111639022827148437500 HTTP/1.0" 200 416 "-" "WordPress/6.8.1; https://vattusacky.vn"
20.171.207.25 - - [10/Sep/2025:07:43:17 +0700] "GET /wp-json/wp/v2/posts/7950 HTTP/1.0" 200 40267 "-" "Mozilla/5.0 AppleWebKit/537.36 (KHTML, like Gecko; compatible; GPTBot/1.2; +https://openai.com/gptbot)"
217.113.194.218 - - [10/Sep/2025:07:43:17 +0700] "GET /bitcoin-alt-btc-free-currency-exchange-rate/ HTTP/1.0" 200 364832 "-" "Mozilla/5.0 (compatible; Barkrowler/0.9; +https://babbar.tech/crawler)"
20.171.207.25 - - [10/Sep/2025:07:43:22 +0700] "GET /wp-json/wp/v2/posts/5306 HTTP/1.0" 200 36931 "-" "Mozilla/5.0 AppleWebKit/537.36 (KHTML, like Gecko; compatible; GPTBot/1.2; +https://openai.com/gptbot)"
43.131.253.14 - - [10/Sep/2025:07:43:28 +0700] "GET / HTTP/1.0" 200 60071 "http://vattusacky.vn" "Mozilla/5.0 (iPhone; CPU iPhone OS 13_2_3 like Mac OS X) AppleWebKit/605.1.15 (KHTML, like Gecko) Version/13.0.3 Mobile/15E148 Safari/604.1"
20.171.207.25 - - [10/Sep/2025:07:43:29 +0700] "GET /wp-json/wp/v2/posts/6154 HTTP/1.0" 200 32910 "-" "Mozilla/5.0 AppleWebKit/537.36 (KHTML, like Gecko; compatible; GPTBot/1.2; +https://openai.com/gptbot)"
20.171.207.25 - - [10/Sep/2025:07:43:35 +0700] "GET /wp-json/wp/v2/posts/8749 HTTP/1.0" 200 40747 "-" "Mozilla/5.0 AppleWebKit/537.36 (KHTML, like Gecko; compatible; GPTBot/1.2; +https://openai.com/gptbot)"
35.200.202.200 - - [10/Sep/2025:07:43:36 +0700] "POST /xmlrpc.php HTTP/1.0" 200 956 "https://vattusacky.vn" "Mozilla/5.0 (Macintosh; Intel Mac OS X 10.15; rv:126.0) Gecko/20100101 Firefox/126.0"
35.200.202.200 - - [10/Sep/2025:07:43:38 +0700] "POST /wp-login.php HTTP/1.0" 200 11730 "https://vattusacky.vn" "Mozilla/5.0 (Macintosh; Intel Mac OS X 10_15_7; rv:127.0) Gecko/20100101 Firefox/127.0"
20.171.207.25 - - [10/Sep/2025:07:43:42 +0700] "GET /wp-json/wp/v2/posts/7354 HTTP/1.0" 200 40978 "-" "Mozilla/5.0 AppleWebKit/537.36 (KHTML, like Gecko; compatible; GPTBot/1.2; +https://openai.com/gptbot)"
20.171.207.25 - - [10/Sep/2025:07:43:49 +0700] "GET /wp-json/wp/v2/posts/7186 HTTP/1.0" 200 41793 "-" "Mozilla/5.0 AppleWebKit/537.36 (KHTML, like Gecko; compatible; GPTBot/1.2; +https://openai.com/gptbot)"
20.171.207.25 - - [10/Sep/2025:07:43:55 +0700] "GET /wp-json/wp/v2/posts/7183 HTTP/1.0" 200 38431 "-" "Mozilla/5.0 AppleWebKit/537.36 (KHTML, like Gecko; compatible; GPTBot/1.2; +https://openai.com/gptbot)"
20.171.207.25 - - [10/Sep/2025:07:44:02 +0700] "GET /wp-json/wp/v2/posts/6451 HTTP/1.0" 200 39758 "-" "Mozilla/5.0 AppleWebKit/537.36 (KHTML, like Gecko; compatible; GPTBot/1.2; +https://openai.com/gptbot)"
20.171.207.25 - - [10/Sep/2025:07:44:08 +0700] "GET /wp-json/wp/v2/posts/6843 HTTP/1.0" 200 26892 "-" "Mozilla/5.0 AppleWebKit/537.36 (KHTML, like Gecko; compatible; GPTBot/1.2; +https://openai.com/gptbot)"
20.171.207.25 - - [10/Sep/2025:07:44:14 +0700] "GET /wp-json/wp/v2/posts/9583 HTTP/1.0" 200 23660 "-" "Mozilla/5.0 AppleWebKit/537.36 (KHTML, like Gecko; compatible; GPTBot/1.2; +https://openai.com/gptbot)"
45.117.177.72 - - [10/Sep/2025:07:44:23 +0700] "POST /wp-cron.php?doing_wp_cron=1757465062.9629058837890625000000 HTTP/1.0" 200 416 "-" "WordPress/6.8.1; https://vattusacky.vn"
20.171.207.25 - - [10/Sep/2025:07:44:21 +0700] "GET /wp-json/wp/v2/posts/6957 HTTP/1.0" 200 39313 "-" "Mozilla/5.0 AppleWebKit/537.36 (KHTML, like Gecko; compatible; GPTBot/1.2; +https://openai.com/gptbot)"
20.171.207.25 - - [10/Sep/2025:07:44:27 +0700] "GET /wp-json/wp/v2/posts/4103 HTTP/1.0" 200 254901 "-" "Mozilla/5.0 AppleWebKit/537.36 (KHTML, like Gecko; compatible; GPTBot/1.2; +https://openai.com/gptbot)"
198.98.48.212 - - [10/Sep/2025:07:44:29 +0700] "GET /wp-login.php HTTP/1.0" 200 11447 "-" "Mozilla/5.0 (Windows NT 6.1; WOW64; rv:29.0) Gecko/20100101 Firefox/29.0"
20.171.207.25 - - [10/Sep/2025:07:44:33 +0700] "GET /wp-json/wp/v2/posts/6710 HTTP/1.0" 200 30675 "-" "Mozilla/5.0 AppleWebKit/537.36 (KHTML, like Gecko; compatible; GPTBot/1.2; +https://openai.com/gptbot)"
20.171.207.25 - - [10/Sep/2025:07:44:40 +0700] "GET /wp-json/wp/v2/posts/9106 HTTP/1.0" 200 38777 "-" "Mozilla/5.0 AppleWebKit/537.36 (KHTML, like Gecko; compatible; GPTBot/1.2; +https://openai.com/gptbot)"
20.171.207.25 - - [10/Sep/2025:07:44:45 +0700] "GET /wp-json/wp/v2/posts/7961 HTTP/1.0" 200 43128 "-" "Mozilla/5.0 AppleWebKit/537.36 (KHTML, like Gecko; compatible; GPTBot/1.2; +https://openai.com/gptbot)"
20.171.207.25 - - [10/Sep/2025:07:44:51 +0700] "GET /wp-json/wp/v2/posts/5497 HTTP/1.0" 200 23266 "-" "Mozilla/5.0 AppleWebKit/537.36 (KHTML, like Gecko; compatible; GPTBot/1.2; +https://openai.com/gptbot)"
20.171.207.25 - - [10/Sep/2025:07:44:59 +0700] "GET /wp-json/wp/v2/posts/8405 HTTP/1.0" 200 39120 "-" "Mozilla/5.0 AppleWebKit/537.36 (KHTML, like Gecko; compatible; GPTBot/1.2; +https://openai.com/gptbot)"
20.171.207.25 - - [10/Sep/2025:07:45:05 +0700] "GET /wp-json/wp/v2/posts/6534 HTTP/1.0" 200 27146 "-" "Mozilla/5.0 AppleWebKit/537.36 (KHTML, like Gecko; compatible; GPTBot/1.2; +https://openai.com/gptbot)"
20.171.207.25 - - [10/Sep/2025:07:45:10 +0700] "GET /wp-json/wp/v2/posts/6198 HTTP/1.0" 200 38226 "-" "Mozilla/5.0 AppleWebKit/537.36 (KHTML, like Gecko; compatible; GPTBot/1.2; +https://openai.com/gptbot)"
45.117.177.72 - - [10/Sep/2025:07:45:17 +0700] "POST /wp-cron.php?doing_wp_cron=1757465117.2793669700622558593750 HTTP/1.0" 200 416 "-" "WordPress/6.8.1; https://vattusacky.vn"
20.171.207.25 - - [10/Sep/2025:07:45:16 +0700] "GET /wp-json/wp/v2/posts/8674 HTTP/1.0" 200 40551 "-" "Mozilla/5.0 AppleWebKit/537.36 (KHTML, like Gecko; compatible; GPTBot/1.2; +https://openai.com/gptbot)"
20.171.207.25 - - [10/Sep/2025:07:45:22 +0700] "GET /wp-json/wp/v2/posts/9065 HTTP/1.0" 200 39478 "-" "Mozilla/5.0 AppleWebKit/537.36 (KHTML, like Gecko; compatible; GPTBot/1.2; +https://openai.com/gptbot)"
20.171.207.25 - - [10/Sep/2025:07:45:29 +0700] "GET /wp-json/wp/v2/posts/7536 HTTP/1.0" 200 40796 "-" "Mozilla/5.0 AppleWebKit/537.36 (KHTML, like Gecko; compatible; GPTBot/1.2; +https://openai.com/gptbot)"
20.171.207.25 - - [10/Sep/2025:07:45:36 +0700] "GET /wp-json/wp/v2/posts/6370 HTTP/1.0" 200 37325 "-" "Mozilla/5.0 AppleWebKit/537.36 (KHTML, like Gecko; compatible; GPTBot/1.2; +https://openai.com/gptbot)"
20.171.207.25 - - [10/Sep/2025:07:45:42 +0700] "GET /wp-json/wp/v2/posts/7859 HTTP/1.0" 200 40558 "-" "Mozilla/5.0 AppleWebKit/537.36 (KHTML, like Gecko; compatible; GPTBot/1.2; +https://openai.com/gptbot)"
20.171.207.25 - - [10/Sep/2025:07:45:48 +0700] "GET /wp-json/wp/v2/posts/9061 HTTP/1.0" 200 41360 "-" "Mozilla/5.0 AppleWebKit/537.36 (KHTML, like Gecko; compatible; GPTBot/1.2; +https://openai.com/gptbot)"
20.171.207.25 - - [10/Sep/2025:07:45:54 +0700] "GET /wp-json/wp/v2/posts/9378 HTTP/1.0" 200 58446 "-" "Mozilla/5.0 AppleWebKit/537.36 (KHTML, like Gecko; compatible; GPTBot/1.2; +https://openai.com/gptbot)"
20.171.207.25 - - [10/Sep/2025:07:46:01 +0700] "GET /wp-json/wp/v2/posts/8390 HTTP/1.0" 200 40697 "-" "Mozilla/5.0 AppleWebKit/537.36 (KHTML, like Gecko; compatible; GPTBot/1.2; +https://openai.com/gptbot)"
52.167.144.18 - - [10/Sep/2025:07:46:05 +0700] "GET /co-dang-nhap-senmo-loanvnd-khong/ HTTP/1.0" 200 207965 "-" "Mozilla/5.0 AppleWebKit/537.36 (KHTML, like Gecko; compatible; bingbot/2.0; +http://www.bing.com/bingbot.htm) Chrome/116.0.1938.76 Safari/537.36"
20.171.207.25 - - [10/Sep/2025:07:46:09 +0700] "GET /wp-json/wp/v2/posts/6591 HTTP/1.0" 200 39112 "-" "Mozilla/5.0 AppleWebKit/537.36 (KHTML, like Gecko; compatible; GPTBot/1.2; +https://openai.com/gptbot)"
20.171.207.25 - - [10/Sep/2025:07:46:14 +0700] "GET /wp-json/wp/v2/posts/9450 HTTP/1.0" 200 38577 "-" "Mozilla/5.0 AppleWebKit/537.36 (KHTML, like Gecko; compatible; GPTBot/1.2; +https://openai.com/gptbot)"
45.117.177.72 - - [10/Sep/2025:07:46:22 +0700] "POST /wp-cron.php?doing_wp_cron=1757465182.3304030895233154296875 HTTP/1.0" 200 416 "-" "WordPress/6.8.1; https://vattusacky.vn"
20.171.207.25 - - [10/Sep/2025:07:46:21 +0700] "GET /wp-json/wp/v2/posts/6491 HTTP/1.0" 200 39054 "-" "Mozilla/5.0 AppleWebKit/537.36 (KHTML, like Gecko; compatible; GPTBot/1.2; +https://openai.com/gptbot)"
85.208.96.203 - - [10/Sep/2025:07:46:24 +0700] "GET /author/yanz/page/380/ HTTP/1.0" 200 113365 "-" "Mozilla/5.0 (compatible; SemrushBot/7~bl; +http://www.semrush.com/bot.html)"
20.171.207.25 - - [10/Sep/2025:07:46:27 +0700] "GET /wp-json/wp/v2/posts/7390 HTTP/1.0" 200 40617 "-" "Mozilla/5.0 AppleWebKit/537.36 (KHTML, like Gecko; compatible; GPTBot/1.2; +https://openai.com/gptbot)"
45.117.177.72 - - [10/Sep/2025:07:46:33 +0700] "POST /wp-cron.php?doing_wp_cron=1757465193.7418270111083984375000 HTTP/1.0" 200 416 "-" "WordPress/6.8.1; https://vattusacky.vn"
20.171.207.25 - - [10/Sep/2025:07:46:32 +0700] "GET /wp-json/wp/v2/posts/6478 HTTP/1.0" 200 42345 "-" "Mozilla/5.0 AppleWebKit/537.36 (KHTML, like Gecko; compatible; GPTBot/1.2; +https://openai.com/gptbot)"
20.171.207.25 - - [10/Sep/2025:07:46:39 +0700] "GET /wp-json/wp/v2/posts/3506 HTTP/1.0" 200 182667 "-" "Mozilla/5.0 AppleWebKit/537.36 (KHTML, like Gecko; compatible; GPTBot/1.2; +https://openai.com/gptbot)"
20.171.207.25 - - [10/Sep/2025:07:46:45 +0700] "GET /wp-json/wp/v2/posts/8546 HTTP/1.0" 200 40935 "-" "Mozilla/5.0 AppleWebKit/537.36 (KHTML, like Gecko; compatible; GPTBot/1.2; +https://openai.com/gptbot)"
20.171.207.25 - - [10/Sep/2025:07:46:50 +0700] "GET /wp-json/wp/v2/posts/7986 HTTP/1.0" 200 38846 "-" "Mozilla/5.0 AppleWebKit/537.36 (KHTML, like Gecko; compatible; GPTBot/1.2; +https://openai.com/gptbot)"
20.171.207.25 - - [10/Sep/2025:07:46:57 +0700] "GET /wp-json/wp/v2/posts/5304 HTTP/1.0" 200 38994 "-" "Mozilla/5.0 AppleWebKit/537.36 (KHTML, like Gecko; compatible; GPTBot/1.2; +https://openai.com/gptbot)"
20.171.207.25 - - [10/Sep/2025:07:47:02 +0700] "GET /wp-json/wp/v2/posts/9074 HTTP/1.0" 200 38347 "-" "Mozilla/5.0 AppleWebKit/537.36 (KHTML, like Gecko; compatible; GPTBot/1.2; +https://openai.com/gptbot)"
20.171.207.25 - - [10/Sep/2025:07:47:09 +0700] "GET /wp-json/wp/v2/posts/5789 HTTP/1.0" 200 26898 "-" "Mozilla/5.0 AppleWebKit/537.36 (KHTML, like Gecko; compatible; GPTBot/1.2; +https://openai.com/gptbot)"
20.171.207.25 - - [10/Sep/2025:07:47:15 +0700] "GET /wp-json/wp/v2/posts/4738 HTTP/1.0" 200 194012 "-" "Mozilla/5.0 AppleWebKit/537.36 (KHTML, like Gecko; compatible; GPTBot/1.2; +https://openai.com/gptbot)"
45.117.177.72 - - [10/Sep/2025:07:47:23 +0700] "POST /wp-cron.php?doing_wp_cron=1757465243.2192718982696533203125 HTTP/1.0" 200 416 "-" "WordPress/6.8.1; https://vattusacky.vn"
20.171.207.25 - - [10/Sep/2025:07:47:21 +0700] "GET /wp-json/wp/v2/posts/4109 HTTP/1.0" 200 179246 "-" "Mozilla/5.0 AppleWebKit/537.36 (KHTML, like Gecko; compatible; GPTBot/1.2; +https://openai.com/gptbot)"
20.171.207.25 - - [10/Sep/2025:07:47:28 +0700] "GET /wp-json/wp/v2/posts/8046 HTTP/1.0" 200 43299 "-" "Mozilla/5.0 AppleWebKit/537.36 (KHTML, like Gecko; compatible; GPTBot/1.2; +https://openai.com/gptbot)"
20.171.207.25 - - [10/Sep/2025:07:47:34 +0700] "GET /wp-json/wp/v2/posts/6915 HTTP/1.0" 200 40271 "-" "Mozilla/5.0 AppleWebKit/537.36 (KHTML, like Gecko; compatible; GPTBot/1.2; +https://openai.com/gptbot)"
20.171.207.25 - - [10/Sep/2025:07:47:41 +0700] "GET /wp-json/wp/v2/posts/5918 HTTP/1.0" 200 90018 "-" "Mozilla/5.0 AppleWebKit/537.36 (KHTML, like Gecko; compatible; GPTBot/1.2; +https://openai.com/gptbot)"
45.117.177.72 - - [10/Sep/2025:07:47:48 +0700] "POST /wp-cron.php?doing_wp_cron=1757465268.3501889705657958984375 HTTP/1.0" 200 416 "-" "WordPress/6.8.1; https://vattusacky.vn"
20.171.207.25 - - [10/Sep/2025:07:47:47 +0700] "GET /wp-json/wp/v2/posts/9530 HTTP/1.0" 200 56317 "-" "Mozilla/5.0 AppleWebKit/537.36 (KHTML, like Gecko; compatible; GPTBot/1.2; +https://openai.com/gptbot)"
20.171.207.25 - - [10/Sep/2025:07:47:54 +0700] "GET /wp-json/wp/v2/posts/6847 HTTP/1.0" 200 30158 "-" "Mozilla/5.0 AppleWebKit/537.36 (KHTML, like Gecko; compatible; GPTBot/1.2; +https://openai.com/gptbot)"
20.171.207.25 - - [10/Sep/2025:07:48:00 +0700] "GET /wp-json/wp/v2/posts/8745 HTTP/1.0" 200 39458 "-" "Mozilla/5.0 AppleWebKit/537.36 (KHTML, like Gecko; compatible; GPTBot/1.2; +https://openai.com/gptbot)"
20.171.207.25 - - [10/Sep/2025:07:48:06 +0700] "GET /wp-json/wp/v2/posts/8793 HTTP/1.0" 200 39784 "-" "Mozilla/5.0 AppleWebKit/537.36 (KHTML, like Gecko; compatible; GPTBot/1.2; +https://openai.com/gptbot)"
20.171.207.25 - - [10/Sep/2025:07:48:12 +0700] "GET /wp-json/wp/v2/posts/9765 HTTP/1.0" 200 30768 "-" "Mozilla/5.0 AppleWebKit/537.36 (KHTML, like Gecko; compatible; GPTBot/1.2; +https://openai.com/gptbot)"
45.117.177.72 - - [10/Sep/2025:07:48:20 +0700] "POST /wp-cron.php?doing_wp_cron=1757465299.9892458915710449218750 HTTP/1.0" 200 416 "-" "WordPress/6.8.1; https://vattusacky.vn"
20.171.207.25 - - [10/Sep/2025:07:48:18 +0700] "GET /wp-json/wp/v2/posts/8065 HTTP/1.0" 200 42335 "-" "Mozilla/5.0 AppleWebKit/537.36 (KHTML, like Gecko; compatible; GPTBot/1.2; +https://openai.com/gptbot)"
107.189.28.60 - - [10/Sep/2025:07:48:21 +0700] "GET /wp-login.php HTTP/1.0" 200 11388 "-" "Mozilla/5.0 (Windows NT 6.1) AppleWebKit/537.36 (KHTML, like Gecko) Chrome/36.0.1985.125 Safari/537.36"
