20.171.207.25 - - [10/Sep/2025:03:42:19 +0700] "GET /category/ggbet-casino/feed/ HTTP/1.0" 200 37315 "-" "Mozilla/5.0 AppleWebKit/537.36 (KHTML, like Gecko; compatible; GPTBot/1.2; +https://openai.com/gptbot)"
20.171.207.25 - - [10/Sep/2025:03:42:21 +0700] "GET /category/asian-brides/feed/ HTTP/1.0" 200 16845 "-" "Mozilla/5.0 AppleWebKit/537.36 (KHTML, like Gecko; compatible; GPTBot/1.2; +https://openai.com/gptbot)"
20.171.207.25 - - [10/Sep/2025:03:42:23 +0700] "GET /category/asian-dating/feed/ HTTP/1.0" 200 17480 "-" "Mozilla/5.0 AppleWebKit/537.36 (KHTML, like Gecko; compatible; GPTBot/1.2; +https://openai.com/gptbot)"
20.171.207.25 - - [10/Sep/2025:03:42:25 +0700] "GET /category/ggbet-kasino/feed/ HTTP/1.0" 200 37332 "-" "Mozilla/5.0 AppleWebKit/537.36 (KHTML, like Gecko; compatible; GPTBot/1.2; +https://openai.com/gptbot)"
20.171.207.25 - - [10/Sep/2025:03:42:26 +0700] "GET /category/it-vakansii/feed/ HTTP/1.0" 200 120042 "-" "Mozilla/5.0 AppleWebKit/537.36 (KHTML, like Gecko; compatible; GPTBot/1.2; +https://openai.com/gptbot)"
20.171.207.25 - - [10/Sep/2025:03:42:28 +0700] "GET /category/sugar-dating/feed/ HTTP/1.0" 200 262583 "-" "Mozilla/5.0 AppleWebKit/537.36 (KHTML, like Gecko; compatible; GPTBot/1.2; +https://openai.com/gptbot)"
217.113.194.80 - - [10/Sep/2025:03:42:30 +0700] "GET /the/do-ozone-trong-nuoc/ HTTP/1.0" 200 68324 "-" "Mozilla/5.0 (compatible; Barkrowler/0.9; +https://babbar.tech/crawler)"
20.171.207.25 - - [10/Sep/2025:03:42:31 +0700] "GET /page/326/?s HTTP/1.0" 200 87752 "-" "Mozilla/5.0 AppleWebKit/537.36 (KHTML, like Gecko; compatible; GPTBot/1.2; +https://openai.com/gptbot)"
20.171.207.25 - - [10/Sep/2025:03:42:33 +0700] "GET /erro-404-site-oficial/feed/ HTTP/1.0" 200 1516 "-" "Mozilla/5.0 AppleWebKit/537.36 (KHTML, like Gecko; compatible; GPTBot/1.2; +https://openai.com/gptbot)"
20.171.207.25 - - [10/Sep/2025:03:42:35 +0700] "GET /pathan-film-obtain-21/feed/ HTTP/1.0" 200 1511 "-" "Mozilla/5.0 AppleWebKit/537.36 (KHTML, like Gecko; compatible; GPTBot/1.2; +https://openai.com/gptbot)"
20.171.207.25 - - [10/Sep/2025:03:42:37 +0700] "GET /category/asian-women/feed/ HTTP/1.0" 200 30820 "-" "Mozilla/5.0 AppleWebKit/537.36 (KHTML, like Gecko; compatible; GPTBot/1.2; +https://openai.com/gptbot)"
20.171.207.25 - - [10/Sep/2025:03:42:38 +0700] "GET /category/online-dating-sites/feed/ HTTP/1.0" 200 17671 "-" "Mozilla/5.0 AppleWebKit/537.36 (KHTML, like Gecko; compatible; GPTBot/1.2; +https://openai.com/gptbot)"
20.171.207.25 - - [10/Sep/2025:03:42:40 +0700] "GET /witeg/feed/ HTTP/1.0" 200 1466 "-" "Mozilla/5.0 AppleWebKit/537.36 (KHTML, like Gecko; compatible; GPTBot/1.2; +https://openai.com/gptbot)"
20.171.207.25 - - [10/Sep/2025:03:42:41 +0700] "GET /melbet-app-obtain-29/feed/ HTTP/1.0" 200 1508 "-" "Mozilla/5.0 AppleWebKit/537.36 (KHTML, like Gecko; compatible; GPTBot/1.2; +https://openai.com/gptbot)"
20.171.207.25 - - [10/Sep/2025:03:42:43 +0700] "GET /tag/quan-trac-moi-truong/ HTTP/1.0" 200 59401 "-" "Mozilla/5.0 AppleWebKit/537.36 (KHTML, like Gecko; compatible; GPTBot/1.2; +https://openai.com/gptbot)"
20.171.207.25 - - [10/Sep/2025:03:42:45 +0700] "GET /page/327/?s HTTP/1.0" 200 82103 "-" "Mozilla/5.0 AppleWebKit/537.36 (KHTML, like Gecko; compatible; GPTBot/1.2; +https://openai.com/gptbot)"
20.171.207.25 - - [10/Sep/2025:03:42:47 +0700] "GET /kruss/feed/ HTTP/1.0" 200 1466 "-" "Mozilla/5.0 AppleWebKit/537.36 (KHTML, like Gecko; compatible; GPTBot/1.2; +https://openai.com/gptbot)"
20.171.207.25 - - [10/Sep/2025:03:42:48 +0700] "GET /tag/khong-khi-xung-quanh/ HTTP/1.0" 200 59440 "-" "Mozilla/5.0 AppleWebKit/537.36 (KHTML, like Gecko; compatible; GPTBot/1.2; +https://openai.com/gptbot)"
20.171.207.25 - - [10/Sep/2025:03:42:50 +0700] "GET /wp-json/oembed/1.0/embed?url=https%3A%2F%2Fvattusacky.vn%2Fdrip-casino-bonus-na-pervyj-depozit-rabochee%2F HTTP/1.0" 200 5840 "-" "Mozilla/5.0 AppleWebKit/537.36 (KHTML, like Gecko; compatible; GPTBot/1.2; +https://openai.com/gptbot)"
20.171.207.25 - - [10/Sep/2025:03:42:52 +0700] "GET /lam-the-nao-de-co-duoc-mot-khoan-ung-truoc-nhanh-vaytienuytin24h-com-chong-lien-quan-den-mot-trieu-do-la-cho-nganh-cong-nghiep/feed HTTP/1.0" 301 674 "-" "Mozilla/5.0 AppleWebKit/537.36 (KHTML, like Gecko; compatible; GPTBot/1.2; +https://openai.com/gptbot)"
217.113.194.75 - - [10/Sep/2025:03:42:52 +0700] "GET /the/bom-hiq-the-tich-lon/ HTTP/1.0" 200 158488 "-" "Mozilla/5.0 (compatible; Barkrowler/0.9; +https://babbar.tech/crawler)"
20.171.207.25 - - [10/Sep/2025:03:42:54 +0700] "GET /lam-the-nao-de-co-duoc-mot-khoan-ung-truoc-nhanh-vaytienuytin24h-com-chong-lien-quan-den-mot-trieu-do-la-cho-nganh-cong-nghiep/feed/ HTTP/1.0" 200 1865 "-" "Mozilla/5.0 AppleWebKit/537.36 (KHTML, like Gecko; compatible; GPTBot/1.2; +https://openai.com/gptbot)"
20.171.207.25 - - [10/Sep/2025:03:42:56 +0700] "GET /wp-json/oembed/1.0/embed?url=https%3A%2F%2Fvattusacky.vn%2Fcach-tot-nhat-de-vay-thu-https-vaytienvn-com-nhap-tren-internet-hai-chuc-24%2F HTTP/1.0" 200 4028 "-" "Mozilla/5.0 AppleWebKit/537.36 (KHTML, like Gecko; compatible; GPTBot/1.2; +https://openai.com/gptbot)"
20.171.207.25 - - [10/Sep/2025:03:42:58 +0700] "GET /wp-json/oembed/1.0/embed?url=https%3A%2F%2Fvattusacky.vn%2Fresmi-site-mostbet-turkiye-kumarhanesine-giris-mostbet-resmi-aynasindan-para-icin-cevrimici-oynayin-kayit-olun-958%2F HTTP/1.0" 200 4187 "-" "Mozilla/5.0 AppleWebKit/537.36 (KHTML, like Gecko; compatible; GPTBot/1.2; +https://openai.com/gptbot)"
20.171.207.25 - - [10/Sep/2025:03:43:00 +0700] "GET /wildcardcity-internet-casino-assessment-2023-aud-133/feed/ HTTP/1.0" 200 1639 "-" "Mozilla/5.0 AppleWebKit/537.36 (KHTML, like Gecko; compatible; GPTBot/1.2; +https://openai.com/gptbot)"
20.171.207.25 - - [10/Sep/2025:03:43:02 +0700] "GET /tag/quan-trac-moi-truong/feed/ HTTP/1.0" 200 157799 "-" "Mozilla/5.0 AppleWebKit/537.36 (KHTML, like Gecko; compatible; GPTBot/1.2; +https://openai.com/gptbot)"
20.171.207.25 - - [10/Sep/2025:03:43:04 +0700] "GET /page/328/?s HTTP/1.0" 200 85248 "-" "Mozilla/5.0 AppleWebKit/537.36 (KHTML, like Gecko; compatible; GPTBot/1.2; +https://openai.com/gptbot)"
20.171.207.25 - - [10/Sep/2025:03:43:06 +0700] "GET /category/chatbot-programming/feed/ HTTP/1.0" 200 195907 "-" "Mozilla/5.0 AppleWebKit/537.36 (KHTML, like Gecko; compatible; GPTBot/1.2; +https://openai.com/gptbot)"
20.171.207.25 - - [10/Sep/2025:03:43:09 +0700] "GET /tag/khong-khi-xung-quanh/feed/ HTTP/1.0" 200 187495 "-" "Mozilla/5.0 AppleWebKit/537.36 (KHTML, like Gecko; compatible; GPTBot/1.2; +https://openai.com/gptbot)"
20.171.207.25 - - [10/Sep/2025:03:43:11 +0700] "GET /wp-json/oembed/1.0/embed?url=https%3A%2F%2Fvattusacky.vn%2Fleovegas-india-review-10-000-first-deposit-bonus-2022%2F HTTP/1.0" 200 3488 "-" "Mozilla/5.0 AppleWebKit/537.36 (KHTML, like Gecko; compatible; GPTBot/1.2; +https://openai.com/gptbot)"
20.171.207.25 - - [10/Sep/2025:03:43:13 +0700] "GET /1xbet-azerbaycan1xbet-az-merc-sayti-en-yaxsi-bukmeker-1xbet-azerbaycan-merc-oyunlari-1xbet-az-azerbaycan-merc-saytlari-741/feed/ HTTP/1.0" 200 1818 "-" "Mozilla/5.0 AppleWebKit/537.36 (KHTML, like Gecko; compatible; GPTBot/1.2; +https://openai.com/gptbot)"
20.171.207.25 - - [10/Sep/2025:03:43:14 +0700] "GET /wp-json/oembed/1.0/embed?url=https%3A%2F%2Fvattusacky.vn%2Fcodigo-promocional-codere-para-mexico-por-todo-el-2023%2F HTTP/1.0" 200 3535 "-" "Mozilla/5.0 AppleWebKit/537.36 (KHTML, like Gecko; compatible; GPTBot/1.2; +https://openai.com/gptbot)"
45.117.177.72 - - [10/Sep/2025:03:43:17 +0700] "POST /wp-cron.php?doing_wp_cron=1757450597.7397990226745605468750 HTTP/1.0" 200 416 "-" "WordPress/6.8.1; https://vattusacky.vn"
20.171.207.25 - - [10/Sep/2025:03:43:16 +0700] "GET /wp-json/oembed/1.0/embed?url=https%3A%2F%2Fvattusacky.vn%2Favg-vpn-vpn-review-does-it-work-with-netflix%2F HTTP/1.0" 200 3461 "-" "Mozilla/5.0 AppleWebKit/537.36 (KHTML, like Gecko; compatible; GPTBot/1.2; +https://openai.com/gptbot)"
217.113.194.79 - - [10/Sep/2025:03:43:17 +0700] "GET /the/bom-lay-mau-bui-tsp/ HTTP/1.0" 200 174161 "-" "Mozilla/5.0 (compatible; Barkrowler/0.9; +https://babbar.tech/crawler)"
20.171.207.25 - - [10/Sep/2025:03:43:18 +0700] "GET /top-5-things-to-do-over-a-first-night-out/feed/ HTTP/1.0" 200 1574 "-" "Mozilla/5.0 AppleWebKit/537.36 (KHTML, like Gecko; compatible; GPTBot/1.2; +https://openai.com/gptbot)"
20.171.207.25 - - [10/Sep/2025:03:43:20 +0700] "GET /page/329/?s HTTP/1.0" 200 88820 "-" "Mozilla/5.0 AppleWebKit/537.36 (KHTML, like Gecko; compatible; GPTBot/1.2; +https://openai.com/gptbot)"
160.30.113.129 - - [10/Sep/2025:03:43:22 +0700] "POST /xmlrpc.php HTTP/1.0" 200 956 "https://vattusacky.vn" "Mozilla/5.0 (Macintosh; Intel Mac OS X 13_3) AppleWebKit/537.36 (KHTML, like Gecko) Chrome/126.0.0.0 Safari/537.36"
20.171.207.25 - - [10/Sep/2025:03:43:22 +0700] "GET /wp-json/oembed/1.0/embed?url=https%3A%2F%2Fvattusacky.vn%2Fobzor-getx-onlajn-gde-igrat-v-getx-na-dengi%2F HTTP/1.0" 200 5444 "-" "Mozilla/5.0 AppleWebKit/537.36 (KHTML, like Gecko; compatible; GPTBot/1.2; +https://openai.com/gptbot)"
160.30.113.129 - - [10/Sep/2025:03:43:24 +0700] "POST /wp-login.php HTTP/1.0" 200 11730 "https://vattusacky.vn" "Mozilla/5.0 (Windows NT 10.0; Win64; x64) AppleWebKit/537.36 (KHTML, like Gecko) Chrome/115.0.5790.171 Safari/537.36 Edg/115.0.1901.203"
20.171.207.25 - - [10/Sep/2025:03:43:24 +0700] "GET /3-peu-commun-spots-faire-connaissance-men/feed/ HTTP/1.0" 200 1578 "-" "Mozilla/5.0 AppleWebKit/537.36 (KHTML, like Gecko; compatible; GPTBot/1.2; +https://openai.com/gptbot)"
20.171.207.25 - - [10/Sep/2025:03:43:25 +0700] "GET /7-tips-for-recovering-from-a-broken-heart/feed/ HTTP/1.0" 200 1574 "-" "Mozilla/5.0 AppleWebKit/537.36 (KHTML, like Gecko; compatible; GPTBot/1.2; +https://openai.com/gptbot)"
20.171.207.25 - - [10/Sep/2025:03:43:27 +0700] "GET /a-few-ways-to-experience-an-ideal-1st-date/feed HTTP/1.0" 301 590 "-" "Mozilla/5.0 AppleWebKit/537.36 (KHTML, like Gecko; compatible; GPTBot/1.2; +https://openai.com/gptbot)"
20.171.207.25 - - [10/Sep/2025:03:43:28 +0700] "GET /a-few-ways-to-experience-an-ideal-1st-date/feed/ HTTP/1.0" 200 1577 "-" "Mozilla/5.0 AppleWebKit/537.36 (KHTML, like Gecko; compatible; GPTBot/1.2; +https://openai.com/gptbot)"
20.171.207.25 - - [10/Sep/2025:03:43:30 +0700] "GET /category/dating-mexican-girls/feed HTTP/1.0" 301 531 "-" "Mozilla/5.0 AppleWebKit/537.36 (KHTML, like Gecko; compatible; GPTBot/1.2; +https://openai.com/gptbot)"
20.171.207.25 - - [10/Sep/2025:03:43:31 +0700] "GET /category/dating-mexican-girls/feed/ HTTP/1.0" 200 55123 "-" "Mozilla/5.0 AppleWebKit/537.36 (KHTML, like Gecko; compatible; GPTBot/1.2; +https://openai.com/gptbot)"
20.171.207.25 - - [10/Sep/2025:03:43:34 +0700] "GET /1xbet-azerbaycan-qeydiyyat-mobi-az-yukle-elaqe-nomresi-490/feed/ HTTP/1.0" 200 1621 "-" "Mozilla/5.0 AppleWebKit/537.36 (KHTML, like Gecko; compatible; GPTBot/1.2; +https://openai.com/gptbot)"
20.171.207.25 - - [10/Sep/2025:03:43:35 +0700] "GET /the-7-best-courting-apps-websites-in-new-york-city-2023-june-update/feed/ HTTP/1.0" 200 1661 "-" "Mozilla/5.0 AppleWebKit/537.36 (KHTML, like Gecko; compatible; GPTBot/1.2; +https://openai.com/gptbot)"
20.171.207.25 - - [10/Sep/2025:03:43:37 +0700] "GET /7cric-on-line-casino-106/feed HTTP/1.0" 301 572 "-" "Mozilla/5.0 AppleWebKit/537.36 (KHTML, like Gecko; compatible; GPTBot/1.2; +https://openai.com/gptbot)"
20.171.207.25 - - [10/Sep/2025:03:43:38 +0700] "GET /7cric-on-line-casino-106/feed/ HTTP/1.0" 200 1519 "-" "Mozilla/5.0 AppleWebKit/537.36 (KHTML, like Gecko; compatible; GPTBot/1.2; +https://openai.com/gptbot)"
35.198.41.118 - - [10/Sep/2025:03:43:38 +0700] "POST /xmlrpc.php HTTP/1.0" 200 956 "-" "Mozilla/5.0 (Windows NT 10.0; Win64; x64; rv:42.0) Gecko/20100101 Firefox/42.0"
20.171.207.25 - - [10/Sep/2025:03:43:39 +0700] "GET /page/330/?s HTTP/1.0" 200 90028 "-" "Mozilla/5.0 AppleWebKit/537.36 (KHTML, like Gecko; compatible; GPTBot/1.2; +https://openai.com/gptbot)"
20.171.207.25 - - [10/Sep/2025:03:43:42 +0700] "GET /50-free-spinow-bez-depozytu-w-kasynie-vulkan-vegas-93/feed/ HTTP/1.0" 200 1608 "-" "Mozilla/5.0 AppleWebKit/537.36 (KHTML, like Gecko; compatible; GPTBot/1.2; +https://openai.com/gptbot)"
20.171.207.25 - - [10/Sep/2025:03:43:43 +0700] "GET /vhod-na-licenzionnoe-zerkalo-gama-v-2023-godu-9/feed/ HTTP/1.0" 200 1665 "-" "Mozilla/5.0 AppleWebKit/537.36 (KHTML, like Gecko; compatible; GPTBot/1.2; +https://openai.com/gptbot)"
20.171.207.25 - - [10/Sep/2025:03:43:45 +0700] "GET /sugardaddy-websites/feed/ HTTP/1.0" 200 1508 "-" "Mozilla/5.0 AppleWebKit/537.36 (KHTML, like Gecko; compatible; GPTBot/1.2; +https://openai.com/gptbot)"
217.113.194.78 - - [10/Sep/2025:03:43:46 +0700] "GET /the/bom-lay-mau-bui-lon/page/2/ HTTP/1.0" 200 125816 "-" "Mozilla/5.0 (compatible; Barkrowler/0.9; +https://babbar.tech/crawler)"
20.171.207.25 - - [10/Sep/2025:03:43:47 +0700] "GET /4-experts-in-ultimatums-in-relationships/feed/ HTTP/1.0" 200 1571 "-" "Mozilla/5.0 AppleWebKit/537.36 (KHTML, like Gecko; compatible; GPTBot/1.2; +https://openai.com/gptbot)"
20.171.207.25 - - [10/Sep/2025:03:43:48 +0700] "GET /kto-gra-w-kasynie-online-slottica-forum-bukmacherzy-i-rozrywka-onlin/feed/ HTTP/1.0" 200 1662 "-" "Mozilla/5.0 AppleWebKit/537.36 (KHTML, like Gecko; compatible; GPTBot/1.2; +https://openai.com/gptbot)"
20.171.207.25 - - [10/Sep/2025:03:43:50 +0700] "GET /category/casinoluxth-org/feed/ HTTP/1.0" 200 407167 "-" "Mozilla/5.0 AppleWebKit/537.36 (KHTML, like Gecko; compatible; GPTBot/1.2; +https://openai.com/gptbot)"
20.171.207.25 - - [10/Sep/2025:03:43:53 +0700] "GET /page/331/?s HTTP/1.0" 200 86965 "-" "Mozilla/5.0 AppleWebKit/537.36 (KHTML, like Gecko; compatible; GPTBot/1.2; +https://openai.com/gptbot)"
20.171.207.25 - - [10/Sep/2025:03:43:55 +0700] "GET /wp-json/oembed/1.0/embed?url=https%3A%2F%2Fvattusacky.vn%2Fsan-pham%2Fmay-quang-pho-kha-kien-vis-tach-tia-bo-giu-cell-08-vi-tri-co-phan-mem-uvwin%2F HTTP/1.0" 200 3811 "-" "Mozilla/5.0 AppleWebKit/537.36 (KHTML, like Gecko; compatible; GPTBot/1.2; +https://openai.com/gptbot)"
20.171.207.25 - - [10/Sep/2025:03:43:57 +0700] "GET /category/dating-critic/feed/ HTTP/1.0" 200 16183 "-" "Mozilla/5.0 AppleWebKit/537.36 (KHTML, like Gecko; compatible; GPTBot/1.2; +https://openai.com/gptbot)"
20.171.207.25 - - [10/Sep/2025:03:43:59 +0700] "GET /why-22bet-is-a-brilliant-unique-betting-company-18/feed HTTP/1.0" 301 598 "-" "Mozilla/5.0 AppleWebKit/537.36 (KHTML, like Gecko; compatible; GPTBot/1.2; +https://openai.com/gptbot)"
20.171.207.25 - - [10/Sep/2025:03:44:00 +0700] "GET /why-22bet-is-a-brilliant-unique-betting-company-18/feed/ HTTP/1.0" 200 1618 "-" "Mozilla/5.0 AppleWebKit/537.36 (KHTML, like Gecko; compatible; GPTBot/1.2; +https://openai.com/gptbot)"
20.171.207.25 - - [10/Sep/2025:03:44:02 +0700] "GET /why-22bet-is-a-brilliant-unique-betting-company-18/feed/ HTTP/1.0" 200 1618 "-" "Mozilla/5.0 AppleWebKit/537.36 (KHTML, like Gecko; compatible; GPTBot/1.2; +https://openai.com/gptbot)"
20.171.207.25 - - [10/Sep/2025:03:44:03 +0700] "GET /intervju-maksima-krippy-dlja-zhurnala-investicii-1044/feed HTTP/1.0" 301 601 "-" "Mozilla/5.0 AppleWebKit/537.36 (KHTML, like Gecko; compatible; GPTBot/1.2; +https://openai.com/gptbot)"
20.171.207.25 - - [10/Sep/2025:03:44:04 +0700] "GET /intervju-maksima-krippy-dlja-zhurnala-investicii-1044/feed/ HTTP/1.0" 200 1644 "-" "Mozilla/5.0 AppleWebKit/537.36 (KHTML, like Gecko; compatible; GPTBot/1.2; +https://openai.com/gptbot)"
20.171.207.25 - - [10/Sep/2025:03:44:06 +0700] "GET /top-10-expert-mobile-app-developers-to-hire-in/feed/ HTTP/1.0" 200 1594 "-" "Mozilla/5.0 AppleWebKit/537.36 (KHTML, like Gecko; compatible; GPTBot/1.2; +https://openai.com/gptbot)"
20.171.207.25 - - [10/Sep/2025:03:44:07 +0700] "GET /page/332/?s HTTP/1.0" 200 85534 "-" "Mozilla/5.0 AppleWebKit/537.36 (KHTML, like Gecko; compatible; GPTBot/1.2; +https://openai.com/gptbot)"
217.113.194.75 - - [10/Sep/2025:03:44:08 +0700] "GET /are-dogs-attracted-to-human-females/ HTTP/1.0" 200 210114 "-" "Mozilla/5.0 (compatible; Barkrowler/0.9; +https://babbar.tech/crawler)"
20.171.207.25 - - [10/Sep/2025:03:44:10 +0700] "GET /category/sugar-daddy-websites/feed/ HTTP/1.0" 200 18301 "-" "Mozilla/5.0 AppleWebKit/537.36 (KHTML, like Gecko; compatible; GPTBot/1.2; +https://openai.com/gptbot)"
20.171.207.25 - - [10/Sep/2025:03:44:11 +0700] "GET /category/file-extentions-tips/feed/ HTTP/1.0" 200 180571 "-" "Mozilla/5.0 AppleWebKit/537.36 (KHTML, like Gecko; compatible; GPTBot/1.2; +https://openai.com/gptbot)"
20.171.207.25 - - [10/Sep/2025:03:44:14 +0700] "GET /category/long-distance-dating/feed/ HTTP/1.0" 200 147365 "-" "Mozilla/5.0 AppleWebKit/537.36 (KHTML, like Gecko; compatible; GPTBot/1.2; +https://openai.com/gptbot)"
45.117.177.72 - - [10/Sep/2025:03:44:17 +0700] "POST /wp-cron.php?doing_wp_cron=1757450657.6335899829864501953125 HTTP/1.0" 200 416 "-" "WordPress/6.8.1; https://vattusacky.vn"
20.171.207.25 - - [10/Sep/2025:03:44:16 +0700] "GET /category/chinese-dating-sites/feed/ HTTP/1.0" 200 18598 "-" "Mozilla/5.0 AppleWebKit/537.36 (KHTML, like Gecko; compatible; GPTBot/1.2; +https://openai.com/gptbot)"
20.171.207.25 - - [10/Sep/2025:03:44:18 +0700] "GET /22-wager-64/feed/ HTTP/1.0" 200 1481 "-" "Mozilla/5.0 AppleWebKit/537.36 (KHTML, like Gecko; compatible; GPTBot/1.2; +https://openai.com/gptbot)"
20.171.207.25 - - [10/Sep/2025:03:44:19 +0700] "GET /category/japanese-wife-finder/feed/ HTTP/1.0" 200 17437 "-" "Mozilla/5.0 AppleWebKit/537.36 (KHTML, like Gecko; compatible; GPTBot/1.2; +https://openai.com/gptbot)"
20.171.207.25 - - [10/Sep/2025:03:44:21 +0700] "GET /page/333/?s HTTP/1.0" 200 88029 "-" "Mozilla/5.0 AppleWebKit/537.36 (KHTML, like Gecko; compatible; GPTBot/1.2; +https://openai.com/gptbot)"
20.171.207.25 - - [10/Sep/2025:03:44:23 +0700] "GET /category/singles-dating-sites/feed/ HTTP/1.0" 200 16799 "-" "Mozilla/5.0 AppleWebKit/537.36 (KHTML, like Gecko; compatible; GPTBot/1.2; +https://openai.com/gptbot)"
20.171.207.25 - - [10/Sep/2025:03:44:25 +0700] "GET /category/dating-foreign-women/feed/ HTTP/1.0" 200 147498 "-" "Mozilla/5.0 AppleWebKit/537.36 (KHTML, like Gecko; compatible; GPTBot/1.2; +https://openai.com/gptbot)"
20.171.207.25 - - [10/Sep/2025:03:44:27 +0700] "GET /monetary-management/feed/ HTTP/1.0" 200 1508 "-" "Mozilla/5.0 AppleWebKit/537.36 (KHTML, like Gecko; compatible; GPTBot/1.2; +https://openai.com/gptbot)"
20.171.207.25 - - [10/Sep/2025:03:44:29 +0700] "GET /wp-json/oembed/1.0/embed?url=https%3A%2F%2Fvattusacky.vn%2Fintime-date-tactiques-au-cas-ou-vous-letes-sur-un-budget-serre%2F HTTP/1.0" 200 3663 "-" "Mozilla/5.0 AppleWebKit/537.36 (KHTML, like Gecko; compatible; GPTBot/1.2; +https://openai.com/gptbot)"
20.171.207.25 - - [10/Sep/2025:03:44:31 +0700] "GET /wp-json/oembed/1.0/embed?url=https%3A%2F%2Fvattusacky.vn%2Fsan-pham%2Fbo-dung-cu-lay-mau-dat-2%25c2%25bc-co-ky-hieu-signature-soil-sampler-kit%2F HTTP/1.0" 200 4028 "-" "Mozilla/5.0 AppleWebKit/537.36 (KHTML, like Gecko; compatible; GPTBot/1.2; +https://openai.com/gptbot)"
20.171.207.25 - - [10/Sep/2025:03:44:33 +0700] "GET /1xbet-cell-app-for-ios-and-android-61/feed/ HTTP/1.0" 200 1559 "-" "Mozilla/5.0 AppleWebKit/537.36 (KHTML, like Gecko; compatible; GPTBot/1.2; +https://openai.com/gptbot)"
20.171.207.25 - - [10/Sep/2025:03:44:35 +0700] "GET /category/legalne-kasyno/feed/ HTTP/1.0" 200 18844 "-" "Mozilla/5.0 AppleWebKit/537.36 (KHTML, like Gecko; compatible; GPTBot/1.2; +https://openai.com/gptbot)"
20.171.207.25 - - [10/Sep/2025:03:44:36 +0700] "GET /page/334/?s HTTP/1.0" 200 85095 "-" "Mozilla/5.0 AppleWebKit/537.36 (KHTML, like Gecko; compatible; GPTBot/1.2; +https://openai.com/gptbot)"
20.171.207.25 - - [10/Sep/2025:03:44:38 +0700] "GET /category/dating-reviews/feed/ HTTP/1.0" 200 149820 "-" "Mozilla/5.0 AppleWebKit/537.36 (KHTML, like Gecko; compatible; GPTBot/1.2; +https://openai.com/gptbot)"
217.113.194.78 - - [10/Sep/2025:03:44:39 +0700] "GET /can-you-bring-viagra-back-from-mexico/ HTTP/1.0" 200 81359 "-" "Mozilla/5.0 (compatible; Barkrowler/0.9; +https://babbar.tech/crawler)"
20.171.207.25 - - [10/Sep/2025:03:44:40 +0700] "GET /category/mostbet-casino/feed/ HTTP/1.0" 200 509289 "-" "Mozilla/5.0 AppleWebKit/537.36 (KHTML, like Gecko; compatible; GPTBot/1.2; +https://openai.com/gptbot)"
20.171.207.25 - - [10/Sep/2025:03:44:44 +0700] "GET /category/stock-firmware/feed/ HTTP/1.0" 200 147926 "-" "Mozilla/5.0 AppleWebKit/537.36 (KHTML, like Gecko; compatible; GPTBot/1.2; +https://openai.com/gptbot)"
185.191.171.6 - - [10/Sep/2025:03:44:45 +0700] "GET /robots.txt HTTP/1.0" 200 984 "-" "Mozilla/5.0 (compatible; SemrushBot/7~bl; +http://www.semrush.com/bot.html)"
20.171.207.25 - - [10/Sep/2025:03:44:46 +0700] "GET /category/online-zakady/feed/ HTTP/1.0" 200 30636 "-" "Mozilla/5.0 AppleWebKit/537.36 (KHTML, like Gecko; compatible; GPTBot/1.2; +https://openai.com/gptbot)"
85.208.96.203 - - [10/Sep/2025:03:44:47 +0700] "GET /behind-the-masks-identity-and-authenticity-on-omegle/ HTTP/1.0" 200 89816 "-" "Mozilla/5.0 (compatible; SemrushBot/7~bl; +http://www.semrush.com/bot.html)"
20.171.207.25 - - [10/Sep/2025:03:44:48 +0700] "GET /logo4/feed/ HTTP/1.0" 200 1466 "-" "Mozilla/5.0 AppleWebKit/537.36 (KHTML, like Gecko; compatible; GPTBot/1.2; +https://openai.com/gptbot)"
20.171.207.25 - - [10/Sep/2025:03:44:49 +0700] "GET /logo1/feed/ HTTP/1.0" 200 1461 "-" "Mozilla/5.0 AppleWebKit/537.36 (KHTML, like Gecko; compatible; GPTBot/1.2; +https://openai.com/gptbot)"
20.171.207.25 - - [10/Sep/2025:03:44:51 +0700] "GET /page/335/?s HTTP/1.0" 200 82176 "-" "Mozilla/5.0 AppleWebKit/537.36 (KHTML, like Gecko; compatible; GPTBot/1.2; +https://openai.com/gptbot)"
20.171.207.25 - - [10/Sep/2025:03:44:53 +0700] "GET /wp-json/oembed/1.0/embed?url=https%3A%2F%2Fvattusacky.vn%2Figra-getx-na-dengi-kak-igrat-v-igru-i-vyigryvat%2F HTTP/1.0" 200 5862 "-" "Mozilla/5.0 AppleWebKit/537.36 (KHTML, like Gecko; compatible; GPTBot/1.2; +https://openai.com/gptbot)"
20.171.207.25 - - [10/Sep/2025:03:44:55 +0700] "GET /logo3/feed/ HTTP/1.0" 200 1464 "-" "Mozilla/5.0 AppleWebKit/537.36 (KHTML, like Gecko; compatible; GPTBot/1.2; +https://openai.com/gptbot)"
20.171.207.25 - - [10/Sep/2025:03:44:56 +0700] "GET /danh-muc/co-ba%cc%89n-thi-nghie%cc%a3m/tu-cay-vi-sinh/?s HTTP/1.0" 200 95117 "-" "Mozilla/5.0 AppleWebKit/537.36 (KHTML, like Gecko; compatible; GPTBot/1.2; +https://openai.com/gptbot)"
20.171.207.25 - - [10/Sep/2025:03:44:58 +0700] "GET /logo2/feed/ HTTP/1.0" 200 1465 "-" "Mozilla/5.0 AppleWebKit/537.36 (KHTML, like Gecko; compatible; GPTBot/1.2; +https://openai.com/gptbot)"
20.171.207.25 - - [10/Sep/2025:03:45:00 +0700] "GET /wp-json/oembed/1.0/embed?url=https%3A%2F%2Fvattusacky.vn%2Flam-the-nao-de-co-duoc-su-vay-tien-fast-fintech-tien-bo-nhanh-chong-ruc-ro%2F HTTP/1.0" 200 3794 "-" "Mozilla/5.0 AppleWebKit/537.36 (KHTML, like Gecko; compatible; GPTBot/1.2; +https://openai.com/gptbot)"
20.171.207.25 - - [10/Sep/2025:03:45:02 +0700] "GET /page/336/?s HTTP/1.0" 200 85152 "-" "Mozilla/5.0 AppleWebKit/537.36 (KHTML, like Gecko; compatible; GPTBot/1.2; +https://openai.com/gptbot)"
217.113.194.78 - - [10/Sep/2025:03:45:02 +0700] "GET /can-be-cbd-secure-to-consume/feed/ HTTP/1.0" 200 1682 "-" "Mozilla/5.0 (compatible; Barkrowler/0.9; +https://babbar.tech/crawler)"
20.171.207.25 - - [10/Sep/2025:03:45:04 +0700] "GET /wp-json/oembed/1.0/embed?url=https%3A%2F%2Fvattusacky.vn%2Fonline-slot-reviews-to-help-you-select-slots-for-online-casinos-gambling%2F HTTP/1.0" 200 3514 "-" "Mozilla/5.0 AppleWebKit/537.36 (KHTML, like Gecko; compatible; GPTBot/1.2; +https://openai.com/gptbot)"
20.171.207.25 - - [10/Sep/2025:03:45:06 +0700] "GET /1win-aviator-game-india-41/feed HTTP/1.0" 301 574 "-" "Mozilla/5.0 AppleWebKit/537.36 (KHTML, like Gecko; compatible; GPTBot/1.2; +https://openai.com/gptbot)"
20.171.207.25 - - [10/Sep/2025:03:45:07 +0700] "GET /1win-aviator-game-india-41/feed/ HTTP/1.0" 200 1526 "-" "Mozilla/5.0 AppleWebKit/537.36 (KHTML, like Gecko; compatible; GPTBot/1.2; +https://openai.com/gptbot)"
20.171.207.25 - - [10/Sep/2025:03:45:08 +0700] "GET /wp-json/oembed/1.0/embed?url=https%3A%2F%2Fvattusacky.vn%2Fmaster-the-art-of-cs-id-obstawianie-i-zwiksz-swoje%2F HTTP/1.0" 200 3665 "-" "Mozilla/5.0 AppleWebKit/537.36 (KHTML, like Gecko; compatible; GPTBot/1.2; +https://openai.com/gptbot)"
20.171.207.25 - - [10/Sep/2025:03:45:10 +0700] "GET /tag/lay-mau-tong-bui-lo-lung/ HTTP/1.0" 200 59485 "-" "Mozilla/5.0 AppleWebKit/537.36 (KHTML, like Gecko; compatible; GPTBot/1.2; +https://openai.com/gptbot)"
20.171.207.25 - - [10/Sep/2025:03:45:12 +0700] "GET /category/anabolic-steroids/feed/ HTTP/1.0" 200 36212 "-" "Mozilla/5.0 AppleWebKit/537.36 (KHTML, like Gecko; compatible; GPTBot/1.2; +https://openai.com/gptbot)"
20.171.207.25 - - [10/Sep/2025:03:45:14 +0700] "GET /category/online-pharmacy/feed HTTP/1.0" 301 526 "-" "Mozilla/5.0 AppleWebKit/537.36 (KHTML, like Gecko; compatible; GPTBot/1.2; +https://openai.com/gptbot)"
45.117.177.72 - - [10/Sep/2025:03:45:17 +0700] "POST /wp-cron.php?doing_wp_cron=1757450717.0214250087738037109375 HTTP/1.0" 200 416 "-" "WordPress/6.8.1; https://vattusacky.vn"
20.171.207.25 - - [10/Sep/2025:03:45:15 +0700] "GET /category/online-pharmacy/feed/ HTTP/1.0" 200 670523 "-" "Mozilla/5.0 AppleWebKit/537.36 (KHTML, like Gecko; compatible; GPTBot/1.2; +https://openai.com/gptbot)"
20.171.207.25 - - [10/Sep/2025:03:45:19 +0700] "GET /category/dll-missing-errors/feed HTTP/1.0" 301 529 "-" "Mozilla/5.0 AppleWebKit/537.36 (KHTML, like Gecko; compatible; GPTBot/1.2; +https://openai.com/gptbot)"
20.171.207.25 - - [10/Sep/2025:03:45:20 +0700] "GET /category/dll-missing-errors/feed/ HTTP/1.0" 200 147839 "-" "Mozilla/5.0 AppleWebKit/537.36 (KHTML, like Gecko; compatible; GPTBot/1.2; +https://openai.com/gptbot)"
217.113.194.72 - - [10/Sep/2025:03:45:21 +0700] "GET /22bet-casino-review-india-2023-66/ HTTP/1.0" 200 96224 "-" "Mozilla/5.0 (compatible; Barkrowler/0.9; +https://babbar.tech/crawler)"
20.171.207.25 - - [10/Sep/2025:03:45:22 +0700] "GET /page/337/?s HTTP/1.0" 200 86677 "-" "Mozilla/5.0 AppleWebKit/537.36 (KHTML, like Gecko; compatible; GPTBot/1.2; +https://openai.com/gptbot)"
20.171.207.25 - - [10/Sep/2025:03:45:25 +0700] "GET /bet365-cybersport-bet-review-welcome-bonus-18/feed/ HTTP/1.0" 200 1590 "-" "Mozilla/5.0 AppleWebKit/537.36 (KHTML, like Gecko; compatible; GPTBot/1.2; +https://openai.com/gptbot)"
20.171.207.25 - - [10/Sep/2025:03:45:28 +0700] "GET /online-dating-usernames-articles/feed/ HTTP/1.0" 200 1547 "-" "Mozilla/5.0 AppleWebKit/537.36 (KHTML, like Gecko; compatible; GPTBot/1.2; +https://openai.com/gptbot)"
20.171.207.25 - - [10/Sep/2025:03:45:30 +0700] "GET /tag/lay-mau-tong-bui-lo-lung/feed/ HTTP/1.0" 200 155826 "-" "Mozilla/5.0 AppleWebKit/537.36 (KHTML, like Gecko; compatible; GPTBot/1.2; +https://openai.com/gptbot)"
20.171.207.25 - - [10/Sep/2025:03:45:32 +0700] "GET /wp-json/oembed/1.0/embed?url=https%3A%2F%2Fvattusacky.vn%2Fskachat-bk-leon-na-android-zhelajuschim-ssylka-na-skachivanie-leonbets-na-android%2F HTTP/1.0" 200 6063 "-" "Mozilla/5.0 AppleWebKit/537.36 (KHTML, like Gecko; compatible; GPTBot/1.2; +https://openai.com/gptbot)"
20.171.207.25 - - [10/Sep/2025:03:45:34 +0700] "GET /wp-json/oembed/1.0/embed?url=https%3A%2F%2Fvattusacky.vn%2Fmostbet-prilozhenie-skachat-na-ajfon-mostbet-18%2F HTTP/1.0" 200 6029 "-" "Mozilla/5.0 AppleWebKit/537.36 (KHTML, like Gecko; compatible; GPTBot/1.2; +https://openai.com/gptbot)"
20.171.207.25 - - [10/Sep/2025:03:45:39 +0700] "GET /wp-json/oembed/1.0/embed?format=xml&url=https%3A%2F%2Fvattusacky.vn%2Fonline-dating-usernames-articles%2F HTTP/1.0" 200 3587 "-" "Mozilla/5.0 AppleWebKit/537.36 (KHTML, like Gecko; compatible; GPTBot/1.2; +https://openai.com/gptbot)"
20.171.207.25 - - [10/Sep/2025:03:45:41 +0700] "GET /page-1727/feed/ HTTP/1.0" 200 1583 "-" "Mozilla/5.0 AppleWebKit/537.36 (KHTML, like Gecko; compatible; GPTBot/1.2; +https://openai.com/gptbot)"
20.171.207.25 - - [10/Sep/2025:03:45:42 +0700] "GET /page-1844/feed/ HTTP/1.0" 200 1477 "-" "Mozilla/5.0 AppleWebKit/537.36 (KHTML, like Gecko; compatible; GPTBot/1.2; +https://openai.com/gptbot)"
217.113.194.78 - - [10/Sep/2025:03:45:43 +0700] "GET /what-are-the-best-dating-websites-and-apps/ HTTP/1.0" 200 208883 "-" "Mozilla/5.0 (compatible; Barkrowler/0.9; +https://babbar.tech/crawler)"
20.171.207.25 - - [10/Sep/2025:03:45:44 +0700] "GET /resmi-site-mostbet-turkiye-kumarhanesine-giris-mostbet-resmi-aynasindan-para-icin-cevrimici-oynayin-kayit-olun-958/feed/ HTTP/1.0" 200 1799 "-" "Mozilla/5.0 AppleWebKit/537.36 (KHTML, like Gecko; compatible; GPTBot/1.2; +https://openai.com/gptbot)"
20.171.207.25 - - [10/Sep/2025:03:45:46 +0700] "GET /kat-c-ce/feed/ HTTP/1.0" 200 1478 "-" "Mozilla/5.0 AppleWebKit/537.36 (KHTML, like Gecko; compatible; GPTBot/1.2; +https://openai.com/gptbot)"
20.171.207.25 - - [10/Sep/2025:03:45:47 +0700] "GET /ak-vs-qq/feed/ HTTP/1.0" 200 1475 "-" "Mozilla/5.0 AppleWebKit/537.36 (KHTML, like Gecko; compatible; GPTBot/1.2; +https://openai.com/gptbot)"
20.171.207.25 - - [10/Sep/2025:03:45:49 +0700] "GET /wp-json/oembed/1.0/embed?url=https%3A%2F%2Fvattusacky.vn%2Flam-the-nao-de-co-duoc-mot-https-vaytienuytin24h-com-app-robocash-progress-don-gian-voi-viet-nam%2F HTTP/1.0" 200 4206 "-" "Mozilla/5.0 AppleWebKit/537.36 (KHTML, like Gecko; compatible; GPTBot/1.2; +https://openai.com/gptbot)"
20.171.207.25 - - [10/Sep/2025:03:45:51 +0700] "GET /loveroulette-assessment-2021/feed/ HTTP/1.0" 200 1535 "-" "Mozilla/5.0 AppleWebKit/537.36 (KHTML, like Gecko; compatible; GPTBot/1.2; +https://openai.com/gptbot)"
20.171.207.25 - - [10/Sep/2025:03:45:54 +0700] "GET /online-dating-usernames-articles/embed/ HTTP/1.0" 200 23177 "-" "Mozilla/5.0 AppleWebKit/537.36 (KHTML, like Gecko; compatible; GPTBot/1.2; +https://openai.com/gptbot)"
20.171.207.25 - - [10/Sep/2025:03:45:56 +0700] "GET /using-marijuana-147/feed HTTP/1.0" 301 567 "-" "Mozilla/5.0 AppleWebKit/537.36 (KHTML, like Gecko; compatible; GPTBot/1.2; +https://openai.com/gptbot)"
20.171.207.25 - - [10/Sep/2025:03:45:58 +0700] "GET /using-marijuana-147/feed/ HTTP/1.0" 200 1504 "-" "Mozilla/5.0 AppleWebKit/537.36 (KHTML, like Gecko; compatible; GPTBot/1.2; +https://openai.com/gptbot)"
20.171.207.25 - - [10/Sep/2025:03:46:01 +0700] "GET /page/338/?s HTTP/1.0" 200 84216 "-" "Mozilla/5.0 AppleWebKit/537.36 (KHTML, like Gecko; compatible; GPTBot/1.2; +https://openai.com/gptbot)"
20.171.207.25 - - [10/Sep/2025:03:46:03 +0700] "GET /wp-json/oembed/1.0/embed?url=https%3A%2F%2Fvattusacky.vn%2Fsan-pham%2Flo-nung-naberther-phong-thi-nghiem-06-lit-1-1000c%2F HTTP/1.0" 200 3836 "-" "Mozilla/5.0 AppleWebKit/537.36 (KHTML, like Gecko; compatible; GPTBot/1.2; +https://openai.com/gptbot)"
20.171.207.25 - - [10/Sep/2025:03:46:06 +0700] "GET /wp-json/oembed/1.0/embed?url=https%3A%2F%2Fvattusacky.vn%2Fmillionairedatingguide-com-features-a-great-deal-of-all-about-the-absolute-most-praiseworthy-millionaire-internet-dating-sites-applications%2F HTTP/1.0" 200 3907 "-" "Mozilla/5.0 AppleWebKit/537.36 (KHTML, like Gecko; compatible; GPTBot/1.2; +https://openai.com/gptbot)"
20.171.207.25 - - [10/Sep/2025:03:46:09 +0700] "GET /top-10-nutzlichste-jungere-frau-altere-guy-online-dating-sites-und-apps-bewertet-fur-2020/feed/ HTTP/1.0" 200 1731 "-" "Mozilla/5.0 AppleWebKit/537.36 (KHTML, like Gecko; compatible; GPTBot/1.2; +https://openai.com/gptbot)"
20.171.207.25 - - [10/Sep/2025:03:46:11 +0700] "GET /category/online-geld-verdienen/feed/ HTTP/1.0" 200 32314 "-" "Mozilla/5.0 AppleWebKit/537.36 (KHTML, like Gecko; compatible; GPTBot/1.2; +https://openai.com/gptbot)"
20.171.207.25 - - [10/Sep/2025:03:46:13 +0700] "GET /category/activeslots555-org/feed HTTP/1.0" 301 529 "-" "Mozilla/5.0 AppleWebKit/537.36 (KHTML, like Gecko; compatible; GPTBot/1.2; +https://openai.com/gptbot)"
20.171.207.25 - - [10/Sep/2025:03:46:14 +0700] "GET /category/activeslots555-org/feed/ HTTP/1.0" 200 164643 "-" "Mozilla/5.0 AppleWebKit/537.36 (KHTML, like Gecko; compatible; GPTBot/1.2; +https://openai.com/gptbot)"
45.117.177.72 - - [10/Sep/2025:03:46:18 +0700] "POST /wp-cron.php?doing_wp_cron=1757450778.4675710201263427734375 HTTP/1.0" 200 416 "-" "WordPress/6.8.1; https://vattusacky.vn"
20.171.207.25 - - [10/Sep/2025:03:46:17 +0700] "GET /category/online-dating/feed/ HTTP/1.0" 200 18009 "-" "Mozilla/5.0 AppleWebKit/537.36 (KHTML, like Gecko; compatible; GPTBot/1.2; +https://openai.com/gptbot)"
217.113.194.74 - - [10/Sep/2025:03:46:18 +0700] "GET /find-out-about-no-deposit-bonus-coupons/ HTTP/1.0" 200 206831 "-" "Mozilla/5.0 (compatible; Barkrowler/0.9; +https://babbar.tech/crawler)"
20.171.207.25 - - [10/Sep/2025:03:46:20 +0700] "GET /wp-json/oembed/1.0/embed?format=xml&url=https%3A%2F%2Fvattusacky.vn%2Fthe-7-best-courting-apps-websites-in-new-york-city-2023-june-update%2F HTTP/1.0" 200 3733 "-" "Mozilla/5.0 AppleWebKit/537.36 (KHTML, like Gecko; compatible; GPTBot/1.2; +https://openai.com/gptbot)"
20.171.207.25 - - [10/Sep/2025:03:46:22 +0700] "GET /page/339/?s HTTP/1.0" 200 84798 "-" "Mozilla/5.0 AppleWebKit/537.36 (KHTML, like Gecko; compatible; GPTBot/1.2; +https://openai.com/gptbot)"
20.171.207.25 - - [10/Sep/2025:03:46:25 +0700] "GET /page-1524/feed/ HTTP/1.0" 200 1661 "-" "Mozilla/5.0 AppleWebKit/537.36 (KHTML, like Gecko; compatible; GPTBot/1.2; +https://openai.com/gptbot)"
20.171.207.25 - - [10/Sep/2025:03:46:27 +0700] "GET /team-bond-claims-day-1-win-in-8-hour-lemon-squeeze-67/feed HTTP/1.0" 301 601 "-" "Mozilla/5.0 AppleWebKit/537.36 (KHTML, like Gecko; compatible; GPTBot/1.2; +https://openai.com/gptbot)"
20.171.207.25 - - [10/Sep/2025:03:46:28 +0700] "GET /team-bond-claims-day-1-win-in-8-hour-lemon-squeeze-67/feed/ HTTP/1.0" 200 1607 "-" "Mozilla/5.0 AppleWebKit/537.36 (KHTML, like Gecko; compatible; GPTBot/1.2; +https://openai.com/gptbot)"
45.117.177.72 - - [10/Sep/2025:03:46:32 +0700] "POST /wp-cron.php?doing_wp_cron=1757450792.3299210071563720703125 HTTP/1.0" 200 416 "-" "WordPress/6.8.1; https://vattusacky.vn"
20.171.207.25 - - [10/Sep/2025:03:46:31 +0700] "GET /azino777-casino-rabochee-zerkalo-vhod-zerkalo-3/feed/ HTTP/1.0" 200 1650 "-" "Mozilla/5.0 AppleWebKit/537.36 (KHTML, like Gecko; compatible; GPTBot/1.2; +https://openai.com/gptbot)"
20.171.207.25 - - [10/Sep/2025:03:46:33 +0700] "GET /wp-json/oembed/1.0/embed?url=https%3A%2F%2Fvattusacky.vn%2Fcach-ban-co-the-danh-gia-mot-chiec-https-vaysite-com-app-vay-tien-cash24-app-o-to-thiet-lap-tien-ve-phia-truoc%2F HTTP/1.0" 200 4355 "-" "Mozilla/5.0 AppleWebKit/537.36 (KHTML, like Gecko; compatible; GPTBot/1.2; +https://openai.com/gptbot)"
20.171.207.25 - - [10/Sep/2025:03:46:36 +0700] "GET /tag/moi-truong-xung-quanh/ HTTP/1.0" 200 60952 "-" "Mozilla/5.0 AppleWebKit/537.36 (KHTML, like Gecko; compatible; GPTBot/1.2; +https://openai.com/gptbot)"
20.171.207.25 - - [10/Sep/2025:03:46:45 +0700] "GET /ktos-gral-w-kasynie-online-slottica-forum-bukmacherzy-i-rozrywka-onlin/feed/ HTTP/1.0" 200 1812 "-" "Mozilla/5.0 AppleWebKit/537.36 (KHTML, like Gecko; compatible; GPTBot/1.2; +https://openai.com/gptbot)"
217.113.194.77 - - [10/Sep/2025:03:46:45 +0700] "GET /7-tips-for-recovering-from-a-broken-heart/ HTTP/1.0" 200 208183 "-" "Mozilla/5.0 (compatible; Barkrowler/0.9; +https://babbar.tech/crawler)"
20.171.207.25 - - [10/Sep/2025:03:46:54 +0700] "GET /wp-json/oembed/1.0/embed?url=https%3A%2F%2Fvattusacky.vn%2Fsan-pham%2Fbo-loc-chan-khong-06-vi-tri-bang-inox-khong-bao-gom-bom-chan-khong%2F HTTP/1.0" 200 4014 "-" "Mozilla/5.0 AppleWebKit/537.36 (KHTML, like Gecko; compatible; GPTBot/1.2; +https://openai.com/gptbot)"
20.171.207.25 - - [10/Sep/2025:03:46:58 +0700] "GET /page/340/?s HTTP/1.0" 200 85044 "-" "Mozilla/5.0 AppleWebKit/537.36 (KHTML, like Gecko; compatible; GPTBot/1.2; +https://openai.com/gptbot)"
20.171.207.25 - - [10/Sep/2025:03:47:01 +0700] "GET /wp-json/oembed/1.0/embed?url=https%3A%2F%2Fvattusacky.vn%2Fmuc-do-thuong-la-mot-tien-do-lien-quan-https-vaysite-com-app-vay-tien-den-hang-tram-ty-thang-nay-qua-thang-khac%2F HTTP/1.0" 200 4382 "-" "Mozilla/5.0 AppleWebKit/537.36 (KHTML, like Gecko; compatible; GPTBot/1.2; +https://openai.com/gptbot)"
20.171.207.25 - - [10/Sep/2025:03:47:03 +0700] "GET /wp-json/oembed/1.0/embed?url=https%3A%2F%2Fvattusacky.vn%2Fsan-pham%2Fhc1000-thiet-bi-do-nuoc-da-chi-tieu%2F HTTP/1.0" 200 3707 "-" "Mozilla/5.0 AppleWebKit/537.36 (KHTML, like Gecko; compatible; GPTBot/1.2; +https://openai.com/gptbot)"
20.171.207.25 - - [10/Sep/2025:03:47:05 +0700] "GET /tag/moi-truong-xung-quanh/feed/ HTTP/1.0" 200 353938 "-" "Mozilla/5.0 AppleWebKit/537.36 (KHTML, like Gecko; compatible; GPTBot/1.2; +https://openai.com/gptbot)"
20.171.207.25 - - [10/Sep/2025:03:47:08 +0700] "GET /category/ukrainian-wife-finder/feed/ HTTP/1.0" 200 148208 "-" "Mozilla/5.0 AppleWebKit/537.36 (KHTML, like Gecko; compatible; GPTBot/1.2; +https://openai.com/gptbot)"
20.171.207.25 - - [10/Sep/2025:03:47:10 +0700] "GET /online-pokies-melbourne-for-actual-money-2023-57/feed/ HTTP/1.0" 200 1592 "-" "Mozilla/5.0 AppleWebKit/537.36 (KHTML, like Gecko; compatible; GPTBot/1.2; +https://openai.com/gptbot)"
216.244.66.237 - - [10/Sep/2025:03:47:11 +0700] "GET /the-role-of-self-reflection-in-omegles-social-experiment/feed/ HTTP/1.0" 200 1765 "-" "Mozilla/5.0 (compatible; DotBot/1.2; +https://opensiteexplorer.org/dotbot; help@moz.com)"
20.171.207.25 - - [10/Sep/2025:03:47:12 +0700] "GET /wp-json/oembed/1.0/embed?url=https%3A%2F%2Fvattusacky.vn%2Flam-the-nao-de-mua-mot-ung-vay-nhanh-1-trieu-truoc-truc-tuyen-nhanh-chong%2F HTTP/1.0" 200 4021 "-" "Mozilla/5.0 AppleWebKit/537.36 (KHTML, like Gecko; compatible; GPTBot/1.2; +https://openai.com/gptbot)"
217.113.194.218 - - [10/Sep/2025:03:47:12 +0700] "GET /7-great-spots-to-get-a-significant-other/ HTTP/1.0" 200 208272 "-" "Mozilla/5.0 (compatible; Barkrowler/0.9; +https://babbar.tech/crawler)"
20.171.207.25 - - [10/Sep/2025:03:47:14 +0700] "GET /page/341/?s HTTP/1.0" 200 82400 "-" "Mozilla/5.0 AppleWebKit/537.36 (KHTML, like Gecko; compatible; GPTBot/1.2; +https://openai.com/gptbot)"
45.117.177.72 - - [10/Sep/2025:03:47:17 +0700] "POST /wp-cron.php?doing_wp_cron=1757450837.5728139877319335937500 HTTP/1.0" 200 416 "-" "WordPress/6.8.1; https://vattusacky.vn"
20.171.207.25 - - [10/Sep/2025:03:47:16 +0700] "GET /7cric-on-line-casino-106/feed/ HTTP/1.0" 200 1519 "-" "Mozilla/5.0 AppleWebKit/537.36 (KHTML, like Gecko; compatible; GPTBot/1.2; +https://openai.com/gptbot)"
20.171.207.25 - - [10/Sep/2025:03:47:19 +0700] "GET /danh-muc/co-ba%cc%89n-thi-nghie%cc%a3m/tu-am/?s HTTP/1.0" 200 80505 "-" "Mozilla/5.0 AppleWebKit/537.36 (KHTML, like Gecko; compatible; GPTBot/1.2; +https://openai.com/gptbot)"
20.171.207.25 - - [10/Sep/2025:03:47:22 +0700] "GET /bet-with-glory-casino-casino-welcome-bonus-huge-2/feed/ HTTP/1.0" 200 1630 "-" "Mozilla/5.0 AppleWebKit/537.36 (KHTML, like Gecko; compatible; GPTBot/1.2; +https://openai.com/gptbot)"
20.171.207.25 - - [10/Sep/2025:03:47:24 +0700] "GET /the-7-best-courting-apps-websites-in-new-york-city-2023-june-update/embed/ HTTP/1.0" 200 23682 "-" "Mozilla/5.0 AppleWebKit/537.36 (KHTML, like Gecko; compatible; GPTBot/1.2; +https://openai.com/gptbot)"
20.171.207.25 - - [10/Sep/2025:03:47:25 +0700] "GET /lengagement-qualitj-du-comparateur-meilleure-liste-1781-2/feed/ HTTP/1.0" 200 1689 "-" "Mozilla/5.0 AppleWebKit/537.36 (KHTML, like Gecko; compatible; GPTBot/1.2; +https://openai.com/gptbot)"
20.171.207.25 - - [10/Sep/2025:03:47:27 +0700] "GET /wp-json/oembed/1.0/embed?url=https%3A%2F%2Fvattusacky.vn%2Fthe-psychology-of-connection-in-the-digital-age-omegles-cosmic-connections%2F HTTP/1.0" 200 3555 "-" "Mozilla/5.0 AppleWebKit/537.36 (KHTML, like Gecko; compatible; GPTBot/1.2; +https://openai.com/gptbot)"
20.171.207.25 - - [10/Sep/2025:03:47:30 +0700] "GET /1-tme-kmutt-467/feed/ HTTP/1.0" 200 1777 "-" "Mozilla/5.0 AppleWebKit/537.36 (KHTML, like Gecko; compatible; GPTBot/1.2; +https://openai.com/gptbot)"
20.171.207.25 - - [10/Sep/2025:03:47:34 +0700] "GET /page/342/?s HTTP/1.0" 200 85305 "-" "Mozilla/5.0 AppleWebKit/537.36 (KHTML, like Gecko; compatible; GPTBot/1.2; +https://openai.com/gptbot)"
45.117.177.72 - - [10/Sep/2025:03:47:37 +0700] "POST /wp-cron.php?doing_wp_cron=1757450857.7794699668884277343750 HTTP/1.0" 200 416 "-" "WordPress/6.8.1; https://vattusacky.vn"
20.171.207.25 - - [10/Sep/2025:03:47:36 +0700] "GET /wp-json/oembed/1.0/embed?url=https%3A%2F%2Fvattusacky.vn%2F1xbet-sportsbook-review-claim-100-up-to-100-bonus-204%2F HTTP/1.0" 200 3470 "-" "Mozilla/5.0 AppleWebKit/537.36 (KHTML, like Gecko; compatible; GPTBot/1.2; +https://openai.com/gptbot)"
217.113.194.81 - - [10/Sep/2025:03:47:37 +0700] "GET /ways-to-fix-avast-blocking-nordvpn/ HTTP/1.0" 200 71919 "-" "Mozilla/5.0 (compatible; Barkrowler/0.9; +https://babbar.tech/crawler)"
20.171.207.25 - - [10/Sep/2025:03:47:38 +0700] "GET /wp-json/oembed/1.0/embed?url=https%3A%2F%2Fvattusacky.vn%2Favast-free-forum%2F HTTP/1.0" 200 3271 "-" "Mozilla/5.0 AppleWebKit/537.36 (KHTML, like Gecko; compatible; GPTBot/1.2; +https://openai.com/gptbot)"
20.171.207.25 - - [10/Sep/2025:03:47:42 +0700] "GET /wp-json/oembed/1.0/embed?url=https%3A%2F%2Fvattusacky.vn%2Fnavigating-cultural-differences-omegle-vs-ometv-as-cross-cultural-platforms%2F HTTP/1.0" 200 3662 "-" "Mozilla/5.0 AppleWebKit/537.36 (KHTML, like Gecko; compatible; GPTBot/1.2; +https://openai.com/gptbot)"
20.171.207.25 - - [10/Sep/2025:03:47:47 +0700] "GET /wp-json/oembed/1.0/embed?url=https%3A%2F%2Fvattusacky.vn%2Fomegle-video-chat-and-mental-health-support%2F HTTP/1.0" 200 3419 "-" "Mozilla/5.0 AppleWebKit/537.36 (KHTML, like Gecko; compatible; GPTBot/1.2; +https://openai.com/gptbot)"
20.171.207.25 - - [10/Sep/2025:03:47:49 +0700] "GET /wp-json/oembed/1.0/embed?url=https%3A%2F%2Fvattusacky.vn%2Ftiny-intimate-wedding-ceremonies-helping-your-ceremony-to-the-next-level%2F HTTP/1.0" 200 3582 "-" "Mozilla/5.0 AppleWebKit/537.36 (KHTML, like Gecko; compatible; GPTBot/1.2; +https://openai.com/gptbot)"
20.171.207.25 - - [10/Sep/2025:03:47:51 +0700] "GET /wp-json/oembed/1.0/embed?url=https%3A%2F%2Fvattusacky.vn%2Fsan-pham%2Fmay-quang-pho-do-nuoc-ht1000-trace2o%2F HTTP/1.0" 200 3629 "-" "Mozilla/5.0 AppleWebKit/537.36 (KHTML, like Gecko; compatible; GPTBot/1.2; +https://openai.com/gptbot)"
20.171.207.25 - - [10/Sep/2025:03:47:53 +0700] "GET /wp-json/oembed/1.0/embed?url=https%3A%2F%2Fvattusacky.vn%2Fsan-pham%2Fht3000-may-quang-pho-hien-truong%2F HTTP/1.0" 200 3686 "-" "Mozilla/5.0 AppleWebKit/537.36 (KHTML, like Gecko; compatible; GPTBot/1.2; +https://openai.com/gptbot)"
20.171.207.25 - - [10/Sep/2025:03:47:56 +0700] "GET /tag/quan-trac-moi-truong-dat/ HTTP/1.0" 200 59514 "-" "Mozilla/5.0 AppleWebKit/537.36 (KHTML, like Gecko; compatible; GPTBot/1.2; +https://openai.com/gptbot)"
217.113.194.76 - - [10/Sep/2025:03:47:58 +0700] "GET /ways-to-plan-a-great-engagement-party/feed/ HTTP/1.0" 200 1708 "-" "Mozilla/5.0 (compatible; Barkrowler/0.9; +https://babbar.tech/crawler)"
20.171.207.25 - - [10/Sep/2025:03:47:59 +0700] "GET /stavki-na-kibersport-vysokie-kojefficienty-stavki-5/feed/ HTTP/1.0" 200 1720 "-" "Mozilla/5.0 AppleWebKit/537.36 (KHTML, like Gecko; compatible; GPTBot/1.2; +https://openai.com/gptbot)"
20.171.207.25 - - [10/Sep/2025:03:48:02 +0700] "GET /page/343/?s HTTP/1.0" 200 85236 "-" "Mozilla/5.0 AppleWebKit/537.36 (KHTML, like Gecko; compatible; GPTBot/1.2; +https://openai.com/gptbot)"
202.174.110.119 - - [10/Sep/2025:03:48:04 +0700] "POST /xmlrpc.php HTTP/1.0" 200 956 "https://vattusacky.vn" "Mozilla/5.0 (Macintosh; Intel Mac OS X 10_15_7; rv:125.0.1) Gecko/20100101 Firefox/125.0.1"
20.171.207.25 - - [10/Sep/2025:03:48:05 +0700] "GET /wp-json/oembed/1.0/embed?url=https%3A%2F%2Fvattusacky.vn%2Fcach-tim-cai-thien-https-vaysite-com-tien-tin-dung-vay-nhanh-300trieu-truc-tuyen-nhanh-chong%2F HTTP/1.0" 200 4016 "-" "Mozilla/5.0 AppleWebKit/537.36 (KHTML, like Gecko; compatible; GPTBot/1.2; +https://openai.com/gptbot)"
202.174.110.119 - - [10/Sep/2025:03:48:06 +0700] "POST /wp-login.php HTTP/1.0" 200 11730 "https://vattusacky.vn" "Mozilla/5.0 (Macintosh; Intel Mac OS X 14_6) AppleWebKit/605.1.15 (KHTML, like Gecko) Version/17.5 Safari/605.1.15"
20.171.207.25 - - [10/Sep/2025:03:48:08 +0700] "GET /bet365-cybersport-bet-review-welcome-bonus-18/feed HTTP/1.0" 301 593 "-" "Mozilla/5.0 AppleWebKit/537.36 (KHTML, like Gecko; compatible; GPTBot/1.2; +https://openai.com/gptbot)"
20.171.207.25 - - [10/Sep/2025:03:48:09 +0700] "GET /bet365-cybersport-bet-review-welcome-bonus-18/feed/ HTTP/1.0" 200 1590 "-" "Mozilla/5.0 AppleWebKit/537.36 (KHTML, like Gecko; compatible; GPTBot/1.2; +https://openai.com/gptbot)"
20.171.207.25 - - [10/Sep/2025:03:48:12 +0700] "GET /avg-internet-secureness-review/feed/ HTTP/1.0" 200 1541 "-" "Mozilla/5.0 AppleWebKit/537.36 (KHTML, like Gecko; compatible; GPTBot/1.2; +https://openai.com/gptbot)"
20.171.207.25 - - [10/Sep/2025:03:48:14 +0700] "GET /1xbit-casino-evaluate-guide-2022-updated-8/feed/ HTTP/1.0" 200 1582 "-" "Mozilla/5.0 AppleWebKit/537.36 (KHTML, like Gecko; compatible; GPTBot/1.2; +https://openai.com/gptbot)"
45.117.177.72 - - [10/Sep/2025:03:48:17 +0700] "POST /wp-cron.php?doing_wp_cron=1757450897.2963569164276123046875 HTTP/1.0" 200 416 "-" "WordPress/6.8.1; https://vattusacky.vn"
154.54.249.200 - - [10/Sep/2025:03:48:16 +0700] "GET /ways-to-get-the-most-from-demo-casino-slots/ HTTP/1.0" 200 74978 "-" "Mozilla/5.0 (compatible; Barkrowler/0.9; +https://babbar.tech/crawler)"
20.171.207.25 - - [10/Sep/2025:03:48:17 +0700] "GET /page-13778/feed/ HTTP/1.0" 200 1544 "-" "Mozilla/5.0 AppleWebKit/537.36 (KHTML, like Gecko; compatible; GPTBot/1.2; +https://openai.com/gptbot)"
20.171.207.25 - - [10/Sep/2025:03:48:19 +0700] "GET /tag/quan-trac-moi-truong-dat/feed/ HTTP/1.0" 200 164832 "-" "Mozilla/5.0 AppleWebKit/537.36 (KHTML, like Gecko; compatible; GPTBot/1.2; +https://openai.com/gptbot)"
20.171.207.25 - - [10/Sep/2025:03:48:24 +0700] "GET /page/344/?s HTTP/1.0" 200 84519 "-" "Mozilla/5.0 AppleWebKit/537.36 (KHTML, like Gecko; compatible; GPTBot/1.2; +https://openai.com/gptbot)"
20.171.207.25 - - [10/Sep/2025:03:48:28 +0700] "GET /category/paribahis-giris/feed/ HTTP/1.0" 200 207443 "-" "Mozilla/5.0 AppleWebKit/537.36 (KHTML, like Gecko; compatible; GPTBot/1.2; +https://openai.com/gptbot)"
20.171.207.25 - - [10/Sep/2025:03:48:31 +0700] "GET /category/leovegas-sweden/feed/ HTTP/1.0" 200 81266 "-" "Mozilla/5.0 AppleWebKit/537.36 (KHTML, like Gecko; compatible; GPTBot/1.2; +https://openai.com/gptbot)"
20.171.207.25 - - [10/Sep/2025:03:48:33 +0700] "GET /que-es-mostbet-todo-lo-que-debes-saber-actualizado-2022/feed/ HTTP/1.0" 200 1621 "-" "Mozilla/5.0 AppleWebKit/537.36 (KHTML, like Gecko; compatible; GPTBot/1.2; +https://openai.com/gptbot)"
20.171.207.25 - - [10/Sep/2025:03:48:35 +0700] "GET /category/best-website-to-find-women/feed HTTP/1.0" 301 537 "-" "Mozilla/5.0 AppleWebKit/537.36 (KHTML, like Gecko; compatible; GPTBot/1.2; +https://openai.com/gptbot)"
20.171.207.25 - - [10/Sep/2025:03:48:37 +0700] "GET /category/best-website-to-find-women/feed/ HTTP/1.0" 200 145869 "-" "Mozilla/5.0 AppleWebKit/537.36 (KHTML, like Gecko; compatible; GPTBot/1.2; +https://openai.com/gptbot)"
217.113.194.80 - - [10/Sep/2025:03:48:37 +0700] "GET /the-history-and-evolution-of-omegle/ HTTP/1.0" 200 90263 "-" "Mozilla/5.0 (compatible; Barkrowler/0.9; +https://babbar.tech/crawler)"
20.171.207.25 - - [10/Sep/2025:03:48:39 +0700] "GET /page/345/?s HTTP/1.0" 200 87316 "-" "Mozilla/5.0 AppleWebKit/537.36 (KHTML, like Gecko; compatible; GPTBot/1.2; +https://openai.com/gptbot)"
20.171.207.25 - - [10/Sep/2025:03:48:41 +0700] "GET /wp-json/oembed/1.0/embed?url=https%3A%2F%2Fvattusacky.vn%2Fvivi-l-esperienza-mozzafiato-del-slot-show-3%2F HTTP/1.0" 200 3674 "-" "Mozilla/5.0 AppleWebKit/537.36 (KHTML, like Gecko; compatible; GPTBot/1.2; +https://openai.com/gptbot)"
20.171.207.25 - - [10/Sep/2025:03:48:43 +0700] "GET /wp-json/oembed/1.0/embed?url=https%3A%2F%2Fvattusacky.vn%2Fraging-bull-casino-review-au-and-us-pokies-players-accepted%2F HTTP/1.0" 200 3522 "-" "Mozilla/5.0 AppleWebKit/537.36 (KHTML, like Gecko; compatible; GPTBot/1.2; +https://openai.com/gptbot)"
20.171.207.25 - - [10/Sep/2025:03:48:45 +0700] "GET /exploring-omegles-privacy-policy-what-you-should-know/feed/ HTTP/1.0" 200 1610 "-" "Mozilla/5.0 AppleWebKit/537.36 (KHTML, like Gecko; compatible; GPTBot/1.2; +https://openai.com/gptbot)"
20.171.207.25 - - [10/Sep/2025:03:48:46 +0700] "GET /omegle-vs-ometv-a-detailed-analysis-of-privacy-and-safety-measures/feed/ HTTP/1.0" 200 1649 "-" "Mozilla/5.0 AppleWebKit/537.36 (KHTML, like Gecko; compatible; GPTBot/1.2; +https://openai.com/gptbot)"
20.171.207.25 - - [10/Sep/2025:03:48:48 +0700] "GET /category/top-chinese-dating-sites/feed/ HTTP/1.0" 200 150758 "-" "Mozilla/5.0 AppleWebKit/537.36 (KHTML, like Gecko; compatible; GPTBot/1.2; +https://openai.com/gptbot)"
20.171.207.25 - - [10/Sep/2025:03:48:51 +0700] "GET /seeing-different-ethnicities-how-to-deal-with15443-cultural-variances/feed/ HTTP/1.0" 200 1668 "-" "Mozilla/5.0 AppleWebKit/537.36 (KHTML, like Gecko; compatible; GPTBot/1.2; +https://openai.com/gptbot)"
20.171.207.25 - - [10/Sep/2025:03:48:52 +0700] "GET /denver-m4m-near-me-meet-someone-today/feed/ HTTP/1.0" 200 1565 "-" "Mozilla/5.0 AppleWebKit/537.36 (KHTML, like Gecko; compatible; GPTBot/1.2; +https://openai.com/gptbot)"
20.171.207.25 - - [10/Sep/2025:03:48:54 +0700] "GET /page/346/?s HTTP/1.0" 200 84237 "-" "Mozilla/5.0 AppleWebKit/537.36 (KHTML, like Gecko; compatible; GPTBot/1.2; +https://openai.com/gptbot)"
20.171.207.25 - - [10/Sep/2025:03:48:56 +0700] "GET /quantracnuocthai/feed/ HTTP/1.0" 200 1544 "-" "Mozilla/5.0 AppleWebKit/537.36 (KHTML, like Gecko; compatible; GPTBot/1.2; +https://openai.com/gptbot)"
20.171.207.25 - - [10/Sep/2025:03:48:58 +0700] "GET /krippa-maks-biografija-max-krippa-poplurnye-fakty-513/feed HTTP/1.0" 301 601 "-" "Mozilla/5.0 AppleWebKit/537.36 (KHTML, like Gecko; compatible; GPTBot/1.2; +https://openai.com/gptbot)"
