45.117.177.72 - - [10/Sep/2025:07:29:19 +0700] "POST /wp-cron.php?doing_wp_cron=1757464159.6794559955596923828125 HTTP/1.0" 200 416 "-" "WordPress/6.8.1; https://vattusacky.vn"
20.171.207.25 - - [10/Sep/2025:07:29:18 +0700] "GET /wp-json/wp/v2/posts/8431 HTTP/1.0" 200 38838 "-" "Mozilla/5.0 AppleWebKit/537.36 (KHTML, like Gecko; compatible; GPTBot/1.2; +https://openai.com/gptbot)"
217.113.194.81 - - [10/Sep/2025:07:29:25 +0700] "GET /introduction-to-omegle-and-ometv/feed/ HTTP/1.0" 200 1693 "-" "Mozilla/5.0 (compatible; Barkrowler/0.9; +https://babbar.tech/crawler)"
20.171.207.25 - - [10/Sep/2025:07:29:28 +0700] "GET /wp-json/wp/v2/posts/5130 HTTP/1.0" 200 38476 "-" "Mozilla/5.0 AppleWebKit/537.36 (KHTML, like Gecko; compatible; GPTBot/1.2; +https://openai.com/gptbot)"
20.171.207.25 - - [10/Sep/2025:07:29:35 +0700] "GET /wp-json/wp/v2/posts/7813 HTTP/1.0" 200 39612 "-" "Mozilla/5.0 AppleWebKit/537.36 (KHTML, like Gecko; compatible; GPTBot/1.2; +https://openai.com/gptbot)"
217.113.194.81 - - [10/Sep/2025:07:29:44 +0700] "GET /anonymity-and-freedom-of-speech-on-omegle/ HTTP/1.0" 200 91226 "-" "Mozilla/5.0 (compatible; Barkrowler/0.9; +https://babbar.tech/crawler)"
20.171.207.25 - - [10/Sep/2025:07:29:44 +0700] "GET /wp-json/wp/v2/posts/5047 HTTP/1.0" 200 178823 "-" "Mozilla/5.0 AppleWebKit/537.36 (KHTML, like Gecko; compatible; GPTBot/1.2; +https://openai.com/gptbot)"
20.171.207.25 - - [10/Sep/2025:07:29:53 +0700] "GET /wp-json/wp/v2/posts/6795 HTTP/1.0" 200 42201 "-" "Mozilla/5.0 AppleWebKit/537.36 (KHTML, like Gecko; compatible; GPTBot/1.2; +https://openai.com/gptbot)"
20.171.207.25 - - [10/Sep/2025:07:30:03 +0700] "GET /wp-json/wp/v2/posts/3549 HTTP/1.0" 200 183495 "-" "Mozilla/5.0 AppleWebKit/537.36 (KHTML, like Gecko; compatible; GPTBot/1.2; +https://openai.com/gptbot)"
217.113.194.74 - - [10/Sep/2025:07:30:04 +0700] "GET /detailed-guide-on-using-omegle-for-beginners/ HTTP/1.0" 200 90479 "-" "Mozilla/5.0 (compatible; Barkrowler/0.9; +https://babbar.tech/crawler)"
110.249.202.214 - - [10/Sep/2025:07:30:11 +0700] "GET /robots.txt HTTP/1.0" 200 984 "-" "Mozilla/5.0 (Linux; Android 5.0) AppleWebKit/537.36 (KHTML, like Gecko) Mobile Safari/537.36 (compatible; Bytespider; https://zhanzhang.toutiao.com/)"
20.171.207.25 - - [10/Sep/2025:07:30:11 +0700] "GET /wp-json/wp/v2/posts/7653 HTTP/1.0" 200 42212 "-" "Mozilla/5.0 AppleWebKit/537.36 (KHTML, like Gecko; compatible; GPTBot/1.2; +https://openai.com/gptbot)"
45.117.177.72 - - [10/Sep/2025:07:30:20 +0700] "POST /wp-cron.php?doing_wp_cron=1757464220.5566000938415527343750 HTTP/1.0" 200 416 "-" "WordPress/6.8.1; https://vattusacky.vn"
20.171.207.25 - - [10/Sep/2025:07:30:19 +0700] "GET /wp-json/wp/v2/posts/8930 HTTP/1.0" 200 39093 "-" "Mozilla/5.0 AppleWebKit/537.36 (KHTML, like Gecko; compatible; GPTBot/1.2; +https://openai.com/gptbot)"
192.161.63.98 - - [10/Sep/2025:07:30:23 +0700] "GET /notepad-how-to-recover-a-deleted-file-45/ HTTP/1.0" 200 208095 "-" "Mozilla/5.0 (iPhone; CPU iPhone OS 11_0 like Mac OS X) AppleWebKit/537.36 (KHTML, like Gecko) Chrome/50.0.3962.1343 Mobile Safari/537.36"
192.161.63.98 - - [10/Sep/2025:07:30:26 +0700] "GET /wp-content/plugins/gridlist-view-for-woocommerce/css/shop_lgv.css?ver=1.1.8 HTTP/1.0" 200 440 "https://vattusacky.vn/notepad-how-to-recover-a-deleted-file-45/" "Mozilla/5.0 (iPhone; CPU iPhone OS 11_0 like Mac OS X) AppleWebKit/537.36 (KHTML, like Gecko) Chrome/50.0.3962.1343 Mobile Safari/537.36"
192.161.63.98 - - [10/Sep/2025:07:30:26 +0700] "GET /wp-content/plugins/gridlist-view-for-woocommerce/berocket/assets/css/font-awesome.min.css?ver=6.8.1 HTTP/1.0" 200 464 "https://vattusacky.vn/notepad-how-to-recover-a-deleted-file-45/" "Mozilla/5.0 (iPhone; CPU iPhone OS 11_0 like Mac OS X) AppleWebKit/537.36 (KHTML, like Gecko) Chrome/50.0.3962.1343 Mobile Safari/537.36"
192.161.63.98 - - [10/Sep/2025:07:30:26 +0700] "GET /wp-includes/css/dist/block-library/style.min.css?ver=6.8.1 HTTP/1.0" 200 423 "https://vattusacky.vn/notepad-how-to-recover-a-deleted-file-45/" "Mozilla/5.0 (iPhone; CPU iPhone OS 11_0 like Mac OS X) AppleWebKit/537.36 (KHTML, like Gecko) Chrome/50.0.3962.1343 Mobile Safari/537.36"
192.161.63.98 - - [10/Sep/2025:07:30:26 +0700] "GET /wp-content/plugins/content-views-query-and-display-post-page/public/assets/css/cv.css?ver=4.1 HTTP/1.0" 200 460 "https://vattusacky.vn/notepad-how-to-recover-a-deleted-file-45/" "Mozilla/5.0 (iPhone; CPU iPhone OS 11_0 like Mac OS X) AppleWebKit/537.36 (KHTML, like Gecko) Chrome/50.0.3962.1343 Mobile Safari/537.36"
192.161.63.98 - - [10/Sep/2025:07:30:26 +0700] "GET /wp-content/plugins/contact-form-7/includes/css/styles.css?ver=6.0.6 HTTP/1.0" 200 432 "https://vattusacky.vn/notepad-how-to-recover-a-deleted-file-45/" "Mozilla/5.0 (iPhone; CPU iPhone OS 11_0 like Mac OS X) AppleWebKit/537.36 (KHTML, like Gecko) Chrome/50.0.3962.1343 Mobile Safari/537.36"
192.161.63.98 - - [10/Sep/2025:07:30:26 +0700] "GET /wp-content/plugins/devvn-stickytooltip/stickytooltip.css?ver=1.0.0 HTTP/1.0" 200 431 "https://vattusacky.vn/notepad-how-to-recover-a-deleted-file-45/" "Mozilla/5.0 (iPhone; CPU iPhone OS 11_0 like Mac OS X) AppleWebKit/537.36 (KHTML, like Gecko) Chrome/50.0.3962.1343 Mobile Safari/537.36"
192.161.63.98 - - [10/Sep/2025:07:30:26 +0700] "GET /wp-content/plugins/woocommerce/assets/css/woocommerce-layout.css?ver=9.8.3 HTTP/1.0" 200 439 "https://vattusacky.vn/notepad-how-to-recover-a-deleted-file-45/" "Mozilla/5.0 (iPhone; CPU iPhone OS 11_0 like Mac OS X) AppleWebKit/537.36 (KHTML, like Gecko) Chrome/50.0.3962.1343 Mobile Safari/537.36"
192.161.63.98 - - [10/Sep/2025:07:30:26 +0700] "GET /wp-content/plugins/woocommerce/assets/css/woocommerce-smallscreen.css?ver=9.8.3 HTTP/1.0" 200 444 "https://vattusacky.vn/notepad-how-to-recover-a-deleted-file-45/" "Mozilla/5.0 (iPhone; CPU iPhone OS 11_0 like Mac OS X) AppleWebKit/537.36 (KHTML, like Gecko) Chrome/50.0.3962.1343 Mobile Safari/537.36"
192.161.63.98 - - [10/Sep/2025:07:30:26 +0700] "GET /wp-content/plugins/woocommerce/assets/css/woocommerce.css?ver=9.8.3 HTTP/1.0" 200 432 "https://vattusacky.vn/notepad-how-to-recover-a-deleted-file-45/" "Mozilla/5.0 (iPhone; CPU iPhone OS 11_0 like Mac OS X) AppleWebKit/537.36 (KHTML, like Gecko) Chrome/50.0.3962.1343 Mobile Safari/537.36"
192.161.63.98 - - [10/Sep/2025:07:30:26 +0700] "GET /wp-content/plugins/yith-woocommerce-category-accordion-premium/assets/css/ywcca_style.css?ver=1.0.12 HTTP/1.0" 200 464 "https://vattusacky.vn/notepad-how-to-recover-a-deleted-file-45/" "Mozilla/5.0 (iPhone; CPU iPhone OS 11_0 like Mac OS X) AppleWebKit/537.36 (KHTML, like Gecko) Chrome/50.0.3962.1343 Mobile Safari/537.36"
192.161.63.98 - - [10/Sep/2025:07:30:26 +0700] "GET /wp-content/plugins/woocommerce/assets/css/brands.css?ver=9.8.3 HTTP/1.0" 200 427 "https://vattusacky.vn/notepad-how-to-recover-a-deleted-file-45/" "Mozilla/5.0 (iPhone; CPU iPhone OS 11_0 like Mac OS X) AppleWebKit/537.36 (KHTML, like Gecko) Chrome/50.0.3962.1343 Mobile Safari/537.36"
192.161.63.98 - - [10/Sep/2025:07:30:26 +0700] "GET /wp-content/plugins/yith-woocommerce-category-accordion-premium/cache/ywcca_dynamics.css?ver=6.8.1 HTTP/1.0" 200 462 "https://vattusacky.vn/notepad-how-to-recover-a-deleted-file-45/" "Mozilla/5.0 (iPhone; CPU iPhone OS 11_0 like Mac OS X) AppleWebKit/537.36 (KHTML, like Gecko) Chrome/50.0.3962.1343 Mobile Safari/537.36"
192.161.63.98 - - [10/Sep/2025:07:30:26 +0700] "GET /wp-content/themes/tem_techno_v2/inc/css/bootstrap.min.css?ver=6.8.1 HTTP/1.0" 200 432 "https://vattusacky.vn/notepad-how-to-recover-a-deleted-file-45/" "Mozilla/5.0 (iPhone; CPU iPhone OS 11_0 like Mac OS X) AppleWebKit/537.36 (KHTML, like Gecko) Chrome/50.0.3962.1343 Mobile Safari/537.36"
192.161.63.98 - - [10/Sep/2025:07:30:26 +0700] "GET /wp-content/themes/tem_techno_v2/inc/css/font-awesome.min.css?ver=6.8.1 HTTP/1.0" 200 435 "https://vattusacky.vn/notepad-how-to-recover-a-deleted-file-45/" "Mozilla/5.0 (iPhone; CPU iPhone OS 11_0 like Mac OS X) AppleWebKit/537.36 (KHTML, like Gecko) Chrome/50.0.3962.1343 Mobile Safari/537.36"
192.161.63.98 - - [10/Sep/2025:07:30:26 +0700] "GET /wp-content/themes/tem_techno_v2/style.css?ver=6.8.1 HTTP/1.0" 200 416 "https://vattusacky.vn/notepad-how-to-recover-a-deleted-file-45/" "Mozilla/5.0 (iPhone; CPU iPhone OS 11_0 like Mac OS X) AppleWebKit/537.36 (KHTML, like Gecko) Chrome/50.0.3962.1343 Mobile Safari/537.36"
192.161.63.98 - - [10/Sep/2025:07:30:26 +0700] "GET /wp-content/themes/tem_techno_v2/slmenu.css HTTP/1.0" 200 417 "https://vattusacky.vn/notepad-how-to-recover-a-deleted-file-45/" "Mozilla/5.0 (iPhone; CPU iPhone OS 11_0 like Mac OS X) AppleWebKit/537.36 (KHTML, like Gecko) Chrome/50.0.3962.1343 Mobile Safari/537.36"
192.161.63.98 - - [10/Sep/2025:07:30:26 +0700] "GET /wp-content/plugins/wp-pagenavi/pagenavi-css.css?ver=2.70 HTTP/1.0" 200 823 "https://vattusacky.vn/notepad-how-to-recover-a-deleted-file-45/" "Mozilla/5.0 (iPhone; CPU iPhone OS 11_0 like Mac OS X) AppleWebKit/537.36 (KHTML, like Gecko) Chrome/50.0.3962.1343 Mobile Safari/537.36"
217.113.194.76 - - [10/Sep/2025:07:30:25 +0700] "GET /detailed-guide-on-using-omegle-for-beginners/feed/ HTTP/1.0" 200 1729 "-" "Mozilla/5.0 (compatible; Barkrowler/0.9; +https://babbar.tech/crawler)"
192.161.63.98 - - [10/Sep/2025:07:30:26 +0700] "GET /wp-content/plugins/woocommerce/assets/client/blocks/wc-blocks.css?ver=wc-9.8.3 HTTP/1.0" 200 440 "https://vattusacky.vn/notepad-how-to-recover-a-deleted-file-45/" "Mozilla/5.0 (iPhone; CPU iPhone OS 11_0 like Mac OS X) AppleWebKit/537.36 (KHTML, like Gecko) Chrome/50.0.3962.1343 Mobile Safari/537.36"
192.161.63.98 - - [10/Sep/2025:07:30:26 +0700] "GET /wp-content/plugins/gridlist-view-for-woocommerce/css/shop_lgv.css?ver=1.1.8 HTTP/2.0" 200 1425 "https://vattusacky.vn/notepad-how-to-recover-a-deleted-file-45/" "Mozilla/5.0 (iPhone; CPU iPhone OS 11_0 like Mac OS X) AppleWebKit/537.36 (KHTML, like Gecko) Chrome/50.0.3962.1343 Mobile Safari/537.36"
192.161.63.98 - - [10/Sep/2025:07:30:26 +0700] "GET /wp-content/plugins/gridlist-view-for-woocommerce/berocket/assets/css/font-awesome.min.css?ver=6.8.1 HTTP/2.0" 200 6596 "https://vattusacky.vn/notepad-how-to-recover-a-deleted-file-45/" "Mozilla/5.0 (iPhone; CPU iPhone OS 11_0 like Mac OS X) AppleWebKit/537.36 (KHTML, like Gecko) Chrome/50.0.3962.1343 Mobile Safari/537.36"
192.161.63.98 - - [10/Sep/2025:07:30:26 +0700] "GET /wp-includes/css/dist/block-library/style.min.css?ver=6.8.1 HTTP/2.0" 200 14009 "https://vattusacky.vn/notepad-how-to-recover-a-deleted-file-45/" "Mozilla/5.0 (iPhone; CPU iPhone OS 11_0 like Mac OS X) AppleWebKit/537.36 (KHTML, like Gecko) Chrome/50.0.3962.1343 Mobile Safari/537.36"
192.161.63.98 - - [10/Sep/2025:07:30:26 +0700] "GET /wp-content/plugins/content-views-query-and-display-post-page/public/assets/css/cv.css?ver=4.1 HTTP/2.0" 200 11939 "https://vattusacky.vn/notepad-how-to-recover-a-deleted-file-45/" "Mozilla/5.0 (iPhone; CPU iPhone OS 11_0 like Mac OS X) AppleWebKit/537.36 (KHTML, like Gecko) Chrome/50.0.3962.1343 Mobile Safari/537.36"
192.161.63.98 - - [10/Sep/2025:07:30:26 +0700] "GET /wp-content/plugins/contact-form-7/includes/css/styles.css?ver=6.0.6 HTTP/2.0" 200 890 "https://vattusacky.vn/notepad-how-to-recover-a-deleted-file-45/" "Mozilla/5.0 (iPhone; CPU iPhone OS 11_0 like Mac OS X) AppleWebKit/537.36 (KHTML, like Gecko) Chrome/50.0.3962.1343 Mobile Safari/537.36"
192.161.63.98 - - [10/Sep/2025:07:30:26 +0700] "GET /wp-content/plugins/devvn-stickytooltip/stickytooltip.css?ver=1.0.0 HTTP/2.0" 200 337 "https://vattusacky.vn/notepad-how-to-recover-a-deleted-file-45/" "Mozilla/5.0 (iPhone; CPU iPhone OS 11_0 like Mac OS X) AppleWebKit/537.36 (KHTML, like Gecko) Chrome/50.0.3962.1343 Mobile Safari/537.36"
192.161.63.98 - - [10/Sep/2025:07:30:26 +0700] "GET /wp-content/plugins/woocommerce/assets/css/woocommerce-layout.css?ver=9.8.3 HTTP/2.0" 200 3155 "https://vattusacky.vn/notepad-how-to-recover-a-deleted-file-45/" "Mozilla/5.0 (iPhone; CPU iPhone OS 11_0 like Mac OS X) AppleWebKit/537.36 (KHTML, like Gecko) Chrome/50.0.3962.1343 Mobile Safari/537.36"
192.161.63.98 - - [10/Sep/2025:07:30:26 +0700] "GET /wp-content/plugins/woocommerce/assets/css/woocommerce-smallscreen.css?ver=9.8.3 HTTP/2.0" 200 1165 "https://vattusacky.vn/notepad-how-to-recover-a-deleted-file-45/" "Mozilla/5.0 (iPhone; CPU iPhone OS 11_0 like Mac OS X) AppleWebKit/537.36 (KHTML, like Gecko) Chrome/50.0.3962.1343 Mobile Safari/537.36"
192.161.63.98 - - [10/Sep/2025:07:30:26 +0700] "GET /wp-content/plugins/woocommerce/assets/css/woocommerce.css?ver=9.8.3 HTTP/2.0" 200 10040 "https://vattusacky.vn/notepad-how-to-recover-a-deleted-file-45/" "Mozilla/5.0 (iPhone; CPU iPhone OS 11_0 like Mac OS X) AppleWebKit/537.36 (KHTML, like Gecko) Chrome/50.0.3962.1343 Mobile Safari/537.36"
192.161.63.98 - - [10/Sep/2025:07:30:26 +0700] "GET /wp-content/plugins/yith-woocommerce-category-accordion-premium/assets/css/ywcca_style.css?ver=1.0.12 HTTP/2.0" 200 1000 "https://vattusacky.vn/notepad-how-to-recover-a-deleted-file-45/" "Mozilla/5.0 (iPhone; CPU iPhone OS 11_0 like Mac OS X) AppleWebKit/537.36 (KHTML, like Gecko) Chrome/50.0.3962.1343 Mobile Safari/537.36"
192.161.63.98 - - [10/Sep/2025:07:30:26 +0700] "GET /wp-content/plugins/woocommerce/assets/css/brands.css?ver=9.8.3 HTTP/2.0" 200 580 "https://vattusacky.vn/notepad-how-to-recover-a-deleted-file-45/" "Mozilla/5.0 (iPhone; CPU iPhone OS 11_0 like Mac OS X) AppleWebKit/537.36 (KHTML, like Gecko) Chrome/50.0.3962.1343 Mobile Safari/537.36"
192.161.63.98 - - [10/Sep/2025:07:30:26 +0700] "GET /wp-content/plugins/yith-woocommerce-category-accordion-premium/cache/ywcca_dynamics.css?ver=6.8.1 HTTP/2.0" 200 453 "https://vattusacky.vn/notepad-how-to-recover-a-deleted-file-45/" "Mozilla/5.0 (iPhone; CPU iPhone OS 11_0 like Mac OS X) AppleWebKit/537.36 (KHTML, like Gecko) Chrome/50.0.3962.1343 Mobile Safari/537.36"
192.161.63.98 - - [10/Sep/2025:07:30:26 +0700] "GET /wp-content/themes/tem_techno_v2/inc/css/bootstrap.min.css?ver=6.8.1 HTTP/2.0" 200 17514 "https://vattusacky.vn/notepad-how-to-recover-a-deleted-file-45/" "Mozilla/5.0 (iPhone; CPU iPhone OS 11_0 like Mac OS X) AppleWebKit/537.36 (KHTML, like Gecko) Chrome/50.0.3962.1343 Mobile Safari/537.36"
192.161.63.98 - - [10/Sep/2025:07:30:26 +0700] "GET /wp-content/themes/tem_techno_v2/inc/css/font-awesome.min.css?ver=6.8.1 HTTP/2.0" 200 4724 "https://vattusacky.vn/notepad-how-to-recover-a-deleted-file-45/" "Mozilla/5.0 (iPhone; CPU iPhone OS 11_0 like Mac OS X) AppleWebKit/537.36 (KHTML, like Gecko) Chrome/50.0.3962.1343 Mobile Safari/537.36"
192.161.63.98 - - [10/Sep/2025:07:30:26 +0700] "GET /wp-content/themes/tem_techno_v2/style.css?ver=6.8.1 HTTP/2.0" 200 15164 "https://vattusacky.vn/notepad-how-to-recover-a-deleted-file-45/" "Mozilla/5.0 (iPhone; CPU iPhone OS 11_0 like Mac OS X) AppleWebKit/537.36 (KHTML, like Gecko) Chrome/50.0.3962.1343 Mobile Safari/537.36"
192.161.63.98 - - [10/Sep/2025:07:30:26 +0700] "GET /wp-content/themes/tem_techno_v2/slmenu.css HTTP/2.0" 200 1146 "https://vattusacky.vn/notepad-how-to-recover-a-deleted-file-45/" "Mozilla/5.0 (iPhone; CPU iPhone OS 11_0 like Mac OS X) AppleWebKit/537.36 (KHTML, like Gecko) Chrome/50.0.3962.1343 Mobile Safari/537.36"
192.161.63.98 - - [10/Sep/2025:07:30:26 +0700] "GET /wp-content/plugins/woocommerce/assets/client/blocks/wc-blocks.css?ver=wc-9.8.3 HTTP/2.0" 200 2276 "https://vattusacky.vn/notepad-how-to-recover-a-deleted-file-45/" "Mozilla/5.0 (iPhone; CPU iPhone OS 11_0 like Mac OS X) AppleWebKit/537.36 (KHTML, like Gecko) Chrome/50.0.3962.1343 Mobile Safari/537.36"
192.161.63.98 - - [10/Sep/2025:07:30:27 +0700] "GET /wp-content/uploads/2016/09/cropped-logo-vietnguyen.png HTTP/2.0" 206 500 "https://vattusacky.vn/notepad-how-to-recover-a-deleted-file-45/" "Mozilla/5.0 (iPhone; CPU iPhone OS 11_0 like Mac OS X) AppleWebKit/537.36 (KHTML, like Gecko) Chrome/50.0.3962.1343 Mobile Safari/537.36"
192.161.63.98 - - [10/Sep/2025:07:30:27 +0700] "GET /wp-content/uploads/2018/05/10-884-10_fyrite_classic-1-1.jpg HTTP/2.0" 206 500 "https://vattusacky.vn/notepad-how-to-recover-a-deleted-file-45/" "Mozilla/5.0 (iPhone; CPU iPhone OS 11_0 like Mac OS X) AppleWebKit/537.36 (KHTML, like Gecko) Chrome/50.0.3962.1343 Mobile Safari/537.36"
192.161.63.98 - - [10/Sep/2025:07:30:27 +0700] "GET /wp-content/uploads/2016/09/cropped-logo-vietnguyen.png HTTP/1.0" 200 430 "https://vattusacky.vn/notepad-how-to-recover-a-deleted-file-45/" "Mozilla/5.0 (iPhone; CPU iPhone OS 11_0 like Mac OS X) AppleWebKit/537.36 (KHTML, like Gecko) Chrome/50.0.3962.1343 Mobile Safari/537.36"
192.161.63.98 - - [10/Sep/2025:07:30:27 +0700] "GET /wp-content/uploads/2018/05/10-884-10_fyrite_classic-1-1.jpg HTTP/1.0" 200 436 "https://vattusacky.vn/notepad-how-to-recover-a-deleted-file-45/" "Mozilla/5.0 (iPhone; CPU iPhone OS 11_0 like Mac OS X) AppleWebKit/537.36 (KHTML, like Gecko) Chrome/50.0.3962.1343 Mobile Safari/537.36"
192.161.63.98 - - [10/Sep/2025:07:30:28 +0700] "GET /wp-content/uploads/2019/09/quan-trac-moi-truong-lao-dong-image.jpg HTTP/1.0" 200 443 "https://vattusacky.vn/notepad-how-to-recover-a-deleted-file-45/" "Mozilla/5.0 (iPhone; CPU iPhone OS 11_0 like Mac OS X) AppleWebKit/537.36 (KHTML, like Gecko) Chrome/50.0.3962.1343 Mobile Safari/537.36"
192.161.63.98 - - [10/Sep/2025:07:30:28 +0700] "GET /wp-content/uploads/2018/05/10-884-10_fyrite_classic-1.jpg HTTP/1.0" 200 434 "https://vattusacky.vn/notepad-how-to-recover-a-deleted-file-45/" "Mozilla/5.0 (iPhone; CPU iPhone OS 11_0 like Mac OS X) AppleWebKit/537.36 (KHTML, like Gecko) Chrome/50.0.3962.1343 Mobile Safari/537.36"
192.161.63.98 - - [10/Sep/2025:07:30:28 +0700] "GET /wp-content/uploads/2018/05/tai-xuong.jpg HTTP/1.0" 200 417 "https://vattusacky.vn/notepad-how-to-recover-a-deleted-file-45/" "Mozilla/5.0 (iPhone; CPU iPhone OS 11_0 like Mac OS X) AppleWebKit/537.36 (KHTML, like Gecko) Chrome/50.0.3962.1343 Mobile Safari/537.36"
192.161.63.98 - - [10/Sep/2025:07:30:28 +0700] "GET /wp-content/uploads/2016/07/bw-technologies.png HTTP/1.0" 200 422 "https://vattusacky.vn/notepad-how-to-recover-a-deleted-file-45/" "Mozilla/5.0 (iPhone; CPU iPhone OS 11_0 like Mac OS X) AppleWebKit/537.36 (KHTML, like Gecko) Chrome/50.0.3962.1343 Mobile Safari/537.36"
192.161.63.98 - - [10/Sep/2025:07:30:28 +0700] "GET /wp-content/uploads/2018/08/untitled-1-2.jpg HTTP/1.0" 200 420 "https://vattusacky.vn/notepad-how-to-recover-a-deleted-file-45/" "Mozilla/5.0 (iPhone; CPU iPhone OS 11_0 like Mac OS X) AppleWebKit/537.36 (KHTML, like Gecko) Chrome/50.0.3962.1343 Mobile Safari/537.36"
20.171.207.25 - - [10/Sep/2025:07:30:26 +0700] "GET /wp-json/wp/v2/posts/7649 HTTP/1.0" 200 39764 "-" "Mozilla/5.0 AppleWebKit/537.36 (KHTML, like Gecko; compatible; GPTBot/1.2; +https://openai.com/gptbot)"
192.161.63.98 - - [10/Sep/2025:07:30:28 +0700] "GET /wp-content/uploads/2016/07/bandelin-logo.png HTTP/1.0" 200 420 "https://vattusacky.vn/notepad-how-to-recover-a-deleted-file-45/" "Mozilla/5.0 (iPhone; CPU iPhone OS 11_0 like Mac OS X) AppleWebKit/537.36 (KHTML, like Gecko) Chrome/50.0.3962.1343 Mobile Safari/537.36"
192.161.63.98 - - [10/Sep/2025:07:30:28 +0700] "GET /wp-content/uploads/2016/07/berghof_logo.png HTTP/1.0" 200 419 "https://vattusacky.vn/notepad-how-to-recover-a-deleted-file-45/" "Mozilla/5.0 (iPhone; CPU iPhone OS 11_0 like Mac OS X) AppleWebKit/537.36 (KHTML, like Gecko) Chrome/50.0.3962.1343 Mobile Safari/537.36"
192.161.63.98 - - [10/Sep/2025:07:30:28 +0700] "GET /wp-content/uploads/2019/09/quan-trac-moi-truong-lao-dong-image.jpg HTTP/2.0" 206 500 "https://vattusacky.vn/notepad-how-to-recover-a-deleted-file-45/" "Mozilla/5.0 (iPhone; CPU iPhone OS 11_0 like Mac OS X) AppleWebKit/537.36 (KHTML, like Gecko) Chrome/50.0.3962.1343 Mobile Safari/537.36"
192.161.63.98 - - [10/Sep/2025:07:30:28 +0700] "GET /wp-content/uploads/2018/05/10-884-10_fyrite_classic-1.jpg HTTP/2.0" 206 500 "https://vattusacky.vn/notepad-how-to-recover-a-deleted-file-45/" "Mozilla/5.0 (iPhone; CPU iPhone OS 11_0 like Mac OS X) AppleWebKit/537.36 (KHTML, like Gecko) Chrome/50.0.3962.1343 Mobile Safari/537.36"
192.161.63.98 - - [10/Sep/2025:07:30:28 +0700] "GET /wp-content/uploads/2018/05/tai-xuong.jpg HTTP/2.0" 206 500 "https://vattusacky.vn/notepad-how-to-recover-a-deleted-file-45/" "Mozilla/5.0 (iPhone; CPU iPhone OS 11_0 like Mac OS X) AppleWebKit/537.36 (KHTML, like Gecko) Chrome/50.0.3962.1343 Mobile Safari/537.36"
192.161.63.98 - - [10/Sep/2025:07:30:28 +0700] "GET /wp-content/uploads/2016/07/bw-technologies.png HTTP/2.0" 206 500 "https://vattusacky.vn/notepad-how-to-recover-a-deleted-file-45/" "Mozilla/5.0 (iPhone; CPU iPhone OS 11_0 like Mac OS X) AppleWebKit/537.36 (KHTML, like Gecko) Chrome/50.0.3962.1343 Mobile Safari/537.36"
192.161.63.98 - - [10/Sep/2025:07:30:28 +0700] "GET /wp-content/uploads/2018/08/untitled-1-2.jpg HTTP/2.0" 206 500 "https://vattusacky.vn/notepad-how-to-recover-a-deleted-file-45/" "Mozilla/5.0 (iPhone; CPU iPhone OS 11_0 like Mac OS X) AppleWebKit/537.36 (KHTML, like Gecko) Chrome/50.0.3962.1343 Mobile Safari/537.36"
192.161.63.98 - - [10/Sep/2025:07:30:28 +0700] "GET /wp-content/uploads/2016/07/bandelin-logo.png HTTP/2.0" 206 500 "https://vattusacky.vn/notepad-how-to-recover-a-deleted-file-45/" "Mozilla/5.0 (iPhone; CPU iPhone OS 11_0 like Mac OS X) AppleWebKit/537.36 (KHTML, like Gecko) Chrome/50.0.3962.1343 Mobile Safari/537.36"
192.161.63.98 - - [10/Sep/2025:07:30:28 +0700] "GET /wp-content/uploads/2016/07/berghof_logo.png HTTP/2.0" 206 500 "https://vattusacky.vn/notepad-how-to-recover-a-deleted-file-45/" "Mozilla/5.0 (iPhone; CPU iPhone OS 11_0 like Mac OS X) AppleWebKit/537.36 (KHTML, like Gecko) Chrome/50.0.3962.1343 Mobile Safari/537.36"
192.161.63.98 - - [10/Sep/2025:07:30:29 +0700] "GET /wp-content/uploads/2018/06/hiq-logo.png HTTP/2.0" 206 500 "https://vattusacky.vn/notepad-how-to-recover-a-deleted-file-45/" "Mozilla/5.0 (iPhone; CPU iPhone OS 11_0 like Mac OS X) AppleWebKit/537.36 (KHTML, like Gecko) Chrome/50.0.3962.1343 Mobile Safari/537.36"
192.161.63.98 - - [10/Sep/2025:07:30:29 +0700] "GET /wp-content/uploads/2016/07/analytical-testing-corp-logo.jpg HTTP/2.0" 206 500 "https://vattusacky.vn/notepad-how-to-recover-a-deleted-file-45/" "Mozilla/5.0 (iPhone; CPU iPhone OS 11_0 like Mac OS X) AppleWebKit/537.36 (KHTML, like Gecko) Chrome/50.0.3962.1343 Mobile Safari/537.36"
192.161.63.98 - - [10/Sep/2025:07:30:29 +0700] "GET /wp-content/uploads/2018/06/gfg.jpg HTTP/2.0" 206 500 "https://vattusacky.vn/notepad-how-to-recover-a-deleted-file-45/" "Mozilla/5.0 (iPhone; CPU iPhone OS 11_0 like Mac OS X) AppleWebKit/537.36 (KHTML, like Gecko) Chrome/50.0.3962.1343 Mobile Safari/537.36"
192.161.63.98 - - [10/Sep/2025:07:30:29 +0700] "GET /wp-content/uploads/2018/06/halmilton-logo.jpg HTTP/2.0" 206 500 "https://vattusacky.vn/notepad-how-to-recover-a-deleted-file-45/" "Mozilla/5.0 (iPhone; CPU iPhone OS 11_0 like Mac OS X) AppleWebKit/537.36 (KHTML, like Gecko) Chrome/50.0.3962.1343 Mobile Safari/537.36"
192.161.63.98 - - [10/Sep/2025:07:30:29 +0700] "GET /wp-content/uploads/2018/06/witeg-logo.jpg HTTP/2.0" 206 500 "https://vattusacky.vn/notepad-how-to-recover-a-deleted-file-45/" "Mozilla/5.0 (iPhone; CPU iPhone OS 11_0 like Mac OS X) AppleWebKit/537.36 (KHTML, like Gecko) Chrome/50.0.3962.1343 Mobile Safari/537.36"
192.161.63.98 - - [10/Sep/2025:07:30:29 +0700] "GET /wp-content/uploads/2018/06/evoqua-logo.jpg HTTP/2.0" 206 500 "https://vattusacky.vn/notepad-how-to-recover-a-deleted-file-45/" "Mozilla/5.0 (iPhone; CPU iPhone OS 11_0 like Mac OS X) AppleWebKit/537.36 (KHTML, like Gecko) Chrome/50.0.3962.1343 Mobile Safari/537.36"
192.161.63.98 - - [10/Sep/2025:07:30:29 +0700] "GET /wp-content/uploads/2018/06/sibata.gif HTTP/2.0" 206 500 "https://vattusacky.vn/notepad-how-to-recover-a-deleted-file-45/" "Mozilla/5.0 (iPhone; CPU iPhone OS 11_0 like Mac OS X) AppleWebKit/537.36 (KHTML, like Gecko) Chrome/50.0.3962.1343 Mobile Safari/537.36"
192.161.63.98 - - [10/Sep/2025:07:30:29 +0700] "GET /wp-content/uploads/2018/06/wildco-logo.png HTTP/2.0" 206 500 "https://vattusacky.vn/notepad-how-to-recover-a-deleted-file-45/" "Mozilla/5.0 (iPhone; CPU iPhone OS 11_0 like Mac OS X) AppleWebKit/537.36 (KHTML, like Gecko) Chrome/50.0.3962.1343 Mobile Safari/537.36"
192.161.63.98 - - [10/Sep/2025:07:30:29 +0700] "GET /wp-content/uploads/2018/06/logo-aco.gif HTTP/2.0" 206 500 "https://vattusacky.vn/notepad-how-to-recover-a-deleted-file-45/" "Mozilla/5.0 (iPhone; CPU iPhone OS 11_0 like Mac OS X) AppleWebKit/537.36 (KHTML, like Gecko) Chrome/50.0.3962.1343 Mobile Safari/537.36"
192.161.63.98 - - [10/Sep/2025:07:30:29 +0700] "GET /wp-content/uploads/2018/06/mettler-logo.png HTTP/2.0" 206 500 "https://vattusacky.vn/notepad-how-to-recover-a-deleted-file-45/" "Mozilla/5.0 (iPhone; CPU iPhone OS 11_0 like Mac OS X) AppleWebKit/537.36 (KHTML, like Gecko) Chrome/50.0.3962.1343 Mobile Safari/537.36"
192.161.63.98 - - [10/Sep/2025:07:30:29 +0700] "GET /wp-content/uploads/2018/06/hiq-logo.png HTTP/1.0" 200 415 "https://vattusacky.vn/notepad-how-to-recover-a-deleted-file-45/" "Mozilla/5.0 (iPhone; CPU iPhone OS 11_0 like Mac OS X) AppleWebKit/537.36 (KHTML, like Gecko) Chrome/50.0.3962.1343 Mobile Safari/537.36"
192.161.63.98 - - [10/Sep/2025:07:30:27 +0700] "GET /path/to/default.png HTTP/1.0" 404 70667 "https://vattusacky.vn/notepad-how-to-recover-a-deleted-file-45/" "Mozilla/5.0 (iPhone; CPU iPhone OS 11_0 like Mac OS X) AppleWebKit/537.36 (KHTML, like Gecko) Chrome/50.0.3962.1343 Mobile Safari/537.36"
192.161.63.98 - - [10/Sep/2025:07:30:29 +0700] "GET /wp-content/uploads/2016/07/analytical-testing-corp-logo.jpg HTTP/1.0" 200 436 "https://vattusacky.vn/notepad-how-to-recover-a-deleted-file-45/" "Mozilla/5.0 (iPhone; CPU iPhone OS 11_0 like Mac OS X) AppleWebKit/537.36 (KHTML, like Gecko) Chrome/50.0.3962.1343 Mobile Safari/537.36"
192.161.63.98 - - [10/Sep/2025:07:30:29 +0700] "GET /wp-content/uploads/2018/06/gfg.jpg HTTP/1.0" 200 411 "https://vattusacky.vn/notepad-how-to-recover-a-deleted-file-45/" "Mozilla/5.0 (iPhone; CPU iPhone OS 11_0 like Mac OS X) AppleWebKit/537.36 (KHTML, like Gecko) Chrome/50.0.3962.1343 Mobile Safari/537.36"
192.161.63.98 - - [10/Sep/2025:07:30:29 +0700] "GET /wp-content/uploads/2018/06/halmilton-logo.jpg HTTP/1.0" 200 422 "https://vattusacky.vn/notepad-how-to-recover-a-deleted-file-45/" "Mozilla/5.0 (iPhone; CPU iPhone OS 11_0 like Mac OS X) AppleWebKit/537.36 (KHTML, like Gecko) Chrome/50.0.3962.1343 Mobile Safari/537.36"
192.161.63.98 - - [10/Sep/2025:07:30:29 +0700] "GET /wp-content/uploads/2018/06/witeg-logo.jpg HTTP/1.0" 200 418 "https://vattusacky.vn/notepad-how-to-recover-a-deleted-file-45/" "Mozilla/5.0 (iPhone; CPU iPhone OS 11_0 like Mac OS X) AppleWebKit/537.36 (KHTML, like Gecko) Chrome/50.0.3962.1343 Mobile Safari/537.36"
192.161.63.98 - - [10/Sep/2025:07:30:29 +0700] "GET /wp-content/uploads/2018/06/evoqua-logo.jpg HTTP/1.0" 200 419 "https://vattusacky.vn/notepad-how-to-recover-a-deleted-file-45/" "Mozilla/5.0 (iPhone; CPU iPhone OS 11_0 like Mac OS X) AppleWebKit/537.36 (KHTML, like Gecko) Chrome/50.0.3962.1343 Mobile Safari/537.36"
192.161.63.98 - - [10/Sep/2025:07:30:29 +0700] "GET /wp-content/uploads/2018/06/sibata.gif HTTP/1.0" 200 413 "https://vattusacky.vn/notepad-how-to-recover-a-deleted-file-45/" "Mozilla/5.0 (iPhone; CPU iPhone OS 11_0 like Mac OS X) AppleWebKit/537.36 (KHTML, like Gecko) Chrome/50.0.3962.1343 Mobile Safari/537.36"
192.161.63.98 - - [10/Sep/2025:07:30:29 +0700] "GET /wp-content/uploads/2018/06/wildco-logo.png HTTP/1.0" 200 418 "https://vattusacky.vn/notepad-how-to-recover-a-deleted-file-45/" "Mozilla/5.0 (iPhone; CPU iPhone OS 11_0 like Mac OS X) AppleWebKit/537.36 (KHTML, like Gecko) Chrome/50.0.3962.1343 Mobile Safari/537.36"
192.161.63.98 - - [10/Sep/2025:07:30:29 +0700] "GET /wp-content/uploads/2018/06/logo-aco.gif HTTP/1.0" 200 415 "https://vattusacky.vn/notepad-how-to-recover-a-deleted-file-45/" "Mozilla/5.0 (iPhone; CPU iPhone OS 11_0 like Mac OS X) AppleWebKit/537.36 (KHTML, like Gecko) Chrome/50.0.3962.1343 Mobile Safari/537.36"
192.161.63.98 - - [10/Sep/2025:07:30:29 +0700] "GET /wp-content/uploads/2018/06/mettler-logo.png HTTP/1.0" 200 419 "https://vattusacky.vn/notepad-how-to-recover-a-deleted-file-45/" "Mozilla/5.0 (iPhone; CPU iPhone OS 11_0 like Mac OS X) AppleWebKit/537.36 (KHTML, like Gecko) Chrome/50.0.3962.1343 Mobile Safari/537.36"
192.161.63.98 - - [10/Sep/2025:07:30:30 +0700] "GET /wp-content/uploads/2018/06/evermed-logo.jpg HTTP/1.0" 200 420 "https://vattusacky.vn/notepad-how-to-recover-a-deleted-file-45/" "Mozilla/5.0 (iPhone; CPU iPhone OS 11_0 like Mac OS X) AppleWebKit/537.36 (KHTML, like Gecko) Chrome/50.0.3962.1343 Mobile Safari/537.36"
192.161.63.98 - - [10/Sep/2025:07:30:30 +0700] "GET /wp-content/uploads/2018/06/kruess-logo.png HTTP/1.0" 200 418 "https://vattusacky.vn/notepad-how-to-recover-a-deleted-file-45/" "Mozilla/5.0 (iPhone; CPU iPhone OS 11_0 like Mac OS X) AppleWebKit/537.36 (KHTML, like Gecko) Chrome/50.0.3962.1343 Mobile Safari/537.36"
192.161.63.98 - - [10/Sep/2025:07:30:30 +0700] "GET /wp-content/uploads/2018/06/evermed-logo.jpg HTTP/2.0" 206 500 "https://vattusacky.vn/notepad-how-to-recover-a-deleted-file-45/" "Mozilla/5.0 (iPhone; CPU iPhone OS 11_0 like Mac OS X) AppleWebKit/537.36 (KHTML, like Gecko) Chrome/50.0.3962.1343 Mobile Safari/537.36"
192.161.63.98 - - [10/Sep/2025:07:30:30 +0700] "GET /wp-content/uploads/2018/06/kruess-logo.png HTTP/2.0" 206 500 "https://vattusacky.vn/notepad-how-to-recover-a-deleted-file-45/" "Mozilla/5.0 (iPhone; CPU iPhone OS 11_0 like Mac OS X) AppleWebKit/537.36 (KHTML, like Gecko) Chrome/50.0.3962.1343 Mobile Safari/537.36"
192.161.63.98 - - [10/Sep/2025:07:30:31 +0700] "GET /wp-content/uploads/2018/06/dlab-logo.jpg HTTP/2.0" 206 500 "https://vattusacky.vn/notepad-how-to-recover-a-deleted-file-45/" "Mozilla/5.0 (iPhone; CPU iPhone OS 11_0 like Mac OS X) AppleWebKit/537.36 (KHTML, like Gecko) Chrome/50.0.3962.1343 Mobile Safari/537.36"
192.161.63.98 - - [10/Sep/2025:07:30:31 +0700] "GET /wp-content/themes/tem_techno_v2/images/iconMobile.png HTTP/2.0" 206 500 "https://vattusacky.vn/wp-content/themes/tem_techno_v2/style.css?ver=6.8.1" "Mozilla/5.0 (iPhone; CPU iPhone OS 11_0 like Mac OS X) AppleWebKit/537.36 (KHTML, like Gecko) Chrome/50.0.3962.1343 Mobile Safari/537.36"
192.161.63.98 - - [10/Sep/2025:07:30:31 +0700] "GET /wp-content/uploads/2018/06/dlab-logo.jpg HTTP/1.0" 200 417 "https://vattusacky.vn/notepad-how-to-recover-a-deleted-file-45/" "Mozilla/5.0 (iPhone; CPU iPhone OS 11_0 like Mac OS X) AppleWebKit/537.36 (KHTML, like Gecko) Chrome/50.0.3962.1343 Mobile Safari/537.36"
192.161.63.98 - - [10/Sep/2025:07:30:31 +0700] "GET /wp-content/themes/tem_techno_v2/images/iconMobile.png HTTP/1.0" 200 429 "https://vattusacky.vn/wp-content/themes/tem_techno_v2/style.css?ver=6.8.1" "Mozilla/5.0 (iPhone; CPU iPhone OS 11_0 like Mac OS X) AppleWebKit/537.36 (KHTML, like Gecko) Chrome/50.0.3962.1343 Mobile Safari/537.36"
192.161.63.98 - - [10/Sep/2025:07:30:31 +0700] "GET /images/image002.jpg HTTP/1.0" 404 70667 "https://vattusacky.vn/notepad-how-to-recover-a-deleted-file-45/" "Mozilla/5.0 (iPhone; CPU iPhone OS 11_0 like Mac OS X) AppleWebKit/537.36 (KHTML, like Gecko) Chrome/50.0.3962.1343 Mobile Safari/537.36"
192.161.63.98 - - [10/Sep/2025:07:30:31 +0700] "GET /images/image005.jpg HTTP/1.0" 404 70667 "https://vattusacky.vn/notepad-how-to-recover-a-deleted-file-45/" "Mozilla/5.0 (iPhone; CPU iPhone OS 11_0 like Mac OS X) AppleWebKit/537.36 (KHTML, like Gecko) Chrome/50.0.3962.1343 Mobile Safari/537.36"
192.161.63.98 - - [10/Sep/2025:07:30:31 +0700] "GET /images/image003.jpg HTTP/1.0" 404 70667 "https://vattusacky.vn/notepad-how-to-recover-a-deleted-file-45/" "Mozilla/5.0 (iPhone; CPU iPhone OS 11_0 like Mac OS X) AppleWebKit/537.36 (KHTML, like Gecko) Chrome/50.0.3962.1343 Mobile Safari/537.36"
192.161.63.98 - - [10/Sep/2025:07:30:31 +0700] "GET /images/image004.jpg HTTP/1.0" 404 70667 "https://vattusacky.vn/notepad-how-to-recover-a-deleted-file-45/" "Mozilla/5.0 (iPhone; CPU iPhone OS 11_0 like Mac OS X) AppleWebKit/537.36 (KHTML, like Gecko) Chrome/50.0.3962.1343 Mobile Safari/537.36"
192.161.63.98 - - [10/Sep/2025:07:30:31 +0700] "GET /images/logo-vietnguyen.png HTTP/1.0" 404 70667 "https://vattusacky.vn/notepad-how-to-recover-a-deleted-file-45/" "Mozilla/5.0 (iPhone; CPU iPhone OS 11_0 like Mac OS X) AppleWebKit/537.36 (KHTML, like Gecko) Chrome/50.0.3962.1343 Mobile Safari/537.36"
20.171.207.25 - - [10/Sep/2025:07:30:35 +0700] "GET /wp-json/wp/v2/posts/6879 HTTP/1.0" 200 40186 "-" "Mozilla/5.0 AppleWebKit/537.36 (KHTML, like Gecko; compatible; GPTBot/1.2; +https://openai.com/gptbot)"
20.171.207.25 - - [10/Sep/2025:07:30:43 +0700] "GET /wp-json/wp/v2/posts/6801 HTTP/1.0" 200 40047 "-" "Mozilla/5.0 AppleWebKit/537.36 (KHTML, like Gecko; compatible; GPTBot/1.2; +https://openai.com/gptbot)"
217.113.194.80 - - [10/Sep/2025:07:30:44 +0700] "GET /augmenting-random-chats-omegles-next-level/ HTTP/1.0" 200 89281 "-" "Mozilla/5.0 (compatible; Barkrowler/0.9; +https://babbar.tech/crawler)"
20.171.207.25 - - [10/Sep/2025:07:30:51 +0700] "GET /wp-json/wp/v2/posts/9168 HTTP/1.0" 200 39263 "-" "Mozilla/5.0 AppleWebKit/537.36 (KHTML, like Gecko; compatible; GPTBot/1.2; +https://openai.com/gptbot)"
20.171.207.25 - - [10/Sep/2025:07:31:00 +0700] "GET /wp-json/wp/v2/posts/8137 HTTP/1.0" 200 38207 "-" "Mozilla/5.0 AppleWebKit/537.36 (KHTML, like Gecko; compatible; GPTBot/1.2; +https://openai.com/gptbot)"
154.54.249.200 - - [10/Sep/2025:07:31:06 +0700] "GET /bet-with-glory-casino-casino-welcome-bonus-huge-2/ HTTP/1.0" 200 217524 "-" "Mozilla/5.0 (compatible; Barkrowler/0.9; +https://babbar.tech/crawler)"
20.171.207.25 - - [10/Sep/2025:07:31:08 +0700] "GET /wp-json/wp/v2/posts/3805 HTTP/1.0" 200 263929 "-" "Mozilla/5.0 AppleWebKit/537.36 (KHTML, like Gecko; compatible; GPTBot/1.2; +https://openai.com/gptbot)"
45.117.177.72 - - [10/Sep/2025:07:31:17 +0700] "POST /wp-cron.php?doing_wp_cron=1757464277.3914151191711425781250 HTTP/1.0" 200 416 "-" "WordPress/6.8.1; https://vattusacky.vn"
34.194.165.45 - - [10/Sep/2025:07:31:16 +0700] "GET /top-10-expert-mobile-app-developers-to-hire-in/ HTTP/1.0" 200 79570 "-" "Mozilla/5.0 AppleWebKit/537.36 (KHTML, like Gecko; compatible; Amazonbot/0.1; +https://developer.amazon.com/support/amazonbot) Chrome/119.0.6045.214 Safari/537.36"
20.171.207.25 - - [10/Sep/2025:07:31:17 +0700] "GET /wp-json/wp/v2/posts/3761 HTTP/1.0" 200 178652 "-" "Mozilla/5.0 AppleWebKit/537.36 (KHTML, like Gecko; compatible; GPTBot/1.2; +https://openai.com/gptbot)"
34.196.114.170 - - [10/Sep/2025:07:31:20 +0700] "GET /overcoming-perfectionism-through-omegle-therapy/ HTTP/1.0" 403 609 "-" "Mozilla/5.0 AppleWebKit/537.36 (KHTML, like Gecko; compatible; Amazonbot/0.1; +https://developer.amazon.com/support/amazonbot) Chrome/119.0.6045.214 Safari/537.36"
18.205.91.101 - - [10/Sep/2025:07:31:24 +0700] "GET /the-psychology-behind-the-fascination-with-omegles-unpredictability/ HTTP/1.0" 200 93257 "-" "Mozilla/5.0 AppleWebKit/537.36 (KHTML, like Gecko; compatible; Amazonbot/0.1; +https://developer.amazon.com/support/amazonbot) Chrome/119.0.6045.214 Safari/537.36"
20.171.207.25 - - [10/Sep/2025:07:31:24 +0700] "GET /wp-json/wp/v2/posts/6148 HTTP/1.0" 200 41217 "-" "Mozilla/5.0 AppleWebKit/537.36 (KHTML, like Gecko; compatible; GPTBot/1.2; +https://openai.com/gptbot)"
3.223.134.5 - - [10/Sep/2025:07:31:28 +0700] "GET /the-impact-of-positive-psychology-on-networking-on-omegle-and-ometv/ HTTP/1.0" 200 93793 "-" "Mozilla/5.0 AppleWebKit/537.36 (KHTML, like Gecko; compatible; Amazonbot/0.1; +https://developer.amazon.com/support/amazonbot) Chrome/119.0.6045.214 Safari/537.36"
52.203.152.231 - - [10/Sep/2025:07:31:31 +0700] "GET /what-make-exness-dont-want-you-to-know/ HTTP/1.0" 200 99246 "-" "Mozilla/5.0 AppleWebKit/537.36 (KHTML, like Gecko; compatible; Amazonbot/0.1; +https://developer.amazon.com/support/amazonbot) Chrome/119.0.6045.214 Safari/537.36"
20.171.207.25 - - [10/Sep/2025:07:31:32 +0700] "GET /wp-json/wp/v2/posts/7016 HTTP/1.0" 200 32913 "-" "Mozilla/5.0 AppleWebKit/537.36 (KHTML, like Gecko; compatible; GPTBot/1.2; +https://openai.com/gptbot)"
52.22.64.232 - - [10/Sep/2025:07:31:36 +0700] "GET /omegle-chronicles-a-glimpse-into-anonymous-explorations/ HTTP/1.0" 200 91991 "-" "Mozilla/5.0 AppleWebKit/537.36 (KHTML, like Gecko; compatible; Amazonbot/0.1; +https://developer.amazon.com/support/amazonbot) Chrome/119.0.6045.214 Safari/537.36"
20.171.207.25 - - [10/Sep/2025:07:31:39 +0700] "GET /wp-json/wp/v2/posts/6380 HTTP/1.0" 200 40246 "-" "Mozilla/5.0 AppleWebKit/537.36 (KHTML, like Gecko; compatible; GPTBot/1.2; +https://openai.com/gptbot)"
3.230.224.6 - - [10/Sep/2025:07:31:39 +0700] "GET /can-you-get-clomid-otc/ HTTP/1.0" 200 81767 "-" "Mozilla/5.0 AppleWebKit/537.36 (KHTML, like Gecko; compatible; Amazonbot/0.1; +https://developer.amazon.com/support/amazonbot) Chrome/119.0.6045.214 Safari/537.36"
154.54.249.200 - - [10/Sep/2025:07:31:41 +0700] "GET /navigating-power-dynamics-in-online-interactions/ HTTP/1.0" 200 92141 "-" "Mozilla/5.0 (compatible; Barkrowler/0.9; +https://babbar.tech/crawler)"
52.205.113.104 - - [10/Sep/2025:07:31:43 +0700] "GET /omegles-influence-on-political-discussions-and-activism/ HTTP/1.0" 200 91938 "-" "Mozilla/5.0 AppleWebKit/537.36 (KHTML, like Gecko; compatible; Amazonbot/0.1; +https://developer.amazon.com/support/amazonbot) Chrome/119.0.6045.214 Safari/537.36"
20.171.207.25 - - [10/Sep/2025:07:31:46 +0700] "GET /wp-json/wp/v2/posts/5308 HTTP/1.0" 200 40366 "-" "Mozilla/5.0 AppleWebKit/537.36 (KHTML, like Gecko; compatible; GPTBot/1.2; +https://openai.com/gptbot)"
54.164.106.236 - - [10/Sep/2025:07:31:47 +0700] "GET /tips-on-how-to-be-a-better-husband-psychologically/ HTTP/1.0" 200 73198 "-" "Mozilla/5.0 AppleWebKit/537.36 (KHTML, like Gecko; compatible; Amazonbot/0.1; +https://developer.amazon.com/support/amazonbot) Chrome/119.0.6045.214 Safari/537.36"
3.221.50.71 - - [10/Sep/2025:07:31:52 +0700] "GET /exploring-the-different-chat-options-on-omegle-text-video-and-more/ HTTP/1.0" 200 87007 "-" "Mozilla/5.0 AppleWebKit/537.36 (KHTML, like Gecko; compatible; Amazonbot/0.1; +https://developer.amazon.com/support/amazonbot) Chrome/119.0.6045.214 Safari/537.36"
20.171.207.25 - - [10/Sep/2025:07:31:53 +0700] "GET /wp-json/wp/v2/posts/7648 HTTP/1.0" 200 36933 "-" "Mozilla/5.0 AppleWebKit/537.36 (KHTML, like Gecko; compatible; GPTBot/1.2; +https://openai.com/gptbot)"
50.16.216.166 - - [10/Sep/2025:07:31:57 +0700] "GET /online-bullying-and-anonymity-addressing-the-issue-on-omegle/ HTTP/1.0" 200 92242 "-" "Mozilla/5.0 AppleWebKit/537.36 (KHTML, like Gecko; compatible; Amazonbot/0.1; +https://developer.amazon.com/support/amazonbot) Chrome/119.0.6045.214 Safari/537.36"
54.147.238.89 - - [10/Sep/2025:07:31:59 +0700] "GET /mostbet-online-betting-company-login-and-place-a-bet-27/ HTTP/1.0" 200 84270 "-" "Mozilla/5.0 AppleWebKit/537.36 (KHTML, like Gecko; compatible; Amazonbot/0.1; +https://developer.amazon.com/support/amazonbot) Chrome/119.0.6045.214 Safari/537.36"
20.171.207.25 - - [10/Sep/2025:07:32:01 +0700] "GET /wp-json/wp/v2/posts/7360 HTTP/1.0" 200 41794 "-" "Mozilla/5.0 AppleWebKit/537.36 (KHTML, like Gecko; compatible; GPTBot/1.2; +https://openai.com/gptbot)"
217.113.194.74 - - [10/Sep/2025:07:32:03 +0700] "GET /navigating-the-risks-and-precautions-on-omegle/feed/ HTTP/1.0" 200 1735 "-" "Mozilla/5.0 (compatible; Barkrowler/0.9; +https://babbar.tech/crawler)"
34.197.28.78 - - [10/Sep/2025:07:32:03 +0700] "GET /category/nlp-programming/ HTTP/1.0" 200 93488 "-" "Mozilla/5.0 AppleWebKit/537.36 (KHTML, like Gecko; compatible; Amazonbot/0.1; +https://developer.amazon.com/support/amazonbot) Chrome/119.0.6045.214 Safari/537.36"
20.171.207.25 - - [10/Sep/2025:07:32:07 +0700] "GET /wp-json/wp/v2/posts/8573 HTTP/1.0" 200 40652 "-" "Mozilla/5.0 AppleWebKit/537.36 (KHTML, like Gecko; compatible; GPTBot/1.2; +https://openai.com/gptbot)"
34.194.14.255 - - [10/Sep/2025:07:32:08 +0700] "GET /omegle-and-cybersecurity-ensuring-data-privacy-and-protection-on-the-platform/ HTTP/1.0" 200 90328 "-" "Mozilla/5.0 AppleWebKit/537.36 (KHTML, like Gecko; compatible; Amazonbot/0.1; +https://developer.amazon.com/support/amazonbot) Chrome/119.0.6045.214 Safari/537.36"
18.211.148.239 - - [10/Sep/2025:07:32:11 +0700] "GET /proviron-post-finasteride-syndrome/ HTTP/1.0" 200 107560 "-" "Mozilla/5.0 AppleWebKit/537.36 (KHTML, like Gecko; compatible; Amazonbot/0.1; +https://developer.amazon.com/support/amazonbot) Chrome/119.0.6045.214 Safari/537.36"
20.171.207.25 - - [10/Sep/2025:07:32:12 +0700] "GET /wp-json/wp/v2/posts/7645 HTTP/1.0" 200 39649 "-" "Mozilla/5.0 AppleWebKit/537.36 (KHTML, like Gecko; compatible; GPTBot/1.2; +https://openai.com/gptbot)"
45.117.177.72 - - [10/Sep/2025:07:32:17 +0700] "POST /wp-cron.php?doing_wp_cron=1757464337.0694038867950439453125 HTTP/1.0" 200 416 "-" "WordPress/6.8.1; https://vattusacky.vn"
54.156.55.147 - - [10/Sep/2025:07:32:15 +0700] "GET /the-ultimate-strategy-to-obzor-onlaynkazino-bc-games/ HTTP/1.0" 200 227516 "-" "Mozilla/5.0 AppleWebKit/537.36 (KHTML, like Gecko; compatible; Amazonbot/0.1; +https://developer.amazon.com/support/amazonbot) Chrome/119.0.6045.214 Safari/537.36"
20.171.207.25 - - [10/Sep/2025:07:32:16 +0700] "GET /wp-json/wp/v2/posts/9705 HTTP/1.0" 200 111050 "-" "Mozilla/5.0 AppleWebKit/537.36 (KHTML, like Gecko; compatible; GPTBot/1.2; +https://openai.com/gptbot)"
52.0.218.219 - - [10/Sep/2025:07:32:20 +0700] "GET /embracing-the-unknown-omegles-future-exploration/ HTTP/1.0" 200 89992 "-" "Mozilla/5.0 AppleWebKit/537.36 (KHTML, like Gecko; compatible; Amazonbot/0.1; +https://developer.amazon.com/support/amazonbot) Chrome/119.0.6045.214 Safari/537.36"
20.171.207.25 - - [10/Sep/2025:07:32:20 +0700] "GET /wp-json/wp/v2/posts/6513 HTTP/1.0" 200 41634 "-" "Mozilla/5.0 AppleWebKit/537.36 (KHTML, like Gecko; compatible; GPTBot/1.2; +https://openai.com/gptbot)"
217.113.194.75 - - [10/Sep/2025:07:32:23 +0700] "GET /navigating-the-omegle-community-tips-for-new-users/ HTTP/1.0" 200 91627 "-" "Mozilla/5.0 (compatible; Barkrowler/0.9; +https://babbar.tech/crawler)"
20.171.207.25 - - [10/Sep/2025:07:32:24 +0700] "GET /wp-json/wp/v2/posts/3591 HTTP/1.0" 200 182674 "-" "Mozilla/5.0 AppleWebKit/537.36 (KHTML, like Gecko; compatible; GPTBot/1.2; +https://openai.com/gptbot)"
100.27.153.9 - - [10/Sep/2025:07:32:24 +0700] "GET /category/wife-finder/ HTTP/1.0" 200 58940 "-" "Mozilla/5.0 AppleWebKit/537.36 (KHTML, like Gecko; compatible; Amazonbot/0.1; +https://developer.amazon.com/support/amazonbot) Chrome/119.0.6045.214 Safari/537.36"
20.171.207.25 - - [10/Sep/2025:07:32:26 +0700] "GET /wp-json/wp/v2/posts/8163 HTTP/1.0" 200 28435 "-" "Mozilla/5.0 AppleWebKit/537.36 (KHTML, like Gecko; compatible; GPTBot/1.2; +https://openai.com/gptbot)"
98.84.200.43 - - [10/Sep/2025:07:32:28 +0700] "GET /tips-for-dealing-with-difficult-conversation-partners-on-omegle/ HTTP/1.0" 200 93022 "-" "Mozilla/5.0 AppleWebKit/537.36 (KHTML, like Gecko; compatible; Amazonbot/0.1; +https://developer.amazon.com/support/amazonbot) Chrome/119.0.6045.214 Safari/537.36"
20.171.207.25 - - [10/Sep/2025:07:32:30 +0700] "GET /wp-json/wp/v2/posts/5071 HTTP/1.0" 200 178896 "-" "Mozilla/5.0 AppleWebKit/537.36 (KHTML, like Gecko; compatible; GPTBot/1.2; +https://openai.com/gptbot)"
34.239.197.197 - - [10/Sep/2025:07:32:31 +0700] "GET /experience-the-excitement-experience-the-exciting/ HTTP/1.0" 200 83891 "-" "Mozilla/5.0 AppleWebKit/537.36 (KHTML, like Gecko; compatible; Amazonbot/0.1; +https://developer.amazon.com/support/amazonbot) Chrome/119.0.6045.214 Safari/537.36"
44.212.210.252 - - [10/Sep/2025:07:32:37 +0700] "GET /overcoming-perfectionism-through-omegle-therapy/ HTTP/1.0" 403 609 "-" "Mozilla/5.0 AppleWebKit/605.1.15 (KHTML, like Gecko) Chrome/139.0.0.0 Safari/605.1.15"
3.232.102.111 - - [10/Sep/2025:07:32:36 +0700] "GET /embracing-the-chaos-omegles-cosmic-connections/ HTTP/1.0" 200 90765 "-" "Mozilla/5.0 AppleWebKit/537.36 (KHTML, like Gecko; compatible; Amazonbot/0.1; +https://developer.amazon.com/support/amazonbot) Chrome/119.0.6045.214 Safari/537.36"
20.171.207.25 - - [10/Sep/2025:07:32:39 +0700] "GET /wp-json/wp/v2/posts/5968 HTTP/1.0" 200 21716 "-" "Mozilla/5.0 AppleWebKit/537.36 (KHTML, like Gecko; compatible; GPTBot/1.2; +https://openai.com/gptbot)"
34.231.45.47 - - [10/Sep/2025:07:32:40 +0700] "GET /nolvadex-steroid-before-and-after/ HTTP/1.0" 200 111528 "-" "Mozilla/5.0 AppleWebKit/537.36 (KHTML, like Gecko; compatible; Amazonbot/0.1; +https://developer.amazon.com/support/amazonbot) Chrome/119.0.6045.214 Safari/537.36"
20.171.207.25 - - [10/Sep/2025:07:32:41 +0700] "GET /wp-json/wp/v2/posts/6571 HTTP/1.0" 200 39820 "-" "Mozilla/5.0 AppleWebKit/537.36 (KHTML, like Gecko; compatible; GPTBot/1.2; +https://openai.com/gptbot)"
54.204.62.163 - - [10/Sep/2025:07:32:44 +0700] "GET /comparing-prices-where-to-get-the-best-value-for/ HTTP/1.0" 200 232355 "-" "Mozilla/5.0 AppleWebKit/537.36 (KHTML, like Gecko; compatible; Amazonbot/0.1; +https://developer.amazon.com/support/amazonbot) Chrome/119.0.6045.214 Safari/537.36"
217.113.194.81 - - [10/Sep/2025:07:32:44 +0700] "GET /dressing-for-success-first-impressions-on-omegle/ HTTP/1.0" 200 90912 "-" "Mozilla/5.0 (compatible; Barkrowler/0.9; +https://babbar.tech/crawler)"
34.206.249.188 - - [10/Sep/2025:07:32:48 +0700] "GET /privacy-concerns-with-ometv/ HTTP/1.0" 200 89180 "-" "Mozilla/5.0 AppleWebKit/537.36 (KHTML, like Gecko; compatible; Amazonbot/0.1; +https://developer.amazon.com/support/amazonbot) Chrome/119.0.6045.214 Safari/537.36"
52.70.123.241 - - [10/Sep/2025:07:32:51 +0700] "GET /dealing-with-trolls-on-omegle/ HTTP/1.0" 200 89853 "-" "Mozilla/5.0 AppleWebKit/537.36 (KHTML, like Gecko; compatible; Amazonbot/0.1; +https://developer.amazon.com/support/amazonbot) Chrome/119.0.6045.214 Safari/537.36"
20.171.207.25 - - [10/Sep/2025:07:32:54 +0700] "GET /wp-json/wp/v2/posts/6374 HTTP/1.0" 200 37893 "-" "Mozilla/5.0 AppleWebKit/537.36 (KHTML, like Gecko; compatible; GPTBot/1.2; +https://openai.com/gptbot)"
54.83.240.58 - - [10/Sep/2025:07:32:55 +0700] "GET /demystifying-omegles-randomness-understanding-the-science-behind/ HTTP/1.0" 200 90250 "-" "Mozilla/5.0 AppleWebKit/537.36 (KHTML, like Gecko; compatible; Amazonbot/0.1; +https://developer.amazon.com/support/amazonbot) Chrome/119.0.6045.214 Safari/537.36"
20.171.207.25 - - [10/Sep/2025:07:32:56 +0700] "GET /wp-json/wp/v2/posts/9076 HTTP/1.0" 200 40551 "-" "Mozilla/5.0 AppleWebKit/537.36 (KHTML, like Gecko; compatible; GPTBot/1.2; +https://openai.com/gptbot)"
3.211.105.134 - - [10/Sep/2025:07:32:59 +0700] "GET /addressing-relationship-issues-in-omegle-therapy/ HTTP/1.0" 403 610 "-" "Mozilla/5.0 AppleWebKit/537.36 (KHTML, like Gecko; compatible; Amazonbot/0.1; +https://developer.amazon.com/support/amazonbot) Chrome/119.0.6045.214 Safari/537.36"
3.89.176.255 - - [10/Sep/2025:07:33:03 +0700] "GET /understanding-the-technology-behind-omegle-and-ometv/ HTTP/1.0" 200 92419 "-" "Mozilla/5.0 AppleWebKit/537.36 (KHTML, like Gecko; compatible; Amazonbot/0.1; +https://developer.amazon.com/support/amazonbot) Chrome/119.0.6045.214 Safari/537.36"
3.216.13.10 - - [10/Sep/2025:07:33:08 +0700] "GET /exploring-body-based-therapies-in-omegle-therapy/ HTTP/1.0" 403 610 "-" "Mozilla/5.0 AppleWebKit/537.36 (KHTML, like Gecko; compatible; Amazonbot/0.1; +https://developer.amazon.com/support/amazonbot) Chrome/119.0.6045.214 Safari/537.36"
217.113.194.74 - - [10/Sep/2025:07:33:09 +0700] "GET /the-best-latin-vocalists-of-all-time/feed/ HTTP/1.0" 200 1705 "-" "Mozilla/5.0 (compatible; Barkrowler/0.9; +https://babbar.tech/crawler)"
20.171.207.25 - - [10/Sep/2025:07:33:10 +0700] "GET /wp-json/wp/v2/posts/6893 HTTP/1.0" 200 39546 "-" "Mozilla/5.0 AppleWebKit/537.36 (KHTML, like Gecko; compatible; GPTBot/1.2; +https://openai.com/gptbot)"
54.204.12.115 - - [10/Sep/2025:07:33:11 +0700] "GET /category/stock-firmware/ HTTP/1.0" 200 58772 "-" "Mozilla/5.0 AppleWebKit/537.36 (KHTML, like Gecko; compatible; Amazonbot/0.1; +https://developer.amazon.com/support/amazonbot) Chrome/119.0.6045.214 Safari/537.36"
20.171.207.25 - - [10/Sep/2025:07:33:13 +0700] "GET /wp-json/wp/v2/posts/8379 HTTP/1.0" 200 40050 "-" "Mozilla/5.0 AppleWebKit/537.36 (KHTML, like Gecko; compatible; GPTBot/1.2; +https://openai.com/gptbot)"
52.70.138.176 - - [10/Sep/2025:07:33:15 +0700] "GET /the-role-of-virtual-masks-in-breaking-societal-norms-and-stereotypes-on-omegle/ HTTP/1.0" 200 91812 "-" "Mozilla/5.0 AppleWebKit/537.36 (KHTML, like Gecko; compatible; Amazonbot/0.1; +https://developer.amazon.com/support/amazonbot) Chrome/119.0.6045.214 Safari/537.36"
20.171.207.25 - - [10/Sep/2025:07:33:15 +0700] "GET /wp-json/wp/v2/posts/8509 HTTP/1.0" 200 37880 "-" "Mozilla/5.0 AppleWebKit/537.36 (KHTML, like Gecko; compatible; GPTBot/1.2; +https://openai.com/gptbot)"
45.117.177.72 - - [10/Sep/2025:07:33:18 +0700] "POST /wp-cron.php?doing_wp_cron=1757464398.7945840358734130859375 HTTP/1.0" 200 416 "-" "WordPress/6.8.1; https://vattusacky.vn"
20.171.207.25 - - [10/Sep/2025:07:33:17 +0700] "GET /wp-json/wp/v2/posts/5390 HTTP/1.0" 200 84146 "-" "Mozilla/5.0 AppleWebKit/537.36 (KHTML, like Gecko; compatible; GPTBot/1.2; +https://openai.com/gptbot)"
98.83.178.66 - - [10/Sep/2025:07:33:19 +0700] "GET /why-the-aviator-recreation-is-fascinating-21/ HTTP/1.0" 200 245744 "-" "Mozilla/5.0 AppleWebKit/537.36 (KHTML, like Gecko; compatible; Amazonbot/0.1; +https://developer.amazon.com/support/amazonbot) Chrome/119.0.6045.214 Safari/537.36"
20.171.207.25 - - [10/Sep/2025:07:33:21 +0700] "GET /wp-json/wp/v2/posts/8950 HTTP/1.0" 200 44716 "-" "Mozilla/5.0 AppleWebKit/537.36 (KHTML, like Gecko; compatible; GPTBot/1.2; +https://openai.com/gptbot)"
52.207.47.227 - - [10/Sep/2025:07:33:24 +0700] "GET /benefits-of-using-ometv/ HTTP/1.0" 200 88466 "-" "Mozilla/5.0 AppleWebKit/537.36 (KHTML, like Gecko; compatible; Amazonbot/0.1; +https://developer.amazon.com/support/amazonbot) Chrome/119.0.6045.214 Safari/537.36"
