20.171.207.25 - - [10/Sep/2025:06:50:20 +0700] "GET /wp-json/oembed/1.0/embed?url=https%3A%2F%2Fvattusacky.vn%2Fgetx-igra-na-dengi-igra-na-dengi-otzyvy-skachat-2%2F HTTP/1.0" 200 5707 "-" "Mozilla/5.0 AppleWebKit/537.36 (KHTML, like Gecko; compatible; GPTBot/1.2; +https://openai.com/gptbot)"
20.171.207.25 - - [10/Sep/2025:06:50:25 +0700] "GET /the-role-of-artificial-intelligence-in-omegles-privacy-measures/feed/ HTTP/1.0" 200 1640 "-" "Mozilla/5.0 AppleWebKit/537.36 (KHTML, like Gecko; compatible; GPTBot/1.2; +https://openai.com/gptbot)"
20.171.207.25 - - [10/Sep/2025:06:50:30 +0700] "GET /wp-json/oembed/1.0/embed?url=https%3A%2F%2Fvattusacky.vn%2Ftop-10-tips-to-grow-your-online-casino%2F HTTP/1.0" 200 3441 "-" "Mozilla/5.0 AppleWebKit/537.36 (KHTML, like Gecko; compatible; GPTBot/1.2; +https://openai.com/gptbot)"
20.171.207.25 - - [10/Sep/2025:06:50:40 +0700] "GET /identifying-and-avoiding-scams-on-omegle-a-privacy-perspective/feed/ HTTP/1.0" 200 1637 "-" "Mozilla/5.0 AppleWebKit/537.36 (KHTML, like Gecko; compatible; GPTBot/1.2; +https://openai.com/gptbot)"
20.171.207.25 - - [10/Sep/2025:06:50:47 +0700] "GET /wp-json/oembed/1.0/embed?url=https%3A%2F%2Fvattusacky.vn%2Fsan-pham%2Fhc700-do-nhanh-chi-tieu-nuoc%2F HTTP/1.0" 200 3692 "-" "Mozilla/5.0 AppleWebKit/537.36 (KHTML, like Gecko; compatible; GPTBot/1.2; +https://openai.com/gptbot)"
20.171.207.25 - - [10/Sep/2025:06:50:53 +0700] "GET /wp-json/oembed/1.0/embed?url=https%3A%2F%2Fvattusacky.vn%2Fin-notepad-how-to-compare-two-files-10%2F HTTP/1.0" 200 3515 "-" "Mozilla/5.0 AppleWebKit/537.36 (KHTML, like Gecko; compatible; GPTBot/1.2; +https://openai.com/gptbot)"
20.171.207.25 - - [10/Sep/2025:06:51:00 +0700] "GET /exploring-the-origins-of-omegle-and-ometv-a-fascinating-story/feed/ HTTP/1.0" 200 1634 "-" "Mozilla/5.0 AppleWebKit/537.36 (KHTML, like Gecko; compatible; GPTBot/1.2; +https://openai.com/gptbot)"
20.171.207.25 - - [10/Sep/2025:06:51:06 +0700] "GET /wp-json/oembed/1.0/embed?url=https%3A%2F%2Fvattusacky.vn%2Fethereum-price-in-usd-real-time-ethereum-chart%2F HTTP/1.0" 200 3412 "-" "Mozilla/5.0 AppleWebKit/537.36 (KHTML, like Gecko; compatible; GPTBot/1.2; +https://openai.com/gptbot)"
20.171.207.25 - - [10/Sep/2025:06:51:12 +0700] "GET /privacy-concerns-with-ometv/feed/ HTTP/1.0" 200 1532 "-" "Mozilla/5.0 AppleWebKit/537.36 (KHTML, like Gecko; compatible; GPTBot/1.2; +https://openai.com/gptbot)"
45.117.177.72 - - [10/Sep/2025:06:51:19 +0700] "POST /wp-cron.php?doing_wp_cron=1757461879.4658479690551757812500 HTTP/1.0" 200 416 "-" "WordPress/6.8.1; https://vattusacky.vn"
20.171.207.25 - - [10/Sep/2025:06:51:18 +0700] "GET /looking-for-arrangements-review/feed/ HTTP/1.0" 200 1544 "-" "Mozilla/5.0 AppleWebKit/537.36 (KHTML, like Gecko; compatible; GPTBot/1.2; +https://openai.com/gptbot)"
20.171.207.25 - - [10/Sep/2025:06:51:25 +0700] "GET /wp-json/oembed/1.0/embed?url=https%3A%2F%2Fvattusacky.vn%2Fthe-impact-of-intuitive-search-features-on-user-interface-of-omegle-and-ometv%2F HTTP/1.0" 200 3582 "-" "Mozilla/5.0 AppleWebKit/537.36 (KHTML, like Gecko; compatible; GPTBot/1.2; +https://openai.com/gptbot)"
20.171.207.25 - - [10/Sep/2025:06:51:30 +0700] "GET /omegle-vs-ometv-which-platform-offers-better-mobile-app-availability/feed/ HTTP/1.0" 200 1655 "-" "Mozilla/5.0 AppleWebKit/537.36 (KHTML, like Gecko; compatible; GPTBot/1.2; +https://openai.com/gptbot)"
20.171.207.25 - - [10/Sep/2025:06:51:36 +0700] "GET /1win-guvenilir-canli-casino-sitesi-yeni-giri/feed/ HTTP/1.0" 200 1601 "-" "Mozilla/5.0 AppleWebKit/537.36 (KHTML, like Gecko; compatible; GPTBot/1.2; +https://openai.com/gptbot)"
20.171.207.25 - - [10/Sep/2025:06:51:41 +0700] "GET /1win-casino-no-brasil-maquinas-caca-niqueis/feed/ HTTP/1.0" 200 1587 "-" "Mozilla/5.0 AppleWebKit/537.36 (KHTML, like Gecko; compatible; GPTBot/1.2; +https://openai.com/gptbot)"
20.171.207.25 - - [10/Sep/2025:06:51:48 +0700] "GET /wp-json/oembed/1.0/embed?url=https%3A%2F%2Fvattusacky.vn%2Fomegle-and-ometv-for-finding-pen-pals%2F HTTP/1.0" 200 3361 "-" "Mozilla/5.0 AppleWebKit/537.36 (KHTML, like Gecko; compatible; GPTBot/1.2; +https://openai.com/gptbot)"
20.171.207.25 - - [10/Sep/2025:06:51:54 +0700] "GET /wp-json/oembed/1.0/embed?url=https%3A%2F%2Fvattusacky.vn%2Funveiling-the-pros-and-cons-of-omegle%2F HTTP/1.0" 200 3372 "-" "Mozilla/5.0 AppleWebKit/537.36 (KHTML, like Gecko; compatible; GPTBot/1.2; +https://openai.com/gptbot)"
20.171.207.25 - - [10/Sep/2025:06:52:01 +0700] "GET /wp-json/oembed/1.0/embed?url=https%3A%2F%2Fvattusacky.vn%2Fdaddy-top-kazino-demo-sloty-besplatno-demo-sloty%2F HTTP/1.0" 200 5790 "-" "Mozilla/5.0 AppleWebKit/537.36 (KHTML, like Gecko; compatible; GPTBot/1.2; +https://openai.com/gptbot)"
20.171.207.25 - - [10/Sep/2025:06:52:08 +0700] "GET /wp-json/oembed/1.0/embed?url=https%3A%2F%2Fvattusacky.vn%2Fdefi-vs-the-regulators-by-the-numbers%2F HTTP/1.0" 200 3382 "-" "Mozilla/5.0 AppleWebKit/537.36 (KHTML, like Gecko; compatible; GPTBot/1.2; +https://openai.com/gptbot)"
20.171.207.25 - - [10/Sep/2025:06:52:14 +0700] "GET /wp-json/oembed/1.0/embed?url=https%3A%2F%2Fvattusacky.vn%2Fhow-to-locate-a-russian-ex-girlfriend%2F HTTP/1.0" 200 3437 "-" "Mozilla/5.0 AppleWebKit/537.36 (KHTML, like Gecko; compatible; GPTBot/1.2; +https://openai.com/gptbot)"
45.117.177.72 - - [10/Sep/2025:06:52:22 +0700] "POST /wp-cron.php?doing_wp_cron=1757461942.4331080913543701171875 HTTP/1.0" 200 416 "-" "WordPress/6.8.1; https://vattusacky.vn"
20.171.207.25 - - [10/Sep/2025:06:52:21 +0700] "GET /wp-json/oembed/1.0/embed?url=https%3A%2F%2Fvattusacky.vn%2Fcan-you-bring-viagra-back-from-mexico%2F HTTP/1.0" 200 3385 "-" "Mozilla/5.0 AppleWebKit/537.36 (KHTML, like Gecko; compatible; GPTBot/1.2; +https://openai.com/gptbot)"
20.171.207.25 - - [10/Sep/2025:06:52:26 +0700] "GET /kiss-me-25-songs-that-celebrate-global-kissing-day/feed/ HTTP/1.0" 200 1602 "-" "Mozilla/5.0 AppleWebKit/537.36 (KHTML, like Gecko; compatible; GPTBot/1.2; +https://openai.com/gptbot)"
20.171.207.25 - - [10/Sep/2025:06:52:31 +0700] "GET /gk-obuv-kazahstana-s-nachala-goda-otkryla-bolee-90/feed/ HTTP/1.0" 200 1674 "-" "Mozilla/5.0 AppleWebKit/537.36 (KHTML, like Gecko; compatible; GPTBot/1.2; +https://openai.com/gptbot)"
20.171.207.25 - - [10/Sep/2025:06:52:37 +0700] "GET /parimatch-onboards-elli-avrram-as-its-new-model-34/feed HTTP/1.0" 301 598 "-" "Mozilla/5.0 AppleWebKit/537.36 (KHTML, like Gecko; compatible; GPTBot/1.2; +https://openai.com/gptbot)"
20.171.207.25 - - [10/Sep/2025:06:52:38 +0700] "GET /parimatch-onboards-elli-avrram-as-its-new-model-34/feed/ HTTP/1.0" 200 1609 "-" "Mozilla/5.0 AppleWebKit/537.36 (KHTML, like Gecko; compatible; GPTBot/1.2; +https://openai.com/gptbot)"
20.171.207.25 - - [10/Sep/2025:06:52:43 +0700] "GET /pin-ap-kazino-oficialnyj-sajt-igrat-v-onlajn-10/feed/ HTTP/1.0" 200 2719 "-" "Mozilla/5.0 AppleWebKit/537.36 (KHTML, like Gecko; compatible; GPTBot/1.2; +https://openai.com/gptbot)"
20.171.207.25 - - [10/Sep/2025:06:52:50 +0700] "GET /17-powerful-ways-to-learn-project-management/feed/ HTTP/1.0" 200 1583 "-" "Mozilla/5.0 AppleWebKit/537.36 (KHTML, like Gecko; compatible; GPTBot/1.2; +https://openai.com/gptbot)"
109.172.90.154 - - [10/Sep/2025:06:52:52 +0700] "GET /where-can-i-buy-viagra-over-the-counter-in-the-usa/ HTTP/1.0" 200 225090 "https://vattusacky.vn/where-can-i-buy-viagra-over-the-counter-in-the-usa/" "Mozilla/5.0 (Windows NT 10.0; Win64; x64) AppleWebKit/537.36 (KHTML, like Gecko) Chrome/131.0.0.0 Safari/537.36"
20.171.207.25 - - [10/Sep/2025:06:52:56 +0700] "GET /parimatch-onboards-elli-avrram-as-its-new-model-34/feed/ HTTP/1.0" 200 1609 "-" "Mozilla/5.0 AppleWebKit/537.36 (KHTML, like Gecko; compatible; GPTBot/1.2; +https://openai.com/gptbot)"
20.171.207.25 - - [10/Sep/2025:06:53:01 +0700] "GET /wp-json/oembed/1.0/embed?url=https%3A%2F%2Fvattusacky.vn%2Fselecting-the-best-casino-game%2F HTTP/1.0" 200 3315 "-" "Mozilla/5.0 AppleWebKit/537.36 (KHTML, like Gecko; compatible; GPTBot/1.2; +https://openai.com/gptbot)"
20.171.207.25 - - [10/Sep/2025:06:53:07 +0700] "GET /wp-json/oembed/1.0/embed?url=https%3A%2F%2Fvattusacky.vn%2F22bet-app-obtain-android-apk-india-%25e1%2590%2588-22-bet-cell-7%2F HTTP/1.0" 200 3480 "-" "Mozilla/5.0 AppleWebKit/537.36 (KHTML, like Gecko; compatible; GPTBot/1.2; +https://openai.com/gptbot)"
20.171.207.25 - - [10/Sep/2025:06:53:13 +0700] "GET /wp-json/oembed/1.0/embed?url=https%3A%2F%2Fvattusacky.vn%2Fanalyzing-omegles-user-policies-privacy-in-the-fine-print%2F HTTP/1.0" 200 3510 "-" "Mozilla/5.0 AppleWebKit/537.36 (KHTML, like Gecko; compatible; GPTBot/1.2; +https://openai.com/gptbot)"
45.117.177.72 - - [10/Sep/2025:06:53:23 +0700] "POST /wp-cron.php?doing_wp_cron=1757462003.6395881175994873046875 HTTP/1.0" 200 416 "-" "WordPress/6.8.1; https://vattusacky.vn"
20.171.207.25 - - [10/Sep/2025:06:53:22 +0700] "GET /wp-json/oembed/1.0/embed?url=https%3A%2F%2Fvattusacky.vn%2Floantiennhanh-la-gi-https-vaysite-com%2F HTTP/1.0" 200 3764 "-" "Mozilla/5.0 AppleWebKit/537.36 (KHTML, like Gecko; compatible; GPTBot/1.2; +https://openai.com/gptbot)"
20.171.207.25 - - [10/Sep/2025:06:53:33 +0700] "GET /1xbet-app-download-xbet-login-and-promocode-2023-720/feed/ HTTP/1.0" 200 1607 "-" "Mozilla/5.0 AppleWebKit/537.36 (KHTML, like Gecko; compatible; GPTBot/1.2; +https://openai.com/gptbot)"
20.171.207.25 - - [10/Sep/2025:06:53:40 +0700] "GET /wp-json/oembed/1.0/embed?url=https%3A%2F%2Fvattusacky.vn%2Fcelebrating-cultural-diversity-with-omegles-cross-cultural-connections%2F HTTP/1.0" 200 3756 "-" "Mozilla/5.0 AppleWebKit/537.36 (KHTML, like Gecko; compatible; GPTBot/1.2; +https://openai.com/gptbot)"
20.171.207.25 - - [10/Sep/2025:06:53:47 +0700] "GET /wp-json/oembed/1.0/embed?url=https%3A%2F%2Fvattusacky.vn%2Fthe-comedy-gallery-highlights-from-omegle-and-ometv%2F HTTP/1.0" 200 3474 "-" "Mozilla/5.0 AppleWebKit/537.36 (KHTML, like Gecko; compatible; GPTBot/1.2; +https://openai.com/gptbot)"
20.171.207.25 - - [10/Sep/2025:06:53:54 +0700] "GET /wp-json/oembed/1.0/embed?url=https%3A%2F%2Fvattusacky.vn%2Fcan-you-use-amoxicillin-for-insect-bites%2F HTTP/1.0" 200 3386 "-" "Mozilla/5.0 AppleWebKit/537.36 (KHTML, like Gecko; compatible; GPTBot/1.2; +https://openai.com/gptbot)"
20.171.207.25 - - [10/Sep/2025:06:54:00 +0700] "GET /staying-safe-on-omegle-privacy-practices-for-parents-and-guardians/feed/ HTTP/1.0" 200 1649 "-" "Mozilla/5.0 AppleWebKit/537.36 (KHTML, like Gecko; compatible; GPTBot/1.2; +https://openai.com/gptbot)"
17.241.227.185 - - [10/Sep/2025:06:54:03 +0700] "GET /the-role-of-consent-in-online-friendships/ HTTP/1.0" 200 92304 "-" "Mozilla/5.0 (Macintosh; Intel Mac OS X 10_15_7) AppleWebKit/605.1.15 (KHTML, like Gecko) Version/17.4 Safari/605.1.15 (Applebot/0.1; +http://www.apple.com/go/applebot)"
20.171.207.25 - - [10/Sep/2025:06:54:07 +0700] "GET /the-information-about-1xbet-com-betting-company-16/feed/ HTTP/1.0" 200 1629 "-" "Mozilla/5.0 AppleWebKit/537.36 (KHTML, like Gecko; compatible; GPTBot/1.2; +https://openai.com/gptbot)"
20.171.207.25 - - [10/Sep/2025:06:54:14 +0700] "GET /finest-real-money-gambling-houses-australia-16/feed/ HTTP/1.0" 200 1586 "-" "Mozilla/5.0 AppleWebKit/537.36 (KHTML, like Gecko; compatible; GPTBot/1.2; +https://openai.com/gptbot)"
45.117.177.72 - - [10/Sep/2025:06:54:23 +0700] "POST /wp-cron.php?doing_wp_cron=1757462062.8558421134948730468750 HTTP/1.0" 200 416 "-" "WordPress/6.8.1; https://vattusacky.vn"
20.171.207.25 - - [10/Sep/2025:06:54:21 +0700] "GET /wp-json/oembed/1.0/embed?url=https%3A%2F%2Fvattusacky.vn%2Fthe-influence-of-networking-in-building-influence-on-omegle-and-ometv%2F HTTP/1.0" 200 3585 "-" "Mozilla/5.0 AppleWebKit/537.36 (KHTML, like Gecko; compatible; GPTBot/1.2; +https://openai.com/gptbot)"
20.171.207.25 - - [10/Sep/2025:06:54:28 +0700] "GET /3948-2/feed/ HTTP/1.0" 200 1471 "-" "Mozilla/5.0 AppleWebKit/537.36 (KHTML, like Gecko; compatible; GPTBot/1.2; +https://openai.com/gptbot)"
20.171.207.25 - - [10/Sep/2025:06:54:33 +0700] "GET /wp-json/oembed/1.0/embed?url=https%3A%2F%2Fvattusacky.vn%2Fpowerful-corporate-governance-software%2F HTTP/1.0" 200 3486 "-" "Mozilla/5.0 AppleWebKit/537.36 (KHTML, like Gecko; compatible; GPTBot/1.2; +https://openai.com/gptbot)"
20.171.207.25 - - [10/Sep/2025:06:54:38 +0700] "GET /puteshestvie-k-simvolam-i-magicheskim-tajnam-37/feed/ HTTP/1.0" 200 1750 "-" "Mozilla/5.0 AppleWebKit/537.36 (KHTML, like Gecko; compatible; GPTBot/1.2; +https://openai.com/gptbot)"
20.171.207.25 - - [10/Sep/2025:06:54:46 +0700] "GET /wp-json/oembed/1.0/embed?url=https%3A%2F%2Fvattusacky.vn%2Fomegle-for-support-groups-finding-comfort-and-understanding%2F HTTP/1.0" 200 3546 "-" "Mozilla/5.0 AppleWebKit/537.36 (KHTML, like Gecko; compatible; GPTBot/1.2; +https://openai.com/gptbot)"
20.171.207.25 - - [10/Sep/2025:06:54:51 +0700] "GET /aviator-oyunu-kazandryor-nasl-oynanr-hilesi-830/feed/ HTTP/1.0" 200 1609 "-" "Mozilla/5.0 AppleWebKit/537.36 (KHTML, like Gecko; compatible; GPTBot/1.2; +https://openai.com/gptbot)"
20.171.207.25 - - [10/Sep/2025:06:54:57 +0700] "GET /de-dung-vay-tien-mat-cai-thien-quy/feed/ HTTP/1.0" 200 1568 "-" "Mozilla/5.0 AppleWebKit/537.36 (KHTML, like Gecko; compatible; GPTBot/1.2; +https://openai.com/gptbot)"
20.171.207.25 - - [10/Sep/2025:06:55:05 +0700] "GET /wp-json/wp/v2/posts/7341 HTTP/1.0" 200 39480 "-" "Mozilla/5.0 AppleWebKit/537.36 (KHTML, like Gecko; compatible; GPTBot/1.2; +https://openai.com/gptbot)"
20.171.207.25 - - [10/Sep/2025:06:55:12 +0700] "GET /why-the-aviator-recreation-is-fascinating-21/feed/ HTTP/1.0" 200 1581 "-" "Mozilla/5.0 AppleWebKit/537.36 (KHTML, like Gecko; compatible; GPTBot/1.2; +https://openai.com/gptbot)"
45.117.177.72 - - [10/Sep/2025:06:55:20 +0700] "POST /wp-cron.php?doing_wp_cron=1757462120.0410010814666748046875 HTTP/1.0" 200 416 "-" "WordPress/6.8.1; https://vattusacky.vn"
20.171.207.25 - - [10/Sep/2025:06:55:18 +0700] "GET /aviator-por-dinheiro-quais-sao-os-beneficios-e-5/feed/ HTTP/1.0" 200 1615 "-" "Mozilla/5.0 AppleWebKit/537.36 (KHTML, like Gecko; compatible; GPTBot/1.2; +https://openai.com/gptbot)"
20.171.207.25 - - [10/Sep/2025:06:55:24 +0700] "GET /wp-json/wp/v2/posts/7930 HTTP/1.0" 200 38696 "-" "Mozilla/5.0 AppleWebKit/537.36 (KHTML, like Gecko; compatible; GPTBot/1.2; +https://openai.com/gptbot)"
20.171.207.25 - - [10/Sep/2025:06:55:30 +0700] "GET /wp-json/wp/v2/posts/5067 HTTP/1.0" 200 179846 "-" "Mozilla/5.0 AppleWebKit/537.36 (KHTML, like Gecko; compatible; GPTBot/1.2; +https://openai.com/gptbot)"
20.171.207.25 - - [10/Sep/2025:06:55:38 +0700] "GET /wp-json/wp/v2/posts/7863 HTTP/1.0" 200 39330 "-" "Mozilla/5.0 AppleWebKit/537.36 (KHTML, like Gecko; compatible; GPTBot/1.2; +https://openai.com/gptbot)"
20.171.207.25 - - [10/Sep/2025:06:55:44 +0700] "GET /wp-json/wp/v2/posts/6378 HTTP/1.0" 200 39866 "-" "Mozilla/5.0 AppleWebKit/537.36 (KHTML, like Gecko; compatible; GPTBot/1.2; +https://openai.com/gptbot)"
20.171.207.25 - - [10/Sep/2025:06:55:51 +0700] "GET /wp-json/oembed/1.0/embed?url=https%3A%2F%2Fvattusacky.vn%2Fquan-trac-moi-truong-lao-dong%2Fquan-trac-moi-truong-lao-dong-image%2F HTTP/1.0" 200 4057 "-" "Mozilla/5.0 AppleWebKit/537.36 (KHTML, like Gecko; compatible; GPTBot/1.2; +https://openai.com/gptbot)"
20.171.207.25 - - [10/Sep/2025:06:55:57 +0700] "GET /wp-json/wp/v2/posts/6541 HTTP/1.0" 200 41519 "-" "Mozilla/5.0 AppleWebKit/537.36 (KHTML, like Gecko; compatible; GPTBot/1.2; +https://openai.com/gptbot)"
20.171.207.25 - - [10/Sep/2025:06:56:02 +0700] "GET /wp-json/wp/v2/posts/6574 HTTP/1.0" 200 31957 "-" "Mozilla/5.0 AppleWebKit/537.36 (KHTML, like Gecko; compatible; GPTBot/1.2; +https://openai.com/gptbot)"
20.171.207.25 - - [10/Sep/2025:06:56:07 +0700] "GET /wp-json/wp/v2/posts/7089 HTTP/1.0" 200 38361 "-" "Mozilla/5.0 AppleWebKit/537.36 (KHTML, like Gecko; compatible; GPTBot/1.2; +https://openai.com/gptbot)"
20.171.207.25 - - [10/Sep/2025:06:56:13 +0700] "GET /wp-json/wp/v2/posts/7904 HTTP/1.0" 200 32879 "-" "Mozilla/5.0 AppleWebKit/537.36 (KHTML, like Gecko; compatible; GPTBot/1.2; +https://openai.com/gptbot)"
45.117.177.72 - - [10/Sep/2025:06:56:21 +0700] "POST /wp-cron.php?doing_wp_cron=1757462181.1065120697021484375000 HTTP/1.0" 200 416 "-" "WordPress/6.8.1; https://vattusacky.vn"
20.171.207.25 - - [10/Sep/2025:06:56:19 +0700] "GET /wp-json/wp/v2/posts/8541 HTTP/1.0" 200 41849 "-" "Mozilla/5.0 AppleWebKit/537.36 (KHTML, like Gecko; compatible; GPTBot/1.2; +https://openai.com/gptbot)"
20.171.207.25 - - [10/Sep/2025:06:56:25 +0700] "GET /wp-json/wp/v2/posts/8657 HTTP/1.0" 200 40503 "-" "Mozilla/5.0 AppleWebKit/537.36 (KHTML, like Gecko; compatible; GPTBot/1.2; +https://openai.com/gptbot)"
20.171.207.25 - - [10/Sep/2025:06:56:31 +0700] "GET /wp-json/wp/v2/posts/6798 HTTP/1.0" 200 26313 "-" "Mozilla/5.0 AppleWebKit/537.36 (KHTML, like Gecko; compatible; GPTBot/1.2; +https://openai.com/gptbot)"
20.171.207.25 - - [10/Sep/2025:06:56:38 +0700] "GET /wp-json/wp/v2/posts/8539 HTTP/1.0" 200 41521 "-" "Mozilla/5.0 AppleWebKit/537.36 (KHTML, like Gecko; compatible; GPTBot/1.2; +https://openai.com/gptbot)"
20.171.207.25 - - [10/Sep/2025:06:56:44 +0700] "GET /wp-json/wp/v2/posts/6854 HTTP/1.0" 200 39990 "-" "Mozilla/5.0 AppleWebKit/537.36 (KHTML, like Gecko; compatible; GPTBot/1.2; +https://openai.com/gptbot)"
20.171.207.25 - - [10/Sep/2025:06:56:50 +0700] "GET /wp-json/wp/v2/posts/3571 HTTP/1.0" 200 182074 "-" "Mozilla/5.0 AppleWebKit/537.36 (KHTML, like Gecko; compatible; GPTBot/1.2; +https://openai.com/gptbot)"
20.171.207.25 - - [10/Sep/2025:06:56:57 +0700] "GET /wp-json/wp/v2/posts/7098 HTTP/1.0" 200 38845 "-" "Mozilla/5.0 AppleWebKit/537.36 (KHTML, like Gecko; compatible; GPTBot/1.2; +https://openai.com/gptbot)"
20.171.207.25 - - [10/Sep/2025:06:57:03 +0700] "GET /wp-json/wp/v2/posts/3671 HTTP/1.0" 200 179134 "-" "Mozilla/5.0 AppleWebKit/537.36 (KHTML, like Gecko; compatible; GPTBot/1.2; +https://openai.com/gptbot)"
20.171.207.25 - - [10/Sep/2025:06:57:10 +0700] "GET /wp-json/wp/v2/posts/3195 HTTP/1.0" 200 183067 "-" "Mozilla/5.0 AppleWebKit/537.36 (KHTML, like Gecko; compatible; GPTBot/1.2; +https://openai.com/gptbot)"
45.117.177.72 - - [10/Sep/2025:06:57:18 +0700] "POST /wp-cron.php?doing_wp_cron=1757462238.1006069183349609375000 HTTP/1.0" 200 416 "-" "WordPress/6.8.1; https://vattusacky.vn"
20.171.207.25 - - [10/Sep/2025:06:57:17 +0700] "GET /wp-json/wp/v2/posts/8457 HTTP/1.0" 200 38063 "-" "Mozilla/5.0 AppleWebKit/537.36 (KHTML, like Gecko; compatible; GPTBot/1.2; +https://openai.com/gptbot)"
217.113.194.78 - - [10/Sep/2025:06:57:17 +0700] "GET /greatest-real-cash-gambling-establishments-63/ HTTP/1.0" 200 77484 "-" "Mozilla/5.0 (compatible; Barkrowler/0.9; +https://babbar.tech/crawler)"
20.171.207.25 - - [10/Sep/2025:06:57:24 +0700] "GET /wp-json/wp/v2/posts/4780 HTTP/1.0" 200 197451 "-" "Mozilla/5.0 AppleWebKit/537.36 (KHTML, like Gecko; compatible; GPTBot/1.2; +https://openai.com/gptbot)"
20.171.207.25 - - [10/Sep/2025:06:57:31 +0700] "GET /wp-json/wp/v2/posts/8574 HTTP/1.0" 200 41696 "-" "Mozilla/5.0 AppleWebKit/537.36 (KHTML, like Gecko; compatible; GPTBot/1.2; +https://openai.com/gptbot)"
20.171.207.25 - - [10/Sep/2025:06:57:36 +0700] "GET /wp-json/wp/v2/posts/7435 HTTP/1.0" 200 39670 "-" "Mozilla/5.0 AppleWebKit/537.36 (KHTML, like Gecko; compatible; GPTBot/1.2; +https://openai.com/gptbot)"
217.113.194.75 - - [10/Sep/2025:06:57:39 +0700] "GET /8-things-divorced-singles-know-definitely/feed/ HTTP/1.0" 200 1720 "-" "Mozilla/5.0 (compatible; Barkrowler/0.9; +https://babbar.tech/crawler)"
20.171.207.25 - - [10/Sep/2025:06:57:42 +0700] "GET /wp-json/wp/v2/posts/8316 HTTP/1.0" 200 40086 "-" "Mozilla/5.0 AppleWebKit/537.36 (KHTML, like Gecko; compatible; GPTBot/1.2; +https://openai.com/gptbot)"
20.171.207.25 - - [10/Sep/2025:06:57:48 +0700] "GET /wp-json/wp/v2/posts/8194 HTTP/1.0" 200 41174 "-" "Mozilla/5.0 AppleWebKit/537.36 (KHTML, like Gecko; compatible; GPTBot/1.2; +https://openai.com/gptbot)"
20.171.207.25 - - [10/Sep/2025:06:57:55 +0700] "GET /wp-json/wp/v2/posts/3597 HTTP/1.0" 200 183663 "-" "Mozilla/5.0 AppleWebKit/537.36 (KHTML, like Gecko; compatible; GPTBot/1.2; +https://openai.com/gptbot)"
217.113.194.72 - - [10/Sep/2025:06:57:57 +0700] "GET /how-to-stay-safe-on-omegle-tips-and-tricks/feed/ HTTP/1.0" 200 1723 "-" "Mozilla/5.0 (compatible; Barkrowler/0.9; +https://babbar.tech/crawler)"
20.171.207.25 - - [10/Sep/2025:06:58:02 +0700] "GET /wp-json/wp/v2/posts/7103 HTTP/1.0" 200 40157 "-" "Mozilla/5.0 AppleWebKit/537.36 (KHTML, like Gecko; compatible; GPTBot/1.2; +https://openai.com/gptbot)"
20.171.207.25 - - [10/Sep/2025:06:58:08 +0700] "GET /wp-json/wp/v2/posts/6701 HTTP/1.0" 200 37947 "-" "Mozilla/5.0 AppleWebKit/537.36 (KHTML, like Gecko; compatible; GPTBot/1.2; +https://openai.com/gptbot)"
217.113.194.73 - - [10/Sep/2025:06:58:14 +0700] "GET /how-to-teach-slots-better-than-anyone-else/feed/ HTTP/1.0" 200 1723 "-" "Mozilla/5.0 (compatible; Barkrowler/0.9; +https://babbar.tech/crawler)"
20.171.207.25 - - [10/Sep/2025:06:58:15 +0700] "GET /wp-json/wp/v2/posts/8435 HTTP/1.0" 200 41318 "-" "Mozilla/5.0 AppleWebKit/537.36 (KHTML, like Gecko; compatible; GPTBot/1.2; +https://openai.com/gptbot)"
45.117.177.72 - - [10/Sep/2025:06:58:22 +0700] "POST /wp-cron.php?doing_wp_cron=1757462302.6025679111480712890625 HTTP/1.0" 200 416 "-" "WordPress/6.8.1; https://vattusacky.vn"
20.171.207.25 - - [10/Sep/2025:06:58:21 +0700] "GET /wp-json/wp/v2/posts/7583 HTTP/1.0" 200 41043 "-" "Mozilla/5.0 AppleWebKit/537.36 (KHTML, like Gecko; compatible; GPTBot/1.2; +https://openai.com/gptbot)"
20.171.207.25 - - [10/Sep/2025:06:58:28 +0700] "GET /wp-json/wp/v2/posts/6573 HTTP/1.0" 200 37779 "-" "Mozilla/5.0 AppleWebKit/537.36 (KHTML, like Gecko; compatible; GPTBot/1.2; +https://openai.com/gptbot)"
217.113.194.76 - - [10/Sep/2025:06:58:32 +0700] "GET /how-to-spot-a-reliable-online-source-for-anabolic/ HTTP/1.0" 200 79918 "-" "Mozilla/5.0 (compatible; Barkrowler/0.9; +https://babbar.tech/crawler)"
20.171.207.25 - - [10/Sep/2025:06:58:34 +0700] "GET /wp-json/wp/v2/posts/7493 HTTP/1.0" 200 39703 "-" "Mozilla/5.0 AppleWebKit/537.36 (KHTML, like Gecko; compatible; GPTBot/1.2; +https://openai.com/gptbot)"
20.171.207.25 - - [10/Sep/2025:06:58:40 +0700] "GET /wp-json/wp/v2/posts/5708 HTTP/1.0" 200 19674 "-" "Mozilla/5.0 AppleWebKit/537.36 (KHTML, like Gecko; compatible; GPTBot/1.2; +https://openai.com/gptbot)"
20.171.207.25 - - [10/Sep/2025:06:58:47 +0700] "GET /wp-json/wp/v2/posts/9083 HTTP/1.0" 200 39648 "-" "Mozilla/5.0 AppleWebKit/537.36 (KHTML, like Gecko; compatible; GPTBot/1.2; +https://openai.com/gptbot)"
217.113.194.75 - - [10/Sep/2025:06:58:53 +0700] "GET /how-to-locate-sugar-romantic-relationships-online/ HTTP/1.0" 200 208526 "-" "Mozilla/5.0 (compatible; Barkrowler/0.9; +https://babbar.tech/crawler)"
20.171.207.25 - - [10/Sep/2025:06:58:54 +0700] "GET /wp-json/wp/v2/posts/8035 HTTP/1.0" 200 39002 "-" "Mozilla/5.0 AppleWebKit/537.36 (KHTML, like Gecko; compatible; GPTBot/1.2; +https://openai.com/gptbot)"
20.171.207.25 - - [10/Sep/2025:06:59:00 +0700] "GET /wp-json/wp/v2/posts/4390 HTTP/1.0" 200 212283 "-" "Mozilla/5.0 AppleWebKit/537.36 (KHTML, like Gecko; compatible; GPTBot/1.2; +https://openai.com/gptbot)"
20.171.207.25 - - [10/Sep/2025:06:59:07 +0700] "GET /wp-json/wp/v2/posts/7083 HTTP/1.0" 200 39631 "-" "Mozilla/5.0 AppleWebKit/537.36 (KHTML, like Gecko; compatible; GPTBot/1.2; +https://openai.com/gptbot)"
20.171.207.25 - - [10/Sep/2025:06:59:13 +0700] "GET /wp-json/wp/v2/posts/5941 HTTP/1.0" 200 25169 "-" "Mozilla/5.0 AppleWebKit/537.36 (KHTML, like Gecko; compatible; GPTBot/1.2; +https://openai.com/gptbot)"
45.117.177.72 - - [10/Sep/2025:06:59:21 +0700] "POST /wp-cron.php?doing_wp_cron=1757462361.7431008815765380859375 HTTP/1.0" 200 416 "-" "WordPress/6.8.1; https://vattusacky.vn"
20.171.207.25 - - [10/Sep/2025:06:59:20 +0700] "GET /wp-json/wp/v2/posts/6910 HTTP/1.0" 200 38346 "-" "Mozilla/5.0 AppleWebKit/537.36 (KHTML, like Gecko; compatible; GPTBot/1.2; +https://openai.com/gptbot)"
217.113.194.76 - - [10/Sep/2025:06:59:21 +0700] "GET /how-to-make-omegle-conversations-more-meaningful/ HTTP/1.0" 200 91723 "-" "Mozilla/5.0 (compatible; Barkrowler/0.9; +https://babbar.tech/crawler)"
20.171.207.25 - - [10/Sep/2025:06:59:27 +0700] "GET /wp-json/wp/v2/posts/6897 HTTP/1.0" 200 39322 "-" "Mozilla/5.0 AppleWebKit/537.36 (KHTML, like Gecko; compatible; GPTBot/1.2; +https://openai.com/gptbot)"
20.171.207.25 - - [10/Sep/2025:06:59:33 +0700] "GET /wp-json/wp/v2/posts/7619 HTTP/1.0" 200 41916 "-" "Mozilla/5.0 AppleWebKit/537.36 (KHTML, like Gecko; compatible; GPTBot/1.2; +https://openai.com/gptbot)"
85.208.96.211 - - [10/Sep/2025:06:59:38 +0700] "GET /robots.txt HTTP/1.0" 200 984 "-" "Mozilla/5.0 (compatible; SemrushBot/7~bl; +http://www.semrush.com/bot.html)"
91.151.95.70 - - [10/Sep/2025:06:59:37 +0700] "POST /xmlrpc.php HTTP/1.0" 200 956 "https://vattusacky.vn" "Mozilla/5.0 (Macintosh; Intel Mac OS X 10_15_7) AppleWebKit/537.36 (KHTML, like Gecko) Chrome/126.0.0.0 Safari/537.36"
20.171.207.25 - - [10/Sep/2025:06:59:39 +0700] "GET /wp-json/wp/v2/posts/8901 HTTP/1.0" 200 43214 "-" "Mozilla/5.0 AppleWebKit/537.36 (KHTML, like Gecko; compatible; GPTBot/1.2; +https://openai.com/gptbot)"
185.191.171.17 - - [10/Sep/2025:06:59:40 +0700] "GET /building-empathy-in-a-fast-paced-digital-world/ HTTP/1.0" 200 91065 "-" "Mozilla/5.0 (compatible; SemrushBot/7~bl; +http://www.semrush.com/bot.html)"
91.151.95.70 - - [10/Sep/2025:06:59:40 +0700] "POST /wp-login.php HTTP/1.0" 200 11730 "https://vattusacky.vn" "Mozilla/5.0 (Windows NT 10.0; Win64; x64) AppleWebKit/537.36 (KHTML, like Gecko) Chrome/116.0.5845.96 Safari/537.36 Edg/116.0.1938.62"
217.113.194.81 - - [10/Sep/2025:06:59:43 +0700] "GET /how-to-use-omegle-a-step-by-step-guide/feed/ HTTP/1.0" 200 1711 "-" "Mozilla/5.0 (compatible; Barkrowler/0.9; +https://babbar.tech/crawler)"
20.171.207.25 - - [10/Sep/2025:06:59:46 +0700] "GET /wp-json/wp/v2/posts/3786 HTTP/1.0" 200 180009 "-" "Mozilla/5.0 AppleWebKit/537.36 (KHTML, like Gecko; compatible; GPTBot/1.2; +https://openai.com/gptbot)"
20.171.207.25 - - [10/Sep/2025:06:59:53 +0700] "GET /wp-json/wp/v2/posts/7843 HTTP/1.0" 200 37870 "-" "Mozilla/5.0 AppleWebKit/537.36 (KHTML, like Gecko; compatible; GPTBot/1.2; +https://openai.com/gptbot)"
45.117.177.72 - - [10/Sep/2025:07:00:01 +0700] "POST /wp-cron.php?doing_wp_cron=1757462401.5595419406890869140625 HTTP/1.0" 200 416 "-" "WordPress/6.8.1; https://vattusacky.vn"
20.171.207.25 - - [10/Sep/2025:07:00:00 +0700] "GET /wp-json/wp/v2/posts/6471 HTTP/1.0" 200 40465 "-" "Mozilla/5.0 AppleWebKit/537.36 (KHTML, like Gecko; compatible; GPTBot/1.2; +https://openai.com/gptbot)"
217.113.194.78 - - [10/Sep/2025:07:00:01 +0700] "GET /how-to-make-an-app-like-snapchat-build-snapchat/feed/ HTTP/1.0" 200 1752 "-" "Mozilla/5.0 (compatible; Barkrowler/0.9; +https://babbar.tech/crawler)"
20.171.207.25 - - [10/Sep/2025:07:00:07 +0700] "GET /wp-json/wp/v2/posts/9107 HTTP/1.0" 200 42640 "-" "Mozilla/5.0 AppleWebKit/537.36 (KHTML, like Gecko; compatible; GPTBot/1.2; +https://openai.com/gptbot)"
20.171.207.25 - - [10/Sep/2025:07:00:14 +0700] "GET /wp-json/wp/v2/posts/7605 HTTP/1.0" 200 38275 "-" "Mozilla/5.0 AppleWebKit/537.36 (KHTML, like Gecko; compatible; GPTBot/1.2; +https://openai.com/gptbot)"
45.117.177.72 - - [10/Sep/2025:07:00:21 +0700] "POST /wp-cron.php?doing_wp_cron=1757462421.6068689823150634765625 HTTP/1.0" 200 416 "-" "WordPress/6.8.1; https://vattusacky.vn"
217.113.194.81 - - [10/Sep/2025:07:00:20 +0700] "GET /how-you-can-on-your-online-dating-first-time-frame/feed/ HTTP/1.0" 200 1747 "-" "Mozilla/5.0 (compatible; Barkrowler/0.9; +https://babbar.tech/crawler)"
20.171.207.25 - - [10/Sep/2025:07:00:21 +0700] "GET /wp-json/wp/v2/posts/7368 HTTP/1.0" 200 39780 "-" "Mozilla/5.0 AppleWebKit/537.36 (KHTML, like Gecko; compatible; GPTBot/1.2; +https://openai.com/gptbot)"
20.171.207.25 - - [10/Sep/2025:07:00:28 +0700] "GET /wp-json/wp/v2/posts/8146 HTTP/1.0" 200 39741 "-" "Mozilla/5.0 AppleWebKit/537.36 (KHTML, like Gecko; compatible; GPTBot/1.2; +https://openai.com/gptbot)"
20.171.207.25 - - [10/Sep/2025:07:00:35 +0700] "GET /wp-json/wp/v2/posts/7439 HTTP/1.0" 200 38285 "-" "Mozilla/5.0 AppleWebKit/537.36 (KHTML, like Gecko; compatible; GPTBot/1.2; +https://openai.com/gptbot)"
217.113.194.74 - - [10/Sep/2025:07:00:39 +0700] "GET /chatting-with-strangers-on-omegle-video-chat/ HTTP/1.0" 200 91292 "-" "Mozilla/5.0 (compatible; Barkrowler/0.9; +https://babbar.tech/crawler)"
20.171.207.25 - - [10/Sep/2025:07:00:42 +0700] "GET /wp-json/wp/v2/posts/7635 HTTP/1.0" 200 37745 "-" "Mozilla/5.0 AppleWebKit/537.36 (KHTML, like Gecko; compatible; GPTBot/1.2; +https://openai.com/gptbot)"
20.171.207.25 - - [10/Sep/2025:07:00:50 +0700] "GET /wp-json/wp/v2/posts/7315 HTTP/1.0" 200 39574 "-" "Mozilla/5.0 AppleWebKit/537.36 (KHTML, like Gecko; compatible; GPTBot/1.2; +https://openai.com/gptbot)"
45.117.177.72 - - [10/Sep/2025:07:00:58 +0700] "POST /wp-cron.php?doing_wp_cron=1757462457.8770129680633544921875 HTTP/1.0" 200 416 "-" "WordPress/6.8.1; https://vattusacky.vn"
20.171.207.25 - - [10/Sep/2025:07:00:56 +0700] "GET /wp-json/wp/v2/posts/7136 HTTP/1.0" 200 38897 "-" "Mozilla/5.0 AppleWebKit/537.36 (KHTML, like Gecko; compatible; GPTBot/1.2; +https://openai.com/gptbot)"
20.171.207.25 - - [10/Sep/2025:07:01:03 +0700] "GET /wp-json/wp/v2/posts/3695 HTTP/1.0" 200 183771 "-" "Mozilla/5.0 AppleWebKit/537.36 (KHTML, like Gecko; compatible; GPTBot/1.2; +https://openai.com/gptbot)"
217.113.194.74 - - [10/Sep/2025:07:01:03 +0700] "GET /banning-and-suspension-policies-on-ometv/feed/ HTTP/1.0" 200 1717 "-" "Mozilla/5.0 (compatible; Barkrowler/0.9; +https://babbar.tech/crawler)"
20.171.207.25 - - [10/Sep/2025:07:01:09 +0700] "GET /wp-json/wp/v2/posts/7546 HTTP/1.0" 200 41093 "-" "Mozilla/5.0 AppleWebKit/537.36 (KHTML, like Gecko; compatible; GPTBot/1.2; +https://openai.com/gptbot)"
45.117.177.72 - - [10/Sep/2025:07:01:17 +0700] "POST /wp-cron.php?doing_wp_cron=1757462477.5679600238800048828125 HTTP/1.0" 200 416 "-" "WordPress/6.8.1; https://vattusacky.vn"
20.171.207.25 - - [10/Sep/2025:07:01:16 +0700] "GET /wp-json/wp/v2/posts/6583 HTTP/1.0" 200 39948 "-" "Mozilla/5.0 AppleWebKit/537.36 (KHTML, like Gecko; compatible; GPTBot/1.2; +https://openai.com/gptbot)"
217.113.194.75 - - [10/Sep/2025:07:01:22 +0700] "GET /banning-and-suspension-policies-on-omegle/feed/ HTTP/1.0" 200 1720 "-" "Mozilla/5.0 (compatible; Barkrowler/0.9; +https://babbar.tech/crawler)"
20.171.207.25 - - [10/Sep/2025:07:01:24 +0700] "GET /wp-json/wp/v2/posts/8571 HTTP/1.0" 200 43896 "-" "Mozilla/5.0 AppleWebKit/537.36 (KHTML, like Gecko; compatible; GPTBot/1.2; +https://openai.com/gptbot)"
20.171.207.25 - - [10/Sep/2025:07:01:31 +0700] "GET /wp-json/wp/v2/posts/7951 HTTP/1.0" 200 41990 "-" "Mozilla/5.0 AppleWebKit/537.36 (KHTML, like Gecko; compatible; GPTBot/1.2; +https://openai.com/gptbot)"
20.171.207.25 - - [10/Sep/2025:07:01:37 +0700] "GET /wp-json/wp/v2/posts/4796 HTTP/1.0" 200 182038 "-" "Mozilla/5.0 AppleWebKit/537.36 (KHTML, like Gecko; compatible; GPTBot/1.2; +https://openai.com/gptbot)"
217.113.194.74 - - [10/Sep/2025:07:01:40 +0700] "GET /aws-cloud-ownership-framework-aws/feed/ HTTP/1.0" 200 1696 "-" "Mozilla/5.0 (compatible; Barkrowler/0.9; +https://babbar.tech/crawler)"
20.171.207.25 - - [10/Sep/2025:07:01:44 +0700] "GET /wp-json/wp/v2/posts/9046 HTTP/1.0" 200 39359 "-" "Mozilla/5.0 AppleWebKit/537.36 (KHTML, like Gecko; compatible; GPTBot/1.2; +https://openai.com/gptbot)"
20.171.207.25 - - [10/Sep/2025:07:01:49 +0700] "GET /wp-json/wp/v2/posts/4376 HTTP/1.0" 200 232232 "-" "Mozilla/5.0 AppleWebKit/537.36 (KHTML, like Gecko; compatible; GPTBot/1.2; +https://openai.com/gptbot)"
20.171.207.25 - - [10/Sep/2025:07:01:56 +0700] "GET /wp-json/wp/v2/posts/5876 HTTP/1.0" 200 22510 "-" "Mozilla/5.0 AppleWebKit/537.36 (KHTML, like Gecko; compatible; GPTBot/1.2; +https://openai.com/gptbot)"
217.113.194.81 - - [10/Sep/2025:07:01:58 +0700] "GET /aion-wallet-secure-your-aion-aion-assets/ HTTP/1.0" 200 329532 "-" "Mozilla/5.0 (compatible; Barkrowler/0.9; +https://babbar.tech/crawler)"
20.171.207.25 - - [10/Sep/2025:07:02:04 +0700] "GET /wp-json/wp/v2/posts/8605 HTTP/1.0" 200 39947 "-" "Mozilla/5.0 AppleWebKit/537.36 (KHTML, like Gecko; compatible; GPTBot/1.2; +https://openai.com/gptbot)"
198.98.48.212 - - [10/Sep/2025:07:02:04 +0700] "GET /wp-login.php HTTP/1.0" 200 11388 "-" "Mozilla/5.0 (Windows NT 6.1; rv:31.0) Gecko/20100101 Firefox/31.0"
20.171.207.25 - - [10/Sep/2025:07:02:10 +0700] "GET /wp-json/wp/v2/posts/6589 HTTP/1.0" 200 43593 "-" "Mozilla/5.0 AppleWebKit/537.36 (KHTML, like Gecko; compatible; GPTBot/1.2; +https://openai.com/gptbot)"
45.117.177.72 - - [10/Sep/2025:07:02:18 +0700] "POST /wp-cron.php?doing_wp_cron=1757462538.4063711166381835937500 HTTP/1.0" 200 416 "-" "WordPress/6.8.1; https://vattusacky.vn"
20.171.207.25 - - [10/Sep/2025:07:02:17 +0700] "GET /wp-json/wp/v2/posts/7480 HTTP/1.0" 200 40414 "-" "Mozilla/5.0 AppleWebKit/537.36 (KHTML, like Gecko; compatible; GPTBot/1.2; +https://openai.com/gptbot)"
20.171.207.25 - - [10/Sep/2025:07:02:24 +0700] "GET /wp-json/wp/v2/posts/5167 HTTP/1.0" 200 38601 "-" "Mozilla/5.0 AppleWebKit/537.36 (KHTML, like Gecko; compatible; GPTBot/1.2; +https://openai.com/gptbot)"
20.171.207.25 - - [10/Sep/2025:07:02:30 +0700] "GET /wp-json/wp/v2/posts/6180 HTTP/1.0" 200 39268 "-" "Mozilla/5.0 AppleWebKit/537.36 (KHTML, like Gecko; compatible; GPTBot/1.2; +https://openai.com/gptbot)"
20.171.207.25 - - [10/Sep/2025:07:02:38 +0700] "GET /wp-json/wp/v2/posts/6501 HTTP/1.0" 200 41251 "-" "Mozilla/5.0 AppleWebKit/537.36 (KHTML, like Gecko; compatible; GPTBot/1.2; +https://openai.com/gptbot)"
217.113.194.73 - - [10/Sep/2025:07:02:44 +0700] "GET /choosing-the-right-document-management-software/feed/ HTTP/1.0" 200 1738 "-" "Mozilla/5.0 (compatible; Barkrowler/0.9; +https://babbar.tech/crawler)"
20.171.207.25 - - [10/Sep/2025:07:02:44 +0700] "GET /wp-json/wp/v2/posts/7591 HTTP/1.0" 200 38685 "-" "Mozilla/5.0 AppleWebKit/537.36 (KHTML, like Gecko; compatible; GPTBot/1.2; +https://openai.com/gptbot)"
20.171.207.25 - - [10/Sep/2025:07:02:53 +0700] "GET /wp-json/wp/v2/posts/7634 HTTP/1.0" 200 39365 "-" "Mozilla/5.0 AppleWebKit/537.36 (KHTML, like Gecko; compatible; GPTBot/1.2; +https://openai.com/gptbot)"
20.171.207.25 - - [10/Sep/2025:07:02:59 +0700] "GET /wp-json/wp/v2/posts/9631 HTTP/1.0" 200 112950 "-" "Mozilla/5.0 AppleWebKit/537.36 (KHTML, like Gecko; compatible; GPTBot/1.2; +https://openai.com/gptbot)"
217.113.194.73 - - [10/Sep/2025:07:03:01 +0700] "GET /learning-about-different-lifestyles-on-omegle/feed/ HTTP/1.0" 200 1732 "-" "Mozilla/5.0 (compatible; Barkrowler/0.9; +https://babbar.tech/crawler)"
20.171.207.25 - - [10/Sep/2025:07:03:06 +0700] "GET /wp-json/wp/v2/posts/6514 HTTP/1.0" 200 43095 "-" "Mozilla/5.0 AppleWebKit/537.36 (KHTML, like Gecko; compatible; GPTBot/1.2; +https://openai.com/gptbot)"
107.189.28.60 - - [10/Sep/2025:07:03:12 +0700] "GET /wp-login.php HTTP/1.0" 200 11388 "-" "Mozilla/5.0 (Windows NT 6.1; rv:30.0) Gecko/20100101 Firefox/30.0"
20.171.207.25 - - [10/Sep/2025:07:03:12 +0700] "GET /wp-json/wp/v2/posts/3095 HTTP/1.0" 200 180872 "-" "Mozilla/5.0 AppleWebKit/537.36 (KHTML, like Gecko; compatible; GPTBot/1.2; +https://openai.com/gptbot)"
45.117.177.72 - - [10/Sep/2025:07:03:19 +0700] "POST /wp-cron.php?doing_wp_cron=1757462599.8890559673309326171875 HTTP/1.0" 200 416 "-" "WordPress/6.8.1; https://vattusacky.vn"
20.171.207.25 - - [10/Sep/2025:07:03:18 +0700] "GET /wp-json/wp/v2/posts/8593 HTTP/1.0" 200 37836 "-" "Mozilla/5.0 AppleWebKit/537.36 (KHTML, like Gecko; compatible; GPTBot/1.2; +https://openai.com/gptbot)"
217.113.194.74 - - [10/Sep/2025:07:03:20 +0700] "GET /the-role-of-cultural-sensitivity-on-omegle/feed/ HTTP/1.0" 200 1723 "-" "Mozilla/5.0 (compatible; Barkrowler/0.9; +https://babbar.tech/crawler)"
20.171.207.25 - - [10/Sep/2025:07:03:24 +0700] "GET /wp-json/wp/v2/posts/8946 HTTP/1.0" 200 26266 "-" "Mozilla/5.0 AppleWebKit/537.36 (KHTML, like Gecko; compatible; GPTBot/1.2; +https://openai.com/gptbot)"
52.45.15.233 - - [10/Sep/2025:07:03:31 +0700] "GET /play-online-slots-to-win-real-money/ HTTP/1.0" 200 73665 "-" "Mozilla/5.0 AppleWebKit/537.36 (KHTML, like Gecko; compatible; Amazonbot/0.1; +https://developer.amazon.com/support/amazonbot) Chrome/119.0.6045.214 Safari/537.36"
20.171.207.25 - - [10/Sep/2025:07:03:32 +0700] "GET /wp-json/wp/v2/posts/8751 HTTP/1.0" 200 36564 "-" "Mozilla/5.0 AppleWebKit/537.36 (KHTML, like Gecko; compatible; GPTBot/1.2; +https://openai.com/gptbot)"
217.113.194.218 - - [10/Sep/2025:07:03:38 +0700] "GET /the-role-of-body-language-in-online-interactions/ HTTP/1.0" 200 93702 "-" "Mozilla/5.0 (compatible; Barkrowler/0.9; +https://babbar.tech/crawler)"
20.171.207.25 - - [10/Sep/2025:07:03:38 +0700] "GET /wp-json/wp/v2/posts/4675 HTTP/1.0" 200 213920 "-" "Mozilla/5.0 AppleWebKit/537.36 (KHTML, like Gecko; compatible; GPTBot/1.2; +https://openai.com/gptbot)"
20.171.207.25 - - [10/Sep/2025:07:03:45 +0700] "GET /wp-json/wp/v2/posts/7560 HTTP/1.0" 200 41597 "-" "Mozilla/5.0 AppleWebKit/537.36 (KHTML, like Gecko; compatible; GPTBot/1.2; +https://openai.com/gptbot)"
20.171.207.25 - - [10/Sep/2025:07:03:52 +0700] "GET /wp-json/wp/v2/posts/6041 HTTP/1.0" 200 105263 "-" "Mozilla/5.0 AppleWebKit/537.36 (KHTML, like Gecko; compatible; GPTBot/1.2; +https://openai.com/gptbot)"
20.171.207.25 - - [10/Sep/2025:07:04:00 +0700] "GET /wp-json/wp/v2/posts/7314 HTTP/1.0" 200 41106 "-" "Mozilla/5.0 AppleWebKit/537.36 (KHTML, like Gecko; compatible; GPTBot/1.2; +https://openai.com/gptbot)"
217.113.194.217 - - [10/Sep/2025:07:04:01 +0700] "GET /the-role-of-empathy-in-online-relationships/feed/ HTTP/1.0" 200 1726 "-" "Mozilla/5.0 (compatible; Barkrowler/0.9; +https://babbar.tech/crawler)"
20.171.207.25 - - [10/Sep/2025:07:04:07 +0700] "GET /wp-json/wp/v2/posts/5419 HTTP/1.0" 200 61598 "-" "Mozilla/5.0 AppleWebKit/537.36 (KHTML, like Gecko; compatible; GPTBot/1.2; +https://openai.com/gptbot)"
20.171.207.25 - - [10/Sep/2025:07:04:13 +0700] "GET /wp-json/wp/v2/posts/5317 HTTP/1.0" 200 23283 "-" "Mozilla/5.0 AppleWebKit/537.36 (KHTML, like Gecko; compatible; GPTBot/1.2; +https://openai.com/gptbot)"
45.117.177.72 - - [10/Sep/2025:07:04:20 +0700] "POST /wp-cron.php?doing_wp_cron=1757462660.0793991088867187500000 HTTP/1.0" 200 416 "-" "WordPress/6.8.1; https://vattusacky.vn"
217.113.194.217 - - [10/Sep/2025:07:04:18 +0700] "GET /robots.txt HTTP/1.0" 200 984 "-" "Mozilla/5.0 (compatible; Barkrowler/0.9; +https://babbar.tech/crawler)"
20.171.207.25 - - [10/Sep/2025:07:04:21 +0700] "GET /wp-json/wp/v2/posts/6791 HTTP/1.0" 200 33715 "-" "Mozilla/5.0 AppleWebKit/537.36 (KHTML, like Gecko; compatible; GPTBot/1.2; +https://openai.com/gptbot)"
20.171.207.25 - - [10/Sep/2025:07:04:27 +0700] "GET /wp-json/wp/v2/posts/7145 HTTP/1.0" 200 40823 "-" "Mozilla/5.0 AppleWebKit/537.36 (KHTML, like Gecko; compatible; GPTBot/1.2; +https://openai.com/gptbot)"
107.189.28.60 - - [10/Sep/2025:07:04:30 +0700] "GET /wp-login.php HTTP/1.0" 200 11388 "-" "Mozilla/5.0 (compatible; MSIE 9.0; Windows NT 6.1; WOW64; Trident/5.0)"
157.230.20.249 - - [10/Sep/2025:07:04:30 +0700] "POST /xmlrpc.php HTTP/1.0" 200 956 "https://vattusacky.vn" "Mozilla/5.0 (Macintosh; Intel Mac OS X 14.5) AppleWebKit/618.3.5 (KHTML, like Gecko) Version/17.4 Safari/618.3.5"
157.230.20.249 - - [10/Sep/2025:07:04:32 +0700] "POST /wp-login.php HTTP/1.0" 200 11730 "https://vattusacky.vn" "Mozilla/5.0 (Windows NT 10.0; Win64; x64) AppleWebKit/537.36 (KHTML, like Gecko) Chrome/113.0.5672.93 Safari/537.36"
85.208.96.203 - - [10/Sep/2025:07:04:35 +0700] "GET /author/yanz/page/390/ HTTP/1.0" 200 111692 "-" "Mozilla/5.0 (compatible; SemrushBot/7~bl; +http://www.semrush.com/bot.html)"
20.171.207.25 - - [10/Sep/2025:07:04:35 +0700] "GET /wp-json/wp/v2/posts/8761 HTTP/1.0" 200 38409 "-" "Mozilla/5.0 AppleWebKit/537.36 (KHTML, like Gecko; compatible; GPTBot/1.2; +https://openai.com/gptbot)"
217.113.194.76 - - [10/Sep/2025:07:04:37 +0700] "GET /the-role-of-moderation-in-omegles-global-village/ HTTP/1.0" 200 91331 "-" "Mozilla/5.0 (compatible; Barkrowler/0.9; +https://babbar.tech/crawler)"
20.171.207.25 - - [10/Sep/2025:07:04:42 +0700] "GET /wp-json/wp/v2/posts/6540 HTTP/1.0" 200 42245 "-" "Mozilla/5.0 AppleWebKit/537.36 (KHTML, like Gecko; compatible; GPTBot/1.2; +https://openai.com/gptbot)"
20.171.207.25 - - [10/Sep/2025:07:04:48 +0700] "GET /wp-json/wp/v2/posts/9384 HTTP/1.0" 200 83243 "-" "Mozilla/5.0 AppleWebKit/537.36 (KHTML, like Gecko; compatible; GPTBot/1.2; +https://openai.com/gptbot)"
20.171.207.25 - - [10/Sep/2025:07:04:55 +0700] "GET /wp-json/wp/v2/posts/8195 HTTP/1.0" 200 40621 "-" "Mozilla/5.0 AppleWebKit/537.36 (KHTML, like Gecko; compatible; GPTBot/1.2; +https://openai.com/gptbot)"
20.171.207.25 - - [10/Sep/2025:07:05:02 +0700] "GET /wp-json/wp/v2/posts/9153 HTTP/1.0" 200 40194 "-" "Mozilla/5.0 AppleWebKit/537.36 (KHTML, like Gecko; compatible; GPTBot/1.2; +https://openai.com/gptbot)"
154.54.249.200 - - [10/Sep/2025:07:05:02 +0700] "GET /exactly-what-foreign-birdes-to-be/feed/ HTTP/1.0" 200 1697 "-" "Mozilla/5.0 (compatible; Barkrowler/0.9; +https://babbar.tech/crawler)"
20.171.207.25 - - [10/Sep/2025:07:05:09 +0700] "GET /wp-json/wp/v2/posts/5867 HTTP/1.0" 200 23091 "-" "Mozilla/5.0 AppleWebKit/537.36 (KHTML, like Gecko; compatible; GPTBot/1.2; +https://openai.com/gptbot)"
45.117.177.72 - - [10/Sep/2025:07:05:17 +0700] "POST /wp-cron.php?doing_wp_cron=1757462717.7066230773925781250000 HTTP/1.0" 200 416 "-" "WordPress/6.8.1; https://vattusacky.vn"
20.171.207.25 - - [10/Sep/2025:07:05:16 +0700] "GET /wp-json/wp/v2/posts/5107 HTTP/1.0" 200 264644 "-" "Mozilla/5.0 AppleWebKit/537.36 (KHTML, like Gecko; compatible; GPTBot/1.2; +https://openai.com/gptbot)"
154.54.249.200 - - [10/Sep/2025:07:05:22 +0700] "GET /exactly-where-is-best-place-to-meet-women/ HTTP/1.0" 200 209059 "-" "Mozilla/5.0 (compatible; Barkrowler/0.9; +https://babbar.tech/crawler)"
20.171.207.25 - - [10/Sep/2025:07:05:23 +0700] "GET /wp-json/wp/v2/posts/8531 HTTP/1.0" 200 42121 "-" "Mozilla/5.0 AppleWebKit/537.36 (KHTML, like Gecko; compatible; GPTBot/1.2; +https://openai.com/gptbot)"
20.171.207.25 - - [10/Sep/2025:07:05:31 +0700] "GET /wp-json/wp/v2/posts/8376 HTTP/1.0" 200 41660 "-" "Mozilla/5.0 AppleWebKit/537.36 (KHTML, like Gecko; compatible; GPTBot/1.2; +https://openai.com/gptbot)"
20.171.207.25 - - [10/Sep/2025:07:05:39 +0700] "GET /wp-json/wp/v2/posts/8734 HTTP/1.0" 200 38968 "-" "Mozilla/5.0 AppleWebKit/537.36 (KHTML, like Gecko; compatible; GPTBot/1.2; +https://openai.com/gptbot)"
20.171.207.25 - - [10/Sep/2025:07:05:45 +0700] "GET /wp-json/wp/v2/posts/6817 HTTP/1.0" 200 36652 "-" "Mozilla/5.0 AppleWebKit/537.36 (KHTML, like Gecko; compatible; GPTBot/1.2; +https://openai.com/gptbot)"
217.113.194.77 - - [10/Sep/2025:07:05:49 +0700] "GET /omegle-vs-ometv-the-safety-factor/feed/ HTTP/1.0" 200 1696 "-" "Mozilla/5.0 (compatible; Barkrowler/0.9; +https://babbar.tech/crawler)"
20.171.207.25 - - [10/Sep/2025:07:05:53 +0700] "GET /wp-json/wp/v2/posts/6138 HTTP/1.0" 200 38498 "-" "Mozilla/5.0 AppleWebKit/537.36 (KHTML, like Gecko; compatible; GPTBot/1.2; +https://openai.com/gptbot)"
20.171.207.25 - - [10/Sep/2025:07:06:01 +0700] "GET /wp-json/wp/v2/posts/6485 HTTP/1.0" 200 40271 "-" "Mozilla/5.0 AppleWebKit/537.36 (KHTML, like Gecko; compatible; GPTBot/1.2; +https://openai.com/gptbot)"
217.113.194.74 - - [10/Sep/2025:07:06:07 +0700] "GET /omegle-vs-ometv-a-users-perspective/ HTTP/1.0" 200 89851 "-" "Mozilla/5.0 (compatible; Barkrowler/0.9; +https://babbar.tech/crawler)"
20.171.207.25 - - [10/Sep/2025:07:06:08 +0700] "GET /wp-json/wp/v2/posts/4089 HTTP/1.0" 200 219557 "-" "Mozilla/5.0 AppleWebKit/537.36 (KHTML, like Gecko; compatible; GPTBot/1.2; +https://openai.com/gptbot)"
20.171.207.25 - - [10/Sep/2025:07:06:14 +0700] "GET /wp-json/wp/v2/posts/8476 HTTP/1.0" 200 39934 "-" "Mozilla/5.0 AppleWebKit/537.36 (KHTML, like Gecko; compatible; GPTBot/1.2; +https://openai.com/gptbot)"
45.117.177.72 - - [10/Sep/2025:07:06:22 +0700] "POST /wp-cron.php?doing_wp_cron=1757462782.5255670547485351562500 HTTP/1.0" 200 416 "-" "WordPress/6.8.1; https://vattusacky.vn"
20.171.207.25 - - [10/Sep/2025:07:06:21 +0700] "GET /wp-json/wp/v2/posts/6390 HTTP/1.0" 200 40961 "-" "Mozilla/5.0 AppleWebKit/537.36 (KHTML, like Gecko; compatible; GPTBot/1.2; +https://openai.com/gptbot)"
20.171.207.25 - - [10/Sep/2025:07:06:29 +0700] "GET /wp-json/wp/v2/posts/7419 HTTP/1.0" 200 40184 "-" "Mozilla/5.0 AppleWebKit/537.36 (KHTML, like Gecko; compatible; GPTBot/1.2; +https://openai.com/gptbot)"
217.113.194.217 - - [10/Sep/2025:07:06:33 +0700] "GET /omegle-vs-other-online-communication-platforms/feed/ HTTP/1.0" 200 1735 "-" "Mozilla/5.0 (compatible; Barkrowler/0.9; +https://babbar.tech/crawler)"
20.171.207.25 - - [10/Sep/2025:07:06:35 +0700] "GET /wp-json/wp/v2/posts/8017 HTTP/1.0" 200 43597 "-" "Mozilla/5.0 AppleWebKit/537.36 (KHTML, like Gecko; compatible; GPTBot/1.2; +https://openai.com/gptbot)"
20.171.207.25 - - [10/Sep/2025:07:06:41 +0700] "GET /wp-json/wp/v2/posts/7095 HTTP/1.0" 200 37829 "-" "Mozilla/5.0 AppleWebKit/537.36 (KHTML, like Gecko; compatible; GPTBot/1.2; +https://openai.com/gptbot)"
20.171.207.25 - - [10/Sep/2025:07:06:49 +0700] "GET /wp-json/wp/v2/posts/9815 HTTP/1.0" 200 42407 "-" "Mozilla/5.0 AppleWebKit/537.36 (KHTML, like Gecko; compatible; GPTBot/1.2; +https://openai.com/gptbot)"
217.113.194.74 - - [10/Sep/2025:07:06:51 +0700] "GET /omegle-vs-other-online-communication-platforms/ HTTP/1.0" 200 90411 "-" "Mozilla/5.0 (compatible; Barkrowler/0.9; +https://babbar.tech/crawler)"
20.171.207.25 - - [10/Sep/2025:07:06:56 +0700] "GET /wp-json/wp/v2/posts/6901 HTTP/1.0" 200 42219 "-" "Mozilla/5.0 AppleWebKit/537.36 (KHTML, like Gecko; compatible; GPTBot/1.2; +https://openai.com/gptbot)"
20.171.207.25 - - [10/Sep/2025:07:07:04 +0700] "GET /wp-json/wp/v2/posts/6510 HTTP/1.0" 200 30053 "-" "Mozilla/5.0 AppleWebKit/537.36 (KHTML, like Gecko; compatible; GPTBot/1.2; +https://openai.com/gptbot)"
20.171.207.25 - - [10/Sep/2025:07:07:11 +0700] "GET /wp-json/wp/v2/posts/3160 HTTP/1.0" 200 197480 "-" "Mozilla/5.0 AppleWebKit/537.36 (KHTML, like Gecko; compatible; GPTBot/1.2; +https://openai.com/gptbot)"
217.113.194.218 - - [10/Sep/2025:07:07:14 +0700] "GET /omegles-next-chapter-advancements-in-connectivity/ HTTP/1.0" 200 91462 "-" "Mozilla/5.0 (compatible; Barkrowler/0.9; +https://babbar.tech/crawler)"
20.171.207.25 - - [10/Sep/2025:07:07:17 +0700] "GET /wp-json/wp/v2/posts/8914 HTTP/1.0" 200 42331 "-" "Mozilla/5.0 AppleWebKit/537.36 (KHTML, like Gecko; compatible; GPTBot/1.2; +https://openai.com/gptbot)"
20.171.207.25 - - [10/Sep/2025:07:07:30 +0700] "GET /wp-json/wp/v2/posts/8409 HTTP/1.0" 200 37502 "-" "Mozilla/5.0 AppleWebKit/537.36 (KHTML, like Gecko; compatible; GPTBot/1.2; +https://openai.com/gptbot)"
217.113.194.78 - - [10/Sep/2025:07:07:37 +0700] "GET /omegles-role-in-shaping-online-dating-trends/ HTTP/1.0" 200 90165 "-" "Mozilla/5.0 (compatible; Barkrowler/0.9; +https://babbar.tech/crawler)"
20.171.207.25 - - [10/Sep/2025:07:07:38 +0700] "GET /wp-json/wp/v2/posts/4519 HTTP/1.0" 200 231927 "-" "Mozilla/5.0 AppleWebKit/537.36 (KHTML, like Gecko; compatible; GPTBot/1.2; +https://openai.com/gptbot)"
20.171.207.25 - - [10/Sep/2025:07:07:45 +0700] "GET /wp-json/wp/v2/posts/7386 HTTP/1.0" 200 39168 "-" "Mozilla/5.0 AppleWebKit/537.36 (KHTML, like Gecko; compatible; GPTBot/1.2; +https://openai.com/gptbot)"
20.171.207.25 - - [10/Sep/2025:07:07:53 +0700] "GET /wp-json/wp/v2/posts/8053 HTTP/1.0" 200 39060 "-" "Mozilla/5.0 AppleWebKit/537.36 (KHTML, like Gecko; compatible; GPTBot/1.2; +https://openai.com/gptbot)"
20.171.207.25 - - [10/Sep/2025:07:08:01 +0700] "GET /wp-json/wp/v2/posts/3845 HTTP/1.0" 200 260902 "-" "Mozilla/5.0 AppleWebKit/537.36 (KHTML, like Gecko; compatible; GPTBot/1.2; +https://openai.com/gptbot)"
217.113.194.79 - - [10/Sep/2025:07:08:01 +0700] "GET /omegle-and-the-changing-dynamics-of-friendship/ HTTP/1.0" 200 91079 "-" "Mozilla/5.0 (compatible; Barkrowler/0.9; +https://babbar.tech/crawler)"
85.208.96.199 - - [10/Sep/2025:07:08:02 +0700] "GET /prostitute-numbers-in-racine-find-hookers-on-hookersnearme-org/ HTTP/1.0" 200 214058 "-" "Mozilla/5.0 (compatible; SemrushBot/7~bl; +http://www.semrush.com/bot.html)"
20.171.207.25 - - [10/Sep/2025:07:08:09 +0700] "GET /wp-json/wp/v2/posts/9157 HTTP/1.0" 200 38028 "-" "Mozilla/5.0 AppleWebKit/537.36 (KHTML, like Gecko; compatible; GPTBot/1.2; +https://openai.com/gptbot)"
20.171.207.25 - - [10/Sep/2025:07:08:16 +0700] "GET /wp-json/wp/v2/posts/7451 HTTP/1.0" 200 40143 "-" "Mozilla/5.0 AppleWebKit/537.36 (KHTML, like Gecko; compatible; GPTBot/1.2; +https://openai.com/gptbot)"
45.117.177.72 - - [10/Sep/2025:07:08:25 +0700] "POST /wp-cron.php?doing_wp_cron=1757462905.1411368846893310546875 HTTP/1.0" 200 416 "-" "WordPress/6.8.1; https://vattusacky.vn"
20.171.207.25 - - [10/Sep/2025:07:08:24 +0700] "GET /wp-json/wp/v2/posts/3710 HTTP/1.0" 200 184036 "-" "Mozilla/5.0 AppleWebKit/537.36 (KHTML, like Gecko; compatible; GPTBot/1.2; +https://openai.com/gptbot)"
217.113.194.75 - - [10/Sep/2025:07:08:26 +0700] "GET /omegle-and-privacy-understanding-data-security/feed/ HTTP/1.0" 200 1735 "-" "Mozilla/5.0 (compatible; Barkrowler/0.9; +https://babbar.tech/crawler)"
20.171.207.25 - - [10/Sep/2025:07:08:30 +0700] "GET /wp-json/wp/v2/posts/6580 HTTP/1.0" 200 39599 "-" "Mozilla/5.0 AppleWebKit/537.36 (KHTML, like Gecko; compatible; GPTBot/1.2; +https://openai.com/gptbot)"
20.171.207.25 - - [10/Sep/2025:07:08:39 +0700] "GET /wp-json/wp/v2/posts/3958 HTTP/1.0" 200 233436 "-" "Mozilla/5.0 AppleWebKit/537.36 (KHTML, like Gecko; compatible; GPTBot/1.2; +https://openai.com/gptbot)"
45.117.177.72 - - [10/Sep/2025:07:08:45 +0700] "POST /wp-cron.php?doing_wp_cron=1757462925.6812109947204589843750 HTTP/1.0" 200 416 "-" "WordPress/6.8.1; https://vattusacky.vn"
217.113.194.81 - - [10/Sep/2025:07:08:44 +0700] "GET /omegle-and-the-concept-of-online-serendipity/ HTTP/1.0" 200 89603 "-" "Mozilla/5.0 (compatible; Barkrowler/0.9; +https://babbar.tech/crawler)"
