20.171.207.25 - - [10/Sep/2025:04:57:34 +0700] "GET /wp-json/oembed/1.0/embed?url=https%3A%2F%2Fvattusacky.vn%2Fomegle-and-its-connection-to-cyberbullying-and-online-harassment%2F HTTP/1.0" 200 3671 "-" "Mozilla/5.0 AppleWebKit/537.36 (KHTML, like Gecko; compatible; GPTBot/1.2; +https://openai.com/gptbot)"
20.171.207.25 - - [10/Sep/2025:04:57:36 +0700] "GET /wp-json/oembed/1.0/embed?url=https%3A%2F%2Fvattusacky.vn%2Feffective-networking-strategies-for-introverts-on-omegle-and-ometv%2F HTTP/1.0" 200 3569 "-" "Mozilla/5.0 AppleWebKit/537.36 (KHTML, like Gecko; compatible; GPTBot/1.2; +https://openai.com/gptbot)"
20.171.207.25 - - [10/Sep/2025:04:57:38 +0700] "GET /wp-json/oembed/1.0/embed?url=https%3A%2F%2Fvattusacky.vn%2Fomegle-where-authenticity-meets-anonymity-for-genuine-connections%2F HTTP/1.0" 200 3588 "-" "Mozilla/5.0 AppleWebKit/537.36 (KHTML, like Gecko; compatible; GPTBot/1.2; +https://openai.com/gptbot)"
20.171.207.25 - - [10/Sep/2025:04:57:39 +0700] "GET /wp-json/oembed/1.0/embed?url=https%3A%2F%2Fvattusacky.vn%2Fcultural-sensitivity-in-language-communication-on-omegle-and-ometv%2F HTTP/1.0" 200 3580 "-" "Mozilla/5.0 AppleWebKit/537.36 (KHTML, like Gecko; compatible; GPTBot/1.2; +https://openai.com/gptbot)"
20.171.207.25 - - [10/Sep/2025:04:57:43 +0700] "GET /wp-json/oembed/1.0/embed?url=https%3A%2F%2Fvattusacky.vn%2Fomegle-a-platform-for-candid-interactions-and-genuine-connections%2F HTTP/1.0" 200 3533 "-" "Mozilla/5.0 AppleWebKit/537.36 (KHTML, like Gecko; compatible; GPTBot/1.2; +https://openai.com/gptbot)"
20.171.207.25 - - [10/Sep/2025:04:57:45 +0700] "GET /wp-json/oembed/1.0/embed?url=https%3A%2F%2Fvattusacky.vn%2Fomegle-horror-stories-creepy-and-unsettling-experiences-shared%2F HTTP/1.0" 200 3533 "-" "Mozilla/5.0 AppleWebKit/537.36 (KHTML, like Gecko; compatible; GPTBot/1.2; +https://openai.com/gptbot)"
217.113.194.75 - - [10/Sep/2025:04:57:45 +0700] "GET /the-role-of-empathy-on-omegle/ HTTP/1.0" 200 88650 "-" "Mozilla/5.0 (compatible; Barkrowler/0.9; +https://babbar.tech/crawler)"
20.171.207.25 - - [10/Sep/2025:04:57:47 +0700] "GET /wp-json/oembed/1.0/embed?url=https%3A%2F%2Fvattusacky.vn%2Fthe-transformative-potential-of-cosmic-connections-on-omegle%2F HTTP/1.0" 200 3575 "-" "Mozilla/5.0 AppleWebKit/537.36 (KHTML, like Gecko; compatible; GPTBot/1.2; +https://openai.com/gptbot)"
20.171.207.25 - - [10/Sep/2025:04:57:49 +0700] "GET /wp-json/oembed/1.0/embed?url=https%3A%2F%2Fvattusacky.vn%2Fomegles-influence-on-the-development-of-online-friendship-networks%2F HTTP/1.0" 200 3538 "-" "Mozilla/5.0 AppleWebKit/537.36 (KHTML, like Gecko; compatible; GPTBot/1.2; +https://openai.com/gptbot)"
20.171.207.25 - - [10/Sep/2025:04:57:51 +0700] "GET /wp-json/oembed/1.0/embed?url=https%3A%2F%2Fvattusacky.vn%2Fcreating-a-memorable-omegle-username-for-strong-first-impressions%2F HTTP/1.0" 200 3561 "-" "Mozilla/5.0 AppleWebKit/537.36 (KHTML, like Gecko; compatible; GPTBot/1.2; +https://openai.com/gptbot)"
20.171.207.25 - - [10/Sep/2025:04:57:52 +0700] "GET /wp-json/oembed/1.0/embed?url=https%3A%2F%2Fvattusacky.vn%2Fpersonal-stories-and-experiences-a-glimpse-into-omegle-addiction%2F HTTP/1.0" 200 3540 "-" "Mozilla/5.0 AppleWebKit/537.36 (KHTML, like Gecko; compatible; GPTBot/1.2; +https://openai.com/gptbot)"
20.171.207.25 - - [10/Sep/2025:04:57:54 +0700] "GET /wp-json/oembed/1.0/embed?url=https%3A%2F%2Fvattusacky.vn%2Fadvise-for-successful-sugars-daddies-and-babies-interactions%2F HTTP/1.0" 200 3624 "-" "Mozilla/5.0 AppleWebKit/537.36 (KHTML, like Gecko; compatible; GPTBot/1.2; +https://openai.com/gptbot)"
20.171.207.25 - - [10/Sep/2025:04:57:56 +0700] "GET /wp-json/oembed/1.0/embed?url=https%3A%2F%2Fvattusacky.vn%2Fserendipity-or-danger-navigating-the-risks-of-online-interactions%2F HTTP/1.0" 200 3554 "-" "Mozilla/5.0 AppleWebKit/537.36 (KHTML, like Gecko; compatible; GPTBot/1.2; +https://openai.com/gptbot)"
20.171.207.25 - - [10/Sep/2025:04:57:58 +0700] "GET /wp-json/oembed/1.0/embed?url=https%3A%2F%2Fvattusacky.vn%2Fhow-to-make-interesting-conversations-on-chatroulette-and-omegle%2F HTTP/1.0" 200 3538 "-" "Mozilla/5.0 AppleWebKit/537.36 (KHTML, like Gecko; compatible; GPTBot/1.2; +https://openai.com/gptbot)"
20.171.207.25 - - [10/Sep/2025:04:58:00 +0700] "GET /wp-json/oembed/1.0/embed?url=https%3A%2F%2Fvattusacky.vn%2Fthe-human-connection-in-omegle-collaborations-stories-from-artists%2F HTTP/1.0" 200 3579 "-" "Mozilla/5.0 AppleWebKit/537.36 (KHTML, like Gecko; compatible; GPTBot/1.2; +https://openai.com/gptbot)"
20.171.207.25 - - [10/Sep/2025:04:58:02 +0700] "GET /wp-json/oembed/1.0/embed?url=https%3A%2F%2Fvattusacky.vn%2Fthe-evolution-of-omegle-collaborations-trends-and-innovations%2F HTTP/1.0" 200 3561 "-" "Mozilla/5.0 AppleWebKit/537.36 (KHTML, like Gecko; compatible; GPTBot/1.2; +https://openai.com/gptbot)"
20.171.207.25 - - [10/Sep/2025:04:58:04 +0700] "GET /wp-json/oembed/1.0/embed?url=https%3A%2F%2Fvattusacky.vn%2Fomegle-long-distance-connections-bridging-the-gap-between-cultures%2F HTTP/1.0" 200 3559 "-" "Mozilla/5.0 AppleWebKit/537.36 (KHTML, like Gecko; compatible; GPTBot/1.2; +https://openai.com/gptbot)"
20.171.207.25 - - [10/Sep/2025:04:58:05 +0700] "GET /wp-json/oembed/1.0/embed?url=https%3A%2F%2Fvattusacky.vn%2Finvestigating-the-emotional-impact-of-cosmic-connections-on-omegle%2F HTTP/1.0" 200 3568 "-" "Mozilla/5.0 AppleWebKit/537.36 (KHTML, like Gecko; compatible; GPTBot/1.2; +https://openai.com/gptbot)"
217.113.194.79 - - [10/Sep/2025:04:58:07 +0700] "GET /the-role-of-empathy-on-omegle/feed/ HTTP/1.0" 200 1684 "-" "Mozilla/5.0 (compatible; Barkrowler/0.9; +https://babbar.tech/crawler)"
20.171.207.25 - - [10/Sep/2025:04:58:07 +0700] "GET /wp-json/oembed/1.0/embed?url=https%3A%2F%2Fvattusacky.vn%2Flights-camera-action-entertaining-performances-on-omegle-and-ometv%2F HTTP/1.0" 200 3557 "-" "Mozilla/5.0 AppleWebKit/537.36 (KHTML, like Gecko; compatible; GPTBot/1.2; +https://openai.com/gptbot)"
20.171.207.25 - - [10/Sep/2025:04:58:09 +0700] "GET /wp-json/oembed/1.0/embed?url=https%3A%2F%2Fvattusacky.vn%2Fthe-educational-potential-of-omegle-learning-outside-the-classroom%2F HTTP/1.0" 200 3549 "-" "Mozilla/5.0 AppleWebKit/537.36 (KHTML, like Gecko; compatible; GPTBot/1.2; +https://openai.com/gptbot)"
20.171.207.25 - - [10/Sep/2025:04:58:11 +0700] "GET /wp-json/oembed/1.0/embed?url=https%3A%2F%2Fvattusacky.vn%2Fthe-science-behind-serendipitous-moments-on-online-platforms%2F HTTP/1.0" 200 3574 "-" "Mozilla/5.0 AppleWebKit/537.36 (KHTML, like Gecko; compatible; GPTBot/1.2; +https://openai.com/gptbot)"
20.171.207.25 - - [10/Sep/2025:04:58:13 +0700] "GET /wp-json/oembed/1.0/embed?url=https%3A%2F%2Fvattusacky.vn%2Ffinding-commonality-in-serendipitous-moments-on-omegle-and-ometv%2F HTTP/1.0" 200 3510 "-" "Mozilla/5.0 AppleWebKit/537.36 (KHTML, like Gecko; compatible; GPTBot/1.2; +https://openai.com/gptbot)"
45.117.177.72 - - [10/Sep/2025:04:58:24 +0700] "POST /wp-cron.php?doing_wp_cron=1757455104.0226800441741943359375 HTTP/1.0" 200 416 "-" "WordPress/6.8.1; https://vattusacky.vn"
20.171.207.25 - - [10/Sep/2025:04:58:22 +0700] "GET /wp-json/oembed/1.0/embed?url=https%3A%2F%2Fvattusacky.vn%2Funmasking-artistic-talent-omegles-role-in-unearthing-hidden-gems%2F HTTP/1.0" 200 3582 "-" "Mozilla/5.0 AppleWebKit/537.36 (KHTML, like Gecko; compatible; GPTBot/1.2; +https://openai.com/gptbot)"
217.113.194.72 - - [10/Sep/2025:04:58:26 +0700] "GET /the-role-of-trust-in-online-friendships/feed/ HTTP/1.0" 200 1714 "-" "Mozilla/5.0 (compatible; Barkrowler/0.9; +https://babbar.tech/crawler)"
20.171.207.25 - - [10/Sep/2025:04:58:26 +0700] "GET /wp-json/oembed/1.0/embed?url=https%3A%2F%2Fvattusacky.vn%2Fomegle-anomalies-strange-and-bizarre-encounters-in-the-chatroom%2F HTTP/1.0" 200 3555 "-" "Mozilla/5.0 AppleWebKit/537.36 (KHTML, like Gecko; compatible; GPTBot/1.2; +https://openai.com/gptbot)"
20.171.207.25 - - [10/Sep/2025:04:58:28 +0700] "GET /wp-json/oembed/1.0/embed?url=https%3A%2F%2Fvattusacky.vn%2Fserendipity-as-a-catalyst-for-creativity-and-inspiration-online%2F HTTP/1.0" 200 3561 "-" "Mozilla/5.0 AppleWebKit/537.36 (KHTML, like Gecko; compatible; GPTBot/1.2; +https://openai.com/gptbot)"
20.171.207.25 - - [10/Sep/2025:04:58:30 +0700] "GET /wp-json/oembed/1.0/embed?url=https%3A%2F%2Fvattusacky.vn%2Fno-deposit-bonuses-can-help-you-win-real-cash%2F HTTP/1.0" 200 3375 "-" "Mozilla/5.0 AppleWebKit/537.36 (KHTML, like Gecko; compatible; GPTBot/1.2; +https://openai.com/gptbot)"
20.171.207.25 - - [10/Sep/2025:04:58:32 +0700] "GET /onlajn-kazino-rabochee-zerkalo-vhod-zerkalo-2/feed/ HTTP/1.0" 200 1658 "-" "Mozilla/5.0 AppleWebKit/537.36 (KHTML, like Gecko; compatible; GPTBot/1.2; +https://openai.com/gptbot)"
20.171.207.25 - - [10/Sep/2025:04:58:34 +0700] "GET /wp-json/oembed/1.0/embed?url=https%3A%2F%2Fvattusacky.vn%2Fpin-up-aviator-game-review-9%2F HTTP/1.0" 200 3319 "-" "Mozilla/5.0 AppleWebKit/537.36 (KHTML, like Gecko; compatible; GPTBot/1.2; +https://openai.com/gptbot)"
20.171.207.25 - - [10/Sep/2025:04:58:37 +0700] "GET /mostbet-casino-onlajn-vhod-v-onlajn-kazino-demo-3/feed/ HTTP/1.0" 200 1655 "-" "Mozilla/5.0 AppleWebKit/537.36 (KHTML, like Gecko; compatible; GPTBot/1.2; +https://openai.com/gptbot)"
20.171.207.25 - - [10/Sep/2025:04:58:40 +0700] "GET /wp-json/oembed/1.0/embed?url=https%3A%2F%2Fvattusacky.vn%2Fsan-pham%2Fhm4000-kim-loai-nang-trong-dat%2F HTTP/1.0" 200 3692 "-" "Mozilla/5.0 AppleWebKit/537.36 (KHTML, like Gecko; compatible; GPTBot/1.2; +https://openai.com/gptbot)"
91.213.188.12 - - [10/Sep/2025:04:58:40 +0700] "POST /xmlrpc.php HTTP/1.0" 200 956 "https://vattusacky.vn" "Mozilla/5.0 (Macintosh; Intel Mac OS X 10_15_7) AppleWebKit/537.36 (KHTML, like Gecko) Chrome/112.0.5615.138 Safari/537.36"
20.171.207.25 - - [10/Sep/2025:04:58:42 +0700] "GET /starda-casino-onlajn-kazino-bonusy-kazino-sloty-2/feed/ HTTP/1.0" 200 1647 "-" "Mozilla/5.0 AppleWebKit/537.36 (KHTML, like Gecko; compatible; GPTBot/1.2; +https://openai.com/gptbot)"
91.213.188.12 - - [10/Sep/2025:04:58:43 +0700] "POST /wp-login.php HTTP/1.0" 200 11730 "https://vattusacky.vn" "Mozilla/5.0 (Windows NT 10.0; Win64; x64) AppleWebKit/537.36 (KHTML, like Gecko) Chrome/126.0.0.0 Safari/537.36 Edg/126.0.0.0"
217.113.194.72 - - [10/Sep/2025:04:58:44 +0700] "GET /exactly-what-is-a-wedding-garter/feed/ HTTP/1.0" 200 1694 "-" "Mozilla/5.0 (compatible; Barkrowler/0.9; +https://babbar.tech/crawler)"
20.171.207.25 - - [10/Sep/2025:04:58:45 +0700] "GET /wp-json/oembed/1.0/embed?url=https%3A%2F%2Fvattusacky.vn%2Fthe-pros-and-cons-of-anonymity-on-omegle-and-ometv%2F HTTP/1.0" 200 3442 "-" "Mozilla/5.0 AppleWebKit/537.36 (KHTML, like Gecko; compatible; GPTBot/1.2; +https://openai.com/gptbot)"
142.44.233.81 - - [10/Sep/2025:04:58:47 +0700] "GET /sitemap_index.xml HTTP/1.0" 200 2426 "-" "Mozilla/5.0 (compatible; AhrefsBot/7.0; +http://ahrefs.com/robot/)"
20.171.207.25 - - [10/Sep/2025:04:58:47 +0700] "GET /wp-json/oembed/1.0/embed?url=https%3A%2F%2Fvattusacky.vn%2Fexploring-the-gender-dynamics-of-omegle-and-ometv-a-study-on-user-behavior%2F HTTP/1.0" 200 3594 "-" "Mozilla/5.0 AppleWebKit/537.36 (KHTML, like Gecko; compatible; GPTBot/1.2; +https://openai.com/gptbot)"
20.171.207.25 - - [10/Sep/2025:04:58:49 +0700] "GET /wp-json/oembed/1.0/embed?url=https%3A%2F%2Fvattusacky.vn%2F15-online-dating-etiquette-rules-you-have-to-know%2F HTTP/1.0" 200 3470 "-" "Mozilla/5.0 AppleWebKit/537.36 (KHTML, like Gecko; compatible; GPTBot/1.2; +https://openai.com/gptbot)"
20.171.207.25 - - [10/Sep/2025:04:58:52 +0700] "GET /slot-gacor-rans4d-eksplorasi-fitur-fitur-menarik/feed/ HTTP/1.0" 200 1598 "-" "Mozilla/5.0 AppleWebKit/537.36 (KHTML, like Gecko; compatible; GPTBot/1.2; +https://openai.com/gptbot)"
20.171.207.25 - - [10/Sep/2025:04:58:53 +0700] "GET /wp-json/oembed/1.0/embed?url=https%3A%2F%2Fvattusacky.vn%2Fleading-10-concerns-folks-now-have-bingo-close-to%2F HTTP/1.0" 200 3405 "-" "Mozilla/5.0 AppleWebKit/537.36 (KHTML, like Gecko; compatible; GPTBot/1.2; +https://openai.com/gptbot)"
20.171.207.25 - - [10/Sep/2025:04:58:55 +0700] "GET /paypal-casino-casino-boni-virtuelles-roulette-2/feed/ HTTP/1.0" 200 1603 "-" "Mozilla/5.0 AppleWebKit/537.36 (KHTML, like Gecko; compatible; GPTBot/1.2; +https://openai.com/gptbot)"
20.171.207.25 - - [10/Sep/2025:04:58:57 +0700] "GET /wp-json/oembed/1.0/embed?url=https%3A%2F%2Fvattusacky.vn%2Ffactors-influencing-anonymity-and-authenticity-on-omegle-a-user-perspective%2F HTTP/1.0" 200 3629 "-" "Mozilla/5.0 AppleWebKit/537.36 (KHTML, like Gecko; compatible; GPTBot/1.2; +https://openai.com/gptbot)"
15.235.98.193 - - [10/Sep/2025:04:58:50 +0700] "GET /post-sitemap.xml HTTP/1.0" 500 3278 "-" "Mozilla/5.0 (compatible; AhrefsBot/7.0; +http://ahrefs.com/robot/)"
20.171.207.25 - - [10/Sep/2025:04:58:59 +0700] "GET /wp-json/oembed/1.0/embed?url=https%3A%2F%2Fvattusacky.vn%2Fexploring-user-personalization-features-in-omegle-and-ometvs-user-interface%2F HTTP/1.0" 200 3631 "-" "Mozilla/5.0 AppleWebKit/537.36 (KHTML, like Gecko; compatible; GPTBot/1.2; +https://openai.com/gptbot)"
20.171.207.25 - - [10/Sep/2025:04:59:02 +0700] "GET /how-to-choose-a-bed/feed/ HTTP/1.0" 200 1508 "-" "Mozilla/5.0 AppleWebKit/537.36 (KHTML, like Gecko; compatible; GPTBot/1.2; +https://openai.com/gptbot)"
217.113.194.75 - - [10/Sep/2025:04:59:03 +0700] "GET /exactly-what-is-a-sugar-understanding/ HTTP/1.0" 200 208206 "-" "Mozilla/5.0 (compatible; Barkrowler/0.9; +https://babbar.tech/crawler)"
20.171.207.25 - - [10/Sep/2025:04:59:04 +0700] "GET /wp-json/oembed/1.0/embed?url=https%3A%2F%2Fvattusacky.vn%2Flezzetli-eker-spinleri-sugar-rush-slotunun-5%2F HTTP/1.0" 200 3664 "-" "Mozilla/5.0 AppleWebKit/537.36 (KHTML, like Gecko; compatible; GPTBot/1.2; +https://openai.com/gptbot)"
54.39.89.160 - - [10/Sep/2025:04:59:01 +0700] "GET /post-sitemap2.xml HTTP/1.0" 200 158032 "-" "Mozilla/5.0 (compatible; AhrefsBot/7.0; +http://ahrefs.com/robot/)"
20.171.207.25 - - [10/Sep/2025:04:59:06 +0700] "GET /wp-json/oembed/1.0/embed?url=https%3A%2F%2Fvattusacky.vn%2F9-finest-backpage-alternatives-no-cost-to-try%2F HTTP/1.0" 200 3430 "-" "Mozilla/5.0 AppleWebKit/537.36 (KHTML, like Gecko; compatible; GPTBot/1.2; +https://openai.com/gptbot)"
20.171.207.25 - - [10/Sep/2025:04:59:08 +0700] "GET /wp-json/oembed/1.0/embed?url=https%3A%2F%2Fvattusacky.vn%2Fsan-pham%2Fmay-quang-pho-aqualytic-duc-phan-tich-nuoc-al800%2F HTTP/1.0" 200 3825 "-" "Mozilla/5.0 AppleWebKit/537.36 (KHTML, like Gecko; compatible; GPTBot/1.2; +https://openai.com/gptbot)"
54.39.6.163 - - [10/Sep/2025:04:59:09 +0700] "GET /post-sitemap3.xml HTTP/1.0" 200 155802 "-" "Mozilla/5.0 (compatible; AhrefsBot/7.0; +http://ahrefs.com/robot/)"
20.171.207.25 - - [10/Sep/2025:04:59:11 +0700] "GET /lhistoire-de-match-com-de-1993-a-ces-jours/feed/ HTTP/1.0" 200 1590 "-" "Mozilla/5.0 AppleWebKit/537.36 (KHTML, like Gecko; compatible; GPTBot/1.2; +https://openai.com/gptbot)"
20.171.207.25 - - [10/Sep/2025:04:59:13 +0700] "GET /quantracmoitruongbien/feed/ HTTP/1.0" 200 1569 "-" "Mozilla/5.0 AppleWebKit/537.36 (KHTML, like Gecko; compatible; GPTBot/1.2; +https://openai.com/gptbot)"
20.171.207.25 - - [10/Sep/2025:04:59:14 +0700] "GET /wp-json/oembed/1.0/embed?url=https%3A%2F%2Fvattusacky.vn%2Fhow-can-you-get-the-casinos-logo-on-your-computer-screen%2F HTTP/1.0" 200 3452 "-" "Mozilla/5.0 AppleWebKit/537.36 (KHTML, like Gecko; compatible; GPTBot/1.2; +https://openai.com/gptbot)"
54.39.136.72 - - [10/Sep/2025:04:59:14 +0700] "GET /post-sitemap4.xml HTTP/1.0" 200 157863 "-" "Mozilla/5.0 (compatible; AhrefsBot/7.0; +http://ahrefs.com/robot/)"
45.117.177.72 - - [10/Sep/2025:04:59:17 +0700] "POST /wp-cron.php?doing_wp_cron=1757455157.7751638889312744140625 HTTP/1.0" 200 416 "-" "WordPress/6.8.1; https://vattusacky.vn"
20.171.207.25 - - [10/Sep/2025:04:59:16 +0700] "GET /wp-json/oembed/1.0/embed?url=https%3A%2F%2Fvattusacky.vn%2Fessay-writing-made-easy-learn-how-to-write-an-essay-online%2F HTTP/1.0" 200 3463 "-" "Mozilla/5.0 AppleWebKit/537.36 (KHTML, like Gecko; compatible; GPTBot/1.2; +https://openai.com/gptbot)"
20.171.207.25 - - [10/Sep/2025:04:59:18 +0700] "GET /wp-json/oembed/1.0/embed?url=https%3A%2F%2Fvattusacky.vn%2Fthe-role-of-networking-in-social-change-on-omegle-and-ometv%2F HTTP/1.0" 200 3496 "-" "Mozilla/5.0 AppleWebKit/537.36 (KHTML, like Gecko; compatible; GPTBot/1.2; +https://openai.com/gptbot)"
20.171.207.25 - - [10/Sep/2025:04:59:20 +0700] "GET /wp-json/oembed/1.0/embed?url=https%3A%2F%2Fvattusacky.vn%2Fsigns-and-symptoms-of-omegle-addiction-what-to-look-out-for%2F HTTP/1.0" 200 3480 "-" "Mozilla/5.0 AppleWebKit/537.36 (KHTML, like Gecko; compatible; GPTBot/1.2; +https://openai.com/gptbot)"
167.114.139.65 - - [10/Sep/2025:04:59:19 +0700] "GET /post-sitemap5.xml HTTP/1.0" 200 159938 "-" "Mozilla/5.0 (compatible; AhrefsBot/7.0; +http://ahrefs.com/robot/)"
20.171.207.25 - - [10/Sep/2025:04:59:22 +0700] "GET /wp-json/oembed/1.0/embed?url=https%3A%2F%2Fvattusacky.vn%2Fslot-gacor-rahasia-menang-besar-di-dunia-permainan-slot-online%2F HTTP/1.0" 200 3554 "-" "Mozilla/5.0 AppleWebKit/537.36 (KHTML, like Gecko; compatible; GPTBot/1.2; +https://openai.com/gptbot)"
20.171.207.25 - - [10/Sep/2025:04:59:24 +0700] "GET /wp-json/oembed/1.0/embed?url=https%3A%2F%2Fvattusacky.vn%2Fparimatch-onboards-elli-avrram-as-its-new-model-34%2F HTTP/1.0" 200 3466 "-" "Mozilla/5.0 AppleWebKit/537.36 (KHTML, like Gecko; compatible; GPTBot/1.2; +https://openai.com/gptbot)"
148.113.128.98 - - [10/Sep/2025:04:59:25 +0700] "GET /post-sitemap6.xml HTTP/1.0" 200 42210 "-" "Mozilla/5.0 (compatible; AhrefsBot/7.0; +http://ahrefs.com/robot/)"
20.171.207.25 - - [10/Sep/2025:04:59:26 +0700] "GET /wp-json/oembed/1.0/embed?url=https%3A%2F%2Fvattusacky.vn%2Farrange-a-1xbet-fashionable-software-with-no-8%2F HTTP/1.0" 200 3423 "-" "Mozilla/5.0 AppleWebKit/537.36 (KHTML, like Gecko; compatible; GPTBot/1.2; +https://openai.com/gptbot)"
20.171.207.25 - - [10/Sep/2025:04:59:27 +0700] "GET /wp-json/oembed/1.0/embed?url=https%3A%2F%2Fvattusacky.vn%2Fall-unique-sports-activities-betting-on-line-on-25%2F HTTP/1.0" 200 3445 "-" "Mozilla/5.0 AppleWebKit/537.36 (KHTML, like Gecko; compatible; GPTBot/1.2; +https://openai.com/gptbot)"
51.161.37.160 - - [10/Sep/2025:04:59:29 +0700] "GET /page-sitemap.xml HTTP/1.0" 200 1873 "-" "Mozilla/5.0 (compatible; AhrefsBot/7.0; +http://ahrefs.com/robot/)"
20.171.207.25 - - [10/Sep/2025:04:59:30 +0700] "GET /pin-up-top-kazino-rabochee-zerkalo-vhod-kazino-2/feed/ HTTP/1.0" 200 1655 "-" "Mozilla/5.0 AppleWebKit/537.36 (KHTML, like Gecko; compatible; GPTBot/1.2; +https://openai.com/gptbot)"
20.171.207.25 - - [10/Sep/2025:04:59:32 +0700] "GET /wp-json/oembed/1.0/embed?url=https%3A%2F%2Fvattusacky.vn%2F1xbet-casino-realnye-promokody-live-kazino-v-4%2F HTTP/1.0" 200 5545 "-" "Mozilla/5.0 AppleWebKit/537.36 (KHTML, like Gecko; compatible; GPTBot/1.2; +https://openai.com/gptbot)"
217.113.194.78 - - [10/Sep/2025:04:59:32 +0700] "GET /safety-precautions-for-omegle-video-chat/feed/ HTTP/1.0" 200 1717 "-" "Mozilla/5.0 (compatible; Barkrowler/0.9; +https://babbar.tech/crawler)"
20.171.207.25 - - [10/Sep/2025:04:59:35 +0700] "GET /wp-json/oembed/1.0/embed?url=https%3A%2F%2Fvattusacky.vn%2F17-powerful-ways-to-learn-project-management%2F HTTP/1.0" 200 3574 "-" "Mozilla/5.0 AppleWebKit/537.36 (KHTML, like Gecko; compatible; GPTBot/1.2; +https://openai.com/gptbot)"
20.171.207.25 - - [10/Sep/2025:04:59:37 +0700] "GET /wp-json/oembed/1.0/embed?url=https%3A%2F%2Fvattusacky.vn%2Fxiaomi-poco-f1-flash-file-stock-firmware-gsmdaddy-4%2F HTTP/1.0" 200 3556 "-" "Mozilla/5.0 AppleWebKit/537.36 (KHTML, like Gecko; compatible; GPTBot/1.2; +https://openai.com/gptbot)"
54.39.6.246 - - [10/Sep/2025:04:59:32 +0700] "GET /attachment-sitemap.xml HTTP/1.0" 200 72345 "-" "Mozilla/5.0 (compatible; AhrefsBot/7.0; +http://ahrefs.com/robot/)"
20.171.207.25 - - [10/Sep/2025:04:59:38 +0700] "GET /wp-json/oembed/1.0/embed?url=https%3A%2F%2Fvattusacky.vn%2F1xbet-casino-android-apk-ios-zerkalo-oficialnyj-3%2F HTTP/1.0" 200 5423 "-" "Mozilla/5.0 AppleWebKit/537.36 (KHTML, like Gecko; compatible; GPTBot/1.2; +https://openai.com/gptbot)"
20.171.207.25 - - [10/Sep/2025:04:59:40 +0700] "GET /wp-json/oembed/1.0/embed?url=https%3A%2F%2Fvattusacky.vn%2Fgk-obuv-kazahstana-s-nachala-goda-otkryla-bolee-90%2F HTTP/1.0" 200 6141 "-" "Mozilla/5.0 AppleWebKit/537.36 (KHTML, like Gecko; compatible; GPTBot/1.2; +https://openai.com/gptbot)"
20.171.207.25 - - [10/Sep/2025:04:59:42 +0700] "GET /wp-json/oembed/1.0/embed?url=https%3A%2F%2Fvattusacky.vn%2Fmake-hassle-free-deposits-and-withdrawals-on-payid-325%2F HTTP/1.0" 200 3587 "-" "Mozilla/5.0 AppleWebKit/537.36 (KHTML, like Gecko; compatible; GPTBot/1.2; +https://openai.com/gptbot)"
54.39.136.24 - - [10/Sep/2025:04:59:40 +0700] "GET /product-sitemap.xml HTTP/1.0" 200 51048 "-" "Mozilla/5.0 (compatible; AhrefsBot/7.0; +http://ahrefs.com/robot/)"
20.171.207.25 - - [10/Sep/2025:04:59:44 +0700] "GET /wp-json/oembed/1.0/embed?url=https%3A%2F%2Fvattusacky.vn%2Fdambulla-viiking-cricket-group-sri-lanka-45%2F HTTP/1.0" 200 3375 "-" "Mozilla/5.0 AppleWebKit/537.36 (KHTML, like Gecko; compatible; GPTBot/1.2; +https://openai.com/gptbot)"
148.113.130.139 - - [10/Sep/2025:04:59:46 +0700] "GET /category-sitemap.xml HTTP/1.0" 200 24564 "-" "Mozilla/5.0 (compatible; AhrefsBot/7.0; +http://ahrefs.com/robot/)"
20.171.207.25 - - [10/Sep/2025:04:59:46 +0700] "GET /wp-json/oembed/1.0/embed?url=https%3A%2F%2Fvattusacky.vn%2Fkiss-me-25-songs-that-celebrate-global-kissing-day%2F HTTP/1.0" 200 3465 "-" "Mozilla/5.0 AppleWebKit/537.36 (KHTML, like Gecko; compatible; GPTBot/1.2; +https://openai.com/gptbot)"
20.171.207.25 - - [10/Sep/2025:04:59:47 +0700] "GET /wp-json/oembed/1.0/embed?url=https%3A%2F%2Fvattusacky.vn%2Fecb-clears-brendon-mccullum-of-corruption-over-his-166%2F HTTP/1.0" 200 3561 "-" "Mozilla/5.0 AppleWebKit/537.36 (KHTML, like Gecko; compatible; GPTBot/1.2; +https://openai.com/gptbot)"
51.222.95.41 - - [10/Sep/2025:04:59:49 +0700] "GET /post_tag-sitemap.xml HTTP/1.0" 200 12903 "-" "Mozilla/5.0 (compatible; AhrefsBot/7.0; +http://ahrefs.com/robot/)"
20.171.207.25 - - [10/Sep/2025:04:59:49 +0700] "GET /wp-json/oembed/1.0/embed?url=https%3A%2F%2Fvattusacky.vn%2Fcasino-1xbet-spain-hasta-1-five-hundred-bono-de-bienvenida%2F HTTP/1.0" 200 3537 "-" "Mozilla/5.0 AppleWebKit/537.36 (KHTML, like Gecko; compatible; GPTBot/1.2; +https://openai.com/gptbot)"
217.113.194.76 - - [10/Sep/2025:04:59:50 +0700] "GET /omegle-vs-ometv-which-is-better/ HTTP/1.0" 200 88770 "-" "Mozilla/5.0 (compatible; Barkrowler/0.9; +https://babbar.tech/crawler)"
20.171.207.25 - - [10/Sep/2025:04:59:51 +0700] "GET /wp-json/oembed/1.0/embed?url=https%3A%2F%2Fvattusacky.vn%2F1xbet-top-kazino-luchshie-onlajn-avtomaty-live-2%2F HTTP/1.0" 200 5722 "-" "Mozilla/5.0 AppleWebKit/537.36 (KHTML, like Gecko; compatible; GPTBot/1.2; +https://openai.com/gptbot)"
51.161.65.9 - - [10/Sep/2025:04:59:52 +0700] "GET /product_cat-sitemap.xml HTTP/1.0" 200 8595 "-" "Mozilla/5.0 (compatible; AhrefsBot/7.0; +http://ahrefs.com/robot/)"
20.171.207.25 - - [10/Sep/2025:04:59:53 +0700] "GET /wp-json/oembed/1.0/embed?url=https%3A%2F%2Fvattusacky.vn%2Fmake-hassle-free-deposit-and-withdrawals-on-payid-281%2F HTTP/1.0" 200 3535 "-" "Mozilla/5.0 AppleWebKit/537.36 (KHTML, like Gecko; compatible; GPTBot/1.2; +https://openai.com/gptbot)"
20.171.207.25 - - [10/Sep/2025:04:59:54 +0700] "GET /wp-json/oembed/1.0/embed?url=https%3A%2F%2Fvattusacky.vn%2F13-best-completely-free-on-line-courting-sites%2F HTTP/1.0" 200 3520 "-" "Mozilla/5.0 AppleWebKit/537.36 (KHTML, like Gecko; compatible; GPTBot/1.2; +https://openai.com/gptbot)"
54.39.210.245 - - [10/Sep/2025:04:59:55 +0700] "GET /product_tag-sitemap.xml HTTP/1.0" 200 28520 "-" "Mozilla/5.0 (compatible; AhrefsBot/7.0; +http://ahrefs.com/robot/)"
20.171.207.25 - - [10/Sep/2025:04:59:56 +0700] "GET /wp-json/oembed/1.0/embed?url=https%3A%2F%2Fvattusacky.vn%2Falman-bahis-girnecasino-50-tl-deneme-bonusu-bahis%2F HTTP/1.0" 200 3775 "-" "Mozilla/5.0 AppleWebKit/537.36 (KHTML, like Gecko; compatible; GPTBot/1.2; +https://openai.com/gptbot)"
20.171.207.25 - - [10/Sep/2025:04:59:58 +0700] "GET /wp-json/oembed/1.0/embed?url=https%3A%2F%2Fvattusacky.vn%2Foriental-dating-internet-site-100-totally-free-asian-females%2F HTTP/1.0" 200 3479 "-" "Mozilla/5.0 AppleWebKit/537.36 (KHTML, like Gecko; compatible; GPTBot/1.2; +https://openai.com/gptbot)"
20.171.207.25 - - [10/Sep/2025:05:00:00 +0700] "GET /1xbet-vhod-1xbet-aktualnoe-zerkalo-na-den-novosti-igry-obzory-prohozhdenie-video-skrinshoty-obsuzhdenie/feed/ HTTP/1.0" 200 1844 "-" "Mozilla/5.0 AppleWebKit/537.36 (KHTML, like Gecko; compatible; GPTBot/1.2; +https://openai.com/gptbot)"
20.171.207.25 - - [10/Sep/2025:05:00:02 +0700] "GET /wp-json/oembed/1.0/embed?url=https%3A%2F%2Fvattusacky.vn%2Fsan-pham%2Fbo-hieu-chuan-luu-luong-thap-va-trung-binh%2F HTTP/1.0" 200 3905 "-" "Mozilla/5.0 AppleWebKit/537.36 (KHTML, like Gecko; compatible; GPTBot/1.2; +https://openai.com/gptbot)"
20.171.207.25 - - [10/Sep/2025:05:00:03 +0700] "GET /cryptocurrency-the-10-best-cryptos-to-mine-in-2022/feed/ HTTP/1.0" 200 1623 "-" "Mozilla/5.0 AppleWebKit/537.36 (KHTML, like Gecko; compatible; GPTBot/1.2; +https://openai.com/gptbot)"
20.171.207.25 - - [10/Sep/2025:05:00:05 +0700] "GET /obzor-igry-play2x-igrat-onlajn-na-oficialnom-sajte/feed/ HTTP/1.0" 200 1650 "-" "Mozilla/5.0 AppleWebKit/537.36 (KHTML, like Gecko; compatible; GPTBot/1.2; +https://openai.com/gptbot)"
20.171.207.25 - - [10/Sep/2025:05:00:06 +0700] "GET /wp-json/oembed/1.0/embed?url=https%3A%2F%2Fvattusacky.vn%2F1xbet-bukmekerskaja-kontora-obzor-otzyvy-bonusy-i-rabochee-zerkalo-1xbe%2F HTTP/1.0" 200 5519 "-" "Mozilla/5.0 AppleWebKit/537.36 (KHTML, like Gecko; compatible; GPTBot/1.2; +https://openai.com/gptbot)"
20.171.207.25 - - [10/Sep/2025:05:00:09 +0700] "GET /wp-json/oembed/1.0/embed?url=https%3A%2F%2Fvattusacky.vn%2Fkaufen-micardis-40-mg-niedrigste-kosten-online-apotheke-in-regensburg%2F HTTP/1.0" 200 3714 "-" "Mozilla/5.0 AppleWebKit/537.36 (KHTML, like Gecko; compatible; GPTBot/1.2; +https://openai.com/gptbot)"
20.171.207.25 - - [10/Sep/2025:05:00:11 +0700] "GET /seeking-arrangements-review/feed/ HTTP/1.0" 200 1532 "-" "Mozilla/5.0 AppleWebKit/537.36 (KHTML, like Gecko; compatible; GPTBot/1.2; +https://openai.com/gptbot)"
217.113.194.217 - - [10/Sep/2025:05:00:12 +0700] "GET /omegle-vs-ometv-a-comparison/feed/ HTTP/1.0" 200 1681 "-" "Mozilla/5.0 (compatible; Barkrowler/0.9; +https://babbar.tech/crawler)"
20.171.207.25 - - [10/Sep/2025:05:00:12 +0700] "GET /folders-sharing-support-review/feed HTTP/1.0" 301 578 "-" "Mozilla/5.0 AppleWebKit/537.36 (KHTML, like Gecko; compatible; GPTBot/1.2; +https://openai.com/gptbot)"
20.171.207.25 - - [10/Sep/2025:05:00:14 +0700] "GET /folders-sharing-support-review/feed/ HTTP/1.0" 200 1541 "-" "Mozilla/5.0 AppleWebKit/537.36 (KHTML, like Gecko; compatible; GPTBot/1.2; +https://openai.com/gptbot)"
45.117.177.72 - - [10/Sep/2025:05:00:18 +0700] "POST /wp-cron.php?doing_wp_cron=1757455218.3855841159820556640625 HTTP/1.0" 200 416 "-" "WordPress/6.8.1; https://vattusacky.vn"
20.171.207.25 - - [10/Sep/2025:05:00:17 +0700] "GET /wp-json/oembed/1.0/embed?url=https%3A%2F%2Fvattusacky.vn%2Fhow-to-navigating-awkward-situations-on-omegle-and-ometv%2F HTTP/1.0" 200 3482 "-" "Mozilla/5.0 AppleWebKit/537.36 (KHTML, like Gecko; compatible; GPTBot/1.2; +https://openai.com/gptbot)"
20.171.207.25 - - [10/Sep/2025:05:00:19 +0700] "GET /wp-json/oembed/1.0/embed?url=https%3A%2F%2Fvattusacky.vn%2Fomegle-vs-ometv-a-closer-look-at-features-and-functionality%2F HTTP/1.0" 200 3489 "-" "Mozilla/5.0 AppleWebKit/537.36 (KHTML, like Gecko; compatible; GPTBot/1.2; +https://openai.com/gptbot)"
20.171.207.25 - - [10/Sep/2025:05:00:22 +0700] "GET /wp-json/oembed/1.0/embed?url=https%3A%2F%2Fvattusacky.vn%2Fhidden-gems-discovering-unique-talents-on-omegle-and-ometv%2F HTTP/1.0" 200 3502 "-" "Mozilla/5.0 AppleWebKit/537.36 (KHTML, like Gecko; compatible; GPTBot/1.2; +https://openai.com/gptbot)"
20.171.207.25 - - [10/Sep/2025:05:00:24 +0700] "GET /wp-json/oembed/1.0/embed?url=https%3A%2F%2Fvattusacky.vn%2Facross-the-world-dating-how-to-find-absolutely-adore-abroad%2F HTTP/1.0" 200 3647 "-" "Mozilla/5.0 AppleWebKit/537.36 (KHTML, like Gecko; compatible; GPTBot/1.2; +https://openai.com/gptbot)"
20.171.207.25 - - [10/Sep/2025:05:00:25 +0700] "GET /wp-json/oembed/1.0/embed?url=https%3A%2F%2Fvattusacky.vn%2Fomegle-and-online-dating-finding-love-in-unexpected-places%2F HTTP/1.0" 200 3488 "-" "Mozilla/5.0 AppleWebKit/537.36 (KHTML, like Gecko; compatible; GPTBot/1.2; +https://openai.com/gptbot)"
20.171.207.25 - - [10/Sep/2025:05:00:27 +0700] "GET /wp-json/oembed/1.0/embed?url=https%3A%2F%2Fvattusacky.vn%2Fthe-enigma-of-omegle-delving-into-its-intriguing-nature%2F HTTP/1.0" 200 3463 "-" "Mozilla/5.0 AppleWebKit/537.36 (KHTML, like Gecko; compatible; GPTBot/1.2; +https://openai.com/gptbot)"
20.171.207.25 - - [10/Sep/2025:05:00:29 +0700] "GET /wp-json/oembed/1.0/embed?url=https%3A%2F%2Fvattusacky.vn%2Fdiscovering-the-magic-of-friendship-and-romance-in-omelove%2F HTTP/1.0" 200 3516 "-" "Mozilla/5.0 AppleWebKit/537.36 (KHTML, like Gecko; compatible; GPTBot/1.2; +https://openai.com/gptbot)"
20.171.207.25 - - [10/Sep/2025:05:00:31 +0700] "GET /wp-json/oembed/1.0/embed?url=https%3A%2F%2Fvattusacky.vn%2Ffrom-trolls-to-friends-the-anonymity-equation-on-omegle%2F HTTP/1.0" 200 3496 "-" "Mozilla/5.0 AppleWebKit/537.36 (KHTML, like Gecko; compatible; GPTBot/1.2; +https://openai.com/gptbot)"
217.113.194.75 - - [10/Sep/2025:05:00:31 +0700] "GET /omegles-role-in-breaking-language-barriers/ HTTP/1.0" 200 90680 "-" "Mozilla/5.0 (compatible; Barkrowler/0.9; +https://babbar.tech/crawler)"
20.171.207.25 - - [10/Sep/2025:05:00:33 +0700] "GET /wp-json/oembed/1.0/embed?url=https%3A%2F%2Fvattusacky.vn%2Fthe-role-of-anonymity-in-fostering-compassion-on-omegle%2F HTTP/1.0" 200 3481 "-" "Mozilla/5.0 AppleWebKit/537.36 (KHTML, like Gecko; compatible; GPTBot/1.2; +https://openai.com/gptbot)"
20.171.207.25 - - [10/Sep/2025:05:00:35 +0700] "GET /wp-json/oembed/1.0/embed?url=https%3A%2F%2Fvattusacky.vn%2Fthe-allure-of-anonymity-unmasking-the-appeal-of-omegle%2F HTTP/1.0" 200 3456 "-" "Mozilla/5.0 AppleWebKit/537.36 (KHTML, like Gecko; compatible; GPTBot/1.2; +https://openai.com/gptbot)"
20.171.207.25 - - [10/Sep/2025:05:00:39 +0700] "GET /wp-json/oembed/1.0/embed?url=https%3A%2F%2Fvattusacky.vn%2Fomegle-as-a-platform-for-language-exchange-and-practice%2F HTTP/1.0" 200 3464 "-" "Mozilla/5.0 AppleWebKit/537.36 (KHTML, like Gecko; compatible; GPTBot/1.2; +https://openai.com/gptbot)"
20.171.207.25 - - [10/Sep/2025:05:00:41 +0700] "GET /wp-json/oembed/1.0/embed?url=https%3A%2F%2Fvattusacky.vn%2Fbenefits-of-connecting-with-others-on-omegle-and-ometv%2F HTTP/1.0" 200 3478 "-" "Mozilla/5.0 AppleWebKit/537.36 (KHTML, like Gecko; compatible; GPTBot/1.2; +https://openai.com/gptbot)"
20.171.207.25 - - [10/Sep/2025:05:00:43 +0700] "GET /wp-json/oembed/1.0/embed?url=https%3A%2F%2Fvattusacky.vn%2Fthe-impact-of-human-connection-in-omegles-social-experiment%2F HTTP/1.0" 200 3535 "-" "Mozilla/5.0 AppleWebKit/537.36 (KHTML, like Gecko; compatible; GPTBot/1.2; +https://openai.com/gptbot)"
20.171.207.25 - - [10/Sep/2025:05:00:45 +0700] "GET /wp-json/oembed/1.0/embed?url=https%3A%2F%2Fvattusacky.vn%2Fthe-role-of-online-communities-in-omegles-social-experiment%2F HTTP/1.0" 200 3530 "-" "Mozilla/5.0 AppleWebKit/537.36 (KHTML, like Gecko; compatible; GPTBot/1.2; +https://openai.com/gptbot)"
20.171.207.25 - - [10/Sep/2025:05:00:47 +0700] "GET /wp-json/oembed/1.0/embed?url=https%3A%2F%2Fvattusacky.vn%2Fplay-for-free-slot-machines-online-slots-at-casinos%2F HTTP/1.0" 200 3445 "-" "Mozilla/5.0 AppleWebKit/537.36 (KHTML, like Gecko; compatible; GPTBot/1.2; +https://openai.com/gptbot)"
20.171.207.25 - - [10/Sep/2025:05:00:49 +0700] "GET /wp-json/oembed/1.0/embed?url=https%3A%2F%2Fvattusacky.vn%2Fserendipity-and-the-art-of-storytelling-on-omegle-and-ometv%2F HTTP/1.0" 200 3504 "-" "Mozilla/5.0 AppleWebKit/537.36 (KHTML, like Gecko; compatible; GPTBot/1.2; +https://openai.com/gptbot)"
20.171.207.25 - - [10/Sep/2025:05:00:51 +0700] "GET /wp-json/oembed/1.0/embed?url=https%3A%2F%2Fvattusacky.vn%2Ftips-and-tricks-for-using-omegle-and-ometv-effectively%2F HTTP/1.0" 200 3432 "-" "Mozilla/5.0 AppleWebKit/537.36 (KHTML, like Gecko; compatible; GPTBot/1.2; +https://openai.com/gptbot)"
45.117.177.72 - - [10/Sep/2025:05:00:56 +0700] "POST /wp-cron.php?doing_wp_cron=1757455255.8439350128173828125000 HTTP/1.0" 200 416 "-" "WordPress/6.8.1; https://vattusacky.vn"
20.171.207.25 - - [10/Sep/2025:05:00:54 +0700] "GET /wp-json/oembed/1.0/embed?url=https%3A%2F%2Fvattusacky.vn%2Fthe-thrill-of-the-unknown-embracing-uncertainty-on-omegle%2F HTTP/1.0" 200 3469 "-" "Mozilla/5.0 AppleWebKit/537.36 (KHTML, like Gecko; compatible; GPTBot/1.2; +https://openai.com/gptbot)"
217.113.194.78 - - [10/Sep/2025:05:00:55 +0700] "GET /omegles-role-in-supporting-mental-health/ HTTP/1.0" 200 86412 "-" "Mozilla/5.0 (compatible; Barkrowler/0.9; +https://babbar.tech/crawler)"
20.171.207.25 - - [10/Sep/2025:05:00:56 +0700] "GET /wp-json/oembed/1.0/embed?url=https%3A%2F%2Fvattusacky.vn%2Fthe-dark-side-of-omegle-illegal-activities-and-exploitation%2F HTTP/1.0" 200 3482 "-" "Mozilla/5.0 AppleWebKit/537.36 (KHTML, like Gecko; compatible; GPTBot/1.2; +https://openai.com/gptbot)"
20.171.207.25 - - [10/Sep/2025:05:00:58 +0700] "GET /wp-json/oembed/1.0/embed?url=https%3A%2F%2Fvattusacky.vn%2Ftips-for-effective-communication-on-omegle-and-ometv%2F HTTP/1.0" 200 3497 "-" "Mozilla/5.0 AppleWebKit/537.36 (KHTML, like Gecko; compatible; GPTBot/1.2; +https://openai.com/gptbot)"
20.171.207.25 - - [10/Sep/2025:05:01:01 +0700] "GET /wp-json/oembed/1.0/embed?url=https%3A%2F%2Fvattusacky.vn%2Fa-touch-of-comedy-hilarious-encounters-on-omegle-and-ometv%2F HTTP/1.0" 200 3520 "-" "Mozilla/5.0 AppleWebKit/537.36 (KHTML, like Gecko; compatible; GPTBot/1.2; +https://openai.com/gptbot)"
20.171.207.25 - - [10/Sep/2025:05:01:03 +0700] "GET /wp-json/oembed/1.0/embed?url=https%3A%2F%2Fvattusacky.vn%2Fexploring-serendipity-in-a-world-of-digital-connection%2F HTTP/1.0" 200 3501 "-" "Mozilla/5.0 AppleWebKit/537.36 (KHTML, like Gecko; compatible; GPTBot/1.2; +https://openai.com/gptbot)"
107.189.31.215 - - [10/Sep/2025:05:01:04 +0700] "GET /wp-login.php HTTP/1.0" 200 11388 "-" "Mozilla/5.0 (Windows NT 6.1; WOW64; Trident/7.0; rv:11.0) like Gecko"
20.171.207.25 - - [10/Sep/2025:05:01:04 +0700] "GET /wp-json/oembed/1.0/embed?url=https%3A%2F%2Fvattusacky.vn%2Festablishing-a-professional-network-on-omegle-and-ometv%2F HTTP/1.0" 200 3490 "-" "Mozilla/5.0 AppleWebKit/537.36 (KHTML, like Gecko; compatible; GPTBot/1.2; +https://openai.com/gptbot)"
20.171.207.25 - - [10/Sep/2025:05:01:06 +0700] "GET /wp-json/oembed/1.0/embed?url=https%3A%2F%2Fvattusacky.vn%2Fconnecting-with-the-world-omegles-role-in-cultural-exchange%2F HTTP/1.0" 200 3485 "-" "Mozilla/5.0 AppleWebKit/537.36 (KHTML, like Gecko; compatible; GPTBot/1.2; +https://openai.com/gptbot)"
20.171.207.25 - - [10/Sep/2025:05:01:09 +0700] "GET /wp-json/oembed/1.0/embed?url=https%3A%2F%2Fvattusacky.vn%2Fserendipity-as-a-form-of-exploration-and-adventure-online%2F HTTP/1.0" 200 3488 "-" "Mozilla/5.0 AppleWebKit/537.36 (KHTML, like Gecko; compatible; GPTBot/1.2; +https://openai.com/gptbot)"
20.171.207.25 - - [10/Sep/2025:05:01:11 +0700] "GET /wp-json/oembed/1.0/embed?url=https%3A%2F%2Fvattusacky.vn%2Fthe-role-of-trust-in-building-lasting-connections-on-omegle%2F HTTP/1.0" 200 3504 "-" "Mozilla/5.0 AppleWebKit/537.36 (KHTML, like Gecko; compatible; GPTBot/1.2; +https://openai.com/gptbot)"
20.171.207.25 - - [10/Sep/2025:05:01:14 +0700] "GET /wp-json/oembed/1.0/embed?url=https%3A%2F%2Fvattusacky.vn%2Funmasking-the-benefits-and-risks-of-anonymity-on-omegle%2F HTTP/1.0" 200 3486 "-" "Mozilla/5.0 AppleWebKit/537.36 (KHTML, like Gecko; compatible; GPTBot/1.2; +https://openai.com/gptbot)"
20.171.207.25 - - [10/Sep/2025:05:01:15 +0700] "GET /wp-json/oembed/1.0/embed?url=https%3A%2F%2Fvattusacky.vn%2Fomegles-role-in-the-age-of-social-distancing-and-isolation%2F HTTP/1.0" 200 3507 "-" "Mozilla/5.0 AppleWebKit/537.36 (KHTML, like Gecko; compatible; GPTBot/1.2; +https://openai.com/gptbot)"
45.117.177.72 - - [10/Sep/2025:05:01:18 +0700] "POST /wp-cron.php?doing_wp_cron=1757455278.9350790977478027343750 HTTP/1.0" 200 416 "-" "WordPress/6.8.1; https://vattusacky.vn"
20.171.207.25 - - [10/Sep/2025:05:01:17 +0700] "GET /wp-json/oembed/1.0/embed?url=https%3A%2F%2Fvattusacky.vn%2Fthe-power-of-collaboration-insights-from-artists-on-omegle%2F HTTP/1.0" 200 3537 "-" "Mozilla/5.0 AppleWebKit/537.36 (KHTML, like Gecko; compatible; GPTBot/1.2; +https://openai.com/gptbot)"
217.113.194.75 - - [10/Sep/2025:05:01:18 +0700] "GET /omegles-role-in-building-global-connections/ HTTP/1.0" 200 90237 "-" "Mozilla/5.0 (compatible; Barkrowler/0.9; +https://babbar.tech/crawler)"
20.171.207.25 - - [10/Sep/2025:05:01:19 +0700] "GET /wp-json/oembed/1.0/embed?url=https%3A%2F%2Fvattusacky.vn%2Fovercoming-shyness-in-networking-on-omegle-and-ometv%2F HTTP/1.0" 200 3447 "-" "Mozilla/5.0 AppleWebKit/537.36 (KHTML, like Gecko; compatible; GPTBot/1.2; +https://openai.com/gptbot)"
20.171.207.25 - - [10/Sep/2025:05:01:21 +0700] "GET /wp-json/oembed/1.0/embed?url=https%3A%2F%2Fvattusacky.vn%2Fthe-impact-of-anonymity-on-online-dating-omegles-influence%2F HTTP/1.0" 200 3550 "-" "Mozilla/5.0 AppleWebKit/537.36 (KHTML, like Gecko; compatible; GPTBot/1.2; +https://openai.com/gptbot)"
20.171.207.25 - - [10/Sep/2025:05:01:23 +0700] "GET /wp-json/oembed/1.0/embed?url=https%3A%2F%2Fvattusacky.vn%2Fbreaking-the-cycle-tips-for-overcoming-omegle-addiction%2F HTTP/1.0" 200 3480 "-" "Mozilla/5.0 AppleWebKit/537.36 (KHTML, like Gecko; compatible; GPTBot/1.2; +https://openai.com/gptbot)"
20.171.207.25 - - [10/Sep/2025:05:01:25 +0700] "GET /wp-json/oembed/1.0/embed?url=https%3A%2F%2Fvattusacky.vn%2Fthe-power-of-storytelling-in-building-connections-on-omegle%2F HTTP/1.0" 200 3527 "-" "Mozilla/5.0 AppleWebKit/537.36 (KHTML, like Gecko; compatible; GPTBot/1.2; +https://openai.com/gptbot)"
20.171.207.25 - - [10/Sep/2025:05:01:27 +0700] "GET /wp-json/oembed/1.0/embed?url=https%3A%2F%2Fvattusacky.vn%2Fthe-impact-of-technology-on-empathy-in-omegle-conversations%2F HTTP/1.0" 200 3551 "-" "Mozilla/5.0 AppleWebKit/537.36 (KHTML, like Gecko; compatible; GPTBot/1.2; +https://openai.com/gptbot)"
20.171.207.25 - - [10/Sep/2025:05:01:29 +0700] "GET /wp-json/oembed/1.0/embed?url=https%3A%2F%2Fvattusacky.vn%2Fthe-funniest-omegle-chats-that-went-viral-on-social-media%2F HTTP/1.0" 200 3508 "-" "Mozilla/5.0 AppleWebKit/537.36 (KHTML, like Gecko; compatible; GPTBot/1.2; +https://openai.com/gptbot)"
20.171.207.25 - - [10/Sep/2025:05:01:31 +0700] "GET /wp-json/oembed/1.0/embed?url=https%3A%2F%2Fvattusacky.vn%2Fthe-role-of-active-listening-in-omegles-social-experiment%2F HTTP/1.0" 200 3560 "-" "Mozilla/5.0 AppleWebKit/537.36 (KHTML, like Gecko; compatible; GPTBot/1.2; +https://openai.com/gptbot)"
20.171.207.25 - - [10/Sep/2025:05:01:33 +0700] "GET /wp-json/oembed/1.0/embed?url=https%3A%2F%2Fvattusacky.vn%2Fwhat-to-do-when-friendship-turns-into-flirtation-on-omegle%2F HTTP/1.0" 200 3466 "-" "Mozilla/5.0 AppleWebKit/537.36 (KHTML, like Gecko; compatible; GPTBot/1.2; +https://openai.com/gptbot)"
20.171.207.25 - - [10/Sep/2025:05:01:36 +0700] "GET /wp-json/oembed/1.0/embed?url=https%3A%2F%2Fvattusacky.vn%2Freporting-and-blocking-features-on-omegle-and-ometv%2F HTTP/1.0" 200 3487 "-" "Mozilla/5.0 AppleWebKit/537.36 (KHTML, like Gecko; compatible; GPTBot/1.2; +https://openai.com/gptbot)"
20.171.207.25 - - [10/Sep/2025:05:01:39 +0700] "GET /wp-json/oembed/1.0/embed?url=https%3A%2F%2Fvattusacky.vn%2Fexploring-language-resources-for-omegle-and-ometv-users%2F HTTP/1.0" 200 3468 "-" "Mozilla/5.0 AppleWebKit/537.36 (KHTML, like Gecko; compatible; GPTBot/1.2; +https://openai.com/gptbot)"
217.113.194.78 - - [10/Sep/2025:05:01:42 +0700] "GET /omegles-role-in-education-and-e-learning/ HTTP/1.0" 200 90324 "-" "Mozilla/5.0 (compatible; Barkrowler/0.9; +https://babbar.tech/crawler)"
20.171.207.25 - - [10/Sep/2025:05:01:43 +0700] "GET /wp-json/oembed/1.0/embed?url=https%3A%2F%2Fvattusacky.vn%2Fthe-evolution-of-anonymous-chatting-from-omegle-to-ometv%2F HTTP/1.0" 200 3508 "-" "Mozilla/5.0 AppleWebKit/537.36 (KHTML, like Gecko; compatible; GPTBot/1.2; +https://openai.com/gptbot)"
20.171.207.25 - - [10/Sep/2025:05:01:45 +0700] "GET /wp-json/oembed/1.0/embed?url=https%3A%2F%2Fvattusacky.vn%2Fanonymity-vs-authenticity-finding-your-voice-on-omegle%2F HTTP/1.0" 200 3481 "-" "Mozilla/5.0 AppleWebKit/537.36 (KHTML, like Gecko; compatible; GPTBot/1.2; +https://openai.com/gptbot)"
20.171.207.25 - - [10/Sep/2025:05:01:47 +0700] "GET /wp-json/oembed/1.0/embed?url=https%3A%2F%2Fvattusacky.vn%2Fthe-responsibility-of-users-to-maintain-safety-on-omegle%2F HTTP/1.0" 200 3471 "-" "Mozilla/5.0 AppleWebKit/537.36 (KHTML, like Gecko; compatible; GPTBot/1.2; +https://openai.com/gptbot)"
20.171.207.25 - - [10/Sep/2025:05:01:49 +0700] "GET /wp-json/oembed/1.0/embed?url=https%3A%2F%2Fvattusacky.vn%2Fthe-allure-of-the-unknown-embracing-the-mystery-on-omegle%2F HTTP/1.0" 200 3450 "-" "Mozilla/5.0 AppleWebKit/537.36 (KHTML, like Gecko; compatible; GPTBot/1.2; +https://openai.com/gptbot)"
20.171.207.25 - - [10/Sep/2025:05:01:51 +0700] "GET /wp-json/oembed/1.0/embed?url=https%3A%2F%2Fvattusacky.vn%2Fthe-impact-of-shared-interests-in-omegles-social-experiment%2F HTTP/1.0" 200 3510 "-" "Mozilla/5.0 AppleWebKit/537.36 (KHTML, like Gecko; compatible; GPTBot/1.2; +https://openai.com/gptbot)"
20.171.207.25 - - [10/Sep/2025:05:01:52 +0700] "GET /wp-json/oembed/1.0/embed?url=https%3A%2F%2Fvattusacky.vn%2Fthe-impact-of-social-media-integration-on-safety-measures%2F HTTP/1.0" 200 3512 "-" "Mozilla/5.0 AppleWebKit/537.36 (KHTML, like Gecko; compatible; GPTBot/1.2; +https://openai.com/gptbot)"
20.171.207.25 - - [10/Sep/2025:05:01:55 +0700] "GET /wp-json/oembed/1.0/embed?url=https%3A%2F%2Fvattusacky.vn%2Fserendipity-and-personal-fulfillment-on-omegle-and-ometv%2F HTTP/1.0" 200 3531 "-" "Mozilla/5.0 AppleWebKit/537.36 (KHTML, like Gecko; compatible; GPTBot/1.2; +https://openai.com/gptbot)"
20.171.207.25 - - [10/Sep/2025:05:01:57 +0700] "GET /wp-json/oembed/1.0/embed?url=https%3A%2F%2Fvattusacky.vn%2Ftips-for-avoiding-miscommunication-on-omegle-and-ometv%2F HTTP/1.0" 200 3488 "-" "Mozilla/5.0 AppleWebKit/537.36 (KHTML, like Gecko; compatible; GPTBot/1.2; +https://openai.com/gptbot)"
20.171.207.25 - - [10/Sep/2025:05:01:58 +0700] "GET /wp-json/oembed/1.0/embed?url=https%3A%2F%2Fvattusacky.vn%2Fomegle-and-the-role-of-gaming-in-making-connections%2F HTTP/1.0" 200 3450 "-" "Mozilla/5.0 AppleWebKit/537.36 (KHTML, like Gecko; compatible; GPTBot/1.2; +https://openai.com/gptbot)"
20.171.207.25 - - [10/Sep/2025:05:02:00 +0700] "GET /wp-json/oembed/1.0/embed?url=https%3A%2F%2Fvattusacky.vn%2Funderstanding-the-pairing-process-on-omegle-and-ometv%2F HTTP/1.0" 200 3458 "-" "Mozilla/5.0 AppleWebKit/537.36 (KHTML, like Gecko; compatible; GPTBot/1.2; +https://openai.com/gptbot)"
20.171.207.25 - - [10/Sep/2025:05:02:02 +0700] "GET /wp-json/oembed/1.0/embed?url=https%3A%2F%2Fvattusacky.vn%2Fyour-five-ways-to-cope-with-first-time-frame-compliments%2F HTTP/1.0" 200 3587 "-" "Mozilla/5.0 AppleWebKit/537.36 (KHTML, like Gecko; compatible; GPTBot/1.2; +https://openai.com/gptbot)"
20.171.207.25 - - [10/Sep/2025:05:02:04 +0700] "GET /wp-json/oembed/1.0/embed?url=https%3A%2F%2Fvattusacky.vn%2Fleading-the-way-in-random-chats-omegles-visionary-approach%2F HTTP/1.0" 200 3532 "-" "Mozilla/5.0 AppleWebKit/537.36 (KHTML, like Gecko; compatible; GPTBot/1.2; +https://openai.com/gptbot)"
20.171.207.25 - - [10/Sep/2025:05:02:06 +0700] "GET /wp-json/oembed/1.0/embed?url=https%3A%2F%2Fvattusacky.vn%2Fomegles-role-in-shaping-the-future-of-online-communication%2F HTTP/1.0" 200 3516 "-" "Mozilla/5.0 AppleWebKit/537.36 (KHTML, like Gecko; compatible; GPTBot/1.2; +https://openai.com/gptbot)"
217.113.194.78 - - [10/Sep/2025:05:02:06 +0700] "GET /omegles-random-chat-feature-pros-and-cons/ HTTP/1.0" 200 90018 "-" "Mozilla/5.0 (compatible; Barkrowler/0.9; +https://babbar.tech/crawler)"
20.171.207.25 - - [10/Sep/2025:05:02:08 +0700] "GET /wp-json/oembed/1.0/embed?url=https%3A%2F%2Fvattusacky.vn%2Fthe-potential-for-abuse-and-manipulation-on-omegle%2F HTTP/1.0" 200 3409 "-" "Mozilla/5.0 AppleWebKit/537.36 (KHTML, like Gecko; compatible; GPTBot/1.2; +https://openai.com/gptbot)"
20.171.207.25 - - [10/Sep/2025:05:02:10 +0700] "GET /wp-json/oembed/1.0/embed?url=https%3A%2F%2Fvattusacky.vn%2Fthe-role-of-reciprocity-in-networking-on-omegle-and-ometv%2F HTTP/1.0" 200 3487 "-" "Mozilla/5.0 AppleWebKit/537.36 (KHTML, like Gecko; compatible; GPTBot/1.2; +https://openai.com/gptbot)"
20.171.207.25 - - [10/Sep/2025:05:02:11 +0700] "GET /wp-json/oembed/1.0/embed?url=https%3A%2F%2Fvattusacky.vn%2Fthe-impact-of-omegles-social-experiment-on-mental-health%2F HTTP/1.0" 200 3518 "-" "Mozilla/5.0 AppleWebKit/537.36 (KHTML, like Gecko; compatible; GPTBot/1.2; +https://openai.com/gptbot)"
20.171.207.25 - - [10/Sep/2025:05:02:13 +0700] "GET /wp-json/oembed/1.0/embed?url=https%3A%2F%2Fvattusacky.vn%2Fexploring-the-features-and-differences-of-omegle-and-ometv%2F HTTP/1.0" 200 3491 "-" "Mozilla/5.0 AppleWebKit/537.36 (KHTML, like Gecko; compatible; GPTBot/1.2; +https://openai.com/gptbot)"
20.171.207.25 - - [10/Sep/2025:05:02:15 +0700] "GET /wp-json/oembed/1.0/embed?url=https%3A%2F%2Fvattusacky.vn%2Flaughing-together-sharing-funny-moments-on-omegle-and-ometv%2F HTTP/1.0" 200 3509 "-" "Mozilla/5.0 AppleWebKit/537.36 (KHTML, like Gecko; compatible; GPTBot/1.2; +https://openai.com/gptbot)"
45.117.177.72 - - [10/Sep/2025:05:02:18 +0700] "POST /wp-cron.php?doing_wp_cron=1757455338.3731279373168945312500 HTTP/1.0" 200 416 "-" "WordPress/6.8.1; https://vattusacky.vn"
20.171.207.25 - - [10/Sep/2025:05:02:17 +0700] "GET /wp-json/oembed/1.0/embed?url=https%3A%2F%2Fvattusacky.vn%2Fomegle-as-a-platform-for-creativity-and-artistic-expression%2F HTTP/1.0" 200 3516 "-" "Mozilla/5.0 AppleWebKit/537.36 (KHTML, like Gecko; compatible; GPTBot/1.2; +https://openai.com/gptbot)"
20.171.207.25 - - [10/Sep/2025:05:02:19 +0700] "GET /wp-json/oembed/1.0/embed?url=https%3A%2F%2Fvattusacky.vn%2Fomegle-vs-ometv-unveiling-the-secrets-of-their-technology%2F HTTP/1.0" 200 3485 "-" "Mozilla/5.0 AppleWebKit/537.36 (KHTML, like Gecko; compatible; GPTBot/1.2; +https://openai.com/gptbot)"
20.171.207.25 - - [10/Sep/2025:05:02:22 +0700] "GET /wp-json/oembed/1.0/embed?url=https%3A%2F%2Fvattusacky.vn%2Finternet-dating-site-for-the-purpose-of-asian-finding-love%2F HTTP/1.0" 200 3480 "-" "Mozilla/5.0 AppleWebKit/537.36 (KHTML, like Gecko; compatible; GPTBot/1.2; +https://openai.com/gptbot)"
20.171.207.25 - - [10/Sep/2025:05:02:24 +0700] "GET /wp-json/oembed/1.0/embed?url=https%3A%2F%2Fvattusacky.vn%2Fomegles-influence-on-self-confidence-and-self-expression%2F HTTP/1.0" 200 3536 "-" "Mozilla/5.0 AppleWebKit/537.36 (KHTML, like Gecko; compatible; GPTBot/1.2; +https://openai.com/gptbot)"
20.171.207.25 - - [10/Sep/2025:05:02:26 +0700] "GET /wp-json/oembed/1.0/embed?url=https%3A%2F%2Fvattusacky.vn%2Fdelving-into-the-world-of-omegle-chatting-what-lies-beneath%2F HTTP/1.0" 200 3498 "-" "Mozilla/5.0 AppleWebKit/537.36 (KHTML, like Gecko; compatible; GPTBot/1.2; +https://openai.com/gptbot)"
20.171.207.25 - - [10/Sep/2025:05:02:29 +0700] "GET /wp-json/oembed/1.0/embed?url=https%3A%2F%2Fvattusacky.vn%2Fthe-art-of-listening-fostering-understanding-on-omegle%2F HTTP/1.0" 200 3458 "-" "Mozilla/5.0 AppleWebKit/537.36 (KHTML, like Gecko; compatible; GPTBot/1.2; +https://openai.com/gptbot)"
20.171.207.25 - - [10/Sep/2025:05:02:31 +0700] "GET /wp-json/oembed/1.0/embed?url=https%3A%2F%2Fvattusacky.vn%2Fnavigating-the-unknown-omegle-and-the-art-of-conversations%2F HTTP/1.0" 200 3538 "-" "Mozilla/5.0 AppleWebKit/537.36 (KHTML, like Gecko; compatible; GPTBot/1.2; +https://openai.com/gptbot)"
217.113.194.218 - - [10/Sep/2025:05:02:31 +0700] "GET /omegle-and-the-future-of-online-gaming-communities/ HTTP/1.0" 200 91576 "-" "Mozilla/5.0 (compatible; Barkrowler/0.9; +https://babbar.tech/crawler)"
20.171.207.25 - - [10/Sep/2025:05:02:34 +0700] "GET /wp-json/oembed/1.0/embed?url=https%3A%2F%2Fvattusacky.vn%2Fmemorable-pranks-hilarious-prank-videos-on-omegle-and-ometv%2F HTTP/1.0" 200 3475 "-" "Mozilla/5.0 AppleWebKit/537.36 (KHTML, like Gecko; compatible; GPTBot/1.2; +https://openai.com/gptbot)"
20.171.207.25 - - [10/Sep/2025:05:02:36 +0700] "GET /wp-json/oembed/1.0/embed?url=https%3A%2F%2Fvattusacky.vn%2Ffinding-a-good-absolutely-free-foreign-wedding-brides-site%2F HTTP/1.0" 200 3609 "-" "Mozilla/5.0 AppleWebKit/537.36 (KHTML, like Gecko; compatible; GPTBot/1.2; +https://openai.com/gptbot)"
20.171.207.25 - - [10/Sep/2025:05:02:38 +0700] "GET /wp-json/oembed/1.0/embed?url=https%3A%2F%2Fvattusacky.vn%2Ftackling-online-harassment-and-safety-concerns-on-omegle%2F HTTP/1.0" 200 3481 "-" "Mozilla/5.0 AppleWebKit/537.36 (KHTML, like Gecko; compatible; GPTBot/1.2; +https://openai.com/gptbot)"
20.171.207.25 - - [10/Sep/2025:05:02:40 +0700] "GET /wp-json/oembed/1.0/embed?url=https%3A%2F%2Fvattusacky.vn%2Fhow-to-navigate-social-networking-after-a-terrible-break-up%2F HTTP/1.0" 200 3467 "-" "Mozilla/5.0 AppleWebKit/537.36 (KHTML, like Gecko; compatible; GPTBot/1.2; +https://openai.com/gptbot)"
20.171.207.25 - - [10/Sep/2025:05:02:42 +0700] "GET /wp-json/oembed/1.0/embed?url=https%3A%2F%2Fvattusacky.vn%2Ffunny-reactions-laughing-together-on-omegle-and-ometv%2F HTTP/1.0" 200 3478 "-" "Mozilla/5.0 AppleWebKit/537.36 (KHTML, like Gecko; compatible; GPTBot/1.2; +https://openai.com/gptbot)"
20.171.207.25 - - [10/Sep/2025:05:02:43 +0700] "GET /wp-json/oembed/1.0/embed?url=https%3A%2F%2Fvattusacky.vn%2Fexploring-the-role-of-identity-in-omegles-social-experiment%2F HTTP/1.0" 200 3530 "-" "Mozilla/5.0 AppleWebKit/537.36 (KHTML, like Gecko; compatible; GPTBot/1.2; +https://openai.com/gptbot)"
