81.88.53.143 - - [10/Sep/2025:03:57:22 +0700] "POST /xmlrpc.php HTTP/1.0" 200 956 "https://vattusacky.vn" "Mozilla/5.0 (Macintosh; Intel Mac OS X 10_15_7) AppleWebKit/537.36 (KHTML, like Gecko) Chrome/114.0.5735.134 Safari/537.36"
20.171.207.25 - - [10/Sep/2025:03:57:23 +0700] "GET /page/364/?s HTTP/1.0" 200 85261 "-" "Mozilla/5.0 AppleWebKit/537.36 (KHTML, like Gecko; compatible; GPTBot/1.2; +https://openai.com/gptbot)"
81.88.53.143 - - [10/Sep/2025:03:57:24 +0700] "POST /wp-login.php HTTP/1.0" 200 11730 "https://vattusacky.vn" "Mozilla/5.0 (Windows NT 11.0; Win64; x64) AppleWebKit/537.36 (KHTML, like Gecko) Chrome/126.0.0.0 Safari/537.36"
20.171.207.25 - - [10/Sep/2025:03:57:26 +0700] "GET /h5-just-what-advance-ly-do-de-co-the-chon-tu-https-vaysite-com-vay-tien-online-tao-mot-bai-viet-h5-hay-ve-ngon-ngu-trung-quoc/feed/ HTTP/1.0" 200 1862 "-" "Mozilla/5.0 AppleWebKit/537.36 (KHTML, like Gecko; compatible; GPTBot/1.2; +https://openai.com/gptbot)"
20.171.207.25 - - [10/Sep/2025:03:57:28 +0700] "GET /wedge-pattern-forex/feed/ HTTP/1.0" 200 1508 "-" "Mozilla/5.0 AppleWebKit/537.36 (KHTML, like Gecko; compatible; GPTBot/1.2; +https://openai.com/gptbot)"
217.113.194.78 - - [10/Sep/2025:03:57:29 +0700] "GET /choosing-a-top-plank-room-carrier/feed/ HTTP/1.0" 200 1696 "-" "Mozilla/5.0 (compatible; Barkrowler/0.9; +https://babbar.tech/crawler)"
20.171.207.25 - - [10/Sep/2025:03:57:30 +0700] "GET /intimate-marriages/feed/ HTTP/1.0" 200 1505 "-" "Mozilla/5.0 AppleWebKit/537.36 (KHTML, like Gecko; compatible; GPTBot/1.2; +https://openai.com/gptbot)"
20.171.207.25 - - [10/Sep/2025:03:57:33 +0700] "GET /hacked-by-babyclown/feed/ HTTP/1.0" 200 1508 "-" "Mozilla/5.0 AppleWebKit/537.36 (KHTML, like Gecko; compatible; GPTBot/1.2; +https://openai.com/gptbot)"
20.171.207.25 - - [10/Sep/2025:03:57:36 +0700] "GET /wp-json/oembed/1.0/embed?url=https%3A%2F%2Fvattusacky.vn%2Fkingjohnnie-internet-casino-for-aussie-players-111%2F HTTP/1.0" 200 3637 "-" "Mozilla/5.0 AppleWebKit/537.36 (KHTML, like Gecko; compatible; GPTBot/1.2; +https://openai.com/gptbot)"
20.171.207.25 - - [10/Sep/2025:03:57:38 +0700] "GET /the-privacy-debate-balancing-anonymity-and-user-safety-on-omegle-and-ometv/feed/ HTTP/1.0" 200 1673 "-" "Mozilla/5.0 AppleWebKit/537.36 (KHTML, like Gecko; compatible; GPTBot/1.2; +https://openai.com/gptbot)"
20.171.207.25 - - [10/Sep/2025:03:57:41 +0700] "GET /page/365/?s HTTP/1.0" 200 84795 "-" "Mozilla/5.0 AppleWebKit/537.36 (KHTML, like Gecko; compatible; GPTBot/1.2; +https://openai.com/gptbot)"
20.171.207.25 - - [10/Sep/2025:03:57:44 +0700] "GET /12-best-free-chatbot-live-chat-plugins-for/feed/ HTTP/1.0" 200 1592 "-" "Mozilla/5.0 AppleWebKit/537.36 (KHTML, like Gecko; compatible; GPTBot/1.2; +https://openai.com/gptbot)"
20.171.207.25 - - [10/Sep/2025:03:57:46 +0700] "GET /raging-bull-casino-review/feed/ HTTP/1.0" 200 1526 "-" "Mozilla/5.0 AppleWebKit/537.36 (KHTML, like Gecko; compatible; GPTBot/1.2; +https://openai.com/gptbot)"
217.113.194.77 - - [10/Sep/2025:03:57:49 +0700] "GET /choosing-the-right-document-management-software/ HTTP/1.0" 200 205677 "-" "Mozilla/5.0 (compatible; Barkrowler/0.9; +https://babbar.tech/crawler)"
20.171.207.25 - - [10/Sep/2025:03:57:50 +0700] "GET /igra-aviator-2023-kak-igrat-na-dengi-i-pobezhdat/feed/ HTTP/1.0" 200 1636 "-" "Mozilla/5.0 AppleWebKit/537.36 (KHTML, like Gecko; compatible; GPTBot/1.2; +https://openai.com/gptbot)"
20.171.207.25 - - [10/Sep/2025:03:57:52 +0700] "GET /daddy-casino-obzor-2023-i-bonusy-vhod-na-rabochee/feed/ HTTP/1.0" 200 1659 "-" "Mozilla/5.0 AppleWebKit/537.36 (KHTML, like Gecko; compatible; GPTBot/1.2; +https://openai.com/gptbot)"
20.171.207.25 - - [10/Sep/2025:03:57:55 +0700] "GET /1xbet-casino-bystraja-versija-1xbet-kazino/feed/ HTTP/1.0" 200 1608 "-" "Mozilla/5.0 AppleWebKit/537.36 (KHTML, like Gecko; compatible; GPTBot/1.2; +https://openai.com/gptbot)"
20.171.207.25 - - [10/Sep/2025:03:57:56 +0700] "GET /the-portland-museum-of-art-maines-greatest-market-art-organization-has-taken-visitors-closer-with-each-other-since-1882/feed/ HTTP/1.0" 200 1816 "-" "Mozilla/5.0 AppleWebKit/537.36 (KHTML, like Gecko; compatible; GPTBot/1.2; +https://openai.com/gptbot)"
20.171.207.25 - - [10/Sep/2025:03:57:59 +0700] "GET /page/366/?s HTTP/1.0" 200 85373 "-" "Mozilla/5.0 AppleWebKit/537.36 (KHTML, like Gecko; compatible; GPTBot/1.2; +https://openai.com/gptbot)"
20.171.207.25 - - [10/Sep/2025:03:58:03 +0700] "GET /wp-json/oembed/1.0/embed?url=https%3A%2F%2Fvattusacky.vn%2Ffrom-anonymous-encounters-to-artistic-partnerships-omegles-story%2F HTTP/1.0" 200 3557 "-" "Mozilla/5.0 AppleWebKit/537.36 (KHTML, like Gecko; compatible; GPTBot/1.2; +https://openai.com/gptbot)"
20.171.207.25 - - [10/Sep/2025:03:58:06 +0700] "GET /wp-json/oembed/1.0/embed?url=https%3A%2F%2Fvattusacky.vn%2Ffree-game-casino-slots-the-perfect-way-to-make-money%2F HTTP/1.0" 200 3429 "-" "Mozilla/5.0 AppleWebKit/537.36 (KHTML, like Gecko; compatible; GPTBot/1.2; +https://openai.com/gptbot)"
20.171.207.25 - - [10/Sep/2025:03:58:09 +0700] "GET /wp-json/oembed/1.0/embed?url=https%3A%2F%2Fvattusacky.vn%2Fomegles-role-in-building-support-networks%2F HTTP/1.0" 200 3444 "-" "Mozilla/5.0 AppleWebKit/537.36 (KHTML, like Gecko; compatible; GPTBot/1.2; +https://openai.com/gptbot)"
20.171.207.25 - - [10/Sep/2025:03:58:11 +0700] "GET /tag/quy-trinhquan-trac-nuoc-mat/ HTTP/1.0" 200 59446 "-" "Mozilla/5.0 AppleWebKit/537.36 (KHTML, like Gecko; compatible; GPTBot/1.2; +https://openai.com/gptbot)"
20.171.207.25 - - [10/Sep/2025:03:58:12 +0700] "GET /wp-json/oembed/1.0/embed?url=https%3A%2F%2Fvattusacky.vn%2Fis-normally-cbd-legal-in-the-us%2F HTTP/1.0" 200 3375 "-" "Mozilla/5.0 AppleWebKit/537.36 (KHTML, like Gecko; compatible; GPTBot/1.2; +https://openai.com/gptbot)"
45.117.177.72 - - [10/Sep/2025:03:58:17 +0700] "POST /wp-cron.php?doing_wp_cron=1757451497.2708299160003662109375 HTTP/1.0" 200 416 "-" "WordPress/6.8.1; https://vattusacky.vn"
20.171.207.25 - - [10/Sep/2025:03:58:16 +0700] "GET /page/367/?s HTTP/1.0" 200 84489 "-" "Mozilla/5.0 AppleWebKit/537.36 (KHTML, like Gecko; compatible; GPTBot/1.2; +https://openai.com/gptbot)"
20.171.207.25 - - [10/Sep/2025:03:58:18 +0700] "GET /finding-a-soulmate/feed/ HTTP/1.0" 200 1505 "-" "Mozilla/5.0 AppleWebKit/537.36 (KHTML, like Gecko; compatible; GPTBot/1.2; +https://openai.com/gptbot)"
154.54.249.200 - - [10/Sep/2025:03:58:19 +0700] "GET /usa-online-casino-sites-offers-welcome-bonuses/ HTTP/1.0" 200 75324 "-" "Mozilla/5.0 (compatible; Barkrowler/0.9; +https://babbar.tech/crawler)"
20.171.207.25 - - [10/Sep/2025:03:58:22 +0700] "GET /wp-json/oembed/1.0/embed?url=https%3A%2F%2Fvattusacky.vn%2Fcash-talks-un-pair-bi-cotier-qui-gagne-210-000-par-an%2F HTTP/1.0" 200 3487 "-" "Mozilla/5.0 AppleWebKit/537.36 (KHTML, like Gecko; compatible; GPTBot/1.2; +https://openai.com/gptbot)"
20.171.207.25 - - [10/Sep/2025:03:58:24 +0700] "GET /tien-do-truc-tuyen-nhanh-chong-co-vay-nhanh-10-trieu-trong-ngay-the-khac-phuc-su-kho-khan-ve-doanh-thu/feed/ HTTP/1.0" 200 1783 "-" "Mozilla/5.0 AppleWebKit/537.36 (KHTML, like Gecko; compatible; GPTBot/1.2; +https://openai.com/gptbot)"
20.171.207.25 - - [10/Sep/2025:03:58:27 +0700] "GET /how-does-ometv-work/feed HTTP/1.0" 301 567 "-" "Mozilla/5.0 AppleWebKit/537.36 (KHTML, like Gecko; compatible; GPTBot/1.2; +https://openai.com/gptbot)"
20.171.207.25 - - [10/Sep/2025:03:58:28 +0700] "GET /how-does-ometv-work/feed/ HTTP/1.0" 200 1508 "-" "Mozilla/5.0 AppleWebKit/537.36 (KHTML, like Gecko; compatible; GPTBot/1.2; +https://openai.com/gptbot)"
20.171.207.25 - - [10/Sep/2025:03:58:31 +0700] "GET /wp-json/oembed/1.0/embed?url=https%3A%2F%2Fvattusacky.vn%2Fevolusi-slot-thailand-game-baru-di-evo88-yang-wajib-dicoba%2F HTTP/1.0" 200 3584 "-" "Mozilla/5.0 AppleWebKit/537.36 (KHTML, like Gecko; compatible; GPTBot/1.2; +https://openai.com/gptbot)"
20.171.207.25 - - [10/Sep/2025:03:58:35 +0700] "GET /page/368/?s HTTP/1.0" 200 82593 "-" "Mozilla/5.0 AppleWebKit/537.36 (KHTML, like Gecko; compatible; GPTBot/1.2; +https://openai.com/gptbot)"
20.171.207.25 - - [10/Sep/2025:03:58:37 +0700] "GET /how-omegle-works/feed/ HTTP/1.0" 200 1499 "-" "Mozilla/5.0 AppleWebKit/537.36 (KHTML, like Gecko; compatible; GPTBot/1.2; +https://openai.com/gptbot)"
20.171.207.25 - - [10/Sep/2025:03:58:39 +0700] "GET /leo-vegas-italia/feed/ HTTP/1.0" 200 1499 "-" "Mozilla/5.0 AppleWebKit/537.36 (KHTML, like Gecko; compatible; GPTBot/1.2; +https://openai.com/gptbot)"
20.171.207.25 - - [10/Sep/2025:03:58:41 +0700] "GET /ometv-for-dating/feed/ HTTP/1.0" 200 1499 "-" "Mozilla/5.0 AppleWebKit/537.36 (KHTML, like Gecko; compatible; GPTBot/1.2; +https://openai.com/gptbot)"
217.113.194.78 - - [10/Sep/2025:03:58:41 +0700] "GET /learning-to-make-a-man-want-to-kiss-you/ HTTP/1.0" 200 208585 "-" "Mozilla/5.0 (compatible; Barkrowler/0.9; +https://babbar.tech/crawler)"
20.171.207.25 - - [10/Sep/2025:03:58:44 +0700] "GET /the-dark-side-of-omegle-and-ometv-exposing-inappropriate-content-and-cyberbullying/feed/ HTTP/1.0" 200 1697 "-" "Mozilla/5.0 AppleWebKit/537.36 (KHTML, like Gecko; compatible; GPTBot/1.2; +https://openai.com/gptbot)"
20.171.207.25 - - [10/Sep/2025:03:58:46 +0700] "GET /wp-json/oembed/1.0/embed?url=https%3A%2F%2Fvattusacky.vn%2Fcodere-i-giochi-da-casino-piu-coinvolgenti-e-sicuri%2F HTTP/1.0" 200 3531 "-" "Mozilla/5.0 AppleWebKit/537.36 (KHTML, like Gecko; compatible; GPTBot/1.2; +https://openai.com/gptbot)"
20.171.207.25 - - [10/Sep/2025:03:58:50 +0700] "GET /omegle-for-dating/feed/ HTTP/1.0" 200 1502 "-" "Mozilla/5.0 AppleWebKit/537.36 (KHTML, like Gecko; compatible; GPTBot/1.2; +https://openai.com/gptbot)"
20.171.207.25 - - [10/Sep/2025:03:58:53 +0700] "GET /tag/quy-trinhquan-trac-nuoc-mat/feed/ HTTP/1.0" 200 190658 "-" "Mozilla/5.0 AppleWebKit/537.36 (KHTML, like Gecko; compatible; GPTBot/1.2; +https://openai.com/gptbot)"
194.42.196.29 - - [10/Sep/2025:03:58:56 +0700] "GET / HTTP/1.0" 301 598 "http://www.vattusacky.vn/" "-"
20.171.207.25 - - [10/Sep/2025:03:58:57 +0700] "GET /page/369/?s HTTP/1.0" 200 85752 "-" "Mozilla/5.0 AppleWebKit/537.36 (KHTML, like Gecko; compatible; GPTBot/1.2; +https://openai.com/gptbot)"
194.42.196.29 - - [10/Sep/2025:03:58:59 +0700] "GET / HTTP/1.0" 200 60070 "https://www.vattusacky.vn/" "-"
194.42.196.29 - - [10/Sep/2025:03:59:01 +0700] "GET /.env HTTP/1.0" 301 668 "http://www.vattusacky.vn/.env" "-"
20.171.207.25 - - [10/Sep/2025:03:59:01 +0700] "GET /heavy-period-metformin-500-mg/feed/ HTTP/1.0" 200 1538 "-" "Mozilla/5.0 AppleWebKit/537.36 (KHTML, like Gecko; compatible; GPTBot/1.2; +https://openai.com/gptbot)"
194.42.196.29 - - [10/Sep/2025:03:59:02 +0700] "GET /.env HTTP/1.0" 404 70812 "https://www.vattusacky.vn/.env" "-"
194.42.196.29 - - [10/Sep/2025:03:59:04 +0700] "GET /Telerik.Web.UI.WebResource.axd?type=rau HTTP/1.0" 301 703 "http://www.vattusacky.vn/Telerik.Web.UI.WebResource.axd?type=rau" "-"
20.171.207.25 - - [10/Sep/2025:03:59:04 +0700] "GET /wp-json/oembed/1.0/embed?url=https%3A%2F%2Fvattusacky.vn%2F888-on-line-casino-canada-no-deposit-bonus-get-88-43%2F HTTP/1.0" 200 3512 "-" "Mozilla/5.0 AppleWebKit/537.36 (KHTML, like Gecko; compatible; GPTBot/1.2; +https://openai.com/gptbot)"
194.42.196.29 - - [10/Sep/2025:03:59:06 +0700] "GET /Telerik.Web.UI.WebResource.axd?type=rau HTTP/1.0" 404 70812 "https://www.vattusacky.vn/Telerik.Web.UI.WebResource.axd?type=rau" "-"
20.171.207.25 - - [10/Sep/2025:03:59:07 +0700] "GET /az%c9%99rbaycanda-mostbet-bukmeker-kontorunun-icmali-790/feed/ HTTP/1.0" 200 1612 "-" "Mozilla/5.0 AppleWebKit/537.36 (KHTML, like Gecko; compatible; GPTBot/1.2; +https://openai.com/gptbot)"
194.42.196.29 - - [10/Sep/2025:03:59:08 +0700] "GET /geoserver/web/ HTTP/1.0" 301 708 "http://www.vattusacky.vn/geoserver/web/" "-"
20.171.207.25 - - [10/Sep/2025:03:59:10 +0700] "GET /wp-json/oembed/1.0/embed?format=xml&url=https%3A%2F%2Fvattusacky.vn%2Fmelbet-india-review-2023-57%2F HTTP/1.0" 200 3458 "-" "Mozilla/5.0 AppleWebKit/537.36 (KHTML, like Gecko; compatible; GPTBot/1.2; +https://openai.com/gptbot)"
194.42.196.29 - - [10/Sep/2025:03:59:10 +0700] "GET /web-based-antivirus-scan-for-android-mobile/ HTTP/1.0" 200 205706 "https://www.vattusacky.vn/geoserver/web/" "-"
194.42.196.29 - - [10/Sep/2025:03:59:12 +0700] "GET /assets/file:%2f%2f/etc/passwd HTTP/1.0" 404 582 "http://www.vattusacky.vn/assets/file:%2f%2f/etc/passwd" "-"
20.171.207.25 - - [10/Sep/2025:03:59:12 +0700] "GET /refused-by-every-lady-tips-change-situations-arounda%c2%80%c2%a6/feed/ HTTP/1.0" 200 1637 "-" "Mozilla/5.0 AppleWebKit/537.36 (KHTML, like Gecko; compatible; GPTBot/1.2; +https://openai.com/gptbot)"
194.42.196.29 - - [10/Sep/2025:03:59:13 +0700] "GET /go/add-on/business-continuity/api/plugin?folderName=&pluginName=../../../etc/passwd HTTP/1.0" 301 747 "http://www.vattusacky.vn/go/add-on/business-continuity/api/plugin?folderName=&pluginName=../../../etc/passwd" "-"
194.42.196.29 - - [10/Sep/2025:03:59:14 +0700] "GET /go/add-on/business-continuity/api/plugin?folderName=&pluginName=../../../etc/passwd HTTP/1.0" 404 70812 "https://www.vattusacky.vn/go/add-on/business-continuity/api/plugin?folderName=&pluginName=../../../etc/passwd" "-"
20.171.207.25 - - [10/Sep/2025:03:59:14 +0700] "GET /page/370/?s HTTP/1.0" 200 86294 "-" "Mozilla/5.0 AppleWebKit/537.36 (KHTML, like Gecko; compatible; GPTBot/1.2; +https://openai.com/gptbot)"
217.113.194.78 - - [10/Sep/2025:03:59:14 +0700] "GET /learning-to-make-a-man-want-to-kiss-you/feed/ HTTP/1.0" 200 1714 "-" "Mozilla/5.0 (compatible; Barkrowler/0.9; +https://babbar.tech/crawler)"
45.117.177.72 - - [10/Sep/2025:03:59:17 +0700] "POST /wp-cron.php?doing_wp_cron=1757451557.3830790519714355468750 HTTP/1.0" 200 416 "-" "WordPress/6.8.1; https://vattusacky.vn"
194.42.196.29 - - [10/Sep/2025:03:59:16 +0700] "GET /kylin/api/admin/config HTTP/1.0" 301 686 "http://www.vattusacky.vn/kylin/api/admin/config" "-"
20.171.207.25 - - [10/Sep/2025:03:59:16 +0700] "GET /wp-json/oembed/1.0/embed?url=https%3A%2F%2Fvattusacky.vn%2Fchatting-anonymously-on-omegle-is-it-really-private%2F HTTP/1.0" 200 3496 "-" "Mozilla/5.0 AppleWebKit/537.36 (KHTML, like Gecko; compatible; GPTBot/1.2; +https://openai.com/gptbot)"
194.42.196.29 - - [10/Sep/2025:03:59:18 +0700] "GET /kylin/api/admin/config HTTP/1.0" 404 70812 "https://www.vattusacky.vn/kylin/api/admin/config" "-"
20.171.207.25 - - [10/Sep/2025:03:59:19 +0700] "GET /top-spots-to-see/feed/ HTTP/1.0" 200 1499 "-" "Mozilla/5.0 AppleWebKit/537.36 (KHTML, like Gecko; compatible; GPTBot/1.2; +https://openai.com/gptbot)"
194.42.196.29 - - [10/Sep/2025:03:59:19 +0700] "GET /jobmanager/logs/..%252f..%252f..%252f..%252f..%252f..%252f..%252f..%252f..%252f..%252f..%252f..%252fetc%252fpasswd HTTP/1.0" 301 778 "http://www.vattusacky.vn/jobmanager/logs/..%252f..%252f..%252f..%252f..%252f..%252f..%252f..%252f..%252f..%252f..%252f..%252fetc%252fpasswd" "-"
194.42.196.29 - - [10/Sep/2025:03:59:21 +0700] "GET /jobmanager/logs/..%252f..%252f..%252f..%252f..%252f..%252f..%252f..%252f..%252f..%252f..%252f..%252fetc%252fpasswd HTTP/1.0" 404 70812 "https://www.vattusacky.vn/jobmanager/logs/..%252f..%252f..%252f..%252f..%252f..%252f..%252f..%252f..%252f..%252f..%252f..%252fetc%252fpasswd" "-"
20.171.207.25 - - [10/Sep/2025:03:59:22 +0700] "GET /top-10-expert-mobile-app-developers-to-hire-in/feed HTTP/1.0" 301 594 "-" "Mozilla/5.0 AppleWebKit/537.36 (KHTML, like Gecko; compatible; GPTBot/1.2; +https://openai.com/gptbot)"
194.42.196.29 - - [10/Sep/2025:03:59:23 +0700] "GET / HTTP/1.0" 301 598 "-" "-"
20.171.207.25 - - [10/Sep/2025:03:59:23 +0700] "GET /top-10-expert-mobile-app-developers-to-hire-in/feed/ HTTP/1.0" 200 1594 "-" "Mozilla/5.0 AppleWebKit/537.36 (KHTML, like Gecko; compatible; GPTBot/1.2; +https://openai.com/gptbot)"
194.42.196.29 - - [10/Sep/2025:03:59:25 +0700] "GET / HTTP/1.0" 200 60070 "https://www.vattusacky.vn/" "-"
20.171.207.25 - - [10/Sep/2025:03:59:27 +0700] "GET /decoding-the-phenomenon-of-the-1xbet-mobile-app-45/feed/ HTTP/1.0" 200 1598 "-" "Mozilla/5.0 AppleWebKit/537.36 (KHTML, like Gecko; compatible; GPTBot/1.2; +https://openai.com/gptbot)"
194.42.196.29 - - [10/Sep/2025:03:59:27 +0700] "GET /.env HTTP/1.0" 301 668 "-" "-"
194.42.196.29 - - [10/Sep/2025:03:59:28 +0700] "GET /.env HTTP/1.0" 404 70812 "https://www.vattusacky.vn/.env" "-"
20.171.207.25 - - [10/Sep/2025:03:59:28 +0700] "GET /melbet-india-review-2023-57/embed/ HTTP/1.0" 200 23077 "-" "Mozilla/5.0 AppleWebKit/537.36 (KHTML, like Gecko; compatible; GPTBot/1.2; +https://openai.com/gptbot)"
194.42.196.29 - - [10/Sep/2025:03:59:30 +0700] "GET /Telerik.Web.UI.WebResource.axd?type=rau HTTP/1.0" 301 703 "-" "-"
20.171.207.25 - - [10/Sep/2025:03:59:30 +0700] "GET /wp-json/oembed/1.0/embed?url=https%3A%2F%2Fvattusacky.vn%2Fgetx-na-dengi-besproigryshnaja-strategija%2F HTTP/1.0" 200 5474 "-" "Mozilla/5.0 AppleWebKit/537.36 (KHTML, like Gecko; compatible; GPTBot/1.2; +https://openai.com/gptbot)"
20.171.207.25 - - [10/Sep/2025:03:59:32 +0700] "GET /dragonfly-doji/feed/ HTTP/1.0" 200 1493 "-" "Mozilla/5.0 AppleWebKit/537.36 (KHTML, like Gecko; compatible; GPTBot/1.2; +https://openai.com/gptbot)"
194.42.196.29 - - [10/Sep/2025:03:59:32 +0700] "GET /Telerik.Web.UI.WebResource.axd?type=rau HTTP/1.0" 404 70812 "https://www.vattusacky.vn/Telerik.Web.UI.WebResource.axd?type=rau" "-"
194.42.196.29 - - [10/Sep/2025:03:59:33 +0700] "GET /geoserver/web/ HTTP/1.0" 301 708 "-" "-"
20.171.207.25 - - [10/Sep/2025:03:59:33 +0700] "GET /page/371/?s HTTP/1.0" 200 90180 "-" "Mozilla/5.0 AppleWebKit/537.36 (KHTML, like Gecko; compatible; GPTBot/1.2; +https://openai.com/gptbot)"
217.113.194.80 - - [10/Sep/2025:03:59:34 +0700] "GET /the-role-of-boundaries-in-online-interactions/feed/ HTTP/1.0" 200 1732 "-" "Mozilla/5.0 (compatible; Barkrowler/0.9; +https://babbar.tech/crawler)"
20.171.207.25 - - [10/Sep/2025:03:59:35 +0700] "GET /when-to-take-viagra-20-mg/feed/ HTTP/1.0" 200 1526 "-" "Mozilla/5.0 AppleWebKit/537.36 (KHTML, like Gecko; compatible; GPTBot/1.2; +https://openai.com/gptbot)"
194.42.196.29 - - [10/Sep/2025:03:59:35 +0700] "GET /web-based-antivirus-scan-for-android-mobile/ HTTP/1.0" 200 205706 "https://www.vattusacky.vn/geoserver/web/" "-"
194.42.196.29 - - [10/Sep/2025:03:59:37 +0700] "GET /assets/file:%2f%2f/etc/passwd HTTP/1.0" 404 582 "-" "-"
194.42.196.29 - - [10/Sep/2025:03:59:38 +0700] "GET /go/add-on/business-continuity/api/plugin?folderName=&pluginName=../../../etc/passwd HTTP/1.0" 301 747 "-" "-"
20.171.207.25 - - [10/Sep/2025:03:59:38 +0700] "GET /888-nj-on-line-casino-13/feed/ HTTP/1.0" 200 1520 "-" "Mozilla/5.0 AppleWebKit/537.36 (KHTML, like Gecko; compatible; GPTBot/1.2; +https://openai.com/gptbot)"
194.42.196.29 - - [10/Sep/2025:03:59:39 +0700] "GET /go/add-on/business-continuity/api/plugin?folderName=&pluginName=../../../etc/passwd HTTP/1.0" 404 70812 "https://www.vattusacky.vn/go/add-on/business-continuity/api/plugin?folderName=&pluginName=../../../etc/passwd" "-"
20.171.207.25 - - [10/Sep/2025:03:59:40 +0700] "GET /lengagement-qualitj-du-comparateur-meilleure-liste-1781/feed/ HTTP/1.0" 200 1685 "-" "Mozilla/5.0 AppleWebKit/537.36 (KHTML, like Gecko; compatible; GPTBot/1.2; +https://openai.com/gptbot)"
194.42.196.29 - - [10/Sep/2025:03:59:41 +0700] "GET /kylin/api/admin/config HTTP/1.0" 301 686 "-" "-"
194.42.196.29 - - [10/Sep/2025:03:59:42 +0700] "GET /kylin/api/admin/config HTTP/1.0" 404 70812 "https://www.vattusacky.vn/kylin/api/admin/config" "-"
20.171.207.25 - - [10/Sep/2025:03:59:43 +0700] "GET /demonstracao-do-aviator-4/feed/ HTTP/1.0" 200 1526 "-" "Mozilla/5.0 AppleWebKit/537.36 (KHTML, like Gecko; compatible; GPTBot/1.2; +https://openai.com/gptbot)"
194.42.196.29 - - [10/Sep/2025:03:59:44 +0700] "GET /jobmanager/logs/..%252f..%252f..%252f..%252f..%252f..%252f..%252f..%252f..%252f..%252f..%252f..%252fetc%252fpasswd HTTP/1.0" 301 778 "-" "-"
20.171.207.25 - - [10/Sep/2025:03:59:45 +0700] "GET /graj-w-kasyno-za-darmo-lub-na-pieniadze-83/feed/ HTTP/1.0" 200 1575 "-" "Mozilla/5.0 AppleWebKit/537.36 (KHTML, like Gecko; compatible; GPTBot/1.2; +https://openai.com/gptbot)"
194.42.196.29 - - [10/Sep/2025:03:59:46 +0700] "GET /jobmanager/logs/..%252f..%252f..%252f..%252f..%252f..%252f..%252f..%252f..%252f..%252f..%252f..%252fetc%252fpasswd HTTP/1.0" 404 70812 "https://www.vattusacky.vn/jobmanager/logs/..%252f..%252f..%252f..%252f..%252f..%252f..%252f..%252f..%252f..%252f..%252f..%252fetc%252fpasswd" "-"
20.171.207.25 - - [10/Sep/2025:03:59:47 +0700] "GET /wp-json/oembed/1.0/embed?url=https%3A%2F%2Fvattusacky.vn%2Fsan-pham%2Fmay-do-ap-suat-am-voi-tan-so-thap-bo-phan-tich-tich-phan-dai-tan-type-6238l%2F HTTP/1.0" 200 4110 "-" "Mozilla/5.0 AppleWebKit/537.36 (KHTML, like Gecko; compatible; GPTBot/1.2; +https://openai.com/gptbot)"
194.42.196.29 - - [10/Sep/2025:03:59:48 +0700] "GET /vendor/phpunit/phpunit/src/Util/PHP/eval-stdin.php HTTP/1.0" 301 714 "http://www.vattusacky.vn/vendor/phpunit/phpunit/src/Util/PHP/eval-stdin.php" "-"
20.171.207.25 - - [10/Sep/2025:03:59:49 +0700] "GET /wp-json/oembed/1.0/embed?url=https%3A%2F%2Fvattusacky.vn%2Ffiltering-inappropriate-content-ometvs-text-chat-safety-measures%2F HTTP/1.0" 200 3561 "-" "Mozilla/5.0 AppleWebKit/537.36 (KHTML, like Gecko; compatible; GPTBot/1.2; +https://openai.com/gptbot)"
194.42.196.29 - - [10/Sep/2025:03:59:50 +0700] "GET /vendor/phpunit/phpunit/src/Util/PHP/eval-stdin.php HTTP/1.0" 404 70812 "https://www.vattusacky.vn/vendor/phpunit/phpunit/src/Util/PHP/eval-stdin.php" "-"
20.171.207.25 - - [10/Sep/2025:03:59:50 +0700] "GET /category/tin-tuc/thiet-bi-ky-thuat-quan-trac-moi-truong/feed/ HTTP/1.0" 200 772700 "-" "Mozilla/5.0 AppleWebKit/537.36 (KHTML, like Gecko; compatible; GPTBot/1.2; +https://openai.com/gptbot)"
194.42.196.29 - - [10/Sep/2025:03:59:51 +0700] "GET /druid/indexer/v1/sampler HTTP/1.0" 301 688 "http://www.vattusacky.vn/druid/indexer/v1/sampler" "-"
217.113.194.74 - - [10/Sep/2025:03:59:53 +0700] "GET /the-role-of-anonymity-on-omegle/feed/ HTTP/1.0" 200 1690 "-" "Mozilla/5.0 (compatible; Barkrowler/0.9; +https://babbar.tech/crawler)"
194.42.196.29 - - [10/Sep/2025:03:59:53 +0700] "GET /druid/indexer/v1/sampler HTTP/1.0" 404 70812 "https://www.vattusacky.vn/druid/indexer/v1/sampler" "-"
20.171.207.25 - - [10/Sep/2025:03:59:54 +0700] "GET /page/372/?s HTTP/1.0" 200 83821 "-" "Mozilla/5.0 AppleWebKit/537.36 (KHTML, like Gecko; compatible; GPTBot/1.2; +https://openai.com/gptbot)"
194.42.196.29 - - [10/Sep/2025:03:59:55 +0700] "POST /vendor/phpunit/phpunit/src/Util/PHP/eval-stdin.php HTTP/1.0" 404 70871 "-" "-"
20.171.207.25 - - [10/Sep/2025:03:59:56 +0700] "GET /wp-json/oembed/1.0/embed?url=https%3A%2F%2Fvattusacky.vn%2Fraging-bull-casino-review%2F HTTP/1.0" 200 3366 "-" "Mozilla/5.0 AppleWebKit/537.36 (KHTML, like Gecko; compatible; GPTBot/1.2; +https://openai.com/gptbot)"
194.42.196.29 - - [10/Sep/2025:03:59:57 +0700] "POST /druid/indexer/v1/sampler HTTP/1.0" 404 70871 "-" "-"
20.171.207.25 - - [10/Sep/2025:03:59:58 +0700] "GET /the-7-finest-dating-apps-websites-in-ny-city-2023-june-replace/feed/ HTTP/1.0" 200 1644 "-" "Mozilla/5.0 AppleWebKit/537.36 (KHTML, like Gecko; compatible; GPTBot/1.2; +https://openai.com/gptbot)"
194.42.196.29 - - [10/Sep/2025:04:00:00 +0700] "GET / HTTP/1.0" 301 598 "http://www.vattusacky.vn/" "-"
20.171.207.25 - - [10/Sep/2025:04:00:01 +0700] "GET /1xbet-app-obtain-apk-for-android-ios-home-windows-212/feed/ HTTP/1.0" 200 1622 "-" "Mozilla/5.0 AppleWebKit/537.36 (KHTML, like Gecko; compatible; GPTBot/1.2; +https://openai.com/gptbot)"
194.42.196.29 - - [10/Sep/2025:04:00:01 +0700] "GET / HTTP/1.0" 200 60070 "https://www.vattusacky.vn/" "-"
194.42.196.29 - - [10/Sep/2025:04:00:03 +0700] "GET /.env HTTP/1.0" 301 668 "http://www.vattusacky.vn/.env" "-"
20.171.207.25 - - [10/Sep/2025:04:00:05 +0700] "GET /offshore-brides/feed/ HTTP/1.0" 200 1496 "-" "Mozilla/5.0 AppleWebKit/537.36 (KHTML, like Gecko; compatible; GPTBot/1.2; +https://openai.com/gptbot)"
194.42.196.29 - - [10/Sep/2025:04:00:05 +0700] "GET /.env HTTP/1.0" 404 70812 "https://www.vattusacky.vn/.env" "-"
194.42.196.29 - - [10/Sep/2025:04:00:06 +0700] "GET /Telerik.Web.UI.WebResource.axd?type=rau HTTP/1.0" 301 703 "http://www.vattusacky.vn/Telerik.Web.UI.WebResource.axd?type=rau" "-"
20.171.207.25 - - [10/Sep/2025:04:00:07 +0700] "GET /wp-json/oembed/1.0/embed?url=https%3A%2F%2Fvattusacky.vn%2Fchinh-xac-thi-ung-truoc-senmo-truc-tuyen-qua-internet-la-gi%2F HTTP/1.0" 200 3901 "-" "Mozilla/5.0 AppleWebKit/537.36 (KHTML, like Gecko; compatible; GPTBot/1.2; +https://openai.com/gptbot)"
194.42.196.29 - - [10/Sep/2025:04:00:08 +0700] "GET /Telerik.Web.UI.WebResource.axd?type=rau HTTP/1.0" 404 70812 "https://www.vattusacky.vn/Telerik.Web.UI.WebResource.axd?type=rau" "-"
194.42.196.29 - - [10/Sep/2025:04:00:10 +0700] "GET /geoserver/web/ HTTP/1.0" 301 708 "http://www.vattusacky.vn/geoserver/web/" "-"
194.42.196.29 - - [10/Sep/2025:04:00:12 +0700] "GET /web-based-antivirus-scan-for-android-mobile/ HTTP/1.0" 200 205706 "https://www.vattusacky.vn/geoserver/web/" "-"
194.42.196.29 - - [10/Sep/2025:04:00:14 +0700] "GET /assets/file:%2f%2f/etc/passwd HTTP/1.0" 404 582 "http://www.vattusacky.vn/assets/file:%2f%2f/etc/passwd" "-"
194.42.196.29 - - [10/Sep/2025:04:00:15 +0700] "GET /go/add-on/business-continuity/api/plugin?folderName=&pluginName=../../../etc/passwd HTTP/1.0" 301 747 "http://www.vattusacky.vn/go/add-on/business-continuity/api/plugin?folderName=&pluginName=../../../etc/passwd" "-"
20.171.207.25 - - [10/Sep/2025:04:00:15 +0700] "GET /wp-json/oembed/1.0/embed?url=https%3A%2F%2Fvattusacky.vn%2Fsan-pham%2Fspectrophotometer-may-quang-pho-tu-ngoai-kha-kien-uvvis-02-bo-don-sac-khe-lien-tuc-tu-0-1-5nm-anh-sang-lac-%25e2%2589%25a40-0001t%2F HTTP/1.0" 200 4276 "-" "Mozilla/5.0 AppleWebKit/537.36 (KHTML, like Gecko; compatible; GPTBot/1.2; +https://openai.com/gptbot)"
45.117.177.72 - - [10/Sep/2025:04:00:17 +0700] "POST /wp-cron.php?doing_wp_cron=1757451617.8612499237060546875000 HTTP/1.0" 200 416 "-" "WordPress/6.8.1; https://vattusacky.vn"
217.113.194.81 - - [10/Sep/2025:04:00:16 +0700] "GET /the-role-of-gender-in-online-flirtation/feed/ HTTP/1.0" 200 1714 "-" "Mozilla/5.0 (compatible; Barkrowler/0.9; +https://babbar.tech/crawler)"
194.42.196.29 - - [10/Sep/2025:04:00:16 +0700] "GET /go/add-on/business-continuity/api/plugin?folderName=&pluginName=../../../etc/passwd HTTP/1.0" 404 70812 "https://www.vattusacky.vn/go/add-on/business-continuity/api/plugin?folderName=&pluginName=../../../etc/passwd" "-"
194.42.196.29 - - [10/Sep/2025:04:00:18 +0700] "GET /kylin/api/admin/config HTTP/1.0" 301 686 "http://www.vattusacky.vn/kylin/api/admin/config" "-"
20.171.207.25 - - [10/Sep/2025:04:00:19 +0700] "GET /can-be-360-security-legit/feed/ HTTP/1.0" 200 1529 "-" "Mozilla/5.0 AppleWebKit/537.36 (KHTML, like Gecko; compatible; GPTBot/1.2; +https://openai.com/gptbot)"
194.42.196.29 - - [10/Sep/2025:04:00:20 +0700] "GET /kylin/api/admin/config HTTP/1.0" 404 70812 "https://www.vattusacky.vn/kylin/api/admin/config" "-"
20.171.207.25 - - [10/Sep/2025:04:00:20 +0700] "GET /3999-2/feed/ HTTP/1.0" 200 1471 "-" "Mozilla/5.0 AppleWebKit/537.36 (KHTML, like Gecko; compatible; GPTBot/1.2; +https://openai.com/gptbot)"
194.42.196.29 - - [10/Sep/2025:04:00:22 +0700] "GET /jobmanager/logs/..%252f..%252f..%252f..%252f..%252f..%252f..%252f..%252f..%252f..%252f..%252f..%252fetc%252fpasswd HTTP/1.0" 301 778 "http://www.vattusacky.vn/jobmanager/logs/..%252f..%252f..%252f..%252f..%252f..%252f..%252f..%252f..%252f..%252f..%252f..%252fetc%252fpasswd" "-"
20.171.207.25 - - [10/Sep/2025:04:00:22 +0700] "GET /page/373/?s HTTP/1.0" 200 92057 "-" "Mozilla/5.0 AppleWebKit/537.36 (KHTML, like Gecko; compatible; GPTBot/1.2; +https://openai.com/gptbot)"
194.42.196.29 - - [10/Sep/2025:04:00:24 +0700] "GET /jobmanager/logs/..%252f..%252f..%252f..%252f..%252f..%252f..%252f..%252f..%252f..%252f..%252f..%252fetc%252fpasswd HTTP/1.0" 404 70812 "https://www.vattusacky.vn/jobmanager/logs/..%252f..%252f..%252f..%252f..%252f..%252f..%252f..%252f..%252f..%252f..%252f..%252fetc%252fpasswd" "-"
20.171.207.25 - - [10/Sep/2025:04:00:25 +0700] "GET /aviator-predictor-v1-ninety-four-apk-mod-2023-free-9/feed/ HTTP/1.0" 200 1621 "-" "Mozilla/5.0 AppleWebKit/537.36 (KHTML, like Gecko; compatible; GPTBot/1.2; +https://openai.com/gptbot)"
194.42.196.29 - - [10/Sep/2025:04:00:25 +0700] "GET / HTTP/1.0" 301 598 "-" "-"
20.171.207.25 - - [10/Sep/2025:04:00:26 +0700] "GET /prednisone-10mg-discount-card/feed/ HTTP/1.0" 200 1538 "-" "Mozilla/5.0 AppleWebKit/537.36 (KHTML, like Gecko; compatible; GPTBot/1.2; +https://openai.com/gptbot)"
194.42.196.29 - - [10/Sep/2025:04:00:27 +0700] "GET / HTTP/1.0" 200 60070 "https://www.vattusacky.vn/" "-"
20.171.207.25 - - [10/Sep/2025:04:00:28 +0700] "GET /cach-ban-co-the-danh-gia-mot-chiec-https-vaysite-com-app-vay-tien-cash24-app-o-to-thiet-lap-tien-ve-phia-truoc/feed/ HTTP/1.0" 200 1811 "-" "Mozilla/5.0 AppleWebKit/537.36 (KHTML, like Gecko; compatible; GPTBot/1.2; +https://openai.com/gptbot)"
194.42.196.29 - - [10/Sep/2025:04:00:29 +0700] "GET /.env HTTP/1.0" 301 668 "-" "-"
20.171.207.25 - - [10/Sep/2025:04:00:29 +0700] "GET /wp-json/oembed/1.0/embed?url=https%3A%2F%2Fvattusacky.vn%2Fovercoming-social-anxiety-with-omegle-a-personal-story%2F HTTP/1.0" 200 3496 "-" "Mozilla/5.0 AppleWebKit/537.36 (KHTML, like Gecko; compatible; GPTBot/1.2; +https://openai.com/gptbot)"
194.42.196.29 - - [10/Sep/2025:04:00:30 +0700] "GET /.env HTTP/1.0" 404 70812 "https://www.vattusacky.vn/.env" "-"
20.171.207.25 - - [10/Sep/2025:04:00:31 +0700] "GET /category/iclub-com-ua/feed/ HTTP/1.0" 200 170432 "-" "Mozilla/5.0 AppleWebKit/537.36 (KHTML, like Gecko; compatible; GPTBot/1.2; +https://openai.com/gptbot)"
194.42.196.29 - - [10/Sep/2025:04:00:32 +0700] "GET /Telerik.Web.UI.WebResource.axd?type=rau HTTP/1.0" 301 703 "-" "-"
20.171.207.25 - - [10/Sep/2025:04:00:34 +0700] "GET /wp-json/oembed/1.0/embed?url=https%3A%2F%2Fvattusacky.vn%2Fthe-rise-of-anonymous-connections-omegles-story%2F HTTP/1.0" 200 3452 "-" "Mozilla/5.0 AppleWebKit/537.36 (KHTML, like Gecko; compatible; GPTBot/1.2; +https://openai.com/gptbot)"
194.42.196.29 - - [10/Sep/2025:04:00:34 +0700] "GET /Telerik.Web.UI.WebResource.axd?type=rau HTTP/1.0" 404 70812 "https://www.vattusacky.vn/Telerik.Web.UI.WebResource.axd?type=rau" "-"
194.42.196.29 - - [10/Sep/2025:04:00:36 +0700] "GET /geoserver/web/ HTTP/1.0" 301 708 "-" "-"
217.113.194.75 - - [10/Sep/2025:04:00:36 +0700] "GET /exactly-what-is-a-wedding-garter/ HTTP/1.0" 200 206227 "-" "Mozilla/5.0 (compatible; Barkrowler/0.9; +https://babbar.tech/crawler)"
194.42.196.29 - - [10/Sep/2025:04:00:37 +0700] "GET /web-based-antivirus-scan-for-android-mobile/ HTTP/1.0" 200 205706 "https://www.vattusacky.vn/geoserver/web/" "-"
20.171.207.25 - - [10/Sep/2025:04:00:37 +0700] "GET /wp-json/oembed/1.0/embed?url=https%3A%2F%2Fvattusacky.vn%2Fwhat-you-should-expect-in-a-vdr-review%2F HTTP/1.0" 200 3347 "-" "Mozilla/5.0 AppleWebKit/537.36 (KHTML, like Gecko; compatible; GPTBot/1.2; +https://openai.com/gptbot)"
194.42.196.29 - - [10/Sep/2025:04:00:39 +0700] "GET /assets/file:%2f%2f/etc/passwd HTTP/1.0" 404 582 "-" "-"
194.42.196.29 - - [10/Sep/2025:04:00:39 +0700] "GET /go/add-on/business-continuity/api/plugin?folderName=&pluginName=../../../etc/passwd HTTP/1.0" 301 747 "-" "-"
20.171.207.25 - - [10/Sep/2025:04:00:39 +0700] "GET /safe-fast-payouts/feed/ HTTP/1.0" 200 1505 "-" "Mozilla/5.0 AppleWebKit/537.36 (KHTML, like Gecko; compatible; GPTBot/1.2; +https://openai.com/gptbot)"
194.42.196.29 - - [10/Sep/2025:04:00:41 +0700] "GET /go/add-on/business-continuity/api/plugin?folderName=&pluginName=../../../etc/passwd HTTP/1.0" 404 70812 "https://www.vattusacky.vn/go/add-on/business-continuity/api/plugin?folderName=&pluginName=../../../etc/passwd" "-"
20.171.207.25 - - [10/Sep/2025:04:00:41 +0700] "GET /page/374/?s HTTP/1.0" 200 89901 "-" "Mozilla/5.0 AppleWebKit/537.36 (KHTML, like Gecko; compatible; GPTBot/1.2; +https://openai.com/gptbot)"
194.42.196.29 - - [10/Sep/2025:04:00:42 +0700] "GET /kylin/api/admin/config HTTP/1.0" 301 686 "-" "-"
20.171.207.25 - - [10/Sep/2025:04:00:43 +0700] "GET /wp-json/oembed/1.0/embed?url=https%3A%2F%2Fvattusacky.vn%2Fgraj-w-kasyno-za-darmo-lub-na-pieniadze-83%2F HTTP/1.0" 200 3547 "-" "Mozilla/5.0 AppleWebKit/537.36 (KHTML, like Gecko; compatible; GPTBot/1.2; +https://openai.com/gptbot)"
194.42.196.29 - - [10/Sep/2025:04:00:44 +0700] "GET /kylin/api/admin/config HTTP/1.0" 404 70812 "https://www.vattusacky.vn/kylin/api/admin/config" "-"
20.171.207.25 - - [10/Sep/2025:04:00:45 +0700] "GET /shop/feed/ HTTP/1.0" 200 104996 "-" "Mozilla/5.0 AppleWebKit/537.36 (KHTML, like Gecko; compatible; GPTBot/1.2; +https://openai.com/gptbot)"
194.42.196.29 - - [10/Sep/2025:04:00:46 +0700] "GET /jobmanager/logs/..%252f..%252f..%252f..%252f..%252f..%252f..%252f..%252f..%252f..%252f..%252f..%252fetc%252fpasswd HTTP/1.0" 301 778 "-" "-"
20.171.207.25 - - [10/Sep/2025:04:00:47 +0700] "GET /dlab/feed/ HTTP/1.0" 200 1463 "-" "Mozilla/5.0 AppleWebKit/537.36 (KHTML, like Gecko; compatible; GPTBot/1.2; +https://openai.com/gptbot)"
194.42.196.29 - - [10/Sep/2025:04:00:48 +0700] "GET /jobmanager/logs/..%252f..%252f..%252f..%252f..%252f..%252f..%252f..%252f..%252f..%252f..%252f..%252fetc%252fpasswd HTTP/1.0" 404 70812 "https://www.vattusacky.vn/jobmanager/logs/..%252f..%252f..%252f..%252f..%252f..%252f..%252f..%252f..%252f..%252f..%252f..%252fetc%252fpasswd" "-"
20.171.207.25 - - [10/Sep/2025:04:00:49 +0700] "GET /unmasking-the-hidden-risks-of-omegle-protecting-your-virtual-privacy/feed/ HTTP/1.0" 200 1655 "-" "Mozilla/5.0 AppleWebKit/537.36 (KHTML, like Gecko; compatible; GPTBot/1.2; +https://openai.com/gptbot)"
194.42.196.29 - - [10/Sep/2025:04:00:50 +0700] "GET /vendor/phpunit/phpunit/src/Util/PHP/eval-stdin.php HTTP/1.0" 301 714 "http://www.vattusacky.vn/vendor/phpunit/phpunit/src/Util/PHP/eval-stdin.php" "-"
20.171.207.25 - - [10/Sep/2025:04:00:50 +0700] "GET /how-and-where-to-fulfill-japanese-ladies-online-helpful-recommendation-2023/feed/ HTTP/1.0" 200 1676 "-" "Mozilla/5.0 AppleWebKit/537.36 (KHTML, like Gecko; compatible; GPTBot/1.2; +https://openai.com/gptbot)"
20.171.207.25 - - [10/Sep/2025:04:00:52 +0700] "GET /the-best-20-examples-of-pokies/feed/ HTTP/1.0" 200 1541 "-" "Mozilla/5.0 AppleWebKit/537.36 (KHTML, like Gecko; compatible; GPTBot/1.2; +https://openai.com/gptbot)"
194.42.196.29 - - [10/Sep/2025:04:00:52 +0700] "GET /vendor/phpunit/phpunit/src/Util/PHP/eval-stdin.php HTTP/1.0" 404 70812 "https://www.vattusacky.vn/vendor/phpunit/phpunit/src/Util/PHP/eval-stdin.php" "-"
45.117.177.72 - - [10/Sep/2025:04:00:55 +0700] "POST /wp-cron.php?doing_wp_cron=1757451654.9842178821563720703125 HTTP/1.0" 200 416 "-" "WordPress/6.8.1; https://vattusacky.vn"
194.42.196.29 - - [10/Sep/2025:04:00:53 +0700] "GET /druid/indexer/v1/sampler HTTP/1.0" 301 688 "http://www.vattusacky.vn/druid/indexer/v1/sampler" "-"
20.171.207.25 - - [10/Sep/2025:04:00:55 +0700] "GET /logowanie-w-caej-ice-kasyno-nasze-pastwo-opinie-bonusy-2022/feed/ HTTP/1.0" 200 1634 "-" "Mozilla/5.0 AppleWebKit/537.36 (KHTML, like Gecko; compatible; GPTBot/1.2; +https://openai.com/gptbot)"
194.42.196.29 - - [10/Sep/2025:04:00:55 +0700] "GET /druid/indexer/v1/sampler HTTP/1.0" 404 70812 "https://www.vattusacky.vn/druid/indexer/v1/sampler" "-"
20.171.207.25 - - [10/Sep/2025:04:00:57 +0700] "GET /premier-guess-casino-slots-57/feed/ HTTP/1.0" 200 1535 "-" "Mozilla/5.0 AppleWebKit/537.36 (KHTML, like Gecko; compatible; GPTBot/1.2; +https://openai.com/gptbot)"
194.42.196.29 - - [10/Sep/2025:04:00:57 +0700] "POST /vendor/phpunit/phpunit/src/Util/PHP/eval-stdin.php HTTP/1.0" 404 70871 "-" "-"
194.42.196.29 - - [10/Sep/2025:04:00:59 +0700] "POST /druid/indexer/v1/sampler HTTP/1.0" 404 70871 "-" "-"
20.171.207.25 - - [10/Sep/2025:04:00:59 +0700] "GET /page/375/?s HTTP/1.0" 200 85932 "-" "Mozilla/5.0 AppleWebKit/537.36 (KHTML, like Gecko; compatible; GPTBot/1.2; +https://openai.com/gptbot)"
217.113.194.81 - - [10/Sep/2025:04:01:05 +0700] "GET /exactly-what-are-the-benefits-of-cbd/feed/ HTTP/1.0" 200 1706 "-" "Mozilla/5.0 (compatible; Barkrowler/0.9; +https://babbar.tech/crawler)"
20.171.207.25 - - [10/Sep/2025:04:01:05 +0700] "GET /jendral888-port-bandar-situs-web-yang-diakui-di-24/feed/ HTTP/1.0" 200 1668 "-" "Mozilla/5.0 AppleWebKit/537.36 (KHTML, like Gecko; compatible; GPTBot/1.2; +https://openai.com/gptbot)"
20.171.207.25 - - [10/Sep/2025:04:01:09 +0700] "GET /wp-json/oembed/1.0/embed?url=https%3A%2F%2Fvattusacky.vn%2Fuser-feedback-and-reviews-on-omegle-and-ometv-privacy%2F HTTP/1.0" 200 3473 "-" "Mozilla/5.0 AppleWebKit/537.36 (KHTML, like Gecko; compatible; GPTBot/1.2; +https://openai.com/gptbot)"
20.171.207.25 - - [10/Sep/2025:04:01:11 +0700] "GET /?p=5414 HTTP/1.0" 301 472 "-" "Mozilla/5.0 AppleWebKit/537.36 (KHTML, like Gecko; compatible; GPTBot/1.2; +https://openai.com/gptbot)"
20.171.207.25 - - [10/Sep/2025:04:01:13 +0700] "GET /free-online-blackjack-games-why-new-players-must-not-count-on-the-bonuses/ HTTP/1.0" 200 74406 "-" "Mozilla/5.0 AppleWebKit/537.36 (KHTML, like Gecko; compatible; GPTBot/1.2; +https://openai.com/gptbot)"
20.171.207.25 - - [10/Sep/2025:04:01:15 +0700] "GET /avast-secureline-vpn-review/feed/ HTTP/1.0" 200 1532 "-" "Mozilla/5.0 AppleWebKit/537.36 (KHTML, like Gecko; compatible; GPTBot/1.2; +https://openai.com/gptbot)"
45.117.177.72 - - [10/Sep/2025:04:01:17 +0700] "POST /wp-cron.php?doing_wp_cron=1757451677.4927470684051513671875 HTTP/1.0" 200 416 "-" "WordPress/6.8.1; https://vattusacky.vn"
20.171.207.25 - - [10/Sep/2025:04:01:16 +0700] "GET /category/best-website-to-find-women/feed/ HTTP/1.0" 200 145869 "-" "Mozilla/5.0 AppleWebKit/537.36 (KHTML, like Gecko; compatible; GPTBot/1.2; +https://openai.com/gptbot)"
20.171.207.25 - - [10/Sep/2025:04:01:19 +0700] "GET /page/376/?s HTTP/1.0" 200 87589 "-" "Mozilla/5.0 AppleWebKit/537.36 (KHTML, like Gecko; compatible; GPTBot/1.2; +https://openai.com/gptbot)"
20.171.207.25 - - [10/Sep/2025:04:01:23 +0700] "GET /category/best-country-to-find-a-wife/feed/ HTTP/1.0" 200 148723 "-" "Mozilla/5.0 AppleWebKit/537.36 (KHTML, like Gecko; compatible; GPTBot/1.2; +https://openai.com/gptbot)"
217.113.194.218 - - [10/Sep/2025:04:01:23 +0700] "GET /exactly-what-are-mail-buy-brides/feed/ HTTP/1.0" 200 1694 "-" "Mozilla/5.0 (compatible; Barkrowler/0.9; +https://babbar.tech/crawler)"
20.171.207.25 - - [10/Sep/2025:04:01:27 +0700] "GET /is-omegle-safe-for-use/feed/ HTTP/1.0" 200 1517 "-" "Mozilla/5.0 AppleWebKit/537.36 (KHTML, like Gecko; compatible; GPTBot/1.2; +https://openai.com/gptbot)"
20.171.207.25 - - [10/Sep/2025:04:01:28 +0700] "GET /how-a-data-space-deals/feed/ HTTP/1.0" 200 1517 "-" "Mozilla/5.0 AppleWebKit/537.36 (KHTML, like Gecko; compatible; GPTBot/1.2; +https://openai.com/gptbot)"
20.171.207.25 - - [10/Sep/2025:04:01:30 +0700] "GET /can-be-my-romance-over/feed/ HTTP/1.0" 200 1518 "-" "Mozilla/5.0 AppleWebKit/537.36 (KHTML, like Gecko; compatible; GPTBot/1.2; +https://openai.com/gptbot)"
20.171.207.25 - - [10/Sep/2025:04:01:31 +0700] "GET /pros-and-cons-of-ometv/feed/ HTTP/1.0" 200 1517 "-" "Mozilla/5.0 AppleWebKit/537.36 (KHTML, like Gecko; compatible; GPTBot/1.2; +https://openai.com/gptbot)"
20.171.207.25 - - [10/Sep/2025:04:01:33 +0700] "GET /page/377/?s HTTP/1.0" 200 85005 "-" "Mozilla/5.0 AppleWebKit/537.36 (KHTML, like Gecko; compatible; GPTBot/1.2; +https://openai.com/gptbot)"
20.171.207.25 - - [10/Sep/2025:04:01:35 +0700] "GET /wp-json/oembed/1.0/embed?url=https%3A%2F%2Fvattusacky.vn%2Fstavki-na-kibersport-vysokie-kojefficienty-stavki-5%2F HTTP/1.0" 200 6172 "-" "Mozilla/5.0 AppleWebKit/537.36 (KHTML, like Gecko; compatible; GPTBot/1.2; +https://openai.com/gptbot)"
20.171.207.25 - - [10/Sep/2025:04:01:37 +0700] "GET /can-you-get-clomid-otc/feed/ HTTP/1.0" 200 1519 "-" "Mozilla/5.0 AppleWebKit/537.36 (KHTML, like Gecko; compatible; GPTBot/1.2; +https://openai.com/gptbot)"
20.171.207.25 - - [10/Sep/2025:04:01:38 +0700] "GET /is-ometv-safe-for-use/feed/ HTTP/1.0" 200 1514 "-" "Mozilla/5.0 AppleWebKit/537.36 (KHTML, like Gecko; compatible; GPTBot/1.2; +https://openai.com/gptbot)"
20.171.207.25 - - [10/Sep/2025:04:01:41 +0700] "GET /what-is-being-in-love/feed/ HTTP/1.0" 200 1515 "-" "Mozilla/5.0 AppleWebKit/537.36 (KHTML, like Gecko; compatible; GPTBot/1.2; +https://openai.com/gptbot)"
217.113.194.78 - - [10/Sep/2025:04:01:42 +0700] "GET /safety-tips-for-using-omegle-and-ometv/ HTTP/1.0" 200 83375 "-" "Mozilla/5.0 (compatible; Barkrowler/0.9; +https://babbar.tech/crawler)"
20.171.207.25 - - [10/Sep/2025:04:01:43 +0700] "GET /tag/quan-trac-chat-luong-tram-tich/ HTTP/1.0" 200 59448 "-" "Mozilla/5.0 AppleWebKit/537.36 (KHTML, like Gecko; compatible; GPTBot/1.2; +https://openai.com/gptbot)"
20.171.207.25 - - [10/Sep/2025:04:01:46 +0700] "GET /wp-json/oembed/1.0/embed?url=https%3A%2F%2Fvattusacky.vn%2Fquan-trac-yeu-to-vi-khi-hau-trong-moi-truong-lao-dong%2Ftt-26_2016_tt-byt15220-yeu-to-vi-khi-hau-trong-moi-truong-lao-dong-2%2F HTTP/1.0" 200 4246 "-" "Mozilla/5.0 AppleWebKit/537.36 (KHTML, like Gecko; compatible; GPTBot/1.2; +https://openai.com/gptbot)"
20.171.207.25 - - [10/Sep/2025:04:01:49 +0700] "GET /1xbet-bangladesh-app-evaluate-20/feed HTTP/1.0" 301 580 "-" "Mozilla/5.0 AppleWebKit/537.36 (KHTML, like Gecko; compatible; GPTBot/1.2; +https://openai.com/gptbot)"
20.171.207.25 - - [10/Sep/2025:04:01:50 +0700] "GET /1xbet-bangladesh-app-evaluate-20/feed/ HTTP/1.0" 200 1544 "-" "Mozilla/5.0 AppleWebKit/537.36 (KHTML, like Gecko; compatible; GPTBot/1.2; +https://openai.com/gptbot)"
20.171.207.25 - - [10/Sep/2025:04:01:52 +0700] "GET /wp-json/oembed/1.0/embed?url=https%3A%2F%2Fvattusacky.vn%2Fsan-pham%2Fmay-phan-tich-khi-da-chi-tieu-aq-expert%2F HTTP/1.0" 200 3718 "-" "Mozilla/5.0 AppleWebKit/537.36 (KHTML, like Gecko; compatible; GPTBot/1.2; +https://openai.com/gptbot)"
20.171.207.25 - - [10/Sep/2025:04:01:54 +0700] "GET /page/378/?s HTTP/1.0" 200 87176 "-" "Mozilla/5.0 AppleWebKit/537.36 (KHTML, like Gecko; compatible; GPTBot/1.2; +https://openai.com/gptbot)"
20.171.207.25 - - [10/Sep/2025:04:01:56 +0700] "GET /wp-json/oembed/1.0/embed?url=https%3A%2F%2Fvattusacky.vn%2Fazino777-casino-demo-sloty-besplatno-chestnoe%2F HTTP/1.0" 200 5741 "-" "Mozilla/5.0 AppleWebKit/537.36 (KHTML, like Gecko; compatible; GPTBot/1.2; +https://openai.com/gptbot)"
20.171.207.25 - - [10/Sep/2025:04:01:58 +0700] "GET /top-9-greatest-gay-hookup-websites-in-2020/feed/ HTTP/1.0" 200 1577 "-" "Mozilla/5.0 AppleWebKit/537.36 (KHTML, like Gecko; compatible; GPTBot/1.2; +https://openai.com/gptbot)"
20.171.207.25 - - [10/Sep/2025:04:02:00 +0700] "GET /tag/quan-trac-chat-luong-tram-tich/feed/ HTTP/1.0" 200 10549 "-" "Mozilla/5.0 AppleWebKit/537.36 (KHTML, like Gecko; compatible; GPTBot/1.2; +https://openai.com/gptbot)"
20.171.207.25 - - [10/Sep/2025:04:02:03 +0700] "GET /wp-json/oembed/1.0/embed?url=https%3A%2F%2Fvattusacky.vn%2Fzajmy-s-18-let-bez-otkazov-na-kartu-onlajn%2F HTTP/1.0" 200 5226 "-" "Mozilla/5.0 AppleWebKit/537.36 (KHTML, like Gecko; compatible; GPTBot/1.2; +https://openai.com/gptbot)"
20.171.207.25 - - [10/Sep/2025:04:02:07 +0700] "GET /wp-json/oembed/1.0/embed?url=https%3A%2F%2Fvattusacky.vn%2Fazino777-casino-internet-kazino-obzor-registracija-2%2F HTTP/1.0" 200 5888 "-" "Mozilla/5.0 AppleWebKit/537.36 (KHTML, like Gecko; compatible; GPTBot/1.2; +https://openai.com/gptbot)"
49.12.205.4 - - [10/Sep/2025:04:02:07 +0700] "POST /xmlrpc.php HTTP/1.0" 200 956 "https://vattusacky.vn" "Mozilla/5.0 (Windows NT 11.0; Win64; x64; rv:126.0) Gecko/20100101 Firefox/126.0"
217.113.194.75 - - [10/Sep/2025:04:02:08 +0700] "GET /safety-precautions-while-using-omegle/feed/ HTTP/1.0" 200 1708 "-" "Mozilla/5.0 (compatible; Barkrowler/0.9; +https://babbar.tech/crawler)"
20.171.207.25 - - [10/Sep/2025:04:02:09 +0700] "GET /wp-json/oembed/1.0/embed?url=https%3A%2F%2Fvattusacky.vn%2F4-strategien-zu-lernen-wege-zu-finden-um-zu-vertrauen%2F HTTP/1.0" 200 3530 "-" "Mozilla/5.0 AppleWebKit/537.36 (KHTML, like Gecko; compatible; GPTBot/1.2; +https://openai.com/gptbot)"
49.12.205.4 - - [10/Sep/2025:04:02:10 +0700] "POST /wp-login.php HTTP/1.0" 200 11730 "https://vattusacky.vn" "Mozilla/5.0 (Windows NT 10.0; Win64; x64) AppleWebKit/537.36 (KHTML, like Gecko) Chrome/115.0.5790.102 Safari/537.36"
20.171.207.25 - - [10/Sep/2025:04:02:11 +0700] "GET /4rabet-official-website-28/feed HTTP/1.0" 301 574 "-" "Mozilla/5.0 AppleWebKit/537.36 (KHTML, like Gecko; compatible; GPTBot/1.2; +https://openai.com/gptbot)"
20.171.207.25 - - [10/Sep/2025:04:02:12 +0700] "GET /4rabet-official-website-28/feed/ HTTP/1.0" 200 1526 "-" "Mozilla/5.0 AppleWebKit/537.36 (KHTML, like Gecko; compatible; GPTBot/1.2; +https://openai.com/gptbot)"
20.171.207.25 - - [10/Sep/2025:04:02:14 +0700] "GET /page/379/?s HTTP/1.0" 200 85597 "-" "Mozilla/5.0 AppleWebKit/537.36 (KHTML, like Gecko; compatible; GPTBot/1.2; +https://openai.com/gptbot)"
45.117.177.72 - - [10/Sep/2025:04:02:19 +0700] "POST /wp-cron.php?doing_wp_cron=1757451739.2525289058685302734375 HTTP/1.0" 200 416 "-" "WordPress/6.8.1; https://vattusacky.vn"
20.171.207.25 - - [10/Sep/2025:04:02:18 +0700] "GET /wp-json/oembed/1.0/embed?url=https%3A%2F%2Fvattusacky.vn%2Fsan-pham%2Fpalintest-_may-do-chat-luong-nuoc-da-chi-tieu-cam-tay%2F HTTP/1.0" 200 4034 "-" "Mozilla/5.0 AppleWebKit/537.36 (KHTML, like Gecko; compatible; GPTBot/1.2; +https://openai.com/gptbot)"
20.171.207.25 - - [10/Sep/2025:04:02:20 +0700] "GET /turnkey-review-2022-overview-pros-cons-safety/feed/ HTTP/1.0" 200 1596 "-" "Mozilla/5.0 AppleWebKit/537.36 (KHTML, like Gecko; compatible; GPTBot/1.2; +https://openai.com/gptbot)"
20.171.207.25 - - [10/Sep/2025:04:02:23 +0700] "GET /meskipun-gambling-den-sbobet-kian-teras-di-live-sbobet-25rb/feed/ HTTP/1.0" 200 1628 "-" "Mozilla/5.0 AppleWebKit/537.36 (KHTML, like Gecko; compatible; GPTBot/1.2; +https://openai.com/gptbot)"
20.171.207.25 - - [10/Sep/2025:04:02:24 +0700] "GET /obzor-aviator-igra-2023-igrat-na-realnye-dengi/feed/ HTTP/1.0" 200 1627 "-" "Mozilla/5.0 AppleWebKit/537.36 (KHTML, like Gecko; compatible; GPTBot/1.2; +https://openai.com/gptbot)"
20.171.207.25 - - [10/Sep/2025:04:02:26 +0700] "GET /wp-json/oembed/1.0/embed?url=https%3A%2F%2Fvattusacky.vn%2Fup-x-oficialnyj-sajt-zerkalo-ap-iks-rabochij-vhod-2%2F HTTP/1.0" 200 5701 "-" "Mozilla/5.0 AppleWebKit/537.36 (KHTML, like Gecko; compatible; GPTBot/1.2; +https://openai.com/gptbot)"
217.113.194.80 - - [10/Sep/2025:04:02:26 +0700] "GET /safety-precautions-for-ometv-video-chat/ HTTP/1.0" 200 89444 "-" "Mozilla/5.0 (compatible; Barkrowler/0.9; +https://babbar.tech/crawler)"
20.171.207.25 - - [10/Sep/2025:04:02:28 +0700] "GET /wp-json/oembed/1.0/embed?url=https%3A%2F%2Fvattusacky.vn%2F5-signs-the-lady-wants-to-become-your-girlfriend%2F HTTP/1.0" 200 3398 "-" "Mozilla/5.0 AppleWebKit/537.36 (KHTML, like Gecko; compatible; GPTBot/1.2; +https://openai.com/gptbot)"
20.171.207.25 - - [10/Sep/2025:04:02:30 +0700] "GET /author/yanz/page/412/mail%20order%20bride%20agency%20reviewshttps:/bestmailorderbride-agencies.com/4ceremony%20wedding;%20small%20intimate%20wedding;%20how%20to%20have%20a%20small%20wedding HTTP/1.0" 404 70666 "-" "Mozilla/5.0 AppleWebKit/537.36 (KHTML, like Gecko; compatible; GPTBot/1.2; +https://openai.com/gptbot)"
20.171.207.25 - - [10/Sep/2025:04:02:32 +0700] "GET /plenty-of-fish-pof-relationship-website-app-evaluate-2023/feed/ HTTP/1.0" 200 1629 "-" "Mozilla/5.0 AppleWebKit/537.36 (KHTML, like Gecko; compatible; GPTBot/1.2; +https://openai.com/gptbot)"
20.171.207.25 - - [10/Sep/2025:04:02:33 +0700] "GET /page/380/?s HTTP/1.0" 200 85858 "-" "Mozilla/5.0 AppleWebKit/537.36 (KHTML, like Gecko; compatible; GPTBot/1.2; +https://openai.com/gptbot)"
20.171.207.25 - - [10/Sep/2025:04:02:35 +0700] "GET /wp-json/oembed/1.0/embed?url=https%3A%2F%2Fvattusacky.vn%2Fhow-to-check-free-horoscope-daily-at-glory-casino-2%2F HTTP/1.0" 200 3426 "-" "Mozilla/5.0 AppleWebKit/537.36 (KHTML, like Gecko; compatible; GPTBot/1.2; +https://openai.com/gptbot)"
20.171.207.25 - - [10/Sep/2025:04:02:39 +0700] "GET /wp-json/oembed/1.0/embed?url=https%3A%2F%2Fvattusacky.vn%2Fup-x-oficialnyj-sajt-zerkalo-ap-iks-rabochij-vhod-3%2F HTTP/1.0" 200 7415 "-" "Mozilla/5.0 AppleWebKit/537.36 (KHTML, like Gecko; compatible; GPTBot/1.2; +https://openai.com/gptbot)"
20.171.207.25 - - [10/Sep/2025:04:02:41 +0700] "GET /wp-json/oembed/1.0/embed?url=https%3A%2F%2Fvattusacky.vn%2Fgate-of-olympus-slot-demo-renkli-dunyada-buyuk-2%2F HTTP/1.0" 200 3950 "-" "Mozilla/5.0 AppleWebKit/537.36 (KHTML, like Gecko; compatible; GPTBot/1.2; +https://openai.com/gptbot)"
20.171.207.25 - - [10/Sep/2025:04:02:45 +0700] "GET /wp-json/oembed/1.0/embed?url=https%3A%2F%2Fvattusacky.vn%2Fpin-ap-casino-sloty-i-igrovye-avtomaty-s-bonusami-2%2F HTTP/1.0" 200 5520 "-" "Mozilla/5.0 AppleWebKit/537.36 (KHTML, like Gecko; compatible; GPTBot/1.2; +https://openai.com/gptbot)"
20.171.207.25 - - [10/Sep/2025:04:02:46 +0700] "GET /wp-json/oembed/1.0/embed?url=https%3A%2F%2Fvattusacky.vn%2Feker-temal-slotun-tatl-dunyas-sugar-rush-oyun-6%2F HTTP/1.0" 200 3811 "-" "Mozilla/5.0 AppleWebKit/537.36 (KHTML, like Gecko; compatible; GPTBot/1.2; +https://openai.com/gptbot)"
20.171.207.25 - - [10/Sep/2025:04:02:49 +0700] "GET /wp-json/oembed/1.0/embed?url=https%3A%2F%2Fvattusacky.vn%2Fsan-pham%2Fpalintest-_may-do-chlorometer-duo-cam-tay%2F HTTP/1.0" 200 3799 "-" "Mozilla/5.0 AppleWebKit/537.36 (KHTML, like Gecko; compatible; GPTBot/1.2; +https://openai.com/gptbot)"
217.113.194.217 - - [10/Sep/2025:04:02:51 +0700] "GET /omegle-vs-ometv-a-comparison/ HTTP/1.0" 200 90368 "-" "Mozilla/5.0 (compatible; Barkrowler/0.9; +https://babbar.tech/crawler)"
20.171.207.25 - - [10/Sep/2025:04:02:51 +0700] "GET /wp-json/oembed/1.0/embed?url=https%3A%2F%2Fvattusacky.vn%2Fup-x-zerkalo-akcii-i-bonusy-ot-kazino-registracija-2%2F HTTP/1.0" 200 5615 "-" "Mozilla/5.0 AppleWebKit/537.36 (KHTML, like Gecko; compatible; GPTBot/1.2; +https://openai.com/gptbot)"
20.171.207.25 - - [10/Sep/2025:04:02:55 +0700] "GET /page/381/?s HTTP/1.0" 200 86727 "-" "Mozilla/5.0 AppleWebKit/537.36 (KHTML, like Gecko; compatible; GPTBot/1.2; +https://openai.com/gptbot)"
