20.171.207.25 - - [10/Sep/2025:07:08:46 +0700] "GET /wp-json/wp/v2/posts/6570 HTTP/1.0" 200 39200 "-" "Mozilla/5.0 AppleWebKit/537.36 (KHTML, like Gecko; compatible; GPTBot/1.2; +https://openai.com/gptbot)"
216.244.66.237 - - [10/Sep/2025:07:08:48 +0700] "GET /robots.txt HTTP/1.0" 200 984 "-" "Mozilla/5.0 (compatible; DotBot/1.2; +https://opensiteexplorer.org/dotbot; help@moz.com)"
45.117.177.72 - - [10/Sep/2025:07:08:55 +0700] "POST /wp-cron.php?doing_wp_cron=1757462935.0369949340820312500000 HTTP/1.0" 200 416 "-" "WordPress/6.8.1; https://vattusacky.vn"
20.171.207.25 - - [10/Sep/2025:07:08:53 +0700] "GET /wp-json/wp/v2/posts/6871 HTTP/1.0" 200 38806 "-" "Mozilla/5.0 AppleWebKit/537.36 (KHTML, like Gecko; compatible; GPTBot/1.2; +https://openai.com/gptbot)"
20.171.207.25 - - [10/Sep/2025:07:09:01 +0700] "GET /wp-json/wp/v2/posts/3187 HTTP/1.0" 200 183912 "-" "Mozilla/5.0 AppleWebKit/537.36 (KHTML, like Gecko; compatible; GPTBot/1.2; +https://openai.com/gptbot)"
217.113.194.218 - - [10/Sep/2025:07:09:05 +0700] "GET /omegle-and-the-concept-of-virtual-connection/ HTTP/1.0" 200 87065 "-" "Mozilla/5.0 (compatible; Barkrowler/0.9; +https://babbar.tech/crawler)"
20.171.207.25 - - [10/Sep/2025:07:09:08 +0700] "GET /wp-json/wp/v2/posts/6731 HTTP/1.0" 200 43070 "-" "Mozilla/5.0 AppleWebKit/537.36 (KHTML, like Gecko; compatible; GPTBot/1.2; +https://openai.com/gptbot)"
45.117.177.72 - - [10/Sep/2025:07:09:18 +0700] "POST /wp-cron.php?doing_wp_cron=1757462958.0413970947265625000000 HTTP/1.0" 200 416 "-" "WordPress/6.8.1; https://vattusacky.vn"
20.171.207.25 - - [10/Sep/2025:07:09:16 +0700] "GET /wp-json/wp/v2/posts/4031 HTTP/1.0" 200 200483 "-" "Mozilla/5.0 AppleWebKit/537.36 (KHTML, like Gecko; compatible; GPTBot/1.2; +https://openai.com/gptbot)"
20.171.207.25 - - [10/Sep/2025:07:09:23 +0700] "GET /wp-json/wp/v2/posts/4895 HTTP/1.0" 200 203026 "-" "Mozilla/5.0 AppleWebKit/537.36 (KHTML, like Gecko; compatible; GPTBot/1.2; +https://openai.com/gptbot)"
80.248.226.94 - - [10/Sep/2025:07:09:26 +0700] "POST /xmlrpc.php HTTP/1.0" 200 956 "https://vattusacky.vn" "Mozilla/5.0 (Windows NT 11.0; Win64; x64) AppleWebKit/537.36 (KHTML, like Gecko) Chrome/126.0.0.0 Safari/537.36"
217.113.194.217 - - [10/Sep/2025:07:09:28 +0700] "GET /omegle-and-mental-wellness-a-therapeutic-tool/ HTTP/1.0" 200 90266 "-" "Mozilla/5.0 (compatible; Barkrowler/0.9; +https://babbar.tech/crawler)"
80.248.226.94 - - [10/Sep/2025:07:09:28 +0700] "POST /wp-login.php HTTP/1.0" 200 11730 "https://vattusacky.vn" "Mozilla/5.0 (Windows NT 11.0; Win64; x64; rv:126.0) Gecko/20100101 Firefox/126.0"
20.171.207.25 - - [10/Sep/2025:07:09:30 +0700] "GET /wp-json/wp/v2/posts/9146 HTTP/1.0" 200 27063 "-" "Mozilla/5.0 AppleWebKit/537.36 (KHTML, like Gecko; compatible; GPTBot/1.2; +https://openai.com/gptbot)"
20.171.207.25 - - [10/Sep/2025:07:09:37 +0700] "GET /wp-json/wp/v2/posts/8715 HTTP/1.0" 200 40939 "-" "Mozilla/5.0 AppleWebKit/537.36 (KHTML, like Gecko; compatible; GPTBot/1.2; +https://openai.com/gptbot)"
20.171.207.25 - - [10/Sep/2025:07:09:46 +0700] "GET /wp-json/wp/v2/posts/7516 HTTP/1.0" 200 40754 "-" "Mozilla/5.0 AppleWebKit/537.36 (KHTML, like Gecko; compatible; GPTBot/1.2; +https://openai.com/gptbot)"
217.113.194.75 - - [10/Sep/2025:07:09:53 +0700] "GET /omegle-and-the-impact-on-online-communities/feed/ HTTP/1.0" 200 1726 "-" "Mozilla/5.0 (compatible; Barkrowler/0.9; +https://babbar.tech/crawler)"
20.171.207.25 - - [10/Sep/2025:07:09:53 +0700] "GET /wp-json/wp/v2/posts/7048 HTTP/1.0" 200 41759 "-" "Mozilla/5.0 AppleWebKit/537.36 (KHTML, like Gecko; compatible; GPTBot/1.2; +https://openai.com/gptbot)"
20.171.207.25 - - [10/Sep/2025:07:10:00 +0700] "GET /wp-json/wp/v2/posts/7159 HTTP/1.0" 200 38265 "-" "Mozilla/5.0 AppleWebKit/537.36 (KHTML, like Gecko; compatible; GPTBot/1.2; +https://openai.com/gptbot)"
20.171.207.25 - - [10/Sep/2025:07:10:08 +0700] "GET /wp-json/wp/v2/posts/3716 HTTP/1.0" 200 185251 "-" "Mozilla/5.0 AppleWebKit/537.36 (KHTML, like Gecko; compatible; GPTBot/1.2; +https://openai.com/gptbot)"
217.113.194.217 - - [10/Sep/2025:07:10:11 +0700] "GET /omegle-and-the-future-of-virtual-connections/feed/ HTTP/1.0" 200 1729 "-" "Mozilla/5.0 (compatible; Barkrowler/0.9; +https://babbar.tech/crawler)"
185.191.171.11 - - [10/Sep/2025:07:10:15 +0700] "GET /cara-memilih-link-slot-1000-terpercaya-di-indonesia/ HTTP/1.0" 200 67539 "-" "Mozilla/5.0 (compatible; SemrushBot/7~bl; +http://www.semrush.com/bot.html)"
45.117.177.72 - - [10/Sep/2025:07:10:17 +0700] "POST /wp-cron.php?doing_wp_cron=1757463017.6781229972839355468750 HTTP/1.0" 200 416 "-" "WordPress/6.8.1; https://vattusacky.vn"
20.171.207.25 - - [10/Sep/2025:07:10:16 +0700] "GET /wp-json/wp/v2/posts/3479 HTTP/1.0" 200 181013 "-" "Mozilla/5.0 AppleWebKit/537.36 (KHTML, like Gecko; compatible; GPTBot/1.2; +https://openai.com/gptbot)"
20.171.207.25 - - [10/Sep/2025:07:10:24 +0700] "GET /wp-json/wp/v2/posts/7694 HTTP/1.0" 200 34738 "-" "Mozilla/5.0 AppleWebKit/537.36 (KHTML, like Gecko; compatible; GPTBot/1.2; +https://openai.com/gptbot)"
217.113.194.77 - - [10/Sep/2025:07:10:29 +0700] "GET /omegle-and-cyberbullying-how-to-protect-yourself/ HTTP/1.0" 200 91012 "-" "Mozilla/5.0 (compatible; Barkrowler/0.9; +https://babbar.tech/crawler)"
20.171.207.25 - - [10/Sep/2025:07:10:32 +0700] "GET /wp-json/wp/v2/posts/6174 HTTP/1.0" 200 37702 "-" "Mozilla/5.0 AppleWebKit/537.36 (KHTML, like Gecko; compatible; GPTBot/1.2; +https://openai.com/gptbot)"
20.171.207.25 - - [10/Sep/2025:07:10:41 +0700] "GET /wp-json/wp/v2/posts/7561 HTTP/1.0" 200 36162 "-" "Mozilla/5.0 AppleWebKit/537.36 (KHTML, like Gecko; compatible; GPTBot/1.2; +https://openai.com/gptbot)"
20.171.207.25 - - [10/Sep/2025:07:10:49 +0700] "GET /wp-json/wp/v2/posts/7854 HTTP/1.0" 200 42860 "-" "Mozilla/5.0 AppleWebKit/537.36 (KHTML, like Gecko; compatible; GPTBot/1.2; +https://openai.com/gptbot)"
217.113.194.78 - - [10/Sep/2025:07:10:55 +0700] "GET /omegle-and-ometv-for-online-debates/ HTTP/1.0" 200 91983 "-" "Mozilla/5.0 (compatible; Barkrowler/0.9; +https://babbar.tech/crawler)"
20.171.207.25 - - [10/Sep/2025:07:10:57 +0700] "GET /wp-json/wp/v2/posts/5793 HTTP/1.0" 200 100284 "-" "Mozilla/5.0 AppleWebKit/537.36 (KHTML, like Gecko; compatible; GPTBot/1.2; +https://openai.com/gptbot)"
20.171.207.25 - - [10/Sep/2025:07:11:05 +0700] "GET /wp-json/wp/v2/posts/6185 HTTP/1.0" 200 38211 "-" "Mozilla/5.0 AppleWebKit/537.36 (KHTML, like Gecko; compatible; GPTBot/1.2; +https://openai.com/gptbot)"
20.171.207.25 - - [10/Sep/2025:07:11:12 +0700] "GET /wp-json/wp/v2/posts/5469 HTTP/1.0" 200 21684 "-" "Mozilla/5.0 AppleWebKit/537.36 (KHTML, like Gecko; compatible; GPTBot/1.2; +https://openai.com/gptbot)"
45.117.177.72 - - [10/Sep/2025:07:11:21 +0700] "POST /wp-cron.php?doing_wp_cron=1757463081.1981461048126220703125 HTTP/1.0" 200 416 "-" "WordPress/6.8.1; https://vattusacky.vn"
20.171.207.25 - - [10/Sep/2025:07:11:20 +0700] "GET /wp-json/wp/v2/posts/9651 HTTP/1.0" 200 50684 "-" "Mozilla/5.0 AppleWebKit/537.36 (KHTML, like Gecko; compatible; GPTBot/1.2; +https://openai.com/gptbot)"
217.113.194.74 - - [10/Sep/2025:07:11:22 +0700] "GET /omegle-and-ometv-for-interview-practice/ HTTP/1.0" 200 92269 "-" "Mozilla/5.0 (compatible; Barkrowler/0.9; +https://babbar.tech/crawler)"
20.171.207.25 - - [10/Sep/2025:07:11:28 +0700] "GET /wp-json/wp/v2/posts/9675 HTTP/1.0" 200 56094 "-" "Mozilla/5.0 AppleWebKit/537.36 (KHTML, like Gecko; compatible; GPTBot/1.2; +https://openai.com/gptbot)"
20.171.207.25 - - [10/Sep/2025:07:11:36 +0700] "GET /wp-json/wp/v2/posts/7153 HTTP/1.0" 200 40021 "-" "Mozilla/5.0 AppleWebKit/537.36 (KHTML, like Gecko; compatible; GPTBot/1.2; +https://openai.com/gptbot)"
20.171.207.25 - - [10/Sep/2025:07:11:45 +0700] "GET /wp-json/wp/v2/posts/7690 HTTP/1.0" 200 33217 "-" "Mozilla/5.0 AppleWebKit/537.36 (KHTML, like Gecko; compatible; GPTBot/1.2; +https://openai.com/gptbot)"
217.113.194.74 - - [10/Sep/2025:07:11:47 +0700] "GET /omegle-and-the-evolution-of-online-communication/feed/ HTTP/1.0" 200 1741 "-" "Mozilla/5.0 (compatible; Barkrowler/0.9; +https://babbar.tech/crawler)"
20.171.207.25 - - [10/Sep/2025:07:11:52 +0700] "GET /wp-json/wp/v2/posts/7389 HTTP/1.0" 200 41823 "-" "Mozilla/5.0 AppleWebKit/537.36 (KHTML, like Gecko; compatible; GPTBot/1.2; +https://openai.com/gptbot)"
85.208.96.199 - - [10/Sep/2025:07:12:00 +0700] "GET /how-to-play-bier-haus-slot-machines-online-for-free/ HTTP/1.0" 200 206628 "-" "Mozilla/5.0 (compatible; SemrushBot/7~bl; +http://www.semrush.com/bot.html)"
20.171.207.25 - - [10/Sep/2025:07:12:00 +0700] "GET /wp-json/wp/v2/posts/3981 HTTP/1.0" 200 179856 "-" "Mozilla/5.0 AppleWebKit/537.36 (KHTML, like Gecko; compatible; GPTBot/1.2; +https://openai.com/gptbot)"
217.113.194.77 - - [10/Sep/2025:07:12:06 +0700] "GET /omegle-and-online-privacy-understanding-the-risks/feed/ HTTP/1.0" 200 1744 "-" "Mozilla/5.0 (compatible; Barkrowler/0.9; +https://babbar.tech/crawler)"
20.171.207.25 - - [10/Sep/2025:07:12:07 +0700] "GET /wp-json/wp/v2/posts/7590 HTTP/1.0" 200 38073 "-" "Mozilla/5.0 AppleWebKit/537.36 (KHTML, like Gecko; compatible; GPTBot/1.2; +https://openai.com/gptbot)"
20.171.207.25 - - [10/Sep/2025:07:12:15 +0700] "GET /wp-json/wp/v2/posts/8491 HTTP/1.0" 200 41587 "-" "Mozilla/5.0 AppleWebKit/537.36 (KHTML, like Gecko; compatible; GPTBot/1.2; +https://openai.com/gptbot)"
45.117.177.72 - - [10/Sep/2025:07:12:25 +0700] "POST /wp-cron.php?doing_wp_cron=1757463144.9535000324249267578125 HTTP/1.0" 200 416 "-" "WordPress/6.8.1; https://vattusacky.vn"
20.171.207.25 - - [10/Sep/2025:07:12:23 +0700] "GET /wp-json/wp/v2/posts/8741 HTTP/1.0" 200 40510 "-" "Mozilla/5.0 AppleWebKit/537.36 (KHTML, like Gecko; compatible; GPTBot/1.2; +https://openai.com/gptbot)"
217.113.194.75 - - [10/Sep/2025:07:12:23 +0700] "GET /omegle-features-filters-interests-and-other-tools/ HTTP/1.0" 200 90077 "-" "Mozilla/5.0 (compatible; Barkrowler/0.9; +https://babbar.tech/crawler)"
20.171.207.25 - - [10/Sep/2025:07:12:32 +0700] "GET /wp-json/wp/v2/posts/5134 HTTP/1.0" 200 20298 "-" "Mozilla/5.0 AppleWebKit/537.36 (KHTML, like Gecko; compatible; GPTBot/1.2; +https://openai.com/gptbot)"
20.171.207.25 - - [10/Sep/2025:07:12:39 +0700] "GET /wp-json/wp/v2/posts/6547 HTTP/1.0" 200 40706 "-" "Mozilla/5.0 AppleWebKit/537.36 (KHTML, like Gecko; compatible; GPTBot/1.2; +https://openai.com/gptbot)"
20.171.207.25 - - [10/Sep/2025:07:12:46 +0700] "GET /wp-json/wp/v2/posts/3185 HTTP/1.0" 200 183159 "-" "Mozilla/5.0 AppleWebKit/537.36 (KHTML, like Gecko; compatible; GPTBot/1.2; +https://openai.com/gptbot)"
20.171.207.25 - - [10/Sep/2025:07:12:54 +0700] "GET /wp-json/wp/v2/posts/3541 HTTP/1.0" 200 183454 "-" "Mozilla/5.0 AppleWebKit/537.36 (KHTML, like Gecko; compatible; GPTBot/1.2; +https://openai.com/gptbot)"
104.28.226.247 - - [10/Sep/2025:07:12:56 +0700] "POST /xmlrpc.php HTTP/1.0" 200 965 "-" "Python-xmlrpc/3.11"
217.113.194.81 - - [10/Sep/2025:07:12:56 +0700] "GET /omegle-for-socializing-making-new-friends-online/ HTTP/1.0" 200 91263 "-" "Mozilla/5.0 (compatible; Barkrowler/0.9; +https://babbar.tech/crawler)"
20.171.207.25 - - [10/Sep/2025:07:13:01 +0700] "GET /wp-json/wp/v2/posts/5603 HTTP/1.0" 200 23683 "-" "Mozilla/5.0 AppleWebKit/537.36 (KHTML, like Gecko; compatible; GPTBot/1.2; +https://openai.com/gptbot)"
20.171.207.25 - - [10/Sep/2025:07:13:09 +0700] "GET /wp-json/wp/v2/posts/8175 HTTP/1.0" 200 39035 "-" "Mozilla/5.0 AppleWebKit/537.36 (KHTML, like Gecko; compatible; GPTBot/1.2; +https://openai.com/gptbot)"
45.117.177.72 - - [10/Sep/2025:07:13:17 +0700] "POST /wp-cron.php?doing_wp_cron=1757463197.2154049873352050781250 HTTP/1.0" 200 416 "-" "WordPress/6.8.1; https://vattusacky.vn"
20.171.207.25 - - [10/Sep/2025:07:13:16 +0700] "GET /wp-json/wp/v2/posts/9507 HTTP/1.0" 200 55885 "-" "Mozilla/5.0 AppleWebKit/537.36 (KHTML, like Gecko; compatible; GPTBot/1.2; +https://openai.com/gptbot)"
154.54.249.200 - - [10/Sep/2025:07:13:17 +0700] "GET /omegle-for-gaming-connecting-with-fellow-gamers/ HTTP/1.0" 200 91178 "-" "Mozilla/5.0 (compatible; Barkrowler/0.9; +https://babbar.tech/crawler)"
20.171.207.25 - - [10/Sep/2025:07:13:23 +0700] "GET /wp-json/wp/v2/posts/7514 HTTP/1.0" 200 40268 "-" "Mozilla/5.0 AppleWebKit/537.36 (KHTML, like Gecko; compatible; GPTBot/1.2; +https://openai.com/gptbot)"
20.171.207.25 - - [10/Sep/2025:07:13:31 +0700] "GET /wp-json/wp/v2/posts/5791 HTTP/1.0" 200 27282 "-" "Mozilla/5.0 AppleWebKit/537.36 (KHTML, like Gecko; compatible; GPTBot/1.2; +https://openai.com/gptbot)"
217.113.194.80 - - [10/Sep/2025:07:13:38 +0700] "GET /omegle-safety-tips-guarding-your-privacy-online/ HTTP/1.0" 200 90458 "-" "Mozilla/5.0 (compatible; Barkrowler/0.9; +https://babbar.tech/crawler)"
20.171.207.25 - - [10/Sep/2025:07:13:39 +0700] "GET /wp-json/wp/v2/posts/9134 HTTP/1.0" 200 38578 "-" "Mozilla/5.0 AppleWebKit/537.36 (KHTML, like Gecko; compatible; GPTBot/1.2; +https://openai.com/gptbot)"
20.171.207.25 - - [10/Sep/2025:07:13:46 +0700] "GET /wp-json/wp/v2/posts/8134 HTTP/1.0" 200 41945 "-" "Mozilla/5.0 AppleWebKit/537.36 (KHTML, like Gecko; compatible; GPTBot/1.2; +https://openai.com/gptbot)"
20.171.207.25 - - [10/Sep/2025:07:13:53 +0700] "GET /wp-json/wp/v2/posts/9817 HTTP/1.0" 200 23794 "-" "Mozilla/5.0 AppleWebKit/537.36 (KHTML, like Gecko; compatible; GPTBot/1.2; +https://openai.com/gptbot)"
20.171.207.25 - - [10/Sep/2025:07:14:01 +0700] "GET /wp-json/wp/v2/posts/8650 HTTP/1.0" 200 37873 "-" "Mozilla/5.0 AppleWebKit/537.36 (KHTML, like Gecko; compatible; GPTBot/1.2; +https://openai.com/gptbot)"
154.54.249.200 - - [10/Sep/2025:07:14:02 +0700] "GET /omegle-trolls-and-how-to-deal-with-them/ HTTP/1.0" 200 91924 "-" "Mozilla/5.0 (compatible; Barkrowler/0.9; +https://babbar.tech/crawler)"
20.171.207.25 - - [10/Sep/2025:07:14:08 +0700] "GET /wp-json/wp/v2/posts/7948 HTTP/1.0" 200 38869 "-" "Mozilla/5.0 AppleWebKit/537.36 (KHTML, like Gecko; compatible; GPTBot/1.2; +https://openai.com/gptbot)"
20.171.207.25 - - [10/Sep/2025:07:14:15 +0700] "GET /wp-json/wp/v2/posts/3068 HTTP/1.0" 200 193513 "-" "Mozilla/5.0 AppleWebKit/537.36 (KHTML, like Gecko; compatible; GPTBot/1.2; +https://openai.com/gptbot)"
45.117.177.72 - - [10/Sep/2025:07:14:17 +0700] "POST /wp-cron.php?doing_wp_cron=1757463257.0760540962219238281250 HTTP/1.0" 200 416 "-" "WordPress/6.8.1; https://vattusacky.vn"
103.90.232.143 - - [10/Sep/2025:07:14:16 +0700] "POST /xmlrpc.php HTTP/1.0" 200 956 "https://vattusacky.vn" "Mozilla/5.0 (Macintosh; Intel Mac OS X 10_15_7; rv:125.0.1) Gecko/20100101 Firefox/125.0.1"
103.90.232.143 - - [10/Sep/2025:07:14:17 +0700] "POST /wp-login.php HTTP/1.0" 200 11730 "https://vattusacky.vn" "Mozilla/5.0 (Windows NT 10.0; Win64; x64) AppleWebKit/537.36 (KHTML, like Gecko) Chrome/116.0.5845.96 Safari/537.36 Edg/116.0.1938.62"
20.171.207.25 - - [10/Sep/2025:07:14:21 +0700] "GET /wp-json/wp/v2/posts/8704 HTTP/1.0" 200 41746 "-" "Mozilla/5.0 AppleWebKit/537.36 (KHTML, like Gecko; compatible; GPTBot/1.2; +https://openai.com/gptbot)"
217.113.194.79 - - [10/Sep/2025:07:14:25 +0700] "GET /omegles-influence-on-positive-psychology/feed/ HTTP/1.0" 200 1717 "-" "Mozilla/5.0 (compatible; Barkrowler/0.9; +https://babbar.tech/crawler)"
20.171.207.25 - - [10/Sep/2025:07:14:28 +0700] "GET /wp-json/wp/v2/posts/4318 HTTP/1.0" 200 210454 "-" "Mozilla/5.0 AppleWebKit/537.36 (KHTML, like Gecko; compatible; GPTBot/1.2; +https://openai.com/gptbot)"
20.171.207.25 - - [10/Sep/2025:07:14:38 +0700] "GET /wp-json/wp/v2/posts/5716 HTTP/1.0" 200 54152 "-" "Mozilla/5.0 AppleWebKit/537.36 (KHTML, like Gecko; compatible; GPTBot/1.2; +https://openai.com/gptbot)"
217.113.194.78 - - [10/Sep/2025:07:14:43 +0700] "GET /omegles-influence-on-social-skills-development/feed/ HTTP/1.0" 200 1735 "-" "Mozilla/5.0 (compatible; Barkrowler/0.9; +https://babbar.tech/crawler)"
20.171.207.25 - - [10/Sep/2025:07:14:47 +0700] "GET /wp-json/wp/v2/posts/3581 HTTP/1.0" 200 183746 "-" "Mozilla/5.0 AppleWebKit/537.36 (KHTML, like Gecko; compatible; GPTBot/1.2; +https://openai.com/gptbot)"
20.171.207.25 - - [10/Sep/2025:07:14:56 +0700] "GET /wp-json/wp/v2/posts/9167 HTTP/1.0" 200 40573 "-" "Mozilla/5.0 AppleWebKit/537.36 (KHTML, like Gecko; compatible; GPTBot/1.2; +https://openai.com/gptbot)"
217.113.194.217 - - [10/Sep/2025:07:15:01 +0700] "GET /omegle-chatrooms-are-they-really-private/ HTTP/1.0" 200 89023 "-" "Mozilla/5.0 (compatible; Barkrowler/0.9; +https://babbar.tech/crawler)"
20.171.207.25 - - [10/Sep/2025:07:15:03 +0700] "GET /wp-json/wp/v2/posts/8037 HTTP/1.0" 200 42058 "-" "Mozilla/5.0 AppleWebKit/537.36 (KHTML, like Gecko; compatible; GPTBot/1.2; +https://openai.com/gptbot)"
20.171.207.25 - - [10/Sep/2025:07:15:10 +0700] "GET /wp-json/wp/v2/posts/3175 HTTP/1.0" 200 235407 "-" "Mozilla/5.0 AppleWebKit/537.36 (KHTML, like Gecko; compatible; GPTBot/1.2; +https://openai.com/gptbot)"
45.117.177.72 - - [10/Sep/2025:07:15:20 +0700] "POST /wp-cron.php?doing_wp_cron=1757463319.9058320522308349609375 HTTP/1.0" 200 416 "-" "WordPress/6.8.1; https://vattusacky.vn"
20.171.207.25 - - [10/Sep/2025:07:15:18 +0700] "GET /wp-json/wp/v2/posts/4953 HTTP/1.0" 200 195012 "-" "Mozilla/5.0 AppleWebKit/537.36 (KHTML, like Gecko; compatible; GPTBot/1.2; +https://openai.com/gptbot)"
217.113.194.77 - - [10/Sep/2025:07:15:21 +0700] "GET /omegle-games-breaking-the-ice-and-having-fun/ HTTP/1.0" 200 90045 "-" "Mozilla/5.0 (compatible; Barkrowler/0.9; +https://babbar.tech/crawler)"
20.171.207.25 - - [10/Sep/2025:07:15:26 +0700] "GET /wp-json/wp/v2/posts/6480 HTTP/1.0" 200 39420 "-" "Mozilla/5.0 AppleWebKit/537.36 (KHTML, like Gecko; compatible; GPTBot/1.2; +https://openai.com/gptbot)"
20.171.207.25 - - [10/Sep/2025:07:15:33 +0700] "GET /wp-json/wp/v2/posts/7465 HTTP/1.0" 200 24185 "-" "Mozilla/5.0 AppleWebKit/537.36 (KHTML, like Gecko; compatible; GPTBot/1.2; +https://openai.com/gptbot)"
217.113.194.81 - - [10/Sep/2025:07:15:41 +0700] "GET /omegle-filters-customizing-your-chat-experience/ HTTP/1.0" 200 92310 "-" "Mozilla/5.0 (compatible; Barkrowler/0.9; +https://babbar.tech/crawler)"
20.171.207.25 - - [10/Sep/2025:07:15:41 +0700] "GET /wp-json/wp/v2/posts/3064 HTTP/1.0" 200 191805 "-" "Mozilla/5.0 AppleWebKit/537.36 (KHTML, like Gecko; compatible; GPTBot/1.2; +https://openai.com/gptbot)"
20.171.207.25 - - [10/Sep/2025:07:15:49 +0700] "GET /wp-json/wp/v2/posts/9045 HTTP/1.0" 200 40716 "-" "Mozilla/5.0 AppleWebKit/537.36 (KHTML, like Gecko; compatible; GPTBot/1.2; +https://openai.com/gptbot)"
20.171.207.25 - - [10/Sep/2025:07:15:56 +0700] "GET /wp-json/wp/v2/posts/6479 HTTP/1.0" 200 42631 "-" "Mozilla/5.0 AppleWebKit/537.36 (KHTML, like Gecko; compatible; GPTBot/1.2; +https://openai.com/gptbot)"
213.132.222.51 - - [10/Sep/2025:07:16:01 +0700] "POST /xmlrpc.php HTTP/1.0" 200 956 "-" "Mozilla/5.0 (Windows NT 10.0; Win64; x64; rv:69.0) Gecko/20100101 Firefox/69.0"
217.113.194.217 - - [10/Sep/2025:07:16:03 +0700] "GET /omegle-in-the-age-of-social-distancing/ HTTP/1.0" 200 90941 "-" "Mozilla/5.0 (compatible; Barkrowler/0.9; +https://babbar.tech/crawler)"
20.171.207.25 - - [10/Sep/2025:07:16:04 +0700] "GET /wp-json/wp/v2/posts/8576 HTTP/1.0" 200 41021 "-" "Mozilla/5.0 AppleWebKit/537.36 (KHTML, like Gecko; compatible; GPTBot/1.2; +https://openai.com/gptbot)"
20.171.207.25 - - [10/Sep/2025:07:16:10 +0700] "GET /wp-json/wp/v2/posts/3487 HTTP/1.0" 200 181915 "-" "Mozilla/5.0 AppleWebKit/537.36 (KHTML, like Gecko; compatible; GPTBot/1.2; +https://openai.com/gptbot)"
20.171.207.25 - - [10/Sep/2025:07:16:18 +0700] "GET /wp-json/wp/v2/posts/9078 HTTP/1.0" 200 37691 "-" "Mozilla/5.0 AppleWebKit/537.36 (KHTML, like Gecko; compatible; GPTBot/1.2; +https://openai.com/gptbot)"
217.113.194.218 - - [10/Sep/2025:07:16:25 +0700] "GET /omegle-video-chat-and-mental-health-support/feed/ HTTP/1.0" 200 1726 "-" "Mozilla/5.0 (compatible; Barkrowler/0.9; +https://babbar.tech/crawler)"
20.171.207.25 - - [10/Sep/2025:07:16:31 +0700] "GET /wp-json/wp/v2/posts/5083 HTTP/1.0" 200 268924 "-" "Mozilla/5.0 AppleWebKit/537.36 (KHTML, like Gecko; compatible; GPTBot/1.2; +https://openai.com/gptbot)"
20.171.207.25 - - [10/Sep/2025:07:16:41 +0700] "GET /wp-json/wp/v2/posts/5437 HTTP/1.0" 200 101412 "-" "Mozilla/5.0 AppleWebKit/537.36 (KHTML, like Gecko; compatible; GPTBot/1.2; +https://openai.com/gptbot)"
217.113.194.75 - - [10/Sep/2025:07:16:43 +0700] "GET /omegle-video-chat-for-educational-purposes/feed/ HTTP/1.0" 200 1723 "-" "Mozilla/5.0 (compatible; Barkrowler/0.9; +https://babbar.tech/crawler)"
198.98.58.81 - - [10/Sep/2025:07:16:46 +0700] "GET /wp-login.php HTTP/1.0" 200 11388 "-" "Mozilla/5.0 (Macintosh; Intel Mac OS X 10_9_4) AppleWebKit/537.78.2 (KHTML, like Gecko) Version/7.0.6 Safari/537.78.2"
20.171.207.25 - - [10/Sep/2025:07:16:50 +0700] "GET /wp-json/wp/v2/posts/6137 HTTP/1.0" 200 40407 "-" "Mozilla/5.0 AppleWebKit/537.36 (KHTML, like Gecko; compatible; GPTBot/1.2; +https://openai.com/gptbot)"
198.98.58.81 - - [10/Sep/2025:07:16:54 +0700] "POST /wp-login.php HTTP/1.0" 200 11740 "-" "Mozilla/5.0 (Macintosh; Intel Mac OS X 10_9_4) AppleWebKit/537.78.2 (KHTML, like Gecko) Version/7.0.6 Safari/537.78.2"
20.171.207.25 - - [10/Sep/2025:07:16:56 +0700] "GET /wp-json/wp/v2/posts/7894 HTTP/1.0" 200 27757 "-" "Mozilla/5.0 AppleWebKit/537.36 (KHTML, like Gecko; compatible; GPTBot/1.2; +https://openai.com/gptbot)"
217.113.194.78 - - [10/Sep/2025:07:17:01 +0700] "GET /omegles-community-guidelines-what-you-need-to-know/feed/ HTTP/1.0" 200 1747 "-" "Mozilla/5.0 (compatible; Barkrowler/0.9; +https://babbar.tech/crawler)"
20.171.207.25 - - [10/Sep/2025:07:17:03 +0700] "GET /wp-json/wp/v2/posts/6317 HTTP/1.0" 200 38623 "-" "Mozilla/5.0 AppleWebKit/537.36 (KHTML, like Gecko; compatible; GPTBot/1.2; +https://openai.com/gptbot)"
20.171.207.25 - - [10/Sep/2025:07:17:11 +0700] "GET /wp-json/wp/v2/posts/6178 HTTP/1.0" 200 37690 "-" "Mozilla/5.0 AppleWebKit/537.36 (KHTML, like Gecko; compatible; GPTBot/1.2; +https://openai.com/gptbot)"
45.117.177.72 - - [10/Sep/2025:07:17:21 +0700] "POST /wp-cron.php?doing_wp_cron=1757463440.9164059162139892578125 HTTP/1.0" 200 416 "-" "WordPress/6.8.1; https://vattusacky.vn"
20.171.207.25 - - [10/Sep/2025:07:17:19 +0700] "GET /wp-json/wp/v2/posts/7945 HTTP/1.0" 200 40617 "-" "Mozilla/5.0 AppleWebKit/537.36 (KHTML, like Gecko; compatible; GPTBot/1.2; +https://openai.com/gptbot)"
45.117.177.72 - - [10/Sep/2025:07:17:21 +0700] "POST /wp-cron.php?doing_wp_cron=1757463441.6494929790496826171875 HTTP/1.0" 200 416 "-" "WordPress/6.8.1; https://vattusacky.vn"
217.113.194.72 - - [10/Sep/2025:07:17:20 +0700] "GET /omegles-content-filter-does-it-really-work/ HTTP/1.0" 200 89585 "-" "Mozilla/5.0 (compatible; Barkrowler/0.9; +https://babbar.tech/crawler)"
20.171.207.25 - - [10/Sep/2025:07:17:27 +0700] "GET /wp-json/wp/v2/posts/9416 HTTP/1.0" 200 21855 "-" "Mozilla/5.0 AppleWebKit/537.36 (KHTML, like Gecko; compatible; GPTBot/1.2; +https://openai.com/gptbot)"
20.171.207.25 - - [10/Sep/2025:07:17:35 +0700] "GET /wp-json/wp/v2/posts/5679 HTTP/1.0" 200 26548 "-" "Mozilla/5.0 AppleWebKit/537.36 (KHTML, like Gecko; compatible; GPTBot/1.2; +https://openai.com/gptbot)"
217.113.194.217 - - [10/Sep/2025:07:17:41 +0700] "GET /omegles-impact-on-intercultural-communication/feed/ HTTP/1.0" 200 1732 "-" "Mozilla/5.0 (compatible; Barkrowler/0.9; +https://babbar.tech/crawler)"
20.171.207.25 - - [10/Sep/2025:07:17:43 +0700] "GET /wp-json/wp/v2/posts/7369 HTTP/1.0" 200 39499 "-" "Mozilla/5.0 AppleWebKit/537.36 (KHTML, like Gecko; compatible; GPTBot/1.2; +https://openai.com/gptbot)"
20.171.207.25 - - [10/Sep/2025:07:17:51 +0700] "GET /wp-json/wp/v2/posts/3164 HTTP/1.0" 200 179668 "-" "Mozilla/5.0 AppleWebKit/537.36 (KHTML, like Gecko; compatible; GPTBot/1.2; +https://openai.com/gptbot)"
217.113.194.217 - - [10/Sep/2025:07:17:58 +0700] "GET /omegles-impact-on-empathy-and-compassion/ HTTP/1.0" 200 92299 "-" "Mozilla/5.0 (compatible; Barkrowler/0.9; +https://babbar.tech/crawler)"
20.171.207.25 - - [10/Sep/2025:07:17:59 +0700] "GET /wp-json/wp/v2/posts/3906 HTTP/1.0" 200 208436 "-" "Mozilla/5.0 AppleWebKit/537.36 (KHTML, like Gecko; compatible; GPTBot/1.2; +https://openai.com/gptbot)"
20.171.207.25 - - [10/Sep/2025:07:18:07 +0700] "GET /wp-json/wp/v2/posts/5081 HTTP/1.0" 200 203113 "-" "Mozilla/5.0 AppleWebKit/537.36 (KHTML, like Gecko; compatible; GPTBot/1.2; +https://openai.com/gptbot)"
45.117.177.72 - - [10/Sep/2025:07:18:17 +0700] "POST /wp-cron.php?doing_wp_cron=1757463497.1276910305023193359375 HTTP/1.0" 200 416 "-" "WordPress/6.8.1; https://vattusacky.vn"
20.171.207.25 - - [10/Sep/2025:07:18:15 +0700] "GET /wp-json/wp/v2/posts/6789 HTTP/1.0" 200 41403 "-" "Mozilla/5.0 AppleWebKit/537.36 (KHTML, like Gecko; compatible; GPTBot/1.2; +https://openai.com/gptbot)"
85.208.96.200 - - [10/Sep/2025:07:18:17 +0700] "GET /category/uncategorized/page/307/ HTTP/1.0" 200 76020 "-" "Mozilla/5.0 (compatible; SemrushBot/7~bl; +http://www.semrush.com/bot.html)"
154.54.249.200 - - [10/Sep/2025:07:18:18 +0700] "GET /omegles-impact-on-online-privacy-discussions/ HTTP/1.0" 200 77310 "-" "Mozilla/5.0 (compatible; Barkrowler/0.9; +https://babbar.tech/crawler)"
20.171.207.25 - - [10/Sep/2025:07:18:22 +0700] "GET /wp-json/wp/v2/posts/6814 HTTP/1.0" 200 40359 "-" "Mozilla/5.0 AppleWebKit/537.36 (KHTML, like Gecko; compatible; GPTBot/1.2; +https://openai.com/gptbot)"
20.171.207.25 - - [10/Sep/2025:07:18:29 +0700] "GET /wp-json/wp/v2/posts/9851 HTTP/1.0" 200 41084 "-" "Mozilla/5.0 AppleWebKit/537.36 (KHTML, like Gecko; compatible; GPTBot/1.2; +https://openai.com/gptbot)"
20.171.207.25 - - [10/Sep/2025:07:18:37 +0700] "GET /wp-json/wp/v2/posts/4396 HTTP/1.0" 200 205289 "-" "Mozilla/5.0 AppleWebKit/537.36 (KHTML, like Gecko; compatible; GPTBot/1.2; +https://openai.com/gptbot)"
217.113.194.218 - - [10/Sep/2025:07:18:41 +0700] "GET /omegles-impact-on-online-dating-and-romance/ HTTP/1.0" 200 89275 "-" "Mozilla/5.0 (compatible; Barkrowler/0.9; +https://babbar.tech/crawler)"
20.171.207.25 - - [10/Sep/2025:07:18:44 +0700] "GET /wp-json/wp/v2/posts/6743 HTTP/1.0" 200 39079 "-" "Mozilla/5.0 AppleWebKit/537.36 (KHTML, like Gecko; compatible; GPTBot/1.2; +https://openai.com/gptbot)"
20.171.207.25 - - [10/Sep/2025:07:18:53 +0700] "GET /wp-json/wp/v2/posts/6753 HTTP/1.0" 200 41358 "-" "Mozilla/5.0 AppleWebKit/537.36 (KHTML, like Gecko; compatible; GPTBot/1.2; +https://openai.com/gptbot)"
20.171.207.25 - - [10/Sep/2025:07:19:00 +0700] "GET /wp-json/wp/v2/posts/4517 HTTP/1.0" 200 232573 "-" "Mozilla/5.0 AppleWebKit/537.36 (KHTML, like Gecko; compatible; GPTBot/1.2; +https://openai.com/gptbot)"
40.77.167.27 - - [10/Sep/2025:07:19:00 +0700] "GET /how-can-norton-safe-search-work/ HTTP/1.0" 200 236627 "-" "Mozilla/5.0 AppleWebKit/537.36 (KHTML, like Gecko; compatible; bingbot/2.0; +http://www.bing.com/bingbot.htm) Chrome/116.0.1938.76 Safari/537.36"
20.171.207.25 - - [10/Sep/2025:07:19:08 +0700] "GET /wp-json/wp/v2/posts/7093 HTTP/1.0" 200 37183 "-" "Mozilla/5.0 AppleWebKit/537.36 (KHTML, like Gecko; compatible; GPTBot/1.2; +https://openai.com/gptbot)"
217.113.194.72 - - [10/Sep/2025:07:19:10 +0700] "GET /omegles-impact-on-online-dating-and-romance/feed/ HTTP/1.0" 200 1726 "-" "Mozilla/5.0 (compatible; Barkrowler/0.9; +https://babbar.tech/crawler)"
45.117.177.72 - - [10/Sep/2025:07:19:17 +0700] "POST /wp-cron.php?doing_wp_cron=1757463557.0977380275726318359375 HTTP/1.0" 200 416 "-" "WordPress/6.8.1; https://vattusacky.vn"
20.171.207.25 - - [10/Sep/2025:07:19:15 +0700] "GET /wp-json/wp/v2/posts/7946 HTTP/1.0" 200 43314 "-" "Mozilla/5.0 AppleWebKit/537.36 (KHTML, like Gecko; compatible; GPTBot/1.2; +https://openai.com/gptbot)"
20.171.207.25 - - [10/Sep/2025:07:19:23 +0700] "GET /wp-json/wp/v2/posts/3168 HTTP/1.0" 200 182405 "-" "Mozilla/5.0 AppleWebKit/537.36 (KHTML, like Gecko; compatible; GPTBot/1.2; +https://openai.com/gptbot)"
217.113.194.74 - - [10/Sep/2025:07:19:28 +0700] "GET /producing-a-sample-profile-for-online-dating-site/feed/ HTTP/1.0" 200 1744 "-" "Mozilla/5.0 (compatible; Barkrowler/0.9; +https://babbar.tech/crawler)"
20.171.207.25 - - [10/Sep/2025:07:19:32 +0700] "GET /wp-json/wp/v2/posts/3468 HTTP/1.0" 200 182968 "-" "Mozilla/5.0 AppleWebKit/537.36 (KHTML, like Gecko; compatible; GPTBot/1.2; +https://openai.com/gptbot)"
20.171.207.25 - - [10/Sep/2025:07:19:39 +0700] "GET /wp-json/wp/v2/posts/8603 HTTP/1.0" 200 27281 "-" "Mozilla/5.0 AppleWebKit/537.36 (KHTML, like Gecko; compatible; GPTBot/1.2; +https://openai.com/gptbot)"
217.113.194.79 - - [10/Sep/2025:07:19:46 +0700] "GET /user-experience-omegles-video-chat-interface/feed/ HTTP/1.0" 200 1729 "-" "Mozilla/5.0 (compatible; Barkrowler/0.9; +https://babbar.tech/crawler)"
20.171.207.25 - - [10/Sep/2025:07:19:47 +0700] "GET /wp-json/wp/v2/posts/7130 HTTP/1.0" 200 38720 "-" "Mozilla/5.0 AppleWebKit/537.36 (KHTML, like Gecko; compatible; GPTBot/1.2; +https://openai.com/gptbot)"
20.171.207.25 - - [10/Sep/2025:07:19:56 +0700] "GET /wp-json/wp/v2/posts/9867 HTTP/1.0" 200 28145 "-" "Mozilla/5.0 AppleWebKit/537.36 (KHTML, like Gecko; compatible; GPTBot/1.2; +https://openai.com/gptbot)"
20.171.207.25 - - [10/Sep/2025:07:20:05 +0700] "GET /wp-json/wp/v2/posts/8731 HTTP/1.0" 200 38332 "-" "Mozilla/5.0 AppleWebKit/537.36 (KHTML, like Gecko; compatible; GPTBot/1.2; +https://openai.com/gptbot)"
217.113.194.80 - - [10/Sep/2025:07:20:06 +0700] "GET /user-reviews-omegle-vs-ometv/feed/ HTTP/1.0" 200 1681 "-" "Mozilla/5.0 (compatible; Barkrowler/0.9; +https://babbar.tech/crawler)"
216.244.66.237 - - [10/Sep/2025:07:20:09 +0700] "GET /the-evolution-of-omegle-from-text-based-to-video-chat/feed/ HTTP/1.0" 200 1756 "-" "Mozilla/5.0 (compatible; DotBot/1.2; +https://opensiteexplorer.org/dotbot; help@moz.com)"
20.171.207.25 - - [10/Sep/2025:07:20:13 +0700] "GET /wp-json/wp/v2/posts/6970 HTTP/1.0" 200 41008 "-" "Mozilla/5.0 AppleWebKit/537.36 (KHTML, like Gecko; compatible; GPTBot/1.2; +https://openai.com/gptbot)"
45.117.177.72 - - [10/Sep/2025:07:20:23 +0700] "POST /wp-cron.php?doing_wp_cron=1757463623.0216441154479980468750 HTTP/1.0" 200 416 "-" "WordPress/6.8.1; https://vattusacky.vn"
20.171.207.25 - - [10/Sep/2025:07:20:21 +0700] "GET /wp-json/wp/v2/posts/7316 HTTP/1.0" 200 27710 "-" "Mozilla/5.0 AppleWebKit/537.36 (KHTML, like Gecko; compatible; GPTBot/1.2; +https://openai.com/gptbot)"
217.113.194.72 - - [10/Sep/2025:07:20:24 +0700] "GET /overcoming-loneliness-through-online-friendships/feed/ HTTP/1.0" 200 1741 "-" "Mozilla/5.0 (compatible; Barkrowler/0.9; +https://babbar.tech/crawler)"
20.171.207.25 - - [10/Sep/2025:07:20:30 +0700] "GET /wp-json/wp/v2/posts/6719 HTTP/1.0" 200 39422 "-" "Mozilla/5.0 AppleWebKit/537.36 (KHTML, like Gecko; compatible; GPTBot/1.2; +https://openai.com/gptbot)"
20.171.207.25 - - [10/Sep/2025:07:20:37 +0700] "GET /wp-json/wp/v2/posts/7094 HTTP/1.0" 200 40258 "-" "Mozilla/5.0 AppleWebKit/537.36 (KHTML, like Gecko; compatible; GPTBot/1.2; +https://openai.com/gptbot)"
217.113.194.73 - - [10/Sep/2025:07:20:44 +0700] "GET /overcoming-depression-through-omegle-therapy/ HTTP/1.0" 403 606 "-" "Mozilla/5.0 (compatible; Barkrowler/0.9; +https://babbar.tech/crawler)"
20.171.207.25 - - [10/Sep/2025:07:20:45 +0700] "GET /wp-json/wp/v2/posts/3476 HTTP/1.0" 200 206385 "-" "Mozilla/5.0 AppleWebKit/537.36 (KHTML, like Gecko; compatible; GPTBot/1.2; +https://openai.com/gptbot)"
20.171.207.25 - - [10/Sep/2025:07:20:52 +0700] "GET /wp-json/wp/v2/posts/4836 HTTP/1.0" 200 194500 "-" "Mozilla/5.0 AppleWebKit/537.36 (KHTML, like Gecko; compatible; GPTBot/1.2; +https://openai.com/gptbot)"
20.171.207.25 - - [10/Sep/2025:07:21:01 +0700] "GET /wp-json/wp/v2/posts/9461 HTTP/1.0" 200 21809 "-" "Mozilla/5.0 AppleWebKit/537.36 (KHTML, like Gecko; compatible; GPTBot/1.2; +https://openai.com/gptbot)"
20.171.207.25 - - [10/Sep/2025:07:21:09 +0700] "GET /wp-json/wp/v2/posts/8057 HTTP/1.0" 200 38519 "-" "Mozilla/5.0 AppleWebKit/537.36 (KHTML, like Gecko; compatible; GPTBot/1.2; +https://openai.com/gptbot)"
45.117.177.72 - - [10/Sep/2025:07:21:18 +0700] "POST /wp-cron.php?doing_wp_cron=1757463677.9532999992370605468750 HTTP/1.0" 200 416 "-" "WordPress/6.8.1; https://vattusacky.vn"
20.171.207.25 - - [10/Sep/2025:07:21:16 +0700] "GET /wp-json/wp/v2/posts/5976 HTTP/1.0" 200 133026 "-" "Mozilla/5.0 AppleWebKit/537.36 (KHTML, like Gecko; compatible; GPTBot/1.2; +https://openai.com/gptbot)"
20.171.207.25 - - [10/Sep/2025:07:21:24 +0700] "GET /wp-json/wp/v2/posts/7056 HTTP/1.0" 200 39124 "-" "Mozilla/5.0 AppleWebKit/537.36 (KHTML, like Gecko; compatible; GPTBot/1.2; +https://openai.com/gptbot)"
20.171.207.25 - - [10/Sep/2025:07:21:32 +0700] "GET /wp-json/wp/v2/posts/4069 HTTP/1.0" 200 225192 "-" "Mozilla/5.0 AppleWebKit/537.36 (KHTML, like Gecko; compatible; GPTBot/1.2; +https://openai.com/gptbot)"
20.171.207.25 - - [10/Sep/2025:07:21:41 +0700] "GET /wp-json/wp/v2/posts/6453 HTTP/1.0" 200 38134 "-" "Mozilla/5.0 AppleWebKit/537.36 (KHTML, like Gecko; compatible; GPTBot/1.2; +https://openai.com/gptbot)"
20.171.207.25 - - [10/Sep/2025:07:21:50 +0700] "GET /wp-json/wp/v2/posts/5694 HTTP/1.0" 200 27768 "-" "Mozilla/5.0 AppleWebKit/537.36 (KHTML, like Gecko; compatible; GPTBot/1.2; +https://openai.com/gptbot)"
20.171.207.25 - - [10/Sep/2025:07:21:57 +0700] "GET /wp-json/wp/v2/posts/8903 HTTP/1.0" 200 41203 "-" "Mozilla/5.0 AppleWebKit/537.36 (KHTML, like Gecko; compatible; GPTBot/1.2; +https://openai.com/gptbot)"
20.171.207.25 - - [10/Sep/2025:07:22:05 +0700] "GET /wp-json/wp/v2/posts/7803 HTTP/1.0" 200 39521 "-" "Mozilla/5.0 AppleWebKit/537.36 (KHTML, like Gecko; compatible; GPTBot/1.2; +https://openai.com/gptbot)"
20.171.207.25 - - [10/Sep/2025:07:22:13 +0700] "GET /wp-json/wp/v2/posts/8547 HTTP/1.0" 200 39458 "-" "Mozilla/5.0 AppleWebKit/537.36 (KHTML, like Gecko; compatible; GPTBot/1.2; +https://openai.com/gptbot)"
45.117.177.72 - - [10/Sep/2025:07:22:23 +0700] "POST /wp-cron.php?doing_wp_cron=1757463742.8362400531768798828125 HTTP/1.0" 200 416 "-" "WordPress/6.8.1; https://vattusacky.vn"
20.171.207.25 - - [10/Sep/2025:07:22:21 +0700] "GET /wp-json/wp/v2/posts/6750 HTTP/1.0" 200 40610 "-" "Mozilla/5.0 AppleWebKit/537.36 (KHTML, like Gecko; compatible; GPTBot/1.2; +https://openai.com/gptbot)"
20.171.207.25 - - [10/Sep/2025:07:22:28 +0700] "GET /wp-json/wp/v2/posts/9864 HTTP/1.0" 200 36443 "-" "Mozilla/5.0 AppleWebKit/537.36 (KHTML, like Gecko; compatible; GPTBot/1.2; +https://openai.com/gptbot)"
20.171.207.25 - - [10/Sep/2025:07:22:35 +0700] "GET /wp-json/wp/v2/posts/7801 HTTP/1.0" 200 37726 "-" "Mozilla/5.0 AppleWebKit/537.36 (KHTML, like Gecko; compatible; GPTBot/1.2; +https://openai.com/gptbot)"
20.171.207.25 - - [10/Sep/2025:07:22:44 +0700] "GET /wp-json/wp/v2/posts/7915 HTTP/1.0" 200 37077 "-" "Mozilla/5.0 AppleWebKit/537.36 (KHTML, like Gecko; compatible; GPTBot/1.2; +https://openai.com/gptbot)"
20.171.207.25 - - [10/Sep/2025:07:22:51 +0700] "GET /wp-json/wp/v2/posts/7490 HTTP/1.0" 200 40444 "-" "Mozilla/5.0 AppleWebKit/537.36 (KHTML, like Gecko; compatible; GPTBot/1.2; +https://openai.com/gptbot)"
20.171.207.25 - - [10/Sep/2025:07:22:59 +0700] "GET /wp-json/wp/v2/posts/6981 HTTP/1.0" 200 39470 "-" "Mozilla/5.0 AppleWebKit/537.36 (KHTML, like Gecko; compatible; GPTBot/1.2; +https://openai.com/gptbot)"
20.171.207.25 - - [10/Sep/2025:07:23:05 +0700] "GET /wp-json/wp/v2/posts/7809 HTTP/1.0" 200 41315 "-" "Mozilla/5.0 AppleWebKit/537.36 (KHTML, like Gecko; compatible; GPTBot/1.2; +https://openai.com/gptbot)"
20.171.207.25 - - [10/Sep/2025:07:23:13 +0700] "GET /wp-json/wp/v2/posts/7043 HTTP/1.0" 200 39153 "-" "Mozilla/5.0 AppleWebKit/537.36 (KHTML, like Gecko; compatible; GPTBot/1.2; +https://openai.com/gptbot)"
45.117.177.72 - - [10/Sep/2025:07:23:18 +0700] "POST /wp-cron.php?doing_wp_cron=1757463798.6927020549774169921875 HTTP/1.0" 200 416 "-" "WordPress/6.8.1; https://vattusacky.vn"
217.113.194.78 - - [10/Sep/2025:07:23:17 +0700] "GET /overcoming-stereotypes-in-online-interactions/ HTTP/1.0" 200 89877 "-" "Mozilla/5.0 (compatible; Barkrowler/0.9; +https://babbar.tech/crawler)"
20.171.207.25 - - [10/Sep/2025:07:23:21 +0700] "GET /wp-json/wp/v2/posts/8937 HTTP/1.0" 200 39297 "-" "Mozilla/5.0 AppleWebKit/537.36 (KHTML, like Gecko; compatible; GPTBot/1.2; +https://openai.com/gptbot)"
20.171.207.25 - - [10/Sep/2025:07:23:30 +0700] "GET /wp-json/wp/v2/posts/8031 HTTP/1.0" 200 39694 "-" "Mozilla/5.0 AppleWebKit/537.36 (KHTML, like Gecko; compatible; GPTBot/1.2; +https://openai.com/gptbot)"
217.113.194.75 - - [10/Sep/2025:07:23:38 +0700] "GET /data-security-and-storage-on-ometv/feed/ HTTP/1.0" 200 1699 "-" "Mozilla/5.0 (compatible; Barkrowler/0.9; +https://babbar.tech/crawler)"
20.171.207.25 - - [10/Sep/2025:07:23:39 +0700] "GET /wp-json/wp/v2/posts/6873 HTTP/1.0" 200 41582 "-" "Mozilla/5.0 AppleWebKit/537.36 (KHTML, like Gecko; compatible; GPTBot/1.2; +https://openai.com/gptbot)"
20.171.207.25 - - [10/Sep/2025:07:23:48 +0700] "GET /wp-json/wp/v2/posts/7015 HTTP/1.0" 200 39608 "-" "Mozilla/5.0 AppleWebKit/537.36 (KHTML, like Gecko; compatible; GPTBot/1.2; +https://openai.com/gptbot)"
20.171.207.25 - - [10/Sep/2025:07:23:56 +0700] "GET /wp-json/wp/v2/posts/7468 HTTP/1.0" 200 40113 "-" "Mozilla/5.0 AppleWebKit/537.36 (KHTML, like Gecko; compatible; GPTBot/1.2; +https://openai.com/gptbot)"
217.113.194.75 - - [10/Sep/2025:07:23:58 +0700] "GET /psychological-effects-of-omegle-on-users/feed/ HTTP/1.0" 200 1717 "-" "Mozilla/5.0 (compatible; Barkrowler/0.9; +https://babbar.tech/crawler)"
20.171.207.25 - - [10/Sep/2025:07:24:08 +0700] "GET /wp-json/wp/v2/posts/6089 HTTP/1.0" 200 39474 "-" "Mozilla/5.0 AppleWebKit/537.36 (KHTML, like Gecko; compatible; GPTBot/1.2; +https://openai.com/gptbot)"
20.171.207.25 - - [10/Sep/2025:07:24:15 +0700] "GET /wp-json/wp/v2/posts/6891 HTTP/1.0" 200 42141 "-" "Mozilla/5.0 AppleWebKit/537.36 (KHTML, like Gecko; compatible; GPTBot/1.2; +https://openai.com/gptbot)"
45.117.177.72 - - [10/Sep/2025:07:24:18 +0700] "POST /wp-cron.php?doing_wp_cron=1757463858.1620619297027587890625 HTTP/1.0" 200 416 "-" "WordPress/6.8.1; https://vattusacky.vn"
217.113.194.75 - - [10/Sep/2025:07:24:16 +0700] "GET /zajm-sms-zajm-ot-finterra/ HTTP/1.0" 200 223695 "-" "Mozilla/5.0 (compatible; Barkrowler/0.9; +https://babbar.tech/crawler)"
20.171.207.25 - - [10/Sep/2025:07:24:24 +0700] "GET /wp-json/wp/v2/posts/3985 HTTP/1.0" 200 177960 "-" "Mozilla/5.0 AppleWebKit/537.36 (KHTML, like Gecko; compatible; GPTBot/1.2; +https://openai.com/gptbot)"
20.171.207.25 - - [10/Sep/2025:07:24:31 +0700] "GET /wp-json/wp/v2/posts/8067 HTTP/1.0" 200 37143 "-" "Mozilla/5.0 AppleWebKit/537.36 (KHTML, like Gecko; compatible; GPTBot/1.2; +https://openai.com/gptbot)"
20.171.207.25 - - [10/Sep/2025:07:24:39 +0700] "GET /wp-json/wp/v2/posts/8504 HTTP/1.0" 200 30760 "-" "Mozilla/5.0 AppleWebKit/537.36 (KHTML, like Gecko; compatible; GPTBot/1.2; +https://openai.com/gptbot)"
20.171.207.25 - - [10/Sep/2025:07:24:46 +0700] "GET /wp-json/wp/v2/posts/3706 HTTP/1.0" 200 182109 "-" "Mozilla/5.0 AppleWebKit/537.36 (KHTML, like Gecko; compatible; GPTBot/1.2; +https://openai.com/gptbot)"
20.171.207.25 - - [10/Sep/2025:07:24:55 +0700] "GET /wp-json/wp/v2/posts/4053 HTTP/1.0" 200 206133 "-" "Mozilla/5.0 AppleWebKit/537.36 (KHTML, like Gecko; compatible; GPTBot/1.2; +https://openai.com/gptbot)"
217.113.194.74 - - [10/Sep/2025:07:24:55 +0700] "GET /creating-lasting-friendships-on-omegle/feed/ HTTP/1.0" 200 1711 "-" "Mozilla/5.0 (compatible; Barkrowler/0.9; +https://babbar.tech/crawler)"
20.171.207.25 - - [10/Sep/2025:07:25:03 +0700] "GET /wp-json/wp/v2/posts/7618 HTTP/1.0" 200 40988 "-" "Mozilla/5.0 AppleWebKit/537.36 (KHTML, like Gecko; compatible; GPTBot/1.2; +https://openai.com/gptbot)"
20.171.207.25 - - [10/Sep/2025:07:25:11 +0700] "GET /wp-json/wp/v2/posts/7461 HTTP/1.0" 200 41783 "-" "Mozilla/5.0 AppleWebKit/537.36 (KHTML, like Gecko; compatible; GPTBot/1.2; +https://openai.com/gptbot)"
217.113.194.218 - - [10/Sep/2025:07:25:15 +0700] "GET /the-right-way-to-meet-awesome-lithuanian-child/ HTTP/1.0" 200 208104 "-" "Mozilla/5.0 (compatible; Barkrowler/0.9; +https://babbar.tech/crawler)"
45.117.177.72 - - [10/Sep/2025:07:25:19 +0700] "POST /wp-cron.php?doing_wp_cron=1757463918.8352820873260498046875 HTTP/1.0" 200 416 "-" "WordPress/6.8.1; https://vattusacky.vn"
20.171.207.25 - - [10/Sep/2025:07:25:17 +0700] "GET /wp-json/wp/v2/posts/9068 HTTP/1.0" 200 40719 "-" "Mozilla/5.0 AppleWebKit/537.36 (KHTML, like Gecko; compatible; GPTBot/1.2; +https://openai.com/gptbot)"
20.171.207.25 - - [10/Sep/2025:07:25:25 +0700] "GET /wp-json/wp/v2/posts/6391 HTTP/1.0" 200 40281 "-" "Mozilla/5.0 AppleWebKit/537.36 (KHTML, like Gecko; compatible; GPTBot/1.2; +https://openai.com/gptbot)"
20.171.207.25 - - [10/Sep/2025:07:25:32 +0700] "GET /wp-json/wp/v2/posts/7508 HTTP/1.0" 200 38799 "-" "Mozilla/5.0 AppleWebKit/537.36 (KHTML, like Gecko; compatible; GPTBot/1.2; +https://openai.com/gptbot)"
20.171.207.25 - - [10/Sep/2025:07:25:39 +0700] "GET /wp-json/wp/v2/posts/8196 HTTP/1.0" 200 38618 "-" "Mozilla/5.0 AppleWebKit/537.36 (KHTML, like Gecko; compatible; GPTBot/1.2; +https://openai.com/gptbot)"
20.171.207.25 - - [10/Sep/2025:07:25:47 +0700] "GET /wp-json/wp/v2/posts/6734 HTTP/1.0" 200 37947 "-" "Mozilla/5.0 AppleWebKit/537.36 (KHTML, like Gecko; compatible; GPTBot/1.2; +https://openai.com/gptbot)"
217.113.194.218 - - [10/Sep/2025:07:25:48 +0700] "GET /the-right-way-to-provide-homework-file-sharing/feed/ HTTP/1.0" 200 1735 "-" "Mozilla/5.0 (compatible; Barkrowler/0.9; +https://babbar.tech/crawler)"
20.171.207.25 - - [10/Sep/2025:07:25:54 +0700] "GET /wp-json/wp/v2/posts/7305 HTTP/1.0" 200 39098 "-" "Mozilla/5.0 AppleWebKit/537.36 (KHTML, like Gecko; compatible; GPTBot/1.2; +https://openai.com/gptbot)"
20.171.207.25 - - [10/Sep/2025:07:26:02 +0700] "GET /wp-json/wp/v2/posts/6930 HTTP/1.0" 200 41381 "-" "Mozilla/5.0 AppleWebKit/537.36 (KHTML, like Gecko; compatible; GPTBot/1.2; +https://openai.com/gptbot)"
217.113.194.218 - - [10/Sep/2025:07:26:06 +0700] "GET /the-philosophy-of-chance-encounters-on-omegle/ HTTP/1.0" 200 91150 "-" "Mozilla/5.0 (compatible; Barkrowler/0.9; +https://babbar.tech/crawler)"
20.171.207.25 - - [10/Sep/2025:07:26:10 +0700] "GET /wp-json/wp/v2/posts/7594 HTTP/1.0" 200 41239 "-" "Mozilla/5.0 AppleWebKit/537.36 (KHTML, like Gecko; compatible; GPTBot/1.2; +https://openai.com/gptbot)"
45.117.177.72 - - [10/Sep/2025:07:26:20 +0700] "POST /wp-cron.php?doing_wp_cron=1757463979.8949749469757080078125 HTTP/1.0" 200 416 "-" "WordPress/6.8.1; https://vattusacky.vn"
20.171.207.25 - - [10/Sep/2025:07:26:18 +0700] "GET /wp-json/wp/v2/posts/7108 HTTP/1.0" 200 40826 "-" "Mozilla/5.0 AppleWebKit/537.36 (KHTML, like Gecko; compatible; GPTBot/1.2; +https://openai.com/gptbot)"
217.113.194.217 - - [10/Sep/2025:07:26:27 +0700] "GET /the-future-of-cybertherapy-innovations-and-advancements/ HTTP/1.0" 200 93717 "-" "Mozilla/5.0 (compatible; Barkrowler/0.9; +https://babbar.tech/crawler)"
20.171.207.25 - - [10/Sep/2025:07:26:27 +0700] "GET /wp-json/wp/v2/posts/8169 HTTP/1.0" 200 38774 "-" "Mozilla/5.0 AppleWebKit/537.36 (KHTML, like Gecko; compatible; GPTBot/1.2; +https://openai.com/gptbot)"
20.171.207.25 - - [10/Sep/2025:07:26:35 +0700] "GET /wp-json/wp/v2/posts/9180 HTTP/1.0" 200 38396 "-" "Mozilla/5.0 AppleWebKit/537.36 (KHTML, like Gecko; compatible; GPTBot/1.2; +https://openai.com/gptbot)"
40.77.167.27 - - [10/Sep/2025:07:26:42 +0700] "GET /omegle-and-online-privacy-understanding-the-risks/feed/ HTTP/1.0" 200 1744 "-" "Mozilla/5.0 AppleWebKit/537.36 (KHTML, like Gecko; compatible; bingbot/2.0; +http://www.bing.com/bingbot.htm) Chrome/116.0.1938.76 Safari/537.36"
20.171.207.25 - - [10/Sep/2025:07:26:43 +0700] "GET /wp-json/wp/v2/posts/7194 HTTP/1.0" 200 23873 "-" "Mozilla/5.0 AppleWebKit/537.36 (KHTML, like Gecko; compatible; GPTBot/1.2; +https://openai.com/gptbot)"
20.171.207.25 - - [10/Sep/2025:07:26:50 +0700] "GET /wp-json/wp/v2/posts/7198 HTTP/1.0" 200 40427 "-" "Mozilla/5.0 AppleWebKit/537.36 (KHTML, like Gecko; compatible; GPTBot/1.2; +https://openai.com/gptbot)"
217.113.194.76 - - [10/Sep/2025:07:26:52 +0700] "GET /the-social-aspects-of-omegle-and-digital-communities/ HTTP/1.0" 200 91425 "-" "Mozilla/5.0 (compatible; Barkrowler/0.9; +https://babbar.tech/crawler)"
20.171.207.25 - - [10/Sep/2025:07:26:57 +0700] "GET /wp-json/wp/v2/posts/8931 HTTP/1.0" 200 40189 "-" "Mozilla/5.0 AppleWebKit/537.36 (KHTML, like Gecko; compatible; GPTBot/1.2; +https://openai.com/gptbot)"
20.171.207.25 - - [10/Sep/2025:07:27:04 +0700] "GET /wp-json/wp/v2/posts/7398 HTTP/1.0" 200 41802 "-" "Mozilla/5.0 AppleWebKit/537.36 (KHTML, like Gecko; compatible; GPTBot/1.2; +https://openai.com/gptbot)"
20.171.207.25 - - [10/Sep/2025:07:27:12 +0700] "GET /wp-json/wp/v2/posts/3619 HTTP/1.0" 200 181970 "-" "Mozilla/5.0 AppleWebKit/537.36 (KHTML, like Gecko; compatible; GPTBot/1.2; +https://openai.com/gptbot)"
45.117.177.72 - - [10/Sep/2025:07:27:18 +0700] "POST /wp-cron.php?doing_wp_cron=1757464038.5381269454956054687500 HTTP/1.0" 200 416 "-" "WordPress/6.8.1; https://vattusacky.vn"
217.113.194.78 - - [10/Sep/2025:07:27:17 +0700] "GET /the-evolution-of-omegles-cosmic-connections/feed/ HTTP/1.0" 200 1726 "-" "Mozilla/5.0 (compatible; Barkrowler/0.9; +https://babbar.tech/crawler)"
20.171.207.25 - - [10/Sep/2025:07:27:19 +0700] "GET /wp-json/wp/v2/posts/3451 HTTP/1.0" 200 192167 "-" "Mozilla/5.0 AppleWebKit/537.36 (KHTML, like Gecko; compatible; GPTBot/1.2; +https://openai.com/gptbot)"
20.171.207.25 - - [10/Sep/2025:07:27:27 +0700] "GET /wp-json/wp/v2/posts/6509 HTTP/1.0" 200 38762 "-" "Mozilla/5.0 AppleWebKit/537.36 (KHTML, like Gecko; compatible; GPTBot/1.2; +https://openai.com/gptbot)"
20.171.207.25 - - [10/Sep/2025:07:27:34 +0700] "GET /wp-json/wp/v2/posts/6841 HTTP/1.0" 200 39108 "-" "Mozilla/5.0 AppleWebKit/537.36 (KHTML, like Gecko; compatible; GPTBot/1.2; +https://openai.com/gptbot)"
217.113.194.74 - - [10/Sep/2025:07:27:35 +0700] "GET /the-etiquette-of-rolikovyy-massazher/ HTTP/1.0" 200 246425 "-" "Mozilla/5.0 (compatible; Barkrowler/0.9; +https://babbar.tech/crawler)"
20.171.207.25 - - [10/Sep/2025:07:27:42 +0700] "GET /wp-json/wp/v2/posts/6439 HTTP/1.0" 200 41773 "-" "Mozilla/5.0 AppleWebKit/537.36 (KHTML, like Gecko; compatible; GPTBot/1.2; +https://openai.com/gptbot)"
20.171.207.25 - - [10/Sep/2025:07:27:49 +0700] "GET /wp-json/wp/v2/posts/9308 HTTP/1.0" 200 23006 "-" "Mozilla/5.0 AppleWebKit/537.36 (KHTML, like Gecko; compatible; GPTBot/1.2; +https://openai.com/gptbot)"
20.171.207.25 - - [10/Sep/2025:07:27:56 +0700] "GET /wp-json/wp/v2/posts/8013 HTTP/1.0" 200 41985 "-" "Mozilla/5.0 AppleWebKit/537.36 (KHTML, like Gecko; compatible; GPTBot/1.2; +https://openai.com/gptbot)"
20.171.207.25 - - [10/Sep/2025:07:28:04 +0700] "GET /wp-json/wp/v2/posts/7395 HTTP/1.0" 200 42080 "-" "Mozilla/5.0 AppleWebKit/537.36 (KHTML, like Gecko; compatible; GPTBot/1.2; +https://openai.com/gptbot)"
217.113.194.218 - - [10/Sep/2025:07:28:10 +0700] "GET /cyberbullying-and-harassment-on-ometv/feed/ HTTP/1.0" 200 1708 "-" "Mozilla/5.0 (compatible; Barkrowler/0.9; +https://babbar.tech/crawler)"
20.171.207.25 - - [10/Sep/2025:07:28:12 +0700] "GET /wp-json/wp/v2/posts/9571 HTTP/1.0" 200 33016 "-" "Mozilla/5.0 AppleWebKit/537.36 (KHTML, like Gecko; compatible; GPTBot/1.2; +https://openai.com/gptbot)"
45.117.177.72 - - [10/Sep/2025:07:28:21 +0700] "POST /wp-cron.php?doing_wp_cron=1757464101.5458290576934814453125 HTTP/1.0" 200 416 "-" "WordPress/6.8.1; https://vattusacky.vn"
20.171.207.25 - - [10/Sep/2025:07:28:20 +0700] "GET /wp-json/wp/v2/posts/4370 HTTP/1.0" 200 211230 "-" "Mozilla/5.0 AppleWebKit/537.36 (KHTML, like Gecko; compatible; GPTBot/1.2; +https://openai.com/gptbot)"
217.113.194.81 - - [10/Sep/2025:07:28:28 +0700] "GET /poker-gratuit-poker-en-ligne-gratuit-jouer-au-15/feed/ HTTP/1.0" 200 1744 "-" "Mozilla/5.0 (compatible; Barkrowler/0.9; +https://babbar.tech/crawler)"
20.171.207.25 - - [10/Sep/2025:07:28:29 +0700] "GET /wp-json/wp/v2/posts/7496 HTTP/1.0" 200 42578 "-" "Mozilla/5.0 AppleWebKit/537.36 (KHTML, like Gecko; compatible; GPTBot/1.2; +https://openai.com/gptbot)"
20.171.207.25 - - [10/Sep/2025:07:28:38 +0700] "GET /wp-json/wp/v2/posts/6539 HTTP/1.0" 200 34450 "-" "Mozilla/5.0 AppleWebKit/537.36 (KHTML, like Gecko; compatible; GPTBot/1.2; +https://openai.com/gptbot)"
20.171.207.25 - - [10/Sep/2025:07:28:45 +0700] "GET /wp-json/wp/v2/posts/8475 HTTP/1.0" 200 41501 "-" "Mozilla/5.0 AppleWebKit/537.36 (KHTML, like Gecko; compatible; GPTBot/1.2; +https://openai.com/gptbot)"
217.113.194.217 - - [10/Sep/2025:07:28:46 +0700] "GET /risks-and-dangers-on-omegle-and-ometv/ HTTP/1.0" 200 90033 "-" "Mozilla/5.0 (compatible; Barkrowler/0.9; +https://babbar.tech/crawler)"
20.171.207.25 - - [10/Sep/2025:07:28:54 +0700] "GET /wp-json/wp/v2/posts/7943 HTTP/1.0" 200 38476 "-" "Mozilla/5.0 AppleWebKit/537.36 (KHTML, like Gecko; compatible; GPTBot/1.2; +https://openai.com/gptbot)"
162.19.11.246 - - [10/Sep/2025:07:28:55 +0700] "POST /xmlrpc.php HTTP/1.0" 200 956 "https://vattusacky.vn" "Mozilla/5.0 (Windows NT 10.0; Win64; x64) AppleWebKit/537.36 (KHTML, like Gecko) Chrome/112.0.5615.138 Safari/537.36 Edg/112.0.1722.68"
20.171.207.25 - - [10/Sep/2025:07:29:02 +0700] "GET /wp-json/wp/v2/posts/6518 HTTP/1.0" 200 41681 "-" "Mozilla/5.0 AppleWebKit/537.36 (KHTML, like Gecko; compatible; GPTBot/1.2; +https://openai.com/gptbot)"
162.19.11.246 - - [10/Sep/2025:07:29:03 +0700] "POST /wp-login.php HTTP/1.0" 200 11730 "https://vattusacky.vn" "Mozilla/5.0 (Windows NT 10.0; Win64; x64) AppleWebKit/537.36 (KHTML, like Gecko) Chrome/116.0.5845.96 Safari/537.36"
217.113.194.218 - - [10/Sep/2025:07:29:06 +0700] "GET /paypal-casino-casino-boni-virtuelles-roulette-2/feed/ HTTP/1.0" 200 1749 "-" "Mozilla/5.0 (compatible; Barkrowler/0.9; +https://babbar.tech/crawler)"
45.61.184.196 - - [10/Sep/2025:07:29:06 +0700] "GET /wp-login.php HTTP/1.0" 200 11388 "-" "Mozilla/5.0 (Macintosh; Intel Mac OS X 10.8; rv:30.0) Gecko/20100101 Firefox/30.0"
20.171.207.25 - - [10/Sep/2025:07:29:11 +0700] "GET /wp-json/wp/v2/posts/8310 HTTP/1.0" 200 40654 "-" "Mozilla/5.0 AppleWebKit/537.36 (KHTML, like Gecko; compatible; GPTBot/1.2; +https://openai.com/gptbot)"
