20.171.207.205 - - [08/Sep/2025:04:31:28 +0700] "GET /the-role-of-omegle-in-overcoming-social-phobias-and-anxiety-disorders/ HTTP/1.0" 200 93037 "-" "Mozilla/5.0 AppleWebKit/537.36 (KHTML, like Gecko; compatible; GPTBot/1.2; +https://openai.com/gptbot)"
20.171.207.205 - - [08/Sep/2025:04:31:39 +0700] "GET /?p=8666 HTTP/1.0" 301 497 "-" "Mozilla/5.0 AppleWebKit/537.36 (KHTML, like Gecko; compatible; GPTBot/1.2; +https://openai.com/gptbot)"
20.171.207.205 - - [08/Sep/2025:04:31:41 +0700] "GET /the-most-memorable-omegle-fails-and-funny-encounters/ HTTP/1.0" 200 89192 "-" "Mozilla/5.0 AppleWebKit/537.36 (KHTML, like Gecko; compatible; GPTBot/1.2; +https://openai.com/gptbot)"
50.16.216.166 - - [08/Sep/2025:04:31:46 +0700] "GET /searching-for-arrangements-assessment/ HTTP/1.0" 200 208485 "-" "Mozilla/5.0 AppleWebKit/537.36 (KHTML, like Gecko; compatible; Amazonbot/0.1; +https://developer.amazon.com/support/amazonbot) Chrome/119.0.6045.214 Safari/537.36"
52.44.174.136 - - [08/Sep/2025:04:31:50 +0700] "GET /the-benefits-of-dating-someone-10-years-10-years-younger/ HTTP/1.0" 200 208132 "-" "Mozilla/5.0 AppleWebKit/537.36 (KHTML, like Gecko; compatible; Amazonbot/0.1; +https://developer.amazon.com/support/amazonbot) Chrome/119.0.6045.214 Safari/537.36"
100.28.118.16 - - [08/Sep/2025:04:31:54 +0700] "GET /marital-life-certificate-technique-and-over-the-internet-marriage-organization/ HTTP/1.0" 200 208562 "-" "Mozilla/5.0 AppleWebKit/537.36 (KHTML, like Gecko; compatible; Amazonbot/0.1; +https://developer.amazon.com/support/amazonbot) Chrome/119.0.6045.214 Safari/537.36"
44.220.2.97 - - [08/Sep/2025:04:31:58 +0700] "GET /nutzlichste-asiatische-dating-sites-fur-erwachsene-2021/ HTTP/1.0" 200 217321 "-" "Mozilla/5.0 AppleWebKit/537.36 (KHTML, like Gecko; compatible; Amazonbot/0.1; +https://developer.amazon.com/support/amazonbot) Chrome/119.0.6045.214 Safari/537.36"
45.117.177.72 - - [08/Sep/2025:04:32:19 +0700] "POST /wp-cron.php?doing_wp_cron=1757280739.2423551082611083984375 HTTP/1.0" 200 416 "-" "WordPress/6.8.1; https://vattusacky.vn"
20.171.207.205 - - [08/Sep/2025:04:32:18 +0700] "GET /omegles-next-phase-breaking-the-mold-of-random-chats/ HTTP/1.0" 200 87533 "-" "Mozilla/5.0 AppleWebKit/537.36 (KHTML, like Gecko; compatible; GPTBot/1.2; +https://openai.com/gptbot)"
85.208.96.196 - - [08/Sep/2025:04:32:37 +0700] "GET /building-bridges-omegles-cross-cultural-exchange/ HTTP/1.0" 200 91446 "-" "Mozilla/5.0 (compatible; SemrushBot/7~bl; +http://www.semrush.com/bot.html)"
20.171.207.205 - - [08/Sep/2025:04:32:39 +0700] "GET /?p=9029 HTTP/1.0" 301 497 "-" "Mozilla/5.0 AppleWebKit/537.36 (KHTML, like Gecko; compatible; GPTBot/1.2; +https://openai.com/gptbot)"
20.171.207.205 - - [08/Sep/2025:04:32:40 +0700] "GET /tips-for-maximizing-the-empathy-experience-on-omegle/ HTTP/1.0" 200 89431 "-" "Mozilla/5.0 AppleWebKit/537.36 (KHTML, like Gecko; compatible; GPTBot/1.2; +https://openai.com/gptbot)"
45.117.177.72 - - [08/Sep/2025:04:33:20 +0700] "POST /wp-cron.php?doing_wp_cron=1757280799.8543219566345214843750 HTTP/1.0" 200 416 "-" "WordPress/6.8.1; https://vattusacky.vn"
20.171.207.205 - - [08/Sep/2025:04:33:18 +0700] "GET /omegle-as-a-virtual-playground-for-creativity-and-self-expression/ HTTP/1.0" 200 92627 "-" "Mozilla/5.0 AppleWebKit/537.36 (KHTML, like Gecko; compatible; GPTBot/1.2; +https://openai.com/gptbot)"
20.171.207.205 - - [08/Sep/2025:04:33:48 +0700] "GET /?p=8421 HTTP/1.0" 301 520 "-" "Mozilla/5.0 AppleWebKit/537.36 (KHTML, like Gecko; compatible; GPTBot/1.2; +https://openai.com/gptbot)"
20.171.207.205 - - [08/Sep/2025:04:33:49 +0700] "GET /the-ethical-implications-of-omegle-balancing-privacy-and-online-interaction/ HTTP/1.0" 200 88468 "-" "Mozilla/5.0 AppleWebKit/537.36 (KHTML, like Gecko; compatible; GPTBot/1.2; +https://openai.com/gptbot)"
216.73.216.162 - - [08/Sep/2025:04:33:56 +0700] "GET /sitemap_index.xml HTTP/1.0" 200 2426 "-" "Mozilla/5.0 AppleWebKit/537.36 (KHTML, like Gecko; compatible; ClaudeBot/1.0; +claudebot@anthropic.com)"
45.117.177.72 - - [08/Sep/2025:04:34:22 +0700] "POST /wp-cron.php?doing_wp_cron=1757280862.2686579227447509765625 HTTP/1.0" 200 416 "-" "WordPress/6.8.1; https://vattusacky.vn"
20.171.207.205 - - [08/Sep/2025:04:34:21 +0700] "GET /the-future-of-omegle-evolving-with-the-changing-digital-landscape/ HTTP/1.0" 200 91585 "-" "Mozilla/5.0 AppleWebKit/537.36 (KHTML, like Gecko; compatible; GPTBot/1.2; +https://openai.com/gptbot)"
20.171.207.205 - - [08/Sep/2025:04:34:46 +0700] "GET /?p=7907 HTTP/1.0" 301 497 "-" "Mozilla/5.0 AppleWebKit/537.36 (KHTML, like Gecko; compatible; GPTBot/1.2; +https://openai.com/gptbot)"
20.171.207.205 - - [08/Sep/2025:04:34:47 +0700] "GET /omegles-next-phase-breaking-the-mold-of-random-chats/ HTTP/1.0" 200 87533 "-" "Mozilla/5.0 AppleWebKit/537.36 (KHTML, like Gecko; compatible; GPTBot/1.2; +https://openai.com/gptbot)"
20.171.207.205 - - [08/Sep/2025:04:35:13 +0700] "GET /?p=8822 HTTP/1.0" 301 534 "-" "Mozilla/5.0 AppleWebKit/537.36 (KHTML, like Gecko; compatible; GPTBot/1.2; +https://openai.com/gptbot)"
20.171.207.205 - - [08/Sep/2025:04:35:14 +0700] "GET /the-role-of-body-language-on-omegle-interpreting-non-verbal-cues-in-virtual-conversations/ HTTP/1.0" 200 92515 "-" "Mozilla/5.0 AppleWebKit/537.36 (KHTML, like Gecko; compatible; GPTBot/1.2; +https://openai.com/gptbot)"
45.117.177.72 - - [08/Sep/2025:04:35:40 +0700] "POST /wp-cron.php?doing_wp_cron=1757280940.3936150074005126953125 HTTP/1.0" 200 416 "-" "WordPress/6.8.1; https://vattusacky.vn"
20.171.207.205 - - [08/Sep/2025:04:35:39 +0700] "GET /leading-the-way-in-random-chats-omegles-visionary-approach/ HTTP/1.0" 200 91998 "-" "Mozilla/5.0 AppleWebKit/537.36 (KHTML, like Gecko; compatible; GPTBot/1.2; +https://openai.com/gptbot)"
20.171.207.205 - - [08/Sep/2025:04:36:02 +0700] "GET /?p=8898 HTTP/1.0" 301 514 "-" "Mozilla/5.0 AppleWebKit/537.36 (KHTML, like Gecko; compatible; GPTBot/1.2; +https://openai.com/gptbot)"
20.171.207.205 - - [08/Sep/2025:04:36:03 +0700] "GET /the-role-of-omegle-in-overcoming-social-phobias-and-anxiety-disorders/ HTTP/1.0" 200 93037 "-" "Mozilla/5.0 AppleWebKit/537.36 (KHTML, like Gecko; compatible; GPTBot/1.2; +https://openai.com/gptbot)"
185.191.171.14 - - [08/Sep/2025:04:36:10 +0700] "GET /robots.txt HTTP/1.0" 200 984 "-" "Mozilla/5.0 (compatible; SemrushBot/7~bl; +http://www.semrush.com/bot.html)"
85.208.96.210 - - [08/Sep/2025:04:36:13 +0700] "GET /pin-up-resmi-bahis-sitesi-hakknda-genel-bilgiler/ HTTP/1.0" 200 112686 "-" "Mozilla/5.0 (compatible; SemrushBot/7~bl; +http://www.semrush.com/bot.html)"
45.117.177.72 - - [08/Sep/2025:04:36:21 +0700] "POST /wp-cron.php?doing_wp_cron=1757280981.5992870330810546875000 HTTP/1.0" 200 416 "-" "WordPress/6.8.1; https://vattusacky.vn"
20.171.207.205 - - [08/Sep/2025:04:36:20 +0700] "GET /?p=8327 HTTP/1.0" 301 499 "-" "Mozilla/5.0 AppleWebKit/537.36 (KHTML, like Gecko; compatible; GPTBot/1.2; +https://openai.com/gptbot)"
20.171.207.205 - - [08/Sep/2025:04:36:22 +0700] "GET /the-art-of-listening-fostering-understanding-on-omegle/ HTTP/1.0" 200 91923 "-" "Mozilla/5.0 AppleWebKit/537.36 (KHTML, like Gecko; compatible; GPTBot/1.2; +https://openai.com/gptbot)"
185.191.171.14 - - [08/Sep/2025:04:36:29 +0700] "GET /up-x-top-kazino-rabochee-zerkalo-sajta-kazino-2/ HTTP/1.0" 200 225873 "-" "Mozilla/5.0 (compatible; SemrushBot/7~bl; +http://www.semrush.com/bot.html)"
20.171.207.205 - - [08/Sep/2025:04:36:39 +0700] "GET /the-psychology-of-omegle-why-people-are-drawn-to-randomized-chatting/ HTTP/1.0" 200 91437 "-" "Mozilla/5.0 AppleWebKit/537.36 (KHTML, like Gecko; compatible; GPTBot/1.2; +https://openai.com/gptbot)"
20.171.207.205 - - [08/Sep/2025:04:36:59 +0700] "GET /omegle-and-mental-well-being-using-technology-for-personal-growth/ HTTP/1.0" 200 90128 "-" "Mozilla/5.0 AppleWebKit/537.36 (KHTML, like Gecko; compatible; GPTBot/1.2; +https://openai.com/gptbot)"
45.117.177.72 - - [08/Sep/2025:04:37:19 +0700] "POST /wp-cron.php?doing_wp_cron=1757281038.8680529594421386718750 HTTP/1.0" 200 416 "-" "WordPress/6.8.1; https://vattusacky.vn"
20.171.207.205 - - [08/Sep/2025:04:37:17 +0700] "GET /tips-for-staying-safe-while-exploring-virtual-masks-on-omegle/ HTTP/1.0" 200 92251 "-" "Mozilla/5.0 AppleWebKit/537.36 (KHTML, like Gecko; compatible; GPTBot/1.2; +https://openai.com/gptbot)"
17.241.75.23 - - [08/Sep/2025:04:37:19 +0700] "GET /exploring-the-positive-and-negative-aspects-of-omegle/ HTTP/1.0" 200 89486 "-" "Mozilla/5.0 (Macintosh; Intel Mac OS X 10_15_7) AppleWebKit/605.1.15 (KHTML, like Gecko) Version/17.4 Safari/605.1.15 (Applebot/0.1; +http://www.apple.com/go/applebot)"
89.44.58.112 - - [08/Sep/2025:04:37:26 +0700] "GET /wp-json/wp/v2/posts?slug=/how-you-can-date-delightful-single-latina-women/ HTTP/1.0" 200 183295 "-" "-"
89.44.58.112 - - [08/Sep/2025:04:37:26 +0700] "GET /wp-json/wp/v2/posts?slug=/how-you-can-date-delightful-single-latina-women/ HTTP/1.0" 200 183295 "-" "-"
20.171.207.205 - - [08/Sep/2025:04:37:26 +0700] "GET /serendipity-at-your-fingertips-the-wonder-of-omegles-random-chats/ HTTP/1.0" 200 92388 "-" "Mozilla/5.0 AppleWebKit/537.36 (KHTML, like Gecko; compatible; GPTBot/1.2; +https://openai.com/gptbot)"
89.44.58.112 - - [08/Sep/2025:04:37:30 +0700] "POST /wp-comments-post.php HTTP/1.0" 429 3223 "-" "-"
89.44.58.112 - - [08/Sep/2025:04:37:29 +0700] "POST /wp-comments-post.php HTTP/1.0" 302 1149 "-" "-"
89.44.58.112 - - [08/Sep/2025:04:37:31 +0700] "GET /how-you-can-date-delightful-single-latina-women/?unapproved=1471&moderation-hash=a2c9c882532c3efcbee06254cd95fd72 HTTP/1.0" 200 208543 "-" "-"
20.171.207.205 - - [08/Sep/2025:04:38:11 +0700] "GET /which-random-chat-platform-reigns-supreme-omegle-or-ometv/ HTTP/1.0" 200 91518 "-" "Mozilla/5.0 AppleWebKit/537.36 (KHTML, like Gecko; compatible; GPTBot/1.2; +https://openai.com/gptbot)"
45.117.177.72 - - [08/Sep/2025:04:38:51 +0700] "POST /wp-cron.php?doing_wp_cron=1757281130.9703650474548339843750 HTTP/1.0" 200 416 "-" "WordPress/6.8.1; https://vattusacky.vn"
20.171.207.205 - - [08/Sep/2025:04:38:49 +0700] "GET /?p=7583 HTTP/1.0" 301 656 "-" "Mozilla/5.0 AppleWebKit/537.36 (KHTML, like Gecko; compatible; GPTBot/1.2; +https://openai.com/gptbot)"
20.171.207.205 - - [08/Sep/2025:04:38:51 +0700] "GET /omegle-as-a-virtual-playground-for-creativity-and-self-expression/ HTTP/1.0" 200 92481 "-" "Mozilla/5.0 AppleWebKit/537.36 (KHTML, like Gecko; compatible; GPTBot/1.2; +https://openai.com/gptbot)"
45.117.177.72 - - [08/Sep/2025:04:39:27 +0700] "POST /wp-cron.php?doing_wp_cron=1757281166.9004440307617187500000 HTTP/1.0" 200 416 "-" "WordPress/6.8.1; https://vattusacky.vn"
20.171.207.205 - - [08/Sep/2025:04:39:25 +0700] "GET /?p=8765 HTTP/1.0" 301 513 "-" "Mozilla/5.0 AppleWebKit/537.36 (KHTML, like Gecko; compatible; GPTBot/1.2; +https://openai.com/gptbot)"
20.171.207.205 - - [08/Sep/2025:04:39:27 +0700] "GET /the-psychology-of-omegle-why-people-are-drawn-to-randomized-chatting/ HTTP/1.0" 200 91437 "-" "Mozilla/5.0 AppleWebKit/537.36 (KHTML, like Gecko; compatible; GPTBot/1.2; +https://openai.com/gptbot)"
20.171.207.205 - - [08/Sep/2025:04:39:52 +0700] "GET /laughter-therapy-finding-joy-through-random-chats-on-omegle-and-ometv/ HTTP/1.0" 200 92172 "-" "Mozilla/5.0 AppleWebKit/537.36 (KHTML, like Gecko; compatible; GPTBot/1.2; +https://openai.com/gptbot)"
45.117.177.72 - - [08/Sep/2025:04:41:42 +0700] "POST /wp-cron.php?doing_wp_cron=1757281302.1323330402374267578125 HTTP/1.0" 200 416 "-" "WordPress/6.8.1; https://vattusacky.vn"
20.171.207.205 - - [08/Sep/2025:04:41:40 +0700] "GET /?p=8472 HTTP/1.0" 301 510 "-" "Mozilla/5.0 AppleWebKit/537.36 (KHTML, like Gecko; compatible; GPTBot/1.2; +https://openai.com/gptbot)"
20.171.207.205 - - [08/Sep/2025:04:41:42 +0700] "GET /the-future-of-omegle-evolving-with-the-changing-digital-landscape/ HTTP/1.0" 200 91585 "-" "Mozilla/5.0 AppleWebKit/537.36 (KHTML, like Gecko; compatible; GPTBot/1.2; +https://openai.com/gptbot)"
45.117.177.72 - - [08/Sep/2025:04:42:19 +0700] "POST /wp-cron.php?doing_wp_cron=1757281339.6100380420684814453125 HTTP/1.0" 200 416 "-" "WordPress/6.8.1; https://vattusacky.vn"
20.171.207.205 - - [08/Sep/2025:04:42:18 +0700] "GET /unmasking-the-mystery-behind-the-scenes-of-omegle-and-ometv-algorithms/ HTTP/1.0" 200 93070 "-" "Mozilla/5.0 AppleWebKit/537.36 (KHTML, like Gecko; compatible; GPTBot/1.2; +https://openai.com/gptbot)"
20.171.207.205 - - [08/Sep/2025:04:42:59 +0700] "GET /?p=7163 HTTP/1.0" 301 503 "-" "Mozilla/5.0 AppleWebKit/537.36 (KHTML, like Gecko; compatible; GPTBot/1.2; +https://openai.com/gptbot)"
20.171.207.205 - - [08/Sep/2025:04:43:01 +0700] "GET /leading-the-way-in-random-chats-omegles-visionary-approach/ HTTP/1.0" 200 91998 "-" "Mozilla/5.0 AppleWebKit/537.36 (KHTML, like Gecko; compatible; GPTBot/1.2; +https://openai.com/gptbot)"
45.117.177.72 - - [08/Sep/2025:04:43:23 +0700] "POST /wp-cron.php?doing_wp_cron=1757281403.5706739425659179687500 HTTP/1.0" 200 416 "-" "WordPress/6.8.1; https://vattusacky.vn"
20.171.207.205 - - [08/Sep/2025:04:43:22 +0700] "GET /?p=9225 HTTP/1.0" 301 502 "-" "Mozilla/5.0 AppleWebKit/537.36 (KHTML, like Gecko; compatible; GPTBot/1.2; +https://openai.com/gptbot)"
20.171.207.205 - - [08/Sep/2025:04:43:24 +0700] "GET /which-random-chat-platform-reigns-supreme-omegle-or-ometv/ HTTP/1.0" 200 91518 "-" "Mozilla/5.0 AppleWebKit/537.36 (KHTML, like Gecko; compatible; GPTBot/1.2; +https://openai.com/gptbot)"
20.171.207.205 - - [08/Sep/2025:04:43:38 +0700] "GET /?p=7372 HTTP/1.0" 301 510 "-" "Mozilla/5.0 AppleWebKit/537.36 (KHTML, like Gecko; compatible; GPTBot/1.2; +https://openai.com/gptbot)"
20.171.207.205 - - [08/Sep/2025:04:43:39 +0700] "GET /omegle-and-mental-well-being-using-technology-for-personal-growth/ HTTP/1.0" 200 90128 "-" "Mozilla/5.0 AppleWebKit/537.36 (KHTML, like Gecko; compatible; GPTBot/1.2; +https://openai.com/gptbot)"
20.171.207.205 - - [08/Sep/2025:04:43:48 +0700] "GET /?p=8204 HTTP/1.0" 301 510 "-" "Mozilla/5.0 AppleWebKit/537.36 (KHTML, like Gecko; compatible; GPTBot/1.2; +https://openai.com/gptbot)"
20.171.207.205 - - [08/Sep/2025:04:43:50 +0700] "GET /serendipity-at-your-fingertips-the-wonder-of-omegles-random-chats/ HTTP/1.0" 200 92388 "-" "Mozilla/5.0 AppleWebKit/537.36 (KHTML, like Gecko; compatible; GPTBot/1.2; +https://openai.com/gptbot)"
20.171.207.205 - - [08/Sep/2025:04:44:02 +0700] "GET /the-importance-of-diversity-in-building-networks-on-omegle-and-ometv/ HTTP/1.0" 200 78871 "-" "Mozilla/5.0 AppleWebKit/537.36 (KHTML, like Gecko; compatible; GPTBot/1.2; +https://openai.com/gptbot)"
17.241.219.223 - - [08/Sep/2025:04:44:11 +0700] "GET /the-impact-of-serendipitous-connections-on-omegle-and-ometv/ HTTP/1.0" 200 94611 "-" "Mozilla/5.0 (Macintosh; Intel Mac OS X 10_15_7) AppleWebKit/605.1.15 (KHTML, like Gecko) Version/17.4 Safari/605.1.15 (Applebot/0.1; +http://www.apple.com/go/applebot)"
20.171.207.205 - - [08/Sep/2025:04:44:15 +0700] "GET /?p=9135 HTTP/1.0" 301 515 "-" "Mozilla/5.0 AppleWebKit/537.36 (KHTML, like Gecko; compatible; GPTBot/1.2; +https://openai.com/gptbot)"
45.117.177.72 - - [08/Sep/2025:04:44:18 +0700] "POST /wp-cron.php?doing_wp_cron=1757281458.3561201095581054687500 HTTP/1.0" 200 416 "-" "WordPress/6.8.1; https://vattusacky.vn"
20.171.207.205 - - [08/Sep/2025:04:44:17 +0700] "GET /unmasking-the-mystery-behind-the-scenes-of-omegle-and-ometv-algorithms/ HTTP/1.0" 200 93070 "-" "Mozilla/5.0 AppleWebKit/537.36 (KHTML, like Gecko; compatible; GPTBot/1.2; +https://openai.com/gptbot)"
40.77.167.55 - - [08/Sep/2025:04:44:26 +0700] "GET /the-dark-side-of-omegle-exploring-the-dangers-and-risks/ HTTP/1.0" 200 90380 "-" "Mozilla/5.0 AppleWebKit/537.36 (KHTML, like Gecko; compatible; bingbot/2.0; +http://www.bing.com/bingbot.htm) Chrome/116.0.1938.76 Safari/537.36"
20.171.207.205 - - [08/Sep/2025:04:44:27 +0700] "GET /the-tech-wizardry-of-omegle-and-ometv-an-insiders-perspective/ HTTP/1.0" 200 91180 "-" "Mozilla/5.0 AppleWebKit/537.36 (KHTML, like Gecko; compatible; GPTBot/1.2; +https://openai.com/gptbot)"
20.171.207.205 - - [08/Sep/2025:04:44:40 +0700] "GET /?p=9035 HTTP/1.0" 301 506 "-" "Mozilla/5.0 AppleWebKit/537.36 (KHTML, like Gecko; compatible; GPTBot/1.2; +https://openai.com/gptbot)"
20.171.207.205 - - [08/Sep/2025:04:44:41 +0700] "GET /tips-for-staying-safe-while-exploring-virtual-masks-on-omegle/ HTTP/1.0" 200 92251 "-" "Mozilla/5.0 AppleWebKit/537.36 (KHTML, like Gecko; compatible; GPTBot/1.2; +https://openai.com/gptbot)"
20.171.207.205 - - [08/Sep/2025:04:44:50 +0700] "GET /the-impact-of-positive-psychology-on-networking-on-omegle-and-ometv/ HTTP/1.0" 200 93647 "-" "Mozilla/5.0 AppleWebKit/537.36 (KHTML, like Gecko; compatible; GPTBot/1.2; +https://openai.com/gptbot)"
20.171.207.205 - - [08/Sep/2025:04:45:00 +0700] "GET /the-psychological-impact-of-language-barrier-on-omegle-and-ometv-users/ HTTP/1.0" 200 82816 "-" "Mozilla/5.0 AppleWebKit/537.36 (KHTML, like Gecko; compatible; GPTBot/1.2; +https://openai.com/gptbot)"
20.171.207.205 - - [08/Sep/2025:04:45:08 +0700] "GET /?p=7162 HTTP/1.0" 301 514 "-" "Mozilla/5.0 AppleWebKit/537.36 (KHTML, like Gecko; compatible; GPTBot/1.2; +https://openai.com/gptbot)"
20.171.207.205 - - [08/Sep/2025:04:45:09 +0700] "GET /laughter-therapy-finding-joy-through-random-chats-on-omegle-and-ometv/ HTTP/1.0" 200 92172 "-" "Mozilla/5.0 AppleWebKit/537.36 (KHTML, like Gecko; compatible; GPTBot/1.2; +https://openai.com/gptbot)"
45.117.177.72 - - [08/Sep/2025:04:45:23 +0700] "POST /wp-cron.php?doing_wp_cron=1757281522.9645519256591796875000 HTTP/1.0" 200 416 "-" "WordPress/6.8.1; https://vattusacky.vn"
20.171.207.205 - - [08/Sep/2025:04:45:21 +0700] "GET /the-role-of-empathy-in-building-trust-in-anonymous-omegle-conversations/ HTTP/1.0" 200 90635 "-" "Mozilla/5.0 AppleWebKit/537.36 (KHTML, like Gecko; compatible; GPTBot/1.2; +https://openai.com/gptbot)"
20.171.207.205 - - [08/Sep/2025:04:45:33 +0700] "GET /the-key-to-unlocking-serendipity-online-a-mindset-of-openness-and-curiosity/ HTTP/1.0" 200 93271 "-" "Mozilla/5.0 AppleWebKit/537.36 (KHTML, like Gecko; compatible; GPTBot/1.2; +https://openai.com/gptbot)"
20.171.207.205 - - [08/Sep/2025:04:45:51 +0700] "GET /?p=8603 HTTP/1.0" 301 513 "-" "Mozilla/5.0 AppleWebKit/537.36 (KHTML, like Gecko; compatible; GPTBot/1.2; +https://openai.com/gptbot)"
20.171.207.205 - - [08/Sep/2025:04:45:52 +0700] "GET /the-importance-of-diversity-in-building-networks-on-omegle-and-ometv/ HTTP/1.0" 200 78725 "-" "Mozilla/5.0 AppleWebKit/537.36 (KHTML, like Gecko; compatible; GPTBot/1.2; +https://openai.com/gptbot)"
20.171.207.205 - - [08/Sep/2025:04:46:08 +0700] "GET /?p=8985 HTTP/1.0" 301 506 "-" "Mozilla/5.0 AppleWebKit/537.36 (KHTML, like Gecko; compatible; GPTBot/1.2; +https://openai.com/gptbot)"
20.171.207.205 - - [08/Sep/2025:04:46:09 +0700] "GET /the-tech-wizardry-of-omegle-and-ometv-an-insiders-perspective/ HTTP/1.0" 200 91180 "-" "Mozilla/5.0 AppleWebKit/537.36 (KHTML, like Gecko; compatible; GPTBot/1.2; +https://openai.com/gptbot)"
45.117.177.72 - - [08/Sep/2025:04:46:29 +0700] "POST /wp-cron.php?doing_wp_cron=1757281589.3430130481719970703125 HTTP/1.0" 200 416 "-" "WordPress/6.8.1; https://vattusacky.vn"
20.171.207.205 - - [08/Sep/2025:04:46:28 +0700] "GET /the-art-of-building-rapport-in-anonymous-omegle-encounters/ HTTP/1.0" 200 91036 "-" "Mozilla/5.0 AppleWebKit/537.36 (KHTML, like Gecko; compatible; GPTBot/1.2; +https://openai.com/gptbot)"
20.171.207.205 - - [08/Sep/2025:04:46:41 +0700] "GET /?p=8735 HTTP/1.0" 301 515 "-" "Mozilla/5.0 AppleWebKit/537.36 (KHTML, like Gecko; compatible; GPTBot/1.2; +https://openai.com/gptbot)"
20.171.207.205 - - [08/Sep/2025:04:46:43 +0700] "GET /the-psychological-impact-of-language-barrier-on-omegle-and-ometv-users/ HTTP/1.0" 200 82816 "-" "Mozilla/5.0 AppleWebKit/537.36 (KHTML, like Gecko; compatible; GPTBot/1.2; +https://openai.com/gptbot)"
20.171.207.205 - - [08/Sep/2025:04:46:51 +0700] "GET /the-power-of-collaboration-in-building-networks-on-omegle-and-ometv/ HTTP/1.0" 200 92438 "-" "Mozilla/5.0 AppleWebKit/537.36 (KHTML, like Gecko; compatible; GPTBot/1.2; +https://openai.com/gptbot)"
45.117.177.72 - - [08/Sep/2025:04:47:33 +0700] "POST /wp-cron.php?doing_wp_cron=1757281653.5619421005249023437500 HTTP/1.0" 200 416 "-" "WordPress/6.8.1; https://vattusacky.vn"
20.171.207.205 - - [08/Sep/2025:04:47:32 +0700] "GET /the-art-of-manipulation-mind-games-on-omegle-from-a-psychological-perspective/ HTTP/1.0" 200 92144 "-" "Mozilla/5.0 AppleWebKit/537.36 (KHTML, like Gecko; compatible; GPTBot/1.2; +https://openai.com/gptbot)"
20.171.207.205 - - [08/Sep/2025:04:47:54 +0700] "GET /?p=8847 HTTP/1.0" 301 516 "-" "Mozilla/5.0 AppleWebKit/537.36 (KHTML, like Gecko; compatible; GPTBot/1.2; +https://openai.com/gptbot)"
20.171.207.205 - - [08/Sep/2025:04:47:56 +0700] "GET /the-role-of-empathy-in-building-trust-in-anonymous-omegle-conversations/ HTTP/1.0" 200 90635 "-" "Mozilla/5.0 AppleWebKit/537.36 (KHTML, like Gecko; compatible; GPTBot/1.2; +https://openai.com/gptbot)"
45.117.177.72 - - [08/Sep/2025:04:48:27 +0700] "POST /wp-cron.php?doing_wp_cron=1757281707.3126220703125000000000 HTTP/1.0" 200 416 "-" "WordPress/6.8.1; https://vattusacky.vn"
20.171.207.205 - - [08/Sep/2025:04:48:26 +0700] "GET /omegles-connection-with-pop-culture-tracing-its-influence-in-music-movies-and-art/ HTTP/1.0" 200 93075 "-" "Mozilla/5.0 AppleWebKit/537.36 (KHTML, like Gecko; compatible; GPTBot/1.2; +https://openai.com/gptbot)"
20.171.207.205 - - [08/Sep/2025:04:48:49 +0700] "GET /?p=8565 HTTP/1.0" 301 512 "-" "Mozilla/5.0 AppleWebKit/537.36 (KHTML, like Gecko; compatible; GPTBot/1.2; +https://openai.com/gptbot)"
20.171.207.205 - - [08/Sep/2025:04:48:51 +0700] "GET /the-impact-of-positive-psychology-on-networking-on-omegle-and-ometv/ HTTP/1.0" 200 93647 "-" "Mozilla/5.0 AppleWebKit/537.36 (KHTML, like Gecko; compatible; GPTBot/1.2; +https://openai.com/gptbot)"
20.171.207.205 - - [08/Sep/2025:04:49:06 +0700] "GET /the-role-of-authenticity-in-omegle-conversations-being-genuine-and-true-to-yourself/ HTTP/1.0" 200 90706 "-" "Mozilla/5.0 AppleWebKit/537.36 (KHTML, like Gecko; compatible; GPTBot/1.2; +https://openai.com/gptbot)"
45.117.177.72 - - [08/Sep/2025:04:49:18 +0700] "POST /wp-cron.php?doing_wp_cron=1757281758.6831319332122802734375 HTTP/1.0" 200 416 "-" "WordPress/6.8.1; https://vattusacky.vn"
20.171.207.205 - - [08/Sep/2025:04:49:17 +0700] "GET /?p=8652 HTTP/1.0" 301 520 "-" "Mozilla/5.0 AppleWebKit/537.36 (KHTML, like Gecko; compatible; GPTBot/1.2; +https://openai.com/gptbot)"
20.171.207.205 - - [08/Sep/2025:04:49:19 +0700] "GET /the-key-to-unlocking-serendipity-online-a-mindset-of-openness-and-curiosity/ HTTP/1.0" 200 93271 "-" "Mozilla/5.0 AppleWebKit/537.36 (KHTML, like Gecko; compatible; GPTBot/1.2; +https://openai.com/gptbot)"
20.171.207.205 - - [08/Sep/2025:04:49:34 +0700] "GET /the-impact-of-omegle-and-ometv-on-social-skills-and-communication-competence/ HTTP/1.0" 200 93169 "-" "Mozilla/5.0 AppleWebKit/537.36 (KHTML, like Gecko; compatible; GPTBot/1.2; +https://openai.com/gptbot)"
20.171.207.205 - - [08/Sep/2025:04:49:45 +0700] "GET /?p=8328 HTTP/1.0" 301 522 "-" "Mozilla/5.0 AppleWebKit/537.36 (KHTML, like Gecko; compatible; GPTBot/1.2; +https://openai.com/gptbot)"
20.171.207.205 - - [08/Sep/2025:04:49:46 +0700] "GET /the-art-of-manipulation-mind-games-on-omegle-from-a-psychological-perspective/ HTTP/1.0" 200 92144 "-" "Mozilla/5.0 AppleWebKit/537.36 (KHTML, like Gecko; compatible; GPTBot/1.2; +https://openai.com/gptbot)"
20.171.207.205 - - [08/Sep/2025:04:50:03 +0700] "GET /?p=8690 HTTP/1.0" 301 512 "-" "Mozilla/5.0 AppleWebKit/537.36 (KHTML, like Gecko; compatible; GPTBot/1.2; +https://openai.com/gptbot)"
20.171.207.205 - - [08/Sep/2025:04:50:04 +0700] "GET /the-power-of-collaboration-in-building-networks-on-omegle-and-ometv/ HTTP/1.0" 200 92438 "-" "Mozilla/5.0 AppleWebKit/537.36 (KHTML, like Gecko; compatible; GPTBot/1.2; +https://openai.com/gptbot)"
45.117.177.72 - - [08/Sep/2025:04:50:22 +0700] "POST /wp-cron.php?doing_wp_cron=1757281822.4839038848876953125000 HTTP/1.0" 200 416 "-" "WordPress/6.8.1; https://vattusacky.vn"
20.171.207.205 - - [08/Sep/2025:04:50:21 +0700] "GET /the-role-of-technology-in-enhancing-serendipitous-moments-on-omegle-and-ometv/ HTTP/1.0" 200 93141 "-" "Mozilla/5.0 AppleWebKit/537.36 (KHTML, like Gecko; compatible; GPTBot/1.2; +https://openai.com/gptbot)"
20.171.207.205 - - [08/Sep/2025:04:50:42 +0700] "GET /the-role-of-anonymity-in-fostering-creativity-on-omegle-breaking-down-the-mask/ HTTP/1.0" 200 92776 "-" "Mozilla/5.0 AppleWebKit/537.36 (KHTML, like Gecko; compatible; GPTBot/1.2; +https://openai.com/gptbot)"
17.241.227.216 - - [08/Sep/2025:04:50:43 +0700] "GET /the-anonymity-factor-in-omegle-virtual-masks-and-identity-exploration/ HTTP/1.0" 200 94264 "-" "Mozilla/5.0 (Macintosh; Intel Mac OS X 10_15_7) AppleWebKit/605.1.15 (KHTML, like Gecko) Version/17.4 Safari/605.1.15 (Applebot/0.1; +http://www.apple.com/go/applebot)"
45.117.177.72 - - [08/Sep/2025:04:51:27 +0700] "POST /wp-cron.php?doing_wp_cron=1757281887.1644508838653564453125 HTTP/1.0" 200 416 "-" "WordPress/6.8.1; https://vattusacky.vn"
20.171.207.205 - - [08/Sep/2025:04:51:25 +0700] "GET /?p=8318 HTTP/1.0" 301 503 "-" "Mozilla/5.0 AppleWebKit/537.36 (KHTML, like Gecko; compatible; GPTBot/1.2; +https://openai.com/gptbot)"
20.171.207.205 - - [08/Sep/2025:04:51:27 +0700] "GET /the-art-of-building-rapport-in-anonymous-omegle-encounters/ HTTP/1.0" 200 91036 "-" "Mozilla/5.0 AppleWebKit/537.36 (KHTML, like Gecko; compatible; GPTBot/1.2; +https://openai.com/gptbot)"
20.171.207.205 - - [08/Sep/2025:04:51:47 +0700] "GET /the-importance-of-active-listening-in-network-building-on-omegle-and-ometv/ HTTP/1.0" 200 93107 "-" "Mozilla/5.0 AppleWebKit/537.36 (KHTML, like Gecko; compatible; GPTBot/1.2; +https://openai.com/gptbot)"
20.171.207.205 - - [08/Sep/2025:04:52:02 +0700] "GET /omegle-and-ometv-exploring-the-impact-of-visual-cues-on-communication-in-anonymous-chats/ HTTP/1.0" 200 93338 "-" "Mozilla/5.0 AppleWebKit/537.36 (KHTML, like Gecko; compatible; GPTBot/1.2; +https://openai.com/gptbot)"
20.171.207.205 - - [08/Sep/2025:04:52:14 +0700] "GET /the-growing-popularity-of-omegle-and-ometv-what-drives-users-to-these-platforms/ HTTP/1.0" 200 93228 "-" "Mozilla/5.0 AppleWebKit/537.36 (KHTML, like Gecko; compatible; GPTBot/1.2; +https://openai.com/gptbot)"
45.117.177.72 - - [08/Sep/2025:04:52:28 +0700] "POST /wp-cron.php?doing_wp_cron=1757281947.9460608959197998046875 HTTP/1.0" 200 416 "-" "WordPress/6.8.1; https://vattusacky.vn"
20.171.207.205 - - [08/Sep/2025:04:52:26 +0700] "GET /?p=7805 HTTP/1.0" 301 526 "-" "Mozilla/5.0 AppleWebKit/537.36 (KHTML, like Gecko; compatible; GPTBot/1.2; +https://openai.com/gptbot)"
20.171.207.205 - - [08/Sep/2025:04:52:28 +0700] "GET /omegles-connection-with-pop-culture-tracing-its-influence-in-music-movies-and-art/ HTTP/1.0" 200 93075 "-" "Mozilla/5.0 AppleWebKit/537.36 (KHTML, like Gecko; compatible; GPTBot/1.2; +https://openai.com/gptbot)"
20.171.207.205 - - [08/Sep/2025:04:52:37 +0700] "GET /?p=8818 HTTP/1.0" 301 528 "-" "Mozilla/5.0 AppleWebKit/537.36 (KHTML, like Gecko; compatible; GPTBot/1.2; +https://openai.com/gptbot)"
20.171.207.205 - - [08/Sep/2025:04:52:38 +0700] "GET /the-role-of-authenticity-in-omegle-conversations-being-genuine-and-true-to-yourself/ HTTP/1.0" 200 90560 "-" "Mozilla/5.0 AppleWebKit/537.36 (KHTML, like Gecko; compatible; GPTBot/1.2; +https://openai.com/gptbot)"
207.46.13.36 - - [08/Sep/2025:04:53:08 +0700] "GET /the-role-of-patience-in-omegle-conversations-nurturing-long-lasting-connections/feed/ HTTP/1.0" 200 1834 "-" "Mozilla/5.0 AppleWebKit/537.36 (KHTML, like Gecko; compatible; bingbot/2.0; +http://www.bing.com/bingbot.htm) Chrome/116.0.1938.76 Safari/537.36"
45.117.177.72 - - [08/Sep/2025:04:53:30 +0700] "POST /wp-cron.php?doing_wp_cron=1757282010.7606298923492431640625 HTTP/1.0" 200 416 "-" "WordPress/6.8.1; https://vattusacky.vn"
20.171.207.205 - - [08/Sep/2025:04:53:29 +0700] "GET /unraveling-the-meaning-of-friendship-in-omelove-tales-of-love-and-connection/ HTTP/1.0" 200 93172 "-" "Mozilla/5.0 AppleWebKit/537.36 (KHTML, like Gecko; compatible; GPTBot/1.2; +https://openai.com/gptbot)"
85.208.96.201 - - [08/Sep/2025:04:54:01 +0700] "GET /category/uncategorized/page/122/ HTTP/1.0" 200 76645 "-" "Mozilla/5.0 (compatible; SemrushBot/7~bl; +http://www.semrush.com/bot.html)"
20.171.207.205 - - [08/Sep/2025:04:54:12 +0700] "GET /the-role-of-virtual-masks-in-breaking-societal-norms-and-stereotypes-on-omegle/ HTTP/1.0" 200 91812 "-" "Mozilla/5.0 AppleWebKit/537.36 (KHTML, like Gecko; compatible; GPTBot/1.2; +https://openai.com/gptbot)"
45.117.177.72 - - [08/Sep/2025:04:55:27 +0700] "POST /wp-cron.php?doing_wp_cron=1757282127.5018699169158935546875 HTTP/1.0" 200 416 "-" "WordPress/6.8.1; https://vattusacky.vn"
20.171.207.205 - - [08/Sep/2025:04:55:26 +0700] "GET /?p=8500 HTTP/1.0" 301 524 "-" "Mozilla/5.0 AppleWebKit/537.36 (KHTML, like Gecko; compatible; GPTBot/1.2; +https://openai.com/gptbot)"
20.171.207.205 - - [08/Sep/2025:04:55:27 +0700] "GET /the-growing-popularity-of-omegle-and-ometv-what-drives-users-to-these-platforms/ HTTP/1.0" 200 93228 "-" "Mozilla/5.0 AppleWebKit/537.36 (KHTML, like Gecko; compatible; GPTBot/1.2; +https://openai.com/gptbot)"
40.77.167.48 - - [08/Sep/2025:04:55:47 +0700] "GET /san-pham/noi-hap-tiet-trung-82-lit-kt-40dp/feed/ HTTP/1.0" 200 1678 "-" "Mozilla/5.0 AppleWebKit/537.36 (KHTML, like Gecko; compatible; bingbot/2.0; +http://www.bing.com/bingbot.htm) Chrome/116.0.1938.76 Safari/537.36"
20.171.207.205 - - [08/Sep/2025:04:56:14 +0700] "GET /?p=8544 HTTP/1.0" 301 521 "-" "Mozilla/5.0 AppleWebKit/537.36 (KHTML, like Gecko; compatible; GPTBot/1.2; +https://openai.com/gptbot)"
45.117.177.72 - - [08/Sep/2025:04:56:17 +0700] "POST /wp-cron.php?doing_wp_cron=1757282177.5454170703887939453125 HTTP/1.0" 200 416 "-" "WordPress/6.8.1; https://vattusacky.vn"
20.171.207.205 - - [08/Sep/2025:04:56:16 +0700] "GET /the-impact-of-omegle-and-ometv-on-social-skills-and-communication-competence/ HTTP/1.0" 200 93169 "-" "Mozilla/5.0 AppleWebKit/537.36 (KHTML, like Gecko; compatible; GPTBot/1.2; +https://openai.com/gptbot)"
20.171.207.205 - - [08/Sep/2025:04:57:06 +0700] "GET /the-impact-of-omegle-on-mental-health-and-well-being-a-psychological-perspective/ HTTP/1.0" 200 90799 "-" "Mozilla/5.0 AppleWebKit/537.36 (KHTML, like Gecko; compatible; GPTBot/1.2; +https://openai.com/gptbot)"
121.131.37.232 - - [08/Sep/2025:04:57:06 +0700] "GET /pin-ap-opustimsya-v-mir-azarta-i-razvlecheniy-sredi-peredovykh-saytov-dlya-igry-na-realnye-dengi-i-pari-s-ispolzovaniem-depozita-i-bonusov/ HTTP/1.0" 200 117644 "https://vattusacky.vn/" "Mozilla/5.0 (X11; Linux i686) AppleWebKit/537.36 (KHTML, like Gecko) Chrome/114.0.0.0 Safari/537.36 Vivaldi/5.3.2679.68"
121.131.37.232 - - [08/Sep/2025:04:57:10 +0700] "GET /?p=9771 HTTP/1.0" 301 583 "https://vattusacky.vn/pin-ap-opustimsya-v-mir-azarta-i-razvlecheniy-sredi-peredovykh-saytov-dlya-igry-na-realnye-dengi-i-pari-s-ispolzovaniem-depozita-i-bonusov/" "Mozilla/5.0 (X11; Linux i686) AppleWebKit/537.36 (KHTML, like Gecko) Chrome/114.0.0.0 Safari/537.36 Vivaldi/5.3.2679.68"
121.131.37.232 - - [08/Sep/2025:04:57:13 +0700] "GET /pin-ap-opustimsya-v-mir-azarta-i-razvlecheniy-sredi-peredovykh-saytov-dlya-igry-na-realnye-dengi-i-pari-s-ispolzovaniem-depozita-i-bonusov/ HTTP/1.0" 200 117498 "https://vattusacky.vn/?p=9771" "Mozilla/5.0 (X11; Linux i686) AppleWebKit/537.36 (KHTML, like Gecko) Chrome/114.0.0.0 Safari/537.36 Vivaldi/5.3.2679.68"
45.117.177.72 - - [08/Sep/2025:04:57:24 +0700] "POST /wp-cron.php?doing_wp_cron=1757282244.5656979084014892578125 HTTP/1.0" 200 416 "-" "WordPress/6.8.1; https://vattusacky.vn"
87.250.224.126 - - [08/Sep/2025:04:57:23 +0700] "GET /challenges-and-opportunities-of-cross-cultural-virtual-empathy-on-omegle/ HTTP/1.0" 200 92959 "-" "Mozilla/5.0 (compatible; YandexBot/3.0; +http://yandex.com/bots)"
85.208.96.206 - - [08/Sep/2025:04:57:47 +0700] "GET /enhancing-online-safety-on-omegle-protecting-yourself-during-conversations/ HTTP/1.0" 200 90688 "-" "Mozilla/5.0 (compatible; SemrushBot/7~bl; +http://www.semrush.com/bot.html)"
20.171.207.205 - - [08/Sep/2025:04:57:49 +0700] "GET /?p=8808 HTTP/1.0" 301 523 "-" "Mozilla/5.0 AppleWebKit/537.36 (KHTML, like Gecko; compatible; GPTBot/1.2; +https://openai.com/gptbot)"
20.171.207.205 - - [08/Sep/2025:04:57:51 +0700] "GET /the-role-of-anonymity-in-fostering-creativity-on-omegle-breaking-down-the-mask/ HTTP/1.0" 200 92776 "-" "Mozilla/5.0 AppleWebKit/537.36 (KHTML, like Gecko; compatible; GPTBot/1.2; +https://openai.com/gptbot)"
198.98.50.82 - - [08/Sep/2025:04:57:52 +0700] "GET /wp-login.php HTTP/1.0" 200 11388 "-" "Mozilla/5.0 (Macintosh; Intel Mac OS X 10_9_2) AppleWebKit/537.75.14 (KHTML, like Gecko) Version/7.0.3 Safari/537.75.14"
198.98.50.82 - - [08/Sep/2025:04:57:54 +0700] "POST /wp-login.php HTTP/1.0" 200 11748 "-" "Mozilla/5.0 (Macintosh; Intel Mac OS X 10_9_2) AppleWebKit/537.75.14 (KHTML, like Gecko) Version/7.0.3 Safari/537.75.14"
35.172.125.172 - - [08/Sep/2025:04:58:10 +0700] "GET /how-to-handle-it-when-youve-got-little-in-accordance-with-him/ HTTP/1.0" 200 208486 "-" "Mozilla/5.0 AppleWebKit/537.36 (KHTML, like Gecko; compatible; Amazonbot/0.1; +https://developer.amazon.com/support/amazonbot) Chrome/119.0.6045.214 Safari/537.36"
98.82.66.172 - - [08/Sep/2025:04:58:14 +0700] "GET /the-hazards-of-internet-brides/ HTTP/1.0" 200 206731 "-" "Mozilla/5.0 AppleWebKit/537.36 (KHTML, like Gecko; compatible; Amazonbot/0.1; +https://developer.amazon.com/support/amazonbot) Chrome/119.0.6045.214 Safari/537.36"
45.117.177.72 - - [08/Sep/2025:04:58:22 +0700] "POST /wp-cron.php?doing_wp_cron=1757282301.9484829902648925781250 HTTP/1.0" 200 416 "-" "WordPress/6.8.1; https://vattusacky.vn"
20.171.207.205 - - [08/Sep/2025:04:58:20 +0700] "GET /?p=8927 HTTP/1.0" 301 522 "-" "Mozilla/5.0 AppleWebKit/537.36 (KHTML, like Gecko; compatible; GPTBot/1.2; +https://openai.com/gptbot)"
20.171.207.205 - - [08/Sep/2025:04:58:22 +0700] "GET /the-role-of-technology-in-enhancing-serendipitous-moments-on-omegle-and-ometv/ HTTP/1.0" 200 93141 "-" "Mozilla/5.0 AppleWebKit/537.36 (KHTML, like Gecko; compatible; GPTBot/1.2; +https://openai.com/gptbot)"
20.171.207.205 - - [08/Sep/2025:04:58:30 +0700] "GET /?p=8594 HTTP/1.0" 301 519 "-" "Mozilla/5.0 AppleWebKit/537.36 (KHTML, like Gecko; compatible; GPTBot/1.2; +https://openai.com/gptbot)"
20.171.207.205 - - [08/Sep/2025:04:58:32 +0700] "GET /the-importance-of-active-listening-in-network-building-on-omegle-and-ometv/ HTTP/1.0" 200 93107 "-" "Mozilla/5.0 AppleWebKit/537.36 (KHTML, like Gecko; compatible; GPTBot/1.2; +https://openai.com/gptbot)"
20.171.207.205 - - [08/Sep/2025:04:59:11 +0700] "GET /the-impact-of-omegle-artistry-bridging-gaps-in-the-art-community/ HTTP/1.0" 200 92742 "-" "Mozilla/5.0 AppleWebKit/537.36 (KHTML, like Gecko; compatible; GPTBot/1.2; +https://openai.com/gptbot)"
45.117.177.72 - - [08/Sep/2025:05:00:09 +0700] "POST /wp-cron.php?doing_wp_cron=1757282409.2934360504150390625000 HTTP/1.0" 200 416 "-" "WordPress/6.8.1; https://vattusacky.vn"
20.171.207.205 - - [08/Sep/2025:05:00:07 +0700] "GET /omegle-and-the-art-of-conversation-nurturing-connection-in-a-digital-world/ HTTP/1.0" 200 91436 "-" "Mozilla/5.0 AppleWebKit/537.36 (KHTML, like Gecko; compatible; GPTBot/1.2; +https://openai.com/gptbot)"
45.117.177.72 - - [08/Sep/2025:05:01:02 +0700] "POST /wp-cron.php?doing_wp_cron=1757282461.9450960159301757812500 HTTP/1.0" 200 416 "-" "WordPress/6.8.1; https://vattusacky.vn"
20.171.207.205 - - [08/Sep/2025:05:01:00 +0700] "GET /the-influence-of-psychology-in-online-interactions-omegle-mind-games/ HTTP/1.0" 200 91433 "-" "Mozilla/5.0 AppleWebKit/537.36 (KHTML, like Gecko; compatible; GPTBot/1.2; +https://openai.com/gptbot)"
45.117.177.72 - - [08/Sep/2025:05:02:08 +0700] "POST /wp-cron.php?doing_wp_cron=1757282528.2363069057464599609375 HTTP/1.0" 200 416 "-" "WordPress/6.8.1; https://vattusacky.vn"
20.171.207.205 - - [08/Sep/2025:05:02:07 +0700] "GET /?p=8548 HTTP/1.0" 301 525 "-" "Mozilla/5.0 AppleWebKit/537.36 (KHTML, like Gecko; compatible; GPTBot/1.2; +https://openai.com/gptbot)"
20.171.207.205 - - [08/Sep/2025:05:02:08 +0700] "GET /the-impact-of-omegle-on-mental-health-and-well-being-a-psychological-perspective/ HTTP/1.0" 200 90799 "-" "Mozilla/5.0 AppleWebKit/537.36 (KHTML, like Gecko; compatible; GPTBot/1.2; +https://openai.com/gptbot)"
45.117.177.72 - - [08/Sep/2025:05:02:34 +0700] "POST /wp-cron.php?doing_wp_cron=1757282554.2055211067199707031250 HTTP/1.0" 200 416 "-" "WordPress/6.8.1; https://vattusacky.vn"
20.171.207.205 - - [08/Sep/2025:05:02:32 +0700] "GET /privacy-concerns-with-ometv/ HTTP/1.0" 200 89034 "-" "Mozilla/5.0 AppleWebKit/537.36 (KHTML, like Gecko; compatible; GPTBot/1.2; +https://openai.com/gptbot)"
20.171.207.205 - - [08/Sep/2025:05:02:54 +0700] "GET /omegle-vs-ometv-a-comparative-study-of-language-translation-features/ HTTP/1.0" 200 92329 "-" "Mozilla/5.0 AppleWebKit/537.36 (KHTML, like Gecko; compatible; GPTBot/1.2; +https://openai.com/gptbot)"
45.117.177.72 - - [08/Sep/2025:05:03:28 +0700] "POST /wp-cron.php?doing_wp_cron=1757282608.7121069431304931640625 HTTP/1.0" 200 416 "-" "WordPress/6.8.1; https://vattusacky.vn"
20.171.207.205 - - [08/Sep/2025:05:03:27 +0700] "GET /how-omegle-began-the-history-of-the-popular-chatroulette-alternative/ HTTP/1.0" 200 90321 "-" "Mozilla/5.0 AppleWebKit/537.36 (KHTML, like Gecko; compatible; GPTBot/1.2; +https://openai.com/gptbot)"
20.171.207.205 - - [08/Sep/2025:05:03:57 +0700] "GET /networking-for-personal-and-professional-balance-on-omegle-and-ometv/ HTTP/1.0" 200 93568 "-" "Mozilla/5.0 AppleWebKit/537.36 (KHTML, like Gecko; compatible; GPTBot/1.2; +https://openai.com/gptbot)"
20.171.207.205 - - [08/Sep/2025:05:04:15 +0700] "GET /?p=8953 HTTP/1.0" 301 523 "-" "Mozilla/5.0 AppleWebKit/537.36 (KHTML, like Gecko; compatible; GPTBot/1.2; +https://openai.com/gptbot)"
45.117.177.72 - - [08/Sep/2025:05:04:18 +0700] "POST /wp-cron.php?doing_wp_cron=1757282657.9481899738311767578125 HTTP/1.0" 200 416 "-" "WordPress/6.8.1; https://vattusacky.vn"
20.171.207.205 - - [08/Sep/2025:05:04:16 +0700] "GET /the-role-of-virtual-masks-in-breaking-societal-norms-and-stereotypes-on-omegle/ HTTP/1.0" 200 91666 "-" "Mozilla/5.0 AppleWebKit/537.36 (KHTML, like Gecko; compatible; GPTBot/1.2; +https://openai.com/gptbot)"
20.171.207.205 - - [08/Sep/2025:05:05:02 +0700] "GET /the-sociopolitical-impact-of-omegle-on-online-discourse-and-activism/ HTTP/1.0" 200 91294 "-" "Mozilla/5.0 AppleWebKit/537.36 (KHTML, like Gecko; compatible; GPTBot/1.2; +https://openai.com/gptbot)"
45.117.177.72 - - [08/Sep/2025:05:05:57 +0700] "POST /wp-cron.php?doing_wp_cron=1757282757.4798419475555419921875 HTTP/1.0" 200 416 "-" "WordPress/6.8.1; https://vattusacky.vn"
213.180.203.222 - - [08/Sep/2025:05:05:56 +0700] "GET /how-can-norton-safe-search-work/ HTTP/1.0" 200 236627 "-" "Mozilla/5.0 (compatible; YandexBot/3.0; +http://yandex.com/bots)"
45.117.177.72 - - [08/Sep/2025:05:07:05 +0700] "POST /wp-cron.php?doing_wp_cron=1757282824.9555680751800537109375 HTTP/1.0" 200 416 "-" "WordPress/6.8.1; https://vattusacky.vn"
20.171.207.205 - - [08/Sep/2025:05:07:03 +0700] "GET /?p=9144 HTTP/1.0" 301 667 "-" "Mozilla/5.0 AppleWebKit/537.36 (KHTML, like Gecko; compatible; GPTBot/1.2; +https://openai.com/gptbot)"
20.171.207.205 - - [08/Sep/2025:05:07:05 +0700] "GET /unraveling-the-meaning-of-friendship-in-omelove-tales-of-love-and-connection/ HTTP/1.0" 200 93172 "-" "Mozilla/5.0 AppleWebKit/537.36 (KHTML, like Gecko; compatible; GPTBot/1.2; +https://openai.com/gptbot)"
45.117.177.72 - - [08/Sep/2025:05:08:35 +0700] "POST /wp-cron.php?doing_wp_cron=1757282915.4804210662841796875000 HTTP/1.0" 200 416 "-" "WordPress/6.8.1; https://vattusacky.vn"
20.171.207.205 - - [08/Sep/2025:05:08:34 +0700] "GET /the-impact-of-nonverbal-communication-on-first-impressions-on-omegle/ HTTP/1.0" 200 92403 "-" "Mozilla/5.0 AppleWebKit/537.36 (KHTML, like Gecko; compatible; GPTBot/1.2; +https://openai.com/gptbot)"
45.117.177.72 - - [08/Sep/2025:05:09:18 +0700] "POST /wp-cron.php?doing_wp_cron=1757282957.9713029861450195312500 HTTP/1.0" 200 416 "-" "WordPress/6.8.1; https://vattusacky.vn"
20.171.207.205 - - [08/Sep/2025:05:09:16 +0700] "GET /?p=8545 HTTP/1.0" 301 509 "-" "Mozilla/5.0 AppleWebKit/537.36 (KHTML, like Gecko; compatible; GPTBot/1.2; +https://openai.com/gptbot)"
20.171.207.205 - - [08/Sep/2025:05:09:18 +0700] "GET /the-impact-of-omegle-artistry-bridging-gaps-in-the-art-community/ HTTP/1.0" 200 92742 "-" "Mozilla/5.0 AppleWebKit/537.36 (KHTML, like Gecko; compatible; GPTBot/1.2; +https://openai.com/gptbot)"
20.171.207.205 - - [08/Sep/2025:05:09:44 +0700] "GET /?p=7737 HTTP/1.0" 301 513 "-" "Mozilla/5.0 AppleWebKit/537.36 (KHTML, like Gecko; compatible; GPTBot/1.2; +https://openai.com/gptbot)"
20.171.207.205 - - [08/Sep/2025:05:09:45 +0700] "GET /omegle-vs-ometv-a-comparative-study-of-language-translation-features/ HTTP/1.0" 200 92329 "-" "Mozilla/5.0 AppleWebKit/537.36 (KHTML, like Gecko; compatible; GPTBot/1.2; +https://openai.com/gptbot)"
20.171.207.205 - - [08/Sep/2025:05:10:09 +0700] "GET /the-power-of-small-talk-building-connections-on-omegle/ HTTP/1.0" 200 90616 "-" "Mozilla/5.0 AppleWebKit/537.36 (KHTML, like Gecko; compatible; GPTBot/1.2; +https://openai.com/gptbot)"
45.117.177.72 - - [08/Sep/2025:05:10:20 +0700] "POST /wp-cron.php?doing_wp_cron=1757283020.7333641052246093750000 HTTP/1.0" 200 416 "-" "WordPress/6.8.1; https://vattusacky.vn"
20.171.207.205 - - [08/Sep/2025:05:10:19 +0700] "GET /?p=8628 HTTP/1.0" 301 513 "-" "Mozilla/5.0 AppleWebKit/537.36 (KHTML, like Gecko; compatible; GPTBot/1.2; +https://openai.com/gptbot)"
20.171.207.205 - - [08/Sep/2025:05:10:21 +0700] "GET /the-influence-of-psychology-in-online-interactions-omegle-mind-games/ HTTP/1.0" 200 91433 "-" "Mozilla/5.0 AppleWebKit/537.36 (KHTML, like Gecko; compatible; GPTBot/1.2; +https://openai.com/gptbot)"
20.171.207.205 - - [08/Sep/2025:05:11:01 +0700] "GET /?p=7502 HTTP/1.0" 301 519 "-" "Mozilla/5.0 AppleWebKit/537.36 (KHTML, like Gecko; compatible; GPTBot/1.2; +https://openai.com/gptbot)"
20.171.207.205 - - [08/Sep/2025:05:11:03 +0700] "GET /omegle-and-the-art-of-conversation-nurturing-connection-in-a-digital-world/ HTTP/1.0" 200 91290 "-" "Mozilla/5.0 AppleWebKit/537.36 (KHTML, like Gecko; compatible; GPTBot/1.2; +https://openai.com/gptbot)"
45.117.177.72 - - [08/Sep/2025:05:11:22 +0700] "POST /wp-cron.php?doing_wp_cron=1757283082.1161780357360839843750 HTTP/1.0" 200 416 "-" "WordPress/6.8.1; https://vattusacky.vn"
194.42.196.29 - - [08/Sep/2025:05:11:20 +0700] "GET / HTTP/1.0" 301 598 "http://www.vattusacky.vn/" "-"
194.42.196.29 - - [08/Sep/2025:05:11:23 +0700] "GET / HTTP/1.0" 503 8085 "https://www.vattusacky.vn/" "-"
194.42.196.29 - - [08/Sep/2025:05:11:24 +0700] "GET /laravel-filemanager HTTP/1.0" 301 683 "http://www.vattusacky.vn/laravel-filemanager" "-"
194.42.196.29 - - [08/Sep/2025:05:11:26 +0700] "GET /laravel-filemanager HTTP/1.0" 404 70812 "https://www.vattusacky.vn/laravel-filemanager" "-"
194.42.196.29 - - [08/Sep/2025:05:11:27 +0700] "GET /CHANGELOG.txt HTTP/1.0" 301 677 "http://www.vattusacky.vn/CHANGELOG.txt" "-"
194.42.196.29 - - [08/Sep/2025:05:11:30 +0700] "GET /CHANGELOG.txt HTTP/1.0" 404 70812 "https://www.vattusacky.vn/CHANGELOG.txt" "-"
194.42.196.29 - - [08/Sep/2025:05:11:31 +0700] "GET /Telerik.Web.UI.WebResource.axd?type=rau HTTP/1.0" 301 703 "http://www.vattusacky.vn/Telerik.Web.UI.WebResource.axd?type=rau" "-"
194.42.196.29 - - [08/Sep/2025:05:11:33 +0700] "GET /Telerik.Web.UI.WebResource.axd?type=rau HTTP/1.0" 404 70812 "https://www.vattusacky.vn/Telerik.Web.UI.WebResource.axd?type=rau" "-"
20.171.207.205 - - [08/Sep/2025:05:11:33 +0700] "GET /the-influence-of-omegle-on-body-language-and-nonverbal-communication/ HTTP/1.0" 200 94457 "-" "Mozilla/5.0 AppleWebKit/537.36 (KHTML, like Gecko; compatible; GPTBot/1.2; +https://openai.com/gptbot)"
194.42.196.29 - - [08/Sep/2025:05:11:35 +0700] "GET /etc/passwd HTTP/1.0" 301 674 "http://www.vattusacky.vn/etc/passwd" "-"
194.42.196.29 - - [08/Sep/2025:05:11:37 +0700] "GET /etc/passwd HTTP/1.0" 404 70812 "https://www.vattusacky.vn/etc/passwd" "-"
194.42.196.29 - - [08/Sep/2025:05:11:39 +0700] "GET /etc/passwd HTTP/1.0" 301 674 "http://www.vattusacky.vn/etc/passwd" "-"
194.42.196.29 - - [08/Sep/2025:05:11:41 +0700] "GET /etc/passwd HTTP/1.0" 404 70812 "https://www.vattusacky.vn/etc/passwd" "-"
194.42.196.29 - - [08/Sep/2025:05:11:42 +0700] "GET / HTTP/1.0" 301 598 "-" "-"
194.42.196.29 - - [08/Sep/2025:05:11:44 +0700] "GET / HTTP/1.0" 200 60070 "https://www.vattusacky.vn/" "-"
194.42.196.29 - - [08/Sep/2025:05:11:46 +0700] "GET /laravel-filemanager HTTP/1.0" 301 683 "-" "-"
194.42.196.29 - - [08/Sep/2025:05:11:48 +0700] "GET /laravel-filemanager HTTP/1.0" 404 70812 "https://www.vattusacky.vn/laravel-filemanager" "-"
194.42.196.29 - - [08/Sep/2025:05:11:49 +0700] "GET /CHANGELOG.txt HTTP/1.0" 301 677 "-" "-"
194.42.196.29 - - [08/Sep/2025:05:11:51 +0700] "GET /CHANGELOG.txt HTTP/1.0" 404 70812 "https://www.vattusacky.vn/CHANGELOG.txt" "-"
194.42.196.29 - - [08/Sep/2025:05:11:53 +0700] "GET /Telerik.Web.UI.WebResource.axd?type=rau HTTP/1.0" 301 703 "-" "-"
194.42.196.29 - - [08/Sep/2025:05:11:55 +0700] "GET /Telerik.Web.UI.WebResource.axd?type=rau HTTP/1.0" 404 70812 "https://www.vattusacky.vn/Telerik.Web.UI.WebResource.axd?type=rau" "-"
194.42.196.29 - - [08/Sep/2025:05:11:56 +0700] "GET /etc/passwd HTTP/1.0" 301 674 "-" "-"
194.42.196.29 - - [08/Sep/2025:05:11:58 +0700] "GET /etc/passwd HTTP/1.0" 404 70812 "https://www.vattusacky.vn/etc/passwd" "-"
194.42.196.29 - - [08/Sep/2025:05:12:01 +0700] "GET /etc/passwd HTTP/1.0" 301 674 "-" "-"
194.42.196.29 - - [08/Sep/2025:05:12:03 +0700] "GET /etc/passwd HTTP/1.0" 404 70812 "https://www.vattusacky.vn/etc/passwd" "-"
45.117.177.72 - - [08/Sep/2025:05:13:37 +0700] "POST /wp-cron.php?doing_wp_cron=1757283217.6621830463409423828125 HTTP/1.0" 200 416 "-" "WordPress/6.8.1; https://vattusacky.vn"
40.77.167.0 - - [08/Sep/2025:05:13:36 +0700] "GET /omegle-and-technology-how-the-platform-has-evolved-over-time/ HTTP/1.0" 200 92358 "-" "Mozilla/5.0 AppleWebKit/537.36 (KHTML, like Gecko; compatible; bingbot/2.0; +http://www.bing.com/bingbot.htm) Chrome/116.0.1938.76 Safari/537.36"
20.171.207.205 - - [08/Sep/2025:05:13:40 +0700] "GET /?p=7270 HTTP/1.0" 301 659 "-" "Mozilla/5.0 AppleWebKit/537.36 (KHTML, like Gecko; compatible; GPTBot/1.2; +https://openai.com/gptbot)"
20.171.207.205 - - [08/Sep/2025:05:13:41 +0700] "GET /networking-for-personal-and-professional-balance-on-omegle-and-ometv/ HTTP/1.0" 200 93568 "-" "Mozilla/5.0 AppleWebKit/537.36 (KHTML, like Gecko; compatible; GPTBot/1.2; +https://openai.com/gptbot)"
4.227.36.83 - - [08/Sep/2025:05:13:42 +0700] "GET /robots.txt HTTP/1.0" 200 984 "-" "Mozilla/5.0 AppleWebKit/537.36 (KHTML, like Gecko; compatible; GPTBot/1.2; +https://openai.com/gptbot)"
51.75.233.102 - - [08/Sep/2025:05:13:50 +0700] "POST /xmlrpc.php HTTP/1.0" 200 956 "-" "Mozilla/5.0 (Windows NT 10.0; Win64; x64; rv:70.0) Gecko/20100101 Firefox/70.0"
45.117.177.72 - - [08/Sep/2025:05:15:00 +0700] "POST /wp-cron.php?doing_wp_cron=1757283300.0415449142456054687500 HTTP/1.0" 200 416 "-" "WordPress/6.8.1; https://vattusacky.vn"
20.171.207.205 - - [08/Sep/2025:05:14:58 +0700] "GET /?p=7024 HTTP/1.0" 301 513 "-" "Mozilla/5.0 AppleWebKit/537.36 (KHTML, like Gecko; compatible; GPTBot/1.2; +https://openai.com/gptbot)"
20.171.207.205 - - [08/Sep/2025:05:15:00 +0700] "GET /how-omegle-began-the-history-of-the-popular-chatroulette-alternative/ HTTP/1.0" 200 90321 "-" "Mozilla/5.0 AppleWebKit/537.36 (KHTML, like Gecko; compatible; GPTBot/1.2; +https://openai.com/gptbot)"
45.117.177.72 - - [08/Sep/2025:05:15:38 +0700] "POST /wp-cron.php?doing_wp_cron=1757283338.3093080520629882812500 HTTP/1.0" 200 416 "-" "WordPress/6.8.1; https://vattusacky.vn"
20.171.207.205 - - [08/Sep/2025:05:15:37 +0700] "GET /?p=8543 HTTP/1.0" 301 513 "-" "Mozilla/5.0 AppleWebKit/537.36 (KHTML, like Gecko; compatible; GPTBot/1.2; +https://openai.com/gptbot)"
20.171.207.205 - - [08/Sep/2025:05:15:38 +0700] "GET /the-impact-of-nonverbal-communication-on-first-impressions-on-omegle/ HTTP/1.0" 200 92403 "-" "Mozilla/5.0 AppleWebKit/537.36 (KHTML, like Gecko; compatible; GPTBot/1.2; +https://openai.com/gptbot)"
20.171.207.205 - - [08/Sep/2025:05:16:01 +0700] "GET /how-omegle-offers-a-unique-form-of-virtual-therapy/ HTTP/1.0" 403 612 "-" "Mozilla/5.0 AppleWebKit/537.36 (KHTML, like Gecko; compatible; GPTBot/1.2; +https://openai.com/gptbot)"
45.117.177.72 - - [08/Sep/2025:05:16:37 +0700] "POST /wp-cron.php?doing_wp_cron=1757283397.0162870883941650390625 HTTP/1.0" 200 416 "-" "WordPress/6.8.1; https://vattusacky.vn"
20.171.207.205 - - [08/Sep/2025:05:16:35 +0700] "GET /side-splitting-omegle-chat-fails-and-funny-situations/ HTTP/1.0" 200 91098 "-" "Mozilla/5.0 AppleWebKit/537.36 (KHTML, like Gecko; compatible; GPTBot/1.2; +https://openai.com/gptbot)"
67.205.159.76 - - [08/Sep/2025:05:16:58 +0700] "POST /xmlrpc.php HTTP/1.0" 200 956 "-" "Mozilla/5.0 (Windows NT 10.0; Win64; x64; rv:42.0) Gecko/20100101 Firefox/42.0"
20.171.207.205 - - [08/Sep/2025:05:17:01 +0700] "GET /omegle-success-stories-how-the-platform-changed-lives/ HTTP/1.0" 200 90451 "-" "Mozilla/5.0 AppleWebKit/537.36 (KHTML, like Gecko; compatible; GPTBot/1.2; +https://openai.com/gptbot)"
45.117.177.72 - - [08/Sep/2025:05:17:25 +0700] "POST /wp-cron.php?doing_wp_cron=1757283445.7543530464172363281250 HTTP/1.0" 200 416 "-" "WordPress/6.8.1; https://vattusacky.vn"
20.171.207.205 - - [08/Sep/2025:05:17:24 +0700] "GET /?p=8978 HTTP/1.0" 301 513 "-" "Mozilla/5.0 AppleWebKit/537.36 (KHTML, like Gecko; compatible; GPTBot/1.2; +https://openai.com/gptbot)"
20.171.207.205 - - [08/Sep/2025:05:17:26 +0700] "GET /the-sociopolitical-impact-of-omegle-on-online-discourse-and-activism/ HTTP/1.0" 200 91294 "-" "Mozilla/5.0 AppleWebKit/537.36 (KHTML, like Gecko; compatible; GPTBot/1.2; +https://openai.com/gptbot)"
