20.171.207.205 - - [08/Sep/2025:05:17:44 +0700] "GET /unveiling-the-human-experience-of-anonymity-on-omegle/ HTTP/1.0" 200 91009 "-" "Mozilla/5.0 AppleWebKit/537.36 (KHTML, like Gecko; compatible; GPTBot/1.2; +https://openai.com/gptbot)"
20.171.207.205 - - [08/Sep/2025:05:18:03 +0700] "GET /strategies-for-managing-time-and-priorities-in-online-friendships/ HTTP/1.0" 200 95045 "-" "Mozilla/5.0 AppleWebKit/537.36 (KHTML, like Gecko; compatible; GPTBot/1.2; +https://openai.com/gptbot)"
20.171.207.205 - - [08/Sep/2025:05:18:12 +0700] "GET /?p=8619 HTTP/1.0" 301 513 "-" "Mozilla/5.0 AppleWebKit/537.36 (KHTML, like Gecko; compatible; GPTBot/1.2; +https://openai.com/gptbot)"
20.171.207.205 - - [08/Sep/2025:05:18:13 +0700] "GET /the-influence-of-omegle-on-body-language-and-nonverbal-communication/ HTTP/1.0" 200 94457 "-" "Mozilla/5.0 AppleWebKit/537.36 (KHTML, like Gecko; compatible; GPTBot/1.2; +https://openai.com/gptbot)"
45.117.177.72 - - [08/Sep/2025:05:19:17 +0700] "POST /wp-cron.php?doing_wp_cron=1757283556.9019169807434082031250 HTTP/1.0" 200 416 "-" "WordPress/6.8.1; https://vattusacky.vn"
20.171.207.205 - - [08/Sep/2025:05:19:15 +0700] "GET /the-future-of-omegle-evolving-trends-and-developments/ HTTP/1.0" 200 89137 "-" "Mozilla/5.0 AppleWebKit/537.36 (KHTML, like Gecko; compatible; GPTBot/1.2; +https://openai.com/gptbot)"
20.171.207.205 - - [08/Sep/2025:05:20:08 +0700] "GET /omegle-movie-chat-conversations-about-film-and-cinema/ HTTP/1.0" 200 91615 "-" "Mozilla/5.0 AppleWebKit/537.36 (KHTML, like Gecko; compatible; GPTBot/1.2; +https://openai.com/gptbot)"
45.117.177.72 - - [08/Sep/2025:05:20:40 +0700] "POST /wp-cron.php?doing_wp_cron=1757283639.9837789535522460937500 HTTP/1.0" 200 416 "-" "WordPress/6.8.1; https://vattusacky.vn"
20.171.207.205 - - [08/Sep/2025:05:20:38 +0700] "GET /?p=8709 HTTP/1.0" 301 499 "-" "Mozilla/5.0 AppleWebKit/537.36 (KHTML, like Gecko; compatible; GPTBot/1.2; +https://openai.com/gptbot)"
20.171.207.205 - - [08/Sep/2025:05:20:40 +0700] "GET /the-power-of-small-talk-building-connections-on-omegle/ HTTP/1.0" 200 90616 "-" "Mozilla/5.0 AppleWebKit/537.36 (KHTML, like Gecko; compatible; GPTBot/1.2; +https://openai.com/gptbot)"
20.171.207.205 - - [08/Sep/2025:05:21:08 +0700] "GET /shaping-the-future-of-random-chats-omegles-bold-moves/ HTTP/1.0" 200 88459 "-" "Mozilla/5.0 AppleWebKit/537.36 (KHTML, like Gecko; compatible; GPTBot/1.2; +https://openai.com/gptbot)"
45.117.177.72 - - [08/Sep/2025:05:21:32 +0700] "POST /wp-cron.php?doing_wp_cron=1757283692.2281079292297363281250 HTTP/1.0" 200 416 "-" "WordPress/6.8.1; https://vattusacky.vn"
20.171.207.205 - - [08/Sep/2025:05:21:31 +0700] "GET /serendipity-as-a-catalyst-for-creativity-and-inspiration-online/ HTTP/1.0" 200 91017 "-" "Mozilla/5.0 AppleWebKit/537.36 (KHTML, like Gecko; compatible; GPTBot/1.2; +https://openai.com/gptbot)"
40.77.167.67 - - [08/Sep/2025:05:22:06 +0700] "GET /omegles-history-and-evolution-a-look-back-at-the-anonymous-chat-platform/ HTTP/1.0" 200 90702 "-" "Mozilla/5.0 AppleWebKit/537.36 (KHTML, like Gecko; compatible; bingbot/2.0; +http://www.bing.com/bingbot.htm) Chrome/116.0.1938.76 Safari/537.36"
20.171.207.205 - - [08/Sep/2025:05:22:09 +0700] "GET /?p=7684 HTTP/1.0" 301 498 "-" "Mozilla/5.0 AppleWebKit/537.36 (KHTML, like Gecko; compatible; GPTBot/1.2; +https://openai.com/gptbot)"
20.171.207.205 - - [08/Sep/2025:05:22:11 +0700] "GET /omegle-movie-chat-conversations-about-film-and-cinema/ HTTP/1.0" 200 91615 "-" "Mozilla/5.0 AppleWebKit/537.36 (KHTML, like Gecko; compatible; GPTBot/1.2; +https://openai.com/gptbot)"
45.117.177.72 - - [08/Sep/2025:05:23:22 +0700] "POST /wp-cron.php?doing_wp_cron=1757283802.6528890132904052734375 HTTP/1.0" 200 416 "-" "WordPress/6.8.1; https://vattusacky.vn"
20.171.207.205 - - [08/Sep/2025:05:23:21 +0700] "GET /?p=8471 HTTP/1.0" 301 498 "-" "Mozilla/5.0 AppleWebKit/537.36 (KHTML, like Gecko; compatible; GPTBot/1.2; +https://openai.com/gptbot)"
20.171.207.205 - - [08/Sep/2025:05:23:23 +0700] "GET /the-future-of-omegle-evolving-trends-and-developments/ HTTP/1.0" 200 88991 "-" "Mozilla/5.0 AppleWebKit/537.36 (KHTML, like Gecko; compatible; GPTBot/1.2; +https://openai.com/gptbot)"
20.171.207.205 - - [08/Sep/2025:05:23:43 +0700] "GET /omegles-role-in-exploring-sexual-orientation-and-identity/ HTTP/1.0" 200 91382 "-" "Mozilla/5.0 AppleWebKit/537.36 (KHTML, like Gecko; compatible; GPTBot/1.2; +https://openai.com/gptbot)"
20.171.207.205 - - [08/Sep/2025:05:23:56 +0700] "GET /?p=8270 HTTP/1.0" 301 510 "-" "Mozilla/5.0 AppleWebKit/537.36 (KHTML, like Gecko; compatible; GPTBot/1.2; +https://openai.com/gptbot)"
20.171.207.205 - - [08/Sep/2025:05:23:58 +0700] "GET /strategies-for-managing-time-and-priorities-in-online-friendships/ HTTP/1.0" 200 95045 "-" "Mozilla/5.0 AppleWebKit/537.36 (KHTML, like Gecko; compatible; GPTBot/1.2; +https://openai.com/gptbot)"
216.244.66.237 - - [08/Sep/2025:05:24:10 +0700] "GET /robots.txt HTTP/1.0" 200 984 "-" "Mozilla/5.0 (compatible; DotBot/1.2; +https://opensiteexplorer.org/dotbot; help@moz.com)"
45.117.177.72 - - [08/Sep/2025:05:24:25 +0700] "POST /wp-cron.php?doing_wp_cron=1757283865.2733550071716308593750 HTTP/1.0" 200 416 "-" "WordPress/6.8.1; https://vattusacky.vn"
20.171.207.205 - - [08/Sep/2025:05:24:24 +0700] "GET /omegle-and-online-harassment-recognizing-and-addressing-the-issue/ HTTP/1.0" 200 91015 "-" "Mozilla/5.0 AppleWebKit/537.36 (KHTML, like Gecko; compatible; GPTBot/1.2; +https://openai.com/gptbot)"
85.208.96.211 - - [08/Sep/2025:05:24:27 +0700] "GET /parimatch-onboards-elli-avrram-as-its-new-model-34/ HTTP/1.0" 200 249501 "-" "Mozilla/5.0 (compatible; SemrushBot/7~bl; +http://www.semrush.com/bot.html)"
85.208.96.209 - - [08/Sep/2025:05:24:40 +0700] "GET /ll-codigo-promocional-1xbet-%EF%B8%8F-bono-de-bienvenida-1xbet-2023-17/ HTTP/1.0" 200 88859 "-" "Mozilla/5.0 (compatible; SemrushBot/7~bl; +http://www.semrush.com/bot.html)"
20.171.207.205 - - [08/Sep/2025:05:24:51 +0700] "GET /the-hidden-dangers-of-omegle-revealed-ensuring-online-protection/ HTTP/1.0" 200 92063 "-" "Mozilla/5.0 AppleWebKit/537.36 (KHTML, like Gecko; compatible; GPTBot/1.2; +https://openai.com/gptbot)"
45.117.177.72 - - [08/Sep/2025:05:25:31 +0700] "POST /wp-cron.php?doing_wp_cron=1757283931.5346980094909667968750 HTTP/1.0" 200 416 "-" "WordPress/6.8.1; https://vattusacky.vn"
20.171.207.205 - - [08/Sep/2025:05:25:30 +0700] "GET /?p=8214 HTTP/1.0" 301 498 "-" "Mozilla/5.0 AppleWebKit/537.36 (KHTML, like Gecko; compatible; GPTBot/1.2; +https://openai.com/gptbot)"
20.171.207.205 - - [08/Sep/2025:05:25:31 +0700] "GET /shaping-the-future-of-random-chats-omegles-bold-moves/ HTTP/1.0" 200 88459 "-" "Mozilla/5.0 AppleWebKit/537.36 (KHTML, like Gecko; compatible; GPTBot/1.2; +https://openai.com/gptbot)"
185.191.171.1 - - [08/Sep/2025:05:25:39 +0700] "GET /is-tristyn-lee-natural-or-on-steroids-truth-exposed-bodyly/ HTTP/1.0" 200 209098 "-" "Mozilla/5.0 (compatible; SemrushBot/7~bl; +http://www.semrush.com/bot.html)"
45.117.177.72 - - [08/Sep/2025:05:27:17 +0700] "POST /wp-cron.php?doing_wp_cron=1757284036.9552319049835205078125 HTTP/1.0" 200 416 "-" "WordPress/6.8.1; https://vattusacky.vn"
20.171.207.205 - - [08/Sep/2025:05:27:15 +0700] "GET /?p=9161 HTTP/1.0" 301 498 "-" "Mozilla/5.0 AppleWebKit/537.36 (KHTML, like Gecko; compatible; GPTBot/1.2; +https://openai.com/gptbot)"
20.171.207.205 - - [08/Sep/2025:05:27:17 +0700] "GET /unveiling-the-human-experience-of-anonymity-on-omegle/ HTTP/1.0" 200 91009 "-" "Mozilla/5.0 AppleWebKit/537.36 (KHTML, like Gecko; compatible; GPTBot/1.2; +https://openai.com/gptbot)"
216.244.66.237 - - [08/Sep/2025:05:27:34 +0700] "GET /leveraging-technology-for-effective-networking-on-omegle-and-ometv/ HTTP/1.0" 200 90740 "-" "Mozilla/5.0 (compatible; DotBot/1.2; +https://opensiteexplorer.org/dotbot; help@moz.com)"
45.117.177.72 - - [08/Sep/2025:05:28:57 +0700] "POST /wp-cron.php?doing_wp_cron=1757284137.0328440666198730468750 HTTP/1.0" 200 416 "-" "WordPress/6.8.1; https://vattusacky.vn"
20.171.207.205 - - [08/Sep/2025:05:28:55 +0700] "GET /?p=8233 HTTP/1.0" 301 498 "-" "Mozilla/5.0 AppleWebKit/537.36 (KHTML, like Gecko; compatible; GPTBot/1.2; +https://openai.com/gptbot)"
20.171.207.205 - - [08/Sep/2025:05:28:57 +0700] "GET /side-splitting-omegle-chat-fails-and-funny-situations/ HTTP/1.0" 200 91098 "-" "Mozilla/5.0 AppleWebKit/537.36 (KHTML, like Gecko; compatible; GPTBot/1.2; +https://openai.com/gptbot)"
45.117.177.72 - - [08/Sep/2025:05:29:20 +0700] "POST /wp-cron.php?doing_wp_cron=1757284159.9183239936828613281250 HTTP/1.0" 200 416 "-" "WordPress/6.8.1; https://vattusacky.vn"
85.208.96.196 - - [08/Sep/2025:05:29:18 +0700] "GET /what-age-can-dogs-start-seresto-collar/ HTTP/1.0" 200 74834 "-" "Mozilla/5.0 (compatible; SemrushBot/7~bl; +http://www.semrush.com/bot.html)"
20.171.207.205 - - [08/Sep/2025:05:29:22 +0700] "GET /?p=7705 HTTP/1.0" 301 498 "-" "Mozilla/5.0 AppleWebKit/537.36 (KHTML, like Gecko; compatible; GPTBot/1.2; +https://openai.com/gptbot)"
20.171.207.205 - - [08/Sep/2025:05:29:23 +0700] "GET /omegle-success-stories-how-the-platform-changed-lives/ HTTP/1.0" 200 90451 "-" "Mozilla/5.0 AppleWebKit/537.36 (KHTML, like Gecko; compatible; GPTBot/1.2; +https://openai.com/gptbot)"
20.171.207.205 - - [08/Sep/2025:05:29:46 +0700] "GET /?p=8200 HTTP/1.0" 301 654 "-" "Mozilla/5.0 AppleWebKit/537.36 (KHTML, like Gecko; compatible; GPTBot/1.2; +https://openai.com/gptbot)"
20.171.207.205 - - [08/Sep/2025:05:29:48 +0700] "GET /serendipity-as-a-catalyst-for-creativity-and-inspiration-online/ HTTP/1.0" 200 91017 "-" "Mozilla/5.0 AppleWebKit/537.36 (KHTML, like Gecko; compatible; GPTBot/1.2; +https://openai.com/gptbot)"
45.117.177.72 - - [08/Sep/2025:05:31:48 +0700] "POST /wp-cron.php?doing_wp_cron=1757284308.4413950443267822265625 HTTP/1.0" 200 416 "-" "WordPress/6.8.1; https://vattusacky.vn"
185.191.171.5 - - [08/Sep/2025:05:31:47 +0700] "GET /22-wager-64/ HTTP/1.0" 200 232556 "-" "Mozilla/5.0 (compatible; SemrushBot/7~bl; +http://www.semrush.com/bot.html)"
20.171.207.205 - - [08/Sep/2025:05:31:48 +0700] "GET /?p=8502 HTTP/1.0" 301 509 "-" "Mozilla/5.0 AppleWebKit/537.36 (KHTML, like Gecko; compatible; GPTBot/1.2; +https://openai.com/gptbot)"
20.171.207.205 - - [08/Sep/2025:05:31:49 +0700] "GET /the-hidden-dangers-of-omegle-revealed-ensuring-online-protection/ HTTP/1.0" 200 92063 "-" "Mozilla/5.0 AppleWebKit/537.36 (KHTML, like Gecko; compatible; GPTBot/1.2; +https://openai.com/gptbot)"
45.117.177.72 - - [08/Sep/2025:05:32:29 +0700] "POST /wp-cron.php?doing_wp_cron=1757284349.7310259342193603515625 HTTP/1.0" 200 416 "-" "WordPress/6.8.1; https://vattusacky.vn"
20.171.207.205 - - [08/Sep/2025:05:32:28 +0700] "GET /?p=7949 HTTP/1.0" 301 502 "-" "Mozilla/5.0 AppleWebKit/537.36 (KHTML, like Gecko; compatible; GPTBot/1.2; +https://openai.com/gptbot)"
20.171.207.205 - - [08/Sep/2025:05:32:30 +0700] "GET /omegles-role-in-exploring-sexual-orientation-and-identity/ HTTP/1.0" 200 91382 "-" "Mozilla/5.0 AppleWebKit/537.36 (KHTML, like Gecko; compatible; GPTBot/1.2; +https://openai.com/gptbot)"
45.117.177.72 - - [08/Sep/2025:05:33:23 +0700] "POST /wp-cron.php?doing_wp_cron=1757284402.7586889266967773437500 HTTP/1.0" 200 416 "-" "WordPress/6.8.1; https://vattusacky.vn"
20.171.207.205 - - [08/Sep/2025:05:33:21 +0700] "GET /omegle-tales-an-insiders-account-of-anonymous-connections/ HTTP/1.0" 200 91673 "-" "Mozilla/5.0 AppleWebKit/537.36 (KHTML, like Gecko; compatible; GPTBot/1.2; +https://openai.com/gptbot)"
20.171.207.205 - - [08/Sep/2025:05:33:42 +0700] "GET /?p=7469 HTTP/1.0" 301 510 "-" "Mozilla/5.0 AppleWebKit/537.36 (KHTML, like Gecko; compatible; GPTBot/1.2; +https://openai.com/gptbot)"
20.171.207.205 - - [08/Sep/2025:05:33:43 +0700] "GET /omegle-and-online-harassment-recognizing-and-addressing-the-issue/ HTTP/1.0" 200 90869 "-" "Mozilla/5.0 AppleWebKit/537.36 (KHTML, like Gecko; compatible; GPTBot/1.2; +https://openai.com/gptbot)"
20.171.207.205 - - [08/Sep/2025:05:34:15 +0700] "GET /omegle-and-time-management-setting-boundaries-for-chatting/ HTTP/1.0" 200 92065 "-" "Mozilla/5.0 AppleWebKit/537.36 (KHTML, like Gecko; compatible; GPTBot/1.2; +https://openai.com/gptbot)"
45.117.177.72 - - [08/Sep/2025:05:34:44 +0700] "POST /wp-cron.php?doing_wp_cron=1757284484.2329249382019042968750 HTTP/1.0" 200 416 "-" "WordPress/6.8.1; https://vattusacky.vn"
20.171.207.205 - - [08/Sep/2025:05:34:42 +0700] "GET /the-interplay-between-chance-and-choice-in-omegles-cosmic-connections/ HTTP/1.0" 200 91114 "-" "Mozilla/5.0 AppleWebKit/537.36 (KHTML, like Gecko; compatible; GPTBot/1.2; +https://openai.com/gptbot)"
45.117.177.72 - - [08/Sep/2025:05:35:30 +0700] "POST /wp-cron.php?doing_wp_cron=1757284530.0570800304412841796875 HTTP/1.0" 200 416 "-" "WordPress/6.8.1; https://vattusacky.vn"
20.171.207.205 - - [08/Sep/2025:05:35:28 +0700] "GET /unmasking-omegle-an-inside-look-into-anonymous-adventures/ HTTP/1.0" 200 90720 "-" "Mozilla/5.0 AppleWebKit/537.36 (KHTML, like Gecko; compatible; GPTBot/1.2; +https://openai.com/gptbot)"
20.171.207.205 - - [08/Sep/2025:05:35:59 +0700] "GET /omegles-link-to-internet-addiction-understanding-the-risks/ HTTP/1.0" 200 92122 "-" "Mozilla/5.0 AppleWebKit/537.36 (KHTML, like Gecko; compatible; GPTBot/1.2; +https://openai.com/gptbot)"
20.171.207.205 - - [08/Sep/2025:05:36:08 +0700] "GET /lessons-learned-from-serendipitous-encounters-on-omegle-and-ometv/ HTTP/1.0" 200 93004 "-" "Mozilla/5.0 AppleWebKit/537.36 (KHTML, like Gecko; compatible; GPTBot/1.2; +https://openai.com/gptbot)"
45.117.177.72 - - [08/Sep/2025:05:36:56 +0700] "POST /wp-cron.php?doing_wp_cron=1757284616.1376209259033203125000 HTTP/1.0" 200 416 "-" "WordPress/6.8.1; https://vattusacky.vn"
20.171.207.205 - - [08/Sep/2025:05:36:54 +0700] "GET /omegles-role-in-connecting-strangers-with-shared-interests/ HTTP/1.0" 200 89886 "-" "Mozilla/5.0 AppleWebKit/537.36 (KHTML, like Gecko; compatible; GPTBot/1.2; +https://openai.com/gptbot)"
45.117.177.72 - - [08/Sep/2025:05:38:20 +0700] "POST /wp-cron.php?doing_wp_cron=1757284700.5549120903015136718750 HTTP/1.0" 200 416 "-" "WordPress/6.8.1; https://vattusacky.vn"
20.171.207.205 - - [08/Sep/2025:05:38:19 +0700] "GET /?p=7545 HTTP/1.0" 301 503 "-" "Mozilla/5.0 AppleWebKit/537.36 (KHTML, like Gecko; compatible; GPTBot/1.2; +https://openai.com/gptbot)"
20.171.207.205 - - [08/Sep/2025:05:38:20 +0700] "GET /omegle-and-time-management-setting-boundaries-for-chatting/ HTTP/1.0" 200 92065 "-" "Mozilla/5.0 AppleWebKit/537.36 (KHTML, like Gecko; compatible; GPTBot/1.2; +https://openai.com/gptbot)"
216.73.216.162 - - [08/Sep/2025:05:39:04 +0700] "GET /robots.txt HTTP/1.0" 200 984 "-" "Mozilla/5.0 AppleWebKit/537.36 (KHTML, like Gecko; compatible; ClaudeBot/1.0; +claudebot@anthropic.com)"
216.73.216.162 - - [08/Sep/2025:05:39:06 +0700] "GET /sitemap_index.xml HTTP/1.0" 200 2280 "-" "Mozilla/5.0 AppleWebKit/537.36 (KHTML, like Gecko; compatible; ClaudeBot/1.0; +claudebot@anthropic.com)"
20.171.207.205 - - [08/Sep/2025:05:39:10 +0700] "GET /?p=8637 HTTP/1.0" 301 514 "-" "Mozilla/5.0 AppleWebKit/537.36 (KHTML, like Gecko; compatible; GPTBot/1.2; +https://openai.com/gptbot)"
20.171.207.205 - - [08/Sep/2025:05:39:11 +0700] "GET /the-interplay-between-chance-and-choice-in-omegles-cosmic-connections/ HTTP/1.0" 200 91114 "-" "Mozilla/5.0 AppleWebKit/537.36 (KHTML, like Gecko; compatible; GPTBot/1.2; +https://openai.com/gptbot)"
45.117.177.72 - - [08/Sep/2025:05:39:40 +0700] "POST /wp-cron.php?doing_wp_cron=1757284780.0632638931274414062500 HTTP/1.0" 200 416 "-" "WordPress/6.8.1; https://vattusacky.vn"
20.171.207.205 - - [08/Sep/2025:05:39:38 +0700] "GET /text-based-chats-connecting-with-strangers-through-messages/ HTTP/1.0" 200 91152 "-" "Mozilla/5.0 AppleWebKit/537.36 (KHTML, like Gecko; compatible; GPTBot/1.2; +https://openai.com/gptbot)"
20.171.207.205 - - [08/Sep/2025:05:39:52 +0700] "GET /tips-and-strategies-for-finding-meaningful-connections-on-omegle/ HTTP/1.0" 200 91261 "-" "Mozilla/5.0 AppleWebKit/537.36 (KHTML, like Gecko; compatible; GPTBot/1.2; +https://openai.com/gptbot)"
20.171.207.205 - - [08/Sep/2025:05:40:13 +0700] "GET /the-role-of-emotional-intelligence-in-omegles-social-experiment/ HTTP/1.0" 200 93907 "-" "Mozilla/5.0 AppleWebKit/537.36 (KHTML, like Gecko; compatible; GPTBot/1.2; +https://openai.com/gptbot)"
45.117.177.72 - - [08/Sep/2025:05:40:35 +0700] "POST /wp-cron.php?doing_wp_cron=1757284835.0859789848327636718750 HTTP/1.0" 200 416 "-" "WordPress/6.8.1; https://vattusacky.vn"
20.171.207.205 - - [08/Sep/2025:05:40:33 +0700] "GET /personal-stories-and-experiences-a-glimpse-into-omegle-addiction/ HTTP/1.0" 200 92360 "-" "Mozilla/5.0 AppleWebKit/537.36 (KHTML, like Gecko; compatible; GPTBot/1.2; +https://openai.com/gptbot)"
20.171.207.205 - - [08/Sep/2025:05:40:54 +0700] "GET /?p=7900 HTTP/1.0" 301 503 "-" "Mozilla/5.0 AppleWebKit/537.36 (KHTML, like Gecko; compatible; GPTBot/1.2; +https://openai.com/gptbot)"
20.171.207.205 - - [08/Sep/2025:05:40:55 +0700] "GET /omegles-link-to-internet-addiction-understanding-the-risks/ HTTP/1.0" 200 92122 "-" "Mozilla/5.0 AppleWebKit/537.36 (KHTML, like Gecko; compatible; GPTBot/1.2; +https://openai.com/gptbot)"
45.117.177.72 - - [08/Sep/2025:05:41:45 +0700] "POST /wp-cron.php?doing_wp_cron=1757284905.1954300403594970703125 HTTP/1.0" 200 416 "-" "WordPress/6.8.1; https://vattusacky.vn"
20.171.207.205 - - [08/Sep/2025:05:41:43 +0700] "GET /omegles-influence-on-online-social-interactions-among-youth/ HTTP/1.0" 200 91398 "-" "Mozilla/5.0 AppleWebKit/537.36 (KHTML, like Gecko; compatible; GPTBot/1.2; +https://openai.com/gptbot)"
20.171.207.205 - - [08/Sep/2025:05:41:55 +0700] "GET /omegles-influence-on-the-development-of-online-communities/ HTTP/1.0" 200 92089 "-" "Mozilla/5.0 AppleWebKit/537.36 (KHTML, like Gecko; compatible; GPTBot/1.2; +https://openai.com/gptbot)"
20.171.207.205 - - [08/Sep/2025:05:42:06 +0700] "GET /?p=9129 HTTP/1.0" 301 502 "-" "Mozilla/5.0 AppleWebKit/537.36 (KHTML, like Gecko; compatible; GPTBot/1.2; +https://openai.com/gptbot)"
20.171.207.205 - - [08/Sep/2025:05:42:07 +0700] "GET /unmasking-omegle-an-inside-look-into-anonymous-adventures/ HTTP/1.0" 200 90574 "-" "Mozilla/5.0 AppleWebKit/537.36 (KHTML, like Gecko; compatible; GPTBot/1.2; +https://openai.com/gptbot)"
45.117.177.72 - - [08/Sep/2025:05:42:43 +0700] "POST /wp-cron.php?doing_wp_cron=1757284963.2196340560913085937500 HTTP/1.0" 200 416 "-" "WordPress/6.8.1; https://vattusacky.vn"
185.191.171.10 - - [08/Sep/2025:05:42:41 +0700] "GET /robots.txt HTTP/1.0" 200 984 "-" "Mozilla/5.0 (compatible; SemrushBot/7~bl; +http://www.semrush.com/bot.html)"
185.191.171.10 - - [08/Sep/2025:05:42:44 +0700] "GET /category/uncategorized/page/87/ HTTP/1.0" 200 77008 "-" "Mozilla/5.0 (compatible; SemrushBot/7~bl; +http://www.semrush.com/bot.html)"
20.171.207.205 - - [08/Sep/2025:05:42:59 +0700] "GET /?p=7707 HTTP/1.0" 301 502 "-" "Mozilla/5.0 AppleWebKit/537.36 (KHTML, like Gecko; compatible; GPTBot/1.2; +https://openai.com/gptbot)"
20.171.207.205 - - [08/Sep/2025:05:43:01 +0700] "GET /omegle-tales-an-insiders-account-of-anonymous-connections/ HTTP/1.0" 200 91673 "-" "Mozilla/5.0 AppleWebKit/537.36 (KHTML, like Gecko; compatible; GPTBot/1.2; +https://openai.com/gptbot)"
45.117.177.72 - - [08/Sep/2025:05:43:31 +0700] "POST /wp-cron.php?doing_wp_cron=1757285011.2405788898468017578125 HTTP/1.0" 200 416 "-" "WordPress/6.8.1; https://vattusacky.vn"
20.171.207.205 - - [08/Sep/2025:05:43:30 +0700] "GET /?p=7943 HTTP/1.0" 301 503 "-" "Mozilla/5.0 AppleWebKit/537.36 (KHTML, like Gecko; compatible; GPTBot/1.2; +https://openai.com/gptbot)"
20.171.207.205 - - [08/Sep/2025:05:43:31 +0700] "GET /omegles-role-in-connecting-strangers-with-shared-interests/ HTTP/1.0" 200 89886 "-" "Mozilla/5.0 AppleWebKit/537.36 (KHTML, like Gecko; compatible; GPTBot/1.2; +https://openai.com/gptbot)"
20.171.207.205 - - [08/Sep/2025:05:44:06 +0700] "GET /?p=8844 HTTP/1.0" 301 508 "-" "Mozilla/5.0 AppleWebKit/537.36 (KHTML, like Gecko; compatible; GPTBot/1.2; +https://openai.com/gptbot)"
20.171.207.205 - - [08/Sep/2025:05:44:07 +0700] "GET /the-role-of-emotional-intelligence-in-omegles-social-experiment/ HTTP/1.0" 200 93907 "-" "Mozilla/5.0 AppleWebKit/537.36 (KHTML, like Gecko; compatible; GPTBot/1.2; +https://openai.com/gptbot)"
45.117.177.72 - - [08/Sep/2025:05:44:53 +0700] "POST /wp-cron.php?doing_wp_cron=1757285093.6636149883270263671875 HTTP/1.0" 200 416 "-" "WordPress/6.8.1; https://vattusacky.vn"
20.171.207.205 - - [08/Sep/2025:05:44:52 +0700] "GET /omegles-influence-on-online-gaming-and-virtual-communities/ HTTP/1.0" 200 90329 "-" "Mozilla/5.0 AppleWebKit/537.36 (KHTML, like Gecko; compatible; GPTBot/1.2; +https://openai.com/gptbot)"
45.117.177.72 - - [08/Sep/2025:05:45:32 +0700] "POST /wp-cron.php?doing_wp_cron=1757285131.9485599994659423828125 HTTP/1.0" 200 416 "-" "WordPress/6.8.1; https://vattusacky.vn"
20.171.207.205 - - [08/Sep/2025:05:45:30 +0700] "GET /?p=9010 HTTP/1.0" 301 509 "-" "Mozilla/5.0 AppleWebKit/537.36 (KHTML, like Gecko; compatible; GPTBot/1.2; +https://openai.com/gptbot)"
20.171.207.205 - - [08/Sep/2025:05:45:32 +0700] "GET /tips-and-strategies-for-finding-meaningful-connections-on-omegle/ HTTP/1.0" 200 91261 "-" "Mozilla/5.0 AppleWebKit/537.36 (KHTML, like Gecko; compatible; GPTBot/1.2; +https://openai.com/gptbot)"
185.191.171.8 - - [08/Sep/2025:05:46:03 +0700] "GET /cultivating-empathy-and-understanding-in-anonymous-omegle-conversations/ HTTP/1.0" 200 92505 "-" "Mozilla/5.0 (compatible; SemrushBot/7~bl; +http://www.semrush.com/bot.html)"
20.171.207.205 - - [08/Sep/2025:05:46:12 +0700] "GET /?p=7889 HTTP/1.0" 301 649 "-" "Mozilla/5.0 AppleWebKit/537.36 (KHTML, like Gecko; compatible; GPTBot/1.2; +https://openai.com/gptbot)"
20.171.207.205 - - [08/Sep/2025:05:46:14 +0700] "GET /omegles-influence-on-the-development-of-online-communities/ HTTP/1.0" 200 92089 "-" "Mozilla/5.0 AppleWebKit/537.36 (KHTML, like Gecko; compatible; GPTBot/1.2; +https://openai.com/gptbot)"
45.117.177.72 - - [08/Sep/2025:05:46:55 +0700] "POST /wp-cron.php?doing_wp_cron=1757285215.1024880409240722656250 HTTP/1.0" 200 416 "-" "WordPress/6.8.1; https://vattusacky.vn"
20.171.207.205 - - [08/Sep/2025:05:46:53 +0700] "GET /?p=7879 HTTP/1.0" 301 504 "-" "Mozilla/5.0 AppleWebKit/537.36 (KHTML, like Gecko; compatible; GPTBot/1.2; +https://openai.com/gptbot)"
20.171.207.205 - - [08/Sep/2025:05:46:55 +0700] "GET /omegles-influence-on-online-social-interactions-among-youth/ HTTP/1.0" 200 91398 "-" "Mozilla/5.0 AppleWebKit/537.36 (KHTML, like Gecko; compatible; GPTBot/1.2; +https://openai.com/gptbot)"
45.117.177.72 - - [08/Sep/2025:05:47:38 +0700] "POST /wp-cron.php?doing_wp_cron=1757285257.9602301120758056640625 HTTP/1.0" 200 416 "-" "WordPress/6.8.1; https://vattusacky.vn"
20.171.207.205 - - [08/Sep/2025:05:47:36 +0700] "GET /?p=8293 HTTP/1.0" 301 504 "-" "Mozilla/5.0 AppleWebKit/537.36 (KHTML, like Gecko; compatible; GPTBot/1.2; +https://openai.com/gptbot)"
20.171.207.205 - - [08/Sep/2025:05:47:38 +0700] "GET /text-based-chats-connecting-with-strangers-through-messages/ HTTP/1.0" 200 91152 "-" "Mozilla/5.0 AppleWebKit/537.36 (KHTML, like Gecko; compatible; GPTBot/1.2; +https://openai.com/gptbot)"
20.171.207.205 - - [08/Sep/2025:05:48:23 +0700] "GET /tales-of-unexpected-encounters-on-chatroulette-and-omegle/ HTTP/1.0" 200 92435 "-" "Mozilla/5.0 AppleWebKit/537.36 (KHTML, like Gecko; compatible; GPTBot/1.2; +https://openai.com/gptbot)"
20.171.207.205 - - [08/Sep/2025:05:49:00 +0700] "GET /?p=8070 HTTP/1.0" 301 509 "-" "Mozilla/5.0 AppleWebKit/537.36 (KHTML, like Gecko; compatible; GPTBot/1.2; +https://openai.com/gptbot)"
20.171.207.205 - - [08/Sep/2025:05:49:01 +0700] "GET /personal-stories-and-experiences-a-glimpse-into-omegle-addiction/ HTTP/1.0" 200 92214 "-" "Mozilla/5.0 AppleWebKit/537.36 (KHTML, like Gecko; compatible; GPTBot/1.2; +https://openai.com/gptbot)"
45.117.177.72 - - [08/Sep/2025:05:49:40 +0700] "POST /wp-cron.php?doing_wp_cron=1757285380.0231590270996093750000 HTTP/1.0" 200 416 "-" "WordPress/6.8.1; https://vattusacky.vn"
20.171.207.205 - - [08/Sep/2025:05:49:38 +0700] "GET /?p=7170 HTTP/1.0" 301 510 "-" "Mozilla/5.0 AppleWebKit/537.36 (KHTML, like Gecko; compatible; GPTBot/1.2; +https://openai.com/gptbot)"
20.171.207.205 - - [08/Sep/2025:05:49:40 +0700] "GET /lessons-learned-from-serendipitous-encounters-on-omegle-and-ometv/ HTTP/1.0" 200 93004 "-" "Mozilla/5.0 AppleWebKit/537.36 (KHTML, like Gecko; compatible; GPTBot/1.2; +https://openai.com/gptbot)"
20.171.207.205 - - [08/Sep/2025:05:50:09 +0700] "GET /omegles-influence-on-modern-communication-relevance-in-the-digital-age/ HTTP/1.0" 200 92461 "-" "Mozilla/5.0 AppleWebKit/537.36 (KHTML, like Gecko; compatible; GPTBot/1.2; +https://openai.com/gptbot)"
45.117.177.72 - - [08/Sep/2025:05:50:27 +0700] "POST /wp-cron.php?doing_wp_cron=1757285427.4352600574493408203125 HTTP/1.0" 200 416 "-" "WordPress/6.8.1; https://vattusacky.vn"
20.171.207.205 - - [08/Sep/2025:05:50:26 +0700] "GET /the-psychology-of-online-connections-insights-from-omegle/ HTTP/1.0" 200 92310 "-" "Mozilla/5.0 AppleWebKit/537.36 (KHTML, like Gecko; compatible; GPTBot/1.2; +https://openai.com/gptbot)"
95.108.213.157 - - [08/Sep/2025:05:50:31 +0700] "GET /gay-kopija-10-kopija-kopija-kopija-kopija-kopija-2/ HTTP/1.0" 200 74068 "-" "Mozilla/5.0 (compatible; YandexBot/3.0; +http://yandex.com/bots)"
20.171.207.205 - - [08/Sep/2025:05:50:52 +0700] "GET /the-importance-of-active-engagement-in-omegles-social-experiment/ HTTP/1.0" 200 91287 "-" "Mozilla/5.0 AppleWebKit/537.36 (KHTML, like Gecko; compatible; GPTBot/1.2; +https://openai.com/gptbot)"
20.171.207.205 - - [08/Sep/2025:05:51:03 +0700] "GET /?p=7878 HTTP/1.0" 301 503 "-" "Mozilla/5.0 AppleWebKit/537.36 (KHTML, like Gecko; compatible; GPTBot/1.2; +https://openai.com/gptbot)"
20.171.207.205 - - [08/Sep/2025:05:51:05 +0700] "GET /omegles-influence-on-online-gaming-and-virtual-communities/ HTTP/1.0" 200 90329 "-" "Mozilla/5.0 AppleWebKit/537.36 (KHTML, like Gecko; compatible; GPTBot/1.2; +https://openai.com/gptbot)"
45.117.177.72 - - [08/Sep/2025:05:51:33 +0700] "POST /wp-cron.php?doing_wp_cron=1757285493.6836900711059570312500 HTTP/1.0" 200 416 "-" "WordPress/6.8.1; https://vattusacky.vn"
85.208.96.204 - - [08/Sep/2025:05:51:32 +0700] "GET /embracing-fate-the-power-of-random-connections-on-omegle/ HTTP/1.0" 200 92257 "-" "Mozilla/5.0 (compatible; SemrushBot/7~bl; +http://www.semrush.com/bot.html)"
20.171.207.205 - - [08/Sep/2025:05:51:32 +0700] "GET /the-psychology-of-attraction-in-omegles-cosmic-connections/ HTTP/1.0" 200 74853 "-" "Mozilla/5.0 AppleWebKit/537.36 (KHTML, like Gecko; compatible; GPTBot/1.2; +https://openai.com/gptbot)"
20.171.207.205 - - [08/Sep/2025:05:52:00 +0700] "GET /omegles-role-in-challenging-societal-norms-and-expectations/ HTTP/1.0" 200 89954 "-" "Mozilla/5.0 AppleWebKit/537.36 (KHTML, like Gecko; compatible; GPTBot/1.2; +https://openai.com/gptbot)"
45.117.177.72 - - [08/Sep/2025:05:52:28 +0700] "POST /wp-cron.php?doing_wp_cron=1757285547.8094410896301269531250 HTTP/1.0" 200 416 "-" "WordPress/6.8.1; https://vattusacky.vn"
20.171.207.205 - - [08/Sep/2025:05:52:26 +0700] "GET /omegle-etiquette-navigating-the-unwritten-rules-of-chatting/ HTTP/1.0" 200 90678 "-" "Mozilla/5.0 AppleWebKit/537.36 (KHTML, like Gecko; compatible; GPTBot/1.2; +https://openai.com/gptbot)"
20.171.207.205 - - [08/Sep/2025:05:52:53 +0700] "GET /the-intricacies-of-omegle-decoding-its-irresistible-charm/ HTTP/1.0" 200 90017 "-" "Mozilla/5.0 AppleWebKit/537.36 (KHTML, like Gecko; compatible; GPTBot/1.2; +https://openai.com/gptbot)"
45.117.177.72 - - [08/Sep/2025:05:53:17 +0700] "POST /wp-cron.php?doing_wp_cron=1757285597.5521790981292724609375 HTTP/1.0" 200 416 "-" "WordPress/6.8.1; https://vattusacky.vn"
20.171.207.205 - - [08/Sep/2025:05:53:16 +0700] "GET /serendipity-or-danger-navigating-the-risks-of-online-interactions/ HTTP/1.0" 200 91238 "-" "Mozilla/5.0 AppleWebKit/537.36 (KHTML, like Gecko; compatible; GPTBot/1.2; +https://openai.com/gptbot)"
20.171.207.205 - - [08/Sep/2025:05:53:27 +0700] "GET /omegle-art-chat-discussing-and-sharing-artistic-creations/ HTTP/1.0" 200 90932 "-" "Mozilla/5.0 AppleWebKit/537.36 (KHTML, like Gecko; compatible; GPTBot/1.2; +https://openai.com/gptbot)"
69.171.231.113 - - [08/Sep/2025:05:54:09 +0700] "GET /robots.txt HTTP/1.0" 200 984 "-" "facebookexternalhit/1.1 (+http://www.facebook.com/externalhit_uatext.php)"
45.117.177.72 - - [08/Sep/2025:05:54:49 +0700] "POST /wp-cron.php?doing_wp_cron=1757285689.6724720001220703125000 HTTP/1.0" 200 416 "-" "WordPress/6.8.1; https://vattusacky.vn"
20.171.207.205 - - [08/Sep/2025:05:54:48 +0700] "GET /?p=8287 HTTP/1.0" 301 502 "-" "Mozilla/5.0 AppleWebKit/537.36 (KHTML, like Gecko; compatible; GPTBot/1.2; +https://openai.com/gptbot)"
20.171.207.205 - - [08/Sep/2025:05:54:50 +0700] "GET /tales-of-unexpected-encounters-on-chatroulette-and-omegle/ HTTP/1.0" 200 92435 "-" "Mozilla/5.0 AppleWebKit/537.36 (KHTML, like Gecko; compatible; GPTBot/1.2; +https://openai.com/gptbot)"
52.0.41.164 - - [08/Sep/2025:05:54:51 +0700] "GET /just-what-sugar-layout/ HTTP/1.0" 200 207880 "-" "Mozilla/5.0 AppleWebKit/537.36 (KHTML, like Gecko; compatible; Amazonbot/0.1; +https://developer.amazon.com/support/amazonbot) Chrome/119.0.6045.214 Safari/537.36"
45.117.177.72 - - [08/Sep/2025:05:55:52 +0700] "POST /wp-cron.php?doing_wp_cron=1757285752.2053930759429931640625 HTTP/1.0" 200 416 "-" "WordPress/6.8.1; https://vattusacky.vn"
20.171.207.205 - - [08/Sep/2025:05:55:50 +0700] "GET /?p=7874 HTTP/1.0" 301 515 "-" "Mozilla/5.0 AppleWebKit/537.36 (KHTML, like Gecko; compatible; GPTBot/1.2; +https://openai.com/gptbot)"
20.171.207.205 - - [08/Sep/2025:05:55:52 +0700] "GET /omegles-influence-on-modern-communication-relevance-in-the-digital-age/ HTTP/1.0" 200 92461 "-" "Mozilla/5.0 AppleWebKit/537.36 (KHTML, like Gecko; compatible; GPTBot/1.2; +https://openai.com/gptbot)"
45.117.177.72 - - [08/Sep/2025:05:56:48 +0700] "POST /wp-cron.php?doing_wp_cron=1757285808.2662920951843261718750 HTTP/1.0" 200 416 "-" "WordPress/6.8.1; https://vattusacky.vn"
20.171.207.205 - - [08/Sep/2025:05:56:47 +0700] "GET /?p=8208 HTTP/1.0" 301 656 "-" "Mozilla/5.0 AppleWebKit/537.36 (KHTML, like Gecko; compatible; GPTBot/1.2; +https://openai.com/gptbot)"
20.171.207.205 - - [08/Sep/2025:05:56:48 +0700] "GET /serendipity-or-danger-navigating-the-risks-of-online-interactions/ HTTP/1.0" 200 91238 "-" "Mozilla/5.0 AppleWebKit/537.36 (KHTML, like Gecko; compatible; GPTBot/1.2; +https://openai.com/gptbot)"
20.171.207.205 - - [08/Sep/2025:05:57:14 +0700] "GET /?p=8592 HTTP/1.0" 301 509 "-" "Mozilla/5.0 AppleWebKit/537.36 (KHTML, like Gecko; compatible; GPTBot/1.2; +https://openai.com/gptbot)"
45.117.177.72 - - [08/Sep/2025:05:57:17 +0700] "POST /wp-cron.php?doing_wp_cron=1757285837.2592699527740478515625 HTTP/1.0" 200 416 "-" "WordPress/6.8.1; https://vattusacky.vn"
20.171.207.205 - - [08/Sep/2025:05:57:16 +0700] "GET /the-importance-of-active-engagement-in-omegles-social-experiment/ HTTP/1.0" 200 91287 "-" "Mozilla/5.0 AppleWebKit/537.36 (KHTML, like Gecko; compatible; GPTBot/1.2; +https://openai.com/gptbot)"
20.171.207.205 - - [08/Sep/2025:05:57:41 +0700] "GET /meeting-strangers-exciting-adventures-on-omegle-and-ometv/ HTTP/1.0" 200 92193 "-" "Mozilla/5.0 AppleWebKit/537.36 (KHTML, like Gecko; compatible; GPTBot/1.2; +https://openai.com/gptbot)"
20.171.207.205 - - [08/Sep/2025:05:58:10 +0700] "GET /?p=8640 HTTP/1.0" 301 502 "-" "Mozilla/5.0 AppleWebKit/537.36 (KHTML, like Gecko; compatible; GPTBot/1.2; +https://openai.com/gptbot)"
20.171.207.205 - - [08/Sep/2025:05:58:12 +0700] "GET /the-intricacies-of-omegle-decoding-its-irresistible-charm/ HTTP/1.0" 200 90017 "-" "Mozilla/5.0 AppleWebKit/537.36 (KHTML, like Gecko; compatible; GPTBot/1.2; +https://openai.com/gptbot)"
45.117.177.72 - - [08/Sep/2025:05:58:30 +0700] "POST /wp-cron.php?doing_wp_cron=1757285910.5277409553527832031250 HTTP/1.0" 200 416 "-" "WordPress/6.8.1; https://vattusacky.vn"
20.171.207.205 - - [08/Sep/2025:05:58:29 +0700] "GET /the-impact-of-online-friendships-on-offline-relationships/ HTTP/1.0" 200 93763 "-" "Mozilla/5.0 AppleWebKit/537.36 (KHTML, like Gecko; compatible; GPTBot/1.2; +https://openai.com/gptbot)"
20.171.207.205 - - [08/Sep/2025:05:58:47 +0700] "GET /?p=8766 HTTP/1.0" 301 502 "-" "Mozilla/5.0 AppleWebKit/537.36 (KHTML, like Gecko; compatible; GPTBot/1.2; +https://openai.com/gptbot)"
20.171.207.205 - - [08/Sep/2025:05:58:49 +0700] "GET /the-psychology-of-online-connections-insights-from-omegle/ HTTP/1.0" 200 92310 "-" "Mozilla/5.0 AppleWebKit/537.36 (KHTML, like Gecko; compatible; GPTBot/1.2; +https://openai.com/gptbot)"
20.171.207.205 - - [08/Sep/2025:05:59:06 +0700] "GET /?p=7554 HTTP/1.0" 301 502 "-" "Mozilla/5.0 AppleWebKit/537.36 (KHTML, like Gecko; compatible; GPTBot/1.2; +https://openai.com/gptbot)"
20.171.207.205 - - [08/Sep/2025:05:59:07 +0700] "GET /omegle-art-chat-discussing-and-sharing-artistic-creations/ HTTP/1.0" 200 90932 "-" "Mozilla/5.0 AppleWebKit/537.36 (KHTML, like Gecko; compatible; GPTBot/1.2; +https://openai.com/gptbot)"
45.117.177.72 - - [08/Sep/2025:05:59:35 +0700] "POST /wp-cron.php?doing_wp_cron=1757285974.8325469493865966796875 HTTP/1.0" 200 416 "-" "WordPress/6.8.1; https://vattusacky.vn"
20.171.207.205 - - [08/Sep/2025:05:59:33 +0700] "GET /?p=7614 HTTP/1.0" 301 504 "-" "Mozilla/5.0 AppleWebKit/537.36 (KHTML, like Gecko; compatible; GPTBot/1.2; +https://openai.com/gptbot)"
20.171.207.205 - - [08/Sep/2025:05:59:35 +0700] "GET /omegle-etiquette-navigating-the-unwritten-rules-of-chatting/ HTTP/1.0" 200 90678 "-" "Mozilla/5.0 AppleWebKit/537.36 (KHTML, like Gecko; compatible; GPTBot/1.2; +https://openai.com/gptbot)"
20.171.207.205 - - [08/Sep/2025:05:59:44 +0700] "GET /?p=8757 HTTP/1.0" 301 503 "-" "Mozilla/5.0 AppleWebKit/537.36 (KHTML, like Gecko; compatible; GPTBot/1.2; +https://openai.com/gptbot)"
20.171.207.205 - - [08/Sep/2025:05:59:46 +0700] "GET /the-psychology-of-attraction-in-omegles-cosmic-connections/ HTTP/1.0" 200 74707 "-" "Mozilla/5.0 AppleWebKit/537.36 (KHTML, like Gecko; compatible; GPTBot/1.2; +https://openai.com/gptbot)"
45.117.177.72 - - [08/Sep/2025:06:00:35 +0700] "POST /wp-cron.php?doing_wp_cron=1757286035.4264409542083740234375 HTTP/1.0" 200 416 "-" "WordPress/6.8.1; https://vattusacky.vn"
20.171.207.205 - - [08/Sep/2025:06:00:34 +0700] "GET /?p=7930 HTTP/1.0" 301 504 "-" "Mozilla/5.0 AppleWebKit/537.36 (KHTML, like Gecko; compatible; GPTBot/1.2; +https://openai.com/gptbot)"
20.171.207.205 - - [08/Sep/2025:06:00:35 +0700] "GET /omegles-role-in-challenging-societal-norms-and-expectations/ HTTP/1.0" 200 89954 "-" "Mozilla/5.0 AppleWebKit/537.36 (KHTML, like Gecko; compatible; GPTBot/1.2; +https://openai.com/gptbot)"
45.117.177.72 - - [08/Sep/2025:06:01:53 +0700] "POST /wp-cron.php?doing_wp_cron=1757286113.4966230392456054687500 HTTP/1.0" 200 416 "-" "WordPress/6.8.1; https://vattusacky.vn"
20.171.207.205 - - [08/Sep/2025:06:01:52 +0700] "GET /omegles-role-in-challenging-traditional-notions-of-identity/ HTTP/1.0" 200 90625 "-" "Mozilla/5.0 AppleWebKit/537.36 (KHTML, like Gecko; compatible; GPTBot/1.2; +https://openai.com/gptbot)"
45.117.177.72 - - [08/Sep/2025:06:03:51 +0700] "POST /wp-cron.php?doing_wp_cron=1757286231.3490800857543945312500 HTTP/1.0" 200 416 "-" "WordPress/6.8.1; https://vattusacky.vn"
20.171.207.205 - - [08/Sep/2025:06:03:50 +0700] "GET /tales-from-omegle-and-ometv-unforgettable-stories-of-random-encounters/ HTTP/1.0" 200 90873 "-" "Mozilla/5.0 AppleWebKit/537.36 (KHTML, like Gecko; compatible; GPTBot/1.2; +https://openai.com/gptbot)"
45.117.177.72 - - [08/Sep/2025:06:04:21 +0700] "POST /wp-cron.php?doing_wp_cron=1757286261.3725049495697021484375 HTTP/1.0" 200 416 "-" "WordPress/6.8.1; https://vattusacky.vn"
20.171.207.205 - - [08/Sep/2025:06:04:20 +0700] "GET /?p=8562 HTTP/1.0" 301 502 "-" "Mozilla/5.0 AppleWebKit/537.36 (KHTML, like Gecko; compatible; GPTBot/1.2; +https://openai.com/gptbot)"
20.171.207.205 - - [08/Sep/2025:06:04:21 +0700] "GET /the-impact-of-online-friendships-on-offline-relationships/ HTTP/1.0" 200 93763 "-" "Mozilla/5.0 AppleWebKit/537.36 (KHTML, like Gecko; compatible; GPTBot/1.2; +https://openai.com/gptbot)"
85.208.96.197 - - [08/Sep/2025:06:04:49 +0700] "GET /what-responsibilities-does-a-latin-marital-relationship-agency-include/ HTTP/1.0" 200 209222 "-" "Mozilla/5.0 (compatible; SemrushBot/7~bl; +http://www.semrush.com/bot.html)"
20.171.207.205 - - [08/Sep/2025:06:04:50 +0700] "GET /tips-for-making-meaningful-connections-on-omegle/ HTTP/1.0" 200 89528 "-" "Mozilla/5.0 AppleWebKit/537.36 (KHTML, like Gecko; compatible; GPTBot/1.2; +https://openai.com/gptbot)"
45.117.177.72 - - [08/Sep/2025:06:05:21 +0700] "POST /wp-cron.php?doing_wp_cron=1757286321.2014229297637939453125 HTTP/1.0" 200 416 "-" "WordPress/6.8.1; https://vattusacky.vn"
85.208.96.200 - - [08/Sep/2025:06:05:19 +0700] "GET /creating-an-effective-online-dating-services-profile-2/ HTTP/1.0" 200 208667 "-" "Mozilla/5.0 (compatible; SemrushBot/7~bl; +http://www.semrush.com/bot.html)"
45.117.177.72 - - [08/Sep/2025:06:06:36 +0700] "POST /wp-cron.php?doing_wp_cron=1757286396.3552210330963134765625 HTTP/1.0" 200 416 "-" "WordPress/6.8.1; https://vattusacky.vn"
17.241.75.46 - - [08/Sep/2025:06:06:35 +0700] "GET /exploring-the-collaborative-experience-on-omegle-artist-testimonials/ HTTP/1.0" 200 92731 "-" "Mozilla/5.0 (Macintosh; Intel Mac OS X 10_15_7) AppleWebKit/605.1.15 (KHTML, like Gecko) Version/17.4 Safari/605.1.15 (Applebot/0.1; +http://www.apple.com/go/applebot)"
20.171.207.205 - - [08/Sep/2025:06:06:37 +0700] "GET /rahasia-menang-besar-strategi-bermain-slot-gacor/ HTTP/1.0" 200 64960 "-" "Mozilla/5.0 AppleWebKit/537.36 (KHTML, like Gecko; compatible; GPTBot/1.2; +https://openai.com/gptbot)"
20.171.207.205 - - [08/Sep/2025:06:06:47 +0700] "GET /the-power-of-serendipity-on-omegles-cosmic-connections/ HTTP/1.0" 200 90949 "-" "Mozilla/5.0 AppleWebKit/537.36 (KHTML, like Gecko; compatible; GPTBot/1.2; +https://openai.com/gptbot)"
20.171.207.205 - - [08/Sep/2025:06:06:54 +0700] "GET /omegle-and-the-evolution-of-online-communication/ HTTP/1.0" 200 91743 "-" "Mozilla/5.0 AppleWebKit/537.36 (KHTML, like Gecko; compatible; GPTBot/1.2; +https://openai.com/gptbot)"
20.171.207.205 - - [08/Sep/2025:06:06:58 +0700] "GET /the-role-of-vulnerability-in-online-interactions/ HTTP/1.0" 200 88403 "-" "Mozilla/5.0 AppleWebKit/537.36 (KHTML, like Gecko; compatible; GPTBot/1.2; +https://openai.com/gptbot)"
20.171.207.205 - - [08/Sep/2025:06:07:01 +0700] "GET /?p=7210 HTTP/1.0" 301 502 "-" "Mozilla/5.0 AppleWebKit/537.36 (KHTML, like Gecko; compatible; GPTBot/1.2; +https://openai.com/gptbot)"
20.171.207.205 - - [08/Sep/2025:06:07:03 +0700] "GET /meeting-strangers-exciting-adventures-on-omegle-and-ometv/ HTTP/1.0" 200 92193 "-" "Mozilla/5.0 AppleWebKit/537.36 (KHTML, like Gecko; compatible; GPTBot/1.2; +https://openai.com/gptbot)"
45.117.177.72 - - [08/Sep/2025:06:07:24 +0700] "POST /wp-cron.php?doing_wp_cron=1757286444.2701900005340576171875 HTTP/1.0" 200 416 "-" "WordPress/6.8.1; https://vattusacky.vn"
20.171.207.205 - - [08/Sep/2025:06:07:22 +0700] "GET /networking-strategies-for-students-on-omegle-and-ometv/ HTTP/1.0" 200 93949 "-" "Mozilla/5.0 AppleWebKit/537.36 (KHTML, like Gecko; compatible; GPTBot/1.2; +https://openai.com/gptbot)"
20.171.207.205 - - [08/Sep/2025:06:07:39 +0700] "GET /omegle-as-a-platform-for-professional-networking/ HTTP/1.0" 200 92221 "-" "Mozilla/5.0 AppleWebKit/537.36 (KHTML, like Gecko; compatible; GPTBot/1.2; +https://openai.com/gptbot)"
20.171.207.205 - - [08/Sep/2025:06:08:05 +0700] "GET /?p=7931 HTTP/1.0" 301 504 "-" "Mozilla/5.0 AppleWebKit/537.36 (KHTML, like Gecko; compatible; GPTBot/1.2; +https://openai.com/gptbot)"
20.171.207.205 - - [08/Sep/2025:06:08:07 +0700] "GET /omegles-role-in-challenging-traditional-notions-of-identity/ HTTP/1.0" 200 90479 "-" "Mozilla/5.0 AppleWebKit/537.36 (KHTML, like Gecko; compatible; GPTBot/1.2; +https://openai.com/gptbot)"
45.117.177.72 - - [08/Sep/2025:06:08:47 +0700] "POST /wp-cron.php?doing_wp_cron=1757286527.3843810558319091796875 HTTP/1.0" 200 416 "-" "WordPress/6.8.1; https://vattusacky.vn"
20.171.207.205 - - [08/Sep/2025:06:08:46 +0700] "GET /?p=9024 HTTP/1.0" 301 493 "-" "Mozilla/5.0 AppleWebKit/537.36 (KHTML, like Gecko; compatible; GPTBot/1.2; +https://openai.com/gptbot)"
20.171.207.205 - - [08/Sep/2025:06:08:47 +0700] "GET /tips-for-making-meaningful-connections-on-omegle/ HTTP/1.0" 200 89528 "-" "Mozilla/5.0 AppleWebKit/537.36 (KHTML, like Gecko; compatible; GPTBot/1.2; +https://openai.com/gptbot)"
45.117.177.72 - - [08/Sep/2025:06:09:20 +0700] "POST /wp-cron.php?doing_wp_cron=1757286560.2078189849853515625000 HTTP/1.0" 200 416 "-" "WordPress/6.8.1; https://vattusacky.vn"
20.171.207.205 - - [08/Sep/2025:06:09:18 +0700] "GET /omegle-and-ometv-for-creating-online-communities/ HTTP/1.0" 200 93226 "-" "Mozilla/5.0 AppleWebKit/537.36 (KHTML, like Gecko; compatible; GPTBot/1.2; +https://openai.com/gptbot)"
207.46.13.31 - - [08/Sep/2025:06:09:21 +0700] "GET /wp-content/uploads/2018/04/untitled-1-2.png HTTP/1.0" 200 419 "-" "Mozilla/5.0 AppleWebKit/537.36 (KHTML, like Gecko; compatible; bingbot/2.0; +http://www.bing.com/bingbot.htm) Chrome/116.0.1938.76 Safari/537.36"
45.117.177.72 - - [08/Sep/2025:06:10:25 +0700] "POST /wp-cron.php?doing_wp_cron=1757286625.3188710212707519531250 HTTP/1.0" 200 416 "-" "WordPress/6.8.1; https://vattusacky.vn"
20.171.207.205 - - [08/Sep/2025:06:10:24 +0700] "GET /?p=7514 HTTP/1.0" 301 493 "-" "Mozilla/5.0 AppleWebKit/537.36 (KHTML, like Gecko; compatible; GPTBot/1.2; +https://openai.com/gptbot)"
20.171.207.205 - - [08/Sep/2025:06:10:25 +0700] "GET /omegle-and-the-evolution-of-online-communication/ HTTP/1.0" 200 91597 "-" "Mozilla/5.0 AppleWebKit/537.36 (KHTML, like Gecko; compatible; GPTBot/1.2; +https://openai.com/gptbot)"
20.171.207.205 - - [08/Sep/2025:06:11:14 +0700] "GET /omegle-for-socializing-making-new-friends-online/ HTTP/1.0" 200 91117 "-" "Mozilla/5.0 AppleWebKit/537.36 (KHTML, like Gecko; compatible; GPTBot/1.2; +https://openai.com/gptbot)"
45.117.177.72 - - [08/Sep/2025:06:11:56 +0700] "POST /wp-cron.php?doing_wp_cron=1757286716.5246000289916992187500 HTTP/1.0" 200 416 "-" "WordPress/6.8.1; https://vattusacky.vn"
20.171.207.205 - - [08/Sep/2025:06:11:55 +0700] "GET /the-connection-between-anonymity-and-empathy-on-omegle/ HTTP/1.0" 200 91234 "-" "Mozilla/5.0 AppleWebKit/537.36 (KHTML, like Gecko; compatible; GPTBot/1.2; +https://openai.com/gptbot)"
45.117.177.72 - - [08/Sep/2025:06:12:32 +0700] "POST /wp-cron.php?doing_wp_cron=1757286751.8825280666351318359375 HTTP/1.0" 200 416 "-" "WordPress/6.8.1; https://vattusacky.vn"
85.208.96.195 - - [08/Sep/2025:06:12:30 +0700] "GET /ecommerce-design-problems/ HTTP/1.0" 200 205342 "-" "Mozilla/5.0 (compatible; SemrushBot/7~bl; +http://www.semrush.com/bot.html)"
20.171.207.205 - - [08/Sep/2025:06:12:31 +0700] "GET /?p=7567 HTTP/1.0" 301 639 "-" "Mozilla/5.0 AppleWebKit/537.36 (KHTML, like Gecko; compatible; GPTBot/1.2; +https://openai.com/gptbot)"
20.171.207.205 - - [08/Sep/2025:06:12:33 +0700] "GET /omegle-as-a-platform-for-professional-networking/ HTTP/1.0" 200 92221 "-" "Mozilla/5.0 AppleWebKit/537.36 (KHTML, like Gecko; compatible; GPTBot/1.2; +https://openai.com/gptbot)"
20.171.207.205 - - [08/Sep/2025:06:12:51 +0700] "GET /?p=8708 HTTP/1.0" 301 499 "-" "Mozilla/5.0 AppleWebKit/537.36 (KHTML, like Gecko; compatible; GPTBot/1.2; +https://openai.com/gptbot)"
20.171.207.205 - - [08/Sep/2025:06:12:53 +0700] "GET /the-power-of-serendipity-on-omegles-cosmic-connections/ HTTP/1.0" 200 90949 "-" "Mozilla/5.0 AppleWebKit/537.36 (KHTML, like Gecko; compatible; GPTBot/1.2; +https://openai.com/gptbot)"
45.117.177.72 - - [08/Sep/2025:06:13:57 +0700] "POST /wp-cron.php?doing_wp_cron=1757286837.1193790435791015625000 HTTP/1.0" 200 416 "-" "WordPress/6.8.1; https://vattusacky.vn"
20.171.207.205 - - [08/Sep/2025:06:13:55 +0700] "GET /?p=7277 HTTP/1.0" 301 499 "-" "Mozilla/5.0 AppleWebKit/537.36 (KHTML, like Gecko; compatible; GPTBot/1.2; +https://openai.com/gptbot)"
20.171.207.205 - - [08/Sep/2025:06:13:57 +0700] "GET /networking-strategies-for-students-on-omegle-and-ometv/ HTTP/1.0" 200 93949 "-" "Mozilla/5.0 AppleWebKit/537.36 (KHTML, like Gecko; compatible; GPTBot/1.2; +https://openai.com/gptbot)"
85.208.96.201 - - [08/Sep/2025:06:14:07 +0700] "GET /pin-ap-kazino-oficialnyj-sajt-igrat-v-onlajn-5/ HTTP/1.0" 200 116899 "-" "Mozilla/5.0 (compatible; SemrushBot/7~bl; +http://www.semrush.com/bot.html)"
45.117.177.72 - - [08/Sep/2025:06:15:21 +0700] "POST /wp-cron.php?doing_wp_cron=1757286921.4041581153869628906250 HTTP/1.0" 200 416 "-" "WordPress/6.8.1; https://vattusacky.vn"
20.171.207.205 - - [08/Sep/2025:06:15:20 +0700] "GET /?p=11087 HTTP/1.0" 301 493 "-" "Mozilla/5.0 AppleWebKit/537.36 (KHTML, like Gecko; compatible; GPTBot/1.2; +https://openai.com/gptbot)"
20.171.207.205 - - [08/Sep/2025:06:15:21 +0700] "GET /rahasia-menang-besar-strategi-bermain-slot-gacor/ HTTP/1.0" 200 64960 "-" "Mozilla/5.0 AppleWebKit/537.36 (KHTML, like Gecko; compatible; GPTBot/1.2; +https://openai.com/gptbot)"
20.171.207.205 - - [08/Sep/2025:06:16:01 +0700] "GET /?p=8285 HTTP/1.0" 301 515 "-" "Mozilla/5.0 AppleWebKit/537.36 (KHTML, like Gecko; compatible; GPTBot/1.2; +https://openai.com/gptbot)"
20.171.207.205 - - [08/Sep/2025:06:16:03 +0700] "GET /tales-from-omegle-and-ometv-unforgettable-stories-of-random-encounters/ HTTP/1.0" 200 90873 "-" "Mozilla/5.0 AppleWebKit/537.36 (KHTML, like Gecko; compatible; GPTBot/1.2; +https://openai.com/gptbot)"
45.117.177.72 - - [08/Sep/2025:06:16:38 +0700] "POST /wp-cron.php?doing_wp_cron=1757286998.1758229732513427734375 HTTP/1.0" 200 416 "-" "WordPress/6.8.1; https://vattusacky.vn"
20.171.207.205 - - [08/Sep/2025:06:16:37 +0700] "GET /?p=8955 HTTP/1.0" 301 493 "-" "Mozilla/5.0 AppleWebKit/537.36 (KHTML, like Gecko; compatible; GPTBot/1.2; +https://openai.com/gptbot)"
20.171.207.205 - - [08/Sep/2025:06:16:38 +0700] "GET /the-role-of-vulnerability-in-online-interactions/ HTTP/1.0" 200 88403 "-" "Mozilla/5.0 AppleWebKit/537.36 (KHTML, like Gecko; compatible; GPTBot/1.2; +https://openai.com/gptbot)"
45.117.177.72 - - [08/Sep/2025:06:18:37 +0700] "POST /wp-cron.php?doing_wp_cron=1757287117.7104859352111816406250 HTTP/1.0" 200 416 "-" "WordPress/6.8.1; https://vattusacky.vn"
20.171.207.205 - - [08/Sep/2025:06:18:36 +0700] "GET /?p=8366 HTTP/1.0" 301 645 "-" "Mozilla/5.0 AppleWebKit/537.36 (KHTML, like Gecko; compatible; GPTBot/1.2; +https://openai.com/gptbot)"
20.171.207.205 - - [08/Sep/2025:06:18:38 +0700] "GET /the-connection-between-anonymity-and-empathy-on-omegle/ HTTP/1.0" 200 91234 "-" "Mozilla/5.0 AppleWebKit/537.36 (KHTML, like Gecko; compatible; GPTBot/1.2; +https://openai.com/gptbot)"
20.171.207.205 - - [08/Sep/2025:06:18:46 +0700] "GET /serendipity-and-cross-cultural-connections-on-omegle-and-ometv/ HTTP/1.0" 200 91651 "-" "Mozilla/5.0 AppleWebKit/537.36 (KHTML, like Gecko; compatible; GPTBot/1.2; +https://openai.com/gptbot)"
20.171.207.205 - - [08/Sep/2025:06:18:53 +0700] "GET /omegle-and-the-potential-risks-of-sharing-personal-information/ HTTP/1.0" 200 90684 "-" "Mozilla/5.0 AppleWebKit/537.36 (KHTML, like Gecko; compatible; GPTBot/1.2; +https://openai.com/gptbot)"
20.171.207.205 - - [08/Sep/2025:06:19:08 +0700] "GET /unlocking-the-essence-of-omegle-tales-from-anonymous-explorers/ HTTP/1.0" 200 89347 "-" "Mozilla/5.0 AppleWebKit/537.36 (KHTML, like Gecko; compatible; GPTBot/1.2; +https://openai.com/gptbot)"
45.117.177.72 - - [08/Sep/2025:06:19:35 +0700] "POST /wp-cron.php?doing_wp_cron=1757287175.5071260929107666015625 HTTP/1.0" 200 416 "-" "WordPress/6.8.1; https://vattusacky.vn"
20.171.207.205 - - [08/Sep/2025:06:19:34 +0700] "GET /omegle-and-the-quest-for-authenticity-finding-real-connections/ HTTP/1.0" 200 90795 "-" "Mozilla/5.0 AppleWebKit/537.36 (KHTML, like Gecko; compatible; GPTBot/1.2; +https://openai.com/gptbot)"
185.191.171.4 - - [08/Sep/2025:06:19:47 +0700] "GET /unfiltered-conversations-the-draw-of-omegles-authenticity/ HTTP/1.0" 200 91933 "-" "Mozilla/5.0 (compatible; SemrushBot/7~bl; +http://www.semrush.com/bot.html)"
20.171.207.205 - - [08/Sep/2025:06:20:07 +0700] "GET /the-role-of-omegle-in-combating-social-isolation-and-loneliness-among-seniors/ HTTP/1.0" 200 91033 "-" "Mozilla/5.0 AppleWebKit/537.36 (KHTML, like Gecko; compatible; GPTBot/1.2; +https://openai.com/gptbot)"
45.117.177.72 - - [08/Sep/2025:06:20:24 +0700] "POST /wp-cron.php?doing_wp_cron=1757287224.3087968826293945312500 HTTP/1.0" 200 416 "-" "WordPress/6.8.1; https://vattusacky.vn"
20.171.207.205 - - [08/Sep/2025:06:20:23 +0700] "GET /unlocking-the-potential-of-omegle-tales-of-anonymous-explorers/ HTTP/1.0" 200 91240 "-" "Mozilla/5.0 AppleWebKit/537.36 (KHTML, like Gecko; compatible; GPTBot/1.2; +https://openai.com/gptbot)"
20.171.207.205 - - [08/Sep/2025:06:20:48 +0700] "GET /omegle-and-mental-health-the-impact-of-anonymous-conversations/ HTTP/1.0" 200 93107 "-" "Mozilla/5.0 AppleWebKit/537.36 (KHTML, like Gecko; compatible; GPTBot/1.2; +https://openai.com/gptbot)"
20.171.207.205 - - [08/Sep/2025:06:21:08 +0700] "GET /?p=7531 HTTP/1.0" 301 507 "-" "Mozilla/5.0 AppleWebKit/537.36 (KHTML, like Gecko; compatible; GPTBot/1.2; +https://openai.com/gptbot)"
20.171.207.205 - - [08/Sep/2025:06:21:09 +0700] "GET /omegle-and-the-potential-risks-of-sharing-personal-information/ HTTP/1.0" 200 90684 "-" "Mozilla/5.0 AppleWebKit/537.36 (KHTML, like Gecko; compatible; GPTBot/1.2; +https://openai.com/gptbot)"
45.117.177.72 - - [08/Sep/2025:06:21:32 +0700] "POST /wp-cron.php?doing_wp_cron=1757287291.9547059535980224609375 HTTP/1.0" 200 416 "-" "WordPress/6.8.1; https://vattusacky.vn"
20.171.207.205 - - [08/Sep/2025:06:21:30 +0700] "GET /?p=7534 HTTP/1.0" 301 507 "-" "Mozilla/5.0 AppleWebKit/537.36 (KHTML, like Gecko; compatible; GPTBot/1.2; +https://openai.com/gptbot)"
