20.171.207.205 - - [08/Sep/2025:06:21:32 +0700] "GET /omegle-and-the-quest-for-authenticity-finding-real-connections/ HTTP/1.0" 200 90795 "-" "Mozilla/5.0 AppleWebKit/537.36 (KHTML, like Gecko; compatible; GPTBot/1.2; +https://openai.com/gptbot)"
52.1.106.130 - - [08/Sep/2025:06:21:50 +0700] "GET /monsterxbet-6/ HTTP/1.0" 200 224722 "-" "Mozilla/5.0 AppleWebKit/537.36 (KHTML, like Gecko; compatible; Amazonbot/0.1; +https://developer.amazon.com/support/amazonbot) Chrome/119.0.6045.214 Safari/537.36"
98.82.66.172 - - [08/Sep/2025:06:21:53 +0700] "GET /heated-latin-females-dating-protection-tips/ HTTP/1.0" 200 206722 "-" "Mozilla/5.0 AppleWebKit/537.36 (KHTML, like Gecko; compatible; Amazonbot/0.1; +https://developer.amazon.com/support/amazonbot) Chrome/119.0.6045.214 Safari/537.36"
34.231.181.240 - - [08/Sep/2025:06:21:58 +0700] "GET /how-to-cope-with-the-quick-break-up-of-your-long-term-romantic-relationship/ HTTP/1.0" 200 207485 "-" "Mozilla/5.0 AppleWebKit/537.36 (KHTML, like Gecko; compatible; Amazonbot/0.1; +https://developer.amazon.com/support/amazonbot) Chrome/119.0.6045.214 Safari/537.36"
20.171.207.205 - - [08/Sep/2025:06:22:07 +0700] "GET /serendipity-and-emotional-connection-on-omegle-and-ometv/ HTTP/1.0" 200 92008 "-" "Mozilla/5.0 AppleWebKit/537.36 (KHTML, like Gecko; compatible; GPTBot/1.2; +https://openai.com/gptbot)"
45.117.177.72 - - [08/Sep/2025:06:22:25 +0700] "POST /wp-cron.php?doing_wp_cron=1757287344.8660600185394287109375 HTTP/1.0" 200 416 "-" "WordPress/6.8.1; https://vattusacky.vn"
17.241.227.225 - - [08/Sep/2025:06:22:23 +0700] "GET /how-to-begin-your-blog-not-having-investment/ HTTP/1.0" 200 72009 "-" "Mozilla/5.0 (Macintosh; Intel Mac OS X 10_15_7) AppleWebKit/605.1.15 (KHTML, like Gecko) Version/17.4 Safari/605.1.15 (Applebot/0.1; +http://www.apple.com/go/applebot)"
20.171.207.205 - - [08/Sep/2025:06:22:29 +0700] "GET /situs-slot-online-panduan-lengkap-untuk-pemain-indonesia/ HTTP/1.0" 200 66243 "-" "Mozilla/5.0 AppleWebKit/537.36 (KHTML, like Gecko; compatible; GPTBot/1.2; +https://openai.com/gptbot)"
20.171.207.205 - - [08/Sep/2025:06:22:43 +0700] "GET /omegle-stories-real-life-connections-made-through-the-platform/ HTTP/1.0" 200 92080 "-" "Mozilla/5.0 AppleWebKit/537.36 (KHTML, like Gecko; compatible; GPTBot/1.2; +https://openai.com/gptbot)"
45.117.177.72 - - [08/Sep/2025:06:23:17 +0700] "POST /wp-cron.php?doing_wp_cron=1757287397.5741310119628906250000 HTTP/1.0" 200 416 "-" "WordPress/6.8.1; https://vattusacky.vn"
20.171.207.205 - - [08/Sep/2025:06:23:16 +0700] "GET /utilizing-technology-to-overcome-barriers-to-empathy-on-omegle/ HTTP/1.0" 200 91400 "-" "Mozilla/5.0 AppleWebKit/537.36 (KHTML, like Gecko; compatible; GPTBot/1.2; +https://openai.com/gptbot)"
20.171.207.205 - - [08/Sep/2025:06:23:40 +0700] "GET /stories-of-serendipitous-connections-on-omegle-and-ometv/ HTTP/1.0" 200 93381 "-" "Mozilla/5.0 AppleWebKit/537.36 (KHTML, like Gecko; compatible; GPTBot/1.2; +https://openai.com/gptbot)"
20.171.207.205 - - [08/Sep/2025:06:24:11 +0700] "GET /?p=8186 HTTP/1.0" 301 507 "-" "Mozilla/5.0 AppleWebKit/537.36 (KHTML, like Gecko; compatible; GPTBot/1.2; +https://openai.com/gptbot)"
20.171.207.205 - - [08/Sep/2025:06:24:13 +0700] "GET /serendipity-and-cross-cultural-connections-on-omegle-and-ometv/ HTTP/1.0" 200 91651 "-" "Mozilla/5.0 AppleWebKit/537.36 (KHTML, like Gecko; compatible; GPTBot/1.2; +https://openai.com/gptbot)"
45.117.177.72 - - [08/Sep/2025:06:24:39 +0700] "POST /wp-cron.php?doing_wp_cron=1757287479.4230101108551025390625 HTTP/1.0" 200 416 "-" "WordPress/6.8.1; https://vattusacky.vn"
20.171.207.205 - - [08/Sep/2025:06:24:38 +0700] "GET /?p=9122 HTTP/1.0" 301 507 "-" "Mozilla/5.0 AppleWebKit/537.36 (KHTML, like Gecko; compatible; GPTBot/1.2; +https://openai.com/gptbot)"
20.171.207.205 - - [08/Sep/2025:06:24:39 +0700] "GET /unlocking-the-essence-of-omegle-tales-from-anonymous-explorers/ HTTP/1.0" 200 89347 "-" "Mozilla/5.0 AppleWebKit/537.36 (KHTML, like Gecko; compatible; GPTBot/1.2; +https://openai.com/gptbot)"
52.154.22.48 - - [08/Sep/2025:06:24:52 +0700] "GET / HTTP/1.0" 200 35265 "-" "Mozilla/5.0 AppleWebKit/537.36 (KHTML, like Gecko); compatible; ChatGPT-User/1.0; +https://openai.com/bot"
45.117.177.72 - - [08/Sep/2025:06:25:27 +0700] "POST /wp-cron.php?doing_wp_cron=1757287526.8816640377044677734375 HTTP/1.0" 200 416 "-" "WordPress/6.8.1; https://vattusacky.vn"
20.171.207.205 - - [08/Sep/2025:06:25:25 +0700] "GET /?p=7371 HTTP/1.0" 301 507 "-" "Mozilla/5.0 AppleWebKit/537.36 (KHTML, like Gecko; compatible; GPTBot/1.2; +https://openai.com/gptbot)"
20.171.207.205 - - [08/Sep/2025:06:25:27 +0700] "GET /omegle-and-mental-health-the-impact-of-anonymous-conversations/ HTTP/1.0" 200 93107 "-" "Mozilla/5.0 AppleWebKit/537.36 (KHTML, like Gecko; compatible; GPTBot/1.2; +https://openai.com/gptbot)"
185.191.171.16 - - [08/Sep/2025:06:25:34 +0700] "GET /celebrating-the-joy-of-love-in-omelove/ HTTP/1.0" 200 87969 "-" "Mozilla/5.0 (compatible; SemrushBot/7~bl; +http://www.semrush.com/bot.html)"
85.208.96.198 - - [08/Sep/2025:06:25:39 +0700] "GET /a-few-ways-to-experience-an-ideal-1st-date/ HTTP/1.0" 200 206637 "-" "Mozilla/5.0 (compatible; SemrushBot/7~bl; +http://www.semrush.com/bot.html)"
185.191.171.2 - - [08/Sep/2025:06:26:07 +0700] "GET /various-kinds-of-sugar-daddies/ HTTP/1.0" 200 207979 "-" "Mozilla/5.0 (compatible; SemrushBot/7~bl; +http://www.semrush.com/bot.html)"
45.117.177.72 - - [08/Sep/2025:06:26:19 +0700] "POST /wp-cron.php?doing_wp_cron=1757287579.5870909690856933593750 HTTP/1.0" 200 416 "-" "WordPress/6.8.1; https://vattusacky.vn"
20.171.207.205 - - [08/Sep/2025:06:26:18 +0700] "GET /unveiling-the-secrets-of-successful-encounters-on-omegle/ HTTP/1.0" 200 93880 "-" "Mozilla/5.0 AppleWebKit/537.36 (KHTML, like Gecko; compatible; GPTBot/1.2; +https://openai.com/gptbot)"
20.171.207.205 - - [08/Sep/2025:06:27:12 +0700] "GET /?p=11114 HTTP/1.0" 301 501 "-" "Mozilla/5.0 AppleWebKit/537.36 (KHTML, like Gecko; compatible; GPTBot/1.2; +https://openai.com/gptbot)"
20.171.207.205 - - [08/Sep/2025:06:27:13 +0700] "GET /situs-slot-online-panduan-lengkap-untuk-pemain-indonesia/ HTTP/1.0" 200 66243 "-" "Mozilla/5.0 AppleWebKit/537.36 (KHTML, like Gecko; compatible; GPTBot/1.2; +https://openai.com/gptbot)"
45.117.177.72 - - [08/Sep/2025:06:28:08 +0700] "POST /wp-cron.php?doing_wp_cron=1757287688.1589000225067138671875 HTTP/1.0" 200 416 "-" "WordPress/6.8.1; https://vattusacky.vn"
20.171.207.205 - - [08/Sep/2025:06:28:06 +0700] "GET /?p=9124 HTTP/1.0" 301 507 "-" "Mozilla/5.0 AppleWebKit/537.36 (KHTML, like Gecko; compatible; GPTBot/1.2; +https://openai.com/gptbot)"
20.171.207.205 - - [08/Sep/2025:06:28:08 +0700] "GET /unlocking-the-potential-of-omegle-tales-of-anonymous-explorers/ HTTP/1.0" 200 91240 "-" "Mozilla/5.0 AppleWebKit/537.36 (KHTML, like Gecko; compatible; GPTBot/1.2; +https://openai.com/gptbot)"
45.117.177.72 - - [08/Sep/2025:06:28:45 +0700] "POST /wp-cron.php?doing_wp_cron=1757287725.1085538864135742187500 HTTP/1.0" 200 416 "-" "WordPress/6.8.1; https://vattusacky.vn"
20.171.207.205 - - [08/Sep/2025:06:28:43 +0700] "GET /omegles-next-phase-advancements-in-random-chat-technology/ HTTP/1.0" 200 90432 "-" "Mozilla/5.0 AppleWebKit/537.36 (KHTML, like Gecko; compatible; GPTBot/1.2; +https://openai.com/gptbot)"
185.191.171.16 - - [08/Sep/2025:06:29:06 +0700] "GET /building-professional-networks-on-omegle-leveraging-the-platform-for-career-growth/ HTTP/1.0" 200 93628 "-" "Mozilla/5.0 (compatible; SemrushBot/7~bl; +http://www.semrush.com/bot.html)"
185.191.171.10 - - [08/Sep/2025:06:29:48 +0700] "GET /using-open-ended-questions-for-deeper-conversations-on-omegle/ HTTP/1.0" 200 89376 "-" "Mozilla/5.0 (compatible; SemrushBot/7~bl; +http://www.semrush.com/bot.html)"
20.171.207.205 - - [08/Sep/2025:06:30:14 +0700] "GET /?p=7701 HTTP/1.0" 301 507 "-" "Mozilla/5.0 AppleWebKit/537.36 (KHTML, like Gecko; compatible; GPTBot/1.2; +https://openai.com/gptbot)"
20.171.207.205 - - [08/Sep/2025:06:30:15 +0700] "GET /omegle-stories-real-life-connections-made-through-the-platform/ HTTP/1.0" 200 92080 "-" "Mozilla/5.0 AppleWebKit/537.36 (KHTML, like Gecko; compatible; GPTBot/1.2; +https://openai.com/gptbot)"
87.250.224.94 - - [08/Sep/2025:06:30:32 +0700] "GET /privacy-measures-in-omegle-a-comparative-analysis-of-similar-platforms/ HTTP/1.0" 200 91310 "-" "Mozilla/5.0 (compatible; YandexBot/3.0; +http://yandex.com/bots)"
45.117.177.72 - - [08/Sep/2025:06:31:58 +0700] "POST /wp-cron.php?doing_wp_cron=1757287917.8032159805297851562500 HTTP/1.0" 200 416 "-" "WordPress/6.8.1; https://vattusacky.vn"
20.171.207.205 - - [08/Sep/2025:06:31:56 +0700] "GET /?p=8187 HTTP/1.0" 301 501 "-" "Mozilla/5.0 AppleWebKit/537.36 (KHTML, like Gecko; compatible; GPTBot/1.2; +https://openai.com/gptbot)"
20.171.207.205 - - [08/Sep/2025:06:31:58 +0700] "GET /serendipity-and-emotional-connection-on-omegle-and-ometv/ HTTP/1.0" 200 92008 "-" "Mozilla/5.0 AppleWebKit/537.36 (KHTML, like Gecko; compatible; GPTBot/1.2; +https://openai.com/gptbot)"
45.117.177.72 - - [08/Sep/2025:06:32:44 +0700] "POST /wp-cron.php?doing_wp_cron=1757287964.3539710044860839843750 HTTP/1.0" 200 416 "-" "WordPress/6.8.1; https://vattusacky.vn"
40.77.167.17 - - [08/Sep/2025:06:32:42 +0700] "GET /omegle-for-personal-development-learning-from-diverse-perspectives/ HTTP/1.0" 200 93060 "-" "Mozilla/5.0 AppleWebKit/537.36 (KHTML, like Gecko; compatible; bingbot/2.0; +http://www.bing.com/bingbot.htm) Chrome/116.0.1938.76 Safari/537.36"
20.171.207.205 - - [08/Sep/2025:06:33:10 +0700] "GET /?p=9195 HTTP/1.0" 301 507 "-" "Mozilla/5.0 AppleWebKit/537.36 (KHTML, like Gecko; compatible; GPTBot/1.2; +https://openai.com/gptbot)"
20.171.207.205 - - [08/Sep/2025:06:33:11 +0700] "GET /utilizing-technology-to-overcome-barriers-to-empathy-on-omegle/ HTTP/1.0" 200 91400 "-" "Mozilla/5.0 AppleWebKit/537.36 (KHTML, like Gecko; compatible; GPTBot/1.2; +https://openai.com/gptbot)"
45.117.177.72 - - [08/Sep/2025:06:33:45 +0700] "POST /wp-cron.php?doing_wp_cron=1757288025.6476349830627441406250 HTTP/1.0" 200 416 "-" "WordPress/6.8.1; https://vattusacky.vn"
20.171.207.205 - - [08/Sep/2025:06:33:44 +0700] "GET /?p=8248 HTTP/1.0" 301 501 "-" "Mozilla/5.0 AppleWebKit/537.36 (KHTML, like Gecko; compatible; GPTBot/1.2; +https://openai.com/gptbot)"
20.171.207.205 - - [08/Sep/2025:06:33:46 +0700] "GET /stories-of-serendipitous-connections-on-omegle-and-ometv/ HTTP/1.0" 200 93381 "-" "Mozilla/5.0 AppleWebKit/537.36 (KHTML, like Gecko; compatible; GPTBot/1.2; +https://openai.com/gptbot)"
45.117.177.72 - - [08/Sep/2025:06:34:21 +0700] "POST /wp-cron.php?doing_wp_cron=1757288061.5568668842315673828125 HTTP/1.0" 200 416 "-" "WordPress/6.8.1; https://vattusacky.vn"
20.171.207.205 - - [08/Sep/2025:06:34:20 +0700] "GET /?p=8890 HTTP/1.0" 301 522 "-" "Mozilla/5.0 AppleWebKit/537.36 (KHTML, like Gecko; compatible; GPTBot/1.2; +https://openai.com/gptbot)"
20.171.207.205 - - [08/Sep/2025:06:34:21 +0700] "GET /the-role-of-omegle-in-combating-social-isolation-and-loneliness-among-seniors/ HTTP/1.0" 200 91033 "-" "Mozilla/5.0 AppleWebKit/537.36 (KHTML, like Gecko; compatible; GPTBot/1.2; +https://openai.com/gptbot)"
185.191.171.6 - - [08/Sep/2025:06:34:36 +0700] "GET /vulkan-insel-la-palma-wettet-auf-erneuerbare-energien/ HTTP/1.0" 200 224289 "-" "Mozilla/5.0 (compatible; SemrushBot/7~bl; +http://www.semrush.com/bot.html)"
20.171.207.205 - - [08/Sep/2025:06:34:44 +0700] "GET /tips-for-engaging-in-meaningful-conversations-on-omegle/ HTTP/1.0" 200 88166 "-" "Mozilla/5.0 AppleWebKit/537.36 (KHTML, like Gecko; compatible; GPTBot/1.2; +https://openai.com/gptbot)"
20.171.207.205 - - [08/Sep/2025:06:35:20 +0700] "GET /the-role-of-omegle-and-ometv-in-cybertherapy/ HTTP/1.0" 403 606 "-" "Mozilla/5.0 AppleWebKit/537.36 (KHTML, like Gecko; compatible; GPTBot/1.2; +https://openai.com/gptbot)"
45.117.177.72 - - [08/Sep/2025:06:35:44 +0700] "POST /wp-cron.php?doing_wp_cron=1757288144.3933780193328857421875 HTTP/1.0" 200 416 "-" "WordPress/6.8.1; https://vattusacky.vn"
20.171.207.205 - - [08/Sep/2025:06:35:43 +0700] "GET /?p=9173 HTTP/1.0" 301 501 "-" "Mozilla/5.0 AppleWebKit/537.36 (KHTML, like Gecko; compatible; GPTBot/1.2; +https://openai.com/gptbot)"
20.171.207.205 - - [08/Sep/2025:06:35:44 +0700] "GET /unveiling-the-secrets-of-successful-encounters-on-omegle/ HTTP/1.0" 200 93880 "-" "Mozilla/5.0 AppleWebKit/537.36 (KHTML, like Gecko; compatible; GPTBot/1.2; +https://openai.com/gptbot)"
40.77.167.6 - - [08/Sep/2025:06:35:51 +0700] "GET /san-pham/thiet-bi-lay-mau-nuoc-alpha-van-dorn-loai-doc-4-2-lit-nhan-hang-wildco-2/feed/ HTTP/1.0" 200 1805 "-" "Mozilla/5.0 AppleWebKit/537.36 (KHTML, like Gecko; compatible; bingbot/2.0; +http://www.bing.com/bingbot.htm) Chrome/116.0.1938.76 Safari/537.36"
20.171.207.205 - - [08/Sep/2025:06:36:13 +0700] "GET /omegles-future-redefining-connection-in-the-digital-age/ HTTP/1.0" 200 90396 "-" "Mozilla/5.0 AppleWebKit/537.36 (KHTML, like Gecko; compatible; GPTBot/1.2; +https://openai.com/gptbot)"
20.171.207.205 - - [08/Sep/2025:06:36:33 +0700] "GET /the-role-of-family-dynamics-in-omegle-therapy/ HTTP/1.0" 403 607 "-" "Mozilla/5.0 AppleWebKit/537.36 (KHTML, like Gecko; compatible; GPTBot/1.2; +https://openai.com/gptbot)"
45.117.177.72 - - [08/Sep/2025:06:36:49 +0700] "POST /wp-cron.php?doing_wp_cron=1757288208.8864479064941406250000 HTTP/1.0" 200 416 "-" "WordPress/6.8.1; https://vattusacky.vn"
20.171.207.205 - - [08/Sep/2025:06:36:47 +0700] "GET /navigating-controversial-topics-on-omegle-dos-and-donts/ HTTP/1.0" 200 82982 "-" "Mozilla/5.0 AppleWebKit/537.36 (KHTML, like Gecko; compatible; GPTBot/1.2; +https://openai.com/gptbot)"
45.117.177.72 - - [08/Sep/2025:06:37:41 +0700] "POST /wp-cron.php?doing_wp_cron=1757288261.2023770809173583984375 HTTP/1.0" 200 416 "-" "WordPress/6.8.1; https://vattusacky.vn"
138.3.242.176 - - [08/Sep/2025:06:37:39 +0700] "GET /wp-json/wp/v2/posts?per_page=1&_fields=id,slug,comment_status HTTP/1.0" 200 1018 "-" "-"
138.3.242.176 - - [08/Sep/2025:06:37:42 +0700] "POST /wp-comments-post.php HTTP/1.0" 302 1157 "-" "-"
20.171.207.205 - - [08/Sep/2025:06:37:43 +0700] "GET /the-future-of-omegle-predictions-and-trends-in-online-social-interaction/ HTTP/1.0" 200 93496 "-" "Mozilla/5.0 AppleWebKit/537.36 (KHTML, like Gecko; compatible; GPTBot/1.2; +https://openai.com/gptbot)"
138.3.242.176 - - [08/Sep/2025:06:37:44 +0700] "GET /slot-gacor-hari-ini-game-slot-dengan-volatilitas-tinggi/?unapproved=1472&moderation-hash=8ab6e56bd1e9ee4f0e2b42d986628140 HTTP/1.0" 200 65035 "https://vattusacky.vn/wp-comments-post.php" "-"
45.117.177.72 - - [08/Sep/2025:06:38:18 +0700] "POST /wp-cron.php?doing_wp_cron=1757288298.3195240497589111328125 HTTP/1.0" 200 416 "-" "WordPress/6.8.1; https://vattusacky.vn"
20.171.207.205 - - [08/Sep/2025:06:38:17 +0700] "GET /the-secrets-to-engaging-conversations-on-omegle/ HTTP/1.0" 200 89939 "-" "Mozilla/5.0 AppleWebKit/537.36 (KHTML, like Gecko; compatible; GPTBot/1.2; +https://openai.com/gptbot)"
95.108.213.179 - - [08/Sep/2025:06:38:48 +0700] "GET /ein-kontinuierlicher-geldfluss-garantiert/ HTTP/1.0" 200 77589 "-" "Mozilla/5.0 (compatible; YandexBot/3.0; +http://yandex.com/bots)"
45.117.177.72 - - [08/Sep/2025:06:39:52 +0700] "POST /wp-cron.php?doing_wp_cron=1757288392.6838340759277343750000 HTTP/1.0" 200 416 "-" "WordPress/6.8.1; https://vattusacky.vn"
107.189.30.241 - - [08/Sep/2025:06:39:51 +0700] "GET /wp-login.php HTTP/1.0" 200 11388 "-" "Mozilla/5.0 (Macintosh; Intel Mac OS X 10_9_4 AppleWebKit/537.36 (KHTML, like Gecko) Chrome/36.0.1985.125 Safari/537.36"
185.191.171.13 - - [08/Sep/2025:06:40:02 +0700] "GET /methods-to-talk-to-ladies-online/ HTTP/1.0" 200 207975 "-" "Mozilla/5.0 (compatible; SemrushBot/7~bl; +http://www.semrush.com/bot.html)"
45.117.177.72 - - [08/Sep/2025:06:40:37 +0700] "POST /wp-cron.php?doing_wp_cron=1757288437.2773969173431396484375 HTTP/1.0" 200 416 "-" "WordPress/6.8.1; https://vattusacky.vn"
51.75.236.146 - - [08/Sep/2025:06:40:36 +0700] "GET /robots.txt HTTP/1.0" 301 562 "-" "Mozilla/5.0 (compatible; AhrefsBot/7.0; +http://ahrefs.com/robot/)"
51.75.236.146 - - [08/Sep/2025:06:40:38 +0700] "GET /robots.txt HTTP/1.0" 200 984 "-" "Mozilla/5.0 (compatible; AhrefsBot/7.0; +http://ahrefs.com/robot/)"
45.117.177.72 - - [08/Sep/2025:06:42:32 +0700] "POST /wp-cron.php?doing_wp_cron=1757288552.0339748859405517578125 HTTP/1.0" 200 416 "-" "WordPress/6.8.1; https://vattusacky.vn"
188.68.54.120 - - [08/Sep/2025:06:42:30 +0700] "GET /tag/bui-tong/ HTTP/1.0" 200 59317 "-" "Mozilla/5.0 (Windows NT 10.0; Win64; x64) AppleWebKit/537.36 (KHTML, like Gecko) Chrome/100.0.4596.940 Safari/537.36"
185.191.171.13 - - [08/Sep/2025:06:42:40 +0700] "GET /author/yanz/page/108/ HTTP/1.0" 200 77588 "-" "Mozilla/5.0 (compatible; SemrushBot/7~bl; +http://www.semrush.com/bot.html)"
45.117.177.72 - - [08/Sep/2025:06:43:38 +0700] "POST /wp-cron.php?doing_wp_cron=1757288618.2541160583496093750000 HTTP/1.0" 200 416 "-" "WordPress/6.8.1; https://vattusacky.vn"
138.3.242.176 - - [08/Sep/2025:06:43:36 +0700] "GET /wp-json/wp/v2/posts?per_page=1&_fields=id,slug,comment_status HTTP/1.0" 200 1018 "-" "-"
138.3.242.176 - - [08/Sep/2025:06:43:41 +0700] "POST /wp-comments-post.php HTTP/1.0" 302 1157 "-" "-"
138.3.242.176 - - [08/Sep/2025:06:43:42 +0700] "GET /slot-gacor-hari-ini-game-slot-dengan-volatilitas-tinggi/?unapproved=1473&moderation-hash=b2091864464fb0b8b437ac9a48883542 HTTP/1.0" 200 65035 "https://vattusacky.vn/wp-comments-post.php" "-"
45.117.177.72 - - [08/Sep/2025:06:44:23 +0700] "POST /wp-cron.php?doing_wp_cron=1757288663.2365241050720214843750 HTTP/1.0" 200 416 "-" "WordPress/6.8.1; https://vattusacky.vn"
138.3.242.176 - - [08/Sep/2025:06:44:22 +0700] "GET /wp-json/wp/v2/posts?per_page=1&_fields=id,slug,comment_status HTTP/1.0" 200 1018 "-" "-"
138.3.242.176 - - [08/Sep/2025:06:44:27 +0700] "POST /wp-comments-post.php HTTP/1.0" 302 1157 "-" "-"
138.3.242.176 - - [08/Sep/2025:06:44:28 +0700] "GET /slot-gacor-hari-ini-game-slot-dengan-volatilitas-tinggi/?unapproved=1474&moderation-hash=f66775b62f9baec09b809f3339188220 HTTP/1.0" 200 65035 "https://vattusacky.vn/wp-comments-post.php" "-"
52.154.22.50 - - [08/Sep/2025:06:45:00 +0700] "GET / HTTP/1.0" 200 60070 "-" "Mozilla/5.0 AppleWebKit/537.36 (KHTML, like Gecko); compatible; ChatGPT-User/1.0; +https://openai.com/bot"
52.154.22.62 - - [08/Sep/2025:06:45:01 +0700] "GET /omegle-vs-ometv-a-closer-look-at-face-to-face-video-chat-options/ HTTP/1.0" 200 86202 "-" "Mozilla/5.0 AppleWebKit/537.36 (KHTML, like Gecko); compatible; ChatGPT-User/1.0; +https://openai.com/bot"
138.3.242.176 - - [08/Sep/2025:06:45:05 +0700] "GET /wp-json/wp/v2/posts?per_page=1&_fields=id,slug,comment_status HTTP/1.0" 200 1018 "-" "-"
138.3.242.176 - - [08/Sep/2025:06:45:11 +0700] "POST /wp-comments-post.php HTTP/1.0" 302 1157 "-" "-"
138.3.242.176 - - [08/Sep/2025:06:45:12 +0700] "GET /slot-gacor-hari-ini-game-slot-dengan-volatilitas-tinggi/?unapproved=1475&moderation-hash=ac9bdc76dcbf3e4d091661df38bd94b8 HTTP/1.0" 200 65035 "https://vattusacky.vn/wp-comments-post.php" "-"
45.117.177.72 - - [08/Sep/2025:06:45:19 +0700] "POST /wp-cron.php?doing_wp_cron=1757288719.2277009487152099609375 HTTP/1.0" 200 416 "-" "WordPress/6.8.1; https://vattusacky.vn"
85.208.96.210 - - [08/Sep/2025:06:45:18 +0700] "GET /robots.txt HTTP/1.0" 200 984 "-" "Mozilla/5.0 (compatible; SemrushBot/7~bl; +http://www.semrush.com/bot.html)"
85.208.96.202 - - [08/Sep/2025:06:45:20 +0700] "GET /ladies-the-human-brain-a-un-rendez-vous-romantique/ HTTP/1.0" 200 208819 "-" "Mozilla/5.0 (compatible; SemrushBot/7~bl; +http://www.semrush.com/bot.html)"
45.117.177.72 - - [08/Sep/2025:06:47:09 +0700] "POST /wp-cron.php?doing_wp_cron=1757288828.7612519264221191406250 HTTP/1.0" 200 416 "-" "WordPress/6.8.1; https://vattusacky.vn"
138.3.242.176 - - [08/Sep/2025:06:47:07 +0700] "GET /wp-json/wp/v2/posts?per_page=1&_fields=id,slug,comment_status HTTP/1.0" 200 1018 "-" "-"
138.3.242.176 - - [08/Sep/2025:06:47:12 +0700] "POST /wp-comments-post.php HTTP/1.0" 302 1157 "-" "-"
45.117.177.72 - - [08/Sep/2025:06:47:27 +0700] "POST /wp-cron.php?doing_wp_cron=1757288847.0864179134368896484375 HTTP/1.0" 200 416 "-" "WordPress/6.8.1; https://vattusacky.vn"
138.3.242.176 - - [08/Sep/2025:06:47:25 +0700] "GET /wp-json/wp/v2/posts?per_page=1&_fields=id,slug,comment_status HTTP/1.0" 200 1018 "-" "-"
138.3.242.176 - - [08/Sep/2025:06:47:30 +0700] "POST /wp-comments-post.php HTTP/1.0" 302 1157 "-" "-"
138.3.242.176 - - [08/Sep/2025:06:47:32 +0700] "GET /slot-gacor-hari-ini-game-slot-dengan-volatilitas-tinggi/?unapproved=1477&moderation-hash=0c105fa91c6a11fca514dd0f04358982 HTTP/1.0" 200 65035 "https://vattusacky.vn/wp-comments-post.php" "-"
213.180.203.230 - - [08/Sep/2025:06:48:04 +0700] "GET /robots.txt HTTP/1.0" 200 984 "-" "Mozilla/5.0 (compatible; YandexBot/3.0; +http://yandex.com/bots)"
45.117.177.72 - - [08/Sep/2025:06:48:45 +0700] "POST /wp-cron.php?doing_wp_cron=1757288925.0074329376220703125000 HTTP/1.0" 200 416 "-" "WordPress/6.8.1; https://vattusacky.vn"
138.3.242.176 - - [08/Sep/2025:06:48:43 +0700] "GET /wp-json/wp/v2/posts?per_page=1&_fields=id,slug,comment_status HTTP/1.0" 200 1018 "-" "-"
138.3.242.176 - - [08/Sep/2025:06:48:47 +0700] "POST /wp-comments-post.php HTTP/1.0" 302 1157 "-" "-"
138.3.242.176 - - [08/Sep/2025:06:48:49 +0700] "GET /slot-gacor-hari-ini-game-slot-dengan-volatilitas-tinggi/?unapproved=1478&moderation-hash=ea845f2c5308ac290943857aa046e164 HTTP/1.0" 200 65035 "https://vattusacky.vn/wp-comments-post.php" "-"
3.232.102.111 - - [08/Sep/2025:06:48:55 +0700] "GET /lam-the-nao-de-co-duoc-su-vay-tien-fast-fintech-tien-bo-nhanh-chong-ruc-ro/ HTTP/1.0" 200 213212 "-" "Mozilla/5.0 AppleWebKit/537.36 (KHTML, like Gecko; compatible; Amazonbot/0.1; +https://developer.amazon.com/support/amazonbot) Chrome/119.0.6045.214 Safari/537.36"
45.117.177.72 - - [08/Sep/2025:06:49:49 +0700] "POST /wp-cron.php?doing_wp_cron=1757288989.0722029209136962890625 HTTP/1.0" 200 416 "-" "WordPress/6.8.1; https://vattusacky.vn"
138.3.242.176 - - [08/Sep/2025:06:49:47 +0700] "GET /wp-json/wp/v2/posts?per_page=1&_fields=id,slug,comment_status HTTP/1.0" 200 1018 "-" "-"
138.3.242.176 - - [08/Sep/2025:06:49:48 +0700] "GET /wp-json/wp/v2/posts?per_page=1&_fields=id,slug,comment_status HTTP/1.0" 200 1018 "-" "-"
138.3.242.176 - - [08/Sep/2025:06:49:51 +0700] "POST /wp-comments-post.php HTTP/1.0" 302 1157 "-" "-"
138.3.242.176 - - [08/Sep/2025:06:49:53 +0700] "POST /wp-comments-post.php HTTP/1.0" 429 3223 "-" "-"
138.3.242.176 - - [08/Sep/2025:06:49:53 +0700] "GET /slot-gacor-hari-ini-game-slot-dengan-volatilitas-tinggi/?unapproved=1479&moderation-hash=e29586e0d4e7be82d9cd13d0c39f231a HTTP/1.0" 200 65035 "https://vattusacky.vn/wp-comments-post.php" "-"
45.117.177.72 - - [08/Sep/2025:06:50:47 +0700] "POST /wp-cron.php?doing_wp_cron=1757289047.6740269660949707031250 HTTP/1.0" 200 416 "-" "WordPress/6.8.1; https://vattusacky.vn"
138.3.242.176 - - [08/Sep/2025:06:50:46 +0700] "GET /wp-json/wp/v2/posts?per_page=1&_fields=id,slug,comment_status HTTP/1.0" 200 1018 "-" "-"
138.3.242.176 - - [08/Sep/2025:06:50:50 +0700] "POST /wp-comments-post.php HTTP/1.0" 302 1157 "-" "-"
138.3.242.176 - - [08/Sep/2025:06:50:52 +0700] "GET /slot-gacor-hari-ini-game-slot-dengan-volatilitas-tinggi/?unapproved=1480&moderation-hash=b6d4da3568c67c95fce3e3980c13bd89 HTTP/1.0" 200 65035 "https://vattusacky.vn/wp-comments-post.php" "-"
45.117.177.72 - - [08/Sep/2025:06:51:47 +0700] "POST /wp-cron.php?doing_wp_cron=1757289107.3444080352783203125000 HTTP/1.0" 200 416 "-" "WordPress/6.8.1; https://vattusacky.vn"
45.84.107.222 - - [08/Sep/2025:06:51:46 +0700] "POST /xmlrpc.php HTTP/1.0" 200 956 "https://www.google.com/" "Mozilla/5.0 (Windows NT 10.0; Win64; x64) AppleWebKit/537.36 (KHTML, like Gecko) Chrome/87.0.4280.141 Safari/537.36 Edg/87.0.664.75"
45.117.177.72 - - [08/Sep/2025:06:52:23 +0700] "POST /wp-cron.php?doing_wp_cron=1757289143.3161749839782714843750 HTTP/1.0" 200 416 "-" "WordPress/6.8.1; https://vattusacky.vn"
138.3.242.176 - - [08/Sep/2025:06:52:22 +0700] "GET /wp-json/wp/v2/posts?per_page=1&_fields=id,slug,comment_status HTTP/1.0" 200 1018 "-" "-"
138.3.242.176 - - [08/Sep/2025:06:52:27 +0700] "POST /wp-comments-post.php HTTP/1.0" 302 1157 "-" "-"
138.3.242.176 - - [08/Sep/2025:06:52:29 +0700] "GET /slot-gacor-hari-ini-game-slot-dengan-volatilitas-tinggi/?unapproved=1481&moderation-hash=2ec71e8272d14753a1463c733ce56e14 HTTP/1.0" 200 65035 "https://vattusacky.vn/wp-comments-post.php" "-"
216.244.66.237 - - [08/Sep/2025:06:52:33 +0700] "GET /robots.txt HTTP/1.0" 200 984 "-" "Mozilla/5.0 (compatible; DotBot/1.2; +https://opensiteexplorer.org/dotbot; help@moz.com)"
138.3.242.176 - - [08/Sep/2025:06:52:53 +0700] "GET /wp-json/wp/v2/posts?per_page=1&_fields=id,slug,comment_status HTTP/1.0" 200 1018 "-" "-"
138.3.242.176 - - [08/Sep/2025:06:52:57 +0700] "POST /wp-comments-post.php HTTP/1.0" 302 1157 "-" "-"
138.3.242.176 - - [08/Sep/2025:06:52:59 +0700] "GET /slot-gacor-hari-ini-game-slot-dengan-volatilitas-tinggi/?unapproved=1482&moderation-hash=f913651757a664f80c6cb0ef462670dc HTTP/1.0" 200 65035 "https://vattusacky.vn/wp-comments-post.php" "-"
45.117.177.72 - - [08/Sep/2025:06:57:21 +0700] "POST /wp-cron.php?doing_wp_cron=1757289441.3369669914245605468750 HTTP/1.0" 200 416 "-" "WordPress/6.8.1; https://vattusacky.vn"
216.244.66.237 - - [08/Sep/2025:06:57:19 +0700] "GET /filters-and-facades-an-examination-of-self-presentation-on-omegle/feed/ HTTP/1.0" 200 1792 "-" "Mozilla/5.0 (compatible; DotBot/1.2; +https://opensiteexplorer.org/dotbot; help@moz.com)"
216.244.66.237 - - [08/Sep/2025:06:58:15 +0700] "GET /omegle-and-the-changing-dynamics-of-friendship/ HTTP/1.0" 200 91079 "-" "Mozilla/5.0 (compatible; DotBot/1.2; +https://opensiteexplorer.org/dotbot; help@moz.com)"
45.117.177.72 - - [08/Sep/2025:06:59:10 +0700] "POST /wp-cron.php?doing_wp_cron=1757289550.3711750507354736328125 HTTP/1.0" 200 416 "-" "WordPress/6.8.1; https://vattusacky.vn"
216.244.66.237 - - [08/Sep/2025:06:59:09 +0700] "GET /introduction-to-omegle-artistry-exploring-creative-collaborations-online/ HTTP/1.0" 200 83039 "-" "Mozilla/5.0 (compatible; DotBot/1.2; +https://opensiteexplorer.org/dotbot; help@moz.com)"
45.117.177.72 - - [08/Sep/2025:07:00:19 +0700] "POST /wp-cron.php?doing_wp_cron=1757289619.0249679088592529296875 HTTP/1.0" 200 416 "-" "WordPress/6.8.1; https://vattusacky.vn"
185.191.171.16 - - [08/Sep/2025:07:00:17 +0700] "GET /raging-bull-movie-where-to-watch-stream-online/ HTTP/1.0" 200 96800 "-" "Mozilla/5.0 (compatible; SemrushBot/7~bl; +http://www.semrush.com/bot.html)"
45.117.177.72 - - [08/Sep/2025:07:02:29 +0700] "POST /wp-cron.php?doing_wp_cron=1757289749.7538590431213378906250 HTTP/1.0" 200 416 "-" "WordPress/6.8.1; https://vattusacky.vn"
216.73.216.162 - - [08/Sep/2025:07:02:28 +0700] "GET /robots.txt HTTP/1.0" 200 984 "-" "Mozilla/5.0 AppleWebKit/537.36 (KHTML, like Gecko; compatible; ClaudeBot/1.0; +claudebot@anthropic.com)"
216.73.216.162 - - [08/Sep/2025:07:02:30 +0700] "GET /sitemap_index.xml HTTP/1.0" 200 2280 "-" "Mozilla/5.0 AppleWebKit/537.36 (KHTML, like Gecko; compatible; ClaudeBot/1.0; +claudebot@anthropic.com)"
20.171.207.254 - - [08/Sep/2025:07:02:39 +0700] "GET /?p=7229 HTTP/1.0" 301 646 "-" "Mozilla/5.0 AppleWebKit/537.36 (KHTML, like Gecko; compatible; GPTBot/1.2; +https://openai.com/gptbot)"
20.171.207.254 - - [08/Sep/2025:07:02:41 +0700] "GET /navigating-controversial-topics-on-omegle-dos-and-donts/ HTTP/1.0" 200 82982 "-" "Mozilla/5.0 AppleWebKit/537.36 (KHTML, like Gecko; compatible; GPTBot/1.2; +https://openai.com/gptbot)"
20.171.207.254 - - [08/Sep/2025:07:02:56 +0700] "GET /?p=8961 HTTP/1.0" 301 492 "-" "Mozilla/5.0 AppleWebKit/537.36 (KHTML, like Gecko; compatible; GPTBot/1.2; +https://openai.com/gptbot)"
20.171.207.254 - - [08/Sep/2025:07:02:58 +0700] "GET /the-secrets-to-engaging-conversations-on-omegle/ HTTP/1.0" 200 89939 "-" "Mozilla/5.0 AppleWebKit/537.36 (KHTML, like Gecko; compatible; GPTBot/1.2; +https://openai.com/gptbot)"
20.171.207.254 - - [08/Sep/2025:07:03:06 +0700] "GET /wp-json/oembed/1.0/embed?url=https%3A%2F%2Fvattusacky.vn%2Fmaking-serendipity-part-of-your-online-routine-on-omegle-and-ometv%2F HTTP/1.0" 200 3570 "-" "Mozilla/5.0 AppleWebKit/537.36 (KHTML, like Gecko; compatible; GPTBot/1.2; +https://openai.com/gptbot)"
20.171.207.254 - - [08/Sep/2025:07:03:14 +0700] "GET /omegles-role-in-political-activism-and-social-movements/ HTTP/1.0" 200 90735 "-" "Mozilla/5.0 AppleWebKit/537.36 (KHTML, like Gecko; compatible; GPTBot/1.2; +https://openai.com/gptbot)"
45.117.177.72 - - [08/Sep/2025:07:03:24 +0700] "POST /wp-cron.php?doing_wp_cron=1757289804.4412779808044433593750 HTTP/1.0" 200 416 "-" "WordPress/6.8.1; https://vattusacky.vn"
20.171.207.254 - - [08/Sep/2025:07:03:22 +0700] "GET /?p=8479 HTTP/1.0" 301 517 "-" "Mozilla/5.0 AppleWebKit/537.36 (KHTML, like Gecko; compatible; GPTBot/1.2; +https://openai.com/gptbot)"
20.171.207.254 - - [08/Sep/2025:07:03:24 +0700] "GET /the-future-of-omegle-predictions-and-trends-in-online-social-interaction/ HTTP/1.0" 200 93496 "-" "Mozilla/5.0 AppleWebKit/537.36 (KHTML, like Gecko; compatible; GPTBot/1.2; +https://openai.com/gptbot)"
85.208.96.211 - - [08/Sep/2025:07:03:32 +0700] "GET /22bet-india-169/ HTTP/1.0" 200 112206 "-" "Mozilla/5.0 (compatible; SemrushBot/7~bl; +http://www.semrush.com/bot.html)"
20.171.207.254 - - [08/Sep/2025:07:03:39 +0700] "GET /wp-json/oembed/1.0/embed?format=xml&url=https%3A%2F%2Fvattusacky.vn%2Fthe-benefits-of-peer-support-on-omegle-and-ometv%2F HTTP/1.0" 200 3608 "-" "Mozilla/5.0 AppleWebKit/537.36 (KHTML, like Gecko; compatible; GPTBot/1.2; +https://openai.com/gptbot)"
20.171.207.254 - - [08/Sep/2025:07:03:52 +0700] "GET /?p=9019 HTTP/1.0" 301 500 "-" "Mozilla/5.0 AppleWebKit/537.36 (KHTML, like Gecko; compatible; GPTBot/1.2; +https://openai.com/gptbot)"
20.171.207.254 - - [08/Sep/2025:07:03:54 +0700] "GET /tips-for-engaging-in-meaningful-conversations-on-omegle/ HTTP/1.0" 200 88166 "-" "Mozilla/5.0 AppleWebKit/537.36 (KHTML, like Gecko; compatible; GPTBot/1.2; +https://openai.com/gptbot)"
17.241.75.121 - - [08/Sep/2025:07:03:55 +0700] "GET /omegle-and-virtual-tourism-discovering-new-places-through-online-conversations/ HTTP/1.0" 200 92911 "-" "Mozilla/5.0 (Macintosh; Intel Mac OS X 10_15_7) AppleWebKit/605.1.15 (KHTML, like Gecko) Version/17.4 Safari/605.1.15 (Applebot/0.1; +http://www.apple.com/go/applebot)"
20.171.207.254 - - [08/Sep/2025:07:04:14 +0700] "GET /?p=7816 HTTP/1.0" 301 500 "-" "Mozilla/5.0 AppleWebKit/537.36 (KHTML, like Gecko; compatible; GPTBot/1.2; +https://openai.com/gptbot)"
20.171.207.254 - - [08/Sep/2025:07:04:15 +0700] "GET /omegles-future-redefining-connection-in-the-digital-age/ HTTP/1.0" 200 90396 "-" "Mozilla/5.0 AppleWebKit/537.36 (KHTML, like Gecko; compatible; GPTBot/1.2; +https://openai.com/gptbot)"
45.117.177.72 - - [08/Sep/2025:07:04:24 +0700] "POST /wp-cron.php?doing_wp_cron=1757289864.2175049781799316406250 HTTP/1.0" 200 416 "-" "WordPress/6.8.1; https://vattusacky.vn"
185.191.171.11 - - [08/Sep/2025:07:04:22 +0700] "GET /category/uncategorized/page/343/ HTTP/1.0" 200 77497 "-" "Mozilla/5.0 (compatible; SemrushBot/7~bl; +http://www.semrush.com/bot.html)"
20.171.207.254 - - [08/Sep/2025:07:04:40 +0700] "GET /wp-json/oembed/1.0/embed?url=https%3A%2F%2Fvattusacky.vn%2Fomegle-and-new-media-the-intersection-of-technology-and-society%2F HTTP/1.0" 200 3543 "-" "Mozilla/5.0 AppleWebKit/537.36 (KHTML, like Gecko; compatible; GPTBot/1.2; +https://openai.com/gptbot)"
20.171.207.254 - - [08/Sep/2025:07:04:56 +0700] "GET /?p=7905 HTTP/1.0" 301 502 "-" "Mozilla/5.0 AppleWebKit/537.36 (KHTML, like Gecko; compatible; GPTBot/1.2; +https://openai.com/gptbot)"
20.171.207.254 - - [08/Sep/2025:07:04:58 +0700] "GET /omegles-next-phase-advancements-in-random-chat-technology/ HTTP/1.0" 200 90286 "-" "Mozilla/5.0 AppleWebKit/537.36 (KHTML, like Gecko; compatible; GPTBot/1.2; +https://openai.com/gptbot)"
101.46.14.19 - - [08/Sep/2025:07:05:02 +0700] "GET /tips-for-choosing-the-best-online-gambling-sites/ HTTP/1.0" 200 207090 "https://vattusacky.vn/tips-for-choosing-the-best-online-gambling-sites/" "Mozilla/5.0 (Macintosh; Intel Mac OS X 10_15_7) AppleWebKit/537.36 (KHTML, like Gecko) Chrome/119.0.0.0 Safari/537.36"
20.171.207.254 - - [08/Sep/2025:07:05:12 +0700] "GET /omegle-and-ometv-for-exploring-music-and-art/ HTTP/1.0" 200 89662 "-" "Mozilla/5.0 AppleWebKit/537.36 (KHTML, like Gecko; compatible; GPTBot/1.2; +https://openai.com/gptbot)"
45.117.177.72 - - [08/Sep/2025:07:05:18 +0700] "POST /wp-cron.php?doing_wp_cron=1757289917.9262371063232421875000 HTTP/1.0" 200 416 "-" "WordPress/6.8.1; https://vattusacky.vn"
54.39.203.2 - - [08/Sep/2025:07:05:16 +0700] "GET /sitemap_index.xml HTTP/1.0" 200 2426 "-" "Mozilla/5.0 (compatible; AhrefsBot/7.0; +http://ahrefs.com/robot/)"
142.44.225.124 - - [08/Sep/2025:07:05:19 +0700] "GET /post-sitemap.xml HTTP/1.0" 500 3278 "-" "Mozilla/5.0 (compatible; AhrefsBot/7.0; +http://ahrefs.com/robot/)"
20.171.207.254 - - [08/Sep/2025:07:05:28 +0700] "GET /the-dynamic-world-of-omegle-how-conversations-evolve-and-change-over-time/ HTTP/1.0" 200 90618 "-" "Mozilla/5.0 AppleWebKit/537.36 (KHTML, like Gecko; compatible; GPTBot/1.2; +https://openai.com/gptbot)"
51.222.168.12 - - [08/Sep/2025:07:05:30 +0700] "GET /post-sitemap2.xml HTTP/1.0" 200 158032 "-" "Mozilla/5.0 (compatible; AhrefsBot/7.0; +http://ahrefs.com/robot/)"
142.44.233.229 - - [08/Sep/2025:07:05:39 +0700] "GET /post-sitemap3.xml HTTP/1.0" 200 155802 "-" "Mozilla/5.0 (compatible; AhrefsBot/7.0; +http://ahrefs.com/robot/)"
89.44.58.112 - - [08/Sep/2025:07:05:45 +0700] "GET /wp-json/wp/v2/posts?slug=/how-you-can-date-delightful-single-latina-women/ HTTP/1.0" 200 183295 "-" "-"
89.44.58.112 - - [08/Sep/2025:07:05:45 +0700] "GET /wp-json/wp/v2/posts?slug=/how-you-can-date-delightful-single-latina-women/ HTTP/1.0" 200 183295 "-" "-"
20.171.207.254 - - [08/Sep/2025:07:05:45 +0700] "GET /omegle-and-creativity-the-platform-as-a-source-of-inspiration-for-artists/ HTTP/1.0" 200 79213 "-" "Mozilla/5.0 AppleWebKit/537.36 (KHTML, like Gecko; compatible; GPTBot/1.2; +https://openai.com/gptbot)"
15.235.27.117 - - [08/Sep/2025:07:05:45 +0700] "GET /post-sitemap4.xml HTTP/1.0" 200 157863 "-" "Mozilla/5.0 (compatible; AhrefsBot/7.0; +http://ahrefs.com/robot/)"
89.44.58.112 - - [08/Sep/2025:07:05:49 +0700] "POST /wp-comments-post.php HTTP/1.0" 302 1149 "-" "-"
89.44.58.112 - - [08/Sep/2025:07:05:49 +0700] "POST /wp-comments-post.php HTTP/1.0" 429 3223 "-" "-"
89.44.58.112 - - [08/Sep/2025:07:05:51 +0700] "GET /how-you-can-date-delightful-single-latina-women/?unapproved=1483&moderation-hash=19a1293f3bc8c8d52fa52e7c021001a3 HTTP/1.0" 200 208543 "-" "-"
142.44.233.231 - - [08/Sep/2025:07:05:50 +0700] "GET /post-sitemap5.xml HTTP/1.0" 200 159938 "-" "Mozilla/5.0 (compatible; AhrefsBot/7.0; +http://ahrefs.com/robot/)"
54.39.210.181 - - [08/Sep/2025:07:05:55 +0700] "GET /post-sitemap6.xml HTTP/1.0" 200 42210 "-" "Mozilla/5.0 (compatible; AhrefsBot/7.0; +http://ahrefs.com/robot/)"
15.235.96.146 - - [08/Sep/2025:07:05:58 +0700] "GET /page-sitemap.xml HTTP/1.0" 200 1873 "-" "Mozilla/5.0 (compatible; AhrefsBot/7.0; +http://ahrefs.com/robot/)"
51.222.95.19 - - [08/Sep/2025:07:06:01 +0700] "GET /attachment-sitemap.xml HTTP/1.0" 200 72345 "-" "Mozilla/5.0 (compatible; AhrefsBot/7.0; +http://ahrefs.com/robot/)"
148.113.130.93 - - [08/Sep/2025:07:06:11 +0700] "GET /product-sitemap.xml HTTP/1.0" 200 51048 "-" "Mozilla/5.0 (compatible; AhrefsBot/7.0; +http://ahrefs.com/robot/)"
20.171.207.254 - - [08/Sep/2025:07:06:14 +0700] "GET /the-role-of-networking-in-expanding-cultural-awareness-on-omegle-and-ometv/ HTTP/1.0" 200 93306 "-" "Mozilla/5.0 AppleWebKit/537.36 (KHTML, like Gecko; compatible; GPTBot/1.2; +https://openai.com/gptbot)"
45.117.177.72 - - [08/Sep/2025:07:06:18 +0700] "POST /wp-cron.php?doing_wp_cron=1757289978.5796089172363281250000 HTTP/1.0" 200 416 "-" "WordPress/6.8.1; https://vattusacky.vn"
54.39.89.107 - - [08/Sep/2025:07:06:17 +0700] "GET /category-sitemap.xml HTTP/1.0" 200 24564 "-" "Mozilla/5.0 (compatible; AhrefsBot/7.0; +http://ahrefs.com/robot/)"
54.39.203.153 - - [08/Sep/2025:07:06:20 +0700] "GET /post_tag-sitemap.xml HTTP/1.0" 200 12903 "-" "Mozilla/5.0 (compatible; AhrefsBot/7.0; +http://ahrefs.com/robot/)"
87.250.224.8 - - [08/Sep/2025:07:06:22 +0700] "GET /sladkaja-bonanza-jarkij-dizajn-i-potencialnye-2/ HTTP/1.0" 200 93188 "-" "Mozilla/5.0 (compatible; YandexBot/3.0; +http://yandex.com/bots)"
142.44.228.229 - - [08/Sep/2025:07:06:23 +0700] "GET /product_cat-sitemap.xml HTTP/1.0" 200 8595 "-" "Mozilla/5.0 (compatible; AhrefsBot/7.0; +http://ahrefs.com/robot/)"
54.39.136.25 - - [08/Sep/2025:07:06:26 +0700] "GET /product_tag-sitemap.xml HTTP/1.0" 200 28520 "-" "Mozilla/5.0 (compatible; AhrefsBot/7.0; +http://ahrefs.com/robot/)"
20.171.207.254 - - [08/Sep/2025:07:06:32 +0700] "GET /mengapa-slot-thailand-menjadi-primadona-di-kalangan-pecinta-slot/ HTTP/1.0" 200 65570 "-" "Mozilla/5.0 AppleWebKit/537.36 (KHTML, like Gecko; compatible; GPTBot/1.2; +https://openai.com/gptbot)"
20.171.207.254 - - [08/Sep/2025:07:06:45 +0700] "GET /the-world-at-your-fingertips-exploring-global-diversity-on-omegle-and-ometv/ HTTP/1.0" 200 93055 "-" "Mozilla/5.0 AppleWebKit/537.36 (KHTML, like Gecko; compatible; GPTBot/1.2; +https://openai.com/gptbot)"
107.189.30.241 - - [08/Sep/2025:07:06:59 +0700] "GET /wp-login.php HTTP/1.0" 200 11388 "-" "Mozilla/5.0 (Windows NT 6.1) AppleWebKit/537.36 (KHTML, like Gecko) Chrome/35.0.1916.153 Safari/537.36"
20.171.207.254 - - [08/Sep/2025:07:07:03 +0700] "GET /the-implications-of-virtual-reality-on-the-future-of-platforms-like-omegle/ HTTP/1.0" 200 91028 "-" "Mozilla/5.0 AppleWebKit/537.36 (KHTML, like Gecko; compatible; GPTBot/1.2; +https://openai.com/gptbot)"
45.117.177.72 - - [08/Sep/2025:07:08:00 +0700] "POST /wp-cron.php?doing_wp_cron=1757290080.3690350055694580078125 HTTP/1.0" 200 416 "-" "WordPress/6.8.1; https://vattusacky.vn"
20.171.207.254 - - [08/Sep/2025:07:07:59 +0700] "GET /?p=7967 HTTP/1.0" 301 646 "-" "Mozilla/5.0 AppleWebKit/537.36 (KHTML, like Gecko; compatible; GPTBot/1.2; +https://openai.com/gptbot)"
20.171.207.254 - - [08/Sep/2025:07:08:03 +0700] "GET /omegles-role-in-political-activism-and-social-movements/ HTTP/1.0" 200 90735 "-" "Mozilla/5.0 AppleWebKit/537.36 (KHTML, like Gecko; compatible; GPTBot/1.2; +https://openai.com/gptbot)"
45.117.177.72 - - [08/Sep/2025:07:08:37 +0700] "POST /wp-cron.php?doing_wp_cron=1757290117.0182230472564697265625 HTTP/1.0" 200 416 "-" "WordPress/6.8.1; https://vattusacky.vn"
20.171.207.254 - - [08/Sep/2025:07:08:35 +0700] "GET /omegle-and-ometv-investigating-the-impact-on-self-esteem-and-social-anxiety/ HTTP/1.0" 200 91644 "-" "Mozilla/5.0 AppleWebKit/537.36 (KHTML, like Gecko; compatible; GPTBot/1.2; +https://openai.com/gptbot)"
45.117.177.72 - - [08/Sep/2025:07:09:00 +0700] "POST /wp-cron.php?doing_wp_cron=1757290140.5332880020141601562500 HTTP/1.0" 200 416 "-" "WordPress/6.8.1; https://vattusacky.vn"
20.171.207.254 - - [08/Sep/2025:07:08:59 +0700] "GET /the-business-of-random-chats-how-omegle-and-ometv-monetize-their-platforms/ HTTP/1.0" 200 91909 "-" "Mozilla/5.0 AppleWebKit/537.36 (KHTML, like Gecko; compatible; GPTBot/1.2; +https://openai.com/gptbot)"
45.117.177.72 - - [08/Sep/2025:07:09:17 +0700] "POST /wp-cron.php?doing_wp_cron=1757290157.5492179393768310546875 HTTP/1.0" 200 416 "-" "WordPress/6.8.1; https://vattusacky.vn"
185.191.171.4 - - [08/Sep/2025:07:09:16 +0700] "GET /debugger-for-omegle-tools-for-troubleshooting-common-issues/ HTTP/1.0" 200 94050 "-" "Mozilla/5.0 (compatible; SemrushBot/7~bl; +http://www.semrush.com/bot.html)"
20.171.207.254 - - [08/Sep/2025:07:09:16 +0700] "GET /?p=8402 HTTP/1.0" 301 518 "-" "Mozilla/5.0 AppleWebKit/537.36 (KHTML, like Gecko; compatible; GPTBot/1.2; +https://openai.com/gptbot)"
20.171.207.254 - - [08/Sep/2025:07:09:18 +0700] "GET /the-dynamic-world-of-omegle-how-conversations-evolve-and-change-over-time/ HTTP/1.0" 200 90618 "-" "Mozilla/5.0 AppleWebKit/537.36 (KHTML, like Gecko; compatible; GPTBot/1.2; +https://openai.com/gptbot)"
17.246.23.150 - - [08/Sep/2025:07:09:35 +0700] "GET /wp-content/plugins/gridlist-view-for-woocommerce/css/shop_lgv.css?ver=1.1.8 HTTP/1.0" 200 440 "https://vattusacky.vn/how-to-begin-your-blog-not-having-investment/" "Mozilla/5.0 (Macintosh; Intel Mac OS X 10_15_7) AppleWebKit/605.1.15 (KHTML, like Gecko) Version/17.4 Safari/605.1.15 (Applebot/0.1; +http://www.apple.com/go/applebot)"
17.246.23.90 - - [08/Sep/2025:07:09:35 +0700] "GET /wp-content/plugins/gridlist-view-for-woocommerce/berocket/assets/css/font-awesome.min.css?ver=6.8.1 HTTP/1.0" 200 464 "https://vattusacky.vn/how-to-begin-your-blog-not-having-investment/" "Mozilla/5.0 (Macintosh; Intel Mac OS X 10_15_7) AppleWebKit/605.1.15 (KHTML, like Gecko) Version/17.4 Safari/605.1.15 (Applebot/0.1; +http://www.apple.com/go/applebot)"
17.246.19.83 - - [08/Sep/2025:07:09:36 +0700] "GET /wp-includes/css/dist/block-library/style.min.css?ver=6.8.1 HTTP/1.0" 200 423 "https://vattusacky.vn/how-to-begin-your-blog-not-having-investment/" "Mozilla/5.0 (Macintosh; Intel Mac OS X 10_15_7) AppleWebKit/605.1.15 (KHTML, like Gecko) Version/17.4 Safari/605.1.15 (Applebot/0.1; +http://www.apple.com/go/applebot)"
17.246.19.87 - - [08/Sep/2025:07:09:36 +0700] "GET /wp-content/plugins/contact-form-7/includes/css/styles.css?ver=6.0.6 HTTP/1.0" 200 432 "https://vattusacky.vn/how-to-begin-your-blog-not-having-investment/" "Mozilla/5.0 (Macintosh; Intel Mac OS X 10_15_7) AppleWebKit/605.1.15 (KHTML, like Gecko) Version/17.4 Safari/605.1.15 (Applebot/0.1; +http://www.apple.com/go/applebot)"
17.246.15.52 - - [08/Sep/2025:07:09:37 +0700] "GET /wp-content/plugins/devvn-stickytooltip/stickytooltip.css?ver=1.0.0 HTTP/1.0" 200 431 "https://vattusacky.vn/how-to-begin-your-blog-not-having-investment/" "Mozilla/5.0 (Macintosh; Intel Mac OS X 10_15_7) AppleWebKit/605.1.15 (KHTML, like Gecko) Version/17.4 Safari/605.1.15 (Applebot/0.1; +http://www.apple.com/go/applebot)"
17.246.19.82 - - [08/Sep/2025:07:09:37 +0700] "GET /wp-content/plugins/content-views-query-and-display-post-page/public/assets/css/cv.css?ver=4.1 HTTP/1.0" 200 460 "https://vattusacky.vn/how-to-begin-your-blog-not-having-investment/" "Mozilla/5.0 (Macintosh; Intel Mac OS X 10_15_7) AppleWebKit/605.1.15 (KHTML, like Gecko) Version/17.4 Safari/605.1.15 (Applebot/0.1; +http://www.apple.com/go/applebot)"
17.246.19.70 - - [08/Sep/2025:07:09:38 +0700] "GET /wp-content/plugins/woocommerce/assets/css/woocommerce-layout.css?ver=9.8.3 HTTP/1.0" 200 439 "https://vattusacky.vn/how-to-begin-your-blog-not-having-investment/" "Mozilla/5.0 (Macintosh; Intel Mac OS X 10_15_7) AppleWebKit/605.1.15 (KHTML, like Gecko) Version/17.4 Safari/605.1.15 (Applebot/0.1; +http://www.apple.com/go/applebot)"
17.246.19.239 - - [08/Sep/2025:07:09:38 +0700] "GET /wp-content/plugins/woocommerce/assets/css/woocommerce.css?ver=9.8.3 HTTP/1.0" 200 432 "https://vattusacky.vn/how-to-begin-your-blog-not-having-investment/" "Mozilla/5.0 (Macintosh; Intel Mac OS X 10_15_7) AppleWebKit/605.1.15 (KHTML, like Gecko) Version/17.4 Safari/605.1.15 (Applebot/0.1; +http://www.apple.com/go/applebot)"
17.246.19.83 - - [08/Sep/2025:07:09:38 +0700] "GET /wp-content/plugins/yith-woocommerce-category-accordion-premium/cache/ywcca_dynamics.css?ver=6.8.1 HTTP/1.0" 200 462 "https://vattusacky.vn/how-to-begin-your-blog-not-having-investment/" "Mozilla/5.0 (Macintosh; Intel Mac OS X 10_15_7) AppleWebKit/605.1.15 (KHTML, like Gecko) Version/17.4 Safari/605.1.15 (Applebot/0.1; +http://www.apple.com/go/applebot)"
17.246.15.189 - - [08/Sep/2025:07:09:39 +0700] "GET /wp-content/plugins/yith-woocommerce-category-accordion-premium/assets/css/ywcca_style.css?ver=1.0.12 HTTP/1.0" 200 464 "https://vattusacky.vn/how-to-begin-your-blog-not-having-investment/" "Mozilla/5.0 (Macintosh; Intel Mac OS X 10_15_7) AppleWebKit/605.1.15 (KHTML, like Gecko) Version/17.4 Safari/605.1.15 (Applebot/0.1; +http://www.apple.com/go/applebot)"
20.171.207.254 - - [08/Sep/2025:07:09:38 +0700] "GET /?p=8591 HTTP/1.0" 301 519 "-" "Mozilla/5.0 AppleWebKit/537.36 (KHTML, like Gecko; compatible; GPTBot/1.2; +https://openai.com/gptbot)"
17.246.23.238 - - [08/Sep/2025:07:09:40 +0700] "GET /wp-content/plugins/woocommerce/assets/css/brands.css?ver=9.8.3 HTTP/1.0" 200 427 "https://vattusacky.vn/how-to-begin-your-blog-not-having-investment/" "Mozilla/5.0 (Macintosh; Intel Mac OS X 10_15_7) AppleWebKit/605.1.15 (KHTML, like Gecko) Version/17.4 Safari/605.1.15 (Applebot/0.1; +http://www.apple.com/go/applebot)"
17.246.15.64 - - [08/Sep/2025:07:09:40 +0700] "GET /wp-content/themes/tem_techno_v2/inc/css/bootstrap.min.css?ver=6.8.1 HTTP/1.0" 200 432 "https://vattusacky.vn/how-to-begin-your-blog-not-having-investment/" "Mozilla/5.0 (Macintosh; Intel Mac OS X 10_15_7) AppleWebKit/605.1.15 (KHTML, like Gecko) Version/17.4 Safari/605.1.15 (Applebot/0.1; +http://www.apple.com/go/applebot)"
17.246.19.239 - - [08/Sep/2025:07:09:40 +0700] "GET /wp-content/themes/tem_techno_v2/style.css?ver=6.8.1 HTTP/1.0" 200 416 "https://vattusacky.vn/how-to-begin-your-blog-not-having-investment/" "Mozilla/5.0 (Macintosh; Intel Mac OS X 10_15_7) AppleWebKit/605.1.15 (KHTML, like Gecko) Version/17.4 Safari/605.1.15 (Applebot/0.1; +http://www.apple.com/go/applebot)"
20.171.207.254 - - [08/Sep/2025:07:09:39 +0700] "GET /the-implications-of-virtual-reality-on-the-future-of-platforms-like-omegle/ HTTP/1.0" 200 91028 "-" "Mozilla/5.0 AppleWebKit/537.36 (KHTML, like Gecko; compatible; GPTBot/1.2; +https://openai.com/gptbot)"
17.246.23.205 - - [08/Sep/2025:07:09:41 +0700] "GET /wp-content/themes/tem_techno_v2/inc/css/font-awesome.min.css?ver=6.8.1 HTTP/1.0" 200 435 "https://vattusacky.vn/how-to-begin-your-blog-not-having-investment/" "Mozilla/5.0 (Macintosh; Intel Mac OS X 10_15_7) AppleWebKit/605.1.15 (KHTML, like Gecko) Version/17.4 Safari/605.1.15 (Applebot/0.1; +http://www.apple.com/go/applebot)"
17.246.23.238 - - [08/Sep/2025:07:09:41 +0700] "GET /wp-includes/js/jquery/jquery.min.js?ver=3.7.1 HTTP/1.0" 200 424 "https://vattusacky.vn/how-to-begin-your-blog-not-having-investment/" "Mozilla/5.0 (Macintosh; Intel Mac OS X 10_15_7) AppleWebKit/605.1.15 (KHTML, like Gecko) Version/17.4 Safari/605.1.15 (Applebot/0.1; +http://www.apple.com/go/applebot)"
17.246.15.90 - - [08/Sep/2025:07:09:42 +0700] "GET /wp-content/plugins/wp-pagenavi/pagenavi-css.css?ver=2.70 HTTP/1.0" 200 823 "https://vattusacky.vn/how-to-begin-your-blog-not-having-investment/" "Mozilla/5.0 (Macintosh; Intel Mac OS X 10_15_7) AppleWebKit/605.1.15 (KHTML, like Gecko) Version/17.4 Safari/605.1.15 (Applebot/0.1; +http://www.apple.com/go/applebot)"
17.246.23.205 - - [08/Sep/2025:07:09:42 +0700] "GET /wp-includes/js/jquery/jquery-migrate.min.js?ver=3.4.1 HTTP/1.0" 200 432 "https://vattusacky.vn/how-to-begin-your-blog-not-having-investment/" "Mozilla/5.0 (Macintosh; Intel Mac OS X 10_15_7) AppleWebKit/605.1.15 (KHTML, like Gecko) Version/17.4 Safari/605.1.15 (Applebot/0.1; +http://www.apple.com/go/applebot)"
17.246.19.83 - - [08/Sep/2025:07:09:42 +0700] "GET /wp-content/plugins/gridlist-view-for-woocommerce/js/jquery.cookie.js?ver=1.1.8 HTTP/1.0" 200 457 "https://vattusacky.vn/how-to-begin-your-blog-not-having-investment/" "Mozilla/5.0 (Macintosh; Intel Mac OS X 10_15_7) AppleWebKit/605.1.15 (KHTML, like Gecko) Version/17.4 Safari/605.1.15 (Applebot/0.1; +http://www.apple.com/go/applebot)"
17.246.19.55 - - [08/Sep/2025:07:09:44 +0700] "GET /wp-content/plugins/gridlist-view-for-woocommerce/js/grid_view.js?ver=1.1.8 HTTP/1.0" 200 453 "https://vattusacky.vn/how-to-begin-your-blog-not-having-investment/" "Mozilla/5.0 (Macintosh; Intel Mac OS X 10_15_7) AppleWebKit/605.1.15 (KHTML, like Gecko) Version/17.4 Safari/605.1.15 (Applebot/0.1; +http://www.apple.com/go/applebot)"
17.246.23.205 - - [08/Sep/2025:07:09:44 +0700] "GET /wp-content/plugins/woocommerce/assets/js/js-cookie/js.cookie.min.js?ver=2.1.4-wc.9.8.3 HTTP/1.0" 200 456 "https://vattusacky.vn/how-to-begin-your-blog-not-having-investment/" "Mozilla/5.0 (Macintosh; Intel Mac OS X 10_15_7) AppleWebKit/605.1.15 (KHTML, like Gecko) Version/17.4 Safari/605.1.15 (Applebot/0.1; +http://www.apple.com/go/applebot)"
17.246.19.148 - - [08/Sep/2025:07:09:44 +0700] "GET /wp-content/plugins/woocommerce/assets/js/jquery-blockui/jquery.blockUI.min.js?ver=2.7.0-wc.9.8.3 HTTP/1.0" 200 466 "https://vattusacky.vn/how-to-begin-your-blog-not-having-investment/" "Mozilla/5.0 (Macintosh; Intel Mac OS X 10_15_7) AppleWebKit/605.1.15 (KHTML, like Gecko) Version/17.4 Safari/605.1.15 (Applebot/0.1; +http://www.apple.com/go/applebot)"
17.246.15.90 - - [08/Sep/2025:07:09:44 +0700] "GET /wp-content/plugins/woocommerce/assets/js/frontend/add-to-cart.min.js?ver=9.8.3 HTTP/1.0" 200 457 "https://vattusacky.vn/how-to-begin-your-blog-not-having-investment/" "Mozilla/5.0 (Macintosh; Intel Mac OS X 10_15_7) AppleWebKit/605.1.15 (KHTML, like Gecko) Version/17.4 Safari/605.1.15 (Applebot/0.1; +http://www.apple.com/go/applebot)"
17.246.19.163 - - [08/Sep/2025:07:09:46 +0700] "GET /wp-content/plugins/woocommerce/assets/js/frontend/woocommerce.min.js?ver=9.8.3 HTTP/1.0" 200 457 "https://vattusacky.vn/how-to-begin-your-blog-not-having-investment/" "Mozilla/5.0 (Macintosh; Intel Mac OS X 10_15_7) AppleWebKit/605.1.15 (KHTML, like Gecko) Version/17.4 Safari/605.1.15 (Applebot/0.1; +http://www.apple.com/go/applebot)"
17.246.19.82 - - [08/Sep/2025:07:09:46 +0700] "GET /wp-content/themes/tem_techno_v2/inc/js/bootstrap.min.js?ver=6.8.1 HTTP/1.0" 200 444 "https://vattusacky.vn/how-to-begin-your-blog-not-having-investment/" "Mozilla/5.0 (Macintosh; Intel Mac OS X 10_15_7) AppleWebKit/605.1.15 (KHTML, like Gecko) Version/17.4 Safari/605.1.15 (Applebot/0.1; +http://www.apple.com/go/applebot)"
