45.117.177.72 - - [09/Sep/2025:07:38:19 +0700] "POST /wp-cron.php?doing_wp_cron=1757378299.6959090232849121093750 HTTP/1.0" 200 416 "-" "WordPress/6.8.1; https://vattusacky.vn"
20.171.207.204 - - [09/Sep/2025:07:38:18 +0700] "GET /unveiling-the-mystery-understanding-the-psychology-of-omegle-chats/ HTTP/1.0" 200 91868 "-" "Mozilla/5.0 AppleWebKit/537.36 (KHTML, like Gecko; compatible; GPTBot/1.2; +https://openai.com/gptbot)"
95.91.104.195 - - [09/Sep/2025:07:38:18 +0700] "GET /mobil%D1%8Cnye-kriptokoshel%D1%8Cki-top-10-luchshih/ HTTP/1.0" 200 216618 "-" "Mozilla/5.0 (compatible; MJ12bot/v1.4.8; http://mj12bot.com/)"
95.91.104.195 - - [09/Sep/2025:07:38:24 +0700] "GET /refused-by-every-lady-tips-change-situations-arounda%C2%80%C2%A6/ HTTP/1.0" 200 211636 "-" "Mozilla/5.0 (compatible; MJ12bot/v1.4.8; http://mj12bot.com/)"
20.171.207.204 - - [09/Sep/2025:07:38:25 +0700] "GET /?p=7209 HTTP/1.0" 301 479 "-" "Mozilla/5.0 AppleWebKit/537.36 (KHTML, like Gecko; compatible; GPTBot/1.2; +https://openai.com/gptbot)"
20.171.207.204 - - [09/Sep/2025:07:38:27 +0700] "GET /meeting-new-people-safely-on-ometv/ HTTP/1.0" 200 91660 "-" "Mozilla/5.0 AppleWebKit/537.36 (KHTML, like Gecko; compatible; GPTBot/1.2; +https://openai.com/gptbot)"
95.91.104.195 - - [09/Sep/2025:07:38:28 +0700] "GET /san-pham/bo-dung-cu-lay-mau-dat-2%C2%BC-co-ky-hieu-signature-soil-sampler-kit/ HTTP/1.0" 200 329817 "-" "Mozilla/5.0 (compatible; MJ12bot/v1.4.8; http://mj12bot.com/)"
95.91.104.195 - - [09/Sep/2025:07:38:32 +0700] "GET /san-pham/bo-dung-cu-lay-mau-dat-3%C2%BC-soil-sampler-kit/ HTTP/1.0" 200 329177 "-" "Mozilla/5.0 (compatible; MJ12bot/v1.4.8; http://mj12bot.com/)"
20.171.207.204 - - [09/Sep/2025:07:38:35 +0700] "GET /?p=3001 HTTP/1.0" 301 479 "-" "Mozilla/5.0 AppleWebKit/537.36 (KHTML, like Gecko; compatible; GPTBot/1.2; +https://openai.com/gptbot)"
20.171.207.204 - - [09/Sep/2025:07:38:37 +0700] "GET /preparing-a-romantic-date-night-in/ HTTP/1.0" 200 204116 "-" "Mozilla/5.0 AppleWebKit/537.36 (KHTML, like Gecko; compatible; GPTBot/1.2; +https://openai.com/gptbot)"
95.91.104.195 - - [09/Sep/2025:07:38:38 +0700] "GET /san-pham/thiet-bi-lay-mau-bui-pm10-pm2-5-pm1-0-1-5-%C3%B7-5-5-m3h/ HTTP/1.0" 200 515026 "-" "Mozilla/5.0 (compatible; MJ12bot/v1.4.8; http://mj12bot.com/)"
20.171.207.204 - - [09/Sep/2025:07:38:43 +0700] "GET /?p=8590 HTTP/1.0" 301 520 "-" "Mozilla/5.0 AppleWebKit/537.36 (KHTML, like Gecko; compatible; GPTBot/1.2; +https://openai.com/gptbot)"
95.91.104.195 - - [09/Sep/2025:07:38:43 +0700] "GET /san-pham/thiet-bi-lay-mau-bui-pm10-pm2-5-pm1-0-1-5-%C3%B7-5-5-m3h-2/ HTTP/1.0" 200 511181 "-" "Mozilla/5.0 (compatible; MJ12bot/v1.4.8; http://mj12bot.com/)"
20.171.207.204 - - [09/Sep/2025:07:38:45 +0700] "GET /the-implications-of-virtual-masks-on-online-communication-and-relationships/ HTTP/1.0" 200 92403 "-" "Mozilla/5.0 AppleWebKit/537.36 (KHTML, like Gecko; compatible; GPTBot/1.2; +https://openai.com/gptbot)"
95.91.104.195 - - [09/Sep/2025:07:38:49 +0700] "GET /skil%D1%8Cki-zarobljae-programist-v-ukraini/ HTTP/1.0" 200 180216 "-" "Mozilla/5.0 (compatible; MJ12bot/v1.4.8; http://mj12bot.com/)"
20.171.207.204 - - [09/Sep/2025:07:38:54 +0700] "GET /omegle-and-cybersecurity-protecting-personal-information/ HTTP/1.0" 200 90049 "-" "Mozilla/5.0 AppleWebKit/537.36 (KHTML, like Gecko; compatible; GPTBot/1.2; +https://openai.com/gptbot)"
95.91.104.195 - - [09/Sep/2025:07:38:55 +0700] "GET /svechnye-patterny-kak-povysit%D1%8C-tochnost%D1%8C-svechnyh/ HTTP/1.0" 200 228241 "-" "Mozilla/5.0 (compatible; MJ12bot/v1.4.8; http://mj12bot.com/)"
95.91.104.195 - - [09/Sep/2025:07:38:59 +0700] "GET /trader-perevod-na-russkij-slovar%D1%8C-ital%D1%8Cjanskij/ HTTP/1.0" 200 227964 "-" "Mozilla/5.0 (compatible; MJ12bot/v1.4.8; http://mj12bot.com/)"
20.171.207.204 - - [09/Sep/2025:07:39:00 +0700] "GET /?p=7863 HTTP/1.0" 301 479 "-" "Mozilla/5.0 AppleWebKit/537.36 (KHTML, like Gecko; compatible; GPTBot/1.2; +https://openai.com/gptbot)"
20.171.207.204 - - [09/Sep/2025:07:39:01 +0700] "GET /omegles-impact-on-the-dating-scene/ HTTP/1.0" 200 90747 "-" "Mozilla/5.0 AppleWebKit/537.36 (KHTML, like Gecko; compatible; GPTBot/1.2; +https://openai.com/gptbot)"
95.91.104.195 - - [09/Sep/2025:07:39:03 +0700] "GET /%D0%B0%D0%BF%D0%BF%D0%B0%D1%80%D0%B0%D1%82-%D1%81-%D0%B2%D1%8B%D0%B4%D0%B0%D1%87%D0%B5%D0%B9-%D0%BF%D1%80%D0%B8%D0%B7%D0%BE%D0%B2-lucky-streak-unis-%D0%BA%D0%B8%D1%82%D0%B0%D0%B9-%D0%BA%D1%83%D0%BF/ HTTP/1.0" 200 224772 "-" "Mozilla/5.0 (compatible; MJ12bot/v1.4.8; http://mj12bot.com/)"
20.171.207.204 - - [09/Sep/2025:07:39:07 +0700] "GET /understanding-the-potential-risks-of-cybertherapy/ HTTP/1.0" 403 611 "-" "Mozilla/5.0 AppleWebKit/537.36 (KHTML, like Gecko; compatible; GPTBot/1.2; +https://openai.com/gptbot)"
95.91.104.195 - - [09/Sep/2025:07:39:07 +0700] "GET /%D0%BF%D1%80%D0%BE%D0%B5%D0%BA%D1%82%D1%8B-%D0%B4%D0%B5%D1%80%D0%B5%D0%B2%D1%8F%D0%BD%D0%BD%D1%8B%D1%85-%D0%B4%D0%BE%D0%BC%D0%BE%D0%B2-%D0%B7%D0%B0%D0%B3%D0%BE%D1%80%D0%BE%D0%B4%D0%BD%D1%8B%D0%B5/ HTTP/1.0" 200 167031 "-" "Mozilla/5.0 (compatible; MJ12bot/v1.4.8; http://mj12bot.com/)"
95.91.104.195 - - [09/Sep/2025:07:39:12 +0700] "GET /%D1%81%D0%BA%D0%B0%D1%87%D0%B0%D1%82%D1%8C-1xbet-kz-%D0%BC%D0%BE%D0%B1%D0%B8%D0%BB%D1%8C%D0%BD%D0%B0%D1%8F-%D0%B2%D0%B5%D1%80%D1%81%D0%B8%D1%8F-1%D1%85%D0%B1%D0%B5%D1%82-%D0%BD%D0%B0-%D0%B0%D0%BD/ HTTP/1.0" 200 114086 "-" "Mozilla/5.0 (compatible; MJ12bot/v1.4.8; http://mj12bot.com/)"
20.171.207.204 - - [09/Sep/2025:07:39:12 +0700] "GET /pros-and-cons-of-using-chatroulette/ HTTP/1.0" 200 89423 "-" "Mozilla/5.0 AppleWebKit/537.36 (KHTML, like Gecko; compatible; GPTBot/1.2; +https://openai.com/gptbot)"
45.117.177.72 - - [09/Sep/2025:07:39:17 +0700] "POST /wp-cron.php?doing_wp_cron=1757378357.0309650897979736328125 HTTP/1.0" 200 416 "-" "WordPress/6.8.1; https://vattusacky.vn"
95.91.104.195 - - [09/Sep/2025:07:39:15 +0700] "GET /%F0%9F%8E%B0-situs-slot-hari-ini-terbaik-terpercaya-2025-gampang-menang-besar-selalu-update-game-terbaru/ HTTP/1.0" 200 70119 "-" "Mozilla/5.0 (compatible; MJ12bot/v1.4.8; http://mj12bot.com/)"
20.171.207.204 - - [09/Sep/2025:07:39:17 +0700] "GET /wp-json/wp/v2/posts/4590 HTTP/1.0" 200 183821 "-" "Mozilla/5.0 AppleWebKit/537.36 (KHTML, like Gecko; compatible; GPTBot/1.2; +https://openai.com/gptbot)"
20.171.207.204 - - [09/Sep/2025:07:39:23 +0700] "GET /omegle-and-online-gaming-communities/ HTTP/1.0" 200 89623 "-" "Mozilla/5.0 AppleWebKit/537.36 (KHTML, like Gecko; compatible; GPTBot/1.2; +https://openai.com/gptbot)"
20.171.207.204 - - [09/Sep/2025:07:39:30 +0700] "GET /five-qualities-for-a-good-matrimony/ HTTP/1.0" 200 206284 "-" "Mozilla/5.0 AppleWebKit/537.36 (KHTML, like Gecko; compatible; GPTBot/1.2; +https://openai.com/gptbot)"
20.171.207.204 - - [09/Sep/2025:07:39:36 +0700] "GET /?p=9167 HTTP/1.0" 301 511 "-" "Mozilla/5.0 AppleWebKit/537.36 (KHTML, like Gecko; compatible; GPTBot/1.2; +https://openai.com/gptbot)"
20.171.207.204 - - [09/Sep/2025:07:39:37 +0700] "GET /unveiling-the-mystery-understanding-the-psychology-of-omegle-chats/ HTTP/1.0" 200 91868 "-" "Mozilla/5.0 AppleWebKit/537.36 (KHTML, like Gecko; compatible; GPTBot/1.2; +https://openai.com/gptbot)"
20.171.207.204 - - [09/Sep/2025:07:39:43 +0700] "GET /?p=4590 HTTP/1.0" 301 534 "-" "Mozilla/5.0 AppleWebKit/537.36 (KHTML, like Gecko; compatible; GPTBot/1.2; +https://openai.com/gptbot)"
20.171.207.204 - - [09/Sep/2025:07:39:45 +0700] "GET /thirty-six-best-wedding-ceremony-quotes-and-desires-brief-marriage-ceremony-day-estimates/ HTTP/1.0" 200 209820 "-" "Mozilla/5.0 AppleWebKit/537.36 (KHTML, like Gecko; compatible; GPTBot/1.2; +https://openai.com/gptbot)"
20.171.207.204 - - [09/Sep/2025:07:39:51 +0700] "GET /?p=7428 HTTP/1.0" 301 479 "-" "Mozilla/5.0 AppleWebKit/537.36 (KHTML, like Gecko; compatible; GPTBot/1.2; +https://openai.com/gptbot)"
20.171.207.204 - - [09/Sep/2025:07:39:52 +0700] "GET /omegle-and-ometv-for-online-gaming/ HTTP/1.0" 200 88473 "-" "Mozilla/5.0 AppleWebKit/537.36 (KHTML, like Gecko; compatible; GPTBot/1.2; +https://openai.com/gptbot)"
20.171.207.204 - - [09/Sep/2025:07:39:58 +0700] "GET /?p=7334 HTTP/1.0" 301 501 "-" "Mozilla/5.0 AppleWebKit/537.36 (KHTML, like Gecko; compatible; GPTBot/1.2; +https://openai.com/gptbot)"
20.171.207.204 - - [09/Sep/2025:07:40:00 +0700] "GET /omegle-and-cybersecurity-protecting-personal-information/ HTTP/1.0" 200 90049 "-" "Mozilla/5.0 AppleWebKit/537.36 (KHTML, like Gecko; compatible; GPTBot/1.2; +https://openai.com/gptbot)"
20.171.207.204 - - [09/Sep/2025:07:40:06 +0700] "GET /?p=8110 HTTP/1.0" 301 480 "-" "Mozilla/5.0 AppleWebKit/537.36 (KHTML, like Gecko; compatible; GPTBot/1.2; +https://openai.com/gptbot)"
20.171.207.204 - - [09/Sep/2025:07:40:08 +0700] "GET /pros-and-cons-of-using-chatroulette/ HTTP/1.0" 200 89423 "-" "Mozilla/5.0 AppleWebKit/537.36 (KHTML, like Gecko; compatible; GPTBot/1.2; +https://openai.com/gptbot)"
20.171.207.204 - - [09/Sep/2025:07:40:14 +0700] "GET /the-history-and-evolution-of-omegle/ HTTP/1.0" 200 90117 "-" "Mozilla/5.0 AppleWebKit/537.36 (KHTML, like Gecko; compatible; GPTBot/1.2; +https://openai.com/gptbot)"
20.171.207.204 - - [09/Sep/2025:07:40:21 +0700] "GET /the-pros-and-cons-of-open-affairs/ HTTP/1.0" 200 209664 "-" "Mozilla/5.0 AppleWebKit/537.36 (KHTML, like Gecko; compatible; GPTBot/1.2; +https://openai.com/gptbot)"
20.171.207.204 - - [09/Sep/2025:07:40:33 +0700] "GET /?p=2195 HTTP/1.0" 301 480 "-" "Mozilla/5.0 AppleWebKit/537.36 (KHTML, like Gecko; compatible; GPTBot/1.2; +https://openai.com/gptbot)"
20.171.207.204 - - [09/Sep/2025:07:40:35 +0700] "GET /five-qualities-for-a-good-matrimony/ HTTP/1.0" 200 206284 "-" "Mozilla/5.0 AppleWebKit/537.36 (KHTML, like Gecko; compatible; GPTBot/1.2; +https://openai.com/gptbot)"
20.171.207.204 - - [09/Sep/2025:07:40:44 +0700] "GET /the-right-way-to-hookup-in-tiktok/ HTTP/1.0" 200 206220 "-" "Mozilla/5.0 AppleWebKit/537.36 (KHTML, like Gecko; compatible; GPTBot/1.2; +https://openai.com/gptbot)"
20.171.207.204 - - [09/Sep/2025:07:40:51 +0700] "GET /?p=2551 HTTP/1.0" 301 478 "-" "Mozilla/5.0 AppleWebKit/537.36 (KHTML, like Gecko; compatible; GPTBot/1.2; +https://openai.com/gptbot)"
20.171.207.204 - - [09/Sep/2025:07:40:53 +0700] "GET /the-pros-and-cons-of-open-affairs/ HTTP/1.0" 200 209810 "-" "Mozilla/5.0 AppleWebKit/537.36 (KHTML, like Gecko; compatible; GPTBot/1.2; +https://openai.com/gptbot)"
20.171.207.204 - - [09/Sep/2025:07:41:01 +0700] "GET /cho-vay-ung-dung-nhanh-trang-web-vdong-app-cho-vay-ung-dung-nhanh-nao-kha-dung/ HTTP/1.0" 200 211584 "-" "Mozilla/5.0 AppleWebKit/537.36 (KHTML, like Gecko; compatible; GPTBot/1.2; +https://openai.com/gptbot)"
20.171.207.204 - - [09/Sep/2025:07:41:08 +0700] "GET /can-you-meet-new-people-on-omegle/ HTTP/1.0" 200 86152 "-" "Mozilla/5.0 AppleWebKit/537.36 (KHTML, like Gecko; compatible; GPTBot/1.2; +https://openai.com/gptbot)"
20.171.207.204 - - [09/Sep/2025:07:41:16 +0700] "GET /omegle-vs-ometv-the-pros-and-cons/ HTTP/1.0" 200 88633 "-" "Mozilla/5.0 AppleWebKit/537.36 (KHTML, like Gecko; compatible; GPTBot/1.2; +https://openai.com/gptbot)"
45.117.177.72 - - [09/Sep/2025:07:41:25 +0700] "POST /wp-cron.php?doing_wp_cron=1757378484.8637750148773193359375 HTTP/1.0" 200 416 "-" "WordPress/6.8.1; https://vattusacky.vn"
20.171.207.204 - - [09/Sep/2025:07:41:23 +0700] "GET /?p=7463 HTTP/1.0" 301 481 "-" "Mozilla/5.0 AppleWebKit/537.36 (KHTML, like Gecko; compatible; GPTBot/1.2; +https://openai.com/gptbot)"
20.171.207.204 - - [09/Sep/2025:07:41:25 +0700] "GET /omegle-and-online-gaming-communities/ HTTP/1.0" 200 89623 "-" "Mozilla/5.0 AppleWebKit/537.36 (KHTML, like Gecko; compatible; GPTBot/1.2; +https://openai.com/gptbot)"
20.171.207.204 - - [09/Sep/2025:07:41:32 +0700] "GET /?p=8507 HTTP/1.0" 301 480 "-" "Mozilla/5.0 AppleWebKit/537.36 (KHTML, like Gecko; compatible; GPTBot/1.2; +https://openai.com/gptbot)"
20.171.207.204 - - [09/Sep/2025:07:41:33 +0700] "GET /the-history-and-evolution-of-omegle/ HTTP/1.0" 200 90117 "-" "Mozilla/5.0 AppleWebKit/537.36 (KHTML, like Gecko; compatible; GPTBot/1.2; +https://openai.com/gptbot)"
20.171.207.204 - - [09/Sep/2025:07:41:40 +0700] "GET /bahis-siteleri-guvenilir-casino-bonuslar-ve HTTP/1.0" 301 488 "-" "Mozilla/5.0 AppleWebKit/537.36 (KHTML, like Gecko; compatible; GPTBot/1.2; +https://openai.com/gptbot)"
20.171.207.204 - - [09/Sep/2025:07:41:42 +0700] "GET /bahis-siteleri-guvenilir-casino-bonuslar-ve/ HTTP/1.0" 200 217745 "-" "Mozilla/5.0 AppleWebKit/537.36 (KHTML, like Gecko; compatible; GPTBot/1.2; +https://openai.com/gptbot)"
20.171.207.204 - - [09/Sep/2025:07:41:51 +0700] "GET /free-local-gay-chat-freehookupssites/ HTTP/1.0" 200 220907 "-" "Mozilla/5.0 AppleWebKit/537.36 (KHTML, like Gecko; compatible; GPTBot/1.2; +https://openai.com/gptbot)"
20.171.207.204 - - [09/Sep/2025:07:42:00 +0700] "GET /catfishing-and-fake-profiles-on-ometv HTTP/1.0" 301 482 "-" "Mozilla/5.0 AppleWebKit/537.36 (KHTML, like Gecko; compatible; GPTBot/1.2; +https://openai.com/gptbot)"
20.171.207.204 - - [09/Sep/2025:07:42:01 +0700] "GET /catfishing-and-fake-profiles-on-ometv/ HTTP/1.0" 200 90051 "-" "Mozilla/5.0 AppleWebKit/537.36 (KHTML, like Gecko; compatible; GPTBot/1.2; +https://openai.com/gptbot)"
20.171.207.204 - - [09/Sep/2025:07:42:06 +0700] "GET /i-have-a-summary-of-desirable-qualities-exactly-why-is-it-hard-for-females-to-commit/ HTTP/1.0" 200 206654 "-" "Mozilla/5.0 AppleWebKit/537.36 (KHTML, like Gecko; compatible; GPTBot/1.2; +https://openai.com/gptbot)"
20.171.207.204 - - [09/Sep/2025:07:42:15 +0700] "GET /balancing-privacy-on-omegle-sharing-personal-information-responsibly/ HTTP/1.0" 200 88040 "-" "Mozilla/5.0 AppleWebKit/537.36 (KHTML, like Gecko; compatible; GPTBot/1.2; +https://openai.com/gptbot)"
20.171.207.204 - - [09/Sep/2025:07:42:20 +0700] "GET /styles-of-online-modern-casino-casino-wars-and-how-to-be-successful-learning-them/ HTTP/1.0" 200 211086 "-" "Mozilla/5.0 AppleWebKit/537.36 (KHTML, like Gecko; compatible; GPTBot/1.2; +https://openai.com/gptbot)"
20.171.207.204 - - [09/Sep/2025:07:42:32 +0700] "GET /?p=7766 HTTP/1.0" 301 478 "-" "Mozilla/5.0 AppleWebKit/537.36 (KHTML, like Gecko; compatible; GPTBot/1.2; +https://openai.com/gptbot)"
20.171.207.204 - - [09/Sep/2025:07:42:33 +0700] "GET /omegle-vs-ometv-the-pros-and-cons/ HTTP/1.0" 200 88633 "-" "Mozilla/5.0 AppleWebKit/537.36 (KHTML, like Gecko; compatible; GPTBot/1.2; +https://openai.com/gptbot)"
20.171.207.204 - - [09/Sep/2025:07:42:39 +0700] "GET /omegle-vs-ometv-the-safety-factor/ HTTP/1.0" 200 90833 "-" "Mozilla/5.0 AppleWebKit/537.36 (KHTML, like Gecko; compatible; GPTBot/1.2; +https://openai.com/gptbot)"
20.171.207.204 - - [09/Sep/2025:07:42:45 +0700] "GET /omegle-language-options-communicating-in-different-languages/ HTTP/1.0" 200 89526 "-" "Mozilla/5.0 AppleWebKit/537.36 (KHTML, like Gecko; compatible; GPTBot/1.2; +https://openai.com/gptbot)"
20.171.207.204 - - [09/Sep/2025:07:42:51 +0700] "GET /overcoming-relationship-betrayal-through-omegle-therapy/ HTTP/1.0" 403 617 "-" "Mozilla/5.0 AppleWebKit/537.36 (KHTML, like Gecko; compatible; GPTBot/1.2; +https://openai.com/gptbot)"
20.171.207.204 - - [09/Sep/2025:07:42:56 +0700] "GET /?p=6306 HTTP/1.0" 301 478 "-" "Mozilla/5.0 AppleWebKit/537.36 (KHTML, like Gecko; compatible; GPTBot/1.2; +https://openai.com/gptbot)"
20.171.207.204 - - [09/Sep/2025:07:42:58 +0700] "GET /can-you-meet-new-people-on-omegle/ HTTP/1.0" 200 86152 "-" "Mozilla/5.0 AppleWebKit/537.36 (KHTML, like Gecko; compatible; GPTBot/1.2; +https://openai.com/gptbot)"
20.171.207.204 - - [09/Sep/2025:07:43:05 +0700] "GET /overcoming-prejudices-through-omegles-social-experiment/ HTTP/1.0" 200 91207 "-" "Mozilla/5.0 AppleWebKit/537.36 (KHTML, like Gecko; compatible; GPTBot/1.2; +https://openai.com/gptbot)"
20.171.207.204 - - [09/Sep/2025:07:43:11 +0700] "GET /?p=3256 HTTP/1.0" 301 523 "-" "Mozilla/5.0 AppleWebKit/537.36 (KHTML, like Gecko; compatible; GPTBot/1.2; +https://openai.com/gptbot)"
20.171.207.204 - - [09/Sep/2025:07:43:13 +0700] "GET /cho-vay-ung-dung-nhanh-trang-web-vdong-app-cho-vay-ung-dung-nhanh-nao-kha-dung/ HTTP/1.0" 200 211584 "-" "Mozilla/5.0 AppleWebKit/537.36 (KHTML, like Gecko; compatible; GPTBot/1.2; +https://openai.com/gptbot)"
20.171.207.204 - - [09/Sep/2025:07:43:19 +0700] "GET /choosing-a-top-plank-room-carrier/ HTTP/1.0" 200 205189 "-" "Mozilla/5.0 AppleWebKit/537.36 (KHTML, like Gecko; compatible; GPTBot/1.2; +https://openai.com/gptbot)"
45.117.177.72 - - [09/Sep/2025:07:43:29 +0700] "POST /wp-cron.php?doing_wp_cron=1757378608.8285510540008544921875 HTTP/1.0" 200 416 "-" "WordPress/6.8.1; https://vattusacky.vn"
20.171.207.204 - - [09/Sep/2025:07:43:27 +0700] "GET /?p=2553 HTTP/1.0" 301 529 "-" "Mozilla/5.0 AppleWebKit/537.36 (KHTML, like Gecko; compatible; GPTBot/1.2; +https://openai.com/gptbot)"
20.171.207.204 - - [09/Sep/2025:07:43:29 +0700] "GET /i-have-a-summary-of-desirable-qualities-exactly-why-is-it-hard-for-females-to-commit/ HTTP/1.0" 200 206654 "-" "Mozilla/5.0 AppleWebKit/537.36 (KHTML, like Gecko; compatible; GPTBot/1.2; +https://openai.com/gptbot)"
20.171.207.204 - - [09/Sep/2025:07:43:36 +0700] "GET /?p=7768 HTTP/1.0" 301 478 "-" "Mozilla/5.0 AppleWebKit/537.36 (KHTML, like Gecko; compatible; GPTBot/1.2; +https://openai.com/gptbot)"
20.171.207.204 - - [09/Sep/2025:07:43:37 +0700] "GET /omegle-vs-ometv-the-safety-factor/ HTTP/1.0" 200 90833 "-" "Mozilla/5.0 AppleWebKit/537.36 (KHTML, like Gecko; compatible; GPTBot/1.2; +https://openai.com/gptbot)"
45.117.177.72 - - [09/Sep/2025:07:43:49 +0700] "POST /wp-cron.php?doing_wp_cron=1757378628.6019170284271240234375 HTTP/1.0" 200 416 "-" "WordPress/6.8.1; https://vattusacky.vn"
20.171.207.204 - - [09/Sep/2025:07:43:47 +0700] "GET /?p=6188 HTTP/1.0" 301 513 "-" "Mozilla/5.0 AppleWebKit/537.36 (KHTML, like Gecko; compatible; GPTBot/1.2; +https://openai.com/gptbot)"
20.171.207.204 - - [09/Sep/2025:07:43:49 +0700] "GET /balancing-privacy-on-omegle-sharing-personal-information-responsibly/ HTTP/1.0" 200 88040 "-" "Mozilla/5.0 AppleWebKit/537.36 (KHTML, like Gecko; compatible; GPTBot/1.2; +https://openai.com/gptbot)"
20.171.207.204 - - [09/Sep/2025:07:43:55 +0700] "GET /?p=8041 HTTP/1.0" 301 500 "-" "Mozilla/5.0 AppleWebKit/537.36 (KHTML, like Gecko; compatible; GPTBot/1.2; +https://openai.com/gptbot)"
20.171.207.204 - - [09/Sep/2025:07:43:56 +0700] "GET /overcoming-prejudices-through-omegles-social-experiment/ HTTP/1.0" 200 91207 "-" "Mozilla/5.0 AppleWebKit/537.36 (KHTML, like Gecko; compatible; GPTBot/1.2; +https://openai.com/gptbot)"
20.171.207.204 - - [09/Sep/2025:07:44:02 +0700] "GET /ometv-connecting-people-with-authenticity/ HTTP/1.0" 200 88796 "-" "Mozilla/5.0 AppleWebKit/537.36 (KHTML, like Gecko; compatible; GPTBot/1.2; +https://openai.com/gptbot)"
20.171.207.204 - - [09/Sep/2025:07:44:10 +0700] "GET /?p=7675 HTTP/1.0" 301 505 "-" "Mozilla/5.0 AppleWebKit/537.36 (KHTML, like Gecko; compatible; GPTBot/1.2; +https://openai.com/gptbot)"
20.171.207.204 - - [09/Sep/2025:07:44:11 +0700] "GET /omegle-language-options-communicating-in-different-languages/ HTTP/1.0" 200 89526 "-" "Mozilla/5.0 AppleWebKit/537.36 (KHTML, like Gecko; compatible; GPTBot/1.2; +https://openai.com/gptbot)"
45.117.177.72 - - [09/Sep/2025:07:44:21 +0700] "POST /wp-cron.php?doing_wp_cron=1757378661.9058051109313964843750 HTTP/1.0" 200 416 "-" "WordPress/6.8.1; https://vattusacky.vn"
20.171.207.204 - - [09/Sep/2025:07:44:20 +0700] "GET /omegles-influence-on-interpersonal-skills/ HTTP/1.0" 200 91208 "-" "Mozilla/5.0 AppleWebKit/537.36 (KHTML, like Gecko; compatible; GPTBot/1.2; +https://openai.com/gptbot)"
20.171.207.204 - - [09/Sep/2025:07:44:27 +0700] "GET /?p=2491 HTTP/1.0" 301 526 "-" "Mozilla/5.0 AppleWebKit/537.36 (KHTML, like Gecko; compatible; GPTBot/1.2; +https://openai.com/gptbot)"
20.171.207.204 - - [09/Sep/2025:07:44:28 +0700] "GET /styles-of-online-modern-casino-casino-wars-and-how-to-be-successful-learning-them/ HTTP/1.0" 200 211086 "-" "Mozilla/5.0 AppleWebKit/537.36 (KHTML, like Gecko; compatible; GPTBot/1.2; +https://openai.com/gptbot)"
69.171.230.9 - - [09/Sep/2025:07:44:30 +0700] "GET /robots.txt HTTP/1.0" 301 562 "-" "facebookexternalhit/1.1 (+http://www.facebook.com/externalhit_uatext.php)"
69.171.230.9 - - [09/Sep/2025:07:44:32 +0700] "GET /robots.txt HTTP/1.0" 200 984 "-" "facebookexternalhit/1.1 (+http://www.facebook.com/externalhit_uatext.php)"
20.171.207.204 - - [09/Sep/2025:07:44:34 +0700] "GET /asian-girl-onlyfans-try-top-onlyfans-sites/ HTTP/1.0" 200 83099 "-" "Mozilla/5.0 AppleWebKit/537.36 (KHTML, like Gecko; compatible; GPTBot/1.2; +https://openai.com/gptbot)"
20.171.207.204 - - [09/Sep/2025:07:44:41 +0700] "GET /maintaining-personal-boundaries-on-omegle/ HTTP/1.0" 200 88629 "-" "Mozilla/5.0 AppleWebKit/537.36 (KHTML, like Gecko; compatible; GPTBot/1.2; +https://openai.com/gptbot)"
20.171.207.204 - - [09/Sep/2025:07:44:49 +0700] "GET /study-tips-for-computer-science-students HTTP/1.0" 301 485 "-" "Mozilla/5.0 AppleWebKit/537.36 (KHTML, like Gecko; compatible; GPTBot/1.2; +https://openai.com/gptbot)"
20.171.207.204 - - [09/Sep/2025:07:44:50 +0700] "GET /study-tips-for-computer-science-students/ HTTP/1.0" 200 208848 "-" "Mozilla/5.0 AppleWebKit/537.36 (KHTML, like Gecko; compatible; GPTBot/1.2; +https://openai.com/gptbot)"
20.171.207.204 - - [09/Sep/2025:07:44:57 +0700] "GET /benefits-of-using-testosterone-cypionate/ HTTP/1.0" 200 101970 "-" "Mozilla/5.0 AppleWebKit/537.36 (KHTML, like Gecko; compatible; GPTBot/1.2; +https://openai.com/gptbot)"
20.171.207.204 - - [09/Sep/2025:07:45:02 +0700] "GET /top-ten-most-popular-business-applications HTTP/1.0" 301 487 "-" "Mozilla/5.0 AppleWebKit/537.36 (KHTML, like Gecko; compatible; GPTBot/1.2; +https://openai.com/gptbot)"
20.171.207.204 - - [09/Sep/2025:07:45:04 +0700] "GET /top-ten-most-popular-business-applications/ HTTP/1.0" 200 72302 "-" "Mozilla/5.0 AppleWebKit/537.36 (KHTML, like Gecko; compatible; GPTBot/1.2; +https://openai.com/gptbot)"
20.171.207.204 - - [09/Sep/2025:07:45:11 +0700] "GET /omegle-where-authentic-connections-happen/ HTTP/1.0" 200 87813 "-" "Mozilla/5.0 AppleWebKit/537.36 (KHTML, like Gecko; compatible; GPTBot/1.2; +https://openai.com/gptbot)"
45.117.177.72 - - [09/Sep/2025:07:45:20 +0700] "POST /wp-cron.php?doing_wp_cron=1757378720.1055269241333007812500 HTTP/1.0" 200 416 "-" "WordPress/6.8.1; https://vattusacky.vn"
20.171.207.204 - - [09/Sep/2025:07:45:19 +0700] "GET /?p=10202 HTTP/1.0" 301 487 "-" "Mozilla/5.0 AppleWebKit/537.36 (KHTML, like Gecko; compatible; GPTBot/1.2; +https://openai.com/gptbot)"
20.171.207.204 - - [09/Sep/2025:07:45:20 +0700] "GET /asian-girl-onlyfans-try-top-onlyfans-sites/ HTTP/1.0" 200 83099 "-" "Mozilla/5.0 AppleWebKit/537.36 (KHTML, like Gecko; compatible; GPTBot/1.2; +https://openai.com/gptbot)"
20.171.207.204 - - [09/Sep/2025:07:45:29 +0700] "GET /?p=9637 HTTP/1.0" 301 485 "-" "Mozilla/5.0 AppleWebKit/537.36 (KHTML, like Gecko; compatible; GPTBot/1.2; +https://openai.com/gptbot)"
20.171.207.204 - - [09/Sep/2025:07:45:30 +0700] "GET /benefits-of-using-testosterone-cypionate/ HTTP/1.0" 200 101970 "-" "Mozilla/5.0 AppleWebKit/537.36 (KHTML, like Gecko; compatible; GPTBot/1.2; +https://openai.com/gptbot)"
20.171.207.204 - - [09/Sep/2025:07:45:37 +0700] "GET /norske-nettcasino-opplev-glede-og-spenning HTTP/1.0" 301 487 "-" "Mozilla/5.0 AppleWebKit/537.36 (KHTML, like Gecko; compatible; GPTBot/1.2; +https://openai.com/gptbot)"
20.171.207.204 - - [09/Sep/2025:07:45:38 +0700] "GET /norske-nettcasino-opplev-glede-og-spenning/ HTTP/1.0" 200 94469 "-" "Mozilla/5.0 AppleWebKit/537.36 (KHTML, like Gecko; compatible; GPTBot/1.2; +https://openai.com/gptbot)"
20.171.207.204 - - [09/Sep/2025:07:45:48 +0700] "GET /getx-na-dengi-besproigryshnaja-strategija/ HTTP/1.0" 200 110428 "-" "Mozilla/5.0 AppleWebKit/537.36 (KHTML, like Gecko; compatible; GPTBot/1.2; +https://openai.com/gptbot)"
20.171.207.204 - - [09/Sep/2025:07:45:59 +0700] "GET /east-european-romantic-relationship-tips/ HTTP/1.0" 200 207950 "-" "Mozilla/5.0 AppleWebKit/537.36 (KHTML, like Gecko; compatible; GPTBot/1.2; +https://openai.com/gptbot)"
20.171.207.204 - - [09/Sep/2025:07:46:07 +0700] "GET /?p=7992 HTTP/1.0" 301 486 "-" "Mozilla/5.0 AppleWebKit/537.36 (KHTML, like Gecko; compatible; GPTBot/1.2; +https://openai.com/gptbot)"
20.171.207.204 - - [09/Sep/2025:07:46:09 +0700] "GET /ometv-connecting-people-with-authenticity/ HTTP/1.0" 200 88796 "-" "Mozilla/5.0 AppleWebKit/537.36 (KHTML, like Gecko; compatible; GPTBot/1.2; +https://openai.com/gptbot)"
20.171.207.204 - - [09/Sep/2025:07:46:14 +0700] "GET /costa-da-prata-wedding-traditions/ HTTP/1.0" 200 207384 "-" "Mozilla/5.0 AppleWebKit/537.36 (KHTML, like Gecko; compatible; GPTBot/1.2; +https://openai.com/gptbot)"
45.117.177.72 - - [09/Sep/2025:07:46:24 +0700] "POST /wp-cron.php?doing_wp_cron=1757378784.5488979816436767578125 HTTP/1.0" 200 416 "-" "WordPress/6.8.1; https://vattusacky.vn"
20.171.207.204 - - [09/Sep/2025:07:46:23 +0700] "GET /overcoming-conversation-fatigue-on-omegle-strategies-for-maintaining-engagement-and-interest/ HTTP/1.0" 200 92816 "-" "Mozilla/5.0 AppleWebKit/537.36 (KHTML, like Gecko; compatible; GPTBot/1.2; +https://openai.com/gptbot)"
45.117.177.72 - - [09/Sep/2025:07:46:31 +0700] "POST /wp-cron.php?doing_wp_cron=1757378791.1328310966491699218750 HTTP/1.0" 200 416 "-" "WordPress/6.8.1; https://vattusacky.vn"
20.171.207.204 - - [09/Sep/2025:07:46:29 +0700] "GET /?p=7870 HTTP/1.0" 301 486 "-" "Mozilla/5.0 AppleWebKit/537.36 (KHTML, like Gecko; compatible; GPTBot/1.2; +https://openai.com/gptbot)"
20.171.207.204 - - [09/Sep/2025:07:46:31 +0700] "GET /omegles-influence-on-interpersonal-skills/ HTTP/1.0" 200 91208 "-" "Mozilla/5.0 AppleWebKit/537.36 (KHTML, like Gecko; compatible; GPTBot/1.2; +https://openai.com/gptbot)"
20.171.207.204 - - [09/Sep/2025:07:46:38 +0700] "GET /omegles-impact-on-intercultural-communication/ HTTP/1.0" 200 83046 "-" "Mozilla/5.0 AppleWebKit/537.36 (KHTML, like Gecko; compatible; GPTBot/1.2; +https://openai.com/gptbot)"
20.171.207.204 - - [09/Sep/2025:07:46:48 +0700] "GET /?p=7799 HTTP/1.0" 301 486 "-" "Mozilla/5.0 AppleWebKit/537.36 (KHTML, like Gecko; compatible; GPTBot/1.2; +https://openai.com/gptbot)"
20.171.207.204 - - [09/Sep/2025:07:46:49 +0700] "GET /omegle-where-authentic-connections-happen/ HTTP/1.0" 200 87813 "-" "Mozilla/5.0 AppleWebKit/537.36 (KHTML, like Gecko; compatible; GPTBot/1.2; +https://openai.com/gptbot)"
20.171.207.204 - - [09/Sep/2025:07:46:56 +0700] "GET /leovegas-reviews-go-through-customer-support-reviews-of-leovegas-com-12-15-of-89 HTTP/1.0" 301 525 "-" "Mozilla/5.0 AppleWebKit/537.36 (KHTML, like Gecko; compatible; GPTBot/1.2; +https://openai.com/gptbot)"
20.171.207.204 - - [09/Sep/2025:07:46:57 +0700] "GET /leovegas-reviews-go-through-customer-support-reviews-of-leovegas-com-12-15-of-89/ HTTP/1.0" 200 221653 "-" "Mozilla/5.0 AppleWebKit/537.36 (KHTML, like Gecko; compatible; GPTBot/1.2; +https://openai.com/gptbot)"
20.171.207.204 - - [09/Sep/2025:07:47:04 +0700] "GET /?p=9633 HTTP/1.0" 301 486 "-" "Mozilla/5.0 AppleWebKit/537.36 (KHTML, like Gecko; compatible; GPTBot/1.2; +https://openai.com/gptbot)"
20.171.207.204 - - [09/Sep/2025:07:47:05 +0700] "GET /getx-na-dengi-besproigryshnaja-strategija/ HTTP/1.0" 200 110428 "-" "Mozilla/5.0 AppleWebKit/537.36 (KHTML, like Gecko; compatible; GPTBot/1.2; +https://openai.com/gptbot)"
20.171.207.204 - - [09/Sep/2025:07:47:11 +0700] "GET /?p=8018 HTTP/1.0" 301 537 "-" "Mozilla/5.0 AppleWebKit/537.36 (KHTML, like Gecko; compatible; GPTBot/1.2; +https://openai.com/gptbot)"
20.171.207.204 - - [09/Sep/2025:07:47:13 +0700] "GET /overcoming-conversation-fatigue-on-omegle-strategies-for-maintaining-engagement-and-interest/ HTTP/1.0" 200 92816 "-" "Mozilla/5.0 AppleWebKit/537.36 (KHTML, like Gecko; compatible; GPTBot/1.2; +https://openai.com/gptbot)"
45.117.177.72 - - [09/Sep/2025:07:47:21 +0700] "POST /wp-cron.php?doing_wp_cron=1757378840.7640089988708496093750 HTTP/1.0" 200 416 "-" "WordPress/6.8.1; https://vattusacky.vn"
20.171.207.204 - - [09/Sep/2025:07:47:19 +0700] "GET /?p=2421 HTTP/1.0" 301 478 "-" "Mozilla/5.0 AppleWebKit/537.36 (KHTML, like Gecko; compatible; GPTBot/1.2; +https://openai.com/gptbot)"
20.171.207.204 - - [09/Sep/2025:07:47:21 +0700] "GET /costa-da-prata-wedding-traditions/ HTTP/1.0" 200 207384 "-" "Mozilla/5.0 AppleWebKit/537.36 (KHTML, like Gecko; compatible; GPTBot/1.2; +https://openai.com/gptbot)"
20.171.207.204 - - [09/Sep/2025:07:47:28 +0700] "GET /the-between-criteria-and-goals-in-interactions/ HTTP/1.0" 200 208220 "-" "Mozilla/5.0 AppleWebKit/537.36 (KHTML, like Gecko; compatible; GPTBot/1.2; +https://openai.com/gptbot)"
20.171.207.204 - - [09/Sep/2025:07:47:35 +0700] "GET /?p=7829 HTTP/1.0" 301 490 "-" "Mozilla/5.0 AppleWebKit/537.36 (KHTML, like Gecko; compatible; GPTBot/1.2; +https://openai.com/gptbot)"
20.171.207.204 - - [09/Sep/2025:07:47:37 +0700] "GET /omegles-impact-on-intercultural-communication/ HTTP/1.0" 200 83046 "-" "Mozilla/5.0 AppleWebKit/537.36 (KHTML, like Gecko; compatible; GPTBot/1.2; +https://openai.com/gptbot)"
20.171.207.204 - - [09/Sep/2025:07:47:43 +0700] "GET /latina-american-wedding-ceremony-traditions/ HTTP/1.0" 200 208177 "-" "Mozilla/5.0 AppleWebKit/537.36 (KHTML, like Gecko; compatible; GPTBot/1.2; +https://openai.com/gptbot)"
20.171.207.204 - - [09/Sep/2025:07:47:50 +0700] "GET /pickup-lines-intended-for-online-dating/ HTTP/1.0" 200 209678 "-" "Mozilla/5.0 AppleWebKit/537.36 (KHTML, like Gecko; compatible; GPTBot/1.2; +https://openai.com/gptbot)"
20.171.207.204 - - [09/Sep/2025:07:47:59 +0700] "GET /?p=2075 HTTP/1.0" 301 485 "-" "Mozilla/5.0 AppleWebKit/537.36 (KHTML, like Gecko; compatible; GPTBot/1.2; +https://openai.com/gptbot)"
20.171.207.204 - - [09/Sep/2025:07:48:00 +0700] "GET /east-european-romantic-relationship-tips/ HTTP/1.0" 200 207804 "-" "Mozilla/5.0 AppleWebKit/537.36 (KHTML, like Gecko; compatible; GPTBot/1.2; +https://openai.com/gptbot)"
20.171.207.204 - - [09/Sep/2025:07:48:06 +0700] "GET /overcoming-social-barriers-through-omegles-social-experiment/ HTTP/1.0" 200 92448 "-" "Mozilla/5.0 AppleWebKit/537.36 (KHTML, like Gecko; compatible; GPTBot/1.2; +https://openai.com/gptbot)"
20.171.207.204 - - [09/Sep/2025:07:48:14 +0700] "GET /the-rising-popularity-of-online-professional HTTP/1.0" 301 489 "-" "Mozilla/5.0 AppleWebKit/537.36 (KHTML, like Gecko; compatible; GPTBot/1.2; +https://openai.com/gptbot)"
20.171.207.204 - - [09/Sep/2025:07:48:15 +0700] "GET /the-rising-popularity-of-online-professional/ HTTP/1.0" 200 239531 "-" "Mozilla/5.0 AppleWebKit/537.36 (KHTML, like Gecko; compatible; GPTBot/1.2; +https://openai.com/gptbot)"
45.117.177.72 - - [09/Sep/2025:07:48:24 +0700] "POST /wp-cron.php?doing_wp_cron=1757378904.0450210571289062500000 HTTP/1.0" 200 416 "-" "WordPress/6.8.1; https://vattusacky.vn"
20.171.207.204 - - [09/Sep/2025:07:48:22 +0700] "GET /breaking-social-barriers-through-omegles-social-experiment/ HTTP/1.0" 200 95185 "-" "Mozilla/5.0 AppleWebKit/537.36 (KHTML, like Gecko; compatible; GPTBot/1.2; +https://openai.com/gptbot)"
20.171.207.204 - - [09/Sep/2025:07:48:30 +0700] "GET /?p=3712 HTTP/1.0" 301 491 "-" "Mozilla/5.0 AppleWebKit/537.36 (KHTML, like Gecko; compatible; GPTBot/1.2; +https://openai.com/gptbot)"
20.171.207.204 - - [09/Sep/2025:07:48:31 +0700] "GET /the-between-criteria-and-goals-in-interactions/ HTTP/1.0" 200 208220 "-" "Mozilla/5.0 AppleWebKit/537.36 (KHTML, like Gecko; compatible; GPTBot/1.2; +https://openai.com/gptbot)"
20.171.207.204 - - [09/Sep/2025:07:48:38 +0700] "GET /unlocking-omegles-future-predicting-the-platforms-development-and-advancements/ HTTP/1.0" 200 94874 "-" "Mozilla/5.0 AppleWebKit/537.36 (KHTML, like Gecko; compatible; GPTBot/1.2; +https://openai.com/gptbot)"
20.171.207.204 - - [09/Sep/2025:07:48:45 +0700] "GET /?p=8054 HTTP/1.0" 301 505 "-" "Mozilla/5.0 AppleWebKit/537.36 (KHTML, like Gecko; compatible; GPTBot/1.2; +https://openai.com/gptbot)"
20.171.207.204 - - [09/Sep/2025:07:48:47 +0700] "GET /overcoming-social-barriers-through-omegles-social-experiment/ HTTP/1.0" 200 92448 "-" "Mozilla/5.0 AppleWebKit/537.36 (KHTML, like Gecko; compatible; GPTBot/1.2; +https://openai.com/gptbot)"
20.171.207.204 - - [09/Sep/2025:07:48:54 +0700] "GET /tiny-intimate-weddings-helping-your-ceremony-one-stage-further/ HTTP/1.0" 200 207856 "-" "Mozilla/5.0 AppleWebKit/537.36 (KHTML, like Gecko; compatible; GPTBot/1.2; +https://openai.com/gptbot)"
20.171.207.204 - - [09/Sep/2025:07:49:03 +0700] "GET /?p=2931 HTTP/1.0" 301 484 "-" "Mozilla/5.0 AppleWebKit/537.36 (KHTML, like Gecko; compatible; GPTBot/1.2; +https://openai.com/gptbot)"
20.171.207.204 - - [09/Sep/2025:07:49:04 +0700] "GET /pickup-lines-intended-for-online-dating/ HTTP/1.0" 200 209678 "-" "Mozilla/5.0 AppleWebKit/537.36 (KHTML, like Gecko; compatible; GPTBot/1.2; +https://openai.com/gptbot)"
20.171.207.204 - - [09/Sep/2025:07:49:12 +0700] "GET /crapette-avec-un-jeu-de-tarot-jeu-de-78-cartes-2/ HTTP/1.0" 200 256234 "-" "Mozilla/5.0 AppleWebKit/537.36 (KHTML, like Gecko; compatible; GPTBot/1.2; +https://openai.com/gptbot)"
45.117.177.72 - - [09/Sep/2025:07:49:20 +0700] "POST /wp-cron.php?doing_wp_cron=1757378960.6526288986206054687500 HTTP/1.0" 200 416 "-" "WordPress/6.8.1; https://vattusacky.vn"
20.171.207.204 - - [09/Sep/2025:07:49:19 +0700] "GET /virtual-cultural-exchange-on-omegle/ HTTP/1.0" 200 90885 "-" "Mozilla/5.0 AppleWebKit/537.36 (KHTML, like Gecko; compatible; GPTBot/1.2; +https://openai.com/gptbot)"
20.171.207.204 - - [09/Sep/2025:07:49:25 +0700] "GET /?p=2147 HTTP/1.0" 301 488 "-" "Mozilla/5.0 AppleWebKit/537.36 (KHTML, like Gecko; compatible; GPTBot/1.2; +https://openai.com/gptbot)"
20.171.207.204 - - [09/Sep/2025:07:49:27 +0700] "GET /latina-american-wedding-ceremony-traditions/ HTTP/1.0" 200 208177 "-" "Mozilla/5.0 AppleWebKit/537.36 (KHTML, like Gecko; compatible; GPTBot/1.2; +https://openai.com/gptbot)"
20.171.207.204 - - [09/Sep/2025:07:49:34 +0700] "GET /whats-right-about-top-crypto-casinos HTTP/1.0" 301 481 "-" "Mozilla/5.0 AppleWebKit/537.36 (KHTML, like Gecko; compatible; GPTBot/1.2; +https://openai.com/gptbot)"
20.171.207.204 - - [09/Sep/2025:07:49:36 +0700] "GET /whats-right-about-top-crypto-casinos/ HTTP/1.0" 200 230956 "-" "Mozilla/5.0 AppleWebKit/537.36 (KHTML, like Gecko; compatible; GPTBot/1.2; +https://openai.com/gptbot)"
20.171.207.204 - - [09/Sep/2025:07:49:44 +0700] "GET /sweet-and-different-wedding-choices/ HTTP/1.0" 200 206363 "-" "Mozilla/5.0 AppleWebKit/537.36 (KHTML, like Gecko; compatible; GPTBot/1.2; +https://openai.com/gptbot)"
20.171.207.204 - - [09/Sep/2025:07:49:50 +0700] "GET /?p=6240 HTTP/1.0" 301 503 "-" "Mozilla/5.0 AppleWebKit/537.36 (KHTML, like Gecko; compatible; GPTBot/1.2; +https://openai.com/gptbot)"
20.171.207.204 - - [09/Sep/2025:07:49:51 +0700] "GET /breaking-social-barriers-through-omegles-social-experiment/ HTTP/1.0" 200 95185 "-" "Mozilla/5.0 AppleWebKit/537.36 (KHTML, like Gecko; compatible; GPTBot/1.2; +https://openai.com/gptbot)"
20.171.207.204 - - [09/Sep/2025:07:49:57 +0700] "GET /?p=9200 HTTP/1.0" 301 480 "-" "Mozilla/5.0 AppleWebKit/537.36 (KHTML, like Gecko; compatible; GPTBot/1.2; +https://openai.com/gptbot)"
20.171.207.204 - - [09/Sep/2025:07:49:59 +0700] "GET /virtual-cultural-exchange-on-omegle/ HTTP/1.0" 200 90885 "-" "Mozilla/5.0 AppleWebKit/537.36 (KHTML, like Gecko; compatible; GPTBot/1.2; +https://openai.com/gptbot)"
20.171.207.204 - - [09/Sep/2025:07:50:06 +0700] "GET /overcoming-perfectionism-through-omegle-therapy/ HTTP/1.0" 403 609 "-" "Mozilla/5.0 AppleWebKit/537.36 (KHTML, like Gecko; compatible; GPTBot/1.2; +https://openai.com/gptbot)"
20.171.207.204 - - [09/Sep/2025:07:50:12 +0700] "GET /linking-a-soundbar-top-a-tcl-tv-set HTTP/1.0" 301 480 "-" "Mozilla/5.0 AppleWebKit/537.36 (KHTML, like Gecko; compatible; GPTBot/1.2; +https://openai.com/gptbot)"
20.171.207.204 - - [09/Sep/2025:07:50:13 +0700] "GET /linking-a-soundbar-top-a-tcl-tv-set/ HTTP/1.0" 200 206255 "-" "Mozilla/5.0 AppleWebKit/537.36 (KHTML, like Gecko; compatible; GPTBot/1.2; +https://openai.com/gptbot)"
45.117.177.72 - - [09/Sep/2025:07:50:25 +0700] "POST /wp-cron.php?doing_wp_cron=1757379025.5820939540863037109375 HTTP/1.0" 200 416 "-" "WordPress/6.8.1; https://vattusacky.vn"
20.171.207.204 - - [09/Sep/2025:07:50:24 +0700] "GET /?p=9120 HTTP/1.0" 301 523 "-" "Mozilla/5.0 AppleWebKit/537.36 (KHTML, like Gecko; compatible; GPTBot/1.2; +https://openai.com/gptbot)"
20.171.207.204 - - [09/Sep/2025:07:50:26 +0700] "GET /unlocking-omegles-future-predicting-the-platforms-development-and-advancements/ HTTP/1.0" 200 94874 "-" "Mozilla/5.0 AppleWebKit/537.36 (KHTML, like Gecko; compatible; GPTBot/1.2; +https://openai.com/gptbot)"
20.171.207.204 - - [09/Sep/2025:07:50:32 +0700] "GET /vavada-android-apk-ios-internet-kazino-na-dengi-2/ HTTP/1.0" 200 93754 "-" "Mozilla/5.0 AppleWebKit/537.36 (KHTML, like Gecko; compatible; GPTBot/1.2; +https://openai.com/gptbot)"
20.171.207.204 - - [09/Sep/2025:07:50:42 +0700] "GET /1xbet-top-kazino-android-apk-ios-igrat-na-dengi-v-2/ HTTP/1.0" 200 223176 "-" "Mozilla/5.0 AppleWebKit/537.36 (KHTML, like Gecko; compatible; GPTBot/1.2; +https://openai.com/gptbot)"
20.171.207.204 - - [09/Sep/2025:07:50:49 +0700] "GET /omegle-and-ometv-for-virtual-tours/ HTTP/1.0" 200 89612 "-" "Mozilla/5.0 AppleWebKit/537.36 (KHTML, like Gecko; compatible; GPTBot/1.2; +https://openai.com/gptbot)"
20.171.207.204 - - [09/Sep/2025:07:50:57 +0700] "GET /?p=3211 HTTP/1.0" 301 507 "-" "Mozilla/5.0 AppleWebKit/537.36 (KHTML, like Gecko; compatible; GPTBot/1.2; +https://openai.com/gptbot)"
20.171.207.204 - - [09/Sep/2025:07:50:59 +0700] "GET /tiny-intimate-weddings-helping-your-ceremony-one-stage-further/ HTTP/1.0" 200 207856 "-" "Mozilla/5.0 AppleWebKit/537.36 (KHTML, like Gecko; compatible; GPTBot/1.2; +https://openai.com/gptbot)"
20.171.207.204 - - [09/Sep/2025:07:51:05 +0700] "GET /what-age-can-dogs-start-seresto-collar/ HTTP/1.0" 200 74834 "-" "Mozilla/5.0 AppleWebKit/537.36 (KHTML, like Gecko; compatible; GPTBot/1.2; +https://openai.com/gptbot)"
20.171.207.204 - - [09/Sep/2025:07:51:11 +0700] "GET /overcoming-shyness-through-online-interactions/ HTTP/1.0" 200 92463 "-" "Mozilla/5.0 AppleWebKit/537.36 (KHTML, like Gecko; compatible; GPTBot/1.2; +https://openai.com/gptbot)"
45.117.177.72 - - [09/Sep/2025:07:51:26 +0700] "POST /wp-cron.php?doing_wp_cron=1757379086.3596150875091552734375 HTTP/1.0" 200 416 "-" "WordPress/6.8.1; https://vattusacky.vn"
20.171.207.204 - - [09/Sep/2025:07:51:25 +0700] "GET /?p=2521 HTTP/1.0" 301 493 "-" "Mozilla/5.0 AppleWebKit/537.36 (KHTML, like Gecko; compatible; GPTBot/1.2; +https://openai.com/gptbot)"
20.171.207.204 - - [09/Sep/2025:07:51:26 +0700] "GET /crapette-avec-un-jeu-de-tarot-jeu-de-78-cartes-2/ HTTP/1.0" 200 256234 "-" "Mozilla/5.0 AppleWebKit/537.36 (KHTML, like Gecko; compatible; GPTBot/1.2; +https://openai.com/gptbot)"
20.171.207.204 - - [09/Sep/2025:07:51:32 +0700] "GET /can-you-meet-new-people-on-ometv/ HTTP/1.0" 200 85843 "-" "Mozilla/5.0 AppleWebKit/537.36 (KHTML, like Gecko; compatible; GPTBot/1.2; +https://openai.com/gptbot)"
20.171.207.204 - - [09/Sep/2025:07:51:38 +0700] "GET /tips-on-how-to-meet-foreign-girl/ HTTP/1.0" 200 205340 "-" "Mozilla/5.0 AppleWebKit/537.36 (KHTML, like Gecko; compatible; GPTBot/1.2; +https://openai.com/gptbot)"
20.171.207.204 - - [09/Sep/2025:07:51:47 +0700] "GET /managing-expectations-how-anonymity-and-authenticity-shape-omegle-conversations/ HTTP/1.0" 200 91742 "-" "Mozilla/5.0 AppleWebKit/537.36 (KHTML, like Gecko; compatible; GPTBot/1.2; +https://openai.com/gptbot)"
20.171.207.204 - - [09/Sep/2025:07:51:54 +0700] "GET /the-very-best-antivirus-for-iphone/ HTTP/1.0" 200 205261 "-" "Mozilla/5.0 AppleWebKit/537.36 (KHTML, like Gecko; compatible; GPTBot/1.2; +https://openai.com/gptbot)"
20.171.207.204 - - [09/Sep/2025:07:52:02 +0700] "GET /can-omegle-truly-alleviate-loneliness/ HTTP/1.0" 200 90513 "-" "Mozilla/5.0 AppleWebKit/537.36 (KHTML, like Gecko; compatible; GPTBot/1.2; +https://openai.com/gptbot)"
20.171.207.204 - - [09/Sep/2025:07:52:10 +0700] "GET /?p=7439 HTTP/1.0" 301 479 "-" "Mozilla/5.0 AppleWebKit/537.36 (KHTML, like Gecko; compatible; GPTBot/1.2; +https://openai.com/gptbot)"
20.171.207.204 - - [09/Sep/2025:07:52:12 +0700] "GET /omegle-and-ometv-for-virtual-tours/ HTTP/1.0" 200 89612 "-" "Mozilla/5.0 AppleWebKit/537.36 (KHTML, like Gecko; compatible; GPTBot/1.2; +https://openai.com/gptbot)"
45.117.177.72 - - [09/Sep/2025:07:52:23 +0700] "POST /wp-cron.php?doing_wp_cron=1757379143.2808659076690673828125 HTTP/1.0" 200 416 "-" "WordPress/6.8.1; https://vattusacky.vn"
20.171.207.204 - - [09/Sep/2025:07:52:21 +0700] "GET /khoroshee-bk-melbet-registratsiya-eto/ HTTP/1.0" 200 110237 "-" "Mozilla/5.0 AppleWebKit/537.36 (KHTML, like Gecko; compatible; GPTBot/1.2; +https://openai.com/gptbot)"
20.171.207.204 - - [09/Sep/2025:07:52:29 +0700] "GET /?p=7198 HTTP/1.0" 301 524 "-" "Mozilla/5.0 AppleWebKit/537.36 (KHTML, like Gecko; compatible; GPTBot/1.2; +https://openai.com/gptbot)"
20.171.207.204 - - [09/Sep/2025:07:52:31 +0700] "GET /managing-expectations-how-anonymity-and-authenticity-shape-omegle-conversations/ HTTP/1.0" 200 91742 "-" "Mozilla/5.0 AppleWebKit/537.36 (KHTML, like Gecko; compatible; GPTBot/1.2; +https://openai.com/gptbot)"
20.171.207.204 - - [09/Sep/2025:07:52:37 +0700] "GET /overcoming-language-barriers-on-omegle/ HTTP/1.0" 200 90169 "-" "Mozilla/5.0 AppleWebKit/537.36 (KHTML, like Gecko; compatible; GPTBot/1.2; +https://openai.com/gptbot)"
20.171.207.204 - - [09/Sep/2025:07:52:44 +0700] "GET /?p=2218 HTTP/1.0" 301 477 "-" "Mozilla/5.0 AppleWebKit/537.36 (KHTML, like Gecko; compatible; GPTBot/1.2; +https://openai.com/gptbot)"
20.171.207.204 - - [09/Sep/2025:07:52:45 +0700] "GET /tips-on-how-to-meet-foreign-girl/ HTTP/1.0" 200 205340 "-" "Mozilla/5.0 AppleWebKit/537.36 (KHTML, like Gecko; compatible; GPTBot/1.2; +https://openai.com/gptbot)"
20.171.207.204 - - [09/Sep/2025:07:52:52 +0700] "GET /?p=8048 HTTP/1.0" 301 491 "-" "Mozilla/5.0 AppleWebKit/537.36 (KHTML, like Gecko; compatible; GPTBot/1.2; +https://openai.com/gptbot)"
20.171.207.204 - - [09/Sep/2025:07:52:54 +0700] "GET /overcoming-shyness-through-online-interactions/ HTTP/1.0" 200 92463 "-" "Mozilla/5.0 AppleWebKit/537.36 (KHTML, like Gecko; compatible; GPTBot/1.2; +https://openai.com/gptbot)"
20.171.207.204 - - [09/Sep/2025:07:52:59 +0700] "GET /13-top-sugar-daddy-dating-sites-that-actually-work-successful-dating-2023-paid-content-detroit/ HTTP/1.0" 200 209594 "-" "Mozilla/5.0 AppleWebKit/537.36 (KHTML, like Gecko; compatible; GPTBot/1.2; +https://openai.com/gptbot)"
20.171.207.204 - - [09/Sep/2025:07:53:06 +0700] "GET /personal-information-safety-on-omegle/ HTTP/1.0" 200 88539 "-" "Mozilla/5.0 AppleWebKit/537.36 (KHTML, like Gecko; compatible; GPTBot/1.2; +https://openai.com/gptbot)"
20.171.207.204 - - [09/Sep/2025:07:53:14 +0700] "GET /getting-someone-in-a-different-country HTTP/1.0" 301 483 "-" "Mozilla/5.0 AppleWebKit/537.36 (KHTML, like Gecko; compatible; GPTBot/1.2; +https://openai.com/gptbot)"
45.117.177.72 - - [09/Sep/2025:07:53:17 +0700] "POST /wp-cron.php?doing_wp_cron=1757379197.3243370056152343750000 HTTP/1.0" 200 416 "-" "WordPress/6.8.1; https://vattusacky.vn"
20.171.207.204 - - [09/Sep/2025:07:53:16 +0700] "GET /getting-someone-in-a-different-country/ HTTP/1.0" 200 72015 "-" "Mozilla/5.0 AppleWebKit/537.36 (KHTML, like Gecko; compatible; GPTBot/1.2; +https://openai.com/gptbot)"
20.171.207.204 - - [09/Sep/2025:07:53:23 +0700] "GET /omegles-unique-features-and-offerings/ HTTP/1.0" 200 89234 "-" "Mozilla/5.0 AppleWebKit/537.36 (KHTML, like Gecko; compatible; GPTBot/1.2; +https://openai.com/gptbot)"
20.171.207.204 - - [09/Sep/2025:07:53:30 +0700] "GET /omegle-and-ometv-for-getting-feedback-on-creative-work/ HTTP/1.0" 200 90700 "-" "Mozilla/5.0 AppleWebKit/537.36 (KHTML, like Gecko; compatible; GPTBot/1.2; +https://openai.com/gptbot)"
20.171.207.204 - - [09/Sep/2025:07:53:37 +0700] "GET /methods-to-talk-to-ladies-online/ HTTP/1.0" 200 207829 "-" "Mozilla/5.0 AppleWebKit/537.36 (KHTML, like Gecko; compatible; GPTBot/1.2; +https://openai.com/gptbot)"
20.171.207.204 - - [09/Sep/2025:07:53:45 +0700] "GET /protected-online-data-rooms-solutions/ HTTP/1.0" 200 205396 "-" "Mozilla/5.0 AppleWebKit/537.36 (KHTML, like Gecko; compatible; GPTBot/1.2; +https://openai.com/gptbot)"
20.171.207.204 - - [09/Sep/2025:07:53:51 +0700] "GET /wp-content/uploads/2018/06/kruess-logo.png HTTP/1.0" 200 418 "-" "Mozilla/5.0 AppleWebKit/537.36 (KHTML, like Gecko; compatible; GPTBot/1.2; +https://openai.com/gptbot)"
20.171.207.204 - - [09/Sep/2025:07:53:55 +0700] "GET /?p=8067 HTTP/1.0" 301 482 "-" "Mozilla/5.0 AppleWebKit/537.36 (KHTML, like Gecko; compatible; GPTBot/1.2; +https://openai.com/gptbot)"
204.217.130.66 - - [09/Sep/2025:07:53:50 +0700] "GET /tel:0932664422 HTTP/1.0" 404 70812 "https://vattusacky.vn" "Mozilla/5.0 (Windows NT 10.0; Win64; x64) AppleWebKit/537.36 (KHTML, like Gecko) Chrome/62.0.3202.94 Safari/537.36"
20.171.207.204 - - [09/Sep/2025:07:53:56 +0700] "GET /personal-information-safety-on-omegle/ HTTP/1.0" 200 88539 "-" "Mozilla/5.0 AppleWebKit/537.36 (KHTML, like Gecko; compatible; GPTBot/1.2; +https://openai.com/gptbot)"
204.217.130.66 - - [09/Sep/2025:07:53:59 +0700] "GET /tel:0932664422 HTTP/1.0" 404 70666 "https://vattusacky.vn" "Mozilla/5.0 (Windows NT 10.0; Win64; x64) AppleWebKit/537.36 (KHTML, like Gecko) Chrome/62.0.3202.94 Safari/537.36"
204.217.130.66 - - [09/Sep/2025:07:54:04 +0700] "GET /tel:0932664422 HTTP/1.0" 404 70666 "https://vattusacky.vn" "Mozilla/5.0 (Windows NT 10.0; Win64; x64) AppleWebKit/537.36 (KHTML, like Gecko) Chrome/62.0.3202.94 Safari/537.36"
20.171.207.204 - - [09/Sep/2025:07:54:05 +0700] "GET /?p=10210 HTTP/1.0" 301 482 "-" "Mozilla/5.0 AppleWebKit/537.36 (KHTML, like Gecko; compatible; GPTBot/1.2; +https://openai.com/gptbot)"
20.171.207.204 - - [09/Sep/2025:07:54:06 +0700] "GET /khoroshee-bk-melbet-registratsiya-eto/ HTTP/1.0" 200 110237 "-" "Mozilla/5.0 AppleWebKit/537.36 (KHTML, like Gecko; compatible; GPTBot/1.2; +https://openai.com/gptbot)"
204.217.130.66 - - [09/Sep/2025:07:54:08 +0700] "GET /tel:0932664422 HTTP/1.0" 404 70666 "https://vattusacky.vn" "Mozilla/5.0 (Windows NT 10.0; Win64; x64) AppleWebKit/537.36 (KHTML, like Gecko) Chrome/62.0.3202.94 Safari/537.36"
20.171.207.204 - - [09/Sep/2025:07:54:15 +0700] "GET /behind-the-algorithm-how-omegle-matches-users/ HTTP/1.0" 200 88972 "-" "Mozilla/5.0 AppleWebKit/537.36 (KHTML, like Gecko; compatible; GPTBot/1.2; +https://openai.com/gptbot)"
45.117.177.72 - - [09/Sep/2025:07:54:24 +0700] "POST /wp-cron.php?doing_wp_cron=1757379263.9597930908203125000000 HTTP/1.0" 200 416 "-" "WordPress/6.8.1; https://vattusacky.vn"
20.171.207.204 - - [09/Sep/2025:07:54:22 +0700] "GET /?p=8027 HTTP/1.0" 301 483 "-" "Mozilla/5.0 AppleWebKit/537.36 (KHTML, like Gecko; compatible; GPTBot/1.2; +https://openai.com/gptbot)"
20.171.207.204 - - [09/Sep/2025:07:54:24 +0700] "GET /overcoming-language-barriers-on-omegle/ HTTP/1.0" 200 90169 "-" "Mozilla/5.0 AppleWebKit/537.36 (KHTML, like Gecko; compatible; GPTBot/1.2; +https://openai.com/gptbot)"
20.171.207.204 - - [09/Sep/2025:07:54:31 +0700] "GET /the-role-of-feedback-in-omegles-social-experiment/ HTTP/1.0" 200 90797 "-" "Mozilla/5.0 AppleWebKit/537.36 (KHTML, like Gecko; compatible; GPTBot/1.2; +https://openai.com/gptbot)"
20.171.207.204 - - [09/Sep/2025:07:54:39 +0700] "GET /internet-dating-report-females-wish-the-younger-men HTTP/1.0" 301 496 "-" "Mozilla/5.0 AppleWebKit/537.36 (KHTML, like Gecko; compatible; GPTBot/1.2; +https://openai.com/gptbot)"
20.171.207.204 - - [09/Sep/2025:07:54:41 +0700] "GET /internet-dating-report-females-wish-the-younger-men/ HTTP/1.0" 200 206709 "-" "Mozilla/5.0 AppleWebKit/537.36 (KHTML, like Gecko; compatible; GPTBot/1.2; +https://openai.com/gptbot)"
20.171.207.204 - - [09/Sep/2025:07:54:47 +0700] "GET /?p=7416 HTTP/1.0" 301 499 "-" "Mozilla/5.0 AppleWebKit/537.36 (KHTML, like Gecko; compatible; GPTBot/1.2; +https://openai.com/gptbot)"
20.171.207.204 - - [09/Sep/2025:07:54:49 +0700] "GET /omegle-and-ometv-for-getting-feedback-on-creative-work/ HTTP/1.0" 200 90700 "-" "Mozilla/5.0 AppleWebKit/537.36 (KHTML, like Gecko; compatible; GPTBot/1.2; +https://openai.com/gptbot)"
20.171.207.204 - - [09/Sep/2025:07:54:59 +0700] "GET /?p=7985 HTTP/1.0" 301 482 "-" "Mozilla/5.0 AppleWebKit/537.36 (KHTML, like Gecko; compatible; GPTBot/1.2; +https://openai.com/gptbot)"
20.171.207.204 - - [09/Sep/2025:07:55:00 +0700] "GET /omegles-unique-features-and-offerings/ HTTP/1.0" 200 89234 "-" "Mozilla/5.0 AppleWebKit/537.36 (KHTML, like Gecko; compatible; GPTBot/1.2; +https://openai.com/gptbot)"
20.171.207.204 - - [09/Sep/2025:07:55:07 +0700] "GET /omegle-and-privacy-understanding-data-security/ HTTP/1.0" 200 89637 "-" "Mozilla/5.0 AppleWebKit/537.36 (KHTML, like Gecko; compatible; GPTBot/1.2; +https://openai.com/gptbot)"
45.117.177.72 - - [09/Sep/2025:07:55:20 +0700] "POST /wp-cron.php?doing_wp_cron=1757379320.5259380340576171875000 HTTP/1.0" 200 416 "-" "WordPress/6.8.1; https://vattusacky.vn"
20.171.207.204 - - [09/Sep/2025:07:55:19 +0700] "GET /the-psychology-behind-omegles-random-pairings/ HTTP/1.0" 200 92320 "-" "Mozilla/5.0 AppleWebKit/537.36 (KHTML, like Gecko; compatible; GPTBot/1.2; +https://openai.com/gptbot)"
20.171.207.204 - - [09/Sep/2025:07:55:26 +0700] "GET /unforgettable-omegle-fails-and-chat-bloopers/ HTTP/1.0" 200 89111 "-" "Mozilla/5.0 AppleWebKit/537.36 (KHTML, like Gecko; compatible; GPTBot/1.2; +https://openai.com/gptbot)"
20.171.207.204 - - [09/Sep/2025:07:55:33 +0700] "GET /?p=6191 HTTP/1.0" 301 490 "-" "Mozilla/5.0 AppleWebKit/537.36 (KHTML, like Gecko; compatible; GPTBot/1.2; +https://openai.com/gptbot)"
20.171.207.204 - - [09/Sep/2025:07:55:34 +0700] "GET /behind-the-algorithm-how-omegle-matches-users/ HTTP/1.0" 200 88972 "-" "Mozilla/5.0 AppleWebKit/537.36 (KHTML, like Gecko; compatible; GPTBot/1.2; +https://openai.com/gptbot)"
