20.171.207.204 - - [09/Sep/2025:09:48:19 +0700] "GET /?p=3125 HTTP/1.0" 301 500 "-" "Mozilla/5.0 AppleWebKit/537.36 (KHTML, like Gecko; compatible; GPTBot/1.2; +https://openai.com/gptbot)"
20.171.207.204 - - [09/Sep/2025:09:48:21 +0700] "GET /well-known-scandinavian-metropolitan-areas-for-flirting/ HTTP/1.0" 200 206886 "-" "Mozilla/5.0 AppleWebKit/537.36 (KHTML, like Gecko; compatible; GPTBot/1.2; +https://openai.com/gptbot)"
20.171.207.204 - - [09/Sep/2025:09:48:25 +0700] "GET /family-group-oriented-western-european-woman/ HTTP/1.0" 200 207052 "-" "Mozilla/5.0 AppleWebKit/537.36 (KHTML, like Gecko; compatible; GPTBot/1.2; +https://openai.com/gptbot)"
20.171.207.204 - - [09/Sep/2025:09:48:33 +0700] "GET /sladkaja-bonanza-jarkij-dizajn-i-potencialnye-2/ HTTP/1.0" 200 93042 "-" "Mozilla/5.0 AppleWebKit/537.36 (KHTML, like Gecko; compatible; GPTBot/1.2; +https://openai.com/gptbot)"
20.171.207.204 - - [09/Sep/2025:09:48:39 +0700] "GET /can-you-get-clomid-otc/ HTTP/1.0" 200 81621 "-" "Mozilla/5.0 AppleWebKit/537.36 (KHTML, like Gecko; compatible; GPTBot/1.2; +https://openai.com/gptbot)"
20.171.207.204 - - [09/Sep/2025:09:48:45 +0700] "GET /?p=8109 HTTP/1.0" 301 467 "-" "Mozilla/5.0 AppleWebKit/537.36 (KHTML, like Gecko; compatible; GPTBot/1.2; +https://openai.com/gptbot)"
20.171.207.204 - - [09/Sep/2025:09:48:47 +0700] "GET /pros-and-cons-of-ometv/ HTTP/1.0" 200 91211 "-" "Mozilla/5.0 AppleWebKit/537.36 (KHTML, like Gecko; compatible; GPTBot/1.2; +https://openai.com/gptbot)"
20.171.207.204 - - [09/Sep/2025:09:48:51 +0700] "GET /?p=6283 HTTP/1.0" 301 510 "-" "Mozilla/5.0 AppleWebKit/537.36 (KHTML, like Gecko; compatible; GPTBot/1.2; +https://openai.com/gptbot)"
20.171.207.204 - - [09/Sep/2025:09:48:53 +0700] "GET /building-language-proficiency-ometvs-text-chat-learning-potential/ HTTP/1.0" 200 91131 "-" "Mozilla/5.0 AppleWebKit/537.36 (KHTML, like Gecko; compatible; GPTBot/1.2; +https://openai.com/gptbot)"
20.171.207.204 - - [09/Sep/2025:09:48:58 +0700] "GET /how-to-be-a-great-baltic-partner/ HTTP/1.0" 200 208024 "-" "Mozilla/5.0 AppleWebKit/537.36 (KHTML, like Gecko; compatible; GPTBot/1.2; +https://openai.com/gptbot)"
20.171.207.204 - - [09/Sep/2025:09:49:04 +0700] "GET /obzor-igry-play2x-igrat-onlajn-na-oficialnom-sajte HTTP/1.0" 301 495 "-" "Mozilla/5.0 AppleWebKit/537.36 (KHTML, like Gecko; compatible; GPTBot/1.2; +https://openai.com/gptbot)"
20.171.207.204 - - [09/Sep/2025:09:49:06 +0700] "GET /obzor-igry-play2x-igrat-onlajn-na-oficialnom-sajte/ HTTP/1.0" 200 92801 "-" "Mozilla/5.0 AppleWebKit/537.36 (KHTML, like Gecko; compatible; GPTBot/1.2; +https://openai.com/gptbot)"
20.171.207.204 - - [09/Sep/2025:09:49:12 +0700] "GET /building-empathy-through-shared-values-and-experiences-on-omegle/ HTTP/1.0" 200 92970 "-" "Mozilla/5.0 AppleWebKit/537.36 (KHTML, like Gecko; compatible; GPTBot/1.2; +https://openai.com/gptbot)"
45.117.177.72 - - [09/Sep/2025:09:49:19 +0700] "POST /wp-cron.php?doing_wp_cron=1757386159.7055089473724365234375 HTTP/1.0" 200 416 "-" "WordPress/6.8.1; https://vattusacky.vn"
20.171.207.204 - - [09/Sep/2025:09:49:18 +0700] "GET /?p=6520 HTTP/1.0" 301 501 "-" "Mozilla/5.0 AppleWebKit/537.36 (KHTML, like Gecko; compatible; GPTBot/1.2; +https://openai.com/gptbot)"
20.171.207.204 - - [09/Sep/2025:09:49:20 +0700] "GET /does-virtual-empathy-on-omegle-lead-to-real-world-change/ HTTP/1.0" 200 90746 "-" "Mozilla/5.0 AppleWebKit/537.36 (KHTML, like Gecko; compatible; GPTBot/1.2; +https://openai.com/gptbot)"
20.171.207.204 - - [09/Sep/2025:09:49:25 +0700] "GET /?p=2860 HTTP/1.0" 301 489 "-" "Mozilla/5.0 AppleWebKit/537.36 (KHTML, like Gecko; compatible; GPTBot/1.2; +https://openai.com/gptbot)"
20.171.207.204 - - [09/Sep/2025:09:49:26 +0700] "GET /family-group-oriented-western-european-woman/ HTTP/1.0" 200 207052 "-" "Mozilla/5.0 AppleWebKit/537.36 (KHTML, like Gecko; compatible; GPTBot/1.2; +https://openai.com/gptbot)"
20.171.207.204 - - [09/Sep/2025:09:49:32 +0700] "GET /?p=10301 HTTP/1.0" 301 467 "-" "Mozilla/5.0 AppleWebKit/537.36 (KHTML, like Gecko; compatible; GPTBot/1.2; +https://openai.com/gptbot)"
20.171.207.204 - - [09/Sep/2025:09:49:33 +0700] "GET /can-you-get-clomid-otc/ HTTP/1.0" 200 81621 "-" "Mozilla/5.0 AppleWebKit/537.36 (KHTML, like Gecko; compatible; GPTBot/1.2; +https://openai.com/gptbot)"
20.171.207.204 - - [09/Sep/2025:09:49:40 +0700] "GET /wp-content/uploads/2016/07/berghof_logo.png HTTP/1.0" 200 419 "-" "Mozilla/5.0 AppleWebKit/537.36 (KHTML, like Gecko; compatible; GPTBot/1.2; +https://openai.com/gptbot)"
20.171.207.204 - - [09/Sep/2025:09:49:44 +0700] "GET /1-btc-to-usd-bitcoins-to-us-dollars-exchange-rate/ HTTP/1.0" 200 373119 "-" "Mozilla/5.0 AppleWebKit/537.36 (KHTML, like Gecko; compatible; GPTBot/1.2; +https://openai.com/gptbot)"
20.171.207.204 - - [09/Sep/2025:09:49:49 +0700] "GET /noi-de-tim-vaytienuytin24h-com-breaks-nhanh-chong/ HTTP/1.0" 200 210690 "-" "Mozilla/5.0 AppleWebKit/537.36 (KHTML, like Gecko; compatible; GPTBot/1.2; +https://openai.com/gptbot)"
20.171.207.204 - - [09/Sep/2025:09:49:57 +0700] "GET /gama-casino-bonusy-dlja-igrokov-2023-igrat-na/ HTTP/1.0" 200 219721 "-" "Mozilla/5.0 AppleWebKit/537.36 (KHTML, like Gecko; compatible; GPTBot/1.2; +https://openai.com/gptbot)"
20.171.207.204 - - [09/Sep/2025:09:50:04 +0700] "GET /the-facts-about-1xbet-com-betting-firm-online-6/ HTTP/1.0" 200 96036 "-" "Mozilla/5.0 AppleWebKit/537.36 (KHTML, like Gecko; compatible; GPTBot/1.2; +https://openai.com/gptbot)"
20.171.207.204 - - [09/Sep/2025:09:50:10 +0700] "GET /?p=2266 HTTP/1.0" 301 494 "-" "Mozilla/5.0 AppleWebKit/537.36 (KHTML, like Gecko; compatible; GPTBot/1.2; +https://openai.com/gptbot)"
45.117.177.72 - - [09/Sep/2025:09:50:17 +0700] "POST /wp-cron.php?doing_wp_cron=1757386217.0637569427490234375000 HTTP/1.0" 200 416 "-" "WordPress/6.8.1; https://vattusacky.vn"
20.171.207.204 - - [09/Sep/2025:09:50:13 +0700] "GET /1-btc-to-usd-bitcoins-to-us-dollars-exchange-rate/ HTTP/1.0" 200 373119 "-" "Mozilla/5.0 AppleWebKit/537.36 (KHTML, like Gecko; compatible; GPTBot/1.2; +https://openai.com/gptbot)"
3.224.215.150 - - [09/Sep/2025:09:50:12 +0700] "GET /category/uncategorized/page/345/ HTTP/1.0" 200 77563 "-" "Mozilla/5.0 AppleWebKit/537.36 (KHTML, like Gecko; compatible; Amazonbot/0.1; +https://developer.amazon.com/support/amazonbot) Chrome/119.0.6045.214 Safari/537.36"
20.171.207.204 - - [09/Sep/2025:09:50:22 +0700] "GET /?p=2682 HTTP/1.0" 301 494 "-" "Mozilla/5.0 AppleWebKit/537.36 (KHTML, like Gecko; compatible; GPTBot/1.2; +https://openai.com/gptbot)"
20.171.207.204 - - [09/Sep/2025:09:50:24 +0700] "GET /noi-de-tim-vaytienuytin24h-com-breaks-nhanh-chong/ HTTP/1.0" 200 210690 "-" "Mozilla/5.0 AppleWebKit/537.36 (KHTML, like Gecko; compatible; GPTBot/1.2; +https://openai.com/gptbot)"
20.171.207.204 - - [09/Sep/2025:09:50:32 +0700] "GET /a-detailed-comparison-of-omegle-and-ometv-user-profiles/ HTTP/1.0" 200 90180 "-" "Mozilla/5.0 AppleWebKit/537.36 (KHTML, like Gecko; compatible; GPTBot/1.2; +https://openai.com/gptbot)"
20.171.207.204 - - [09/Sep/2025:09:50:39 +0700] "GET /chuong-trinh-chuyen-tiep-nhanh-chong-doctor-dong-tra-truoc-hang-loat-ngay-chi-sau-muoi-phut/ HTTP/1.0" 200 208642 "-" "Mozilla/5.0 AppleWebKit/537.36 (KHTML, like Gecko; compatible; GPTBot/1.2; +https://openai.com/gptbot)"
20.171.207.204 - - [09/Sep/2025:09:50:45 +0700] "GET /?p=6282 HTTP/1.0" 301 509 "-" "Mozilla/5.0 AppleWebKit/537.36 (KHTML, like Gecko; compatible; GPTBot/1.2; +https://openai.com/gptbot)"
20.171.207.204 - - [09/Sep/2025:09:50:47 +0700] "GET /building-empathy-through-shared-values-and-experiences-on-omegle/ HTTP/1.0" 200 92970 "-" "Mozilla/5.0 AppleWebKit/537.36 (KHTML, like Gecko; compatible; GPTBot/1.2; +https://openai.com/gptbot)"
20.171.207.204 - - [09/Sep/2025:09:50:54 +0700] "GET /building-empathy-through-omegles-social-experiment/ HTTP/1.0" 200 90617 "-" "Mozilla/5.0 AppleWebKit/537.36 (KHTML, like Gecko; compatible; GPTBot/1.2; +https://openai.com/gptbot)"
20.171.207.204 - - [09/Sep/2025:09:51:02 +0700] "GET /?p=2382 HTTP/1.0" 301 477 "-" "Mozilla/5.0 AppleWebKit/537.36 (KHTML, like Gecko; compatible; GPTBot/1.2; +https://openai.com/gptbot)"
20.171.207.204 - - [09/Sep/2025:09:51:04 +0700] "GET /how-to-be-a-great-baltic-partner/ HTTP/1.0" 200 208024 "-" "Mozilla/5.0 AppleWebKit/537.36 (KHTML, like Gecko; compatible; GPTBot/1.2; +https://openai.com/gptbot)"
20.171.207.204 - - [09/Sep/2025:09:51:11 +0700] "GET /the-impact-of-omegles-algorithm-on-user-experience/ HTTP/1.0" 200 92502 "-" "Mozilla/5.0 AppleWebKit/537.36 (KHTML, like Gecko; compatible; GPTBot/1.2; +https://openai.com/gptbot)"
45.117.177.72 - - [09/Sep/2025:09:51:21 +0700] "POST /wp-cron.php?doing_wp_cron=1757386280.8472189903259277343750 HTTP/1.0" 200 416 "-" "WordPress/6.8.1; https://vattusacky.vn"
20.171.207.204 - - [09/Sep/2025:09:51:19 +0700] "GET /ometv-face-to-face-video-chat-how-does-it-compare-to-omegle/ HTTP/1.0" 200 89751 "-" "Mozilla/5.0 AppleWebKit/537.36 (KHTML, like Gecko; compatible; GPTBot/1.2; +https://openai.com/gptbot)"
20.171.207.204 - - [09/Sep/2025:09:51:24 +0700] "GET /amourfeel-critiques-read-customer-service-critiques-of-amourfeel-com/ HTTP/1.0" 200 76497 "-" "Mozilla/5.0 AppleWebKit/537.36 (KHTML, like Gecko; compatible; GPTBot/1.2; +https://openai.com/gptbot)"
20.171.207.204 - - [09/Sep/2025:09:51:31 +0700] "GET /dressing-for-success-first-impressions-on-omegle/ HTTP/1.0" 200 90766 "-" "Mozilla/5.0 AppleWebKit/537.36 (KHTML, like Gecko; compatible; GPTBot/1.2; +https://openai.com/gptbot)"
20.171.207.204 - - [09/Sep/2025:09:51:38 +0700] "GET /22bet-evaluation-cell-app-and-attractive-welcome-5-2 HTTP/1.0" 301 497 "-" "Mozilla/5.0 AppleWebKit/537.36 (KHTML, like Gecko; compatible; GPTBot/1.2; +https://openai.com/gptbot)"
20.171.207.204 - - [09/Sep/2025:09:51:40 +0700] "GET /22bet-evaluation-cell-app-and-attractive-welcome-5-2/ HTTP/1.0" 200 242599 "-" "Mozilla/5.0 AppleWebKit/537.36 (KHTML, like Gecko; compatible; GPTBot/1.2; +https://openai.com/gptbot)"
20.171.207.204 - - [09/Sep/2025:09:51:46 +0700] "GET /common-misconceptions-about-omegle/ HTTP/1.0" 200 88595 "-" "Mozilla/5.0 AppleWebKit/537.36 (KHTML, like Gecko; compatible; GPTBot/1.2; +https://openai.com/gptbot)"
20.171.207.204 - - [09/Sep/2025:09:51:51 +0700] "GET /?p=6092 HTTP/1.0" 301 500 "-" "Mozilla/5.0 AppleWebKit/537.36 (KHTML, like Gecko; compatible; GPTBot/1.2; +https://openai.com/gptbot)"
20.171.207.204 - - [09/Sep/2025:09:51:53 +0700] "GET /a-detailed-comparison-of-omegle-and-ometv-user-profiles/ HTTP/1.0" 200 90180 "-" "Mozilla/5.0 AppleWebKit/537.36 (KHTML, like Gecko; compatible; GPTBot/1.2; +https://openai.com/gptbot)"
20.171.207.204 - - [09/Sep/2025:09:51:58 +0700] "GET /?p=7994 HTTP/1.0" 301 504 "-" "Mozilla/5.0 AppleWebKit/537.36 (KHTML, like Gecko; compatible; GPTBot/1.2; +https://openai.com/gptbot)"
20.171.207.204 - - [09/Sep/2025:09:51:59 +0700] "GET /ometv-face-to-face-video-chat-how-does-it-compare-to-omegle/ HTTP/1.0" 200 89751 "-" "Mozilla/5.0 AppleWebKit/537.36 (KHTML, like Gecko; compatible; GPTBot/1.2; +https://openai.com/gptbot)"
20.171.207.204 - - [09/Sep/2025:09:52:06 +0700] "GET /?p=6281 HTTP/1.0" 301 495 "-" "Mozilla/5.0 AppleWebKit/537.36 (KHTML, like Gecko; compatible; GPTBot/1.2; +https://openai.com/gptbot)"
20.171.207.204 - - [09/Sep/2025:09:52:08 +0700] "GET /building-empathy-through-omegles-social-experiment/ HTTP/1.0" 200 90617 "-" "Mozilla/5.0 AppleWebKit/537.36 (KHTML, like Gecko; compatible; GPTBot/1.2; +https://openai.com/gptbot)"
20.171.207.204 - - [09/Sep/2025:09:52:14 +0700] "GET /?p=6372 HTTP/1.0" 301 479 "-" "Mozilla/5.0 AppleWebKit/537.36 (KHTML, like Gecko; compatible; GPTBot/1.2; +https://openai.com/gptbot)"
45.117.177.72 - - [09/Sep/2025:09:52:18 +0700] "POST /wp-cron.php?doing_wp_cron=1757386338.0483338832855224609375 HTTP/1.0" 200 416 "-" "WordPress/6.8.1; https://vattusacky.vn"
20.171.207.204 - - [09/Sep/2025:09:52:16 +0700] "GET /common-misconceptions-about-omegle/ HTTP/1.0" 200 88595 "-" "Mozilla/5.0 AppleWebKit/537.36 (KHTML, like Gecko; compatible; GPTBot/1.2; +https://openai.com/gptbot)"
216.244.66.237 - - [09/Sep/2025:09:52:23 +0700] "GET /tips-and-tricks-for-using-omegle-and-ometv-effectively/feed/ HTTP/1.0" 200 1759 "-" "Mozilla/5.0 (compatible; DotBot/1.2; +https://opensiteexplorer.org/dotbot; help@moz.com)"
20.171.207.204 - - [09/Sep/2025:09:52:23 +0700] "GET /?p=6521 HTTP/1.0" 301 493 "-" "Mozilla/5.0 AppleWebKit/537.36 (KHTML, like Gecko; compatible; GPTBot/1.2; +https://openai.com/gptbot)"
20.171.207.204 - - [09/Sep/2025:09:52:26 +0700] "GET /dressing-for-success-first-impressions-on-omegle/ HTTP/1.0" 200 90766 "-" "Mozilla/5.0 AppleWebKit/537.36 (KHTML, like Gecko; compatible; GPTBot/1.2; +https://openai.com/gptbot)"
20.171.207.204 - - [09/Sep/2025:09:52:34 +0700] "GET /?p=3350 HTTP/1.0" 301 536 "-" "Mozilla/5.0 AppleWebKit/537.36 (KHTML, like Gecko; compatible; GPTBot/1.2; +https://openai.com/gptbot)"
20.171.207.204 - - [09/Sep/2025:09:52:35 +0700] "GET /chuong-trinh-chuyen-tiep-nhanh-chong-doctor-dong-tra-truoc-hang-loat-ngay-chi-sau-muoi-phut/ HTTP/1.0" 200 208700 "-" "Mozilla/5.0 AppleWebKit/537.36 (KHTML, like Gecko; compatible; GPTBot/1.2; +https://openai.com/gptbot)"
20.171.207.204 - - [09/Sep/2025:09:52:43 +0700] "GET /all-unique-sports-activities-betting-on-line-on-25/ HTTP/1.0" 200 273599 "-" "Mozilla/5.0 AppleWebKit/537.36 (KHTML, like Gecko; compatible; GPTBot/1.2; +https://openai.com/gptbot)"
20.171.207.204 - - [09/Sep/2025:09:52:51 +0700] "GET /?p=8558 HTTP/1.0" 301 495 "-" "Mozilla/5.0 AppleWebKit/537.36 (KHTML, like Gecko; compatible; GPTBot/1.2; +https://openai.com/gptbot)"
20.171.207.204 - - [09/Sep/2025:09:52:53 +0700] "GET /the-impact-of-omegles-algorithm-on-user-experience/ HTTP/1.0" 200 92502 "-" "Mozilla/5.0 AppleWebKit/537.36 (KHTML, like Gecko; compatible; GPTBot/1.2; +https://openai.com/gptbot)"
20.171.207.204 - - [09/Sep/2025:09:53:00 +0700] "GET /common-mistakes-to-avoid-in-first-impressions-on-omegle/ HTTP/1.0" 200 93719 "-" "Mozilla/5.0 AppleWebKit/537.36 (KHTML, like Gecko; compatible; GPTBot/1.2; +https://openai.com/gptbot)"
20.171.207.204 - - [09/Sep/2025:09:53:07 +0700] "GET /driving-innovation-in-random-chats-omegles-bright-future/ HTTP/1.0" 200 90661 "-" "Mozilla/5.0 AppleWebKit/537.36 (KHTML, like Gecko; compatible; GPTBot/1.2; +https://openai.com/gptbot)"
20.171.207.204 - - [09/Sep/2025:09:53:13 +0700] "GET /bitcoin-cryptocurrency-calculator-and-converter/ HTTP/1.0" 200 327493 "-" "Mozilla/5.0 AppleWebKit/537.36 (KHTML, like Gecko; compatible; GPTBot/1.2; +https://openai.com/gptbot)"
45.117.177.72 - - [09/Sep/2025:09:53:21 +0700] "POST /wp-cron.php?doing_wp_cron=1757386401.4307389259338378906250 HTTP/1.0" 200 416 "-" "WordPress/6.8.1; https://vattusacky.vn"
20.171.207.204 - - [09/Sep/2025:09:53:19 +0700] "GET /ukraine-mail-order-bride-or-girlfriend-receive-ukrainian-ladies-for-matrimony-and-appreciate/ HTTP/1.0" 200 77689 "-" "Mozilla/5.0 AppleWebKit/537.36 (KHTML, like Gecko; compatible; GPTBot/1.2; +https://openai.com/gptbot)"
20.171.207.204 - - [09/Sep/2025:09:53:28 +0700] "GET /gk-obuv-kazahstana-s-nachala-goda-otkryla-bolee-90/ HTTP/1.0" 200 229836 "-" "Mozilla/5.0 AppleWebKit/537.36 (KHTML, like Gecko; compatible; GPTBot/1.2; +https://openai.com/gptbot)"
20.171.207.204 - - [09/Sep/2025:09:53:35 +0700] "GET /unforgettable-encounters-on-omegle/ HTTP/1.0" 200 90229 "-" "Mozilla/5.0 AppleWebKit/537.36 (KHTML, like Gecko; compatible; GPTBot/1.2; +https://openai.com/gptbot)"
20.171.207.204 - - [09/Sep/2025:09:53:43 +0700] "GET /building-empathy-in-a-fast-paced-digital-world/ HTTP/1.0" 200 90919 "-" "Mozilla/5.0 AppleWebKit/537.36 (KHTML, like Gecko; compatible; GPTBot/1.2; +https://openai.com/gptbot)"
20.171.207.204 - - [09/Sep/2025:09:53:50 +0700] "GET /obzor-aviator-igra-2023-igrat-na-realnye-dengi HTTP/1.0" 301 491 "-" "Mozilla/5.0 AppleWebKit/537.36 (KHTML, like Gecko; compatible; GPTBot/1.2; +https://openai.com/gptbot)"
20.171.207.204 - - [09/Sep/2025:09:53:52 +0700] "GET /obzor-aviator-igra-2023-igrat-na-realnye-dengi/ HTTP/1.0" 200 247861 "-" "Mozilla/5.0 AppleWebKit/537.36 (KHTML, like Gecko; compatible; GPTBot/1.2; +https://openai.com/gptbot)"
20.171.207.204 - - [09/Sep/2025:09:53:58 +0700] "GET /wp-content/uploads/2016/07/bandelin-logo.png HTTP/1.0" 200 420 "-" "Mozilla/5.0 AppleWebKit/537.36 (KHTML, like Gecko; compatible; GPTBot/1.2; +https://openai.com/gptbot)"
20.171.207.204 - - [09/Sep/2025:09:54:02 +0700] "GET /?p=9099 HTTP/1.0" 301 479 "-" "Mozilla/5.0 AppleWebKit/537.36 (KHTML, like Gecko; compatible; GPTBot/1.2; +https://openai.com/gptbot)"
20.171.207.204 - - [09/Sep/2025:09:54:04 +0700] "GET /unforgettable-encounters-on-omegle/ HTTP/1.0" 200 90229 "-" "Mozilla/5.0 AppleWebKit/537.36 (KHTML, like Gecko; compatible; GPTBot/1.2; +https://openai.com/gptbot)"
20.171.207.204 - - [09/Sep/2025:09:54:10 +0700] "GET /?p=6522 HTTP/1.0" 301 501 "-" "Mozilla/5.0 AppleWebKit/537.36 (KHTML, like Gecko; compatible; GPTBot/1.2; +https://openai.com/gptbot)"
20.171.207.204 - - [09/Sep/2025:09:54:12 +0700] "GET /driving-innovation-in-random-chats-omegles-bright-future/ HTTP/1.0" 200 90661 "-" "Mozilla/5.0 AppleWebKit/537.36 (KHTML, like Gecko; compatible; GPTBot/1.2; +https://openai.com/gptbot)"
45.117.177.72 - - [09/Sep/2025:09:54:19 +0700] "POST /wp-cron.php?doing_wp_cron=1757386459.2222990989685058593750 HTTP/1.0" 200 416 "-" "WordPress/6.8.1; https://vattusacky.vn"
20.171.207.204 - - [09/Sep/2025:09:54:18 +0700] "GET /common-privacy-issues-faced-by-omegle-users/ HTTP/1.0" 200 89293 "-" "Mozilla/5.0 AppleWebKit/537.36 (KHTML, like Gecko; compatible; GPTBot/1.2; +https://openai.com/gptbot)"
20.171.207.204 - - [09/Sep/2025:09:54:23 +0700] "GET /?p=6280 HTTP/1.0" 301 491 "-" "Mozilla/5.0 AppleWebKit/537.36 (KHTML, like Gecko; compatible; GPTBot/1.2; +https://openai.com/gptbot)"
20.171.207.204 - - [09/Sep/2025:09:54:24 +0700] "GET /building-empathy-in-a-fast-paced-digital-world/ HTTP/1.0" 200 90919 "-" "Mozilla/5.0 AppleWebKit/537.36 (KHTML, like Gecko; compatible; GPTBot/1.2; +https://openai.com/gptbot)"
20.171.207.204 - - [09/Sep/2025:09:54:32 +0700] "GET /?p=10322 HTTP/1.0" 301 537 "-" "Mozilla/5.0 AppleWebKit/537.36 (KHTML, like Gecko; compatible; GPTBot/1.2; +https://openai.com/gptbot)"
20.171.207.204 - - [09/Sep/2025:09:54:33 +0700] "GET /ukraine-mail-order-bride-or-girlfriend-receive-ukrainian-ladies-for-matrimony-and-appreciate/ HTTP/1.0" 200 77689 "-" "Mozilla/5.0 AppleWebKit/537.36 (KHTML, like Gecko; compatible; GPTBot/1.2; +https://openai.com/gptbot)"
20.171.207.204 - - [09/Sep/2025:09:54:40 +0700] "GET /wp-content/uploads/2018/06/mettler-logo.png HTTP/1.0" 200 419 "-" "Mozilla/5.0 AppleWebKit/537.36 (KHTML, like Gecko; compatible; GPTBot/1.2; +https://openai.com/gptbot)"
20.171.207.204 - - [09/Sep/2025:09:54:46 +0700] "GET /at-present-people-can-take-pleasure-in-all-kinds-3/ HTTP/1.0" 200 244688 "-" "Mozilla/5.0 AppleWebKit/537.36 (KHTML, like Gecko; compatible; GPTBot/1.2; +https://openai.com/gptbot)"
20.171.207.204 - - [09/Sep/2025:09:54:53 +0700] "GET /?p=6373 HTTP/1.0" 301 500 "-" "Mozilla/5.0 AppleWebKit/537.36 (KHTML, like Gecko; compatible; GPTBot/1.2; +https://openai.com/gptbot)"
20.171.207.204 - - [09/Sep/2025:09:54:56 +0700] "GET /common-mistakes-to-avoid-in-first-impressions-on-omegle/ HTTP/1.0" 200 93573 "-" "Mozilla/5.0 AppleWebKit/537.36 (KHTML, like Gecko; compatible; GPTBot/1.2; +https://openai.com/gptbot)"
20.171.207.204 - - [09/Sep/2025:09:55:02 +0700] "GET /which-is-the-best-video-chat-platform-for-you-omegle-or-ometv/ HTTP/1.0" 200 91210 "-" "Mozilla/5.0 AppleWebKit/537.36 (KHTML, like Gecko; compatible; GPTBot/1.2; +https://openai.com/gptbot)"
20.171.207.204 - - [09/Sep/2025:09:55:08 +0700] "GET /?p=4681 HTTP/1.0" 301 495 "-" "Mozilla/5.0 AppleWebKit/537.36 (KHTML, like Gecko; compatible; GPTBot/1.2; +https://openai.com/gptbot)"
20.171.207.204 - - [09/Sep/2025:09:55:09 +0700] "GET /at-present-people-can-take-pleasure-in-all-kinds-3/ HTTP/1.0" 200 244688 "-" "Mozilla/5.0 AppleWebKit/537.36 (KHTML, like Gecko; compatible; GPTBot/1.2; +https://openai.com/gptbot)"
20.171.207.204 - - [09/Sep/2025:09:55:14 +0700] "GET /should-fixing-asian-bookies-asian-bookmakers-online-betting-malaysia-asian-betting-sites-best-asian-bookmakers-asian-sports-bookmakers-sports-betting-malaysia-online-sports-betting-malaysia-singapore/ HTTP/1.0" 200 239822 "-" "Mozilla/5.0 AppleWebKit/537.36 (KHTML, like Gecko; compatible; GPTBot/1.2; +https://openai.com/gptbot)"
45.117.177.72 - - [09/Sep/2025:09:55:20 +0700] "POST /wp-cron.php?doing_wp_cron=1757386520.7596499919891357421875 HTTP/1.0" 200 416 "-" "WordPress/6.8.1; https://vattusacky.vn"
20.171.207.204 - - [09/Sep/2025:09:55:19 +0700] "GET /building-empathy-and-understanding-through-networking-on-omegle-and-ometv/ HTTP/1.0" 200 94368 "-" "Mozilla/5.0 AppleWebKit/537.36 (KHTML, like Gecko; compatible; GPTBot/1.2; +https://openai.com/gptbot)"
20.171.207.204 - - [09/Sep/2025:09:55:26 +0700] "GET /which-is-better-video-or-text-communication-on-omegle-and-ometv/ HTTP/1.0" 200 90961 "-" "Mozilla/5.0 AppleWebKit/537.36 (KHTML, like Gecko; compatible; GPTBot/1.2; +https://openai.com/gptbot)"
20.171.207.204 - - [09/Sep/2025:09:55:33 +0700] "GET /?p=9223 HTTP/1.0" 301 506 "-" "Mozilla/5.0 AppleWebKit/537.36 (KHTML, like Gecko; compatible; GPTBot/1.2; +https://openai.com/gptbot)"
20.171.207.204 - - [09/Sep/2025:09:55:36 +0700] "GET /which-is-the-best-video-chat-platform-for-you-omegle-or-ometv/ HTTP/1.0" 200 91210 "-" "Mozilla/5.0 AppleWebKit/537.36 (KHTML, like Gecko; compatible; GPTBot/1.2; +https://openai.com/gptbot)"
20.171.207.204 - - [09/Sep/2025:09:55:48 +0700] "GET /wp-json/oembed/1.0/embed?url=https%3A%2F%2Fvattusacky.vn%2Fwhich-is-the-best-video-chat-platform-for-you-omegle-or-ometv%2F HTTP/1.0" 200 3509 "-" "Mozilla/5.0 AppleWebKit/537.36 (KHTML, like Gecko; compatible; GPTBot/1.2; +https://openai.com/gptbot)"
20.171.207.204 - - [09/Sep/2025:09:55:56 +0700] "GET /?p=4665 HTTP/1.0" 301 495 "-" "Mozilla/5.0 AppleWebKit/537.36 (KHTML, like Gecko; compatible; GPTBot/1.2; +https://openai.com/gptbot)"
20.171.207.204 - - [09/Sep/2025:09:55:59 +0700] "GET /all-unique-sports-activities-betting-on-line-on-25/ HTTP/1.0" 200 273599 "-" "Mozilla/5.0 AppleWebKit/537.36 (KHTML, like Gecko; compatible; GPTBot/1.2; +https://openai.com/gptbot)"
20.171.207.204 - - [09/Sep/2025:09:56:05 +0700] "GET /?p=9222 HTTP/1.0" 301 508 "-" "Mozilla/5.0 AppleWebKit/537.36 (KHTML, like Gecko; compatible; GPTBot/1.2; +https://openai.com/gptbot)"
20.171.207.204 - - [09/Sep/2025:09:56:06 +0700] "GET /which-is-better-video-or-text-communication-on-omegle-and-ometv/ HTTP/1.0" 200 90961 "-" "Mozilla/5.0 AppleWebKit/537.36 (KHTML, like Gecko; compatible; GPTBot/1.2; +https://openai.com/gptbot)"
45.117.177.72 - - [09/Sep/2025:09:56:19 +0700] "POST /wp-cron.php?doing_wp_cron=1757386579.6292159557342529296875 HTTP/1.0" 200 416 "-" "WordPress/6.8.1; https://vattusacky.vn"
20.171.207.204 - - [09/Sep/2025:09:56:18 +0700] "GET /?p=6279 HTTP/1.0" 301 518 "-" "Mozilla/5.0 AppleWebKit/537.36 (KHTML, like Gecko; compatible; GPTBot/1.2; +https://openai.com/gptbot)"
20.171.207.204 - - [09/Sep/2025:09:56:20 +0700] "GET /building-empathy-and-understanding-through-networking-on-omegle-and-ometv/ HTTP/1.0" 200 94368 "-" "Mozilla/5.0 AppleWebKit/537.36 (KHTML, like Gecko; compatible; GPTBot/1.2; +https://openai.com/gptbot)"
20.171.207.204 - - [09/Sep/2025:09:56:25 +0700] "GET /?p=4630 HTTP/1.0" 301 644 "-" "Mozilla/5.0 AppleWebKit/537.36 (KHTML, like Gecko; compatible; GPTBot/1.2; +https://openai.com/gptbot)"
20.171.207.204 - - [09/Sep/2025:09:56:27 +0700] "GET /should-fixing-asian-bookies-asian-bookmakers-online-betting-malaysia-asian-betting-sites-best-asian-bookmakers-asian-sports-bookmakers-sports-betting-malaysia-online-sports-betting-malaysia-singapore/ HTTP/1.0" 200 239822 "-" "Mozilla/5.0 AppleWebKit/537.36 (KHTML, like Gecko; compatible; GPTBot/1.2; +https://openai.com/gptbot)"
20.171.207.204 - - [09/Sep/2025:09:56:32 +0700] "GET /wp-json/wp/v2/posts/4630 HTTP/1.0" 200 215399 "-" "Mozilla/5.0 AppleWebKit/537.36 (KHTML, like Gecko; compatible; GPTBot/1.2; +https://openai.com/gptbot)"
20.171.207.204 - - [09/Sep/2025:09:56:38 +0700] "GET /?p=6374 HTTP/1.0" 301 488 "-" "Mozilla/5.0 AppleWebKit/537.36 (KHTML, like Gecko; compatible; GPTBot/1.2; +https://openai.com/gptbot)"
20.171.207.204 - - [09/Sep/2025:09:56:40 +0700] "GET /common-privacy-issues-faced-by-omegle-users/ HTTP/1.0" 200 89293 "-" "Mozilla/5.0 AppleWebKit/537.36 (KHTML, like Gecko; compatible; GPTBot/1.2; +https://openai.com/gptbot)"
20.171.207.204 - - [09/Sep/2025:09:56:47 +0700] "GET /effective-listening-skills-for-successful-first-impressions-on-omegle/ HTTP/1.0" 200 93569 "-" "Mozilla/5.0 AppleWebKit/537.36 (KHTML, like Gecko; compatible; GPTBot/1.2; +https://openai.com/gptbot)"
20.171.207.204 - - [09/Sep/2025:09:56:54 +0700] "GET /?p=3118 HTTP/1.0" 301 495 "-" "Mozilla/5.0 AppleWebKit/537.36 (KHTML, like Gecko; compatible; GPTBot/1.2; +https://openai.com/gptbot)"
20.171.207.204 - - [09/Sep/2025:09:56:55 +0700] "GET /gk-obuv-kazahstana-s-nachala-goda-otkryla-bolee-90/ HTTP/1.0" 200 229836 "-" "Mozilla/5.0 AppleWebKit/537.36 (KHTML, like Gecko; compatible; GPTBot/1.2; +https://openai.com/gptbot)"
20.171.207.204 - - [09/Sep/2025:09:57:02 +0700] "GET /communicating-anonymously-omegle-vs-ometv/ HTTP/1.0" 200 88684 "-" "Mozilla/5.0 AppleWebKit/537.36 (KHTML, like Gecko; compatible; GPTBot/1.2; +https://openai.com/gptbot)"
20.171.207.204 - - [09/Sep/2025:09:57:06 +0700] "GET /?p=2431 HTTP/1.0" 301 492 "-" "Mozilla/5.0 AppleWebKit/537.36 (KHTML, like Gecko; compatible; GPTBot/1.2; +https://openai.com/gptbot)"
20.171.207.204 - - [09/Sep/2025:09:57:08 +0700] "GET /bitcoin-cryptocurrency-calculator-and-converter/ HTTP/1.0" 200 327580 "-" "Mozilla/5.0 AppleWebKit/537.36 (KHTML, like Gecko; compatible; GPTBot/1.2; +https://openai.com/gptbot)"
20.171.207.204 - - [09/Sep/2025:09:57:15 +0700] "GET /building-emotional-connections-on-omegle-creating-a-safe-space-for-vulnerability/ HTTP/1.0" 200 92089 "-" "Mozilla/5.0 AppleWebKit/537.36 (KHTML, like Gecko; compatible; GPTBot/1.2; +https://openai.com/gptbot)"
45.117.177.72 - - [09/Sep/2025:09:57:25 +0700] "POST /wp-cron.php?doing_wp_cron=1757386644.9627079963684082031250 HTTP/1.0" 200 416 "-" "WordPress/6.8.1; https://vattusacky.vn"
20.171.207.204 - - [09/Sep/2025:09:57:23 +0700] "GET /the-ethics-of-random-video-chats-on-chatroulette-and-omegle/ HTTP/1.0" 200 88205 "-" "Mozilla/5.0 AppleWebKit/537.36 (KHTML, like Gecko; compatible; GPTBot/1.2; +https://openai.com/gptbot)"
20.171.207.204 - - [09/Sep/2025:09:57:30 +0700] "GET /the-future-of-communication-video-vs-text-on-omegle-and-ometv/ HTTP/1.0" 200 92741 "-" "Mozilla/5.0 AppleWebKit/537.36 (KHTML, like Gecko; compatible; GPTBot/1.2; +https://openai.com/gptbot)"
20.171.207.204 - - [09/Sep/2025:09:57:37 +0700] "GET /omegles-next-phase-enhancing-the-user-experience/ HTTP/1.0" 200 87954 "-" "Mozilla/5.0 AppleWebKit/537.36 (KHTML, like Gecko; compatible; GPTBot/1.2; +https://openai.com/gptbot)"
20.171.207.204 - - [09/Sep/2025:09:57:43 +0700] "GET /?p=6375 HTTP/1.0" 301 486 "-" "Mozilla/5.0 AppleWebKit/537.36 (KHTML, like Gecko; compatible; GPTBot/1.2; +https://openai.com/gptbot)"
20.171.207.204 - - [09/Sep/2025:09:57:44 +0700] "GET /communicating-anonymously-omegle-vs-ometv/ HTTP/1.0" 200 88684 "-" "Mozilla/5.0 AppleWebKit/537.36 (KHTML, like Gecko; compatible; GPTBot/1.2; +https://openai.com/gptbot)"
20.171.207.204 - - [09/Sep/2025:09:57:49 +0700] "GET /authenticity-and-genuineness-video-vs-text-on-omegle-and-ometv/ HTTP/1.0" 200 90683 "-" "Mozilla/5.0 AppleWebKit/537.36 (KHTML, like Gecko; compatible; GPTBot/1.2; +https://openai.com/gptbot)"
20.171.207.204 - - [09/Sep/2025:09:57:56 +0700] "GET /?p=8465 HTTP/1.0" 301 506 "-" "Mozilla/5.0 AppleWebKit/537.36 (KHTML, like Gecko; compatible; GPTBot/1.2; +https://openai.com/gptbot)"
20.171.207.204 - - [09/Sep/2025:09:57:57 +0700] "GET /the-future-of-communication-video-vs-text-on-omegle-and-ometv/ HTTP/1.0" 200 92741 "-" "Mozilla/5.0 AppleWebKit/537.36 (KHTML, like Gecko; compatible; GPTBot/1.2; +https://openai.com/gptbot)"
20.171.207.204 - - [09/Sep/2025:09:58:03 +0700] "GET /?p=6278 HTTP/1.0" 301 671 "-" "Mozilla/5.0 AppleWebKit/537.36 (KHTML, like Gecko; compatible; GPTBot/1.2; +https://openai.com/gptbot)"
20.171.207.204 - - [09/Sep/2025:09:58:04 +0700] "GET /building-emotional-connections-on-omegle-creating-a-safe-space-for-vulnerability/ HTTP/1.0" 200 92089 "-" "Mozilla/5.0 AppleWebKit/537.36 (KHTML, like Gecko; compatible; GPTBot/1.2; +https://openai.com/gptbot)"
20.171.207.204 - - [09/Sep/2025:09:58:13 +0700] "GET /building-connections-with-like-minded-individuals-on-omegle-and-ometv/ HTTP/1.0" 200 79926 "-" "Mozilla/5.0 AppleWebKit/537.36 (KHTML, like Gecko; compatible; GPTBot/1.2; +https://openai.com/gptbot)"
45.117.177.72 - - [09/Sep/2025:09:58:20 +0700] "POST /wp-cron.php?doing_wp_cron=1757386700.7380371093750000000000 HTTP/1.0" 200 416 "-" "WordPress/6.8.1; https://vattusacky.vn"
20.171.207.204 - - [09/Sep/2025:09:58:19 +0700] "GET /breaking-cultural-barriers-video-vs-text-on-omegle-and-ometv/ HTTP/1.0" 200 90122 "-" "Mozilla/5.0 AppleWebKit/537.36 (KHTML, like Gecko; compatible; GPTBot/1.2; +https://openai.com/gptbot)"
20.171.207.204 - - [09/Sep/2025:09:58:24 +0700] "GET /?p=6523 HTTP/1.0" 301 514 "-" "Mozilla/5.0 AppleWebKit/537.36 (KHTML, like Gecko; compatible; GPTBot/1.2; +https://openai.com/gptbot)"
20.171.207.204 - - [09/Sep/2025:09:58:26 +0700] "GET /effective-listening-skills-for-successful-first-impressions-on-omegle/ HTTP/1.0" 200 93569 "-" "Mozilla/5.0 AppleWebKit/537.36 (KHTML, like Gecko; compatible; GPTBot/1.2; +https://openai.com/gptbot)"
20.171.207.204 - - [09/Sep/2025:09:58:33 +0700] "GET /?p=6180 HTTP/1.0" 301 507 "-" "Mozilla/5.0 AppleWebKit/537.36 (KHTML, like Gecko; compatible; GPTBot/1.2; +https://openai.com/gptbot)"
20.171.207.204 - - [09/Sep/2025:09:58:34 +0700] "GET /authenticity-and-genuineness-video-vs-text-on-omegle-and-ometv/ HTTP/1.0" 200 90683 "-" "Mozilla/5.0 AppleWebKit/537.36 (KHTML, like Gecko; compatible; GPTBot/1.2; +https://openai.com/gptbot)"
20.171.207.204 - - [09/Sep/2025:09:58:40 +0700] "GET /effective-networking-strategies-for-introverts-on-omegle-and-ometv/ HTTP/1.0" 200 95234 "-" "Mozilla/5.0 AppleWebKit/537.36 (KHTML, like Gecko; compatible; GPTBot/1.2; +https://openai.com/gptbot)"
20.171.207.204 - - [09/Sep/2025:09:58:47 +0700] "GET /?p=8428 HTTP/1.0" 301 504 "-" "Mozilla/5.0 AppleWebKit/537.36 (KHTML, like Gecko; compatible; GPTBot/1.2; +https://openai.com/gptbot)"
20.171.207.204 - - [09/Sep/2025:09:58:49 +0700] "GET /the-ethics-of-random-video-chats-on-chatroulette-and-omegle/ HTTP/1.0" 200 88205 "-" "Mozilla/5.0 AppleWebKit/537.36 (KHTML, like Gecko; compatible; GPTBot/1.2; +https://openai.com/gptbot)"
20.171.207.204 - - [09/Sep/2025:09:58:54 +0700] "GET /communicating-anonymously-omegles-impact-on-online-expression/ HTTP/1.0" 200 75329 "-" "Mozilla/5.0 AppleWebKit/537.36 (KHTML, like Gecko; compatible; GPTBot/1.2; +https://openai.com/gptbot)"
20.171.207.204 - - [09/Sep/2025:09:58:59 +0700] "GET /parental-control-video-vs-text-communication-on-omegle-and-ometv/ HTTP/1.0" 200 93506 "-" "Mozilla/5.0 AppleWebKit/537.36 (KHTML, like Gecko; compatible; GPTBot/1.2; +https://openai.com/gptbot)"
20.171.207.204 - - [09/Sep/2025:09:59:03 +0700] "GET /understanding-compassion-on-omegle/ HTTP/1.0" 200 89068 "-" "Mozilla/5.0 AppleWebKit/537.36 (KHTML, like Gecko; compatible; GPTBot/1.2; +https://openai.com/gptbot)"
20.171.207.204 - - [09/Sep/2025:09:59:09 +0700] "GET /?p=7909 HTTP/1.0" 301 493 "-" "Mozilla/5.0 AppleWebKit/537.36 (KHTML, like Gecko; compatible; GPTBot/1.2; +https://openai.com/gptbot)"
20.171.207.204 - - [09/Sep/2025:09:59:11 +0700] "GET /omegles-next-phase-enhancing-the-user-experience/ HTTP/1.0" 200 87954 "-" "Mozilla/5.0 AppleWebKit/537.36 (KHTML, like Gecko; compatible; GPTBot/1.2; +https://openai.com/gptbot)"
45.117.177.72 - - [09/Sep/2025:09:59:20 +0700] "POST /wp-cron.php?doing_wp_cron=1757386760.0978529453277587890625 HTTP/1.0" 200 416 "-" "WordPress/6.8.1; https://vattusacky.vn"
20.171.207.204 - - [09/Sep/2025:09:59:18 +0700] "GET /online-security-video-vs-text-communication-on-omegle-and-ometv/ HTTP/1.0" 200 82952 "-" "Mozilla/5.0 AppleWebKit/537.36 (KHTML, like Gecko; compatible; GPTBot/1.2; +https://openai.com/gptbot)"
20.171.207.204 - - [09/Sep/2025:09:59:23 +0700] "GET /ometv-etiquette-and-rules/ HTTP/1.0" 200 90519 "-" "Mozilla/5.0 AppleWebKit/537.36 (KHTML, like Gecko; compatible; GPTBot/1.2; +https://openai.com/gptbot)"
20.171.207.204 - - [09/Sep/2025:09:59:28 +0700] "GET /?p=6277 HTTP/1.0" 301 514 "-" "Mozilla/5.0 AppleWebKit/537.36 (KHTML, like Gecko; compatible; GPTBot/1.2; +https://openai.com/gptbot)"
20.171.207.204 - - [09/Sep/2025:09:59:30 +0700] "GET /building-connections-with-like-minded-individuals-on-omegle-and-ometv/ HTTP/1.0" 200 79926 "-" "Mozilla/5.0 AppleWebKit/537.36 (KHTML, like Gecko; compatible; GPTBot/1.2; +https://openai.com/gptbot)"
20.171.207.204 - - [09/Sep/2025:09:59:36 +0700] "GET /funny-encounters-on-omegle/ HTTP/1.0" 200 87288 "-" "Mozilla/5.0 AppleWebKit/537.36 (KHTML, like Gecko; compatible; GPTBot/1.2; +https://openai.com/gptbot)"
20.171.207.204 - - [09/Sep/2025:09:59:41 +0700] "GET /?p=8011 HTTP/1.0" 301 508 "-" "Mozilla/5.0 AppleWebKit/537.36 (KHTML, like Gecko; compatible; GPTBot/1.2; +https://openai.com/gptbot)"
20.171.207.204 - - [09/Sep/2025:09:59:43 +0700] "GET /online-security-video-vs-text-communication-on-omegle-and-ometv/ HTTP/1.0" 200 82952 "-" "Mozilla/5.0 AppleWebKit/537.36 (KHTML, like Gecko; compatible; GPTBot/1.2; +https://openai.com/gptbot)"
20.171.207.204 - - [09/Sep/2025:09:59:48 +0700] "GET /?p=6524 HTTP/1.0" 301 511 "-" "Mozilla/5.0 AppleWebKit/537.36 (KHTML, like Gecko; compatible; GPTBot/1.2; +https://openai.com/gptbot)"
20.171.207.204 - - [09/Sep/2025:09:59:50 +0700] "GET /effective-networking-strategies-for-introverts-on-omegle-and-ometv/ HTTP/1.0" 200 95234 "-" "Mozilla/5.0 AppleWebKit/537.36 (KHTML, like Gecko; compatible; GPTBot/1.2; +https://openai.com/gptbot)"
20.171.207.204 - - [09/Sep/2025:09:59:56 +0700] "GET /omegle-etiquette-and-rules/ HTTP/1.0" 200 89680 "-" "Mozilla/5.0 AppleWebKit/537.36 (KHTML, like Gecko; compatible; GPTBot/1.2; +https://openai.com/gptbot)"
20.171.207.204 - - [09/Sep/2025:10:00:02 +0700] "GET /effortless-communication-ometvs-text-chat-convenience/ HTTP/1.0" 200 84010 "-" "Mozilla/5.0 AppleWebKit/537.36 (KHTML, like Gecko; compatible; GPTBot/1.2; +https://openai.com/gptbot)"
20.171.207.204 - - [09/Sep/2025:10:00:08 +0700] "GET /safety-measures-on-omegle/ HTTP/1.0" 200 86204 "-" "Mozilla/5.0 AppleWebKit/537.36 (KHTML, like Gecko; compatible; GPTBot/1.2; +https://openai.com/gptbot)"
85.208.96.209 - - [09/Sep/2025:10:00:11 +0700] "GET /pokerdom-casino-igrat-v-onlajn-ruletku-live-kazino/ HTTP/1.0" 200 218849 "-" "Mozilla/5.0 (compatible; SemrushBot/7~bl; +http://www.semrush.com/bot.html)"
20.171.207.204 - - [09/Sep/2025:10:00:14 +0700] "GET /ways-to-date-successfully/ HTTP/1.0" 200 206080 "-" "Mozilla/5.0 AppleWebKit/537.36 (KHTML, like Gecko; compatible; GPTBot/1.2; +https://openai.com/gptbot)"
45.117.177.72 - - [09/Sep/2025:10:00:21 +0700] "POST /wp-cron.php?doing_wp_cron=1757386820.9289619922637939453125 HTTP/1.0" 200 416 "-" "WordPress/6.8.1; https://vattusacky.vn"
20.171.207.204 - - [09/Sep/2025:10:00:19 +0700] "GET /?p=6376 HTTP/1.0" 301 506 "-" "Mozilla/5.0 AppleWebKit/537.36 (KHTML, like Gecko; compatible; GPTBot/1.2; +https://openai.com/gptbot)"
20.171.207.204 - - [09/Sep/2025:10:00:21 +0700] "GET /communicating-anonymously-omegles-impact-on-online-expression/ HTTP/1.0" 200 75329 "-" "Mozilla/5.0 AppleWebKit/537.36 (KHTML, like Gecko; compatible; GPTBot/1.2; +https://openai.com/gptbot)"
20.171.207.204 - - [09/Sep/2025:10:00:25 +0700] "GET /?p=6525 HTTP/1.0" 301 498 "-" "Mozilla/5.0 AppleWebKit/537.36 (KHTML, like Gecko; compatible; GPTBot/1.2; +https://openai.com/gptbot)"
20.171.207.204 - - [09/Sep/2025:10:00:26 +0700] "GET /effortless-communication-ometvs-text-chat-convenience/ HTTP/1.0" 200 84010 "-" "Mozilla/5.0 AppleWebKit/537.36 (KHTML, like Gecko; compatible; GPTBot/1.2; +https://openai.com/gptbot)"
20.171.207.204 - - [09/Sep/2025:10:00:32 +0700] "GET /embarking-on-a-journey-of-love-and-friendship-in-omelove-stories/ HTTP/1.0" 200 90618 "-" "Mozilla/5.0 AppleWebKit/537.36 (KHTML, like Gecko; compatible; GPTBot/1.2; +https://openai.com/gptbot)"
20.171.207.204 - - [09/Sep/2025:10:00:37 +0700] "GET /?p=8159 HTTP/1.0" 301 470 "-" "Mozilla/5.0 AppleWebKit/537.36 (KHTML, like Gecko; compatible; GPTBot/1.2; +https://openai.com/gptbot)"
20.171.207.204 - - [09/Sep/2025:10:00:38 +0700] "GET /safety-measures-on-omegle/ HTTP/1.0" 200 86204 "-" "Mozilla/5.0 AppleWebKit/537.36 (KHTML, like Gecko; compatible; GPTBot/1.2; +https://openai.com/gptbot)"
103.131.71.103 - - [09/Sep/2025:10:00:42 +0700] "GET /robots.txt HTTP/1.0" 200 984 "-" "Mozilla/5.0 (compatible; coccocbot-web/1.0; +http://help.coccoc.com/searchengine)"
20.171.207.204 - - [09/Sep/2025:10:00:43 +0700] "GET /?p=7993 HTTP/1.0" 301 470 "-" "Mozilla/5.0 AppleWebKit/537.36 (KHTML, like Gecko; compatible; GPTBot/1.2; +https://openai.com/gptbot)"
20.171.207.204 - - [09/Sep/2025:10:00:45 +0700] "GET /ometv-etiquette-and-rules/ HTTP/1.0" 200 90519 "-" "Mozilla/5.0 AppleWebKit/537.36 (KHTML, like Gecko; compatible; GPTBot/1.2; +https://openai.com/gptbot)"
103.131.71.150 - - [09/Sep/2025:10:00:49 +0700] "GET /wp-json/ HTTP/1.0" 200 1895958 "-" "Mozilla/5.0 (compatible; coccocbot-web/1.0; +http://help.coccoc.com/searchengine)"
45.117.177.72 - - [09/Sep/2025:10:00:55 +0700] "POST /wp-cron.php?doing_wp_cron=1757386855.2025370597839355468750 HTTP/1.0" 200 416 "-" "WordPress/6.8.1; https://vattusacky.vn"
20.171.207.204 - - [09/Sep/2025:10:00:53 +0700] "GET /vdr-software-for-business/ HTTP/1.0" 200 205209 "-" "Mozilla/5.0 AppleWebKit/537.36 (KHTML, like Gecko; compatible; GPTBot/1.2; +https://openai.com/gptbot)"
103.131.71.170 - - [09/Sep/2025:10:00:56 +0700] "GET /sitemap_index.xml HTTP/1.0" 200 2426 "-" "Mozilla/5.0 (compatible; coccocbot-web/1.0; +http://help.coccoc.com/searchengine)"
20.171.207.204 - - [09/Sep/2025:10:01:00 +0700] "GET /?p=6526 HTTP/1.0" 301 509 "-" "Mozilla/5.0 AppleWebKit/537.36 (KHTML, like Gecko; compatible; GPTBot/1.2; +https://openai.com/gptbot)"
20.171.207.204 - - [09/Sep/2025:10:01:01 +0700] "GET /embarking-on-a-journey-of-love-and-friendship-in-omelove-stories/ HTTP/1.0" 200 90618 "-" "Mozilla/5.0 AppleWebKit/537.36 (KHTML, like Gecko; compatible; GPTBot/1.2; +https://openai.com/gptbot)"
20.171.207.204 - - [09/Sep/2025:10:01:06 +0700] "GET /embarking-on-new-connections-the-art-of-starting-conversations-on-omegle/ HTTP/1.0" 200 92906 "-" "Mozilla/5.0 AppleWebKit/537.36 (KHTML, like Gecko; compatible; GPTBot/1.2; +https://openai.com/gptbot)"
20.171.207.204 - - [09/Sep/2025:10:01:11 +0700] "GET /omegle-for-making-friends/ HTTP/1.0" 200 88346 "-" "Mozilla/5.0 AppleWebKit/537.36 (KHTML, like Gecko; compatible; GPTBot/1.2; +https://openai.com/gptbot)"
45.117.177.72 - - [09/Sep/2025:10:01:19 +0700] "POST /wp-cron.php?doing_wp_cron=1757386879.2820289134979248046875 HTTP/1.0" 200 416 "-" "WordPress/6.8.1; https://vattusacky.vn"
20.171.207.204 - - [09/Sep/2025:10:01:17 +0700] "GET /?p=3381 HTTP/1.0" 301 470 "-" "Mozilla/5.0 AppleWebKit/537.36 (KHTML, like Gecko; compatible; GPTBot/1.2; +https://openai.com/gptbot)"
20.171.207.204 - - [09/Sep/2025:10:01:19 +0700] "GET /vdr-software-for-business/ HTTP/1.0" 200 205209 "-" "Mozilla/5.0 AppleWebKit/537.36 (KHTML, like Gecko; compatible; GPTBot/1.2; +https://openai.com/gptbot)"
20.171.207.204 - - [09/Sep/2025:10:01:25 +0700] "GET /trt-sante-et-bodybuilding/ HTTP/1.0" 200 208983 "-" "Mozilla/5.0 AppleWebKit/537.36 (KHTML, like Gecko; compatible; GPTBot/1.2; +https://openai.com/gptbot)"
103.131.71.171 - - [09/Sep/2025:10:01:17 +0700] "GET /post-sitemap.xml HTTP/1.0" 500 3278 "-" "Mozilla/5.0 (compatible; coccocbot-web/1.0; +http://help.coccoc.com/searchengine)"
20.171.207.204 - - [09/Sep/2025:10:01:31 +0700] "GET /?p=6527 HTTP/1.0" 301 517 "-" "Mozilla/5.0 AppleWebKit/537.36 (KHTML, like Gecko; compatible; GPTBot/1.2; +https://openai.com/gptbot)"
20.171.207.204 - - [09/Sep/2025:10:01:32 +0700] "GET /embarking-on-new-connections-the-art-of-starting-conversations-on-omegle/ HTTP/1.0" 200 92906 "-" "Mozilla/5.0 AppleWebKit/537.36 (KHTML, like Gecko; compatible; GPTBot/1.2; +https://openai.com/gptbot)"
103.131.71.171 - - [09/Sep/2025:10:01:27 +0700] "GET /post-sitemap2.xml HTTP/1.0" 200 158032 "-" "Mozilla/5.0 (compatible; coccocbot-web/1.0; +http://help.coccoc.com/searchengine)"
103.131.71.171 - - [09/Sep/2025:10:01:35 +0700] "GET /post-sitemap3.xml HTTP/1.0" 200 155802 "-" "Mozilla/5.0 (compatible; coccocbot-web/1.0; +http://help.coccoc.com/searchengine)"
20.171.207.204 - - [09/Sep/2025:10:01:38 +0700] "GET /?p=7648 HTTP/1.0" 301 470 "-" "Mozilla/5.0 AppleWebKit/537.36 (KHTML, like Gecko; compatible; GPTBot/1.2; +https://openai.com/gptbot)"
20.171.207.204 - - [09/Sep/2025:10:01:41 +0700] "GET /omegle-for-making-friends/ HTTP/1.0" 200 88346 "-" "Mozilla/5.0 AppleWebKit/537.36 (KHTML, like Gecko; compatible; GPTBot/1.2; +https://openai.com/gptbot)"
103.131.71.171 - - [09/Sep/2025:10:01:42 +0700] "GET /post-sitemap4.xml HTTP/1.0" 200 157863 "-" "Mozilla/5.0 (compatible; coccocbot-web/1.0; +http://help.coccoc.com/searchengine)"
20.171.207.204 - - [09/Sep/2025:10:01:48 +0700] "GET /embracing-anonymity-the-freedom-and-creativity-of-omegle-artistry/ HTTP/1.0" 200 87943 "-" "Mozilla/5.0 AppleWebKit/537.36 (KHTML, like Gecko; compatible; GPTBot/1.2; +https://openai.com/gptbot)"
103.131.71.171 - - [09/Sep/2025:10:01:49 +0700] "GET /post-sitemap5.xml HTTP/1.0" 200 159938 "-" "Mozilla/5.0 (compatible; coccocbot-web/1.0; +http://help.coccoc.com/searchengine)"
85.208.96.207 - - [09/Sep/2025:10:01:54 +0700] "GET /category/bukmacherzy-online/ HTTP/1.0" 200 58866 "-" "Mozilla/5.0 (compatible; SemrushBot/7~bl; +http://www.semrush.com/bot.html)"
20.171.207.204 - - [09/Sep/2025:10:01:56 +0700] "GET /alman-bahis-girnecasino-50-tl-deneme-bonusu-bahis/ HTTP/1.0" 200 269617 "-" "Mozilla/5.0 AppleWebKit/537.36 (KHTML, like Gecko; compatible; GPTBot/1.2; +https://openai.com/gptbot)"
103.131.71.171 - - [09/Sep/2025:10:01:56 +0700] "GET /post-sitemap6.xml HTTP/1.0" 200 42210 "-" "Mozilla/5.0 (compatible; coccocbot-web/1.0; +http://help.coccoc.com/searchengine)"
20.171.207.204 - - [09/Sep/2025:10:02:03 +0700] "GET /types-of-organization-innovations/ HTTP/1.0" 200 72024 "-" "Mozilla/5.0 AppleWebKit/537.36 (KHTML, like Gecko; compatible; GPTBot/1.2; +https://openai.com/gptbot)"
103.131.71.171 - - [09/Sep/2025:10:02:03 +0700] "GET /page-sitemap.xml HTTP/1.0" 200 1873 "-" "Mozilla/5.0 (compatible; coccocbot-web/1.0; +http://help.coccoc.com/searchengine)"
20.171.207.204 - - [09/Sep/2025:10:02:07 +0700] "GET /the-future-of-random-video-chats-trends-and-predictions/ HTTP/1.0" 200 92840 "-" "Mozilla/5.0 AppleWebKit/537.36 (KHTML, like Gecko; compatible; GPTBot/1.2; +https://openai.com/gptbot)"
45.117.177.72 - - [09/Sep/2025:10:02:19 +0700] "POST /wp-cron.php?doing_wp_cron=1757386938.9678370952606201171875 HTTP/1.0" 200 416 "-" "WordPress/6.8.1; https://vattusacky.vn"
20.171.207.204 - - [09/Sep/2025:10:02:14 +0700] "GET /?p=6528 HTTP/1.0" 301 510 "-" "Mozilla/5.0 AppleWebKit/537.36 (KHTML, like Gecko; compatible; GPTBot/1.2; +https://openai.com/gptbot)"
20.171.207.204 - - [09/Sep/2025:10:02:19 +0700] "GET /embracing-anonymity-the-freedom-and-creativity-of-omegle-artistry/ HTTP/1.0" 200 87943 "-" "Mozilla/5.0 AppleWebKit/537.36 (KHTML, like Gecko; compatible; GPTBot/1.2; +https://openai.com/gptbot)"
20.171.207.204 - - [09/Sep/2025:10:02:25 +0700] "GET /embracing-change-omegles-next-chapter-explored/ HTTP/1.0" 200 90646 "-" "Mozilla/5.0 AppleWebKit/537.36 (KHTML, like Gecko; compatible; GPTBot/1.2; +https://openai.com/gptbot)"
103.131.71.171 - - [09/Sep/2025:10:02:10 +0700] "GET /attachment-sitemap.xml HTTP/1.0" 200 72345 "-" "Mozilla/5.0 (compatible; coccocbot-web/1.0; +http://help.coccoc.com/searchengine)"
103.131.71.171 - - [09/Sep/2025:10:02:27 +0700] "GET /product-sitemap.xml HTTP/1.0" 200 51048 "-" "Mozilla/5.0 (compatible; coccocbot-web/1.0; +http://help.coccoc.com/searchengine)"
20.171.207.204 - - [09/Sep/2025:10:02:31 +0700] "GET /?p=8065 HTTP/1.0" 301 509 "-" "Mozilla/5.0 AppleWebKit/537.36 (KHTML, like Gecko; compatible; GPTBot/1.2; +https://openai.com/gptbot)"
20.171.207.204 - - [09/Sep/2025:10:02:33 +0700] "GET /parental-control-video-vs-text-communication-on-omegle-and-ometv/ HTTP/1.0" 200 93506 "-" "Mozilla/5.0 AppleWebKit/537.36 (KHTML, like Gecko; compatible; GPTBot/1.2; +https://openai.com/gptbot)"
103.131.71.171 - - [09/Sep/2025:10:02:34 +0700] "GET /category-sitemap.xml HTTP/1.0" 200 24564 "-" "Mozilla/5.0 (compatible; coccocbot-web/1.0; +http://help.coccoc.com/searchengine)"
40.77.167.123 - - [09/Sep/2025:10:02:34 +0700] "GET /san-pham/bo-hieu-chuan-luu-luong-thap-va-trung-binh/ HTTP/1.0" 200 261902 "-" "Mozilla/5.0 AppleWebKit/537.36 (KHTML, like Gecko; compatible; bingbot/2.0; +http://www.bing.com/bingbot.htm) Chrome/116.0.1938.76 Safari/537.36"
20.171.207.204 - - [09/Sep/2025:10:02:38 +0700] "GET /?p=6963 HTTP/1.0" 301 471 "-" "Mozilla/5.0 AppleWebKit/537.36 (KHTML, like Gecko; compatible; GPTBot/1.2; +https://openai.com/gptbot)"
20.171.207.204 - - [09/Sep/2025:10:02:40 +0700] "GET /funny-encounters-on-omegle/ HTTP/1.0" 200 87288 "-" "Mozilla/5.0 AppleWebKit/537.36 (KHTML, like Gecko; compatible; GPTBot/1.2; +https://openai.com/gptbot)"
103.131.71.178 - - [09/Sep/2025:10:02:41 +0700] "GET /post_tag-sitemap.xml HTTP/1.0" 200 12903 "-" "Mozilla/5.0 (compatible; coccocbot-web/1.0; +http://help.coccoc.com/searchengine)"
20.171.207.204 - - [09/Sep/2025:10:02:46 +0700] "GET /?p=6228 HTTP/1.0" 301 505 "-" "Mozilla/5.0 AppleWebKit/537.36 (KHTML, like Gecko; compatible; GPTBot/1.2; +https://openai.com/gptbot)"
20.171.207.204 - - [09/Sep/2025:10:02:48 +0700] "GET /breaking-cultural-barriers-video-vs-text-on-omegle-and-ometv/ HTTP/1.0" 200 90122 "-" "Mozilla/5.0 AppleWebKit/537.36 (KHTML, like Gecko; compatible; GPTBot/1.2; +https://openai.com/gptbot)"
103.131.71.178 - - [09/Sep/2025:10:02:48 +0700] "GET /product_cat-sitemap.xml HTTP/1.0" 200 8595 "-" "Mozilla/5.0 (compatible; coccocbot-web/1.0; +http://help.coccoc.com/searchengine)"
20.171.207.204 - - [09/Sep/2025:10:02:54 +0700] "GET /?p=9049 HTTP/1.0" 301 479 "-" "Mozilla/5.0 AppleWebKit/537.36 (KHTML, like Gecko; compatible; GPTBot/1.2; +https://openai.com/gptbot)"
103.131.71.178 - - [09/Sep/2025:10:02:55 +0700] "GET /product_tag-sitemap.xml HTTP/1.0" 200 28520 "-" "Mozilla/5.0 (compatible; coccocbot-web/1.0; +http://help.coccoc.com/searchengine)"
20.171.207.204 - - [09/Sep/2025:10:02:56 +0700] "GET /understanding-compassion-on-omegle/ HTTP/1.0" 200 89068 "-" "Mozilla/5.0 AppleWebKit/537.36 (KHTML, like Gecko; compatible; GPTBot/1.2; +https://openai.com/gptbot)"
20.171.207.204 - - [09/Sep/2025:10:03:00 +0700] "GET /on-line-relationship-sites/ HTTP/1.0" 200 205828 "-" "Mozilla/5.0 AppleWebKit/537.36 (KHTML, like Gecko; compatible; GPTBot/1.2; +https://openai.com/gptbot)"
20.171.207.204 - - [09/Sep/2025:10:03:05 +0700] "GET /?p=8491 HTTP/1.0" 301 646 "-" "Mozilla/5.0 AppleWebKit/537.36 (KHTML, like Gecko; compatible; GPTBot/1.2; +https://openai.com/gptbot)"
20.171.207.204 - - [09/Sep/2025:10:03:07 +0700] "GET /the-future-of-random-video-chats-trends-and-predictions/ HTTP/1.0" 200 92840 "-" "Mozilla/5.0 AppleWebKit/537.36 (KHTML, like Gecko; compatible; GPTBot/1.2; +https://openai.com/gptbot)"
23.22.105.143 - - [09/Sep/2025:10:03:07 +0700] "GET /the-impact-of-cultural-diversity-in-omegles-social-experiment/ HTTP/1.0" 200 90567 "-" "Mozilla/5.0 AppleWebKit/537.36 (KHTML, like Gecko; compatible; Amazonbot/0.1; +https://developer.amazon.com/support/amazonbot) Chrome/119.0.6045.214 Safari/537.36"
184.73.35.182 - - [09/Sep/2025:10:03:13 +0700] "GET /embracing-the-virtual-magic-unveiling-the-power-of-omegles-serendipity/ HTTP/1.0" 200 92069 "-" "Mozilla/5.0 AppleWebKit/537.36 (KHTML, like Gecko; compatible; Amazonbot/0.1; +https://developer.amazon.com/support/amazonbot) Chrome/119.0.6045.214 Safari/537.36"
20.171.207.204 - - [09/Sep/2025:10:03:12 +0700] "GET /making-money-upon-webcams/ HTTP/1.0" 200 72941 "-" "Mozilla/5.0 AppleWebKit/537.36 (KHTML, like Gecko; compatible; GPTBot/1.2; +https://openai.com/gptbot)"
45.117.177.72 - - [09/Sep/2025:10:03:17 +0700] "POST /wp-cron.php?doing_wp_cron=1757386997.0698928833007812500000 HTTP/1.0" 200 416 "-" "WordPress/6.8.1; https://vattusacky.vn"
44.215.61.66 - - [09/Sep/2025:10:03:15 +0700] "GET /unforgettable-omegle-fails-and-amusing-encounters/ HTTP/1.0" 200 88594 "-" "Mozilla/5.0 AppleWebKit/537.36 (KHTML, like Gecko; compatible; Amazonbot/0.1; +https://developer.amazon.com/support/amazonbot) Chrome/119.0.6045.214 Safari/537.36"
207.46.13.150 - - [09/Sep/2025:10:03:20 +0700] "GET /wp-content/plugins/gridlist-view-for-woocommerce/berocket/assets/css/font-awesome.min.css?ver=6.8.1 HTTP/1.0" 200 464 "-" "Mozilla/5.0 AppleWebKit/537.36 (KHTML, like Gecko; compatible; bingbot/2.0; +http://www.bing.com/bingbot.htm) Chrome/116.0.1938.76 Safari/537.36"
207.46.13.150 - - [09/Sep/2025:10:03:20 +0700] "GET /wp-content/plugins/content-views-query-and-display-post-page/public/assets/css/cv.css?ver=4.1 HTTP/1.0" 200 460 "-" "Mozilla/5.0 AppleWebKit/537.36 (KHTML, like Gecko; compatible; bingbot/2.0; +http://www.bing.com/bingbot.htm) Chrome/116.0.1938.76 Safari/537.36"
20.171.207.204 - - [09/Sep/2025:10:03:19 +0700] "GET /what-make-exness-dont-want-you-to-know/ HTTP/1.0" 200 99129 "-" "Mozilla/5.0 AppleWebKit/537.36 (KHTML, like Gecko; compatible; GPTBot/1.2; +https://openai.com/gptbot)"
