20.171.207.204 - - [09/Sep/2025:07:25:59 +0700] "GET /omegles-potential-risks-for-vulnerable-users/ HTTP/1.0" 200 88477 "-" "Mozilla/5.0 AppleWebKit/537.36 (KHTML, like Gecko; compatible; GPTBot/1.2; +https://openai.com/gptbot)"
20.171.207.204 - - [09/Sep/2025:07:26:05 +0700] "GET /understanding-the-anonymity-factor-on-omegle/ HTTP/1.0" 200 87652 "-" "Mozilla/5.0 AppleWebKit/537.36 (KHTML, like Gecko; compatible; GPTBot/1.2; +https://openai.com/gptbot)"
20.171.207.204 - - [09/Sep/2025:07:26:11 +0700] "GET /?p=8290 HTTP/1.0" 301 489 "-" "Mozilla/5.0 AppleWebKit/537.36 (KHTML, like Gecko; compatible; GPTBot/1.2; +https://openai.com/gptbot)"
20.171.207.204 - - [09/Sep/2025:07:26:12 +0700] "GET /text-chat-moderation-ometvs-filtering-system/ HTTP/1.0" 200 89224 "-" "Mozilla/5.0 AppleWebKit/537.36 (KHTML, like Gecko; compatible; GPTBot/1.2; +https://openai.com/gptbot)"
45.117.177.72 - - [09/Sep/2025:07:26:20 +0700] "POST /wp-cron.php?doing_wp_cron=1757377580.1107780933380126953125 HTTP/1.0" 200 416 "-" "WordPress/6.8.1; https://vattusacky.vn"
20.171.207.204 - - [09/Sep/2025:07:26:18 +0700] "GET /?p=7397 HTTP/1.0" 301 489 "-" "Mozilla/5.0 AppleWebKit/537.36 (KHTML, like Gecko; compatible; GPTBot/1.2; +https://openai.com/gptbot)"
20.171.207.204 - - [09/Sep/2025:07:26:20 +0700] "GET /omegle-and-ometv-for-artistic-collaborations/ HTTP/1.0" 200 92647 "-" "Mozilla/5.0 AppleWebKit/537.36 (KHTML, like Gecko; compatible; GPTBot/1.2; +https://openai.com/gptbot)"
20.171.207.204 - - [09/Sep/2025:07:26:26 +0700] "GET /boosting-self-esteem-through-omegle-therapy/ HTTP/1.0" 403 605 "-" "Mozilla/5.0 AppleWebKit/537.36 (KHTML, like Gecko; compatible; GPTBot/1.2; +https://openai.com/gptbot)"
20.171.207.204 - - [09/Sep/2025:07:26:31 +0700] "GET /?p=9056 HTTP/1.0" 301 489 "-" "Mozilla/5.0 AppleWebKit/537.36 (KHTML, like Gecko; compatible; GPTBot/1.2; +https://openai.com/gptbot)"
20.171.207.204 - - [09/Sep/2025:07:26:33 +0700] "GET /understanding-the-anonymity-factor-on-omegle/ HTTP/1.0" 200 87652 "-" "Mozilla/5.0 AppleWebKit/537.36 (KHTML, like Gecko; compatible; GPTBot/1.2; +https://openai.com/gptbot)"
20.171.207.204 - - [09/Sep/2025:07:26:40 +0700] "GET /using-omegle-for-virtual-travel-experiences/ HTTP/1.0" 200 79940 "-" "Mozilla/5.0 AppleWebKit/537.36 (KHTML, like Gecko; compatible; GPTBot/1.2; +https://openai.com/gptbot)"
20.171.207.204 - - [09/Sep/2025:07:26:49 +0700] "GET /how-online-interactions-impact-self-identity/ HTTP/1.0" 200 91062 "-" "Mozilla/5.0 AppleWebKit/537.36 (KHTML, like Gecko; compatible; GPTBot/1.2; +https://openai.com/gptbot)"
20.171.207.204 - - [09/Sep/2025:07:26:54 +0700] "GET /omegle-for-business-opportunities-and-risks/ HTTP/1.0" 200 93511 "-" "Mozilla/5.0 AppleWebKit/537.36 (KHTML, like Gecko; compatible; GPTBot/1.2; +https://openai.com/gptbot)"
20.171.207.204 - - [09/Sep/2025:07:27:04 +0700] "GET /unveiling-the-mysteries-of-omegles-algorithms/ HTTP/1.0" 200 88682 "-" "Mozilla/5.0 AppleWebKit/537.36 (KHTML, like Gecko; compatible; GPTBot/1.2; +https://openai.com/gptbot)"
20.171.207.204 - - [09/Sep/2025:07:27:13 +0700] "GET /?p=9190 HTTP/1.0" 301 488 "-" "Mozilla/5.0 AppleWebKit/537.36 (KHTML, like Gecko; compatible; GPTBot/1.2; +https://openai.com/gptbot)"
20.171.207.204 - - [09/Sep/2025:07:27:14 +0700] "GET /using-omegle-for-virtual-travel-experiences/ HTTP/1.0" 200 79940 "-" "Mozilla/5.0 AppleWebKit/537.36 (KHTML, like Gecko; compatible; GPTBot/1.2; +https://openai.com/gptbot)"
45.117.177.72 - - [09/Sep/2025:07:27:24 +0700] "POST /wp-cron.php?doing_wp_cron=1757377643.8977890014648437500000 HTTP/1.0" 200 416 "-" "WordPress/6.8.1; https://vattusacky.vn"
20.171.207.204 - - [09/Sep/2025:07:27:22 +0700] "GET /?p=7104 HTTP/1.0" 301 515 "-" "Mozilla/5.0 AppleWebKit/537.36 (KHTML, like Gecko; compatible; GPTBot/1.2; +https://openai.com/gptbot)"
20.171.207.204 - - [09/Sep/2025:07:27:24 +0700] "GET /igniting-artistic-inspiration-how-omegle-fosters-creativity-in-artists/ HTTP/1.0" 200 93265 "-" "Mozilla/5.0 AppleWebKit/537.36 (KHTML, like Gecko; compatible; GPTBot/1.2; +https://openai.com/gptbot)"
20.171.207.204 - - [09/Sep/2025:07:27:29 +0700] "GET /?p=8026 HTTP/1.0" 301 522 "-" "Mozilla/5.0 AppleWebKit/537.36 (KHTML, like Gecko; compatible; GPTBot/1.2; +https://openai.com/gptbot)"
20.171.207.204 - - [09/Sep/2025:07:27:31 +0700] "GET /overcoming-language-barriers-on-omegle-strategies-for-effective-communication/ HTTP/1.0" 200 91928 "-" "Mozilla/5.0 AppleWebKit/537.36 (KHTML, like Gecko; compatible; GPTBot/1.2; +https://openai.com/gptbot)"
20.171.207.204 - - [09/Sep/2025:07:27:38 +0700] "GET /?p=9164 HTTP/1.0" 301 490 "-" "Mozilla/5.0 AppleWebKit/537.36 (KHTML, like Gecko; compatible; GPTBot/1.2; +https://openai.com/gptbot)"
20.171.207.204 - - [09/Sep/2025:07:27:40 +0700] "GET /unveiling-the-mysteries-of-omegles-algorithms/ HTTP/1.0" 200 88682 "-" "Mozilla/5.0 AppleWebKit/537.36 (KHTML, like Gecko; compatible; GPTBot/1.2; +https://openai.com/gptbot)"
20.171.207.204 - - [09/Sep/2025:07:27:47 +0700] "GET /?p=7338 HTTP/1.0" 301 524 "-" "Mozilla/5.0 AppleWebKit/537.36 (KHTML, like Gecko; compatible; GPTBot/1.2; +https://openai.com/gptbot)"
20.171.207.204 - - [09/Sep/2025:07:27:49 +0700] "GET /omegle-and-empathy-fostering-understanding-and-connection-through-conversations/ HTTP/1.0" 200 90007 "-" "Mozilla/5.0 AppleWebKit/537.36 (KHTML, like Gecko; compatible; GPTBot/1.2; +https://openai.com/gptbot)"
20.171.207.204 - - [09/Sep/2025:07:27:58 +0700] "GET /unveiling-the-psychology-behind-omegles-appeal/ HTTP/1.0" 200 92674 "-" "Mozilla/5.0 AppleWebKit/537.36 (KHTML, like Gecko; compatible; GPTBot/1.2; +https://openai.com/gptbot)"
20.171.207.204 - - [09/Sep/2025:07:28:05 +0700] "GET /omegle-and-cultural-exchange-celebrating-diversity-through-online-connections/ HTTP/1.0" 200 92636 "-" "Mozilla/5.0 AppleWebKit/537.36 (KHTML, like Gecko; compatible; GPTBot/1.2; +https://openai.com/gptbot)"
20.171.207.204 - - [09/Sep/2025:07:28:12 +0700] "GET /mostbet-onlajn-mobilnaja-versija-kazino-demo/ HTTP/1.0" 200 97655 "-" "Mozilla/5.0 AppleWebKit/537.36 (KHTML, like Gecko; compatible; GPTBot/1.2; +https://openai.com/gptbot)"
45.117.177.72 - - [09/Sep/2025:07:28:21 +0700] "POST /wp-cron.php?doing_wp_cron=1757377701.4085259437561035156250 HTTP/1.0" 200 416 "-" "WordPress/6.8.1; https://vattusacky.vn"
20.171.207.204 - - [09/Sep/2025:07:28:20 +0700] "GET /?p=7047 HTTP/1.0" 301 489 "-" "Mozilla/5.0 AppleWebKit/537.36 (KHTML, like Gecko; compatible; GPTBot/1.2; +https://openai.com/gptbot)"
20.171.207.204 - - [09/Sep/2025:07:28:21 +0700] "GET /how-online-interactions-impact-self-identity/ HTTP/1.0" 200 91062 "-" "Mozilla/5.0 AppleWebKit/537.36 (KHTML, like Gecko; compatible; GPTBot/1.2; +https://openai.com/gptbot)"
20.171.207.204 - - [09/Sep/2025:07:28:27 +0700] "GET /navigating-controversial-topics-on-omegle-promoting-productive-discussions/ HTTP/1.0" 200 92329 "-" "Mozilla/5.0 AppleWebKit/537.36 (KHTML, like Gecko; compatible; GPTBot/1.2; +https://openai.com/gptbot)"
20.171.207.204 - - [09/Sep/2025:07:28:33 +0700] "GET /?p=7807 HTTP/1.0" 301 515 "-" "Mozilla/5.0 AppleWebKit/537.36 (KHTML, like Gecko; compatible; GPTBot/1.2; +https://openai.com/gptbot)"
20.171.207.204 - - [09/Sep/2025:07:28:34 +0700] "GET /omegles-contribution-to-artificial-intelligence-and-chatbot-technology/ HTTP/1.0" 200 92592 "-" "Mozilla/5.0 AppleWebKit/537.36 (KHTML, like Gecko; compatible; GPTBot/1.2; +https://openai.com/gptbot)"
20.171.207.204 - - [09/Sep/2025:07:28:41 +0700] "GET /?p=7624 HTTP/1.0" 301 488 "-" "Mozilla/5.0 AppleWebKit/537.36 (KHTML, like Gecko; compatible; GPTBot/1.2; +https://openai.com/gptbot)"
20.171.207.204 - - [09/Sep/2025:07:28:42 +0700] "GET /omegle-for-business-opportunities-and-risks/ HTTP/1.0" 200 93511 "-" "Mozilla/5.0 AppleWebKit/537.36 (KHTML, like Gecko; compatible; GPTBot/1.2; +https://openai.com/gptbot)"
20.171.207.204 - - [09/Sep/2025:07:28:51 +0700] "GET /managing-expectations-in-online-interactions/ HTTP/1.0" 200 91997 "-" "Mozilla/5.0 AppleWebKit/537.36 (KHTML, like Gecko; compatible; GPTBot/1.2; +https://openai.com/gptbot)"
20.171.207.204 - - [09/Sep/2025:07:28:57 +0700] "GET /?p=7230 HTTP/1.0" 301 519 "-" "Mozilla/5.0 AppleWebKit/537.36 (KHTML, like Gecko; compatible; GPTBot/1.2; +https://openai.com/gptbot)"
20.171.207.204 - - [09/Sep/2025:07:28:59 +0700] "GET /navigating-controversial-topics-on-omegle-promoting-productive-discussions/ HTTP/1.0" 200 92329 "-" "Mozilla/5.0 AppleWebKit/537.36 (KHTML, like Gecko; compatible; GPTBot/1.2; +https://openai.com/gptbot)"
20.171.207.204 - - [09/Sep/2025:07:29:07 +0700] "GET /omegle-and-ometv-for-professional-networking/ HTTP/1.0" 200 94449 "-" "Mozilla/5.0 AppleWebKit/537.36 (KHTML, like Gecko; compatible; GPTBot/1.2; +https://openai.com/gptbot)"
20.171.207.204 - - [09/Sep/2025:07:29:14 +0700] "GET /whats-the-difference-between-bookkeeping-and/ HTTP/1.0" 200 231915 "-" "Mozilla/5.0 AppleWebKit/537.36 (KHTML, like Gecko; compatible; GPTBot/1.2; +https://openai.com/gptbot)"
45.117.177.72 - - [09/Sep/2025:07:29:24 +0700] "POST /wp-cron.php?doing_wp_cron=1757377763.9725320339202880859375 HTTP/1.0" 200 416 "-" "WordPress/6.8.1; https://vattusacky.vn"
20.171.207.204 - - [09/Sep/2025:07:29:22 +0700] "GET /?p=7319 HTTP/1.0" 301 522 "-" "Mozilla/5.0 AppleWebKit/537.36 (KHTML, like Gecko; compatible; GPTBot/1.2; +https://openai.com/gptbot)"
20.171.207.204 - - [09/Sep/2025:07:29:24 +0700] "GET /omegle-and-cultural-exchange-celebrating-diversity-through-online-connections/ HTTP/1.0" 200 92636 "-" "Mozilla/5.0 AppleWebKit/537.36 (KHTML, like Gecko; compatible; GPTBot/1.2; +https://openai.com/gptbot)"
20.171.207.204 - - [09/Sep/2025:07:29:31 +0700] "GET /a-comprehensive-guide-to-face-to-face-video-chats-on-omegle-and-ometv/ HTTP/1.0" 200 92653 "-" "Mozilla/5.0 AppleWebKit/537.36 (KHTML, like Gecko; compatible; GPTBot/1.2; +https://openai.com/gptbot)"
20.171.207.204 - - [09/Sep/2025:07:29:41 +0700] "GET /secrets-about-bc-game-bonus/ HTTP/1.0" 200 234625 "-" "Mozilla/5.0 AppleWebKit/537.36 (KHTML, like Gecko; compatible; GPTBot/1.2; +https://openai.com/gptbot)"
20.171.207.204 - - [09/Sep/2025:07:29:49 +0700] "GET /?p=4507 HTTP/1.0" 301 489 "-" "Mozilla/5.0 AppleWebKit/537.36 (KHTML, like Gecko; compatible; GPTBot/1.2; +https://openai.com/gptbot)"
20.171.207.204 - - [09/Sep/2025:07:29:51 +0700] "GET /whats-the-difference-between-bookkeeping-and/ HTTP/1.0" 200 231915 "-" "Mozilla/5.0 AppleWebKit/537.36 (KHTML, like Gecko; compatible; GPTBot/1.2; +https://openai.com/gptbot)"
20.171.207.204 - - [09/Sep/2025:07:29:56 +0700] "GET /omegle-safety-tips-protecting-yourself-online/ HTTP/1.0" 200 91028 "-" "Mozilla/5.0 AppleWebKit/537.36 (KHTML, like Gecko; compatible; GPTBot/1.2; +https://openai.com/gptbot)"
89.44.58.112 - - [09/Sep/2025:07:30:13 +0700] "GET /wp-json/wp/v2/posts?slug=/how-you-can-date-delightful-single-latina-women/ HTTP/1.0" 200 183295 "-" "-"
89.44.58.112 - - [09/Sep/2025:07:30:13 +0700] "GET /wp-json/wp/v2/posts?slug=/how-you-can-date-delightful-single-latina-women/ HTTP/1.0" 200 183295 "-" "-"
20.171.207.204 - - [09/Sep/2025:07:30:15 +0700] "GET /?p=7432 HTTP/1.0" 301 489 "-" "Mozilla/5.0 AppleWebKit/537.36 (KHTML, like Gecko; compatible; GPTBot/1.2; +https://openai.com/gptbot)"
45.117.177.72 - - [09/Sep/2025:07:30:18 +0700] "POST /wp-cron.php?doing_wp_cron=1757377817.8553130626678466796875 HTTP/1.0" 200 416 "-" "WordPress/6.8.1; https://vattusacky.vn"
20.171.207.204 - - [09/Sep/2025:07:30:16 +0700] "GET /omegle-and-ometv-for-professional-networking/ HTTP/1.0" 200 94449 "-" "Mozilla/5.0 AppleWebKit/537.36 (KHTML, like Gecko; compatible; GPTBot/1.2; +https://openai.com/gptbot)"
89.44.58.112 - - [09/Sep/2025:07:30:17 +0700] "POST /wp-comments-post.php HTTP/1.0" 429 3223 "-" "-"
89.44.58.112 - - [09/Sep/2025:07:30:17 +0700] "POST /wp-comments-post.php HTTP/1.0" 302 1149 "-" "-"
89.44.58.112 - - [09/Sep/2025:07:30:19 +0700] "GET /how-you-can-date-delightful-single-latina-women/?unapproved=1508&moderation-hash=5cbeb4cbe33cfdd3386442fa6e627a2c HTTP/1.0" 200 208543 "-" "-"
20.171.207.204 - - [09/Sep/2025:07:30:24 +0700] "GET /best-legal-accounting-software-for-small-large-law/ HTTP/1.0" 200 183605 "-" "Mozilla/5.0 AppleWebKit/537.36 (KHTML, like Gecko; compatible; GPTBot/1.2; +https://openai.com/gptbot)"
20.171.207.204 - - [09/Sep/2025:07:30:31 +0700] "GET /omegles-challenges-and-controversies-regulation-and-control/ HTTP/1.0" 200 90787 "-" "Mozilla/5.0 AppleWebKit/537.36 (KHTML, like Gecko; compatible; GPTBot/1.2; +https://openai.com/gptbot)"
20.171.207.204 - - [09/Sep/2025:07:30:36 +0700] "GET /?p=7200 HTTP/1.0" 301 489 "-" "Mozilla/5.0 AppleWebKit/537.36 (KHTML, like Gecko; compatible; GPTBot/1.2; +https://openai.com/gptbot)"
20.171.207.204 - - [09/Sep/2025:07:30:38 +0700] "GET /managing-expectations-in-online-interactions/ HTTP/1.0" 200 91997 "-" "Mozilla/5.0 AppleWebKit/537.36 (KHTML, like Gecko; compatible; GPTBot/1.2; +https://openai.com/gptbot)"
20.171.207.204 - - [09/Sep/2025:07:30:45 +0700] "GET /?p=9169 HTTP/1.0" 301 637 "-" "Mozilla/5.0 AppleWebKit/537.36 (KHTML, like Gecko; compatible; GPTBot/1.2; +https://openai.com/gptbot)"
20.171.207.204 - - [09/Sep/2025:07:30:46 +0700] "GET /unveiling-the-psychology-behind-omegles-appeal/ HTTP/1.0" 200 92674 "-" "Mozilla/5.0 AppleWebKit/537.36 (KHTML, like Gecko; compatible; GPTBot/1.2; +https://openai.com/gptbot)"
20.171.207.204 - - [09/Sep/2025:07:30:51 +0700] "GET /?p=9360 HTTP/1.0" 301 489 "-" "Mozilla/5.0 AppleWebKit/537.36 (KHTML, like Gecko; compatible; GPTBot/1.2; +https://openai.com/gptbot)"
20.171.207.204 - - [09/Sep/2025:07:30:53 +0700] "GET /mostbet-onlajn-mobilnaja-versija-kazino-demo/ HTTP/1.0" 200 97655 "-" "Mozilla/5.0 AppleWebKit/537.36 (KHTML, like Gecko; compatible; GPTBot/1.2; +https://openai.com/gptbot)"
20.171.207.204 - - [09/Sep/2025:07:30:59 +0700] "GET /the-anonymous-playground-adventures-on-omegle/ HTTP/1.0" 200 89483 "-" "Mozilla/5.0 AppleWebKit/537.36 (KHTML, like Gecko; compatible; GPTBot/1.2; +https://openai.com/gptbot)"
20.171.207.204 - - [09/Sep/2025:07:31:05 +0700] "GET /gaming-areas-is-treating-the-fresh-midterm-elections-including-their-a-good-presidential-election/ HTTP/1.0" 200 213297 "-" "Mozilla/5.0 AppleWebKit/537.36 (KHTML, like Gecko; compatible; GPTBot/1.2; +https://openai.com/gptbot)"
20.171.207.204 - - [09/Sep/2025:07:31:11 +0700] "GET /omegles-role-in-facilitating-intercultural-and-intergenerational-dialogue/ HTTP/1.0" 200 90632 "-" "Mozilla/5.0 AppleWebKit/537.36 (KHTML, like Gecko; compatible; GPTBot/1.2; +https://openai.com/gptbot)"
45.117.177.72 - - [09/Sep/2025:07:31:19 +0700] "POST /wp-cron.php?doing_wp_cron=1757377879.3700640201568603515625 HTTP/1.0" 200 416 "-" "WordPress/6.8.1; https://vattusacky.vn"
20.171.207.204 - - [09/Sep/2025:07:31:18 +0700] "GET /?p=7803 HTTP/1.0" 301 504 "-" "Mozilla/5.0 AppleWebKit/537.36 (KHTML, like Gecko; compatible; GPTBot/1.2; +https://openai.com/gptbot)"
20.171.207.204 - - [09/Sep/2025:07:31:19 +0700] "GET /omegles-challenges-and-controversies-regulation-and-control/ HTTP/1.0" 200 90787 "-" "Mozilla/5.0 AppleWebKit/537.36 (KHTML, like Gecko; compatible; GPTBot/1.2; +https://openai.com/gptbot)"
20.171.207.204 - - [09/Sep/2025:07:31:25 +0700] "GET /?p=8315 HTTP/1.0" 301 490 "-" "Mozilla/5.0 AppleWebKit/537.36 (KHTML, like Gecko; compatible; GPTBot/1.2; +https://openai.com/gptbot)"
20.171.207.204 - - [09/Sep/2025:07:31:27 +0700] "GET /the-anonymous-playground-adventures-on-omegle/ HTTP/1.0" 200 89483 "-" "Mozilla/5.0 AppleWebKit/537.36 (KHTML, like Gecko; compatible; GPTBot/1.2; +https://openai.com/gptbot)"
20.171.207.204 - - [09/Sep/2025:07:31:32 +0700] "GET /top-male-onlyfans-earners-online-onlyfans-sites HTTP/1.0" 301 492 "-" "Mozilla/5.0 AppleWebKit/537.36 (KHTML, like Gecko; compatible; GPTBot/1.2; +https://openai.com/gptbot)"
20.171.207.204 - - [09/Sep/2025:07:31:33 +0700] "GET /top-male-onlyfans-earners-online-onlyfans-sites/ HTTP/1.0" 200 88408 "-" "Mozilla/5.0 AppleWebKit/537.36 (KHTML, like Gecko; compatible; GPTBot/1.2; +https://openai.com/gptbot)"
20.171.207.204 - - [09/Sep/2025:07:31:38 +0700] "GET /is-normally-cbd-legal-in-the-us/ HTTP/1.0" 200 205369 "-" "Mozilla/5.0 AppleWebKit/537.36 (KHTML, like Gecko; compatible; GPTBot/1.2; +https://openai.com/gptbot)"
20.171.207.204 - - [09/Sep/2025:07:31:45 +0700] "GET /?p=7696 HTTP/1.0" 301 490 "-" "Mozilla/5.0 AppleWebKit/537.36 (KHTML, like Gecko; compatible; GPTBot/1.2; +https://openai.com/gptbot)"
20.171.207.204 - - [09/Sep/2025:07:31:47 +0700] "GET /omegle-safety-tips-protecting-yourself-online/ HTTP/1.0" 200 91028 "-" "Mozilla/5.0 AppleWebKit/537.36 (KHTML, like Gecko; compatible; GPTBot/1.2; +https://openai.com/gptbot)"
77.79.177.27 - - [09/Sep/2025:07:31:52 +0700] "GET /benefits-of-using-testosterone-cypionate/ HTTP/1.0" 200 102116 "https://vattusacky.vn/benefits-of-using-testosterone-cypionate/" "Mozilla/5.0 (Windows NT 10.0; Win64; x64) AppleWebKit/537.36 (KHTML, like Gecko) Chrome/103.0.5060.114 Safari/537.36"
95.91.104.195 - - [09/Sep/2025:07:31:52 +0700] "GET /robots.txt HTTP/1.0" 200 984 "-" "Mozilla/5.0 (compatible; MJ12bot/v1.4.8; http://mj12bot.com/)"
20.171.207.204 - - [09/Sep/2025:07:31:53 +0700] "GET /the-role-of-empathy-on-omegle/ HTTP/1.0" 200 88504 "-" "Mozilla/5.0 AppleWebKit/537.36 (KHTML, like Gecko; compatible; GPTBot/1.2; +https://openai.com/gptbot)"
95.91.104.195 - - [09/Sep/2025:07:31:55 +0700] "GET /1xbet-az-r%C9%99smi-sayt-1xbet-az%C9%99rbaycan-bukmeker-kontoru-bonuslar-apk-105/ HTTP/1.0" 200 82212 "-" "Mozilla/5.0 (compatible; MJ12bot/v1.4.8; http://mj12bot.com/)"
95.91.104.195 - - [09/Sep/2025:07:31:59 +0700] "GET /1xbet-az-r%C9%99smi-sayt-1xbet-az%C9%99rbaycan-bukmeker-kontoru-bonuslar-apk-152/ HTTP/1.0" 200 83573 "-" "Mozilla/5.0 (compatible; MJ12bot/v1.4.8; http://mj12bot.com/)"
20.171.207.204 - - [09/Sep/2025:07:32:00 +0700] "GET /?p=9619 HTTP/1.0" 301 495 "-" "Mozilla/5.0 AppleWebKit/537.36 (KHTML, like Gecko; compatible; GPTBot/1.2; +https://openai.com/gptbot)"
20.171.207.204 - - [09/Sep/2025:07:32:01 +0700] "GET /best-legal-accounting-software-for-small-large-law/ HTTP/1.0" 200 183605 "-" "Mozilla/5.0 AppleWebKit/537.36 (KHTML, like Gecko; compatible; GPTBot/1.2; +https://openai.com/gptbot)"
95.91.104.195 - - [09/Sep/2025:07:32:02 +0700] "GET /1xbet-azerbaycan-m%C9%99rc-sayti-giris-1xbet-azerbaycan-mobil-uygulama-yukle-248/ HTTP/1.0" 200 84086 "-" "Mozilla/5.0 (compatible; MJ12bot/v1.4.8; http://mj12bot.com/)"
95.91.104.195 - - [09/Sep/2025:07:32:05 +0700] "GET /1xbet-az%C9%99rbaycan-idman-v%C9%99-kazino-uzr%C9%99-m%C9%99rcl%C9%99r-839/ HTTP/1.0" 200 84242 "-" "Mozilla/5.0 (compatible; MJ12bot/v1.4.8; http://mj12bot.com/)"
20.171.207.204 - - [09/Sep/2025:07:32:08 +0700] "GET /?p=2799 HTTP/1.0" 301 476 "-" "Mozilla/5.0 AppleWebKit/537.36 (KHTML, like Gecko; compatible; GPTBot/1.2; +https://openai.com/gptbot)"
95.91.104.195 - - [09/Sep/2025:07:32:09 +0700] "GET /888-casino-evaluate-2023-%EF%B8%8F-play-actual-cash-5/ HTTP/1.0" 200 246522 "-" "Mozilla/5.0 (compatible; MJ12bot/v1.4.8; http://mj12bot.com/)"
20.171.207.204 - - [09/Sep/2025:07:32:09 +0700] "GET /is-normally-cbd-legal-in-the-us/ HTTP/1.0" 200 205369 "-" "Mozilla/5.0 AppleWebKit/537.36 (KHTML, like Gecko; compatible; GPTBot/1.2; +https://openai.com/gptbot)"
95.91.104.195 - - [09/Sep/2025:07:32:13 +0700] "GET /aviatordan-pul-qazanmaq-2022-yeni-x%C9%99st%C9%99lik-aviator-casino-mostbet-910/ HTTP/1.0" 200 87020 "-" "Mozilla/5.0 (compatible; MJ12bot/v1.4.8; http://mj12bot.com/)"
45.117.177.72 - - [09/Sep/2025:07:32:17 +0700] "POST /wp-cron.php?doing_wp_cron=1757377937.7150809764862060546875 HTTP/1.0" 200 416 "-" "WordPress/6.8.1; https://vattusacky.vn"
20.171.207.204 - - [09/Sep/2025:07:32:16 +0700] "GET /supporting-language-acquisition-ometvs-text-chat-learning-opportunities/ HTTP/1.0" 200 92424 "-" "Mozilla/5.0 AppleWebKit/537.36 (KHTML, like Gecko; compatible; GPTBot/1.2; +https://openai.com/gptbot)"
95.91.104.195 - - [09/Sep/2025:07:32:16 +0700] "GET /az%C9%99rbaycanda-mostbet-bukmeker-kontorunun-icmali-313/ HTTP/1.0" 200 82755 "-" "Mozilla/5.0 (compatible; MJ12bot/v1.4.8; http://mj12bot.com/)"
95.91.104.195 - - [09/Sep/2025:07:32:20 +0700] "GET /az%C9%99rbaycanda-mostbet-bukmeker-kontorunun-icmali-790/ HTTP/1.0" 200 85545 "-" "Mozilla/5.0 (compatible; MJ12bot/v1.4.8; http://mj12bot.com/)"
20.171.207.204 - - [09/Sep/2025:07:32:24 +0700] "GET /?p=8856 HTTP/1.0" 301 474 "-" "Mozilla/5.0 AppleWebKit/537.36 (KHTML, like Gecko; compatible; GPTBot/1.2; +https://openai.com/gptbot)"
20.171.207.204 - - [09/Sep/2025:07:32:25 +0700] "GET /the-role-of-empathy-on-omegle/ HTTP/1.0" 200 88504 "-" "Mozilla/5.0 AppleWebKit/537.36 (KHTML, like Gecko; compatible; GPTBot/1.2; +https://openai.com/gptbot)"
95.91.104.195 - - [09/Sep/2025:07:32:28 +0700] "GET /casinoland-examine-2022-%EF%B8%8F-popped-place-with-regard-to-united-kingdom-competitors-%EF%B8%8F/ HTTP/1.0" 200 210304 "-" "Mozilla/5.0 (compatible; MJ12bot/v1.4.8; http://mj12bot.com/)"
20.171.207.204 - - [09/Sep/2025:07:32:31 +0700] "GET /celebrating-artistic-authenticity-omegles-influence-on-creative-expression/ HTTP/1.0" 200 95005 "-" "Mozilla/5.0 AppleWebKit/537.36 (KHTML, like Gecko; compatible; GPTBot/1.2; +https://openai.com/gptbot)"
95.91.104.195 - - [09/Sep/2025:07:32:36 +0700] "GET /category/1win-az-bonuslar-mobil-t%C9%99tbiq-v%C9%99-m%C9%99rc-marketl%C9%99ri-119/ HTTP/1.0" 200 64293 "-" "Mozilla/5.0 (compatible; MJ12bot/v1.4.8; http://mj12bot.com/)"
95.91.104.195 - - [09/Sep/2025:07:32:40 +0700] "GET /danh-muc/co-ba%CC%89n-thi-nghie%CC%A3m/ HTTP/1.0" 200 67804 "-" "Mozilla/5.0 (compatible; MJ12bot/v1.4.8; http://mj12bot.com/)"
20.171.207.204 - - [09/Sep/2025:07:32:40 +0700] "GET /?p=7952 HTTP/1.0" 301 518 "-" "Mozilla/5.0 AppleWebKit/537.36 (KHTML, like Gecko; compatible; GPTBot/1.2; +https://openai.com/gptbot)"
20.171.207.204 - - [09/Sep/2025:07:32:42 +0700] "GET /omegles-role-in-facilitating-intercultural-and-intergenerational-dialogue/ HTTP/1.0" 200 90632 "-" "Mozilla/5.0 AppleWebKit/537.36 (KHTML, like Gecko; compatible; GPTBot/1.2; +https://openai.com/gptbot)"
95.91.104.195 - - [09/Sep/2025:07:32:44 +0700] "GET /danh-muc/co-ba%CC%89n-thi-nghie%CC%A3m/be-o%CC%89n-nhie%CC%A3t-tuan-hoan/ HTTP/1.0" 200 60379 "-" "Mozilla/5.0 (compatible; MJ12bot/v1.4.8; http://mj12bot.com/)"
95.91.104.195 - - [09/Sep/2025:07:32:47 +0700] "GET /danh-muc/co-ba%CC%89n-thi-nghie%CC%A3m/be-rua-sieu-am/ HTTP/1.0" 200 60088 "-" "Mozilla/5.0 (compatible; MJ12bot/v1.4.8; http://mj12bot.com/)"
20.171.207.204 - - [09/Sep/2025:07:32:50 +0700] "GET /?p=4713 HTTP/1.0" 301 542 "-" "Mozilla/5.0 AppleWebKit/537.36 (KHTML, like Gecko; compatible; GPTBot/1.2; +https://openai.com/gptbot)"
95.91.104.195 - - [09/Sep/2025:07:32:51 +0700] "GET /danh-muc/co-ba%CC%89n-thi-nghie%CC%A3m/bep-cach-thuy%CC%89/ HTTP/1.0" 200 74690 "-" "Mozilla/5.0 (compatible; MJ12bot/v1.4.8; http://mj12bot.com/)"
20.171.207.204 - - [09/Sep/2025:07:32:51 +0700] "GET /gaming-areas-is-treating-the-fresh-midterm-elections-including-their-a-good-presidential-election/ HTTP/1.0" 200 213297 "-" "Mozilla/5.0 AppleWebKit/537.36 (KHTML, like Gecko; compatible; GPTBot/1.2; +https://openai.com/gptbot)"
95.91.104.195 - - [09/Sep/2025:07:32:55 +0700] "GET /danh-muc/co-ba%CC%89n-thi-nghie%CC%A3m/bom-chan-khong-bo%CC%A3-lo%CC%A3c-chan-khong/ HTTP/1.0" 200 69859 "-" "Mozilla/5.0 (compatible; MJ12bot/v1.4.8; http://mj12bot.com/)"
20.171.207.204 - - [09/Sep/2025:07:32:57 +0700] "GET /showcasing-omegle-collaborative-art-inspiring-projects-and-experiences/ HTTP/1.0" 200 95888 "-" "Mozilla/5.0 AppleWebKit/537.36 (KHTML, like Gecko; compatible; GPTBot/1.2; +https://openai.com/gptbot)"
95.91.104.195 - - [09/Sep/2025:07:32:58 +0700] "GET /danh-muc/co-ba%CC%89n-thi-nghie%CC%A3m/can-phan-tich-can-ky%CC%83-thua%CC%A3t/ HTTP/1.0" 200 99802 "-" "Mozilla/5.0 (compatible; MJ12bot/v1.4.8; http://mj12bot.com/)"
95.91.104.195 - - [09/Sep/2025:07:33:02 +0700] "GET /danh-muc/co-ba%CC%89n-thi-nghie%CC%A3m/can-say-a%CC%89m/ HTTP/1.0" 200 60076 "-" "Mozilla/5.0 (compatible; MJ12bot/v1.4.8; http://mj12bot.com/)"
20.171.207.204 - - [09/Sep/2025:07:33:04 +0700] "GET /how-one-can-meet-single-women/ HTTP/1.0" 200 208138 "-" "Mozilla/5.0 AppleWebKit/537.36 (KHTML, like Gecko; compatible; GPTBot/1.2; +https://openai.com/gptbot)"
95.91.104.195 - - [09/Sep/2025:07:33:06 +0700] "GET /danh-muc/co-ba%CC%89n-thi-nghie%CC%A3m/khuc-xa-ke/ HTTP/1.0" 200 60004 "-" "Mozilla/5.0 (compatible; MJ12bot/v1.4.8; http://mj12bot.com/)"
95.91.104.195 - - [09/Sep/2025:07:33:09 +0700] "GET /danh-muc/co-ba%CC%89n-thi-nghie%CC%A3m/kinh-hien-vi/ HTTP/1.0" 200 60021 "-" "Mozilla/5.0 (compatible; MJ12bot/v1.4.8; http://mj12bot.com/)"
20.171.207.204 - - [09/Sep/2025:07:33:11 +0700] "GET /quan-trac-moi-truong-lao-dong/ HTTP/1.0" 200 219028 "-" "Mozilla/5.0 AppleWebKit/537.36 (KHTML, like Gecko; compatible; GPTBot/1.2; +https://openai.com/gptbot)"
95.91.104.195 - - [09/Sep/2025:07:33:13 +0700] "GET /danh-muc/co-ba%CC%89n-thi-nghie%CC%A3m/lo-nung/ HTTP/1.0" 200 74157 "-" "Mozilla/5.0 (compatible; MJ12bot/v1.4.8; http://mj12bot.com/)"
45.117.177.72 - - [09/Sep/2025:07:33:18 +0700] "POST /wp-cron.php?doing_wp_cron=1757377998.7824800014495849609375 HTTP/1.0" 200 416 "-" "WordPress/6.8.1; https://vattusacky.vn"
95.91.104.195 - - [09/Sep/2025:07:33:17 +0700] "GET /danh-muc/co-ba%CC%89n-thi-nghie%CC%A3m/may-cat-nuoc/ HTTP/1.0" 200 60052 "-" "Mozilla/5.0 (compatible; MJ12bot/v1.4.8; http://mj12bot.com/)"
20.171.207.204 - - [09/Sep/2025:07:33:17 +0700] "GET /uncovering-the-subconscious-motives-psychological-experiments-on-omegle/ HTTP/1.0" 200 92935 "-" "Mozilla/5.0 AppleWebKit/537.36 (KHTML, like Gecko; compatible; GPTBot/1.2; +https://openai.com/gptbot)"
95.91.104.195 - - [09/Sep/2025:07:33:20 +0700] "GET /danh-muc/co-ba%CC%89n-thi-nghie%CC%A3m/may-cay-dia-petri/ HTTP/1.0" 200 60135 "-" "Mozilla/5.0 (compatible; MJ12bot/v1.4.8; http://mj12bot.com/)"
95.91.104.195 - - [09/Sep/2025:07:33:24 +0700] "GET /danh-muc/co-ba%CC%89n-thi-nghie%CC%A3m/may-co-quay-chan-khong/ HTTP/1.0" 200 60218 "-" "Mozilla/5.0 (compatible; MJ12bot/v1.4.8; http://mj12bot.com/)"
20.171.207.204 - - [09/Sep/2025:07:33:24 +0700] "GET /?p=8278 HTTP/1.0" 301 516 "-" "Mozilla/5.0 AppleWebKit/537.36 (KHTML, like Gecko; compatible; GPTBot/1.2; +https://openai.com/gptbot)"
20.171.207.204 - - [09/Sep/2025:07:33:26 +0700] "GET /supporting-language-acquisition-ometvs-text-chat-learning-opportunities/ HTTP/1.0" 200 92424 "-" "Mozilla/5.0 AppleWebKit/537.36 (KHTML, like Gecko; compatible; GPTBot/1.2; +https://openai.com/gptbot)"
95.91.104.195 - - [09/Sep/2025:07:33:27 +0700] "GET /danh-muc/co-ba%CC%89n-thi-nghie%CC%A3m/may-dap-mau-vi-sinh/ HTTP/1.0" 200 60166 "-" "Mozilla/5.0 (compatible; MJ12bot/v1.4.8; http://mj12bot.com/)"
95.91.104.195 - - [09/Sep/2025:07:33:31 +0700] "GET /danh-muc/co-ba%CC%89n-thi-nghie%CC%A3m/may-dem-khuan-lac/ HTTP/1.0" 200 60161 "-" "Mozilla/5.0 (compatible; MJ12bot/v1.4.8; http://mj12bot.com/)"
20.171.207.204 - - [09/Sep/2025:07:33:32 +0700] "GET /strategies-for-managing-online-friendships-alongside-offline-relationships/ HTTP/1.0" 200 93939 "-" "Mozilla/5.0 AppleWebKit/537.36 (KHTML, like Gecko; compatible; GPTBot/1.2; +https://openai.com/gptbot)"
95.91.104.195 - - [09/Sep/2025:07:33:34 +0700] "GET /danh-muc/co-ba%CC%89n-thi-nghie%CC%A3m/may-do-do-nhot/ HTTP/1.0" 200 60100 "-" "Mozilla/5.0 (compatible; MJ12bot/v1.4.8; http://mj12bot.com/)"
20.171.207.204 - - [09/Sep/2025:07:33:38 +0700] "GET /?p=4207 HTTP/1.0" 301 472 "-" "Mozilla/5.0 AppleWebKit/537.36 (KHTML, like Gecko; compatible; GPTBot/1.2; +https://openai.com/gptbot)"
20.171.207.204 - - [09/Sep/2025:07:33:39 +0700] "GET /secrets-about-bc-game-bonus/ HTTP/1.0" 200 234625 "-" "Mozilla/5.0 AppleWebKit/537.36 (KHTML, like Gecko; compatible; GPTBot/1.2; +https://openai.com/gptbot)"
20.171.207.204 - - [09/Sep/2025:07:33:45 +0700] "GET /exactly-what-is-a-mail-in-wife HTTP/1.0" 301 475 "-" "Mozilla/5.0 AppleWebKit/537.36 (KHTML, like Gecko; compatible; GPTBot/1.2; +https://openai.com/gptbot)"
20.171.207.204 - - [09/Sep/2025:07:33:47 +0700] "GET /exactly-what-is-a-mail-in-wife/ HTTP/1.0" 200 205026 "-" "Mozilla/5.0 AppleWebKit/537.36 (KHTML, like Gecko; compatible; GPTBot/1.2; +https://openai.com/gptbot)"
20.171.207.204 - - [09/Sep/2025:07:33:50 +0700] "GET /omegle-for-cultural-preservation-sharing-and-documenting-traditional-knowledge/ HTTP/1.0" 200 94205 "-" "Mozilla/5.0 AppleWebKit/537.36 (KHTML, like Gecko; compatible; GPTBot/1.2; +https://openai.com/gptbot)"
95.91.104.195 - - [09/Sep/2025:07:33:53 +0700] "GET /danh-muc/co-ba%CC%89n-thi-nghie%CC%A3m/may-dong-hoa-mau/ HTTP/1.0" 200 100398 "-" "Mozilla/5.0 (compatible; MJ12bot/v1.4.8; http://mj12bot.com/)"
20.171.207.204 - - [09/Sep/2025:07:33:56 +0700] "GET /?p=8269 HTTP/1.0" 301 519 "-" "Mozilla/5.0 AppleWebKit/537.36 (KHTML, like Gecko; compatible; GPTBot/1.2; +https://openai.com/gptbot)"
20.171.207.204 - - [09/Sep/2025:07:33:57 +0700] "GET /strategies-for-managing-online-friendships-alongside-offline-relationships/ HTTP/1.0" 200 93939 "-" "Mozilla/5.0 AppleWebKit/537.36 (KHTML, like Gecko; compatible; GPTBot/1.2; +https://openai.com/gptbot)"
95.91.104.195 - - [09/Sep/2025:07:33:58 +0700] "GET /danh-muc/co-ba%CC%89n-thi-nghie%CC%A3m/may-dong-kho/ HTTP/1.0" 200 60038 "-" "Mozilla/5.0 (compatible; MJ12bot/v1.4.8; http://mj12bot.com/)"
95.91.104.195 - - [09/Sep/2025:07:34:01 +0700] "GET /danh-muc/co-ba%CC%89n-thi-nghie%CC%A3m/may-khuay-dua/ HTTP/1.0" 200 60063 "-" "Mozilla/5.0 (compatible; MJ12bot/v1.4.8; http://mj12bot.com/)"
20.171.207.204 - - [09/Sep/2025:07:34:03 +0700] "GET /introduction-to-omegle-artistry-exploring-creative-collaborations-online/ HTTP/1.0" 200 82893 "-" "Mozilla/5.0 AppleWebKit/537.36 (KHTML, like Gecko; compatible; GPTBot/1.2; +https://openai.com/gptbot)"
95.91.104.195 - - [09/Sep/2025:07:34:05 +0700] "GET /danh-muc/co-ba%CC%89n-thi-nghie%CC%A3m/may-khuay-tu-gia-nhiet-va-lam-lanh/ HTTP/1.0" 200 60506 "-" "Mozilla/5.0 (compatible; MJ12bot/v1.4.8; http://mj12bot.com/)"
95.91.104.195 - - [09/Sep/2025:07:34:09 +0700] "GET /danh-muc/co-ba%CC%89n-thi-nghie%CC%A3m/may-lac-lac-vortex/ HTTP/1.0" 200 60196 "-" "Mozilla/5.0 (compatible; MJ12bot/v1.4.8; http://mj12bot.com/)"
20.171.207.204 - - [09/Sep/2025:07:34:09 +0700] "GET /the-consequences-of-misrepresentation-in-anonymous-omegle-conversations/ HTTP/1.0" 200 91667 "-" "Mozilla/5.0 AppleWebKit/537.36 (KHTML, like Gecko; compatible; GPTBot/1.2; +https://openai.com/gptbot)"
20.171.207.204 - - [09/Sep/2025:07:34:14 +0700] "GET /wp-content/uploads/2019/09/1.-N%C4%90-44.2016.N%C4%90-CP-ng%C3%A0y-15-th%C3%A1ng-5-n%C4%83m-2016.pdf HTTP/1.0" 200 462 "-" "Mozilla/5.0 AppleWebKit/537.36 (KHTML, like Gecko; compatible; GPTBot/1.2; +https://openai.com/gptbot)"
95.91.104.195 - - [09/Sep/2025:07:34:12 +0700] "GET /danh-muc/co-ba%CC%89n-thi-nghie%CC%A3m/may-loc-nuoc-sieu-sach/ HTTP/1.0" 200 60263 "-" "Mozilla/5.0 (compatible; MJ12bot/v1.4.8; http://mj12bot.com/)"
45.117.177.72 - - [09/Sep/2025:07:34:17 +0700] "POST /wp-cron.php?doing_wp_cron=1757378057.5133409500122070312500 HTTP/1.0" 200 416 "-" "WordPress/6.8.1; https://vattusacky.vn"
95.91.104.195 - - [09/Sep/2025:07:34:16 +0700] "GET /danh-muc/co-ba%CC%89n-thi-nghie%CC%A3m/may-ly-tam/ HTTP/1.0" 200 59978 "-" "Mozilla/5.0 (compatible; MJ12bot/v1.4.8; http://mj12bot.com/)"
95.91.104.195 - - [09/Sep/2025:07:34:20 +0700] "GET /danh-muc/co-ba%CC%89n-thi-nghie%CC%A3m/may-nghien-ma%CC%83u/ HTTP/1.0" 200 60156 "-" "Mozilla/5.0 (compatible; MJ12bot/v1.4.8; http://mj12bot.com/)"
20.171.207.204 - - [09/Sep/2025:07:34:22 +0700] "GET /?p=8229 HTTP/1.0" 301 515 "-" "Mozilla/5.0 AppleWebKit/537.36 (KHTML, like Gecko; compatible; GPTBot/1.2; +https://openai.com/gptbot)"
95.91.104.195 - - [09/Sep/2025:07:34:23 +0700] "GET /danh-muc/co-ba%CC%89n-thi-nghie%CC%A3m/may-pha-loang-mau-trong-luong/ HTTP/1.0" 200 60389 "-" "Mozilla/5.0 (compatible; MJ12bot/v1.4.8; http://mj12bot.com/)"
20.171.207.204 - - [09/Sep/2025:07:34:24 +0700] "GET /showcasing-omegle-collaborative-art-inspiring-projects-and-experiences/ HTTP/1.0" 200 95888 "-" "Mozilla/5.0 AppleWebKit/537.36 (KHTML, like Gecko; compatible; GPTBot/1.2; +https://openai.com/gptbot)"
95.91.104.195 - - [09/Sep/2025:07:34:26 +0700] "GET /danh-muc/co-ba%CC%89n-thi-nghie%CC%A3m/noi-hap-tiet-trung/ HTTP/1.0" 200 96725 "-" "Mozilla/5.0 (compatible; MJ12bot/v1.4.8; http://mj12bot.com/)"
20.171.207.204 - - [09/Sep/2025:07:34:29 +0700] "GET /celebrating-cultural-differences-on-omegle-connecting-people-globally/ HTTP/1.0" 200 91138 "-" "Mozilla/5.0 AppleWebKit/537.36 (KHTML, like Gecko; compatible; GPTBot/1.2; +https://openai.com/gptbot)"
95.91.104.195 - - [09/Sep/2025:07:34:30 +0700] "GET /danh-muc/co-ba%CC%89n-thi-nghie%CC%A3m/page/2/ HTTP/1.0" 200 154607 "-" "Mozilla/5.0 (compatible; MJ12bot/v1.4.8; http://mj12bot.com/)"
20.171.207.204 - - [09/Sep/2025:07:34:33 +0700] "GET /overcoming-stereotypes-on-omegle-promoting-inclusivity-and-understanding/ HTTP/1.0" 200 92695 "-" "Mozilla/5.0 AppleWebKit/537.36 (KHTML, like Gecko; compatible; GPTBot/1.2; +https://openai.com/gptbot)"
95.91.104.195 - - [09/Sep/2025:07:34:35 +0700] "GET /danh-muc/co-ba%CC%89n-thi-nghie%CC%A3m/phan-cu%CC%A3c-ke/ HTTP/1.0" 200 60094 "-" "Mozilla/5.0 (compatible; MJ12bot/v1.4.8; http://mj12bot.com/)"
95.91.104.195 - - [09/Sep/2025:07:34:39 +0700] "GET /danh-muc/co-ba%CC%89n-thi-nghie%CC%A3m/sang-ray/ HTTP/1.0" 200 59938 "-" "Mozilla/5.0 (compatible; MJ12bot/v1.4.8; http://mj12bot.com/)"
95.91.104.195 - - [09/Sep/2025:07:34:43 +0700] "GET /danh-muc/moi-truong-dat/du%CC%A3ng-cu%CC%A3-lay-ma%CC%83u-dat-moi-truong-dat/feed/ HTTP/1.0" 200 1749544 "-" "Mozilla/5.0 (compatible; MJ12bot/v1.4.8; http://mj12bot.com/)"
20.171.207.204 - - [09/Sep/2025:07:34:46 +0700] "GET /defying-societal-stigmas-embracing-non-traditional-relationships-on-omegle HTTP/1.0" 301 519 "-" "Mozilla/5.0 AppleWebKit/537.36 (KHTML, like Gecko; compatible; GPTBot/1.2; +https://openai.com/gptbot)"
20.171.207.204 - - [09/Sep/2025:07:34:47 +0700] "GET /defying-societal-stigmas-embracing-non-traditional-relationships-on-omegle/ HTTP/1.0" 200 93044 "-" "Mozilla/5.0 AppleWebKit/537.36 (KHTML, like Gecko; compatible; GPTBot/1.2; +https://openai.com/gptbot)"
20.171.207.204 - - [09/Sep/2025:07:34:53 +0700] "GET /heartwarming-connections-unforgettable-encounters-on-omegle-and-ometv/ HTTP/1.0" 200 91125 "-" "Mozilla/5.0 AppleWebKit/537.36 (KHTML, like Gecko; compatible; GPTBot/1.2; +https://openai.com/gptbot)"
95.91.104.195 - - [09/Sep/2025:07:34:58 +0700] "GET /danh-muc/moi-truong-nuoc/lay-mau-nuoc-alpha-van-dorn-loai-ngang/feed/ HTTP/1.0" 200 1796151 "-" "Mozilla/5.0 (compatible; MJ12bot/v1.4.8; http://mj12bot.com/)"
20.171.207.204 - - [09/Sep/2025:07:35:03 +0700] "GET /?p=6321 HTTP/1.0" 301 514 "-" "Mozilla/5.0 AppleWebKit/537.36 (KHTML, like Gecko; compatible; GPTBot/1.2; +https://openai.com/gptbot)"
20.171.207.204 - - [09/Sep/2025:07:35:04 +0700] "GET /celebrating-cultural-differences-on-omegle-connecting-people-globally/ HTTP/1.0" 200 91138 "-" "Mozilla/5.0 AppleWebKit/537.36 (KHTML, like Gecko; compatible; GPTBot/1.2; +https://openai.com/gptbot)"
20.171.207.204 - - [09/Sep/2025:07:35:11 +0700] "GET /?p=8058 HTTP/1.0" 301 517 "-" "Mozilla/5.0 AppleWebKit/537.36 (KHTML, like Gecko; compatible; GPTBot/1.2; +https://openai.com/gptbot)"
95.91.104.195 - - [09/Sep/2025:07:35:11 +0700] "GET /danh-muc/moi-truong-nuoc/lay-mau-nuoc-alphan-van-dor-loai-doc/feed/ HTTP/1.0" 200 1795640 "-" "Mozilla/5.0 (compatible; MJ12bot/v1.4.8; http://mj12bot.com/)"
20.171.207.204 - - [09/Sep/2025:07:35:12 +0700] "GET /overcoming-stereotypes-on-omegle-promoting-inclusivity-and-understanding/ HTTP/1.0" 200 92695 "-" "Mozilla/5.0 AppleWebKit/537.36 (KHTML, like Gecko; compatible; GPTBot/1.2; +https://openai.com/gptbot)"
45.117.177.72 - - [09/Sep/2025:07:35:20 +0700] "POST /wp-cron.php?doing_wp_cron=1757378120.9200251102447509765625 HTTP/1.0" 200 416 "-" "WordPress/6.8.1; https://vattusacky.vn"
20.171.207.204 - - [09/Sep/2025:07:35:19 +0700] "GET /nurturing-meaningful-relationships-through-chance-encounters-on-omegle/ HTTP/1.0" 200 83560 "-" "Mozilla/5.0 AppleWebKit/537.36 (KHTML, like Gecko; compatible; GPTBot/1.2; +https://openai.com/gptbot)"
20.171.207.204 - - [09/Sep/2025:07:35:26 +0700] "GET /wp-content/uploads/2019/09/2.2-ph%E1%BB%A5-l%E1%BB%A5c-11-9.2016.TT-BYT.pdf HTTP/1.0" 200 445 "-" "Mozilla/5.0 AppleWebKit/537.36 (KHTML, like Gecko; compatible; GPTBot/1.2; +https://openai.com/gptbot)"
95.91.104.195 - - [09/Sep/2025:07:35:24 +0700] "GET /danh-muc/phan-tich-thi-nghie%CC%A3m/feed/ HTTP/1.0" 200 1367073 "-" "Mozilla/5.0 (compatible; MJ12bot/v1.4.8; http://mj12bot.com/)"
20.171.207.204 - - [09/Sep/2025:07:35:34 +0700] "GET /?p=1843 HTTP/1.0" 301 474 "-" "Mozilla/5.0 AppleWebKit/537.36 (KHTML, like Gecko; compatible; GPTBot/1.2; +https://openai.com/gptbot)"
20.171.207.204 - - [09/Sep/2025:07:35:35 +0700] "GET /quan-trac-moi-truong-lao-dong/ HTTP/1.0" 200 219028 "-" "Mozilla/5.0 AppleWebKit/537.36 (KHTML, like Gecko; compatible; GPTBot/1.2; +https://openai.com/gptbot)"
95.91.104.195 - - [09/Sep/2025:07:35:36 +0700] "GET /danh-muc/phan-tich-thi-nghie%CC%A3m/he-thong-chung-cat-dam-kjeldahl/feed/ HTTP/1.0" 200 1035841 "-" "Mozilla/5.0 (compatible; MJ12bot/v1.4.8; http://mj12bot.com/)"
20.171.207.204 - - [09/Sep/2025:07:35:40 +0700] "GET /?p=9048 HTTP/1.0" 301 516 "-" "Mozilla/5.0 AppleWebKit/537.36 (KHTML, like Gecko; compatible; GPTBot/1.2; +https://openai.com/gptbot)"
20.171.207.204 - - [09/Sep/2025:07:35:41 +0700] "GET /uncovering-the-subconscious-motives-psychological-experiments-on-omegle/ HTTP/1.0" 200 92935 "-" "Mozilla/5.0 AppleWebKit/537.36 (KHTML, like Gecko; compatible; GPTBot/1.2; +https://openai.com/gptbot)"
95.91.104.195 - - [09/Sep/2025:07:35:48 +0700] "GET /danh-muc/phan-tich-thi-nghie%CC%A3m/may-quang-pho-tu-ngoai-kha-kien-uv-vis/feed/ HTTP/1.0" 200 1763203 "-" "Mozilla/5.0 (compatible; MJ12bot/v1.4.8; http://mj12bot.com/)"
20.171.207.204 - - [09/Sep/2025:07:35:50 +0700] "GET /?p=8369 HTTP/1.0" 301 662 "-" "Mozilla/5.0 AppleWebKit/537.36 (KHTML, like Gecko; compatible; GPTBot/1.2; +https://openai.com/gptbot)"
20.171.207.204 - - [09/Sep/2025:07:35:51 +0700] "GET /the-consequences-of-misrepresentation-in-anonymous-omegle-conversations/ HTTP/1.0" 200 91667 "-" "Mozilla/5.0 AppleWebKit/537.36 (KHTML, like Gecko; compatible; GPTBot/1.2; +https://openai.com/gptbot)"
20.171.207.204 - - [09/Sep/2025:07:35:57 +0700] "GET /?p=7128 HTTP/1.0" 301 517 "-" "Mozilla/5.0 AppleWebKit/537.36 (KHTML, like Gecko; compatible; GPTBot/1.2; +https://openai.com/gptbot)"
20.171.207.204 - - [09/Sep/2025:07:35:59 +0700] "GET /introduction-to-omegle-artistry-exploring-creative-collaborations-online/ HTTP/1.0" 200 82893 "-" "Mozilla/5.0 AppleWebKit/537.36 (KHTML, like Gecko; compatible; GPTBot/1.2; +https://openai.com/gptbot)"
20.171.207.204 - - [09/Sep/2025:07:36:06 +0700] "GET /showcasing-artistic-diversity-celebrating-different-mediums-on-omegle/ HTTP/1.0" 200 90960 "-" "Mozilla/5.0 AppleWebKit/537.36 (KHTML, like Gecko; compatible; GPTBot/1.2; +https://openai.com/gptbot)"
20.171.207.204 - - [09/Sep/2025:07:36:11 +0700] "GET /?p=7627 HTTP/1.0" 301 523 "-" "Mozilla/5.0 AppleWebKit/537.36 (KHTML, like Gecko; compatible; GPTBot/1.2; +https://openai.com/gptbot)"
20.171.207.204 - - [09/Sep/2025:07:36:13 +0700] "GET /omegle-for-cultural-preservation-sharing-and-documenting-traditional-knowledge/ HTTP/1.0" 200 94205 "-" "Mozilla/5.0 AppleWebKit/537.36 (KHTML, like Gecko; compatible; GPTBot/1.2; +https://openai.com/gptbot)"
95.91.104.195 - - [09/Sep/2025:07:36:13 +0700] "GET /danh-muc/thiet-bi%CC%A3-do-luong/feed/ HTTP/1.0" 200 1612787 "-" "Mozilla/5.0 (compatible; MJ12bot/v1.4.8; http://mj12bot.com/)"
45.117.177.72 - - [09/Sep/2025:07:36:20 +0700] "POST /wp-cron.php?doing_wp_cron=1757378180.3373780250549316406250 HTTP/1.0" 200 416 "-" "WordPress/6.8.1; https://vattusacky.vn"
20.171.207.204 - - [09/Sep/2025:07:36:19 +0700] "GET /?p=6991 HTTP/1.0" 301 514 "-" "Mozilla/5.0 AppleWebKit/537.36 (KHTML, like Gecko; compatible; GPTBot/1.2; +https://openai.com/gptbot)"
20.171.207.204 - - [09/Sep/2025:07:36:20 +0700] "GET /heartwarming-connections-unforgettable-encounters-on-omegle-and-ometv/ HTTP/1.0" 200 91125 "-" "Mozilla/5.0 AppleWebKit/537.36 (KHTML, like Gecko; compatible; GPTBot/1.2; +https://openai.com/gptbot)"
95.91.104.195 - - [09/Sep/2025:07:36:22 +0700] "GET /danh-muc/thiet-bi%CC%A3-do-luong/do-chat-luong-khi-trong-phong-iaq/ HTTP/1.0" 200 60371 "-" "Mozilla/5.0 (compatible; MJ12bot/v1.4.8; http://mj12bot.com/)"
20.171.207.204 - - [09/Sep/2025:07:36:26 +0700] "GET /?p=7282 HTTP/1.0" 301 515 "-" "Mozilla/5.0 AppleWebKit/537.36 (KHTML, like Gecko; compatible; GPTBot/1.2; +https://openai.com/gptbot)"
95.91.104.195 - - [09/Sep/2025:07:36:26 +0700] "GET /danh-muc/thiet-bi%CC%A3-do-luong/do-phong-xa-dien-tu-truong/ HTTP/1.0" 200 98160 "-" "Mozilla/5.0 (compatible; MJ12bot/v1.4.8; http://mj12bot.com/)"
20.171.207.204 - - [09/Sep/2025:07:36:27 +0700] "GET /nurturing-meaningful-relationships-through-chance-encounters-on-omegle/ HTTP/1.0" 200 83560 "-" "Mozilla/5.0 AppleWebKit/537.36 (KHTML, like Gecko; compatible; GPTBot/1.2; +https://openai.com/gptbot)"
95.91.104.195 - - [09/Sep/2025:07:36:30 +0700] "GET /danh-muc/thiet-bi%CC%A3-do-luong/khuc-xa-ke-do-do-man/ HTTP/1.0" 200 60179 "-" "Mozilla/5.0 (compatible; MJ12bot/v1.4.8; http://mj12bot.com/)"
95.91.104.195 - - [09/Sep/2025:07:36:34 +0700] "GET /danh-muc/thiet-bi%CC%A3-do-luong/kiem-tra-bang-hat-tu/ HTTP/1.0" 200 60127 "-" "Mozilla/5.0 (compatible; MJ12bot/v1.4.8; http://mj12bot.com/)"
20.171.207.204 - - [09/Sep/2025:07:36:33 +0700] "GET /one-women-with-respect-to-marriage/ HTTP/1.0" 200 205175 "-" "Mozilla/5.0 AppleWebKit/537.36 (KHTML, like Gecko; compatible; GPTBot/1.2; +https://openai.com/gptbot)"
95.91.104.195 - - [09/Sep/2025:07:36:37 +0700] "GET /danh-muc/thiet-bi%CC%A3-do-luong/kiem-tra-khuyet-tat-bang-x-ray/ HTTP/1.0" 200 60307 "-" "Mozilla/5.0 (compatible; MJ12bot/v1.4.8; http://mj12bot.com/)"
95.91.104.195 - - [09/Sep/2025:07:36:41 +0700] "GET /danh-muc/thiet-bi%CC%A3-do-luong/kiem-tra-khuyet-tat-sieu-am/ HTTP/1.0" 200 60258 "-" "Mozilla/5.0 (compatible; MJ12bot/v1.4.8; http://mj12bot.com/)"
20.171.207.204 - - [09/Sep/2025:07:36:43 +0700] "GET /the-concept-of-anonymity-on-omegle/ HTTP/1.0" 200 80730 "-" "Mozilla/5.0 AppleWebKit/537.36 (KHTML, like Gecko; compatible; GPTBot/1.2; +https://openai.com/gptbot)"
95.91.104.195 - - [09/Sep/2025:07:36:44 +0700] "GET /danh-muc/thiet-bi%CC%A3-do-luong/may-do-buc-xa-nhiet/ HTTP/1.0" 200 60114 "-" "Mozilla/5.0 (compatible; MJ12bot/v1.4.8; http://mj12bot.com/)"
95.91.104.195 - - [09/Sep/2025:07:36:48 +0700] "GET /danh-muc/thiet-bi%CC%A3-do-luong/may-do-do-bong/ HTTP/1.0" 200 60010 "-" "Mozilla/5.0 (compatible; MJ12bot/v1.4.8; http://mj12bot.com/)"
20.171.207.204 - - [09/Sep/2025:07:36:52 +0700] "GET /the-risks-of-on-line-relationships/ HTTP/1.0" 200 207974 "-" "Mozilla/5.0 AppleWebKit/537.36 (KHTML, like Gecko; compatible; GPTBot/1.2; +https://openai.com/gptbot)"
95.91.104.195 - - [09/Sep/2025:07:36:52 +0700] "GET /danh-muc/thiet-bi%CC%A3-do-luong/may-do-do-cung-cam-tay/ HTTP/1.0" 200 60180 "-" "Mozilla/5.0 (compatible; MJ12bot/v1.4.8; http://mj12bot.com/)"
95.91.104.195 - - [09/Sep/2025:07:36:56 +0700] "GET /danh-muc/thiet-bi%CC%A3-do-luong/may-do-do-day-bang-sieu-am/ HTTP/1.0" 200 60269 "-" "Mozilla/5.0 (compatible; MJ12bot/v1.4.8; http://mj12bot.com/)"
95.91.104.195 - - [09/Sep/2025:07:36:59 +0700] "GET /danh-muc/thiet-bi%CC%A3-do-luong/may-do-do-day-lop-phu/ HTTP/1.0" 200 60174 "-" "Mozilla/5.0 (compatible; MJ12bot/v1.4.8; http://mj12bot.com/)"
20.171.207.204 - - [09/Sep/2025:07:37:00 +0700] "GET /a-relationship-using-a-korean-girl/ HTTP/1.0" 200 207727 "-" "Mozilla/5.0 AppleWebKit/537.36 (KHTML, like Gecko; compatible; GPTBot/1.2; +https://openai.com/gptbot)"
95.91.104.195 - - [09/Sep/2025:07:37:03 +0700] "GET /danh-muc/thiet-bi%CC%A3-do-luong/may-do-do-nham-be-mat/ HTTP/1.0" 200 60174 "-" "Mozilla/5.0 (compatible; MJ12bot/v1.4.8; http://mj12bot.com/)"
20.171.207.204 - - [09/Sep/2025:07:37:08 +0700] "GET /omegles-impact-on-the-dating-scene/ HTTP/1.0" 200 90747 "-" "Mozilla/5.0 AppleWebKit/537.36 (KHTML, like Gecko; compatible; GPTBot/1.2; +https://openai.com/gptbot)"
20.171.207.204 - - [09/Sep/2025:07:37:14 +0700] "GET /?p=8362 HTTP/1.0" 301 479 "-" "Mozilla/5.0 AppleWebKit/537.36 (KHTML, like Gecko; compatible; GPTBot/1.2; +https://openai.com/gptbot)"
45.117.177.72 - - [09/Sep/2025:07:37:17 +0700] "POST /wp-cron.php?doing_wp_cron=1757378237.4766190052032470703125 HTTP/1.0" 200 416 "-" "WordPress/6.8.1; https://vattusacky.vn"
20.171.207.204 - - [09/Sep/2025:07:37:16 +0700] "GET /the-concept-of-anonymity-on-omegle/ HTTP/1.0" 200 80730 "-" "Mozilla/5.0 AppleWebKit/537.36 (KHTML, like Gecko; compatible; GPTBot/1.2; +https://openai.com/gptbot)"
20.171.207.204 - - [09/Sep/2025:07:37:23 +0700] "GET /preparing-a-romantic-date-night-in/ HTTP/1.0" 200 204116 "-" "Mozilla/5.0 AppleWebKit/537.36 (KHTML, like Gecko; compatible; GPTBot/1.2; +https://openai.com/gptbot)"
95.91.104.195 - - [09/Sep/2025:07:37:23 +0700] "GET /danh-muc/thiet-bi%CC%A3-do-luong/may-do-do-on/ HTTP/1.0" 200 110024 "-" "Mozilla/5.0 (compatible; MJ12bot/v1.4.8; http://mj12bot.com/)"
95.91.104.195 - - [09/Sep/2025:07:37:27 +0700] "GET /danh-muc/thiet-bi%CC%A3-do-luong/may-do-do-rung/ HTTP/1.0" 200 74665 "-" "Mozilla/5.0 (compatible; MJ12bot/v1.4.8; http://mj12bot.com/)"
20.171.207.204 - - [09/Sep/2025:07:37:29 +0700] "GET /thirty-six-best-wedding-ceremony-quotes-and-desires-brief-marriage-ceremony-day-estimates/ HTTP/1.0" 200 211232 "-" "Mozilla/5.0 AppleWebKit/537.36 (KHTML, like Gecko; compatible; GPTBot/1.2; +https://openai.com/gptbot)"
95.91.104.195 - - [09/Sep/2025:07:37:31 +0700] "GET /danh-muc/thiet-bi%CC%A3-do-luong/may-do-khuyet-tat-lop-son/ HTTP/1.0" 200 60234 "-" "Mozilla/5.0 (compatible; MJ12bot/v1.4.8; http://mj12bot.com/)"
95.91.104.195 - - [09/Sep/2025:07:37:34 +0700] "GET /danh-muc/thiet-bi%CC%A3-do-luong/may-do-kiem-tra-do-cung/ HTTP/1.0" 200 60233 "-" "Mozilla/5.0 (compatible; MJ12bot/v1.4.8; http://mj12bot.com/)"
20.171.207.204 - - [09/Sep/2025:07:37:36 +0700] "GET /meeting-new-people-safely-on-ometv/ HTTP/1.0" 200 91660 "-" "Mozilla/5.0 AppleWebKit/537.36 (KHTML, like Gecko; compatible; GPTBot/1.2; +https://openai.com/gptbot)"
95.91.104.195 - - [09/Sep/2025:07:37:38 +0700] "GET /danh-muc/thiet-bi%CC%A3-do-luong/may-do-nhiet-do-do-am/ HTTP/1.0" 200 69476 "-" "Mozilla/5.0 (compatible; MJ12bot/v1.4.8; http://mj12bot.com/)"
95.91.104.195 - - [09/Sep/2025:07:37:41 +0700] "GET /danh-muc/thiet-bi%CC%A3-do-luong/may-do-toc-do-gio/ HTTP/1.0" 200 60083 "-" "Mozilla/5.0 (compatible; MJ12bot/v1.4.8; http://mj12bot.com/)"
20.171.207.204 - - [09/Sep/2025:07:37:42 +0700] "GET /omegle-and-ometv-for-online-gaming/ HTTP/1.0" 200 88473 "-" "Mozilla/5.0 AppleWebKit/537.36 (KHTML, like Gecko; compatible; GPTBot/1.2; +https://openai.com/gptbot)"
95.91.104.195 - - [09/Sep/2025:07:37:45 +0700] "GET /danh-muc/thiet-bi%CC%A3-do-luong/may-do-vi-khi-hau/ HTTP/1.0" 200 60052 "-" "Mozilla/5.0 (compatible; MJ12bot/v1.4.8; http://mj12bot.com/)"
95.91.104.195 - - [09/Sep/2025:07:37:48 +0700] "GET /danh-muc/thiet-bi%CC%A3-do-luong/nhiet-ke-hong-ngoai/ HTTP/1.0" 200 60109 "-" "Mozilla/5.0 (compatible; MJ12bot/v1.4.8; http://mj12bot.com/)"
20.171.207.204 - - [09/Sep/2025:07:37:49 +0700] "GET /?p=8226 HTTP/1.0" 301 514 "-" "Mozilla/5.0 AppleWebKit/537.36 (KHTML, like Gecko; compatible; GPTBot/1.2; +https://openai.com/gptbot)"
20.171.207.204 - - [09/Sep/2025:07:37:51 +0700] "GET /showcasing-artistic-diversity-celebrating-different-mediums-on-omegle/ HTTP/1.0" 200 90960 "-" "Mozilla/5.0 AppleWebKit/537.36 (KHTML, like Gecko; compatible; GPTBot/1.2; +https://openai.com/gptbot)"
95.91.104.195 - - [09/Sep/2025:07:37:52 +0700] "GET /danh-muc/thiet-bi%CC%A3-do-luong/sung-ban-be-tong-sung-bat-nay/ HTTP/1.0" 200 60353 "-" "Mozilla/5.0 (compatible; MJ12bot/v1.4.8; http://mj12bot.com/)"
95.91.104.195 - - [09/Sep/2025:07:37:55 +0700] "GET /indikatory-billa-vil%D1%8Cjamsa-indikatory-indikatory-i/ HTTP/1.0" 200 261954 "-" "Mozilla/5.0 (compatible; MJ12bot/v1.4.8; http://mj12bot.com/)"
20.171.207.204 - - [09/Sep/2025:07:37:57 +0700] "GET /the-implications-of-virtual-masks-on-online-communication-and-relationships/ HTTP/1.0" 200 92403 "-" "Mozilla/5.0 AppleWebKit/537.36 (KHTML, like Gecko; compatible; GPTBot/1.2; +https://openai.com/gptbot)"
95.91.104.195 - - [09/Sep/2025:07:37:59 +0700] "GET /kak-snjat%D1%8C-den%D1%8Cgi-s-vklada-v-sberbanke-i-mozhno-li/ HTTP/1.0" 200 232634 "-" "Mozilla/5.0 (compatible; MJ12bot/v1.4.8; http://mj12bot.com/)"
95.91.104.195 - - [09/Sep/2025:07:38:03 +0700] "GET /kak-sozdat%D1%8C-ideal%D1%8Cnoe-cv-dlja-it-specialista/ HTTP/1.0" 200 351624 "-" "Mozilla/5.0 (compatible; MJ12bot/v1.4.8; http://mj12bot.com/)"
20.171.207.204 - - [09/Sep/2025:07:38:04 +0700] "GET /tips-to-find-the-best-online-casino HTTP/1.0" 301 434 "-" "Mozilla/5.0 AppleWebKit/537.36 (KHTML, like Gecko; compatible; GPTBot/1.2; +https://openai.com/gptbot)"
20.171.207.204 - - [09/Sep/2025:07:38:06 +0700] "GET /tips-to-find-the-best-online-casino/ HTTP/1.0" 200 207142 "-" "Mozilla/5.0 AppleWebKit/537.36 (KHTML, like Gecko; compatible; GPTBot/1.2; +https://openai.com/gptbot)"
95.91.104.195 - - [09/Sep/2025:07:38:08 +0700] "GET /ll-codigo-promocional-1xbet-%EF%B8%8F-bono-de-bienvenida-1xbet-2023-17/ HTTP/1.0" 200 88859 "-" "Mozilla/5.0 (compatible; MJ12bot/v1.4.8; http://mj12bot.com/)"
95.91.104.195 - - [09/Sep/2025:07:38:12 +0700] "GET /missija-kompanii-kak-ejo-sozdat%D1%8C-primery-izvestnyh/ HTTP/1.0" 200 282739 "-" "Mozilla/5.0 (compatible; MJ12bot/v1.4.8; http://mj12bot.com/)"
20.171.207.204 - - [09/Sep/2025:07:38:12 +0700] "GET /leovegas-reviews-go-through-customer-support-reviews-of-leovegas-com-12-15-of-89/ HTTP/1.0" 200 221653 "-" "Mozilla/5.0 AppleWebKit/537.36 (KHTML, like Gecko; compatible; GPTBot/1.2; +https://openai.com/gptbot)"
