20.171.207.204 - - [09/Sep/2025:09:32:29 +0700] "GET /discovering-the-magic-of-friendship-and-romance-in-omelove/ HTTP/1.0" 200 90025 "-" "Mozilla/5.0 AppleWebKit/537.36 (KHTML, like Gecko; compatible; GPTBot/1.2; +https://openai.com/gptbot)"
20.171.207.204 - - [09/Sep/2025:09:32:35 +0700] "GET /?p=6366 HTTP/1.0" 301 645 "-" "Mozilla/5.0 AppleWebKit/537.36 (KHTML, like Gecko; compatible; GPTBot/1.2; +https://openai.com/gptbot)"
20.171.207.204 - - [09/Sep/2025:09:32:37 +0700] "GET /combating-loneliness-through-virtual-empathy-on-omegle/ HTTP/1.0" 200 90984 "-" "Mozilla/5.0 AppleWebKit/537.36 (KHTML, like Gecko; compatible; GPTBot/1.2; +https://openai.com/gptbot)"
20.171.207.204 - - [09/Sep/2025:09:32:44 +0700] "GET /comedy-central-hilarious-moments-from-omegle-and-ometv/ HTTP/1.0" 200 92051 "-" "Mozilla/5.0 AppleWebKit/537.36 (KHTML, like Gecko; compatible; GPTBot/1.2; +https://openai.com/gptbot)"
20.171.207.204 - - [09/Sep/2025:09:32:49 +0700] "GET /?p=3761 HTTP/1.0" 301 460 "-" "Mozilla/5.0 AppleWebKit/537.36 (KHTML, like Gecko; compatible; GPTBot/1.2; +https://openai.com/gptbot)"
20.171.207.204 - - [09/Sep/2025:09:32:51 +0700] "GET /ad-aware-review/ HTTP/1.0" 200 204855 "-" "Mozilla/5.0 AppleWebKit/537.36 (KHTML, like Gecko; compatible; GPTBot/1.2; +https://openai.com/gptbot)"
20.171.207.204 - - [09/Sep/2025:09:32:57 +0700] "GET /?p=2690 HTTP/1.0" 301 520 "-" "Mozilla/5.0 AppleWebKit/537.36 (KHTML, like Gecko; compatible; GPTBot/1.2; +https://openai.com/gptbot)"
20.171.207.204 - - [09/Sep/2025:09:32:58 +0700] "GET /cach-tot-nhat-de-vay-thu-https-vaytienvn-com-nhap-tren-internet-hai-chuc-24/ HTTP/1.0" 200 212023 "-" "Mozilla/5.0 AppleWebKit/537.36 (KHTML, like Gecko; compatible; GPTBot/1.2; +https://openai.com/gptbot)"
20.171.207.204 - - [09/Sep/2025:09:33:05 +0700] "GET /building-trust-and-connection-video-vs-text-on-omegle-and-ometv/ HTTP/1.0" 200 91549 "-" "Mozilla/5.0 AppleWebKit/537.36 (KHTML, like Gecko; compatible; GPTBot/1.2; +https://openai.com/gptbot)"
20.171.207.204 - - [09/Sep/2025:09:33:14 +0700] "GET /?p=2870 HTTP/1.0" 301 494 "-" "Mozilla/5.0 AppleWebKit/537.36 (KHTML, like Gecko; compatible; GPTBot/1.2; +https://openai.com/gptbot)"
45.117.177.72 - - [09/Sep/2025:09:33:17 +0700] "POST /wp-cron.php?doing_wp_cron=1757385197.3030259609222412109375 HTTP/1.0" 200 416 "-" "WordPress/6.8.1; https://vattusacky.vn"
20.171.207.204 - - [09/Sep/2025:09:33:15 +0700] "GET /coffee-with-samso-blackstone-minerals-ltd-closing/ HTTP/1.0" 200 307021 "-" "Mozilla/5.0 AppleWebKit/537.36 (KHTML, like Gecko; compatible; GPTBot/1.2; +https://openai.com/gptbot)"
20.171.207.204 - - [09/Sep/2025:09:33:26 +0700] "GET /comedy-gold-hilarious-skits-on-omegle-and-ometv/ HTTP/1.0" 200 91429 "-" "Mozilla/5.0 AppleWebKit/537.36 (KHTML, like Gecko; compatible; GPTBot/1.2; +https://openai.com/gptbot)"
20.171.207.204 - - [09/Sep/2025:09:33:32 +0700] "GET /getting-foreign-females-online/ HTTP/1.0" 200 208011 "-" "Mozilla/5.0 AppleWebKit/537.36 (KHTML, like Gecko; compatible; GPTBot/1.2; +https://openai.com/gptbot)"
20.171.207.204 - - [09/Sep/2025:09:33:42 +0700] "GET /building-trust-and-authenticity-in-online-friendships/ HTTP/1.0" 200 89972 "-" "Mozilla/5.0 AppleWebKit/537.36 (KHTML, like Gecko; compatible; GPTBot/1.2; +https://openai.com/gptbot)"
20.171.207.204 - - [09/Sep/2025:09:33:51 +0700] "GET /breaking-language-barriers-video-chat-on-omegle-vs-text-chat-on-ometv/ HTTP/1.0" 200 90005 "-" "Mozilla/5.0 AppleWebKit/537.36 (KHTML, like Gecko; compatible; GPTBot/1.2; +https://openai.com/gptbot)"
20.171.207.204 - - [09/Sep/2025:09:33:58 +0700] "GET /?p=6293 HTTP/1.0" 301 508 "-" "Mozilla/5.0 AppleWebKit/537.36 (KHTML, like Gecko; compatible; GPTBot/1.2; +https://openai.com/gptbot)"
20.171.207.204 - - [09/Sep/2025:09:33:59 +0700] "GET /building-trust-and-connection-video-vs-text-on-omegle-and-ometv/ HTTP/1.0" 200 91549 "-" "Mozilla/5.0 AppleWebKit/537.36 (KHTML, like Gecko; compatible; GPTBot/1.2; +https://openai.com/gptbot)"
20.171.207.204 - - [09/Sep/2025:09:34:06 +0700] "GET /?p=6368 HTTP/1.0" 301 492 "-" "Mozilla/5.0 AppleWebKit/537.36 (KHTML, like Gecko; compatible; GPTBot/1.2; +https://openai.com/gptbot)"
20.171.207.204 - - [09/Sep/2025:09:34:07 +0700] "GET /comedy-gold-hilarious-skits-on-omegle-and-ometv/ HTTP/1.0" 200 91429 "-" "Mozilla/5.0 AppleWebKit/537.36 (KHTML, like Gecko; compatible; GPTBot/1.2; +https://openai.com/gptbot)"
20.171.207.204 - - [09/Sep/2025:09:34:14 +0700] "GET /?p=6367 HTTP/1.0" 301 499 "-" "Mozilla/5.0 AppleWebKit/537.36 (KHTML, like Gecko; compatible; GPTBot/1.2; +https://openai.com/gptbot)"
20.171.207.204 - - [09/Sep/2025:09:34:15 +0700] "GET /comedy-central-hilarious-moments-from-omegle-and-ometv/ HTTP/1.0" 200 92051 "-" "Mozilla/5.0 AppleWebKit/537.36 (KHTML, like Gecko; compatible; GPTBot/1.2; +https://openai.com/gptbot)"
45.117.177.72 - - [09/Sep/2025:09:34:24 +0700] "POST /wp-cron.php?doing_wp_cron=1757385263.8396239280700683593750 HTTP/1.0" 200 416 "-" "WordPress/6.8.1; https://vattusacky.vn"
20.171.207.204 - - [09/Sep/2025:09:34:22 +0700] "GET /how-to-organize-your-essay/ HTTP/1.0" 200 205600 "-" "Mozilla/5.0 AppleWebKit/537.36 (KHTML, like Gecko; compatible; GPTBot/1.2; +https://openai.com/gptbot)"
20.171.207.204 - - [09/Sep/2025:09:34:28 +0700] "GET /the-emergence-of-video-chats-adding-a-visual-element-to-omegle/ HTTP/1.0" 200 78174 "-" "Mozilla/5.0 AppleWebKit/537.36 (KHTML, like Gecko; compatible; GPTBot/1.2; +https://openai.com/gptbot)"
20.171.207.204 - - [09/Sep/2025:09:34:33 +0700] "GET /?p=3739 HTTP/1.0" 301 493 "-" "Mozilla/5.0 AppleWebKit/537.36 (KHTML, like Gecko; compatible; GPTBot/1.2; +https://openai.com/gptbot)"
20.171.207.204 - - [09/Sep/2025:09:34:34 +0700] "GET /dovrei-prendere-appuntamento-smartphone-incontri/ HTTP/1.0" 200 207139 "-" "Mozilla/5.0 AppleWebKit/537.36 (KHTML, like Gecko; compatible; GPTBot/1.2; +https://openai.com/gptbot)"
20.171.207.204 - - [09/Sep/2025:09:34:41 +0700] "GET /lichnyj-kabinet-melbet-frispiny-za-vhod-v-kazino/ HTTP/1.0" 200 232126 "-" "Mozilla/5.0 AppleWebKit/537.36 (KHTML, like Gecko; compatible; GPTBot/1.2; +https://openai.com/gptbot)"
20.171.207.204 - - [09/Sep/2025:09:34:45 +0700] "GET /discovering-the-true-essence-of-friendship-in-omelove-stories/ HTTP/1.0" 200 81574 "-" "Mozilla/5.0 AppleWebKit/537.36 (KHTML, like Gecko; compatible; GPTBot/1.2; +https://openai.com/gptbot)"
20.171.207.204 - - [09/Sep/2025:09:34:50 +0700] "GET /?p=2531 HTTP/1.0" 301 475 "-" "Mozilla/5.0 AppleWebKit/537.36 (KHTML, like Gecko; compatible; GPTBot/1.2; +https://openai.com/gptbot)"
20.171.207.204 - - [09/Sep/2025:09:34:52 +0700] "GET /getting-foreign-females-online/ HTTP/1.0" 200 208011 "-" "Mozilla/5.0 AppleWebKit/537.36 (KHTML, like Gecko; compatible; GPTBot/1.2; +https://openai.com/gptbot)"
20.171.207.204 - - [09/Sep/2025:09:34:59 +0700] "GET /?p=6292 HTTP/1.0" 301 498 "-" "Mozilla/5.0 AppleWebKit/537.36 (KHTML, like Gecko; compatible; GPTBot/1.2; +https://openai.com/gptbot)"
20.171.207.204 - - [09/Sep/2025:09:35:00 +0700] "GET /building-trust-and-authenticity-in-online-friendships/ HTTP/1.0" 200 89972 "-" "Mozilla/5.0 AppleWebKit/537.36 (KHTML, like Gecko; compatible; GPTBot/1.2; +https://openai.com/gptbot)"
20.171.207.204 - - [09/Sep/2025:09:35:05 +0700] "GET /?p=6239 HTTP/1.0" 301 514 "-" "Mozilla/5.0 AppleWebKit/537.36 (KHTML, like Gecko; compatible; GPTBot/1.2; +https://openai.com/gptbot)"
20.171.207.204 - - [09/Sep/2025:09:35:07 +0700] "GET /breaking-language-barriers-video-chat-on-omegle-vs-text-chat-on-ometv/ HTTP/1.0" 200 90005 "-" "Mozilla/5.0 AppleWebKit/537.36 (KHTML, like Gecko; compatible; GPTBot/1.2; +https://openai.com/gptbot)"
20.171.207.204 - - [09/Sep/2025:09:35:13 +0700] "GET /building-resilience-through-omegles-social-experiment/ HTTP/1.0" 200 91954 "-" "Mozilla/5.0 AppleWebKit/537.36 (KHTML, like Gecko; compatible; GPTBot/1.2; +https://openai.com/gptbot)"
45.117.177.72 - - [09/Sep/2025:09:35:20 +0700] "POST /wp-cron.php?doing_wp_cron=1757385320.0134680271148681640625 HTTP/1.0" 200 416 "-" "WordPress/6.8.1; https://vattusacky.vn"
20.171.207.204 - - [09/Sep/2025:09:35:18 +0700] "GET /comedy-skits-entertaining-performances-on-omegle-and-ometv/ HTTP/1.0" 200 87435 "-" "Mozilla/5.0 AppleWebKit/537.36 (KHTML, like Gecko; compatible; GPTBot/1.2; +https://openai.com/gptbot)"
20.171.207.204 - - [09/Sep/2025:09:35:30 +0700] "GET /phan-mem-cash24-move-forward-cach-https-vaytienuytin24h-com-xac-dinh-vi-tri-popped-nhanh-chong/ HTTP/1.0" 200 213877 "-" "Mozilla/5.0 AppleWebKit/537.36 (KHTML, like Gecko; compatible; GPTBot/1.2; +https://openai.com/gptbot)"
20.171.207.204 - - [09/Sep/2025:09:35:36 +0700] "GET /ung-dung-tien-do-tien-mat-vay-300-trieu-mua-xe-h5-hoat-dong-nhu-the-nao/ HTTP/1.0" 200 210699 "-" "Mozilla/5.0 AppleWebKit/537.36 (KHTML, like Gecko; compatible; GPTBot/1.2; +https://openai.com/gptbot)"
20.171.207.204 - - [09/Sep/2025:09:35:43 +0700] "GET /building-rapport-through-conversational-skills-on-omegle/ HTTP/1.0" 200 92424 "-" "Mozilla/5.0 AppleWebKit/537.36 (KHTML, like Gecko; compatible; GPTBot/1.2; +https://openai.com/gptbot)"
20.171.207.204 - - [09/Sep/2025:09:35:49 +0700] "GET /?p=8410 HTTP/1.0" 301 507 "-" "Mozilla/5.0 AppleWebKit/537.36 (KHTML, like Gecko; compatible; GPTBot/1.2; +https://openai.com/gptbot)"
20.171.207.204 - - [09/Sep/2025:09:35:51 +0700] "GET /the-emergence-of-video-chats-adding-a-visual-element-to-omegle/ HTTP/1.0" 200 78174 "-" "Mozilla/5.0 AppleWebKit/537.36 (KHTML, like Gecko; compatible; GPTBot/1.2; +https://openai.com/gptbot)"
20.171.207.204 - - [09/Sep/2025:09:35:54 +0700] "GET /?p=6369 HTTP/1.0" 301 503 "-" "Mozilla/5.0 AppleWebKit/537.36 (KHTML, like Gecko; compatible; GPTBot/1.2; +https://openai.com/gptbot)"
20.171.207.204 - - [09/Sep/2025:09:35:56 +0700] "GET /comedy-skits-entertaining-performances-on-omegle-and-ometv/ HTTP/1.0" 200 87435 "-" "Mozilla/5.0 AppleWebKit/537.36 (KHTML, like Gecko; compatible; GPTBot/1.2; +https://openai.com/gptbot)"
20.171.207.204 - - [09/Sep/2025:09:36:02 +0700] "GET /?p=3747 HTTP/1.0" 301 493 "-" "Mozilla/5.0 AppleWebKit/537.36 (KHTML, like Gecko; compatible; GPTBot/1.2; +https://openai.com/gptbot)"
20.171.207.204 - - [09/Sep/2025:09:36:04 +0700] "GET /lichnyj-kabinet-melbet-frispiny-za-vhod-v-kazino/ HTTP/1.0" 200 232126 "-" "Mozilla/5.0 AppleWebKit/537.36 (KHTML, like Gecko; compatible; GPTBot/1.2; +https://openai.com/gptbot)"
20.171.207.204 - - [09/Sep/2025:09:36:10 +0700] "GET /?p=6510 HTTP/1.0" 301 506 "-" "Mozilla/5.0 AppleWebKit/537.36 (KHTML, like Gecko; compatible; GPTBot/1.2; +https://openai.com/gptbot)"
20.171.207.204 - - [09/Sep/2025:09:36:12 +0700] "GET /discovering-the-true-essence-of-friendship-in-omelove-stories/ HTTP/1.0" 200 81574 "-" "Mozilla/5.0 AppleWebKit/537.36 (KHTML, like Gecko; compatible; GPTBot/1.2; +https://openai.com/gptbot)"
45.117.177.72 - - [09/Sep/2025:09:36:21 +0700] "POST /wp-cron.php?doing_wp_cron=1757385381.8463630676269531250000 HTTP/1.0" 200 416 "-" "WordPress/6.8.1; https://vattusacky.vn"
20.171.207.204 - - [09/Sep/2025:09:36:20 +0700] "GET /dive-into-the-world-of-online-video-chat-omegle-vs-ometv/ HTTP/1.0" 200 92990 "-" "Mozilla/5.0 AppleWebKit/537.36 (KHTML, like Gecko; compatible; GPTBot/1.2; +https://openai.com/gptbot)"
20.171.207.204 - - [09/Sep/2025:09:36:26 +0700] "GET /?p=3866 HTTP/1.0" 301 425 "-" "Mozilla/5.0 AppleWebKit/537.36 (KHTML, like Gecko; compatible; GPTBot/1.2; +https://openai.com/gptbot)"
191.102.129.142 - - [09/Sep/2025:09:36:24 +0700] "GET /san-pham/ HTTP/1.0" 200 136512 "https://vattusacky.vn" "Mozilla/5.0 (Windows NT 10.0; Win64; x64) AppleWebKit/537.36 (KHTML, like Gecko) Chrome/62.0.3202.94 Safari/537.36"
20.171.207.204 - - [09/Sep/2025:09:36:27 +0700] "GET /how-to-organize-your-essay/ HTTP/1.0" 200 205600 "-" "Mozilla/5.0 AppleWebKit/537.36 (KHTML, like Gecko; compatible; GPTBot/1.2; +https://openai.com/gptbot)"
20.171.207.204 - - [09/Sep/2025:09:36:32 +0700] "GET /?p=6289 HTTP/1.0" 301 498 "-" "Mozilla/5.0 AppleWebKit/537.36 (KHTML, like Gecko; compatible; GPTBot/1.2; +https://openai.com/gptbot)"
20.171.207.204 - - [09/Sep/2025:09:36:34 +0700] "GET /building-resilience-through-omegles-social-experiment/ HTTP/1.0" 200 91954 "-" "Mozilla/5.0 AppleWebKit/537.36 (KHTML, like Gecko; compatible; GPTBot/1.2; +https://openai.com/gptbot)"
20.171.207.204 - - [09/Sep/2025:09:36:40 +0700] "GET /ways-to-rank-sexcam-sites/ HTTP/1.0" 200 205750 "-" "Mozilla/5.0 AppleWebKit/537.36 (KHTML, like Gecko; compatible; GPTBot/1.2; +https://openai.com/gptbot)"
20.171.207.204 - - [09/Sep/2025:09:36:45 +0700] "GET /why-do-people-get-married/ HTTP/1.0" 200 206131 "-" "Mozilla/5.0 AppleWebKit/537.36 (KHTML, like Gecko; compatible; GPTBot/1.2; +https://openai.com/gptbot)"
20.171.207.204 - - [09/Sep/2025:09:36:51 +0700] "GET /?p=2310 HTTP/1.0" 301 516 "-" "Mozilla/5.0 AppleWebKit/537.36 (KHTML, like Gecko; compatible; GPTBot/1.2; +https://openai.com/gptbot)"
20.171.207.204 - - [09/Sep/2025:09:36:53 +0700] "GET /ung-dung-tien-do-tien-mat-vay-300-trieu-mua-xe-h5-hoat-dong-nhu-the-nao/ HTTP/1.0" 200 210699 "-" "Mozilla/5.0 AppleWebKit/537.36 (KHTML, like Gecko; compatible; GPTBot/1.2; +https://openai.com/gptbot)"
20.171.207.204 - - [09/Sep/2025:09:36:57 +0700] "GET /?p=2702 HTTP/1.0" 301 539 "-" "Mozilla/5.0 AppleWebKit/537.36 (KHTML, like Gecko; compatible; GPTBot/1.2; +https://openai.com/gptbot)"
20.171.207.204 - - [09/Sep/2025:09:36:59 +0700] "GET /phan-mem-cash24-move-forward-cach-https-vaytienuytin24h-com-xac-dinh-vi-tri-popped-nhanh-chong/ HTTP/1.0" 200 213877 "-" "Mozilla/5.0 AppleWebKit/537.36 (KHTML, like Gecko; compatible; GPTBot/1.2; +https://openai.com/gptbot)"
20.171.207.204 - - [09/Sep/2025:09:37:05 +0700] "GET /kingjohnnie-is-the-greatest-online-internet-casino-89/ HTTP/1.0" 200 76929 "-" "Mozilla/5.0 AppleWebKit/537.36 (KHTML, like Gecko; compatible; GPTBot/1.2; +https://openai.com/gptbot)"
20.171.207.204 - - [09/Sep/2025:09:37:10 +0700] "GET /maksim-krippa-statistika-semja-i-fakty-biografija-418/ HTTP/1.0" 200 236597 "-" "Mozilla/5.0 AppleWebKit/537.36 (KHTML, like Gecko; compatible; GPTBot/1.2; +https://openai.com/gptbot)"
45.117.177.72 - - [09/Sep/2025:09:37:20 +0700] "POST /wp-cron.php?doing_wp_cron=1757385439.8438200950622558593750 HTTP/1.0" 200 416 "-" "WordPress/6.8.1; https://vattusacky.vn"
20.171.207.204 - - [09/Sep/2025:09:37:18 +0700] "GET /?p=3500 HTTP/1.0" 301 470 "-" "Mozilla/5.0 AppleWebKit/537.36 (KHTML, like Gecko; compatible; GPTBot/1.2; +https://openai.com/gptbot)"
20.171.207.204 - - [09/Sep/2025:09:37:20 +0700] "GET /ways-to-rank-sexcam-sites/ HTTP/1.0" 200 205750 "-" "Mozilla/5.0 AppleWebKit/537.36 (KHTML, like Gecko; compatible; GPTBot/1.2; +https://openai.com/gptbot)"
20.171.207.204 - - [09/Sep/2025:09:37:26 +0700] "GET /22bet-evaluation-cell-app-and-attractive-welcome-5/ HTTP/1.0" 200 242567 "-" "Mozilla/5.0 AppleWebKit/537.36 (KHTML, like Gecko; compatible; GPTBot/1.2; +https://openai.com/gptbot)"
107.189.1.156 - - [09/Sep/2025:09:37:31 +0700] "GET /wp-login.php HTTP/1.0" 200 11388 "-" "Mozilla/5.0 (Windows NT 5.1) AppleWebKit/537.36 (KHTML, like Gecko) Chrome/36.0.1985.125 Safari/537.36"
20.171.207.204 - - [09/Sep/2025:09:37:35 +0700] "GET /?p=10633 HTTP/1.0" 301 498 "-" "Mozilla/5.0 AppleWebKit/537.36 (KHTML, like Gecko; compatible; GPTBot/1.2; +https://openai.com/gptbot)"
20.171.207.204 - - [09/Sep/2025:09:37:36 +0700] "GET /kingjohnnie-is-the-greatest-online-internet-casino-89/ HTTP/1.0" 200 76929 "-" "Mozilla/5.0 AppleWebKit/537.36 (KHTML, like Gecko; compatible; GPTBot/1.2; +https://openai.com/gptbot)"
20.171.207.204 - - [09/Sep/2025:09:37:43 +0700] "GET /?p=6513 HTTP/1.0" 301 647 "-" "Mozilla/5.0 AppleWebKit/537.36 (KHTML, like Gecko; compatible; GPTBot/1.2; +https://openai.com/gptbot)"
20.171.207.204 - - [09/Sep/2025:09:37:46 +0700] "GET /dive-into-the-world-of-online-video-chat-omegle-vs-ometv/ HTTP/1.0" 200 92990 "-" "Mozilla/5.0 AppleWebKit/537.36 (KHTML, like Gecko; compatible; GPTBot/1.2; +https://openai.com/gptbot)"
20.171.207.204 - - [09/Sep/2025:09:37:54 +0700] "GET /?p=2545 HTTP/1.0" 301 498 "-" "Mozilla/5.0 AppleWebKit/537.36 (KHTML, like Gecko; compatible; GPTBot/1.2; +https://openai.com/gptbot)"
20.171.207.204 - - [09/Sep/2025:09:37:55 +0700] "GET /maksim-krippa-statistika-semja-i-fakty-biografija-418/ HTTP/1.0" 200 236597 "-" "Mozilla/5.0 AppleWebKit/537.36 (KHTML, like Gecko; compatible; GPTBot/1.2; +https://openai.com/gptbot)"
20.171.207.204 - - [09/Sep/2025:09:38:02 +0700] "GET /diversity-in-omegle-artistry-celebrating-different-artistic-styles/ HTTP/1.0" 200 94362 "-" "Mozilla/5.0 AppleWebKit/537.36 (KHTML, like Gecko; compatible; GPTBot/1.2; +https://openai.com/gptbot)"
20.171.207.204 - - [09/Sep/2025:09:38:06 +0700] "GET /comedy-unleashed-hilarious-videos-on-omegle-and-ometv/ HTTP/1.0" 200 88692 "-" "Mozilla/5.0 AppleWebKit/537.36 (KHTML, like Gecko; compatible; GPTBot/1.2; +https://openai.com/gptbot)"
20.171.207.204 - - [09/Sep/2025:09:38:12 +0700] "GET /building-rapport-on-omegle-establishing-a-connection-from-the-first-interaction/ HTTP/1.0" 200 92303 "-" "Mozilla/5.0 AppleWebKit/537.36 (KHTML, like Gecko; compatible; GPTBot/1.2; +https://openai.com/gptbot)"
45.117.177.72 - - [09/Sep/2025:09:38:18 +0700] "POST /wp-cron.php?doing_wp_cron=1757385498.2805290222167968750000 HTTP/1.0" 200 416 "-" "WordPress/6.8.1; https://vattusacky.vn"
20.171.207.204 - - [09/Sep/2025:09:38:16 +0700] "GET /?p=6288 HTTP/1.0" 301 501 "-" "Mozilla/5.0 AppleWebKit/537.36 (KHTML, like Gecko; compatible; GPTBot/1.2; +https://openai.com/gptbot)"
20.171.207.204 - - [09/Sep/2025:09:38:18 +0700] "GET /building-rapport-through-conversational-skills-on-omegle/ HTTP/1.0" 200 92424 "-" "Mozilla/5.0 AppleWebKit/537.36 (KHTML, like Gecko; compatible; GPTBot/1.2; +https://openai.com/gptbot)"
20.171.207.204 - - [09/Sep/2025:09:38:25 +0700] "GET /bahis-sirketi-ve-online-casino-mostbet-turkiye-918/ HTTP/1.0" 200 85136 "-" "Mozilla/5.0 AppleWebKit/537.36 (KHTML, like Gecko; compatible; GPTBot/1.2; +https://openai.com/gptbot)"
20.171.207.204 - - [09/Sep/2025:09:38:31 +0700] "GET /breaking-the-ice-effective-strategies-for-engaging-on-omegle/ HTTP/1.0" 200 91021 "-" "Mozilla/5.0 AppleWebKit/537.36 (KHTML, like Gecko; compatible; GPTBot/1.2; +https://openai.com/gptbot)"
20.171.207.204 - - [09/Sep/2025:09:38:38 +0700] "GET /william-hill-giochi-added-bonus-bar/ HTTP/1.0" 200 225569 "-" "Mozilla/5.0 AppleWebKit/537.36 (KHTML, like Gecko; compatible; GPTBot/1.2; +https://openai.com/gptbot)"
20.171.207.204 - - [09/Sep/2025:09:38:43 +0700] "GET /les-meilleurs-benefit-offerts-par-les-gambling-433/ HTTP/1.0" 200 75639 "-" "Mozilla/5.0 AppleWebKit/537.36 (KHTML, like Gecko; compatible; GPTBot/1.2; +https://openai.com/gptbot)"
20.171.207.204 - - [09/Sep/2025:09:38:52 +0700] "GET /mostbet-payment-options-how-to-deposit-withdraw-105/ HTTP/1.0" 200 217600 "-" "Mozilla/5.0 AppleWebKit/537.36 (KHTML, like Gecko; compatible; GPTBot/1.2; +https://openai.com/gptbot)"
20.171.207.204 - - [09/Sep/2025:09:38:58 +0700] "GET /zajm-sms-zajm-ot-finterra HTTP/1.0" 301 470 "-" "Mozilla/5.0 AppleWebKit/537.36 (KHTML, like Gecko; compatible; GPTBot/1.2; +https://openai.com/gptbot)"
20.171.207.204 - - [09/Sep/2025:09:39:00 +0700] "GET /zajm-sms-zajm-ot-finterra/ HTTP/1.0" 200 223549 "-" "Mozilla/5.0 AppleWebKit/537.36 (KHTML, like Gecko; compatible; GPTBot/1.2; +https://openai.com/gptbot)"
135.181.79.90 - - [09/Sep/2025:09:39:01 +0700] "GET /using-marijuana-147/ HTTP/1.0" 200 207154 "https://vattusacky.vn/using-marijuana-147/" "Mozilla/5.0 (Windows NT 10.0; Win64; x64) AppleWebKit/537.36 (KHTML, like Gecko) Chrome/131.0.0.0 Safari/537.36 Avast/131.0.0.0"
20.171.207.204 - - [09/Sep/2025:09:39:06 +0700] "GET /1win-casino-onlajn-shirokij-vybor-igrovyh-slotov-2/ HTTP/1.0" 200 224390 "-" "Mozilla/5.0 AppleWebKit/537.36 (KHTML, like Gecko; compatible; GPTBot/1.2; +https://openai.com/gptbot)"
20.171.207.204 - - [09/Sep/2025:09:39:11 +0700] "GET /common-language-mistakes-on-omegle-and-ometv/ HTTP/1.0" 200 88397 "-" "Mozilla/5.0 AppleWebKit/537.36 (KHTML, like Gecko; compatible; GPTBot/1.2; +https://openai.com/gptbot)"
213.180.203.121 - - [09/Sep/2025:09:39:14 +0700] "GET /embracing-anonymity-the-freedom-and-creativity-of-omegle-artistry/ HTTP/1.0" 200 88089 "-" "Mozilla/5.0 (compatible; YandexBot/3.0; +http://yandex.com/bots)"
45.117.177.72 - - [09/Sep/2025:09:39:21 +0700] "POST /wp-cron.php?doing_wp_cron=1757385560.9648349285125732421875 HTTP/1.0" 200 416 "-" "WordPress/6.8.1; https://vattusacky.vn"
20.171.207.204 - - [09/Sep/2025:09:39:19 +0700] "GET /?p=6370 HTTP/1.0" 301 498 "-" "Mozilla/5.0 AppleWebKit/537.36 (KHTML, like Gecko; compatible; GPTBot/1.2; +https://openai.com/gptbot)"
20.171.207.204 - - [09/Sep/2025:09:39:21 +0700] "GET /comedy-unleashed-hilarious-videos-on-omegle-and-ometv/ HTTP/1.0" 200 88692 "-" "Mozilla/5.0 AppleWebKit/537.36 (KHTML, like Gecko; compatible; GPTBot/1.2; +https://openai.com/gptbot)"
189.1.238.129 - - [09/Sep/2025:09:39:27 +0700] "GET /tips-for-choosing-the-best-online-gambling-sites/ HTTP/1.0" 200 207090 "https://vattusacky.vn/tips-for-choosing-the-best-online-gambling-sites/" "Mozilla/5.0 (Windows NT 10.0; Win64; x64) AppleWebKit/537.36 (KHTML, like Gecko) Chrome/116.0.0.0 Safari/537.36"
20.171.207.204 - - [09/Sep/2025:09:39:28 +0700] "GET /?p=10259 HTTP/1.0" 301 495 "-" "Mozilla/5.0 AppleWebKit/537.36 (KHTML, like Gecko; compatible; GPTBot/1.2; +https://openai.com/gptbot)"
20.171.207.204 - - [09/Sep/2025:09:39:30 +0700] "GET /bahis-sirketi-ve-online-casino-mostbet-turkiye-918/ HTTP/1.0" 200 85136 "-" "Mozilla/5.0 AppleWebKit/537.36 (KHTML, like Gecko; compatible; GPTBot/1.2; +https://openai.com/gptbot)"
20.171.207.204 - - [09/Sep/2025:09:39:38 +0700] "GET /?p=6514 HTTP/1.0" 301 511 "-" "Mozilla/5.0 AppleWebKit/537.36 (KHTML, like Gecko; compatible; GPTBot/1.2; +https://openai.com/gptbot)"
20.171.207.204 - - [09/Sep/2025:09:39:40 +0700] "GET /diversity-in-omegle-artistry-celebrating-different-artistic-styles/ HTTP/1.0" 200 94362 "-" "Mozilla/5.0 AppleWebKit/537.36 (KHTML, like Gecko; compatible; GPTBot/1.2; +https://openai.com/gptbot)"
20.171.207.204 - - [09/Sep/2025:09:39:46 +0700] "GET /?p=6247 HTTP/1.0" 301 505 "-" "Mozilla/5.0 AppleWebKit/537.36 (KHTML, like Gecko; compatible; GPTBot/1.2; +https://openai.com/gptbot)"
20.171.207.204 - - [09/Sep/2025:09:39:47 +0700] "GET /breaking-the-ice-effective-strategies-for-engaging-on-omegle/ HTTP/1.0" 200 91021 "-" "Mozilla/5.0 AppleWebKit/537.36 (KHTML, like Gecko; compatible; GPTBot/1.2; +https://openai.com/gptbot)"
20.171.207.204 - - [09/Sep/2025:09:39:53 +0700] "GET /?p=6287 HTTP/1.0" 301 524 "-" "Mozilla/5.0 AppleWebKit/537.36 (KHTML, like Gecko; compatible; GPTBot/1.2; +https://openai.com/gptbot)"
216.244.66.237 - - [09/Sep/2025:09:39:55 +0700] "GET /exploring-the-technological-advancements-behind-omegles-chat-system/ HTTP/1.0" 200 91523 "-" "Mozilla/5.0 (compatible; DotBot/1.2; +https://opensiteexplorer.org/dotbot; help@moz.com)"
20.171.207.204 - - [09/Sep/2025:09:39:55 +0700] "GET /building-rapport-on-omegle-establishing-a-connection-from-the-first-interaction/ HTTP/1.0" 200 92303 "-" "Mozilla/5.0 AppleWebKit/537.36 (KHTML, like Gecko; compatible; GPTBot/1.2; +https://openai.com/gptbot)"
65.38.25.38 - - [09/Sep/2025:09:39:56 +0700] "POST /xmlrpc.php HTTP/1.0" 200 956 "-" "Mozilla/5.0 (Windows NT 10.0; Win64; x64; rv:93.0) Gecko/20100101 Firefox/93.0"
20.171.207.204 - - [09/Sep/2025:09:40:05 +0700] "GET /?p=4901 HTTP/1.0" 301 480 "-" "Mozilla/5.0 AppleWebKit/537.36 (KHTML, like Gecko; compatible; GPTBot/1.2; +https://openai.com/gptbot)"
20.171.207.204 - - [09/Sep/2025:09:40:06 +0700] "GET /william-hill-giochi-added-bonus-bar/ HTTP/1.0" 200 225569 "-" "Mozilla/5.0 AppleWebKit/537.36 (KHTML, like Gecko; compatible; GPTBot/1.2; +https://openai.com/gptbot)"
45.117.177.72 - - [09/Sep/2025:09:40:28 +0700] "POST /wp-cron.php?doing_wp_cron=1757385628.2573540210723876953125 HTTP/1.0" 200 416 "-" "WordPress/6.8.1; https://vattusacky.vn"
20.171.207.204 - - [09/Sep/2025:09:40:26 +0700] "GET /?p=10200 HTTP/1.0" 301 495 "-" "Mozilla/5.0 AppleWebKit/537.36 (KHTML, like Gecko; compatible; GPTBot/1.2; +https://openai.com/gptbot)"
20.171.207.204 - - [09/Sep/2025:09:40:28 +0700] "GET /les-meilleurs-benefit-offerts-par-les-gambling-433/ HTTP/1.0" 200 75639 "-" "Mozilla/5.0 AppleWebKit/537.36 (KHTML, like Gecko; compatible; GPTBot/1.2; +https://openai.com/gptbot)"
20.171.207.204 - - [09/Sep/2025:09:40:34 +0700] "GET /?p=3663 HTTP/1.0" 301 496 "-" "Mozilla/5.0 AppleWebKit/537.36 (KHTML, like Gecko; compatible; GPTBot/1.2; +https://openai.com/gptbot)"
20.171.207.204 - - [09/Sep/2025:09:40:36 +0700] "GET /mostbet-payment-options-how-to-deposit-withdraw-105/ HTTP/1.0" 200 217600 "-" "Mozilla/5.0 AppleWebKit/537.36 (KHTML, like Gecko; compatible; GPTBot/1.2; +https://openai.com/gptbot)"
20.171.207.204 - - [09/Sep/2025:09:40:41 +0700] "GET /wp-json/oembed/1.0/embed?url=https%3A%2F%2Fvattusacky.vn%2Fles-meilleurs-benefit-offerts-par-les-gambling-433%2F HTTP/1.0" 200 3555 "-" "Mozilla/5.0 AppleWebKit/537.36 (KHTML, like Gecko; compatible; GPTBot/1.2; +https://openai.com/gptbot)"
20.171.207.204 - - [09/Sep/2025:09:40:47 +0700] "GET /omegle-vs-ometv-a-closer-look-at-video-chat-quality/ HTTP/1.0" 200 91550 "-" "Mozilla/5.0 AppleWebKit/537.36 (KHTML, like Gecko; compatible; GPTBot/1.2; +https://openai.com/gptbot)"
20.171.207.204 - - [09/Sep/2025:09:40:54 +0700] "GET /afety-first-how-omegle-and-ometv-ensure-user-security/ HTTP/1.0" 200 88050 "-" "Mozilla/5.0 AppleWebKit/537.36 (KHTML, like Gecko; compatible; GPTBot/1.2; +https://openai.com/gptbot)"
20.171.207.204 - - [09/Sep/2025:09:41:00 +0700] "GET /1xbet-app-obtain-apk-for-android-ios-home-windows-29 HTTP/1.0" 301 497 "-" "Mozilla/5.0 AppleWebKit/537.36 (KHTML, like Gecko; compatible; GPTBot/1.2; +https://openai.com/gptbot)"
20.171.207.204 - - [09/Sep/2025:09:41:01 +0700] "GET /1xbet-app-obtain-apk-for-android-ios-home-windows-29/ HTTP/1.0" 200 113739 "-" "Mozilla/5.0 AppleWebKit/537.36 (KHTML, like Gecko; compatible; GPTBot/1.2; +https://openai.com/gptbot)"
20.171.207.204 - - [09/Sep/2025:09:41:08 +0700] "GET /building-professional-networks-on-omegle-leveraging-the-platform-for-career-growth/ HTTP/1.0" 200 93482 "-" "Mozilla/5.0 AppleWebKit/537.36 (KHTML, like Gecko; compatible; GPTBot/1.2; +https://openai.com/gptbot)"
20.171.207.204 - - [09/Sep/2025:09:41:15 +0700] "GET /diversity-on-omegle-embracing-different-cultures-and-backgrounds-in-conversations/ HTTP/1.0" 200 90479 "-" "Mozilla/5.0 AppleWebKit/537.36 (KHTML, like Gecko; compatible; GPTBot/1.2; +https://openai.com/gptbot)"
45.117.177.72 - - [09/Sep/2025:09:41:24 +0700] "POST /wp-cron.php?doing_wp_cron=1757385684.1908969879150390625000 HTTP/1.0" 200 416 "-" "WordPress/6.8.1; https://vattusacky.vn"
20.171.207.204 - - [09/Sep/2025:09:41:22 +0700] "GET /?p=6120 HTTP/1.0" 301 498 "-" "Mozilla/5.0 AppleWebKit/537.36 (KHTML, like Gecko; compatible; GPTBot/1.2; +https://openai.com/gptbot)"
20.171.207.204 - - [09/Sep/2025:09:41:24 +0700] "GET /afety-first-how-omegle-and-ometv-ensure-user-security/ HTTP/1.0" 200 88050 "-" "Mozilla/5.0 AppleWebKit/537.36 (KHTML, like Gecko; compatible; GPTBot/1.2; +https://openai.com/gptbot)"
20.171.207.204 - - [09/Sep/2025:09:41:29 +0700] "GET /age-restrictions-and-parental-controls-on-omegle/ HTTP/1.0" 200 87378 "-" "Mozilla/5.0 AppleWebKit/537.36 (KHTML, like Gecko; compatible; GPTBot/1.2; +https://openai.com/gptbot)"
17.241.75.53 - - [09/Sep/2025:09:41:36 +0700] "GET /robots.txt HTTP/1.0" 200 984 "-" "Mozilla/5.0 (Macintosh; Intel Mac OS X 10_15_7) AppleWebKit/605.1.15 (KHTML, like Gecko) Version/17.4 Safari/605.1.15 (Applebot/0.1; +http://www.apple.com/go/applebot)"
20.171.207.204 - - [09/Sep/2025:09:41:36 +0700] "GET /a-comparative-study-of-user-safety-on-omegle-and-ometv/ HTTP/1.0" 200 89528 "-" "Mozilla/5.0 AppleWebKit/537.36 (KHTML, like Gecko; compatible; GPTBot/1.2; +https://openai.com/gptbot)"
17.241.75.53 - - [09/Sep/2025:09:41:37 +0700] "GET /serendipitous-moments-and-the-unexpected-joys-of-online-interactions/ HTTP/1.0" 200 79512 "-" "Mozilla/5.0 (Macintosh; Intel Mac OS X 10_15_7) AppleWebKit/605.1.15 (KHTML, like Gecko) Version/17.4 Safari/605.1.15 (Applebot/0.1; +http://www.apple.com/go/applebot)"
20.171.207.204 - - [09/Sep/2025:09:41:41 +0700] "GET /?p=7735 HTTP/1.0" 301 496 "-" "Mozilla/5.0 AppleWebKit/537.36 (KHTML, like Gecko; compatible; GPTBot/1.2; +https://openai.com/gptbot)"
20.171.207.204 - - [09/Sep/2025:09:41:43 +0700] "GET /omegle-vs-ometv-a-closer-look-at-video-chat-quality/ HTTP/1.0" 200 91550 "-" "Mozilla/5.0 AppleWebKit/537.36 (KHTML, like Gecko; compatible; GPTBot/1.2; +https://openai.com/gptbot)"
20.171.207.204 - - [09/Sep/2025:09:41:48 +0700] "GET /?p=6515 HTTP/1.0" 301 526 "-" "Mozilla/5.0 AppleWebKit/537.36 (KHTML, like Gecko; compatible; GPTBot/1.2; +https://openai.com/gptbot)"
20.171.207.204 - - [09/Sep/2025:09:41:49 +0700] "GET /diversity-on-omegle-embracing-different-cultures-and-backgrounds-in-conversations/ HTTP/1.0" 200 90479 "-" "Mozilla/5.0 AppleWebKit/537.36 (KHTML, like Gecko; compatible; GPTBot/1.2; +https://openai.com/gptbot)"
20.171.207.204 - - [09/Sep/2025:09:41:55 +0700] "GET /diving-deep-into-diversity-examining-cultural-variety-on-omegle-and-ometv/ HTTP/1.0" 200 92478 "-" "Mozilla/5.0 AppleWebKit/537.36 (KHTML, like Gecko; compatible; GPTBot/1.2; +https://openai.com/gptbot)"
20.171.207.204 - - [09/Sep/2025:09:42:01 +0700] "GET /omegle-vs-ometv-which-platform-has-a-larger-user-base/ HTTP/1.0" 200 89919 "-" "Mozilla/5.0 AppleWebKit/537.36 (KHTML, like Gecko; compatible; GPTBot/1.2; +https://openai.com/gptbot)"
20.171.207.204 - - [09/Sep/2025:09:42:07 +0700] "GET /casino-1xbet-spain-hasta-1-five-hundred-bono-de-bienvenida/ HTTP/1.0" 200 221550 "-" "Mozilla/5.0 AppleWebKit/537.36 (KHTML, like Gecko; compatible; GPTBot/1.2; +https://openai.com/gptbot)"
20.171.207.204 - - [09/Sep/2025:09:42:12 +0700] "GET /the-ultimate-way-to-hook-up-the-gc30s8cba-stove-top/ HTTP/1.0" 200 206773 "-" "Mozilla/5.0 AppleWebKit/537.36 (KHTML, like Gecko; compatible; GPTBot/1.2; +https://openai.com/gptbot)"
45.117.177.72 - - [09/Sep/2025:09:42:19 +0700] "POST /wp-cron.php?doing_wp_cron=1757385739.1902079582214355468750 HTTP/1.0" 200 416 "-" "WordPress/6.8.1; https://vattusacky.vn"
20.171.207.204 - - [09/Sep/2025:09:42:17 +0700] "GET /?p=6286 HTTP/1.0" 301 527 "-" "Mozilla/5.0 AppleWebKit/537.36 (KHTML, like Gecko; compatible; GPTBot/1.2; +https://openai.com/gptbot)"
20.171.207.204 - - [09/Sep/2025:09:42:19 +0700] "GET /building-professional-networks-on-omegle-leveraging-the-platform-for-career-growth/ HTTP/1.0" 200 93482 "-" "Mozilla/5.0 AppleWebKit/537.36 (KHTML, like Gecko; compatible; GPTBot/1.2; +https://openai.com/gptbot)"
20.171.207.204 - - [09/Sep/2025:09:42:26 +0700] "GET /?p=6371 HTTP/1.0" 301 489 "-" "Mozilla/5.0 AppleWebKit/537.36 (KHTML, like Gecko; compatible; GPTBot/1.2; +https://openai.com/gptbot)"
20.171.207.204 - - [09/Sep/2025:09:42:27 +0700] "GET /common-language-mistakes-on-omegle-and-ometv/ HTTP/1.0" 200 88397 "-" "Mozilla/5.0 AppleWebKit/537.36 (KHTML, like Gecko; compatible; GPTBot/1.2; +https://openai.com/gptbot)"
20.171.207.204 - - [09/Sep/2025:09:42:34 +0700] "GET /1xbet-app-obtain-apk-for-android-ios-home-windows-35 HTTP/1.0" 301 497 "-" "Mozilla/5.0 AppleWebKit/537.36 (KHTML, like Gecko; compatible; GPTBot/1.2; +https://openai.com/gptbot)"
20.171.207.204 - - [09/Sep/2025:09:42:36 +0700] "GET /1xbet-app-obtain-apk-for-android-ios-home-windows-35/ HTTP/1.0" 200 93922 "-" "Mozilla/5.0 AppleWebKit/537.36 (KHTML, like Gecko; compatible; GPTBot/1.2; +https://openai.com/gptbot)"
20.171.207.204 - - [09/Sep/2025:09:42:42 +0700] "GET /?p=6121 HTTP/1.0" 301 493 "-" "Mozilla/5.0 AppleWebKit/537.36 (KHTML, like Gecko; compatible; GPTBot/1.2; +https://openai.com/gptbot)"
20.171.207.204 - - [09/Sep/2025:09:42:44 +0700] "GET /age-restrictions-and-parental-controls-on-omegle/ HTTP/1.0" 200 87378 "-" "Mozilla/5.0 AppleWebKit/537.36 (KHTML, like Gecko; compatible; GPTBot/1.2; +https://openai.com/gptbot)"
20.171.207.204 - - [09/Sep/2025:09:42:49 +0700] "GET /a-comparative-study-of-omegle-and-ometv/ HTTP/1.0" 200 89627 "-" "Mozilla/5.0 AppleWebKit/537.36 (KHTML, like Gecko; compatible; GPTBot/1.2; +https://openai.com/gptbot)"
40.77.167.48 - - [09/Sep/2025:09:42:50 +0700] "GET /outstanding-relationship-that-means-if-you-should-move-into-an-exclusive-relationship/ HTTP/1.0" 200 208078 "-" "Mozilla/5.0 AppleWebKit/537.36 (KHTML, like Gecko; compatible; bingbot/2.0; +http://www.bing.com/bingbot.htm) Chrome/116.0.1938.76 Safari/537.36"
20.171.207.204 - - [09/Sep/2025:09:42:55 +0700] "GET /age-restrictions-and-parental-controls-on-ometv/ HTTP/1.0" 200 91300 "-" "Mozilla/5.0 AppleWebKit/537.36 (KHTML, like Gecko; compatible; GPTBot/1.2; +https://openai.com/gptbot)"
17.241.227.84 - - [09/Sep/2025:09:42:56 +0700] "GET /the-influence-of-anonymity-on-online-social-dynamics-omegles-impact/ HTTP/1.0" 200 91004 "-" "Mozilla/5.0 (Macintosh; Intel Mac OS X 10_15_7) AppleWebKit/605.1.15 (KHTML, like Gecko) Version/17.4 Safari/605.1.15 (Applebot/0.1; +http://www.apple.com/go/applebot)"
20.171.207.204 - - [09/Sep/2025:09:43:01 +0700] "GET /loantiennhanh-la-gi-tamo-nv/ HTTP/1.0" 200 208356 "-" "Mozilla/5.0 AppleWebKit/537.36 (KHTML, like Gecko; compatible; GPTBot/1.2; +https://openai.com/gptbot)"
20.171.207.204 - - [09/Sep/2025:09:43:08 +0700] "GET /?p=6083 HTTP/1.0" 301 499 "-" "Mozilla/5.0 AppleWebKit/537.36 (KHTML, like Gecko; compatible; GPTBot/1.2; +https://openai.com/gptbot)"
20.171.207.204 - - [09/Sep/2025:09:43:09 +0700] "GET /a-comparative-study-of-user-safety-on-omegle-and-ometv/ HTTP/1.0" 200 89528 "-" "Mozilla/5.0 AppleWebKit/537.36 (KHTML, like Gecko; compatible; GPTBot/1.2; +https://openai.com/gptbot)"
95.108.213.131 - - [09/Sep/2025:09:43:12 +0700] "GET /sharing-laughter-spreading-joy-on-omegle-and-ometv/ HTTP/1.0" 200 90358 "-" "Mozilla/5.0 (compatible; YandexBot/3.0; +http://yandex.com/bots)"
20.171.207.204 - - [09/Sep/2025:09:43:13 +0700] "GET /?p=6516 HTTP/1.0" 301 518 "-" "Mozilla/5.0 AppleWebKit/537.36 (KHTML, like Gecko; compatible; GPTBot/1.2; +https://openai.com/gptbot)"
20.171.207.204 - - [09/Sep/2025:09:43:15 +0700] "GET /diving-deep-into-diversity-examining-cultural-variety-on-omegle-and-ometv/ HTTP/1.0" 200 92478 "-" "Mozilla/5.0 AppleWebKit/537.36 (KHTML, like Gecko; compatible; GPTBot/1.2; +https://openai.com/gptbot)"
20.171.207.204 - - [09/Sep/2025:09:43:21 +0700] "GET /?p=7783 HTTP/1.0" 301 498 "-" "Mozilla/5.0 AppleWebKit/537.36 (KHTML, like Gecko; compatible; GPTBot/1.2; +https://openai.com/gptbot)"
20.171.207.204 - - [09/Sep/2025:09:43:28 +0700] "GET /omegle-vs-ometv-which-platform-has-a-larger-user-base/ HTTP/1.0" 200 89919 "-" "Mozilla/5.0 AppleWebKit/537.36 (KHTML, like Gecko; compatible; GPTBot/1.2; +https://openai.com/gptbot)"
20.171.207.204 - - [09/Sep/2025:09:43:33 +0700] "GET /wp-json/wp/v2/posts/6122 HTTP/1.0" 200 39965 "-" "Mozilla/5.0 AppleWebKit/537.36 (KHTML, like Gecko; compatible; GPTBot/1.2; +https://openai.com/gptbot)"
20.171.207.204 - - [09/Sep/2025:09:43:38 +0700] "GET /?p=2171 HTTP/1.0" 301 496 "-" "Mozilla/5.0 AppleWebKit/537.36 (KHTML, like Gecko; compatible; GPTBot/1.2; +https://openai.com/gptbot)"
20.171.207.204 - - [09/Sep/2025:09:43:40 +0700] "GET /the-ultimate-way-to-hook-up-the-gc30s8cba-stove-top/ HTTP/1.0" 200 206773 "-" "Mozilla/5.0 AppleWebKit/537.36 (KHTML, like Gecko; compatible; GPTBot/1.2; +https://openai.com/gptbot)"
20.171.207.204 - - [09/Sep/2025:09:43:45 +0700] "GET /?p=6122 HTTP/1.0" 301 492 "-" "Mozilla/5.0 AppleWebKit/537.36 (KHTML, like Gecko; compatible; GPTBot/1.2; +https://openai.com/gptbot)"
20.171.207.204 - - [09/Sep/2025:09:43:47 +0700] "GET /age-restrictions-and-parental-controls-on-ometv/ HTTP/1.0" 200 91300 "-" "Mozilla/5.0 AppleWebKit/537.36 (KHTML, like Gecko; compatible; GPTBot/1.2; +https://openai.com/gptbot)"
20.171.207.204 - - [09/Sep/2025:09:43:51 +0700] "GET /a-comparative-analysis-of-video-chat-features-on-omegle-and-ometv/ HTTP/1.0" 200 91651 "-" "Mozilla/5.0 AppleWebKit/537.36 (KHTML, like Gecko; compatible; GPTBot/1.2; +https://openai.com/gptbot)"
20.171.207.204 - - [09/Sep/2025:09:43:57 +0700] "GET /?p=4780 HTTP/1.0" 301 503 "-" "Mozilla/5.0 AppleWebKit/537.36 (KHTML, like Gecko; compatible; GPTBot/1.2; +https://openai.com/gptbot)"
20.171.207.204 - - [09/Sep/2025:09:43:58 +0700] "GET /casino-1xbet-spain-hasta-1-five-hundred-bono-de-bienvenida/ HTTP/1.0" 200 221550 "-" "Mozilla/5.0 AppleWebKit/537.36 (KHTML, like Gecko; compatible; GPTBot/1.2; +https://openai.com/gptbot)"
157.55.39.10 - - [09/Sep/2025:09:44:08 +0700] "GET /kak-sozdat%C3%91%C5%92-ideal%C3%91%C5%92noe-cv-dlja-it-specialista/ HTTP/1.0" 404 70812 "-" "Mozilla/5.0 AppleWebKit/537.36 (KHTML, like Gecko; compatible; bingbot/2.0; +http://www.bing.com/bingbot.htm) Chrome/116.0.1938.76 Safari/537.36"
20.171.207.204 - - [09/Sep/2025:09:44:09 +0700] "GET /mostbet-turkiye-bahis-sirketi-giris-yap-ve-oyna-106/ HTTP/1.0" 200 83565 "-" "Mozilla/5.0 AppleWebKit/537.36 (KHTML, like Gecko; compatible; GPTBot/1.2; +https://openai.com/gptbot)"
20.171.207.204 - - [09/Sep/2025:09:44:15 +0700] "GET /?p=2694 HTTP/1.0" 301 472 "-" "Mozilla/5.0 AppleWebKit/537.36 (KHTML, like Gecko; compatible; GPTBot/1.2; +https://openai.com/gptbot)"
20.171.207.204 - - [09/Sep/2025:09:44:17 +0700] "GET /loantiennhanh-la-gi-tamo-nv/ HTTP/1.0" 200 208356 "-" "Mozilla/5.0 AppleWebKit/537.36 (KHTML, like Gecko; compatible; GPTBot/1.2; +https://openai.com/gptbot)"
20.171.207.204 - - [09/Sep/2025:09:44:23 +0700] "GET /?p=6082 HTTP/1.0" 301 484 "-" "Mozilla/5.0 AppleWebKit/537.36 (KHTML, like Gecko; compatible; GPTBot/1.2; +https://openai.com/gptbot)"
20.171.207.204 - - [09/Sep/2025:09:44:29 +0700] "GET /a-comparative-study-of-omegle-and-ometv/ HTTP/1.0" 200 89481 "-" "Mozilla/5.0 AppleWebKit/537.36 (KHTML, like Gecko; compatible; GPTBot/1.2; +https://openai.com/gptbot)"
20.171.207.204 - - [09/Sep/2025:09:44:35 +0700] "GET /building-meaningful-connections-on-omegle/ HTTP/1.0" 200 90576 "-" "Mozilla/5.0 AppleWebKit/537.36 (KHTML, like Gecko; compatible; GPTBot/1.2; +https://openai.com/gptbot)"
20.171.207.204 - - [09/Sep/2025:09:44:40 +0700] "GET /diving-into-omegles-world-understanding-its-enigmatic-appeal/ HTTP/1.0" 200 90734 "-" "Mozilla/5.0 AppleWebKit/537.36 (KHTML, like Gecko; compatible; GPTBot/1.2; +https://openai.com/gptbot)"
20.171.207.204 - - [09/Sep/2025:09:44:44 +0700] "GET /1xbet-app-obtain-apk-for-android-ios-home-windows-83 HTTP/1.0" 301 497 "-" "Mozilla/5.0 AppleWebKit/537.36 (KHTML, like Gecko; compatible; GPTBot/1.2; +https://openai.com/gptbot)"
20.171.207.204 - - [09/Sep/2025:09:44:46 +0700] "GET /1xbet-app-obtain-apk-for-android-ios-home-windows-83/ HTTP/1.0" 200 100180 "-" "Mozilla/5.0 AppleWebKit/537.36 (KHTML, like Gecko; compatible; GPTBot/1.2; +https://openai.com/gptbot)"
20.171.207.204 - - [09/Sep/2025:09:44:50 +0700] "GET /pin-ap-casino-sloty-i-igrovye-avtomaty-s-bonusami-2 HTTP/1.0" 301 496 "-" "Mozilla/5.0 AppleWebKit/537.36 (KHTML, like Gecko; compatible; GPTBot/1.2; +https://openai.com/gptbot)"
20.171.207.204 - - [09/Sep/2025:09:44:52 +0700] "GET /pin-ap-casino-sloty-i-igrovye-avtomaty-s-bonusami-2/ HTTP/1.0" 200 222860 "-" "Mozilla/5.0 AppleWebKit/537.36 (KHTML, like Gecko; compatible; GPTBot/1.2; +https://openai.com/gptbot)"
20.171.207.204 - - [09/Sep/2025:09:44:59 +0700] "GET /?p=10615 HTTP/1.0" 301 497 "-" "Mozilla/5.0 AppleWebKit/537.36 (KHTML, like Gecko; compatible; GPTBot/1.2; +https://openai.com/gptbot)"
20.171.207.204 - - [09/Sep/2025:09:45:01 +0700] "GET /1xbet-app-obtain-apk-for-android-ios-home-windows-83/ HTTP/1.0" 200 100180 "-" "Mozilla/5.0 AppleWebKit/537.36 (KHTML, like Gecko; compatible; GPTBot/1.2; +https://openai.com/gptbot)"
20.171.207.204 - - [09/Sep/2025:09:45:06 +0700] "GET /worldwide-relationship-discover-actual-lasting-love-at-this-time/ HTTP/1.0" 200 77808 "-" "Mozilla/5.0 AppleWebKit/537.36 (KHTML, like Gecko; compatible; GPTBot/1.2; +https://openai.com/gptbot)"
20.171.207.204 - - [09/Sep/2025:09:45:12 +0700] "GET /the-role-of-emotions-video-vs-text-on-omegle-and-ometv/ HTTP/1.0" 200 94123 "-" "Mozilla/5.0 AppleWebKit/537.36 (KHTML, like Gecko; compatible; GPTBot/1.2; +https://openai.com/gptbot)"
20.171.207.204 - - [09/Sep/2025:09:45:16 +0700] "GET /investirovanie-v-mikrofinansovye-organizacii/ HTTP/1.0" 200 224105 "-" "Mozilla/5.0 AppleWebKit/537.36 (KHTML, like Gecko; compatible; GPTBot/1.2; +https://openai.com/gptbot)"
20.171.207.204 - - [09/Sep/2025:09:45:22 +0700] "GET /0-2-btc-to-usd-0-2-bitcoin-to-us-dollar-exchange/ HTTP/1.0" 200 346915 "-" "Mozilla/5.0 AppleWebKit/537.36 (KHTML, like Gecko; compatible; GPTBot/1.2; +https://openai.com/gptbot)"
89.44.58.112 - - [09/Sep/2025:09:45:30 +0700] "GET /wp-json/wp/v2/posts?slug=/how-you-can-date-delightful-single-latina-women/ HTTP/1.0" 200 183295 "-" "-"
20.171.207.204 - - [09/Sep/2025:09:45:27 +0700] "GET /why-7-club-stocks-including-meta-were-able-to-beat/ HTTP/1.0" 200 216657 "-" "Mozilla/5.0 AppleWebKit/537.36 (KHTML, like Gecko; compatible; GPTBot/1.2; +https://openai.com/gptbot)"
89.44.58.112 - - [09/Sep/2025:09:45:34 +0700] "POST /wp-comments-post.php HTTP/1.0" 302 1149 "-" "-"
89.44.58.112 - - [09/Sep/2025:09:45:36 +0700] "GET /how-you-can-date-delightful-single-latina-women/?unapproved=1509&moderation-hash=fcb9dbff2f056a3fb4d5dacde51451a7 HTTP/1.0" 200 208543 "-" "-"
20.171.207.204 - - [09/Sep/2025:09:45:37 +0700] "GET /?p=10257 HTTP/1.0" 301 496 "-" "Mozilla/5.0 AppleWebKit/537.36 (KHTML, like Gecko; compatible; GPTBot/1.2; +https://openai.com/gptbot)"
20.171.207.204 - - [09/Sep/2025:09:45:40 +0700] "GET /mostbet-turkiye-bahis-sirketi-giris-yap-ve-oyna-106/ HTTP/1.0" 200 83565 "-" "Mozilla/5.0 AppleWebKit/537.36 (KHTML, like Gecko; compatible; GPTBot/1.2; +https://openai.com/gptbot)"
20.171.207.204 - - [09/Sep/2025:09:45:49 +0700] "GET /building-lasting-connections-on-omegle-and-ometv/ HTTP/1.0" 200 92428 "-" "Mozilla/5.0 AppleWebKit/537.36 (KHTML, like Gecko; compatible; GPTBot/1.2; +https://openai.com/gptbot)"
95.108.213.181 - - [09/Sep/2025:09:45:49 +0700] "GET /robots.txt HTTP/1.0" 200 984 "-" "Mozilla/5.0 (compatible; YandexBot/3.0; +http://yandex.com/bots)"
20.171.207.204 - - [09/Sep/2025:09:45:56 +0700] "GET /does-anonymity-breed-trolls-examining-online-harassment-on-omegle-and-ometv/ HTTP/1.0" 200 92948 "-" "Mozilla/5.0 AppleWebKit/537.36 (KHTML, like Gecko; compatible; GPTBot/1.2; +https://openai.com/gptbot)"
20.171.207.204 - - [09/Sep/2025:09:46:01 +0700] "GET /?p=6081 HTTP/1.0" 301 510 "-" "Mozilla/5.0 AppleWebKit/537.36 (KHTML, like Gecko; compatible; GPTBot/1.2; +https://openai.com/gptbot)"
20.171.207.204 - - [09/Sep/2025:09:46:04 +0700] "GET /a-comparative-analysis-of-video-chat-features-on-omegle-and-ometv/ HTTP/1.0" 200 91651 "-" "Mozilla/5.0 AppleWebKit/537.36 (KHTML, like Gecko; compatible; GPTBot/1.2; +https://openai.com/gptbot)"
20.171.207.204 - - [09/Sep/2025:09:46:11 +0700] "GET /1xbet-app-obtain-apk-for-android-ios-home-windows-83/ HTTP/1.0" 200 100180 "-" "Mozilla/5.0 AppleWebKit/537.36 (KHTML, like Gecko; compatible; GPTBot/1.2; +https://openai.com/gptbot)"
20.171.207.204 - - [09/Sep/2025:09:46:16 +0700] "GET /?p=6518 HTTP/1.0" 301 520 "-" "Mozilla/5.0 AppleWebKit/537.36 (KHTML, like Gecko; compatible; GPTBot/1.2; +https://openai.com/gptbot)"
20.171.207.204 - - [09/Sep/2025:09:46:18 +0700] "GET /does-anonymity-breed-trolls-examining-online-harassment-on-omegle-and-ometv/ HTTP/1.0" 200 92948 "-" "Mozilla/5.0 AppleWebKit/537.36 (KHTML, like Gecko; compatible; GPTBot/1.2; +https://openai.com/gptbot)"
20.171.207.204 - - [09/Sep/2025:09:46:24 +0700] "GET /?p=10295 HTTP/1.0" 301 509 "-" "Mozilla/5.0 AppleWebKit/537.36 (KHTML, like Gecko; compatible; GPTBot/1.2; +https://openai.com/gptbot)"
20.171.207.204 - - [09/Sep/2025:09:46:26 +0700] "GET /worldwide-relationship-discover-actual-lasting-love-at-this-time/ HTTP/1.0" 200 77808 "-" "Mozilla/5.0 AppleWebKit/537.36 (KHTML, like Gecko; compatible; GPTBot/1.2; +https://openai.com/gptbot)"
45.117.177.72 - - [09/Sep/2025:09:46:32 +0700] "POST /wp-cron.php?doing_wp_cron=1757385992.4181039333343505859375 HTTP/1.0" 200 416 "-" "WordPress/6.8.1; https://vattusacky.vn"
20.171.207.204 - - [09/Sep/2025:09:46:31 +0700] "GET /a-comparative-analysis-of-user-feedback-on-omegle-and-ometv/ HTTP/1.0" 200 90875 "-" "Mozilla/5.0 AppleWebKit/537.36 (KHTML, like Gecko; compatible; GPTBot/1.2; +https://openai.com/gptbot)"
20.171.207.204 - - [09/Sep/2025:09:46:37 +0700] "GET /does-privacy-on-omegle-lead-to-stronger-connections/ HTTP/1.0" 200 90304 "-" "Mozilla/5.0 AppleWebKit/537.36 (KHTML, like Gecko; compatible; GPTBot/1.2; +https://openai.com/gptbot)"
20.171.207.204 - - [09/Sep/2025:09:46:41 +0700] "GET /?p=3610 HTTP/1.0" 301 489 "-" "Mozilla/5.0 AppleWebKit/537.36 (KHTML, like Gecko; compatible; GPTBot/1.2; +https://openai.com/gptbot)"
20.171.207.204 - - [09/Sep/2025:09:46:42 +0700] "GET /investirovanie-v-mikrofinansovye-organizacii/ HTTP/1.0" 200 224105 "-" "Mozilla/5.0 AppleWebKit/537.36 (KHTML, like Gecko; compatible; GPTBot/1.2; +https://openai.com/gptbot)"
20.171.207.204 - - [09/Sep/2025:09:46:49 +0700] "GET /?p=2242 HTTP/1.0" 301 493 "-" "Mozilla/5.0 AppleWebKit/537.36 (KHTML, like Gecko; compatible; GPTBot/1.2; +https://openai.com/gptbot)"
104.244.72.17 - - [09/Sep/2025:09:46:51 +0700] "GET /wp-login.php HTTP/1.0" 200 11388 "-" "Mozilla/5.0 (Macintosh; Intel Mac OS X 10_9_2) AppleWebKit/537.36 (KHTML, like Gecko) Chrome/36.0.1985.125 Safari/537.36"
20.171.207.204 - - [09/Sep/2025:09:46:51 +0700] "GET /0-2-btc-to-usd-0-2-bitcoin-to-us-dollar-exchange/ HTTP/1.0" 200 346886 "-" "Mozilla/5.0 AppleWebKit/537.36 (KHTML, like Gecko; compatible; GPTBot/1.2; +https://openai.com/gptbot)"
20.171.207.204 - - [09/Sep/2025:09:46:58 +0700] "GET /?p=6284 HTTP/1.0" 301 493 "-" "Mozilla/5.0 AppleWebKit/537.36 (KHTML, like Gecko; compatible; GPTBot/1.2; +https://openai.com/gptbot)"
20.171.207.204 - - [09/Sep/2025:09:47:00 +0700] "GET /building-lasting-connections-on-omegle-and-ometv/ HTTP/1.0" 200 92428 "-" "Mozilla/5.0 AppleWebKit/537.36 (KHTML, like Gecko; compatible; GPTBot/1.2; +https://openai.com/gptbot)"
20.171.207.204 - - [09/Sep/2025:09:47:04 +0700] "GET /?p=8846 HTTP/1.0" 301 499 "-" "Mozilla/5.0 AppleWebKit/537.36 (KHTML, like Gecko; compatible; GPTBot/1.2; +https://openai.com/gptbot)"
20.171.207.204 - - [09/Sep/2025:09:47:06 +0700] "GET /the-role-of-emotions-video-vs-text-on-omegle-and-ometv/ HTTP/1.0" 200 94123 "-" "Mozilla/5.0 AppleWebKit/537.36 (KHTML, like Gecko; compatible; GPTBot/1.2; +https://openai.com/gptbot)"
20.171.207.204 - - [09/Sep/2025:09:47:13 +0700] "GET /?p=2479 HTTP/1.0" 301 495 "-" "Mozilla/5.0 AppleWebKit/537.36 (KHTML, like Gecko; compatible; GPTBot/1.2; +https://openai.com/gptbot)"
20.171.207.204 - - [09/Sep/2025:09:47:14 +0700] "GET /why-7-club-stocks-including-meta-were-able-to-beat/ HTTP/1.0" 200 216657 "-" "Mozilla/5.0 AppleWebKit/537.36 (KHTML, like Gecko; compatible; GPTBot/1.2; +https://openai.com/gptbot)"
45.117.177.72 - - [09/Sep/2025:09:47:20 +0700] "POST /wp-cron.php?doing_wp_cron=1757386039.9746880531311035156250 HTTP/1.0" 200 416 "-" "WordPress/6.8.1; https://vattusacky.vn"
20.171.207.204 - - [09/Sep/2025:09:47:18 +0700] "GET /wp-json HTTP/1.0" 200 1895624 "-" "Mozilla/5.0 AppleWebKit/537.36 (KHTML, like Gecko; compatible; GPTBot/1.2; +https://openai.com/gptbot)"
20.171.207.204 - - [09/Sep/2025:09:47:25 +0700] "GET /advise-for-dating-ukrainian-women-web-based/ HTTP/1.0" 200 208152 "-" "Mozilla/5.0 AppleWebKit/537.36 (KHTML, like Gecko; compatible; GPTBot/1.2; +https://openai.com/gptbot)"
20.171.207.204 - - [09/Sep/2025:09:47:31 +0700] "GET /well-known-scandinavian-metropolitan-areas-for-flirting/ HTTP/1.0" 200 206886 "-" "Mozilla/5.0 AppleWebKit/537.36 (KHTML, like Gecko; compatible; GPTBot/1.2; +https://openai.com/gptbot)"
20.171.207.204 - - [09/Sep/2025:09:47:37 +0700] "GET /pros-and-cons-of-ometv/ HTTP/1.0" 200 91211 "-" "Mozilla/5.0 AppleWebKit/537.36 (KHTML, like Gecko; compatible; GPTBot/1.2; +https://openai.com/gptbot)"
20.171.207.204 - - [09/Sep/2025:09:47:42 +0700] "GET /building-language-proficiency-ometvs-text-chat-learning-potential/ HTTP/1.0" 200 91131 "-" "Mozilla/5.0 AppleWebKit/537.36 (KHTML, like Gecko; compatible; GPTBot/1.2; +https://openai.com/gptbot)"
20.171.207.204 - - [09/Sep/2025:09:47:49 +0700] "GET /?p=6080 HTTP/1.0" 301 504 "-" "Mozilla/5.0 AppleWebKit/537.36 (KHTML, like Gecko; compatible; GPTBot/1.2; +https://openai.com/gptbot)"
20.171.207.204 - - [09/Sep/2025:09:47:51 +0700] "GET /a-comparative-analysis-of-user-feedback-on-omegle-and-ometv/ HTTP/1.0" 200 91021 "-" "Mozilla/5.0 AppleWebKit/537.36 (KHTML, like Gecko; compatible; GPTBot/1.2; +https://openai.com/gptbot)"
20.171.207.204 - - [09/Sep/2025:09:47:57 +0700] "GET /?p=6519 HTTP/1.0" 301 496 "-" "Mozilla/5.0 AppleWebKit/537.36 (KHTML, like Gecko; compatible; GPTBot/1.2; +https://openai.com/gptbot)"
20.171.207.204 - - [09/Sep/2025:09:47:58 +0700] "GET /does-privacy-on-omegle-lead-to-stronger-connections/ HTTP/1.0" 200 90304 "-" "Mozilla/5.0 AppleWebKit/537.36 (KHTML, like Gecko; compatible; GPTBot/1.2; +https://openai.com/gptbot)"
20.171.207.204 - - [09/Sep/2025:09:48:05 +0700] "GET /?p=3606 HTTP/1.0" 301 488 "-" "Mozilla/5.0 AppleWebKit/537.36 (KHTML, like Gecko; compatible; GPTBot/1.2; +https://openai.com/gptbot)"
20.171.207.204 - - [09/Sep/2025:09:48:06 +0700] "GET /advise-for-dating-ukrainian-women-web-based/ HTTP/1.0" 200 208152 "-" "Mozilla/5.0 AppleWebKit/537.36 (KHTML, like Gecko; compatible; GPTBot/1.2; +https://openai.com/gptbot)"
20.171.207.204 - - [09/Sep/2025:09:48:12 +0700] "GET /does-virtual-empathy-on-omegle-lead-to-real-world-change/ HTTP/1.0" 200 90746 "-" "Mozilla/5.0 AppleWebKit/537.36 (KHTML, like Gecko; compatible; GPTBot/1.2; +https://openai.com/gptbot)"
45.117.177.72 - - [09/Sep/2025:09:48:20 +0700] "POST /wp-cron.php?doing_wp_cron=1757386100.7841570377349853515625 HTTP/1.0" 200 416 "-" "WordPress/6.8.1; https://vattusacky.vn"
