20.171.207.204 - - [09/Sep/2025:09:02:56 +0700] "GET /how-to-compose-a-cheap-essay/ HTTP/1.0" 200 206049 "-" "Mozilla/5.0 AppleWebKit/537.36 (KHTML, like Gecko; compatible; GPTBot/1.2; +https://openai.com/gptbot)"
20.171.207.204 - - [09/Sep/2025:09:03:04 +0700] "GET /?p=3395 HTTP/1.0" 301 564 "-" "Mozilla/5.0 AppleWebKit/537.36 (KHTML, like Gecko; compatible; GPTBot/1.2; +https://openai.com/gptbot)"
20.171.207.204 - - [09/Sep/2025:09:03:06 +0700] "GET /the-portland-museum-of-art-maines-greatest-market-art-organization-has-taken-visitors-closer-with-each-other-since-1882/ HTTP/1.0" 200 215907 "-" "Mozilla/5.0 AppleWebKit/537.36 (KHTML, like Gecko; compatible; GPTBot/1.2; +https://openai.com/gptbot)"
34.192.125.239 - - [09/Sep/2025:09:03:11 +0700] "GET /navigating-the-risks-of-omegle-essential-steps-for-online-safety/ HTTP/1.0" 200 79598 "-" "Mozilla/5.0 AppleWebKit/537.36 (KHTML, like Gecko; compatible; Amazonbot/0.1; +https://developer.amazon.com/support/amazonbot) Chrome/119.0.6045.214 Safari/537.36"
20.171.207.204 - - [09/Sep/2025:09:03:12 +0700] "GET /managing-expectations-on-omegle/ HTTP/1.0" 200 90338 "-" "Mozilla/5.0 AppleWebKit/537.36 (KHTML, like Gecko; compatible; GPTBot/1.2; +https://openai.com/gptbot)"
54.83.180.239 - - [09/Sep/2025:09:03:20 +0700] "GET /sports-activities-betting-in-zambia-2023-570/ HTTP/1.0" 200 260168 "-" "Mozilla/5.0 AppleWebKit/537.36 (KHTML, like Gecko; compatible; Amazonbot/0.1; +https://developer.amazon.com/support/amazonbot) Chrome/119.0.6045.214 Safari/537.36"
20.171.207.204 - - [09/Sep/2025:09:03:20 +0700] "GET /omegle-and-cultural-immersion-experiencing-different-cultures-through-conversations/ HTTP/1.0" 200 91854 "-" "Mozilla/5.0 AppleWebKit/537.36 (KHTML, like Gecko; compatible; GPTBot/1.2; +https://openai.com/gptbot)"
54.210.155.69 - - [09/Sep/2025:09:03:17 +0700] "GET /omegle-addiction-and-how-to-break-the-cycle/ HTTP/1.0" 200 91409 "-" "Mozilla/5.0 AppleWebKit/537.36 (KHTML, like Gecko; compatible; Amazonbot/0.1; +https://developer.amazon.com/support/amazonbot) Chrome/119.0.6045.214 Safari/537.36"
23.21.250.48 - - [09/Sep/2025:09:03:25 +0700] "GET /driving-innovation-in-random-chats-omegles-bright-future/ HTTP/1.0" 200 90807 "-" "Mozilla/5.0 AppleWebKit/537.36 (KHTML, like Gecko; compatible; Amazonbot/0.1; +https://developer.amazon.com/support/amazonbot) Chrome/119.0.6045.214 Safari/537.36"
20.171.207.204 - - [09/Sep/2025:09:03:29 +0700] "GET /disclosing-the-hidden-hazards-of-omegle-ensuring-cybersecurity/ HTTP/1.0" 200 91854 "-" "Mozilla/5.0 AppleWebKit/537.36 (KHTML, like Gecko; compatible; GPTBot/1.2; +https://openai.com/gptbot)"
20.171.207.204 - - [09/Sep/2025:09:03:35 +0700] "GET /rahasia-kemenangan-besar-di-slot-gacor-777-tips-dan-trik-terbaik/ HTTP/1.0" 200 66030 "-" "Mozilla/5.0 AppleWebKit/537.36 (KHTML, like Gecko; compatible; GPTBot/1.2; +https://openai.com/gptbot)"
20.171.207.204 - - [09/Sep/2025:09:03:42 +0700] "GET /predstavlyaem-prostoy-sposob-ket-kazino HTTP/1.0" 301 484 "-" "Mozilla/5.0 AppleWebKit/537.36 (KHTML, like Gecko; compatible; GPTBot/1.2; +https://openai.com/gptbot)"
20.171.207.204 - - [09/Sep/2025:09:03:43 +0700] "GET /predstavlyaem-prostoy-sposob-ket-kazino/ HTTP/1.0" 200 109499 "-" "Mozilla/5.0 AppleWebKit/537.36 (KHTML, like Gecko; compatible; GPTBot/1.2; +https://openai.com/gptbot)"
54.156.55.147 - - [09/Sep/2025:09:03:47 +0700] "GET /tips-for-staying-safe-while-using-omegle/ HTTP/1.0" 200 87898 "-" "Mozilla/5.0 AppleWebKit/537.36 (KHTML, like Gecko; compatible; Amazonbot/0.1; +https://developer.amazon.com/support/amazonbot) Chrome/119.0.6045.214 Safari/537.36"
20.171.207.204 - - [09/Sep/2025:09:03:50 +0700] "GET /co-dang-nhap-senmo-loanvnd-khong/ HTTP/1.0" 200 207819 "-" "Mozilla/5.0 AppleWebKit/537.36 (KHTML, like Gecko; compatible; GPTBot/1.2; +https://openai.com/gptbot)"
20.171.207.204 - - [09/Sep/2025:09:03:56 +0700] "GET /play-crazy-time-live-and-win-big-in-real-time-2/ HTTP/1.0" 200 84677 "-" "Mozilla/5.0 AppleWebKit/537.36 (KHTML, like Gecko; compatible; GPTBot/1.2; +https://openai.com/gptbot)"
20.171.207.204 - - [09/Sep/2025:09:04:04 +0700] "GET /?p=7325 HTTP/1.0" 301 528 "-" "Mozilla/5.0 AppleWebKit/537.36 (KHTML, like Gecko; compatible; GPTBot/1.2; +https://openai.com/gptbot)"
20.171.207.204 - - [09/Sep/2025:09:04:06 +0700] "GET /omegle-and-cultural-immersion-experiencing-different-cultures-through-conversations/ HTTP/1.0" 200 91854 "-" "Mozilla/5.0 AppleWebKit/537.36 (KHTML, like Gecko; compatible; GPTBot/1.2; +https://openai.com/gptbot)"
85.208.96.198 - - [09/Sep/2025:09:04:06 +0700] "GET /the-best-latin-vocalists-of-all-time/ HTTP/1.0" 200 207955 "-" "Mozilla/5.0 (compatible; SemrushBot/7~bl; +http://www.semrush.com/bot.html)"
20.171.207.204 - - [09/Sep/2025:09:04:13 +0700] "GET /?p=7201 HTTP/1.0" 301 476 "-" "Mozilla/5.0 AppleWebKit/537.36 (KHTML, like Gecko; compatible; GPTBot/1.2; +https://openai.com/gptbot)"
20.171.207.204 - - [09/Sep/2025:09:04:15 +0700] "GET /managing-expectations-on-omegle/ HTTP/1.0" 200 90338 "-" "Mozilla/5.0 AppleWebKit/537.36 (KHTML, like Gecko; compatible; GPTBot/1.2; +https://openai.com/gptbot)"
45.117.177.72 - - [09/Sep/2025:09:04:27 +0700] "POST /wp-cron.php?doing_wp_cron=1757383466.9620978832244873046875 HTTP/1.0" 200 416 "-" "WordPress/6.8.1; https://vattusacky.vn"
20.171.207.204 - - [09/Sep/2025:09:04:25 +0700] "GET /funny-omegle-chat-fails-with-unexpected-twists/ HTTP/1.0" 200 88555 "-" "Mozilla/5.0 AppleWebKit/537.36 (KHTML, like Gecko; compatible; GPTBot/1.2; +https://openai.com/gptbot)"
34.196.237.236 - - [09/Sep/2025:09:04:24 +0700] "GET /the-dynamic-world-of-omegle-how-conversations-evolve-and-change-over-time/ HTTP/1.0" 200 90764 "-" "Mozilla/5.0 AppleWebKit/537.36 (KHTML, like Gecko; compatible; Amazonbot/0.1; +https://developer.amazon.com/support/amazonbot) Chrome/119.0.6045.214 Safari/537.36"
20.171.207.204 - - [09/Sep/2025:09:04:33 +0700] "GET /ways-to-be-a-better-husband-emotionally/ HTTP/1.0" 200 72882 "-" "Mozilla/5.0 AppleWebKit/537.36 (KHTML, like Gecko; compatible; GPTBot/1.2; +https://openai.com/gptbot)"
20.171.207.204 - - [09/Sep/2025:09:04:40 +0700] "GET /?p=6489 HTTP/1.0" 301 507 "-" "Mozilla/5.0 AppleWebKit/537.36 (KHTML, like Gecko; compatible; GPTBot/1.2; +https://openai.com/gptbot)"
20.171.207.204 - - [09/Sep/2025:09:04:41 +0700] "GET /disclosing-the-hidden-hazards-of-omegle-ensuring-cybersecurity/ HTTP/1.0" 200 91854 "-" "Mozilla/5.0 AppleWebKit/537.36 (KHTML, like Gecko; compatible; GPTBot/1.2; +https://openai.com/gptbot)"
20.171.207.204 - - [09/Sep/2025:09:04:48 +0700] "GET /?p=11070 HTTP/1.0" 301 509 "-" "Mozilla/5.0 AppleWebKit/537.36 (KHTML, like Gecko; compatible; GPTBot/1.2; +https://openai.com/gptbot)"
20.171.207.204 - - [09/Sep/2025:09:04:50 +0700] "GET /rahasia-kemenangan-besar-di-slot-gacor-777-tips-dan-trik-terbaik/ HTTP/1.0" 200 66030 "-" "Mozilla/5.0 AppleWebKit/537.36 (KHTML, like Gecko; compatible; GPTBot/1.2; +https://openai.com/gptbot)"
20.171.207.204 - - [09/Sep/2025:09:04:54 +0700] "GET /discovering-common-ground-building-connections-on-omegle-and-ometv-through-shared-interests/ HTTP/1.0" 200 91615 "-" "Mozilla/5.0 AppleWebKit/537.36 (KHTML, like Gecko; compatible; GPTBot/1.2; +https://openai.com/gptbot)"
20.171.207.204 - - [09/Sep/2025:09:04:59 +0700] "GET /online-dating-usernames-articles/ HTTP/1.0" 200 206228 "-" "Mozilla/5.0 AppleWebKit/537.36 (KHTML, like Gecko; compatible; GPTBot/1.2; +https://openai.com/gptbot)"
20.171.207.204 - - [09/Sep/2025:09:05:05 +0700] "GET /introduction-to-omegles-algorithm/ HTTP/1.0" 200 88443 "-" "Mozilla/5.0 AppleWebKit/537.36 (KHTML, like Gecko; compatible; GPTBot/1.2; +https://openai.com/gptbot)"
52.6.5.166 - - [09/Sep/2025:09:05:08 +0700] "GET /where-to-find-a-russian-significant-other/ HTTP/1.0" 200 74711 "-" "Mozilla/5.0 AppleWebKit/605.1.15 (KHTML, like Gecko) Chrome/139.0.0.0 Safari/605.1.15"
20.171.207.204 - - [09/Sep/2025:09:05:12 +0700] "GET /?p=3281 HTTP/1.0" 301 427 "-" "Mozilla/5.0 AppleWebKit/537.36 (KHTML, like Gecko; compatible; GPTBot/1.2; +https://openai.com/gptbot)"
20.171.207.204 - - [09/Sep/2025:09:05:14 +0700] "GET /how-to-compose-a-cheap-essay/ HTTP/1.0" 200 205991 "-" "Mozilla/5.0 AppleWebKit/537.36 (KHTML, like Gecko; compatible; GPTBot/1.2; +https://openai.com/gptbot)"
45.117.177.72 - - [09/Sep/2025:09:05:19 +0700] "POST /wp-cron.php?doing_wp_cron=1757383519.6352961063385009765625 HTTP/1.0" 200 416 "-" "WordPress/6.8.1; https://vattusacky.vn"
216.244.66.237 - - [09/Sep/2025:09:05:18 +0700] "GET /dont-casino-unless-you-use-these-10-tools/feed/ HTTP/1.0" 200 1727 "-" "Mozilla/5.0 (compatible; DotBot/1.2; +https://opensiteexplorer.org/dotbot; help@moz.com)"
20.171.207.204 - - [09/Sep/2025:09:05:22 +0700] "GET /?p=2308 HTTP/1.0" 301 477 "-" "Mozilla/5.0 AppleWebKit/537.36 (KHTML, like Gecko; compatible; GPTBot/1.2; +https://openai.com/gptbot)"
20.171.207.204 - - [09/Sep/2025:09:05:23 +0700] "GET /co-dang-nhap-senmo-loanvnd-khong/ HTTP/1.0" 200 207819 "-" "Mozilla/5.0 AppleWebKit/537.36 (KHTML, like Gecko; compatible; GPTBot/1.2; +https://openai.com/gptbot)"
216.244.66.237 - - [09/Sep/2025:09:05:28 +0700] "GET /sharing-experiences-and-stories-on-omegle/feed/ HTTP/1.0" 200 1720 "-" "Mozilla/5.0 (compatible; DotBot/1.2; +https://opensiteexplorer.org/dotbot; help@moz.com)"
20.171.207.204 - - [09/Sep/2025:09:05:30 +0700] "GET /?p=6967 HTTP/1.0" 301 511 "-" "Mozilla/5.0 AppleWebKit/537.36 (KHTML, like Gecko; compatible; GPTBot/1.2; +https://openai.com/gptbot)"
20.171.207.204 - - [09/Sep/2025:09:05:32 +0700] "GET /funny-omegle-encounters-sharing-hilarious-and-bizarre-chat-stories/ HTTP/1.0" 200 88038 "-" "Mozilla/5.0 AppleWebKit/537.36 (KHTML, like Gecko; compatible; GPTBot/1.2; +https://openai.com/gptbot)"
20.171.207.204 - - [09/Sep/2025:09:05:38 +0700] "GET /igra-aviator-2023-kak-igrat-na-dengi-i-pobezhdat/ HTTP/1.0" 200 91149 "-" "Mozilla/5.0 AppleWebKit/537.36 (KHTML, like Gecko; compatible; GPTBot/1.2; +https://openai.com/gptbot)"
20.171.207.204 - - [09/Sep/2025:09:05:45 +0700] "GET /?p=6965 HTTP/1.0" 301 491 "-" "Mozilla/5.0 AppleWebKit/537.36 (KHTML, like Gecko; compatible; GPTBot/1.2; +https://openai.com/gptbot)"
20.171.207.204 - - [09/Sep/2025:09:05:47 +0700] "GET /funny-omegle-chat-fails-with-unexpected-twists/ HTTP/1.0" 200 88555 "-" "Mozilla/5.0 AppleWebKit/537.36 (KHTML, like Gecko; compatible; GPTBot/1.2; +https://openai.com/gptbot)"
44.205.74.196 - - [09/Sep/2025:09:05:51 +0700] "GET /the-impact-of-gamification-on-social-dynamics-in-online-platforms/ HTTP/1.0" 200 92788 "-" "Mozilla/5.0 AppleWebKit/537.36 (KHTML, like Gecko; compatible; Amazonbot/0.1; +https://developer.amazon.com/support/amazonbot) Chrome/119.0.6045.214 Safari/537.36"
20.171.207.204 - - [09/Sep/2025:09:05:54 +0700] "GET /danh-gia-phan-mem-senmo-cashberry-advance/ HTTP/1.0" 200 215872 "-" "Mozilla/5.0 AppleWebKit/537.36 (KHTML, like Gecko; compatible; GPTBot/1.2; +https://openai.com/gptbot)"
52.204.23.34 - - [09/Sep/2025:09:05:54 +0700] "GET /the-influence-of-networking-in-building-influence-on-omegle-and-ometv/ HTTP/1.0" 200 89541 "-" "Mozilla/5.0 AppleWebKit/605.1.15 (KHTML, like Gecko) Chrome/139.0.0.0 Safari/605.1.15"
20.171.207.204 - - [09/Sep/2025:09:06:02 +0700] "GET /?p=9720 HTTP/1.0" 301 484 "-" "Mozilla/5.0 AppleWebKit/537.36 (KHTML, like Gecko; compatible; GPTBot/1.2; +https://openai.com/gptbot)"
20.171.207.204 - - [09/Sep/2025:09:06:03 +0700] "GET /ways-to-be-a-better-husband-emotionally/ HTTP/1.0" 200 72882 "-" "Mozilla/5.0 AppleWebKit/537.36 (KHTML, like Gecko; compatible; GPTBot/1.2; +https://openai.com/gptbot)"
20.171.207.204 - - [09/Sep/2025:09:06:10 +0700] "GET /funny-omegle-chat-fails-and-unexpected-twists/ HTTP/1.0" 200 87387 "-" "Mozilla/5.0 AppleWebKit/537.36 (KHTML, like Gecko; compatible; GPTBot/1.2; +https://openai.com/gptbot)"
45.117.177.72 - - [09/Sep/2025:09:06:18 +0700] "POST /wp-cron.php?doing_wp_cron=1757383578.0648748874664306640625 HTTP/1.0" 200 416 "-" "WordPress/6.8.1; https://vattusacky.vn"
20.171.207.204 - - [09/Sep/2025:09:06:16 +0700] "GET /?p=7132 HTTP/1.0" 301 478 "-" "Mozilla/5.0 AppleWebKit/537.36 (KHTML, like Gecko; compatible; GPTBot/1.2; +https://openai.com/gptbot)"
20.171.207.204 - - [09/Sep/2025:09:06:18 +0700] "GET /introduction-to-omegles-algorithm/ HTTP/1.0" 200 88443 "-" "Mozilla/5.0 AppleWebKit/537.36 (KHTML, like Gecko; compatible; GPTBot/1.2; +https://openai.com/gptbot)"
20.171.207.204 - - [09/Sep/2025:09:06:24 +0700] "GET /?p=2350 HTTP/1.0" 301 486 "-" "Mozilla/5.0 AppleWebKit/537.36 (KHTML, like Gecko; compatible; GPTBot/1.2; +https://openai.com/gptbot)"
20.171.207.204 - - [09/Sep/2025:09:06:26 +0700] "GET /danh-gia-phan-mem-senmo-cashberry-advance/ HTTP/1.0" 200 215872 "-" "Mozilla/5.0 AppleWebKit/537.36 (KHTML, like Gecko; compatible; GPTBot/1.2; +https://openai.com/gptbot)"
20.171.207.204 - - [09/Sep/2025:09:06:31 +0700] "GET /the-impact-of-ai-powered-chatbots-on-omegles-user-experience/ HTTP/1.0" 200 79166 "-" "Mozilla/5.0 AppleWebKit/537.36 (KHTML, like Gecko; compatible; GPTBot/1.2; +https://openai.com/gptbot)"
95.108.213.117 - - [09/Sep/2025:09:06:34 +0700] "GET /1xbet-azerbaycan-m%C9%99rc-sayti-giris-1xbet-azerbaycan-mobil-uygulama-yukle-248/ HTTP/1.0" 200 84086 "-" "Mozilla/5.0 (compatible; YandexBot/3.0; +http://yandex.com/bots)"
20.171.207.204 - - [09/Sep/2025:09:06:38 +0700] "GET /?p=9380 HTTP/1.0" 301 493 "-" "Mozilla/5.0 AppleWebKit/537.36 (KHTML, like Gecko; compatible; GPTBot/1.2; +https://openai.com/gptbot)"
20.171.207.204 - - [09/Sep/2025:09:06:40 +0700] "GET /igra-aviator-2023-kak-igrat-na-dengi-i-pobezhdat/ HTTP/1.0" 200 91149 "-" "Mozilla/5.0 AppleWebKit/537.36 (KHTML, like Gecko; compatible; GPTBot/1.2; +https://openai.com/gptbot)"
20.171.207.204 - - [09/Sep/2025:09:06:47 +0700] "GET /a-comparative-study-of-user-satisfaction-on-omegle-and-ometv/ HTTP/1.0" 200 89440 "-" "Mozilla/5.0 AppleWebKit/537.36 (KHTML, like Gecko; compatible; GPTBot/1.2; +https://openai.com/gptbot)"
13.219.123.26 - - [09/Sep/2025:09:06:50 +0700] "GET /aviator-predictor-v1-94-apk-mod-2023-free-download-9-2/ HTTP/1.0" 200 232269 "-" "Mozilla/5.0 AppleWebKit/605.1.15 (KHTML, like Gecko) Chrome/139.0.0.0 Safari/605.1.15"
35.174.141.243 - - [09/Sep/2025:09:06:56 +0700] "GET /category/best-website-to-find-women/ HTTP/1.0" 200 58832 "-" "Mozilla/5.0 AppleWebKit/537.36 (KHTML, like Gecko; compatible; Amazonbot/0.1; +https://developer.amazon.com/support/amazonbot) Chrome/119.0.6045.214 Safari/537.36"
40.77.167.132 - - [09/Sep/2025:09:06:55 +0700] "GET /category/slide1/ HTTP/1.0" 200 75621 "-" "Mozilla/5.0 AppleWebKit/537.36 (KHTML, like Gecko; compatible; bingbot/2.0; +http://www.bing.com/bingbot.htm) Chrome/116.0.1938.76 Safari/537.36"
20.171.207.204 - - [09/Sep/2025:09:06:57 +0700] "GET /lengthy-distance-romances-advice/ HTTP/1.0" 200 208549 "-" "Mozilla/5.0 AppleWebKit/537.36 (KHTML, like Gecko; compatible; GPTBot/1.2; +https://openai.com/gptbot)"
3.231.193.38 - - [09/Sep/2025:09:07:00 +0700] "GET /omegle-and-online-performance-the-rise-of-the-omegle-star/ HTTP/1.0" 200 92280 "-" "Mozilla/5.0 AppleWebKit/537.36 (KHTML, like Gecko; compatible; Amazonbot/0.1; +https://developer.amazon.com/support/amazonbot) Chrome/119.0.6045.214 Safari/537.36"
20.171.207.204 - - [09/Sep/2025:09:07:04 +0700] "GET /?p=8512 HTTP/1.0" 301 651 "-" "Mozilla/5.0 AppleWebKit/537.36 (KHTML, like Gecko; compatible; GPTBot/1.2; +https://openai.com/gptbot)"
20.171.207.204 - - [09/Sep/2025:09:07:07 +0700] "GET /the-impact-of-ai-powered-chatbots-on-omegles-user-experience/ HTTP/1.0" 200 79166 "-" "Mozilla/5.0 AppleWebKit/537.36 (KHTML, like Gecko; compatible; GPTBot/1.2; +https://openai.com/gptbot)"
192.99.9.92 - - [09/Sep/2025:09:07:09 +0700] "GET /robots.txt HTTP/1.0" 200 984 "-" "Mozilla/5.0 (compatible; MJ12bot/v1.4.8; http://mj12bot.com/)"
192.99.9.92 - - [09/Sep/2025:09:07:12 +0700] "GET /codere-apostando-lanza-su-version-pc-y-movedizo-permitiendo-acceder-s-mercado-online-y-presencial/ HTTP/1.0" 200 226134 "-" "Mozilla/5.0 (compatible; MJ12bot/v1.4.8; http://mj12bot.com/)"
45.117.177.72 - - [09/Sep/2025:09:07:18 +0700] "POST /wp-cron.php?doing_wp_cron=1757383637.9661209583282470703125 HTTP/1.0" 200 416 "-" "WordPress/6.8.1; https://vattusacky.vn"
192.99.9.92 - - [09/Sep/2025:09:07:16 +0700] "GET /danh-muc/thiet-bi%CC%A3-do-luong/thiet-bi-do-anh-sang/ HTTP/1.0" 200 60125 "-" "Mozilla/5.0 (compatible; MJ12bot/v1.4.8; http://mj12bot.com/)"
20.171.207.204 - - [09/Sep/2025:09:07:17 +0700] "GET /exactly-what-foreign-birdes-to-be/ HTTP/1.0" 200 207555 "-" "Mozilla/5.0 AppleWebKit/537.36 (KHTML, like Gecko; compatible; GPTBot/1.2; +https://openai.com/gptbot)"
192.99.9.92 - - [09/Sep/2025:09:07:20 +0700] "GET /danh-muc/thiet-bi%CC%A3-do-luong/thiet-bi-do-ap-suat/ HTTP/1.0" 200 60114 "-" "Mozilla/5.0 (compatible; MJ12bot/v1.4.8; http://mj12bot.com/)"
192.99.9.92 - - [09/Sep/2025:09:07:23 +0700] "GET /danh-muc/thiet-bi%CC%A3-do-luong/thiet-bi-do-nhiet-cap-nhiet-dien/ HTTP/1.0" 200 60405 "-" "Mozilla/5.0 (compatible; MJ12bot/v1.4.8; http://mj12bot.com/)"
20.171.207.204 - - [09/Sep/2025:09:07:23 +0700] "GET /discovering-humanity-on-omegle-breaking-stereotypes-through-conversations/ HTTP/1.0" 200 91382 "-" "Mozilla/5.0 AppleWebKit/537.36 (KHTML, like Gecko; compatible; GPTBot/1.2; +https://openai.com/gptbot)"
192.99.9.92 - - [09/Sep/2025:09:07:27 +0700] "GET /danh-muc/thiet-bi%CC%A3-do-luong/thiet-bi-kiem-tra-dong-xoay/ HTTP/1.0" 200 60258 "-" "Mozilla/5.0 (compatible; MJ12bot/v1.4.8; http://mj12bot.com/)"
44.215.231.15 - - [09/Sep/2025:09:07:27 +0700] "GET /exploring-the-community-aspect-of-omegle-joining-interest-based-chatrooms/ HTTP/1.0" 200 90730 "-" "Mozilla/5.0 AppleWebKit/537.36 (KHTML, like Gecko; compatible; Amazonbot/0.1; +https://developer.amazon.com/support/amazonbot) Chrome/119.0.6045.214 Safari/537.36"
20.171.207.204 - - [09/Sep/2025:09:07:29 +0700] "GET /?p=6964 HTTP/1.0" 301 490 "-" "Mozilla/5.0 AppleWebKit/537.36 (KHTML, like Gecko; compatible; GPTBot/1.2; +https://openai.com/gptbot)"
192.99.9.92 - - [09/Sep/2025:09:07:31 +0700] "GET /danh-muc/thiet-bi%CC%A3-do-luong/x-ray-pipeline-crawlers/ HTTP/1.0" 200 60105 "-" "Mozilla/5.0 (compatible; MJ12bot/v1.4.8; http://mj12bot.com/)"
20.171.207.204 - - [09/Sep/2025:09:07:31 +0700] "GET /funny-omegle-chat-fails-and-unexpected-twists/ HTTP/1.0" 200 87387 "-" "Mozilla/5.0 AppleWebKit/537.36 (KHTML, like Gecko; compatible; GPTBot/1.2; +https://openai.com/gptbot)"
44.193.115.232 - - [09/Sep/2025:09:07:31 +0700] "GET /how-omegle-has-revolutionized-long-distance-friendships/ HTTP/1.0" 200 92256 "-" "Mozilla/5.0 AppleWebKit/537.36 (KHTML, like Gecko; compatible; Amazonbot/0.1; +https://developer.amazon.com/support/amazonbot) Chrome/119.0.6045.214 Safari/537.36"
192.99.9.92 - - [09/Sep/2025:09:07:34 +0700] "GET /dd%C2%B9d%C2%BD-dodd-d%C2%B8d%C2%BDd%C2%BE-ddonedd%C2%B8d%C2%BDn-n%C6%92donedd%C2%B8d%C2%BDn%C2%81dod%C2%B8d%C2%B5-gambling-den-d%C2%BDd-ned%C2%B5d/ HTTP/1.0" 200 212356 "-" "Mozilla/5.0 (compatible; MJ12bot/v1.4.8; http://mj12bot.com/)"
98.82.66.172 - - [09/Sep/2025:09:07:36 +0700] "GET /the-prison-of-anonymity-exploring-the-psychological-effects-of-isolation-on-omegle/ HTTP/1.0" 200 91053 "-" "Mozilla/5.0 AppleWebKit/537.36 (KHTML, like Gecko; compatible; Amazonbot/0.1; +https://developer.amazon.com/support/amazonbot) Chrome/119.0.6045.214 Safari/537.36"
20.171.207.204 - - [09/Sep/2025:09:07:38 +0700] "GET /omegle-vs-ometv-which-one-offers-a-better-user-experience/ HTTP/1.0" 200 90389 "-" "Mozilla/5.0 AppleWebKit/537.36 (KHTML, like Gecko; compatible; GPTBot/1.2; +https://openai.com/gptbot)"
192.99.9.92 - - [09/Sep/2025:09:07:38 +0700] "GET /from-fandoma%C2%84%C2%A2-community-15-first-date-ideas-for-film-buffs-gamers-and-fans/ HTTP/1.0" 200 222778 "-" "Mozilla/5.0 (compatible; MJ12bot/v1.4.8; http://mj12bot.com/)"
192.99.9.92 - - [09/Sep/2025:09:07:42 +0700] "GET /indikatory-dlja-skal%D1%8Cpinga-luchshie-samye-tochnye/ HTTP/1.0" 404 70812 "-" "Mozilla/5.0 (compatible; MJ12bot/v1.4.8; http://mj12bot.com/)"
20.171.207.204 - - [09/Sep/2025:09:07:42 +0700] "GET /up-x-zerkalo-akcii-i-bonusy-ot-kazino-registracija-2/ HTTP/1.0" 200 226940 "-" "Mozilla/5.0 AppleWebKit/537.36 (KHTML, like Gecko; compatible; GPTBot/1.2; +https://openai.com/gptbot)"
192.99.9.92 - - [09/Sep/2025:09:07:46 +0700] "GET /install-1xbet-app-%E2%AD%90-1xbet-app-acquire-fscore-orguk-6/ HTTP/1.0" 200 240935 "-" "Mozilla/5.0 (compatible; MJ12bot/v1.4.8; http://mj12bot.com/)"
20.171.207.204 - - [09/Sep/2025:09:07:49 +0700] "GET /?p=6084 HTTP/1.0" 301 505 "-" "Mozilla/5.0 AppleWebKit/537.36 (KHTML, like Gecko; compatible; GPTBot/1.2; +https://openai.com/gptbot)"
192.99.9.92 - - [09/Sep/2025:09:07:50 +0700] "GET /lisenziyali-onlayn-kazinolar-sayti-nec%C9%99-secm%C9%99k-olar-694/ HTTP/1.0" 200 83381 "-" "Mozilla/5.0 (compatible; MJ12bot/v1.4.8; http://mj12bot.com/)"
20.171.207.204 - - [09/Sep/2025:09:07:51 +0700] "GET /a-comparative-study-of-user-satisfaction-on-omegle-and-ometv/ HTTP/1.0" 200 89440 "-" "Mozilla/5.0 AppleWebKit/537.36 (KHTML, like Gecko; compatible; GPTBot/1.2; +https://openai.com/gptbot)"
192.99.9.92 - - [09/Sep/2025:09:07:54 +0700] "GET /mostbet-giris-%F0%9D%97%9Au%F0%9D%97%BB%F0%9D%97%B0%F0%9D%97%B2%F0%9D%97%B9-%F0%9D%90%80%F0%9D%90%9D%F0%9D%90%AB%F0%9D%90%9E%F0%9D%90%AC%F0%9D%90%A2-mostbet-294-mostbet-12-04-2023-521/ HTTP/1.0" 200 88203 "-" "Mozilla/5.0 (compatible; MJ12bot/v1.4.8; http://mj12bot.com/)"
20.171.207.204 - - [09/Sep/2025:09:07:57 +0700] "GET /?p=6490 HTTP/1.0" 301 536 "-" "Mozilla/5.0 AppleWebKit/537.36 (KHTML, like Gecko; compatible; GPTBot/1.2; +https://openai.com/gptbot)"
192.99.9.92 - - [09/Sep/2025:09:07:57 +0700] "GET /san-pham/bo-lay-mau-loi-1-1-2%E2%80%B3-x-6%E2%80%B3-co-ky-hieu-signature-scs-complete/ HTTP/1.0" 200 328128 "-" "Mozilla/5.0 (compatible; MJ12bot/v1.4.8; http://mj12bot.com/)"
20.171.207.204 - - [09/Sep/2025:09:07:58 +0700] "GET /discovering-common-ground-building-connections-on-omegle-and-ometv-through-shared-interests/ HTTP/1.0" 200 91615 "-" "Mozilla/5.0 AppleWebKit/537.36 (KHTML, like Gecko; compatible; GPTBot/1.2; +https://openai.com/gptbot)"
192.99.9.92 - - [09/Sep/2025:09:08:01 +0700] "GET /san-pham/bo-lay-mau-loi-2%E2%80%B3-x-6%E2%80%B3-co-ky-hieu-signature-scs-complete/ HTTP/1.0" 200 328361 "-" "Mozilla/5.0 (compatible; MJ12bot/v1.4.8; http://mj12bot.com/)"
20.171.207.204 - - [09/Sep/2025:09:08:03 +0700] "GET /?p=3438 HTTP/1.0" 301 477 "-" "Mozilla/5.0 AppleWebKit/537.36 (KHTML, like Gecko; compatible; GPTBot/1.2; +https://openai.com/gptbot)"
20.171.207.204 - - [09/Sep/2025:09:08:05 +0700] "GET /online-dating-usernames-articles/ HTTP/1.0" 200 206228 "-" "Mozilla/5.0 AppleWebKit/537.36 (KHTML, like Gecko; compatible; GPTBot/1.2; +https://openai.com/gptbot)"
192.99.9.92 - - [09/Sep/2025:09:08:05 +0700] "GET /san-pham/bom-lay-mau-bui-pm10pm2-5-pm1-0-1-%C3%B7-3-5-m3h/ HTTP/1.0" 200 514674 "-" "Mozilla/5.0 (compatible; MJ12bot/v1.4.8; http://mj12bot.com/)"
34.204.150.196 - - [09/Sep/2025:09:08:08 +0700] "GET /unexpected-love-stories-from-omegles-random-matches/ HTTP/1.0" 200 92096 "-" "Mozilla/5.0 AppleWebKit/537.36 (KHTML, like Gecko; compatible; Amazonbot/0.1; +https://developer.amazon.com/support/amazonbot) Chrome/119.0.6045.214 Safari/537.36"
192.99.9.92 - - [09/Sep/2025:09:08:10 +0700] "GET /san-pham/bui-pm10-pm2-5-pm1-0-amiang-bay-hoi-1-5-%C3%B7-5-5-m3h/ HTTP/1.0" 200 508738 "-" "Mozilla/5.0 (compatible; MJ12bot/v1.4.8; http://mj12bot.com/)"
44.207.69.106 - - [09/Sep/2025:09:08:11 +0700] "GET /unlocking-the-potential-of-omegle-tales-of-anonymous-explorers/ HTTP/1.0" 200 91386 "-" "Mozilla/5.0 AppleWebKit/537.36 (KHTML, like Gecko; compatible; Amazonbot/0.1; +https://developer.amazon.com/support/amazonbot) Chrome/119.0.6045.214 Safari/537.36"
20.171.207.204 - - [09/Sep/2025:09:08:12 +0700] "GET /daddy-casino-igrat-v-onlajn-ruletku-igrovye-sloty-2/ HTTP/1.0" 200 95812 "-" "Mozilla/5.0 AppleWebKit/537.36 (KHTML, like Gecko; compatible; GPTBot/1.2; +https://openai.com/gptbot)"
192.99.9.92 - - [09/Sep/2025:09:08:15 +0700] "GET /san-pham/dau-khoan-bun-2-1-4%E2%80%B3-co-ky-hieu-signature-mud-auger/ HTTP/1.0" 200 328134 "-" "Mozilla/5.0 (compatible; MJ12bot/v1.4.8; http://mj12bot.com/)"
45.117.177.72 - - [09/Sep/2025:09:08:18 +0700] "POST /wp-cron.php?doing_wp_cron=1757383697.9537029266357421875000 HTTP/1.0" 200 416 "-" "WordPress/6.8.1; https://vattusacky.vn"
3.209.174.110 - - [09/Sep/2025:09:08:16 +0700] "GET /funny-omegle-chat-fails-with-unexpected-twists/ HTTP/1.0" 200 88701 "-" "Mozilla/5.0 AppleWebKit/537.36 (KHTML, like Gecko; compatible; Amazonbot/0.1; +https://developer.amazon.com/support/amazonbot) Chrome/119.0.6045.214 Safari/537.36"
20.171.207.204 - - [09/Sep/2025:09:08:18 +0700] "GET /take-part-in-the-very-best-online-pokies-within-10 HTTP/1.0" 301 495 "-" "Mozilla/5.0 AppleWebKit/537.36 (KHTML, like Gecko; compatible; GPTBot/1.2; +https://openai.com/gptbot)"
192.99.9.92 - - [09/Sep/2025:09:08:19 +0700] "GET /san-pham/dau-khoan-bun-2-1-4%E2%80%B3-mud-auger/ HTTP/1.0" 200 327691 "-" "Mozilla/5.0 (compatible; MJ12bot/v1.4.8; http://mj12bot.com/)"
20.171.207.204 - - [09/Sep/2025:09:08:20 +0700] "GET /take-part-in-the-very-best-online-pokies-within-10/ HTTP/1.0" 200 209906 "-" "Mozilla/5.0 AppleWebKit/537.36 (KHTML, like Gecko; compatible; GPTBot/1.2; +https://openai.com/gptbot)"
192.99.9.92 - - [09/Sep/2025:09:08:25 +0700] "GET /san-pham/dau-khoan-bun-3-1-4%E2%80%B3-co-ky-hieu-signature-mud-auger/ HTTP/1.0" 200 328102 "-" "Mozilla/5.0 (compatible; MJ12bot/v1.4.8; http://mj12bot.com/)"
20.171.207.204 - - [09/Sep/2025:09:08:27 +0700] "GET /oriental-dating-internet-site-100-totally-free-asian-females/ HTTP/1.0" 200 107227 "-" "Mozilla/5.0 AppleWebKit/537.36 (KHTML, like Gecko; compatible; GPTBot/1.2; +https://openai.com/gptbot)"
192.99.9.92 - - [09/Sep/2025:09:08:29 +0700] "GET /san-pham/dau-khoan-bun-3-1-4%E2%80%B3-mud-auger/ HTTP/1.0" 200 327511 "-" "Mozilla/5.0 (compatible; MJ12bot/v1.4.8; http://mj12bot.com/)"
20.171.207.204 - - [09/Sep/2025:09:08:32 +0700] "GET /online-dating-services-reviews/ HTTP/1.0" 200 73634 "-" "Mozilla/5.0 AppleWebKit/537.36 (KHTML, like Gecko; compatible; GPTBot/1.2; +https://openai.com/gptbot)"
18.209.201.119 - - [09/Sep/2025:09:08:32 +0700] "GET /empowering-artists-the-freedom-of-expression-on-omegle/ HTTP/1.0" 200 85097 "-" "Mozilla/5.0 AppleWebKit/537.36 (KHTML, like Gecko; compatible; Amazonbot/0.1; +https://developer.amazon.com/support/amazonbot) Chrome/119.0.6045.214 Safari/537.36"
192.99.9.92 - - [09/Sep/2025:09:08:34 +0700] "GET /san-pham/dau-khoan-cat-2-1-4%E2%80%B3-co-ky-hieu-signature-sand-auger/ HTTP/1.0" 200 327890 "-" "Mozilla/5.0 (compatible; MJ12bot/v1.4.8; http://mj12bot.com/)"
52.44.174.136 - - [09/Sep/2025:09:08:35 +0700] "GET /exploring-omegles-role-in-building-global-communities/ HTTP/1.0" 200 90036 "-" "Mozilla/5.0 AppleWebKit/537.36 (KHTML, like Gecko; compatible; Amazonbot/0.1; +https://developer.amazon.com/support/amazonbot) Chrome/119.0.6045.214 Safari/537.36"
192.99.9.92 - - [09/Sep/2025:09:08:38 +0700] "GET /san-pham/khoan-lay-mau-dat-3-1-4%E2%80%B3-co-ky-hieu-signature-regular-auger/ HTTP/1.0" 200 329636 "-" "Mozilla/5.0 (compatible; MJ12bot/v1.4.8; http://mj12bot.com/)"
45.117.177.72 - - [09/Sep/2025:09:08:43 +0700] "POST /wp-cron.php?doing_wp_cron=1757383722.9727249145507812500000 HTTP/1.0" 200 416 "-" "WordPress/6.8.1; https://vattusacky.vn"
20.171.207.204 - - [09/Sep/2025:09:08:41 +0700] "GET /?p=3888 HTTP/1.0" 301 478 "-" "Mozilla/5.0 AppleWebKit/537.36 (KHTML, like Gecko; compatible; GPTBot/1.2; +https://openai.com/gptbot)"
192.99.9.92 - - [09/Sep/2025:09:08:42 +0700] "GET /san-pham/khoan-lay-mau-dat-3-1-4%E2%80%B3-regular-auger/ HTTP/1.0" 200 327821 "-" "Mozilla/5.0 (compatible; MJ12bot/v1.4.8; http://mj12bot.com/)"
20.171.207.204 - - [09/Sep/2025:09:08:43 +0700] "GET /exactly-what-foreign-birdes-to-be/ HTTP/1.0" 200 207555 "-" "Mozilla/5.0 AppleWebKit/537.36 (KHTML, like Gecko; compatible; GPTBot/1.2; +https://openai.com/gptbot)"
192.99.9.92 - - [09/Sep/2025:09:08:46 +0700] "GET /san-pham/lay-bui-pm10-pm2-5-pm1-0-amiangde-bay-hoi-1-%C3%B7-3-5-m3h/ HTTP/1.0" 200 512755 "-" "Mozilla/5.0 (compatible; MJ12bot/v1.4.8; http://mj12bot.com/)"
20.171.207.204 - - [09/Sep/2025:09:08:48 +0700] "GET /wedding-traditions-around-the-globe/ HTTP/1.0" 200 76399 "-" "Mozilla/5.0 AppleWebKit/537.36 (KHTML, like Gecko; compatible; GPTBot/1.2; +https://openai.com/gptbot)"
192.99.9.92 - - [09/Sep/2025:09:08:50 +0700] "GET /san-pham/may-quang-pho-tu-ngoai-kha-kien-uvvis-02-bo-don-sac-khe-lien-tuc-tu-0-1-5nm-anh-sang-lac-%E2%89%A40-00004t/ HTTP/1.0" 200 378860 "-" "Mozilla/5.0 (compatible; MJ12bot/v1.4.8; http://mj12bot.com/)"
45.117.177.72 - - [09/Sep/2025:09:08:56 +0700] "POST /wp-cron.php?doing_wp_cron=1757383736.1440799236297607421875 HTTP/1.0" 200 416 "-" "WordPress/6.8.1; https://vattusacky.vn"
192.99.9.92 - - [09/Sep/2025:09:08:54 +0700] "GET /san-pham/spectrophotometer-may-quang-pho-tu-ngoai-kha-kien-uvvis-02-bo-don-sac-khe-lien-tuc-tu-0-1-5nm-anh-sang-lac-%E2%89%A40-0001t/ HTTP/1.0" 200 378542 "-" "Mozilla/5.0 (compatible; MJ12bot/v1.4.8; http://mj12bot.com/)"
20.171.207.204 - - [09/Sep/2025:09:08:55 +0700] "GET /?p=5521 HTTP/1.0" 301 496 "-" "Mozilla/5.0 AppleWebKit/537.36 (KHTML, like Gecko; compatible; GPTBot/1.2; +https://openai.com/gptbot)"
20.171.207.204 - - [09/Sep/2025:09:08:57 +0700] "GET /daddy-casino-igrat-v-onlajn-ruletku-igrovye-sloty-2/ HTTP/1.0" 200 95812 "-" "Mozilla/5.0 AppleWebKit/537.36 (KHTML, like Gecko; compatible; GPTBot/1.2; +https://openai.com/gptbot)"
192.99.9.92 - - [09/Sep/2025:09:08:59 +0700] "GET /san-pham/thiet-bi-lay-mau-bui-pm10-pm2-5-15-%C3%B7-35-m3-gio/ HTTP/1.0" 200 512072 "-" "Mozilla/5.0 (compatible; MJ12bot/v1.4.8; http://mj12bot.com/)"
192.99.9.92 - - [09/Sep/2025:09:09:03 +0700] "GET /san-pham/thiet-bi-lay-mau-bui-pm10-pm2-5-pm1-0-1-0-%C3%B7-3-5-m3h/ HTTP/1.0" 200 510475 "-" "Mozilla/5.0 (compatible; MJ12bot/v1.4.8; http://mj12bot.com/)"
192.99.9.92 - - [09/Sep/2025:09:09:07 +0700] "GET /san-pham/thiet-bi-lay-mau-bui-pm10-pm2-5-pm1-0-1-0-%C3%B7-3-5-m3h-2/ HTTP/1.0" 200 509780 "-" "Mozilla/5.0 (compatible; MJ12bot/v1.4.8; http://mj12bot.com/)"
20.171.207.204 - - [09/Sep/2025:09:09:09 +0700] "GET /?p=10641 HTTP/1.0" 301 475 "-" "Mozilla/5.0 AppleWebKit/537.36 (KHTML, like Gecko; compatible; GPTBot/1.2; +https://openai.com/gptbot)"
20.171.207.204 - - [09/Sep/2025:09:09:11 +0700] "GET /online-dating-services-reviews/ HTTP/1.0" 200 73634 "-" "Mozilla/5.0 AppleWebKit/537.36 (KHTML, like Gecko; compatible; GPTBot/1.2; +https://openai.com/gptbot)"
192.99.9.92 - - [09/Sep/2025:09:09:12 +0700] "GET /san-pham/thiet-bi-lay-mau-bui-pm10-pm2-5-va-pm1-0-1-5-%C3%B7-5-5-m3h/ HTTP/1.0" 200 509311 "-" "Mozilla/5.0 (compatible; MJ12bot/v1.4.8; http://mj12bot.com/)"
45.117.177.72 - - [09/Sep/2025:09:09:20 +0700] "POST /wp-cron.php?doing_wp_cron=1757383760.2231569290161132812500 HTTP/1.0" 200 416 "-" "WordPress/6.8.1; https://vattusacky.vn"
192.99.9.92 - - [09/Sep/2025:09:09:18 +0700] "GET /san-pham/thiet-bi-lay-mau-bui-tsp-pm10-pm-2-5-15-%C3%B7-35-lpm/ HTTP/1.0" 200 511165 "-" "Mozilla/5.0 (compatible; MJ12bot/v1.4.8; http://mj12bot.com/)"
20.171.207.204 - - [09/Sep/2025:09:09:18 +0700] "GET /zajm-sms-zajm-ot-finterra/ HTTP/1.0" 200 223549 "-" "Mozilla/5.0 AppleWebKit/537.36 (KHTML, like Gecko; compatible; GPTBot/1.2; +https://openai.com/gptbot)"
192.99.9.92 - - [09/Sep/2025:09:09:25 +0700] "GET /the-dangers-of-online-dating-sites-a%C2%80%C2%94-7-studies-5-methods-to-protect-yourself/ HTTP/1.0" 200 217198 "-" "Mozilla/5.0 (compatible; MJ12bot/v1.4.8; http://mj12bot.com/)"
192.99.9.92 - - [09/Sep/2025:09:09:29 +0700] "GET /the-reason-why-some-girls-triumph-at-lovea%C2%80%C2%A6and-others-you-should-not/ HTTP/1.0" 200 208507 "-" "Mozilla/5.0 (compatible; MJ12bot/v1.4.8; http://mj12bot.com/)"
20.171.207.204 - - [09/Sep/2025:09:09:29 +0700] "GET /is-omegle-safer-than-ometv/ HTTP/1.0" 200 86296 "-" "Mozilla/5.0 AppleWebKit/537.36 (KHTML, like Gecko; compatible; GPTBot/1.2; +https://openai.com/gptbot)"
192.99.9.92 - - [09/Sep/2025:09:09:33 +0700] "GET /t%C9%99yyar%C9%99-oyunu-mostbet-mostbet-aviator-game-439/ HTTP/1.0" 200 83462 "-" "Mozilla/5.0 (compatible; MJ12bot/v1.4.8; http://mj12bot.com/)"
20.171.207.204 - - [09/Sep/2025:09:09:36 +0700] "GET /?p=6494 HTTP/1.0" 301 518 "-" "Mozilla/5.0 AppleWebKit/537.36 (KHTML, like Gecko; compatible; GPTBot/1.2; +https://openai.com/gptbot)"
192.99.9.92 - - [09/Sep/2025:09:09:36 +0700] "GET /vulkan-vegas-kasyno-%EF%B8%8F-wybierz-najlepsze-kasyno-online-2023-907/ HTTP/1.0" 200 89549 "-" "Mozilla/5.0 (compatible; MJ12bot/v1.4.8; http://mj12bot.com/)"
20.171.207.204 - - [09/Sep/2025:09:09:38 +0700] "GET /discovering-humanity-on-omegle-breaking-stereotypes-through-conversations/ HTTP/1.0" 200 91382 "-" "Mozilla/5.0 AppleWebKit/537.36 (KHTML, like Gecko; compatible; GPTBot/1.2; +https://openai.com/gptbot)"
192.99.9.92 - - [09/Sep/2025:09:09:39 +0700] "GET /want-native-hookups-%EF%B8%8F-go-to-igetnaughty-com/ HTTP/1.0" 200 208236 "-" "Mozilla/5.0 (compatible; MJ12bot/v1.4.8; http://mj12bot.com/)"
192.99.9.92 - - [09/Sep/2025:09:09:43 +0700] "GET /%D0%B4%D0%B5%D1%80%D0%B5%D0%B2%D1%8F%D0%BD%D0%BD%D1%8B%D0%B5-%D0%B4%D0%BE%D0%BC%D0%B0-%D0%B2-%D1%88%D0%B2%D0%B5%D0%B9%D1%86%D0%B0%D1%80%D1%81%D0%BA%D0%BE%D0%BC-%D1%81%D1%82%D0%B8%D0%BB%D0%B5/ HTTP/1.0" 200 187138 "-" "Mozilla/5.0 (compatible; MJ12bot/v1.4.8; http://mj12bot.com/)"
20.171.207.204 - - [09/Sep/2025:09:09:43 +0700] "GET /discovering-multiculturalism-on-omegle-breaking-boundaries-building-connections/ HTTP/1.0" 200 89245 "-" "Mozilla/5.0 AppleWebKit/537.36 (KHTML, like Gecko; compatible; GPTBot/1.2; +https://openai.com/gptbot)"
192.99.9.92 - - [09/Sep/2025:09:09:47 +0700] "GET /%D0%B4%D0%BE%D0%BC%D0%B0-%D0%B8%D0%B7-%D0%B1%D1%80%D0%B5%D0%B2%D0%BD%D0%B0-%D1%81-%D0%B3%D0%BE%D1%82%D0%BE%D0%B2%D1%8B%D0%BC-%D0%B4%D0%B8%D0%B7%D0%B0%D0%B9%D0%BD%D0%BE%D0%BC/ HTTP/1.0" 200 163557 "-" "Mozilla/5.0 (compatible; MJ12bot/v1.4.8; http://mj12bot.com/)"
192.99.9.92 - - [09/Sep/2025:09:09:50 +0700] "GET /%D0%B4%D0%BE%D0%BC%D0%B0-%D0%B8%D0%B7-%D0%B1%D1%80%D0%B5%D0%B2%D0%BD%D0%B0-%D1%81-%D1%82%D0%B5%D1%80%D1%80%D0%B0%D1%81%D0%BE%D0%B9/ HTTP/1.0" 200 166028 "-" "Mozilla/5.0 (compatible; MJ12bot/v1.4.8; http://mj12bot.com/)"
20.171.207.204 - - [09/Sep/2025:09:09:51 +0700] "GET /what-is-so-fascinating-about-marijuana-news-2525/ HTTP/1.0" 200 72425 "-" "Mozilla/5.0 AppleWebKit/537.36 (KHTML, like Gecko; compatible; GPTBot/1.2; +https://openai.com/gptbot)"
20.171.207.204 - - [09/Sep/2025:09:09:56 +0700] "GET /lam-the-nao-ban-co-the-nhan-vaygap-duoc-mot-khoan-ung-truoc-tra-gop/ HTTP/1.0" 200 210014 "-" "Mozilla/5.0 AppleWebKit/537.36 (KHTML, like Gecko; compatible; GPTBot/1.2; +https://openai.com/gptbot)"
20.171.207.204 - - [09/Sep/2025:09:10:02 +0700] "GET /?p=7781 HTTP/1.0" 301 502 "-" "Mozilla/5.0 AppleWebKit/537.36 (KHTML, like Gecko; compatible; GPTBot/1.2; +https://openai.com/gptbot)"
20.171.207.204 - - [09/Sep/2025:09:10:04 +0700] "GET /omegle-vs-ometv-which-one-offers-a-better-user-experience/ HTTP/1.0" 200 90389 "-" "Mozilla/5.0 AppleWebKit/537.36 (KHTML, like Gecko; compatible; GPTBot/1.2; +https://openai.com/gptbot)"
20.171.207.204 - - [09/Sep/2025:09:10:11 +0700] "GET /skachat-1xbet-kz-mobilnaja-versija-1hbet-na-android-besplatno/ HTTP/1.0" 200 111223 "-" "Mozilla/5.0 AppleWebKit/537.36 (KHTML, like Gecko; compatible; GPTBot/1.2; +https://openai.com/gptbot)"
54.157.99.244 - - [09/Sep/2025:09:10:12 +0700] "GET /category/uncategorized/page/233/ HTTP/1.0" 200 76945 "-" "Mozilla/5.0 AppleWebKit/537.36 (KHTML, like Gecko; compatible; Amazonbot/0.1; +https://developer.amazon.com/support/amazonbot) Chrome/119.0.6045.214 Safari/537.36"
45.117.177.72 - - [09/Sep/2025:09:10:21 +0700] "POST /wp-cron.php?doing_wp_cron=1757383821.0221540927886962890625 HTTP/1.0" 200 416 "-" "WordPress/6.8.1; https://vattusacky.vn"
20.171.207.204 - - [09/Sep/2025:09:10:19 +0700] "GET /?p=5797 HTTP/1.0" 301 480 "-" "Mozilla/5.0 AppleWebKit/537.36 (KHTML, like Gecko; compatible; GPTBot/1.2; +https://openai.com/gptbot)"
20.171.207.204 - - [09/Sep/2025:09:10:21 +0700] "GET /wedding-traditions-around-the-globe/ HTTP/1.0" 200 76399 "-" "Mozilla/5.0 AppleWebKit/537.36 (KHTML, like Gecko; compatible; GPTBot/1.2; +https://openai.com/gptbot)"
20.171.207.204 - - [09/Sep/2025:09:10:29 +0700] "GET /ba-cach-tiep-can-bang-cach-vay-tien-h5-su-dung-first-progress-online/ HTTP/1.0" 200 211691 "-" "Mozilla/5.0 AppleWebKit/537.36 (KHTML, like Gecko; compatible; GPTBot/1.2; +https://openai.com/gptbot)"
20.171.207.204 - - [09/Sep/2025:09:10:35 +0700] "GET /is-ometv-safer-than-omegle/ HTTP/1.0" 200 88814 "-" "Mozilla/5.0 AppleWebKit/537.36 (KHTML, like Gecko; compatible; GPTBot/1.2; +https://openai.com/gptbot)"
20.171.207.204 - - [09/Sep/2025:09:10:41 +0700] "GET /?p=3608 HTTP/1.0" 301 470 "-" "Mozilla/5.0 AppleWebKit/537.36 (KHTML, like Gecko; compatible; GPTBot/1.2; +https://openai.com/gptbot)"
20.171.207.204 - - [09/Sep/2025:09:10:42 +0700] "GET /zajm-sms-zajm-ot-finterra/ HTTP/1.0" 200 223549 "-" "Mozilla/5.0 AppleWebKit/537.36 (KHTML, like Gecko; compatible; GPTBot/1.2; +https://openai.com/gptbot)"
20.171.207.204 - - [09/Sep/2025:09:10:50 +0700] "GET /?p=7143 HTTP/1.0" 301 471 "-" "Mozilla/5.0 AppleWebKit/537.36 (KHTML, like Gecko; compatible; GPTBot/1.2; +https://openai.com/gptbot)"
20.171.207.204 - - [09/Sep/2025:09:10:52 +0700] "GET /is-omegle-safer-than-ometv/ HTTP/1.0" 200 86296 "-" "Mozilla/5.0 AppleWebKit/537.36 (KHTML, like Gecko; compatible; GPTBot/1.2; +https://openai.com/gptbot)"
20.171.207.204 - - [09/Sep/2025:09:10:58 +0700] "GET /kto-gra-w-kasynie-online-slottica-forum-bukmacherzy-i-rozrywka-onlin/ HTTP/1.0" 200 96931 "-" "Mozilla/5.0 AppleWebKit/537.36 (KHTML, like Gecko; compatible; GPTBot/1.2; +https://openai.com/gptbot)"
20.171.207.204 - - [09/Sep/2025:09:11:07 +0700] "GET /the-7-finest-dating-apps-websites-in-ny-city-2023-june-replace/ HTTP/1.0" 200 73249 "-" "Mozilla/5.0 AppleWebKit/537.36 (KHTML, like Gecko; compatible; GPTBot/1.2; +https://openai.com/gptbot)"
20.171.207.204 - - [09/Sep/2025:09:11:14 +0700] "GET /?p=2622 HTTP/1.0" 301 512 "-" "Mozilla/5.0 AppleWebKit/537.36 (KHTML, like Gecko; compatible; GPTBot/1.2; +https://openai.com/gptbot)"
45.117.177.72 - - [09/Sep/2025:09:11:17 +0700] "POST /wp-cron.php?doing_wp_cron=1757383877.8356521129608154296875 HTTP/1.0" 200 416 "-" "WordPress/6.8.1; https://vattusacky.vn"
20.171.207.204 - - [09/Sep/2025:09:11:15 +0700] "GET /lam-the-nao-ban-co-the-nhan-vaygap-duoc-mot-khoan-ung-truoc-tra-gop/ HTTP/1.0" 200 210014 "-" "Mozilla/5.0 AppleWebKit/537.36 (KHTML, like Gecko; compatible; GPTBot/1.2; +https://openai.com/gptbot)"
20.171.207.204 - - [09/Sep/2025:09:11:23 +0700] "GET /?p=7147 HTTP/1.0" 301 471 "-" "Mozilla/5.0 AppleWebKit/537.36 (KHTML, like Gecko; compatible; GPTBot/1.2; +https://openai.com/gptbot)"
20.171.207.204 - - [09/Sep/2025:09:11:25 +0700] "GET /is-ometv-safer-than-omegle/ HTTP/1.0" 200 88814 "-" "Mozilla/5.0 AppleWebKit/537.36 (KHTML, like Gecko; compatible; GPTBot/1.2; +https://openai.com/gptbot)"
20.171.207.204 - - [09/Sep/2025:09:11:31 +0700] "GET /?p=2338 HTTP/1.0" 301 513 "-" "Mozilla/5.0 AppleWebKit/537.36 (KHTML, like Gecko; compatible; GPTBot/1.2; +https://openai.com/gptbot)"
20.171.207.204 - - [09/Sep/2025:09:11:33 +0700] "GET /ba-cach-tiep-can-bang-cach-vay-tien-h5-su-dung-first-progress-online/ HTTP/1.0" 200 211691 "-" "Mozilla/5.0 AppleWebKit/537.36 (KHTML, like Gecko; compatible; GPTBot/1.2; +https://openai.com/gptbot)"
20.171.207.204 - - [09/Sep/2025:09:11:39 +0700] "GET /daddy-casino-realnye-promokody-igrat-v-igrovye/ HTTP/1.0" 200 102720 "-" "Mozilla/5.0 AppleWebKit/537.36 (KHTML, like Gecko; compatible; GPTBot/1.2; +https://openai.com/gptbot)"
20.171.207.204 - - [09/Sep/2025:09:11:46 +0700] "GET /?p=6495 HTTP/1.0" 301 524 "-" "Mozilla/5.0 AppleWebKit/537.36 (KHTML, like Gecko; compatible; GPTBot/1.2; +https://openai.com/gptbot)"
20.171.207.204 - - [09/Sep/2025:09:11:47 +0700] "GET /discovering-multiculturalism-on-omegle-breaking-boundaries-building-connections/ HTTP/1.0" 200 89245 "-" "Mozilla/5.0 AppleWebKit/537.36 (KHTML, like Gecko; compatible; GPTBot/1.2; +https://openai.com/gptbot)"
20.171.207.204 - - [09/Sep/2025:09:11:54 +0700] "GET /?p=10237 HTTP/1.0" 301 506 "-" "Mozilla/5.0 AppleWebKit/537.36 (KHTML, like Gecko; compatible; GPTBot/1.2; +https://openai.com/gptbot)"
20.171.207.204 - - [09/Sep/2025:09:11:56 +0700] "GET /skachat-1xbet-kz-mobilnaja-versija-1hbet-na-android-besplatno/ HTTP/1.0" 200 111223 "-" "Mozilla/5.0 AppleWebKit/537.36 (KHTML, like Gecko; compatible; GPTBot/1.2; +https://openai.com/gptbot)"
20.171.207.204 - - [09/Sep/2025:09:12:01 +0700] "GET /?p=5519 HTTP/1.0" 301 493 "-" "Mozilla/5.0 AppleWebKit/537.36 (KHTML, like Gecko; compatible; GPTBot/1.2; +https://openai.com/gptbot)"
20.171.207.204 - - [09/Sep/2025:09:12:03 +0700] "GET /what-is-so-fascinating-about-marijuana-news-2525/ HTTP/1.0" 200 72425 "-" "Mozilla/5.0 AppleWebKit/537.36 (KHTML, like Gecko; compatible; GPTBot/1.2; +https://openai.com/gptbot)"
20.171.207.204 - - [09/Sep/2025:09:12:09 +0700] "GET /how-to-get-an-asian-woman-to-marry/ HTTP/1.0" 200 207898 "-" "Mozilla/5.0 AppleWebKit/537.36 (KHTML, like Gecko; compatible; GPTBot/1.2; +https://openai.com/gptbot)"
20.171.207.204 - - [09/Sep/2025:09:12:16 +0700] "GET /discovering-new-artistic-horizons-omegles-role-in-artistic-exploration/ HTTP/1.0" 200 91597 "-" "Mozilla/5.0 AppleWebKit/537.36 (KHTML, like Gecko; compatible; GPTBot/1.2; +https://openai.com/gptbot)"
20.171.207.204 - - [09/Sep/2025:09:12:26 +0700] "GET /?p=10704 HTTP/1.0" 301 513 "-" "Mozilla/5.0 AppleWebKit/537.36 (KHTML, like Gecko; compatible; GPTBot/1.2; +https://openai.com/gptbot)"
20.171.207.204 - - [09/Sep/2025:09:12:28 +0700] "GET /kto-gra-w-kasynie-online-slottica-forum-bukmacherzy-i-rozrywka-onlin/ HTTP/1.0" 200 96931 "-" "Mozilla/5.0 AppleWebKit/537.36 (KHTML, like Gecko; compatible; GPTBot/1.2; +https://openai.com/gptbot)"
20.171.207.204 - - [09/Sep/2025:09:12:37 +0700] "GET /?p=3038 HTTP/1.0" 301 479 "-" "Mozilla/5.0 AppleWebKit/537.36 (KHTML, like Gecko; compatible; GPTBot/1.2; +https://openai.com/gptbot)"
20.171.207.204 - - [09/Sep/2025:09:12:39 +0700] "GET /how-to-get-an-asian-woman-to-marry/ HTTP/1.0" 200 207752 "-" "Mozilla/5.0 AppleWebKit/537.36 (KHTML, like Gecko; compatible; GPTBot/1.2; +https://openai.com/gptbot)"
20.171.207.204 - - [09/Sep/2025:09:12:45 +0700] "GET /?p=5515 HTTP/1.0" 301 491 "-" "Mozilla/5.0 AppleWebKit/537.36 (KHTML, like Gecko; compatible; GPTBot/1.2; +https://openai.com/gptbot)"
20.171.207.204 - - [09/Sep/2025:09:12:46 +0700] "GET /daddy-casino-realnye-promokody-igrat-v-igrovye/ HTTP/1.0" 200 102720 "-" "Mozilla/5.0 AppleWebKit/537.36 (KHTML, like Gecko; compatible; GPTBot/1.2; +https://openai.com/gptbot)"
20.171.207.204 - - [09/Sep/2025:09:12:53 +0700] "GET /pin-ap-casino-sloty-i-igrovye-avtomaty-s-bonusami-2/ HTTP/1.0" 200 222860 "-" "Mozilla/5.0 AppleWebKit/537.36 (KHTML, like Gecko; compatible; GPTBot/1.2; +https://openai.com/gptbot)"
20.171.207.204 - - [09/Sep/2025:09:12:59 +0700] "GET /?p=6496 HTTP/1.0" 301 515 "-" "Mozilla/5.0 AppleWebKit/537.36 (KHTML, like Gecko; compatible; GPTBot/1.2; +https://openai.com/gptbot)"
20.171.207.204 - - [09/Sep/2025:09:13:01 +0700] "GET /discovering-new-artistic-horizons-omegles-role-in-artistic-exploration/ HTTP/1.0" 200 91597 "-" "Mozilla/5.0 AppleWebKit/537.36 (KHTML, like Gecko; compatible; GPTBot/1.2; +https://openai.com/gptbot)"
20.171.207.204 - - [09/Sep/2025:09:13:07 +0700] "GET /what-is-so-fascinating-about-marijuana-news-2482/ HTTP/1.0" 200 72433 "-" "Mozilla/5.0 AppleWebKit/537.36 (KHTML, like Gecko; compatible; GPTBot/1.2; +https://openai.com/gptbot)"
20.171.207.204 - - [09/Sep/2025:09:13:15 +0700] "GET /online-dating-an-aquatic-in-2020-things-to-know-masters-disadvantages/ HTTP/1.0" 200 215202 "-" "Mozilla/5.0 AppleWebKit/537.36 (KHTML, like Gecko; compatible; GPTBot/1.2; +https://openai.com/gptbot)"
45.117.177.72 - - [09/Sep/2025:09:13:23 +0700] "POST /wp-cron.php?doing_wp_cron=1757384003.2132940292358398437500 HTTP/1.0" 200 416 "-" "WordPress/6.8.1; https://vattusacky.vn"
20.171.207.204 - - [09/Sep/2025:09:13:21 +0700] "GET /mostbet-azerbaycan-yukle-dolar-icin/ HTTP/1.0" 200 228236 "-" "Mozilla/5.0 AppleWebKit/537.36 (KHTML, like Gecko; compatible; GPTBot/1.2; +https://openai.com/gptbot)"
20.171.207.204 - - [09/Sep/2025:09:13:30 +0700] "GET /?p=5469 HTTP/1.0" 301 507 "-" "Mozilla/5.0 AppleWebKit/537.36 (KHTML, like Gecko; compatible; GPTBot/1.2; +https://openai.com/gptbot)"
20.171.207.204 - - [09/Sep/2025:09:13:32 +0700] "GET /the-7-finest-dating-apps-websites-in-ny-city-2023-june-replace/ HTTP/1.0" 200 73249 "-" "Mozilla/5.0 AppleWebKit/537.36 (KHTML, like Gecko; compatible; GPTBot/1.2; +https://openai.com/gptbot)"
20.171.207.204 - - [09/Sep/2025:09:13:39 +0700] "GET /gate-of-olympus-slot-demo-renkli-dunyada-buyuk-2/ HTTP/1.0" 200 86945 "-" "Mozilla/5.0 AppleWebKit/537.36 (KHTML, like Gecko; compatible; GPTBot/1.2; +https://openai.com/gptbot)"
20.171.207.204 - - [09/Sep/2025:09:13:44 +0700] "GET /set-up-a-1xbet-modern-software-with-no-deposit-on/ HTTP/1.0" 200 228973 "-" "Mozilla/5.0 AppleWebKit/537.36 (KHTML, like Gecko; compatible; GPTBot/1.2; +https://openai.com/gptbot)"
20.171.207.204 - - [09/Sep/2025:09:13:51 +0700] "GET /discovering-new-friends-heartwarming-connections-on-omegle-and-ometv/ HTTP/1.0" 200 92035 "-" "Mozilla/5.0 AppleWebKit/537.36 (KHTML, like Gecko; compatible; GPTBot/1.2; +https://openai.com/gptbot)"
20.171.207.204 - - [09/Sep/2025:09:13:56 +0700] "GET /biznes-igrovye-avtomaty-onlayn-igrat/ HTTP/1.0" 200 251188 "-" "Mozilla/5.0 AppleWebKit/537.36 (KHTML, like Gecko; compatible; GPTBot/1.2; +https://openai.com/gptbot)"
20.171.207.204 - - [09/Sep/2025:09:14:02 +0700] "GET /lam-the-nao-de-mua-mot-ung-vay-nhanh-1-trieu-truoc-truc-tuyen-nhanh-chong/ HTTP/1.0" 200 214140 "-" "Mozilla/5.0 AppleWebKit/537.36 (KHTML, like Gecko; compatible; GPTBot/1.2; +https://openai.com/gptbot)"
20.171.207.204 - - [09/Sep/2025:09:14:08 +0700] "GET /?p=5081 HTTP/1.0" 301 494 "-" "Mozilla/5.0 AppleWebKit/537.36 (KHTML, like Gecko; compatible; GPTBot/1.2; +https://openai.com/gptbot)"
20.171.207.204 - - [09/Sep/2025:09:14:09 +0700] "GET /set-up-a-1xbet-modern-software-with-no-deposit-on/ HTTP/1.0" 200 228973 "-" "Mozilla/5.0 AppleWebKit/537.36 (KHTML, like Gecko; compatible; GPTBot/1.2; +https://openai.com/gptbot)"
45.117.177.72 - - [09/Sep/2025:09:14:17 +0700] "POST /wp-cron.php?doing_wp_cron=1757384057.5390789508819580078125 HTTP/1.0" 200 416 "-" "WordPress/6.8.1; https://vattusacky.vn"
20.171.207.204 - - [09/Sep/2025:09:14:16 +0700] "GET /?p=6497 HTTP/1.0" 301 513 "-" "Mozilla/5.0 AppleWebKit/537.36 (KHTML, like Gecko; compatible; GPTBot/1.2; +https://openai.com/gptbot)"
20.171.207.204 - - [09/Sep/2025:09:14:17 +0700] "GET /discovering-new-friends-heartwarming-connections-on-omegle-and-ometv/ HTTP/1.0" 200 92035 "-" "Mozilla/5.0 AppleWebKit/537.36 (KHTML, like Gecko; compatible; GPTBot/1.2; +https://openai.com/gptbot)"
20.171.207.204 - - [09/Sep/2025:09:14:25 +0700] "GET /?p=2541 HTTP/1.0" 301 514 "-" "Mozilla/5.0 AppleWebKit/537.36 (KHTML, like Gecko; compatible; GPTBot/1.2; +https://openai.com/gptbot)"
20.171.207.204 - - [09/Sep/2025:09:14:26 +0700] "GET /online-dating-an-aquatic-in-2020-things-to-know-masters-disadvantages/ HTTP/1.0" 200 215144 "-" "Mozilla/5.0 AppleWebKit/537.36 (KHTML, like Gecko; compatible; GPTBot/1.2; +https://openai.com/gptbot)"
20.171.207.204 - - [09/Sep/2025:09:14:32 +0700] "GET /?p=2332 HTTP/1.0" 301 518 "-" "Mozilla/5.0 AppleWebKit/537.36 (KHTML, like Gecko; compatible; GPTBot/1.2; +https://openai.com/gptbot)"
20.171.207.204 - - [09/Sep/2025:09:14:34 +0700] "GET /lam-the-nao-de-mua-mot-ung-vay-nhanh-1-trieu-truoc-truc-tuyen-nhanh-chong/ HTTP/1.0" 200 214140 "-" "Mozilla/5.0 AppleWebKit/537.36 (KHTML, like Gecko; compatible; GPTBot/1.2; +https://openai.com/gptbot)"
20.171.207.204 - - [09/Sep/2025:09:14:40 +0700] "GET /discovering-new-hobbies-and-interests-on-omegle/ HTTP/1.0" 200 90852 "-" "Mozilla/5.0 AppleWebKit/537.36 (KHTML, like Gecko; compatible; GPTBot/1.2; +https://openai.com/gptbot)"
20.171.207.204 - - [09/Sep/2025:09:14:47 +0700] "GET /drip-casino-dostupnye-frispiny-chestnoe-internet/ HTTP/1.0" 200 216779 "-" "Mozilla/5.0 AppleWebKit/537.36 (KHTML, like Gecko; compatible; GPTBot/1.2; +https://openai.com/gptbot)"
20.171.207.204 - - [09/Sep/2025:09:14:55 +0700] "GET /tang-lich-su-tin-dung-cua-ban-tai-vay-nhanh-online-500k-findo-progress-phan-mem-may-tinh/ HTTP/1.0" 200 210465 "-" "Mozilla/5.0 AppleWebKit/537.36 (KHTML, like Gecko; compatible; GPTBot/1.2; +https://openai.com/gptbot)"
20.171.207.204 - - [09/Sep/2025:09:15:00 +0700] "GET /the-information-about-1xbet-com-betting-company-16/ HTTP/1.0" 200 89509 "-" "Mozilla/5.0 AppleWebKit/537.36 (KHTML, like Gecko; compatible; GPTBot/1.2; +https://openai.com/gptbot)"
20.171.207.204 - - [09/Sep/2025:09:15:06 +0700] "GET /?p=6498 HTTP/1.0" 301 492 "-" "Mozilla/5.0 AppleWebKit/537.36 (KHTML, like Gecko; compatible; GPTBot/1.2; +https://openai.com/gptbot)"
20.171.207.204 - - [09/Sep/2025:09:15:08 +0700] "GET /discovering-new-hobbies-and-interests-on-omegle/ HTTP/1.0" 200 90852 "-" "Mozilla/5.0 AppleWebKit/537.36 (KHTML, like Gecko; compatible; GPTBot/1.2; +https://openai.com/gptbot)"
20.171.207.204 - - [09/Sep/2025:09:15:13 +0700] "GET /?p=4683 HTTP/1.0" 301 493 "-" "Mozilla/5.0 AppleWebKit/537.36 (KHTML, like Gecko; compatible; GPTBot/1.2; +https://openai.com/gptbot)"
20.171.207.204 - - [09/Sep/2025:09:15:15 +0700] "GET /drip-casino-dostupnye-frispiny-chestnoe-internet/ HTTP/1.0" 200 216721 "-" "Mozilla/5.0 AppleWebKit/537.36 (KHTML, like Gecko; compatible; GPTBot/1.2; +https://openai.com/gptbot)"
45.117.177.72 - - [09/Sep/2025:09:15:24 +0700] "POST /wp-cron.php?doing_wp_cron=1757384123.6944239139556884765625 HTTP/1.0" 200 416 "-" "WordPress/6.8.1; https://vattusacky.vn"
