20.171.207.204 - - [09/Sep/2025:08:29:05 +0700] "GET /omegle-on-mobile-chatting-on-the-go-with-the-mobile-app/ HTTP/1.0" 200 89323 "-" "Mozilla/5.0 AppleWebKit/537.36 (KHTML, like Gecko; compatible; GPTBot/1.2; +https://openai.com/gptbot)"
20.171.207.204 - - [09/Sep/2025:08:29:12 +0700] "GET /?p=6360 HTTP/1.0" 301 506 "-" "Mozilla/5.0 AppleWebKit/537.36 (KHTML, like Gecko; compatible; GPTBot/1.2; +https://openai.com/gptbot)"
20.171.207.204 - - [09/Sep/2025:08:29:13 +0700] "GET /chatroulette-vs-omegle-which-one-is-better-for-making-friends/ HTTP/1.0" 200 91937 "-" "Mozilla/5.0 AppleWebKit/537.36 (KHTML, like Gecko; compatible; GPTBot/1.2; +https://openai.com/gptbot)"
95.108.213.91 - - [09/Sep/2025:08:29:13 +0700] "GET /a-comparative-study-of-user-safety-on-omegle-and-ometv/ HTTP/1.0" 200 89674 "-" "Mozilla/5.0 (compatible; YandexBot/3.0; +http://yandex.com/bots)"
45.117.177.72 - - [09/Sep/2025:08:29:23 +0700] "POST /wp-cron.php?doing_wp_cron=1757381363.1782660484313964843750 HTTP/1.0" 200 416 "-" "WordPress/6.8.1; https://vattusacky.vn"
20.171.207.204 - - [09/Sep/2025:08:29:21 +0700] "GET /safety-precautions-while-using-omegle/ HTTP/1.0" 200 79910 "-" "Mozilla/5.0 AppleWebKit/537.36 (KHTML, like Gecko; compatible; GPTBot/1.2; +https://openai.com/gptbot)"
20.171.207.204 - - [09/Sep/2025:08:29:29 +0700] "GET /?p=7775 HTTP/1.0" 301 476 "-" "Mozilla/5.0 AppleWebKit/537.36 (KHTML, like Gecko; compatible; GPTBot/1.2; +https://openai.com/gptbot)"
20.171.207.204 - - [09/Sep/2025:08:29:30 +0700] "GET /omegle-vs-ometv-which-is-better/ HTTP/1.0" 200 88624 "-" "Mozilla/5.0 AppleWebKit/537.36 (KHTML, like Gecko; compatible; GPTBot/1.2; +https://openai.com/gptbot)"
20.171.207.204 - - [09/Sep/2025:08:29:36 +0700] "GET /wp-content/uploads/2016/09/cropped-logo-vietnguyen2-180x180.png HTTP/1.0" 200 439 "-" "Mozilla/5.0 AppleWebKit/537.36 (KHTML, like Gecko; compatible; GPTBot/1.2; +https://openai.com/gptbot)"
20.171.207.204 - - [09/Sep/2025:08:29:41 +0700] "GET /?p=6359 HTTP/1.0" 301 514 "-" "Mozilla/5.0 AppleWebKit/537.36 (KHTML, like Gecko; compatible; GPTBot/1.2; +https://openai.com/gptbot)"
20.171.207.204 - - [09/Sep/2025:08:29:43 +0700] "GET /chatroulette-and-omegle-the-impact-on-social-skills-and-communication/ HTTP/1.0" 200 94882 "-" "Mozilla/5.0 AppleWebKit/537.36 (KHTML, like Gecko; compatible; GPTBot/1.2; +https://openai.com/gptbot)"
20.171.207.204 - - [09/Sep/2025:08:29:50 +0700] "GET /daddy-casino-obzor-2023-i-bonusy-igrat-na-dengi-v-2 HTTP/1.0" 301 496 "-" "Mozilla/5.0 AppleWebKit/537.36 (KHTML, like Gecko; compatible; GPTBot/1.2; +https://openai.com/gptbot)"
20.171.207.204 - - [09/Sep/2025:08:29:51 +0700] "GET /daddy-casino-obzor-2023-i-bonusy-igrat-na-dengi-v-2/ HTTP/1.0" 200 97465 "-" "Mozilla/5.0 AppleWebKit/537.36 (KHTML, like Gecko; compatible; GPTBot/1.2; +https://openai.com/gptbot)"
20.171.207.204 - - [09/Sep/2025:08:29:57 +0700] "GET /?p=2918 HTTP/1.0" 301 477 "-" "Mozilla/5.0 AppleWebKit/537.36 (KHTML, like Gecko; compatible; GPTBot/1.2; +https://openai.com/gptbot)"
20.171.207.204 - - [09/Sep/2025:08:29:59 +0700] "GET /points-to-know-about-asian-women/ HTTP/1.0" 200 209687 "-" "Mozilla/5.0 AppleWebKit/537.36 (KHTML, like Gecko; compatible; GPTBot/1.2; +https://openai.com/gptbot)"
20.171.207.204 - - [09/Sep/2025:08:30:03 +0700] "GET /cyberbullying-and-harassment-on-omegle/ HTTP/1.0" 200 91341 "-" "Mozilla/5.0 AppleWebKit/537.36 (KHTML, like Gecko; compatible; GPTBot/1.2; +https://openai.com/gptbot)"
20.171.207.204 - - [09/Sep/2025:08:30:10 +0700] "GET /five-qualities-for-a-good-matrimony HTTP/1.0" 301 480 "-" "Mozilla/5.0 AppleWebKit/537.36 (KHTML, like Gecko; compatible; GPTBot/1.2; +https://openai.com/gptbot)"
20.171.207.204 - - [09/Sep/2025:08:30:12 +0700] "GET /five-qualities-for-a-good-matrimony/ HTTP/1.0" 200 206284 "-" "Mozilla/5.0 AppleWebKit/537.36 (KHTML, like Gecko; compatible; GPTBot/1.2; +https://openai.com/gptbot)"
45.117.177.72 - - [09/Sep/2025:08:30:19 +0700] "POST /wp-cron.php?doing_wp_cron=1757381419.1073551177978515625000 HTTP/1.0" 200 416 "-" "WordPress/6.8.1; https://vattusacky.vn"
20.171.207.204 - - [09/Sep/2025:08:30:17 +0700] "GET /omegle-and-language-learning-practicing-foreign-languages-through-conversations-with-native-speakers/ HTTP/1.0" 200 92009 "-" "Mozilla/5.0 AppleWebKit/537.36 (KHTML, like Gecko; compatible; GPTBot/1.2; +https://openai.com/gptbot)"
20.171.207.204 - - [09/Sep/2025:08:30:25 +0700] "GET /managing-expectations-in-anonymous-omegle-conversations-balancing-fiction-and-reality/ HTTP/1.0" 200 94068 "-" "Mozilla/5.0 AppleWebKit/537.36 (KHTML, like Gecko; compatible; GPTBot/1.2; +https://openai.com/gptbot)"
20.171.207.204 - - [09/Sep/2025:08:30:31 +0700] "GET /?p=6450 HTTP/1.0" 301 483 "-" "Mozilla/5.0 AppleWebKit/537.36 (KHTML, like Gecko; compatible; GPTBot/1.2; +https://openai.com/gptbot)"
20.171.207.204 - - [09/Sep/2025:08:30:32 +0700] "GET /cyberbullying-and-harassment-on-omegle/ HTTP/1.0" 200 91341 "-" "Mozilla/5.0 AppleWebKit/537.36 (KHTML, like Gecko; compatible; GPTBot/1.2; +https://openai.com/gptbot)"
20.171.207.204 - - [09/Sep/2025:08:30:37 +0700] "GET /cultural-sensitivity-on-omegle-promoting-respect-and-understanding/ HTTP/1.0" 200 90727 "-" "Mozilla/5.0 AppleWebKit/537.36 (KHTML, like Gecko; compatible; GPTBot/1.2; +https://openai.com/gptbot)"
20.171.207.204 - - [09/Sep/2025:08:30:45 +0700] "GET /?p=6451 HTTP/1.0" 301 482 "-" "Mozilla/5.0 AppleWebKit/537.36 (KHTML, like Gecko; compatible; GPTBot/1.2; +https://openai.com/gptbot)"
20.171.207.204 - - [09/Sep/2025:08:30:47 +0700] "GET /cyberbullying-and-harassment-on-ometv/ HTTP/1.0" 200 91057 "-" "Mozilla/5.0 AppleWebKit/537.36 (KHTML, like Gecko; compatible; GPTBot/1.2; +https://openai.com/gptbot)"
20.171.207.204 - - [09/Sep/2025:08:30:54 +0700] "GET /?p=3046 HTTP/1.0" 301 518 "-" "Mozilla/5.0 AppleWebKit/537.36 (KHTML, like Gecko; compatible; GPTBot/1.2; +https://openai.com/gptbot)"
20.171.207.204 - - [09/Sep/2025:08:30:55 +0700] "GET /women-at-war-ukraines-female-soldiers-dream-of-freedom-fight-for-survival/ HTTP/1.0" 200 211530 "-" "Mozilla/5.0 AppleWebKit/537.36 (KHTML, like Gecko; compatible; GPTBot/1.2; +https://openai.com/gptbot)"
20.171.207.204 - - [09/Sep/2025:08:31:01 +0700] "GET /omegle-and-online-harassment-recognizing-and-protecting-yourself-against-harassment-on-the-platform/ HTTP/1.0" 200 76385 "-" "Mozilla/5.0 AppleWebKit/537.36 (KHTML, like Gecko; compatible; GPTBot/1.2; +https://openai.com/gptbot)"
20.171.207.204 - - [09/Sep/2025:08:31:07 +0700] "GET /?p=7687 HTTP/1.0" 301 500 "-" "Mozilla/5.0 AppleWebKit/537.36 (KHTML, like Gecko; compatible; GPTBot/1.2; +https://openai.com/gptbot)"
20.171.207.204 - - [09/Sep/2025:08:31:08 +0700] "GET /omegle-on-mobile-chatting-on-the-go-with-the-mobile-app/ HTTP/1.0" 200 89323 "-" "Mozilla/5.0 AppleWebKit/537.36 (KHTML, like Gecko; compatible; GPTBot/1.2; +https://openai.com/gptbot)"
20.171.207.204 - - [09/Sep/2025:08:31:15 +0700] "GET /?p=8163 HTTP/1.0" 301 482 "-" "Mozilla/5.0 AppleWebKit/537.36 (KHTML, like Gecko; compatible; GPTBot/1.2; +https://openai.com/gptbot)"
45.117.177.72 - - [09/Sep/2025:08:31:18 +0700] "POST /wp-cron.php?doing_wp_cron=1757381478.3650000095367431640625 HTTP/1.0" 200 416 "-" "WordPress/6.8.1; https://vattusacky.vn"
20.171.207.204 - - [09/Sep/2025:08:31:17 +0700] "GET /safety-precautions-while-using-omegle/ HTTP/1.0" 200 79910 "-" "Mozilla/5.0 AppleWebKit/537.36 (KHTML, like Gecko; compatible; GPTBot/1.2; +https://openai.com/gptbot)"
20.171.207.204 - - [09/Sep/2025:08:31:24 +0700] "GET /adapting-to-communication-preferences-video-vs-text-on-omegle-and-ometv/feed/ HTTP/1.0" 200 1664 "-" "Mozilla/5.0 AppleWebKit/537.36 (KHTML, like Gecko; compatible; GPTBot/1.2; +https://openai.com/gptbot)"
20.171.207.204 - - [09/Sep/2025:08:31:30 +0700] "GET /mostbet-kazinosu-the-computer-toda/ HTTP/1.0" 200 92241 "-" "Mozilla/5.0 AppleWebKit/537.36 (KHTML, like Gecko; compatible; GPTBot/1.2; +https://openai.com/gptbot)"
45.61.184.60 - - [09/Sep/2025:08:31:31 +0700] "GET /wp-login.php HTTP/1.0" 200 11388 "-" "Mozilla/5.0 (Windows NT 6.1) AppleWebKit/537.36 (KHTML, like Gecko) Chrome/36.0.1985.143 Safari/537.36"
20.171.207.204 - - [09/Sep/2025:08:31:36 +0700] "GET /?p=7199 HTTP/1.0" 301 676 "-" "Mozilla/5.0 AppleWebKit/537.36 (KHTML, like Gecko; compatible; GPTBot/1.2; +https://openai.com/gptbot)"
20.171.207.204 - - [09/Sep/2025:08:31:38 +0700] "GET /managing-expectations-in-anonymous-omegle-conversations-balancing-fiction-and-reality/ HTTP/1.0" 200 94068 "-" "Mozilla/5.0 AppleWebKit/537.36 (KHTML, like Gecko; compatible; GPTBot/1.2; +https://openai.com/gptbot)"
20.171.207.204 - - [09/Sep/2025:08:31:45 +0700] "GET /comprehending-the-relationship-between-culture-and-relationships/ HTTP/1.0" 200 208914 "-" "Mozilla/5.0 AppleWebKit/537.36 (KHTML, like Gecko; compatible; GPTBot/1.2; +https://openai.com/gptbot)"
20.171.207.204 - - [09/Sep/2025:08:31:54 +0700] "GET /?p=7351 HTTP/1.0" 301 545 "-" "Mozilla/5.0 AppleWebKit/537.36 (KHTML, like Gecko; compatible; GPTBot/1.2; +https://openai.com/gptbot)"
20.171.207.204 - - [09/Sep/2025:08:31:55 +0700] "GET /omegle-and-language-learning-practicing-foreign-languages-through-conversations-with-native-speakers/ HTTP/1.0" 200 92009 "-" "Mozilla/5.0 AppleWebKit/537.36 (KHTML, like Gecko; compatible; GPTBot/1.2; +https://openai.com/gptbot)"
20.171.207.204 - - [09/Sep/2025:08:32:01 +0700] "GET /?p=7470 HTTP/1.0" 301 544 "-" "Mozilla/5.0 AppleWebKit/537.36 (KHTML, like Gecko; compatible; GPTBot/1.2; +https://openai.com/gptbot)"
20.171.207.204 - - [09/Sep/2025:08:32:03 +0700] "GET /omegle-and-online-harassment-recognizing-and-protecting-yourself-against-harassment-on-the-platform/ HTTP/1.0" 200 76385 "-" "Mozilla/5.0 AppleWebKit/537.36 (KHTML, like Gecko; compatible; GPTBot/1.2; +https://openai.com/gptbot)"
20.171.207.204 - - [09/Sep/2025:08:32:13 +0700] "GET /?p=6449 HTTP/1.0" 301 511 "-" "Mozilla/5.0 AppleWebKit/537.36 (KHTML, like Gecko; compatible; GPTBot/1.2; +https://openai.com/gptbot)"
20.171.207.204 - - [09/Sep/2025:08:32:14 +0700] "GET /cultural-sensitivity-on-omegle-promoting-respect-and-understanding/ HTTP/1.0" 200 90727 "-" "Mozilla/5.0 AppleWebKit/537.36 (KHTML, like Gecko; compatible; GPTBot/1.2; +https://openai.com/gptbot)"
45.117.177.72 - - [09/Sep/2025:08:32:22 +0700] "POST /wp-cron.php?doing_wp_cron=1757381542.5011870861053466796875 HTTP/1.0" 200 416 "-" "WordPress/6.8.1; https://vattusacky.vn"
20.171.207.204 - - [09/Sep/2025:08:32:21 +0700] "GET /ways-to-report-abusive-behavior-on-ometv/ HTTP/1.0" 200 89211 "-" "Mozilla/5.0 AppleWebKit/537.36 (KHTML, like Gecko; compatible; GPTBot/1.2; +https://openai.com/gptbot)"
20.171.207.204 - - [09/Sep/2025:08:32:32 +0700] "GET /least-expensive-tadalafil-near-me/ HTTP/1.0" 200 85537 "-" "Mozilla/5.0 AppleWebKit/537.36 (KHTML, like Gecko; compatible; GPTBot/1.2; +https://openai.com/gptbot)"
20.171.207.204 - - [09/Sep/2025:08:32:41 +0700] "GET /overcoming-prejudice-on-omegle-challenging-assumptions-and-stereotypes-through-conversations/ HTTP/1.0" 200 91492 "-" "Mozilla/5.0 AppleWebKit/537.36 (KHTML, like Gecko; compatible; GPTBot/1.2; +https://openai.com/gptbot)"
20.171.207.204 - - [09/Sep/2025:08:32:50 +0700] "GET /atlanta-wedding-and-engagement-traditions/ HTTP/1.0" 200 206489 "-" "Mozilla/5.0 AppleWebKit/537.36 (KHTML, like Gecko; compatible; GPTBot/1.2; +https://openai.com/gptbot)"
20.171.207.204 - - [09/Sep/2025:08:32:58 +0700] "GET /cultural-sensitivity-in-language-communication-on-omegle-and-ometv/ HTTP/1.0" 200 92076 "-" "Mozilla/5.0 AppleWebKit/537.36 (KHTML, like Gecko; compatible; GPTBot/1.2; +https://openai.com/gptbot)"
20.171.207.204 - - [09/Sep/2025:08:33:09 +0700] "GET /searching-for-arrangements-assessment/ HTTP/1.0" 200 208339 "-" "Mozilla/5.0 AppleWebKit/537.36 (KHTML, like Gecko; compatible; GPTBot/1.2; +https://openai.com/gptbot)"
45.117.177.72 - - [09/Sep/2025:08:33:19 +0700] "POST /wp-cron.php?doing_wp_cron=1757381599.4899089336395263671875 HTTP/1.0" 200 416 "-" "WordPress/6.8.1; https://vattusacky.vn"
20.171.207.204 - - [09/Sep/2025:08:33:18 +0700] "GET /latina-mail-order-brides-data-websites-prices-suggestions/ HTTP/1.0" 200 76811 "-" "Mozilla/5.0 AppleWebKit/537.36 (KHTML, like Gecko; compatible; GPTBot/1.2; +https://openai.com/gptbot)"
20.171.207.204 - - [09/Sep/2025:08:33:25 +0700] "GET /real-money-online-casino-gambling/ HTTP/1.0" 200 206667 "-" "Mozilla/5.0 AppleWebKit/537.36 (KHTML, like Gecko; compatible; GPTBot/1.2; +https://openai.com/gptbot)"
20.171.207.204 - - [09/Sep/2025:08:33:34 +0700] "GET /astrology-and-online-dating-sites/ HTTP/1.0" 200 206435 "-" "Mozilla/5.0 AppleWebKit/537.36 (KHTML, like Gecko; compatible; GPTBot/1.2; +https://openai.com/gptbot)"
20.171.207.204 - - [09/Sep/2025:08:33:44 +0700] "GET /folders-sharing-support-review HTTP/1.0" 301 475 "-" "Mozilla/5.0 AppleWebKit/537.36 (KHTML, like Gecko; compatible; GPTBot/1.2; +https://openai.com/gptbot)"
20.171.207.204 - - [09/Sep/2025:08:33:46 +0700] "GET /folders-sharing-support-review/ HTTP/1.0" 200 205052 "-" "Mozilla/5.0 AppleWebKit/537.36 (KHTML, like Gecko; compatible; GPTBot/1.2; +https://openai.com/gptbot)"
20.171.207.204 - - [09/Sep/2025:08:33:56 +0700] "GET /?p=6448 HTTP/1.0" 301 511 "-" "Mozilla/5.0 AppleWebKit/537.36 (KHTML, like Gecko; compatible; GPTBot/1.2; +https://openai.com/gptbot)"
20.171.207.204 - - [09/Sep/2025:08:33:57 +0700] "GET /cultural-sensitivity-in-language-communication-on-omegle-and-ometv/ HTTP/1.0" 200 92076 "-" "Mozilla/5.0 AppleWebKit/537.36 (KHTML, like Gecko; compatible; GPTBot/1.2; +https://openai.com/gptbot)"
20.171.207.204 - - [09/Sep/2025:08:34:04 +0700] "GET /?p=3008 HTTP/1.0" 301 432 "-" "Mozilla/5.0 AppleWebKit/537.36 (KHTML, like Gecko; compatible; GPTBot/1.2; +https://openai.com/gptbot)"
20.171.207.204 - - [09/Sep/2025:08:34:06 +0700] "GET /real-money-online-casino-gambling/ HTTP/1.0" 200 206667 "-" "Mozilla/5.0 AppleWebKit/537.36 (KHTML, like Gecko; compatible; GPTBot/1.2; +https://openai.com/gptbot)"
20.171.207.204 - - [09/Sep/2025:08:34:14 +0700] "GET /cultural-sensitivity-and-understanding-on-omegle/ HTTP/1.0" 200 89008 "-" "Mozilla/5.0 AppleWebKit/537.36 (KHTML, like Gecko; compatible; GPTBot/1.2; +https://openai.com/gptbot)"
45.117.177.72 - - [09/Sep/2025:08:34:22 +0700] "POST /wp-cron.php?doing_wp_cron=1757381661.9113659858703613281250 HTTP/1.0" 200 416 "-" "WordPress/6.8.1; https://vattusacky.vn"
20.171.207.204 - - [09/Sep/2025:08:34:20 +0700] "GET /?p=2935 HTTP/1.0" 301 482 "-" "Mozilla/5.0 AppleWebKit/537.36 (KHTML, like Gecko; compatible; GPTBot/1.2; +https://openai.com/gptbot)"
20.171.207.204 - - [09/Sep/2025:08:34:22 +0700] "GET /searching-for-arrangements-assessment/ HTTP/1.0" 200 208339 "-" "Mozilla/5.0 AppleWebKit/537.36 (KHTML, like Gecko; compatible; GPTBot/1.2; +https://openai.com/gptbot)"
20.171.207.204 - - [09/Sep/2025:08:34:28 +0700] "GET /have-you-been-internet-dating-a-fixer-upper/ HTTP/1.0" 200 208471 "-" "Mozilla/5.0 AppleWebKit/537.36 (KHTML, like Gecko; compatible; GPTBot/1.2; +https://openai.com/gptbot)"
20.171.207.204 - - [09/Sep/2025:08:34:33 +0700] "GET /?p=8040 HTTP/1.0" 301 537 "-" "Mozilla/5.0 AppleWebKit/537.36 (KHTML, like Gecko; compatible; GPTBot/1.2; +https://openai.com/gptbot)"
20.171.207.204 - - [09/Sep/2025:08:34:35 +0700] "GET /overcoming-prejudice-on-omegle-challenging-assumptions-and-stereotypes-through-conversations/ HTTP/1.0" 200 91492 "-" "Mozilla/5.0 AppleWebKit/537.36 (KHTML, like Gecko; compatible; GPTBot/1.2; +https://openai.com/gptbot)"
40.77.167.154 - - [09/Sep/2025:08:34:37 +0700] "GET /the-psychological-impact-of-language-barrier-on-omegle-and-ometv-users/ HTTP/1.0" 200 82962 "-" "Mozilla/5.0 AppleWebKit/537.36 (KHTML, like Gecko; compatible; bingbot/2.0; +http://www.bing.com/bingbot.htm) Chrome/116.0.1938.76 Safari/537.36"
20.171.207.204 - - [09/Sep/2025:08:34:39 +0700] "GET /how-to-stay-safe-on-ometv/ HTTP/1.0" 200 89008 "-" "Mozilla/5.0 AppleWebKit/537.36 (KHTML, like Gecko; compatible; GPTBot/1.2; +https://openai.com/gptbot)"
20.171.207.204 - - [09/Sep/2025:08:34:44 +0700] "GET /?p=10120 HTTP/1.0" 301 478 "-" "Mozilla/5.0 AppleWebKit/537.36 (KHTML, like Gecko; compatible; GPTBot/1.2; +https://openai.com/gptbot)"
20.171.207.204 - - [09/Sep/2025:08:34:45 +0700] "GET /least-expensive-tadalafil-near-me/ HTTP/1.0" 200 85537 "-" "Mozilla/5.0 AppleWebKit/537.36 (KHTML, like Gecko; compatible; GPTBot/1.2; +https://openai.com/gptbot)"
20.171.207.204 - - [09/Sep/2025:08:34:49 +0700] "GET /?p=9211 HTTP/1.0" 301 485 "-" "Mozilla/5.0 AppleWebKit/537.36 (KHTML, like Gecko; compatible; GPTBot/1.2; +https://openai.com/gptbot)"
20.171.207.204 - - [09/Sep/2025:08:34:51 +0700] "GET /ways-to-report-abusive-behavior-on-ometv/ HTTP/1.0" 200 89211 "-" "Mozilla/5.0 AppleWebKit/537.36 (KHTML, like Gecko; compatible; GPTBot/1.2; +https://openai.com/gptbot)"
20.171.207.204 - - [09/Sep/2025:08:34:56 +0700] "GET /?p=2133 HTTP/1.0" 301 478 "-" "Mozilla/5.0 AppleWebKit/537.36 (KHTML, like Gecko; compatible; GPTBot/1.2; +https://openai.com/gptbot)"
45.61.184.60 - - [09/Sep/2025:08:34:58 +0700] "POST /wp-login.php HTTP/1.0" 200 11752 "-" "Mozilla/5.0 (Windows NT 6.1) AppleWebKit/537.36 (KHTML, like Gecko) Chrome/36.0.1985.143 Safari/537.36"
20.171.207.204 - - [09/Sep/2025:08:34:57 +0700] "GET /astrology-and-online-dating-sites/ HTTP/1.0" 200 206435 "-" "Mozilla/5.0 AppleWebKit/537.36 (KHTML, like Gecko; compatible; GPTBot/1.2; +https://openai.com/gptbot)"
20.171.207.204 - - [09/Sep/2025:08:35:01 +0700] "GET /the-ethics-of-online-interactions/ HTTP/1.0" 200 90088 "-" "Mozilla/5.0 AppleWebKit/537.36 (KHTML, like Gecko; compatible; GPTBot/1.2; +https://openai.com/gptbot)"
20.171.207.204 - - [09/Sep/2025:08:35:05 +0700] "GET /the-history-of-overseas-wives/ HTTP/1.0" 200 209039 "-" "Mozilla/5.0 AppleWebKit/537.36 (KHTML, like Gecko; compatible; GPTBot/1.2; +https://openai.com/gptbot)"
20.171.207.204 - - [09/Sep/2025:08:35:10 +0700] "GET /cultural-exploration-on-omegle-and-ometv-uncovering-global-connections/ HTTP/1.0" 200 92009 "-" "Mozilla/5.0 AppleWebKit/537.36 (KHTML, like Gecko; compatible; GPTBot/1.2; +https://openai.com/gptbot)"
40.77.167.254 - - [09/Sep/2025:08:35:12 +0700] "GET /omegle-and-ometv-for-finding-like-minded-individuals/ HTTP/1.0" 200 88870 "-" "Mozilla/5.0 AppleWebKit/537.36 (KHTML, like Gecko; compatible; bingbot/2.0; +http://www.bing.com/bingbot.htm) Chrome/116.0.1938.76 Safari/537.36"
20.171.207.204 - - [09/Sep/2025:08:35:14 +0700] "GET /how-to-pick-up-a-hot-daughter/ HTTP/1.0" 200 75805 "-" "Mozilla/5.0 AppleWebKit/537.36 (KHTML, like Gecko; compatible; GPTBot/1.2; +https://openai.com/gptbot)"
45.117.177.72 - - [09/Sep/2025:08:35:20 +0700] "POST /wp-cron.php?doing_wp_cron=1757381719.7974839210510253906250 HTTP/1.0" 200 416 "-" "WordPress/6.8.1; https://vattusacky.vn"
20.171.207.204 - - [09/Sep/2025:08:35:18 +0700] "GET /ideal-virus-protection-for-mac/ HTTP/1.0" 200 205205 "-" "Mozilla/5.0 AppleWebKit/537.36 (KHTML, like Gecko; compatible; GPTBot/1.2; +https://openai.com/gptbot)"
20.171.207.204 - - [09/Sep/2025:08:35:23 +0700] "GET /craps-whirl-globe-wager-told-me HTTP/1.0" 301 476 "-" "Mozilla/5.0 AppleWebKit/537.36 (KHTML, like Gecko; compatible; GPTBot/1.2; +https://openai.com/gptbot)"
20.171.207.204 - - [09/Sep/2025:08:35:24 +0700] "GET /craps-whirl-globe-wager-told-me/ HTTP/1.0" 200 211578 "-" "Mozilla/5.0 AppleWebKit/537.36 (KHTML, like Gecko; compatible; GPTBot/1.2; +https://openai.com/gptbot)"
20.171.207.204 - - [09/Sep/2025:08:35:27 +0700] "GET /?p=3177 HTTP/1.0" 301 474 "-" "Mozilla/5.0 AppleWebKit/537.36 (KHTML, like Gecko; compatible; GPTBot/1.2; +https://openai.com/gptbot)"
20.171.207.204 - - [09/Sep/2025:08:35:29 +0700] "GET /the-history-of-overseas-wives/ HTTP/1.0" 200 209039 "-" "Mozilla/5.0 AppleWebKit/537.36 (KHTML, like Gecko; compatible; GPTBot/1.2; +https://openai.com/gptbot)"
20.171.207.204 - - [09/Sep/2025:08:35:32 +0700] "GET /?p=6446 HTTP/1.0" 301 515 "-" "Mozilla/5.0 AppleWebKit/537.36 (KHTML, like Gecko; compatible; GPTBot/1.2; +https://openai.com/gptbot)"
20.171.207.204 - - [09/Sep/2025:08:35:34 +0700] "GET /cultural-exploration-on-omegle-and-ometv-uncovering-global-connections/ HTTP/1.0" 200 92009 "-" "Mozilla/5.0 AppleWebKit/537.36 (KHTML, like Gecko; compatible; GPTBot/1.2; +https://openai.com/gptbot)"
20.171.207.204 - - [09/Sep/2025:08:35:38 +0700] "GET /?p=4707 HTTP/1.0" 301 476 "-" "Mozilla/5.0 AppleWebKit/537.36 (KHTML, like Gecko; compatible; GPTBot/1.2; +https://openai.com/gptbot)"
20.171.207.204 - - [09/Sep/2025:08:35:39 +0700] "GET /craps-whirl-globe-wager-told-me/ HTTP/1.0" 200 211578 "-" "Mozilla/5.0 AppleWebKit/537.36 (KHTML, like Gecko; compatible; GPTBot/1.2; +https://openai.com/gptbot)"
20.171.207.204 - - [09/Sep/2025:08:35:43 +0700] "GET /?p=9800 HTTP/1.0" 301 474 "-" "Mozilla/5.0 AppleWebKit/537.36 (KHTML, like Gecko; compatible; GPTBot/1.2; +https://openai.com/gptbot)"
20.171.207.204 - - [09/Sep/2025:08:35:44 +0700] "GET /how-to-pick-up-a-hot-daughter/ HTTP/1.0" 200 75805 "-" "Mozilla/5.0 AppleWebKit/537.36 (KHTML, like Gecko; compatible; GPTBot/1.2; +https://openai.com/gptbot)"
20.171.207.204 - - [09/Sep/2025:08:35:48 +0700] "GET /?p=8427 HTTP/1.0" 301 478 "-" "Mozilla/5.0 AppleWebKit/537.36 (KHTML, like Gecko; compatible; GPTBot/1.2; +https://openai.com/gptbot)"
20.171.207.204 - - [09/Sep/2025:08:35:49 +0700] "GET /the-ethics-of-online-interactions/ HTTP/1.0" 200 90088 "-" "Mozilla/5.0 AppleWebKit/537.36 (KHTML, like Gecko; compatible; GPTBot/1.2; +https://openai.com/gptbot)"
20.171.207.204 - - [09/Sep/2025:08:35:53 +0700] "GET /?p=6447 HTTP/1.0" 301 493 "-" "Mozilla/5.0 AppleWebKit/537.36 (KHTML, like Gecko; compatible; GPTBot/1.2; +https://openai.com/gptbot)"
20.171.207.204 - - [09/Sep/2025:08:35:54 +0700] "GET /cultural-sensitivity-and-understanding-on-omegle/ HTTP/1.0" 200 89008 "-" "Mozilla/5.0 AppleWebKit/537.36 (KHTML, like Gecko; compatible; GPTBot/1.2; +https://openai.com/gptbot)"
20.171.207.204 - - [09/Sep/2025:08:35:59 +0700] "GET /pogashennja-kreditu-ukrpozika-onlajn/ HTTP/1.0" 200 300120 "-" "Mozilla/5.0 AppleWebKit/537.36 (KHTML, like Gecko; compatible; GPTBot/1.2; +https://openai.com/gptbot)"
20.171.207.204 - - [09/Sep/2025:08:36:05 +0700] "GET /?p=2831 HTTP/1.0" 301 488 "-" "Mozilla/5.0 AppleWebKit/537.36 (KHTML, like Gecko; compatible; GPTBot/1.2; +https://openai.com/gptbot)"
20.171.207.204 - - [09/Sep/2025:08:36:06 +0700] "GET /have-you-been-internet-dating-a-fixer-upper/ HTTP/1.0" 200 208471 "-" "Mozilla/5.0 AppleWebKit/537.36 (KHTML, like Gecko; compatible; GPTBot/1.2; +https://openai.com/gptbot)"
20.171.207.204 - - [09/Sep/2025:08:36:11 +0700] "GET /omegle-vs-ometv-which-platform-offers-better-mobile-app-availability/ HTTP/1.0" 200 89859 "-" "Mozilla/5.0 AppleWebKit/537.36 (KHTML, like Gecko; compatible; GPTBot/1.2; +https://openai.com/gptbot)"
45.117.177.72 - - [09/Sep/2025:08:36:17 +0700] "POST /wp-cron.php?doing_wp_cron=1757381777.5664000511169433593750 HTTP/1.0" 200 416 "-" "WordPress/6.8.1; https://vattusacky.vn"
20.171.207.204 - - [09/Sep/2025:08:36:16 +0700] "GET /aws-cloud-ownership-framework-aws/ HTTP/1.0" 200 205244 "-" "Mozilla/5.0 AppleWebKit/537.36 (KHTML, like Gecko; compatible; GPTBot/1.2; +https://openai.com/gptbot)"
20.171.207.204 - - [09/Sep/2025:08:36:20 +0700] "GET /?p=2461 HTTP/1.0" 301 481 "-" "Mozilla/5.0 AppleWebKit/537.36 (KHTML, like Gecko; compatible; GPTBot/1.2; +https://openai.com/gptbot)"
20.171.207.204 - - [09/Sep/2025:08:36:21 +0700] "GET /pogashennja-kreditu-ukrpozika-onlajn/ HTTP/1.0" 200 300120 "-" "Mozilla/5.0 AppleWebKit/537.36 (KHTML, like Gecko; compatible; GPTBot/1.2; +https://openai.com/gptbot)"
34.234.206.30 - - [09/Sep/2025:08:36:23 +0700] "GET /decoding-omegles-future-breaking-barriers-in-random-chats/ HTTP/1.0" 200 91404 "-" "Mozilla/5.0 AppleWebKit/537.36 (KHTML, like Gecko; compatible; Amazonbot/0.1; +https://developer.amazon.com/support/amazonbot) Chrome/119.0.6045.214 Safari/537.36"
34.236.135.14 - - [09/Sep/2025:08:36:27 +0700] "GET /exploring-identity-and-self-expression-in-omegle-therapy/ HTTP/1.0" 403 618 "-" "Mozilla/5.0 AppleWebKit/537.36 (KHTML, like Gecko; compatible; Amazonbot/0.1; +https://developer.amazon.com/support/amazonbot) Chrome/119.0.6045.214 Safari/537.36"
20.171.207.204 - - [09/Sep/2025:08:36:27 +0700] "GET /the-main-advantages-of-overseas-online-dating/ HTTP/1.0" 200 75237 "-" "Mozilla/5.0 AppleWebKit/537.36 (KHTML, like Gecko; compatible; GPTBot/1.2; +https://openai.com/gptbot)"
35.153.86.200 - - [09/Sep/2025:08:36:31 +0700] "GET /omegles-impact-on-communication-skills-and-social-confidence/ HTTP/1.0" 200 90321 "-" "Mozilla/5.0 AppleWebKit/537.36 (KHTML, like Gecko; compatible; Amazonbot/0.1; +https://developer.amazon.com/support/amazonbot) Chrome/119.0.6045.214 Safari/537.36"
20.171.207.204 - - [09/Sep/2025:08:36:33 +0700] "GET /?p=7788 HTTP/1.0" 301 513 "-" "Mozilla/5.0 AppleWebKit/537.36 (KHTML, like Gecko; compatible; GPTBot/1.2; +https://openai.com/gptbot)"
20.171.207.204 - - [09/Sep/2025:08:36:34 +0700] "GET /omegle-vs-ometv-which-platform-offers-better-mobile-app-availability/ HTTP/1.0" 200 89859 "-" "Mozilla/5.0 AppleWebKit/537.36 (KHTML, like Gecko; compatible; GPTBot/1.2; +https://openai.com/gptbot)"
54.80.73.122 - - [09/Sep/2025:08:36:36 +0700] "GET /omegle-unleashed-the-anonymous-explorers-revolution/ HTTP/1.0" 200 92044 "-" "Mozilla/5.0 AppleWebKit/537.36 (KHTML, like Gecko; compatible; Amazonbot/0.1; +https://developer.amazon.com/support/amazonbot) Chrome/119.0.6045.214 Safari/537.36"
20.171.207.204 - - [09/Sep/2025:08:36:40 +0700] "GET /snail-mail-in-order-partner HTTP/1.0" 301 618 "-" "Mozilla/5.0 AppleWebKit/537.36 (KHTML, like Gecko; compatible; GPTBot/1.2; +https://openai.com/gptbot)"
35.169.102.85 - - [09/Sep/2025:08:36:39 +0700] "GET /omegle-as-a-modern-day-pen-pal-platform/ HTTP/1.0" 200 91323 "-" "Mozilla/5.0 AppleWebKit/537.36 (KHTML, like Gecko; compatible; Amazonbot/0.1; +https://developer.amazon.com/support/amazonbot) Chrome/119.0.6045.214 Safari/537.36"
20.171.207.204 - - [09/Sep/2025:08:36:41 +0700] "GET /snail-mail-in-order-partner/ HTTP/1.0" 200 205112 "-" "Mozilla/5.0 AppleWebKit/537.36 (KHTML, like Gecko; compatible; GPTBot/1.2; +https://openai.com/gptbot)"
98.84.200.43 - - [09/Sep/2025:08:36:43 +0700] "GET /omegle-vs-ometv-a-tech-showdown-between-two-chat-giants/ HTTP/1.0" 200 91027 "-" "Mozilla/5.0 AppleWebKit/537.36 (KHTML, like Gecko; compatible; Amazonbot/0.1; +https://developer.amazon.com/support/amazonbot) Chrome/119.0.6045.214 Safari/537.36"
20.171.207.204 - - [09/Sep/2025:08:36:46 +0700] "GET /cach-xac-dinh-vi-tri-pha-vo-nhanh-chong-https-vaytienuytin24h-com-vay-tien-online-neu-nen-kinh-te-cua-ban-khong-qua-phat-trien/ HTTP/1.0" 200 212845 "-" "Mozilla/5.0 AppleWebKit/537.36 (KHTML, like Gecko; compatible; GPTBot/1.2; +https://openai.com/gptbot)"
23.21.148.226 - - [09/Sep/2025:08:36:47 +0700] "GET /category/csgo/ HTTP/1.0" 200 58775 "-" "Mozilla/5.0 AppleWebKit/537.36 (KHTML, like Gecko; compatible; Amazonbot/0.1; +https://developer.amazon.com/support/amazonbot) Chrome/119.0.6045.214 Safari/537.36"
52.70.123.241 - - [09/Sep/2025:08:36:51 +0700] "GET /debugger-for-omegle-tools-for-troubleshooting-common-issues/ HTTP/1.0" 200 94050 "-" "Mozilla/5.0 AppleWebKit/537.36 (KHTML, like Gecko; compatible; Amazonbot/0.1; +https://developer.amazon.com/support/amazonbot) Chrome/119.0.6045.214 Safari/537.36"
23.21.148.226 - - [09/Sep/2025:08:36:55 +0700] "GET /cultural-sensitivity-in-language-communication-on-omegle-and-ometv/ HTTP/1.0" 200 92222 "-" "Mozilla/5.0 AppleWebKit/537.36 (KHTML, like Gecko; compatible; Amazonbot/0.1; +https://developer.amazon.com/support/amazonbot) Chrome/119.0.6045.214 Safari/537.36"
20.171.207.204 - - [09/Sep/2025:08:36:59 +0700] "GET /?p=5941 HTTP/1.0" 301 490 "-" "Mozilla/5.0 AppleWebKit/537.36 (KHTML, like Gecko; compatible; GPTBot/1.2; +https://openai.com/gptbot)"
98.84.184.80 - - [09/Sep/2025:08:36:59 +0700] "GET /the-evolution-of-omegle-collaborations-trends-and-innovations/ HTTP/1.0" 200 91617 "-" "Mozilla/5.0 AppleWebKit/537.36 (KHTML, like Gecko; compatible; Amazonbot/0.1; +https://developer.amazon.com/support/amazonbot) Chrome/119.0.6045.214 Safari/537.36"
20.171.207.204 - - [09/Sep/2025:08:37:00 +0700] "GET /the-main-advantages-of-overseas-online-dating/ HTTP/1.0" 200 75237 "-" "Mozilla/5.0 AppleWebKit/537.36 (KHTML, like Gecko; compatible; GPTBot/1.2; +https://openai.com/gptbot)"
44.207.207.36 - - [09/Sep/2025:08:37:03 +0700] "GET /funny-omegle-experiences-and-unexpected-funny-results/ HTTP/1.0" 200 92392 "-" "Mozilla/5.0 AppleWebKit/537.36 (KHTML, like Gecko; compatible; Amazonbot/0.1; +https://developer.amazon.com/support/amazonbot) Chrome/119.0.6045.214 Safari/537.36"
20.171.207.204 - - [09/Sep/2025:08:37:05 +0700] "GET /across-the-world-dating-how-to-find-absolutely-adore-abroad/ HTTP/1.0" 200 75545 "-" "Mozilla/5.0 AppleWebKit/537.36 (KHTML, like Gecko; compatible; GPTBot/1.2; +https://openai.com/gptbot)"
18.214.138.148 - - [09/Sep/2025:08:37:08 +0700] "GET /omegle-and-the-art-of-conversation-nurturing-connection-in-a-digital-world/ HTTP/1.0" 200 91436 "-" "Mozilla/5.0 AppleWebKit/537.36 (KHTML, like Gecko; compatible; Amazonbot/0.1; +https://developer.amazon.com/support/amazonbot) Chrome/119.0.6045.214 Safari/537.36"
34.234.197.175 - - [09/Sep/2025:08:37:11 +0700] "GET /designing-the-future-of-random-chats-omegles-new-direction/ HTTP/1.0" 200 90946 "-" "Mozilla/5.0 AppleWebKit/537.36 (KHTML, like Gecko; compatible; Amazonbot/0.1; +https://developer.amazon.com/support/amazonbot) Chrome/119.0.6045.214 Safari/537.36"
20.171.207.204 - - [09/Sep/2025:08:37:12 +0700] "GET /?p=3260 HTTP/1.0" 301 571 "-" "Mozilla/5.0 AppleWebKit/537.36 (KHTML, like Gecko; compatible; GPTBot/1.2; +https://openai.com/gptbot)"
20.171.207.204 - - [09/Sep/2025:08:37:13 +0700] "GET /cach-xac-dinh-vi-tri-pha-vo-nhanh-chong-https-vaytienuytin24h-com-vay-tien-online-neu-nen-kinh-te-cua-ban-khong-qua-phat-trien/ HTTP/1.0" 200 212845 "-" "Mozilla/5.0 AppleWebKit/537.36 (KHTML, like Gecko; compatible; GPTBot/1.2; +https://openai.com/gptbot)"
34.194.226.74 - - [09/Sep/2025:08:37:15 +0700] "GET /avg-vpn-netflix-review/ HTTP/1.0" 200 71596 "-" "Mozilla/5.0 AppleWebKit/537.36 (KHTML, like Gecko; compatible; Amazonbot/0.1; +https://developer.amazon.com/support/amazonbot) Chrome/119.0.6045.214 Safari/537.36"
45.117.177.72 - - [09/Sep/2025:08:37:18 +0700] "POST /wp-cron.php?doing_wp_cron=1757381838.3728160858154296875000 HTTP/1.0" 200 416 "-" "WordPress/6.8.1; https://vattusacky.vn"
20.171.207.204 - - [09/Sep/2025:08:37:17 +0700] "GET /avg-internet-secureness-review/ HTTP/1.0" 200 205448 "-" "Mozilla/5.0 AppleWebKit/537.36 (KHTML, like Gecko; compatible; GPTBot/1.2; +https://openai.com/gptbot)"
98.82.38.120 - - [09/Sep/2025:08:37:19 +0700] "GET /the-psychological-effects-of-online-anonymity-on-omegle/ HTTP/1.0" 200 93485 "-" "Mozilla/5.0 AppleWebKit/537.36 (KHTML, like Gecko; compatible; Amazonbot/0.1; +https://developer.amazon.com/support/amazonbot) Chrome/119.0.6045.214 Safari/537.36"
20.171.207.204 - - [09/Sep/2025:08:37:23 +0700] "GET /an-review-of-online-slot-games/ HTTP/1.0" 200 206500 "-" "Mozilla/5.0 AppleWebKit/537.36 (KHTML, like Gecko; compatible; GPTBot/1.2; +https://openai.com/gptbot)"
35.153.86.200 - - [09/Sep/2025:08:37:24 +0700] "GET /side-splitting-omegle-chat-fails-and-funny-situations/ HTTP/1.0" 200 91244 "-" "Mozilla/5.0 AppleWebKit/537.36 (KHTML, like Gecko; compatible; Amazonbot/0.1; +https://developer.amazon.com/support/amazonbot) Chrome/119.0.6045.214 Safari/537.36"
54.88.84.219 - - [09/Sep/2025:08:37:27 +0700] "GET /omegle-bots-the-rise-of-automated-chat-partners/ HTTP/1.0" 200 89644 "-" "Mozilla/5.0 AppleWebKit/537.36 (KHTML, like Gecko; compatible; Amazonbot/0.1; +https://developer.amazon.com/support/amazonbot) Chrome/119.0.6045.214 Safari/537.36"
20.171.207.204 - - [09/Sep/2025:08:37:28 +0700] "GET /cultural-exchange-on-omegle-vs-ometv-unraveling-the-global-tapestry/ HTTP/1.0" 200 92786 "-" "Mozilla/5.0 AppleWebKit/537.36 (KHTML, like Gecko; compatible; GPTBot/1.2; +https://openai.com/gptbot)"
20.171.207.204 - - [09/Sep/2025:08:37:33 +0700] "GET /top-five-sugar-daddy-websites/ HTTP/1.0" 200 208506 "-" "Mozilla/5.0 AppleWebKit/537.36 (KHTML, like Gecko; compatible; GPTBot/1.2; +https://openai.com/gptbot)"
100.27.153.9 - - [09/Sep/2025:08:37:35 +0700] "GET /omegles-impact-on-personal-growth-and-self-discovery/ HTTP/1.0" 200 89432 "-" "Mozilla/5.0 AppleWebKit/537.36 (KHTML, like Gecko; compatible; Amazonbot/0.1; +https://developer.amazon.com/support/amazonbot) Chrome/119.0.6045.214 Safari/537.36"
20.171.207.204 - - [09/Sep/2025:08:37:39 +0700] "GET /?p=7092 HTTP/1.0" 301 470 "-" "Mozilla/5.0 AppleWebKit/537.36 (KHTML, like Gecko; compatible; GPTBot/1.2; +https://openai.com/gptbot)"
3.214.176.44 - - [09/Sep/2025:08:37:39 +0700] "GET /exploring-emotional-intelligence-on-omegle-managing-emotions-in-online-interactions/ HTTP/1.0" 200 91840 "-" "Mozilla/5.0 AppleWebKit/537.36 (KHTML, like Gecko; compatible; Amazonbot/0.1; +https://developer.amazon.com/support/amazonbot) Chrome/119.0.6045.214 Safari/537.36"
20.171.207.204 - - [09/Sep/2025:08:37:40 +0700] "GET /how-to-stay-safe-on-ometv/ HTTP/1.0" 200 89008 "-" "Mozilla/5.0 AppleWebKit/537.36 (KHTML, like Gecko; compatible; GPTBot/1.2; +https://openai.com/gptbot)"
44.193.102.198 - - [09/Sep/2025:08:37:41 +0700] "GET /category/fix-windows-11-errors/ HTTP/1.0" 200 76099 "-" "Mozilla/5.0 AppleWebKit/537.36 (KHTML, like Gecko; compatible; Amazonbot/0.1; +https://developer.amazon.com/support/amazonbot) Chrome/119.0.6045.214 Safari/537.36"
54.163.169.168 - - [09/Sep/2025:08:37:43 +0700] "GET /omegle-and-the-phenomenon-of-catfishing/ HTTP/1.0" 200 87856 "-" "Mozilla/5.0 AppleWebKit/537.36 (KHTML, like Gecko; compatible; Amazonbot/0.1; +https://developer.amazon.com/support/amazonbot) Chrome/119.0.6045.214 Safari/537.36"
20.171.207.204 - - [09/Sep/2025:08:37:44 +0700] "GET /the-evolution-of-anonymity-and-authenticity-on-omegle-from-text-to-video-chats/ HTTP/1.0" 200 91508 "-" "Mozilla/5.0 AppleWebKit/537.36 (KHTML, like Gecko; compatible; GPTBot/1.2; +https://openai.com/gptbot)"
20.171.207.204 - - [09/Sep/2025:08:37:47 +0700] "GET /precisely-what-is-bdsm-meaning/ HTTP/1.0" 200 72790 "-" "Mozilla/5.0 AppleWebKit/537.36 (KHTML, like Gecko; compatible; GPTBot/1.2; +https://openai.com/gptbot)"
54.159.98.248 - - [09/Sep/2025:08:37:47 +0700] "GET /unexpected-entertainment-surprising-encounters-on-omegle-and-ometv/ HTTP/1.0" 200 90347 "-" "Mozilla/5.0 AppleWebKit/537.36 (KHTML, like Gecko; compatible; Amazonbot/0.1; +https://developer.amazon.com/support/amazonbot) Chrome/119.0.6045.214 Safari/537.36"
54.163.169.168 - - [09/Sep/2025:08:37:51 +0700] "GET /enhancing-empathy-and-compassion-in-omegle-therapy/ HTTP/1.0" 403 612 "-" "Mozilla/5.0 AppleWebKit/537.36 (KHTML, like Gecko; compatible; Amazonbot/0.1; +https://developer.amazon.com/support/amazonbot) Chrome/119.0.6045.214 Safari/537.36"
20.171.207.204 - - [09/Sep/2025:08:37:50 +0700] "GET /?p=3418 HTTP/1.0" 301 475 "-" "Mozilla/5.0 AppleWebKit/537.36 (KHTML, like Gecko; compatible; GPTBot/1.2; +https://openai.com/gptbot)"
20.171.207.204 - - [09/Sep/2025:08:37:52 +0700] "GET /ideal-virus-protection-for-mac/ HTTP/1.0" 200 205205 "-" "Mozilla/5.0 AppleWebKit/537.36 (KHTML, like Gecko; compatible; GPTBot/1.2; +https://openai.com/gptbot)"
54.243.63.52 - - [09/Sep/2025:08:37:55 +0700] "GET /omegle-trolls-dealing-with-negative-and-inappropriate-users/ HTTP/1.0" 200 92621 "-" "Mozilla/5.0 AppleWebKit/537.36 (KHTML, like Gecko; compatible; Amazonbot/0.1; +https://developer.amazon.com/support/amazonbot) Chrome/119.0.6045.214 Safari/537.36"
20.171.207.204 - - [09/Sep/2025:08:37:58 +0700] "GET /the-strategy-behind-mahjong-solitaire HTTP/1.0" 301 436 "-" "Mozilla/5.0 AppleWebKit/537.36 (KHTML, like Gecko; compatible; GPTBot/1.2; +https://openai.com/gptbot)"
20.171.207.204 - - [09/Sep/2025:08:37:59 +0700] "GET /the-strategy-behind-mahjong-solitaire/ HTTP/1.0" 200 71382 "-" "Mozilla/5.0 AppleWebKit/537.36 (KHTML, like Gecko; compatible; GPTBot/1.2; +https://openai.com/gptbot)"
54.87.95.7 - - [09/Sep/2025:08:37:59 +0700] "GET /photo-product-specifications-91-2/ HTTP/1.0" 200 255383 "-" "Mozilla/5.0 AppleWebKit/537.36 (KHTML, like Gecko; compatible; Amazonbot/0.1; +https://developer.amazon.com/support/amazonbot) Chrome/119.0.6045.214 Safari/537.36"
18.210.58.238 - - [09/Sep/2025:08:38:03 +0700] "GET /omegle-alternatives-safe-and-secure-online-platforms/ HTTP/1.0" 200 90563 "-" "Mozilla/5.0 AppleWebKit/537.36 (KHTML, like Gecko; compatible; Amazonbot/0.1; +https://developer.amazon.com/support/amazonbot) Chrome/119.0.6045.214 Safari/537.36"
20.171.207.204 - - [09/Sep/2025:08:38:05 +0700] "GET /cach-tim-khoan-tra-truoc-vay-online-nhanh-24-7-duoc-tiet-lo-cho-ban-cai-thien/ HTTP/1.0" 200 210957 "-" "Mozilla/5.0 AppleWebKit/537.36 (KHTML, like Gecko; compatible; GPTBot/1.2; +https://openai.com/gptbot)"
52.1.157.90 - - [09/Sep/2025:08:38:07 +0700] "GET /omegles-impact-on-self-expression-enhancing-creativity-in-conversations/ HTTP/1.0" 200 92118 "-" "Mozilla/5.0 AppleWebKit/537.36 (KHTML, like Gecko; compatible; Amazonbot/0.1; +https://developer.amazon.com/support/amazonbot) Chrome/119.0.6045.214 Safari/537.36"
20.171.207.204 - - [09/Sep/2025:08:38:08 +0700] "GET /?p=5928 HTTP/1.0" 301 504 "-" "Mozilla/5.0 AppleWebKit/537.36 (KHTML, like Gecko; compatible; GPTBot/1.2; +https://openai.com/gptbot)"
20.171.207.204 - - [09/Sep/2025:08:38:10 +0700] "GET /across-the-world-dating-how-to-find-absolutely-adore-abroad/ HTTP/1.0" 200 75545 "-" "Mozilla/5.0 AppleWebKit/537.36 (KHTML, like Gecko; compatible; GPTBot/1.2; +https://openai.com/gptbot)"
54.156.248.117 - - [09/Sep/2025:08:38:11 +0700] "GET /tips-for-making-meaningful-connections-on-omegle/ HTTP/1.0" 200 89674 "-" "Mozilla/5.0 AppleWebKit/537.36 (KHTML, like Gecko; compatible; Amazonbot/0.1; +https://developer.amazon.com/support/amazonbot) Chrome/119.0.6045.214 Safari/537.36"
45.117.177.72 - - [09/Sep/2025:08:38:17 +0700] "POST /wp-cron.php?doing_wp_cron=1757381897.3704268932342529296875 HTTP/1.0" 200 416 "-" "WordPress/6.8.1; https://vattusacky.vn"
20.171.207.204 - - [09/Sep/2025:08:38:15 +0700] "GET /what-is-omegle-and-ometv/ HTTP/1.0" 200 86433 "-" "Mozilla/5.0 AppleWebKit/537.36 (KHTML, like Gecko; compatible; GPTBot/1.2; +https://openai.com/gptbot)"
18.214.238.178 - - [09/Sep/2025:08:38:16 +0700] "GET /popular-chat-topics-on-omegle/ HTTP/1.0" 200 89680 "-" "Mozilla/5.0 AppleWebKit/537.36 (KHTML, like Gecko; compatible; Amazonbot/0.1; +https://developer.amazon.com/support/amazonbot) Chrome/119.0.6045.214 Safari/537.36"
54.147.182.90 - - [09/Sep/2025:08:38:19 +0700] "GET /omegle-and-online-privacy-understanding-the-risks/ HTTP/1.0" 200 89622 "-" "Mozilla/5.0 AppleWebKit/537.36 (KHTML, like Gecko; compatible; Amazonbot/0.1; +https://developer.amazon.com/support/amazonbot) Chrome/119.0.6045.214 Safari/537.36"
20.171.207.204 - - [09/Sep/2025:08:38:20 +0700] "GET /?p=4061 HTTP/1.0" 301 429 "-" "Mozilla/5.0 AppleWebKit/537.36 (KHTML, like Gecko; compatible; GPTBot/1.2; +https://openai.com/gptbot)"
20.171.207.204 - - [09/Sep/2025:08:38:22 +0700] "GET /an-review-of-online-slot-games/ HTTP/1.0" 200 206500 "-" "Mozilla/5.0 AppleWebKit/537.36 (KHTML, like Gecko; compatible; GPTBot/1.2; +https://openai.com/gptbot)"
3.211.105.134 - - [09/Sep/2025:08:38:23 +0700] "GET /the-role-of-emotions-video-vs-text-on-omegle-and-ometv/ HTTP/1.0" 200 94269 "-" "Mozilla/5.0 AppleWebKit/537.36 (KHTML, like Gecko; compatible; Amazonbot/0.1; +https://developer.amazon.com/support/amazonbot) Chrome/119.0.6045.214 Safari/537.36"
3.214.176.44 - - [09/Sep/2025:08:38:27 +0700] "GET /omegle-and-the-quest-for-authentic-connections-in-a-digital-age/ HTTP/1.0" 200 92707 "-" "Mozilla/5.0 AppleWebKit/537.36 (KHTML, like Gecko; compatible; Amazonbot/0.1; +https://developer.amazon.com/support/amazonbot) Chrome/119.0.6045.214 Safari/537.36"
20.171.207.204 - - [09/Sep/2025:08:38:27 +0700] "GET /?p=3266 HTTP/1.0" 301 475 "-" "Mozilla/5.0 AppleWebKit/537.36 (KHTML, like Gecko; compatible; GPTBot/1.2; +https://openai.com/gptbot)"
20.171.207.204 - - [09/Sep/2025:08:38:29 +0700] "GET /avg-internet-secureness-review/ HTTP/1.0" 200 205448 "-" "Mozilla/5.0 AppleWebKit/537.36 (KHTML, like Gecko; compatible; GPTBot/1.2; +https://openai.com/gptbot)"
107.23.62.75 - - [09/Sep/2025:08:38:32 +0700] "GET /exploring-the-user-experience-on-omegle/ HTTP/1.0" 200 79602 "-" "Mozilla/5.0 AppleWebKit/537.36 (KHTML, like Gecko; compatible; Amazonbot/0.1; +https://developer.amazon.com/support/amazonbot) Chrome/119.0.6045.214 Safari/537.36"
20.171.207.204 - - [09/Sep/2025:08:38:33 +0700] "GET /cultural-exchange-and-personal-development-on-omegle/ HTTP/1.0" 200 91494 "-" "Mozilla/5.0 AppleWebKit/537.36 (KHTML, like Gecko; compatible; GPTBot/1.2; +https://openai.com/gptbot)"
3.89.176.255 - - [09/Sep/2025:08:38:35 +0700] "GET /the-benefits-of-anonymity-on-omegle-for-exploring-taboo-topics/ HTTP/1.0" 200 89488 "-" "Mozilla/5.0 AppleWebKit/537.36 (KHTML, like Gecko; compatible; Amazonbot/0.1; +https://developer.amazon.com/support/amazonbot) Chrome/119.0.6045.214 Safari/537.36"
20.171.207.204 - - [09/Sep/2025:08:38:38 +0700] "GET /?p=8432 HTTP/1.0" 301 523 "-" "Mozilla/5.0 AppleWebKit/537.36 (KHTML, like Gecko; compatible; GPTBot/1.2; +https://openai.com/gptbot)"
3.214.176.44 - - [09/Sep/2025:08:38:39 +0700] "GET /serendipity-unleashed-embracing-the-surprises-of-omegles-serendipitous-encounters/ HTTP/1.0" 200 91184 "-" "Mozilla/5.0 AppleWebKit/537.36 (KHTML, like Gecko; compatible; Amazonbot/0.1; +https://developer.amazon.com/support/amazonbot) Chrome/119.0.6045.214 Safari/537.36"
20.171.207.204 - - [09/Sep/2025:08:38:40 +0700] "GET /the-evolution-of-anonymity-and-authenticity-on-omegle-from-text-to-video-chats/ HTTP/1.0" 200 91508 "-" "Mozilla/5.0 AppleWebKit/537.36 (KHTML, like Gecko; compatible; GPTBot/1.2; +https://openai.com/gptbot)"
20.171.207.204 - - [09/Sep/2025:08:38:43 +0700] "GET /?p=9358 HTTP/1.0" 301 475 "-" "Mozilla/5.0 AppleWebKit/537.36 (KHTML, like Gecko; compatible; GPTBot/1.2; +https://openai.com/gptbot)"
98.83.226.125 - - [09/Sep/2025:08:38:43 +0700] "GET /nurturing-connections-video-vs-text-communication-on-omegle-and-ometv/ HTTP/1.0" 200 84505 "-" "Mozilla/5.0 AppleWebKit/537.36 (KHTML, like Gecko; compatible; Amazonbot/0.1; +https://developer.amazon.com/support/amazonbot) Chrome/119.0.6045.214 Safari/537.36"
20.171.207.204 - - [09/Sep/2025:08:38:44 +0700] "GET /precisely-what-is-bdsm-meaning/ HTTP/1.0" 200 72790 "-" "Mozilla/5.0 AppleWebKit/537.36 (KHTML, like Gecko; compatible; GPTBot/1.2; +https://openai.com/gptbot)"
52.200.251.20 - - [09/Sep/2025:08:38:47 +0700] "GET /the-rise-of-video-chatting/ HTTP/1.0" 200 91260 "-" "Mozilla/5.0 AppleWebKit/537.36 (KHTML, like Gecko; compatible; Amazonbot/0.1; +https://developer.amazon.com/support/amazonbot) Chrome/119.0.6045.214 Safari/537.36"
20.171.207.204 - - [09/Sep/2025:08:38:50 +0700] "GET /omegle-and-ometv-for-introverts/ HTTP/1.0" 200 91439 "-" "Mozilla/5.0 AppleWebKit/537.36 (KHTML, like Gecko; compatible; GPTBot/1.2; +https://openai.com/gptbot)"
100.28.57.133 - - [09/Sep/2025:08:38:52 +0700] "GET /the-consequences-of-misrepresentation-in-anonymous-omegle-conversations/ HTTP/1.0" 200 91813 "-" "Mozilla/5.0 AppleWebKit/537.36 (KHTML, like Gecko; compatible; Amazonbot/0.1; +https://developer.amazon.com/support/amazonbot) Chrome/119.0.6045.214 Safari/537.36"
20.171.207.204 - - [09/Sep/2025:08:38:56 +0700] "GET /?p=6443 HTTP/1.0" 301 497 "-" "Mozilla/5.0 AppleWebKit/537.36 (KHTML, like Gecko; compatible; GPTBot/1.2; +https://openai.com/gptbot)"
20.171.207.204 - - [09/Sep/2025:08:38:57 +0700] "GET /cultural-exchange-and-personal-development-on-omegle/ HTTP/1.0" 200 91494 "-" "Mozilla/5.0 AppleWebKit/537.36 (KHTML, like Gecko; compatible; GPTBot/1.2; +https://openai.com/gptbot)"
20.171.207.204 - - [09/Sep/2025:08:39:01 +0700] "GET /cultural-discovery-on-omegle-vs-ometv-navigating-global-connections/ HTTP/1.0" 200 92690 "-" "Mozilla/5.0 AppleWebKit/537.36 (KHTML, like Gecko; compatible; GPTBot/1.2; +https://openai.com/gptbot)"
20.171.207.204 - - [09/Sep/2025:08:39:05 +0700] "GET /nurturing-relationships-through-omegle-therapy/ HTTP/1.0" 403 608 "-" "Mozilla/5.0 AppleWebKit/537.36 (KHTML, like Gecko; compatible; GPTBot/1.2; +https://openai.com/gptbot)"
20.171.207.204 - - [09/Sep/2025:08:39:09 +0700] "GET /?p=7419 HTTP/1.0" 301 476 "-" "Mozilla/5.0 AppleWebKit/537.36 (KHTML, like Gecko; compatible; GPTBot/1.2; +https://openai.com/gptbot)"
20.171.207.204 - - [09/Sep/2025:08:39:11 +0700] "GET /omegle-and-ometv-for-introverts/ HTTP/1.0" 200 91439 "-" "Mozilla/5.0 AppleWebKit/537.36 (KHTML, like Gecko; compatible; GPTBot/1.2; +https://openai.com/gptbot)"
45.117.177.72 - - [09/Sep/2025:08:39:18 +0700] "POST /wp-cron.php?doing_wp_cron=1757381958.0679841041564941406250 HTTP/1.0" 200 416 "-" "WordPress/6.8.1; https://vattusacky.vn"
20.171.207.204 - - [09/Sep/2025:08:39:16 +0700] "GET /scegli-tra-una-vasta-gamma-di-giochi-coinvolgenti-2/ HTTP/1.0" 200 85329 "-" "Mozilla/5.0 AppleWebKit/537.36 (KHTML, like Gecko; compatible; GPTBot/1.2; +https://openai.com/gptbot)"
20.171.207.204 - - [09/Sep/2025:08:39:21 +0700] "GET /1xbet-bangladesh-app-review-44/ HTTP/1.0" 200 93656 "-" "Mozilla/5.0 AppleWebKit/537.36 (KHTML, like Gecko; compatible; GPTBot/1.2; +https://openai.com/gptbot)"
20.171.207.204 - - [09/Sep/2025:08:39:27 +0700] "GET /cultural-appreciation-on-omegle-sharing-stories-breaking-barriers/ HTTP/1.0" 200 77459 "-" "Mozilla/5.0 AppleWebKit/537.36 (KHTML, like Gecko; compatible; GPTBot/1.2; +https://openai.com/gptbot)"
20.171.207.204 - - [09/Sep/2025:08:39:33 +0700] "GET /sosgame-gambling-establishment-slot-machine-video-games-for-true-money/ HTTP/1.0" 200 208941 "-" "Mozilla/5.0 AppleWebKit/537.36 (KHTML, like Gecko; compatible; GPTBot/1.2; +https://openai.com/gptbot)"
20.171.207.204 - - [09/Sep/2025:08:39:39 +0700] "GET /?p=10368 HTTP/1.0" 301 496 "-" "Mozilla/5.0 AppleWebKit/537.36 (KHTML, like Gecko; compatible; GPTBot/1.2; +https://openai.com/gptbot)"
20.171.207.204 - - [09/Sep/2025:08:39:41 +0700] "GET /scegli-tra-una-vasta-gamma-di-giochi-coinvolgenti-2/ HTTP/1.0" 200 85329 "-" "Mozilla/5.0 AppleWebKit/537.36 (KHTML, like Gecko; compatible; GPTBot/1.2; +https://openai.com/gptbot)"
107.20.224.184 - - [09/Sep/2025:08:39:43 +0700] "GET /the-role-of-networking-in-expanding-cultural-awareness-on-omegle-and-ometv/ HTTP/1.0" 200 93452 "-" "Mozilla/5.0 AppleWebKit/537.36 (KHTML, like Gecko; compatible; Amazonbot/0.1; +https://developer.amazon.com/support/amazonbot) Chrome/119.0.6045.214 Safari/537.36"
20.171.207.204 - - [09/Sep/2025:08:39:46 +0700] "GET /?p=5721 HTTP/1.0" 301 475 "-" "Mozilla/5.0 AppleWebKit/537.36 (KHTML, like Gecko; compatible; GPTBot/1.2; +https://openai.com/gptbot)"
20.171.207.204 - - [09/Sep/2025:08:39:47 +0700] "GET /1xbet-bangladesh-app-review-44/ HTTP/1.0" 200 93656 "-" "Mozilla/5.0 AppleWebKit/537.36 (KHTML, like Gecko; compatible; GPTBot/1.2; +https://openai.com/gptbot)"
54.163.169.168 - - [09/Sep/2025:08:39:47 +0700] "GET /the-privacy-debate-balancing-anonymity-and-user-safety-on-omegle-and-ometv/ HTTP/1.0" 200 90718 "-" "Mozilla/5.0 AppleWebKit/537.36 (KHTML, like Gecko; compatible; Amazonbot/0.1; +https://developer.amazon.com/support/amazonbot) Chrome/119.0.6045.214 Safari/537.36"
3.223.181.32 - - [09/Sep/2025:08:39:51 +0700] "GET /common-misconceptions-about-omegle/ HTTP/1.0" 200 88741 "-" "Mozilla/5.0 AppleWebKit/537.36 (KHTML, like Gecko; compatible; Amazonbot/0.1; +https://developer.amazon.com/support/amazonbot) Chrome/119.0.6045.214 Safari/537.36"
20.171.207.204 - - [09/Sep/2025:08:39:54 +0700] "GET /?p=6440 HTTP/1.0" 301 510 "-" "Mozilla/5.0 AppleWebKit/537.36 (KHTML, like Gecko; compatible; GPTBot/1.2; +https://openai.com/gptbot)"
54.235.125.129 - - [09/Sep/2025:08:39:55 +0700] "GET /tips-for-maximizing-the-empathy-experience-on-omegle/ HTTP/1.0" 200 89577 "-" "Mozilla/5.0 AppleWebKit/537.36 (KHTML, like Gecko; compatible; Amazonbot/0.1; +https://developer.amazon.com/support/amazonbot) Chrome/119.0.6045.214 Safari/537.36"
44.205.224.35 - - [09/Sep/2025:08:39:57 +0700] "GET /exploring-identity-and-self-expression-in-omegle-therapy/ HTTP/1.0" 403 618 "-" "Mozilla/5.0 AppleWebKit/605.1.15 (KHTML, like Gecko) Chrome/139.0.0.0 Safari/605.1.15"
20.171.207.204 - - [09/Sep/2025:08:39:56 +0700] "GET /cultural-appreciation-on-omegle-sharing-stories-breaking-barriers/ HTTP/1.0" 200 77459 "-" "Mozilla/5.0 AppleWebKit/537.36 (KHTML, like Gecko; compatible; GPTBot/1.2; +https://openai.com/gptbot)"
18.235.158.19 - - [09/Sep/2025:08:39:59 +0700] "GET /user-verification-systems-on-ometv/ HTTP/1.0" 200 88395 "-" "Mozilla/5.0 AppleWebKit/537.36 (KHTML, like Gecko; compatible; Amazonbot/0.1; +https://developer.amazon.com/support/amazonbot) Chrome/119.0.6045.214 Safari/537.36"
20.171.207.204 - - [09/Sep/2025:08:40:03 +0700] "GET /cultivating-empathy-in-online-education-and-learning-environments-on-omegle/ HTTP/1.0" 200 93002 "-" "Mozilla/5.0 AppleWebKit/537.36 (KHTML, like Gecko; compatible; GPTBot/1.2; +https://openai.com/gptbot)"
52.2.83.227 - - [09/Sep/2025:08:40:05 +0700] "GET /understanding-compassion-on-omegle/ HTTP/1.0" 200 89214 "-" "Mozilla/5.0 AppleWebKit/537.36 (KHTML, like Gecko; compatible; Amazonbot/0.1; +https://developer.amazon.com/support/amazonbot) Chrome/119.0.6045.214 Safari/537.36"
3.221.50.71 - - [09/Sep/2025:08:40:07 +0700] "GET /fast-and-efficient-communication-ometvs-text-chat-advantage/ HTTP/1.0" 200 90550 "-" "Mozilla/5.0 AppleWebKit/537.36 (KHTML, like Gecko; compatible; Amazonbot/0.1; +https://developer.amazon.com/support/amazonbot) Chrome/119.0.6045.214 Safari/537.36"
20.171.207.204 - - [09/Sep/2025:08:40:09 +0700] "GET /?p=4798 HTTP/1.0" 301 515 "-" "Mozilla/5.0 AppleWebKit/537.36 (KHTML, like Gecko; compatible; GPTBot/1.2; +https://openai.com/gptbot)"
