3.210.29.96 - - [09/Sep/2025:10:03:19 +0700] "GET /language-learning-opportunities-on-omegle-and-ometv/ HTTP/1.0" 200 93196 "-" "Mozilla/5.0 AppleWebKit/537.36 (KHTML, like Gecko; compatible; Amazonbot/0.1; +https://developer.amazon.com/support/amazonbot) Chrome/119.0.6045.214 Safari/537.36"
207.46.13.150 - - [09/Sep/2025:10:03:21 +0700] "GET /wp-content/plugins/gridlist-view-for-woocommerce/css/shop_lgv.css?ver=1.1.8 HTTP/1.0" 200 440 "-" "Mozilla/5.0 AppleWebKit/537.36 (KHTML, like Gecko; compatible; bingbot/2.0; +http://www.bing.com/bingbot.htm) Chrome/116.0.1938.76 Safari/537.36"
207.46.13.150 - - [09/Sep/2025:10:03:22 +0700] "GET /wp-content/themes/tem_techno_v2/style.css?ver=6.8.1 HTTP/1.0" 200 416 "-" "Mozilla/5.0 AppleWebKit/537.36 (KHTML, like Gecko; compatible; bingbot/2.0; +http://www.bing.com/bingbot.htm) Chrome/116.0.1938.76 Safari/537.36"
207.46.13.150 - - [09/Sep/2025:10:03:23 +0700] "GET /wp-content/plugins/woocommerce/assets/css/woocommerce.css?ver=9.8.3 HTTP/1.0" 200 432 "-" "Mozilla/5.0 AppleWebKit/537.36 (KHTML, like Gecko; compatible; bingbot/2.0; +http://www.bing.com/bingbot.htm) Chrome/116.0.1938.76 Safari/537.36"
207.46.13.150 - - [09/Sep/2025:10:03:24 +0700] "GET /wp-includes/js/jquery/jquery.min.js?ver=3.7.1 HTTP/1.0" 200 424 "-" "Mozilla/5.0 AppleWebKit/537.36 (KHTML, like Gecko; compatible; bingbot/2.0; +http://www.bing.com/bingbot.htm) Chrome/116.0.1938.76 Safari/537.36"
207.46.13.150 - - [09/Sep/2025:10:03:25 +0700] "GET /wp-includes/js/dist/hooks.min.js?ver=4d63a3d491d11ffd8ac6 HTTP/1.0" 200 421 "-" "Mozilla/5.0 AppleWebKit/537.36 (KHTML, like Gecko; compatible; bingbot/2.0; +http://www.bing.com/bingbot.htm) Chrome/116.0.1938.76 Safari/537.36"
98.82.38.120 - - [09/Sep/2025:10:03:23 +0700] "GET /bet365-cybersport-bet-review-welcome-bonus-18/ HTTP/1.0" 200 241134 "-" "Mozilla/5.0 AppleWebKit/537.36 (KHTML, like Gecko; compatible; Amazonbot/0.1; +https://developer.amazon.com/support/amazonbot) Chrome/119.0.6045.214 Safari/537.36"
20.171.207.204 - - [09/Sep/2025:10:03:24 +0700] "GET /mexican-dating-way-of-life/ HTTP/1.0" 200 207806 "-" "Mozilla/5.0 AppleWebKit/537.36 (KHTML, like Gecko; compatible; GPTBot/1.2; +https://openai.com/gptbot)"
207.46.13.150 - - [09/Sep/2025:10:03:26 +0700] "GET /wp-content/plugins/contact-form-7/includes/swv/js/index.js?ver=6.0.6 HTTP/1.0" 200 447 "-" "Mozilla/5.0 AppleWebKit/537.36 (KHTML, like Gecko; compatible; bingbot/2.0; +http://www.bing.com/bingbot.htm) Chrome/116.0.1938.76 Safari/537.36"
207.46.13.150 - - [09/Sep/2025:10:03:27 +0700] "GET /wp-content/plugins/woocommerce/assets/js/jquery-blockui/jquery.blockUI.min.js?ver=2.7.0-wc.9.8.3 HTTP/1.0" 200 466 "-" "Mozilla/5.0 AppleWebKit/537.36 (KHTML, like Gecko; compatible; bingbot/2.0; +http://www.bing.com/bingbot.htm) Chrome/116.0.1938.76 Safari/537.36"
207.46.13.150 - - [09/Sep/2025:10:03:27 +0700] "GET /wp-content/plugins/woocommerce/assets/js/frontend/woocommerce.min.js?ver=9.8.3 HTTP/1.0" 200 457 "-" "Mozilla/5.0 AppleWebKit/537.36 (KHTML, like Gecko; compatible; bingbot/2.0; +http://www.bing.com/bingbot.htm) Chrome/116.0.1938.76 Safari/537.36"
40.77.167.10 - - [09/Sep/2025:10:03:29 +0700] "GET /wp-content/plugins/devvn-stickytooltip/stickytooltip.css?ver=1.0.0 HTTP/1.0" 200 431 "-" "Mozilla/5.0 AppleWebKit/537.36 (KHTML, like Gecko; compatible; bingbot/2.0; +http://www.bing.com/bingbot.htm) Chrome/116.0.1938.76 Safari/537.36"
20.171.207.204 - - [09/Sep/2025:10:03:28 +0700] "GET /?p=7610 HTTP/1.0" 301 471 "-" "Mozilla/5.0 AppleWebKit/537.36 (KHTML, like Gecko; compatible; GPTBot/1.2; +https://openai.com/gptbot)"
40.77.167.10 - - [09/Sep/2025:10:03:30 +0700] "GET /wp-content/themes/tem_techno_v2/inc/css/bootstrap.min.css?ver=6.8.1 HTTP/1.0" 200 432 "-" "Mozilla/5.0 AppleWebKit/537.36 (KHTML, like Gecko; compatible; bingbot/2.0; +http://www.bing.com/bingbot.htm) Chrome/116.0.1938.76 Safari/537.36"
40.77.167.10 - - [09/Sep/2025:10:03:30 +0700] "GET /wp-content/themes/tem_techno_v2/js/jquerymenu.js HTTP/1.0" 200 437 "-" "Mozilla/5.0 AppleWebKit/537.36 (KHTML, like Gecko; compatible; bingbot/2.0; +http://www.bing.com/bingbot.htm) Chrome/116.0.1938.76 Safari/537.36"
40.77.167.10 - - [09/Sep/2025:10:03:31 +0700] "GET /wp-content/themes/tem_techno_v2/js/jquery.simplyscroll.min.js HTTP/1.0" 200 450 "-" "Mozilla/5.0 AppleWebKit/537.36 (KHTML, like Gecko; compatible; bingbot/2.0; +http://www.bing.com/bingbot.htm) Chrome/116.0.1938.76 Safari/537.36"
40.77.167.10 - - [09/Sep/2025:10:03:31 +0700] "GET /wp-content/plugins/yith-woocommerce-category-accordion-premium/cache/ywcca_dynamics.css?ver=6.8.1 HTTP/1.0" 200 462 "-" "Mozilla/5.0 AppleWebKit/537.36 (KHTML, like Gecko; compatible; bingbot/2.0; +http://www.bing.com/bingbot.htm) Chrome/116.0.1938.76 Safari/537.36"
20.171.207.204 - - [09/Sep/2025:10:03:30 +0700] "GET /omegle-etiquette-and-rules/ HTTP/1.0" 200 89680 "-" "Mozilla/5.0 AppleWebKit/537.36 (KHTML, like Gecko; compatible; GPTBot/1.2; +https://openai.com/gptbot)"
40.77.167.10 - - [09/Sep/2025:10:03:31 +0700] "GET /wp-content/themes/tem_techno_v2/js/crawler.js HTTP/1.0" 200 434 "-" "Mozilla/5.0 AppleWebKit/537.36 (KHTML, like Gecko; compatible; bingbot/2.0; +http://www.bing.com/bingbot.htm) Chrome/116.0.1938.76 Safari/537.36"
40.77.167.10 - - [09/Sep/2025:10:03:32 +0700] "GET /wp-content/plugins/content-views-query-and-display-post-page/public/assets/js/cv.js?ver=4.1 HTTP/1.0" 200 472 "-" "Mozilla/5.0 AppleWebKit/537.36 (KHTML, like Gecko; compatible; bingbot/2.0; +http://www.bing.com/bingbot.htm) Chrome/116.0.1938.76 Safari/537.36"
40.77.167.10 - - [09/Sep/2025:10:03:32 +0700] "GET /wp-content/plugins/woocommerce/assets/js/frontend/order-attribution.min.js?ver=9.8.3 HTTP/1.0" 200 463 "-" "Mozilla/5.0 AppleWebKit/537.36 (KHTML, like Gecko; compatible; bingbot/2.0; +http://www.bing.com/bingbot.htm) Chrome/116.0.1938.76 Safari/537.36"
54.84.250.51 - - [09/Sep/2025:10:03:31 +0700] "GET /what-is-omegle-therapy-and-how-does-it-work/ HTTP/1.0" 200 90000 "-" "Mozilla/5.0 AppleWebKit/537.36 (KHTML, like Gecko; compatible; Amazonbot/0.1; +https://developer.amazon.com/support/amazonbot) Chrome/119.0.6045.214 Safari/537.36"
40.77.167.10 - - [09/Sep/2025:10:03:33 +0700] "GET /wp-includes/js/wp-emoji-release.min.js?ver=6.8.1 HTTP/1.0" 200 427 "-" "Mozilla/5.0 AppleWebKit/537.36 (KHTML, like Gecko; compatible; bingbot/2.0; +http://www.bing.com/bingbot.htm) Chrome/116.0.1938.76 Safari/537.36"
54.152.163.42 - - [09/Sep/2025:10:03:33 +0700] "GET /category/pokemon-emerald-free-downloads/ HTTP/1.0" 200 58812 "-" "Mozilla/5.0 AppleWebKit/537.36 (KHTML, like Gecko; compatible; Amazonbot/0.1; +https://developer.amazon.com/support/amazonbot) Chrome/119.0.6045.214 Safari/537.36"
3.209.174.110 - - [09/Sep/2025:10:03:35 +0700] "GET /tips-for-making-the-most-out-of-omegle/ HTTP/1.0" 200 88544 "-" "Mozilla/5.0 AppleWebKit/537.36 (KHTML, like Gecko; compatible; Amazonbot/0.1; +https://developer.amazon.com/support/amazonbot) Chrome/119.0.6045.214 Safari/537.36"
20.171.207.204 - - [09/Sep/2025:10:03:37 +0700] "GET /?p=6532 HTTP/1.0" 301 491 "-" "Mozilla/5.0 AppleWebKit/537.36 (KHTML, like Gecko; compatible; GPTBot/1.2; +https://openai.com/gptbot)"
40.77.167.123 - - [09/Sep/2025:10:03:39 +0700] "GET /wp-content/themes/tem_techno_v2/inc/css/font-awesome.min.css?ver=6.8.1 HTTP/1.0" 200 435 "-" "Mozilla/5.0 AppleWebKit/537.36 (KHTML, like Gecko; compatible; bingbot/2.0; +http://www.bing.com/bingbot.htm) Chrome/116.0.1938.76 Safari/537.36"
40.77.167.123 - - [09/Sep/2025:10:03:39 +0700] "GET /wp-content/plugins/wp-pagenavi/pagenavi-css.css?ver=2.70 HTTP/1.0" 200 823 "-" "Mozilla/5.0 AppleWebKit/537.36 (KHTML, like Gecko; compatible; bingbot/2.0; +http://www.bing.com/bingbot.htm) Chrome/116.0.1938.76 Safari/537.36"
40.77.167.123 - - [09/Sep/2025:10:03:40 +0700] "GET /wp-content/plugins/woocommerce/assets/client/blocks/wc-blocks.css?ver=wc-9.8.3 HTTP/1.0" 200 440 "-" "Mozilla/5.0 AppleWebKit/537.36 (KHTML, like Gecko; compatible; bingbot/2.0; +http://www.bing.com/bingbot.htm) Chrome/116.0.1938.76 Safari/537.36"
40.77.167.123 - - [09/Sep/2025:10:03:40 +0700] "GET /wp-content/plugins/woocommerce/assets/css/woocommerce-layout.css?ver=9.8.3 HTTP/1.0" 200 439 "-" "Mozilla/5.0 AppleWebKit/537.36 (KHTML, like Gecko; compatible; bingbot/2.0; +http://www.bing.com/bingbot.htm) Chrome/116.0.1938.76 Safari/537.36"
40.77.167.123 - - [09/Sep/2025:10:03:41 +0700] "GET /wp-includes/js/jquery/jquery-migrate.min.js?ver=3.4.1 HTTP/1.0" 200 432 "-" "Mozilla/5.0 AppleWebKit/537.36 (KHTML, like Gecko; compatible; bingbot/2.0; +http://www.bing.com/bingbot.htm) Chrome/116.0.1938.76 Safari/537.36"
3.209.174.110 - - [09/Sep/2025:10:03:39 +0700] "GET /omegles-role-in-exploring-sexual-orientation-and-identity/ HTTP/1.0" 200 91528 "-" "Mozilla/5.0 AppleWebKit/537.36 (KHTML, like Gecko; compatible; Amazonbot/0.1; +https://developer.amazon.com/support/amazonbot) Chrome/119.0.6045.214 Safari/537.36"
20.171.207.204 - - [09/Sep/2025:10:03:39 +0700] "GET /embracing-change-omegles-next-chapter-explored/ HTTP/1.0" 200 90646 "-" "Mozilla/5.0 AppleWebKit/537.36 (KHTML, like Gecko; compatible; GPTBot/1.2; +https://openai.com/gptbot)"
40.77.167.123 - - [09/Sep/2025:10:03:41 +0700] "GET /wp-content/plugins/woocommerce/assets/css/brands.css?ver=9.8.3 HTTP/1.0" 200 427 "-" "Mozilla/5.0 AppleWebKit/537.36 (KHTML, like Gecko; compatible; bingbot/2.0; +http://www.bing.com/bingbot.htm) Chrome/116.0.1938.76 Safari/537.36"
40.77.167.123 - - [09/Sep/2025:10:03:41 +0700] "GET /wp-content/plugins/contact-form-7/includes/css/styles.css?ver=6.0.6 HTTP/1.0" 200 432 "-" "Mozilla/5.0 AppleWebKit/537.36 (KHTML, like Gecko; compatible; bingbot/2.0; +http://www.bing.com/bingbot.htm) Chrome/116.0.1938.76 Safari/537.36"
40.77.167.123 - - [09/Sep/2025:10:03:42 +0700] "GET /wp-content/plugins/gridlist-view-for-woocommerce/js/jquery.cookie.js?ver=1.1.8 HTTP/1.0" 200 457 "-" "Mozilla/5.0 AppleWebKit/537.36 (KHTML, like Gecko; compatible; bingbot/2.0; +http://www.bing.com/bingbot.htm) Chrome/116.0.1938.76 Safari/537.36"
40.77.167.123 - - [09/Sep/2025:10:03:42 +0700] "GET /wp-content/themes/tem_techno_v2/slmenu.css HTTP/1.0" 200 417 "-" "Mozilla/5.0 AppleWebKit/537.36 (KHTML, like Gecko; compatible; bingbot/2.0; +http://www.bing.com/bingbot.htm) Chrome/116.0.1938.76 Safari/537.36"
40.77.167.123 - - [09/Sep/2025:10:03:43 +0700] "GET /wp-includes/js/comment-reply.min.js?ver=6.8.1 HTTP/1.0" 200 424 "-" "Mozilla/5.0 AppleWebKit/537.36 (KHTML, like Gecko; compatible; bingbot/2.0; +http://www.bing.com/bingbot.htm) Chrome/116.0.1938.76 Safari/537.36"
40.77.167.123 - - [09/Sep/2025:10:03:43 +0700] "GET /wp-content/plugins/contact-form-7/includes/js/index.js?ver=6.0.6 HTTP/1.0" 200 443 "-" "Mozilla/5.0 AppleWebKit/537.36 (KHTML, like Gecko; compatible; bingbot/2.0; +http://www.bing.com/bingbot.htm) Chrome/116.0.1938.76 Safari/537.36"
20.171.207.204 - - [09/Sep/2025:10:03:43 +0700] "GET /?p=5964 HTTP/1.0" 301 470 "-" "Mozilla/5.0 AppleWebKit/537.36 (KHTML, like Gecko; compatible; GPTBot/1.2; +https://openai.com/gptbot)"
107.20.25.33 - - [09/Sep/2025:10:03:43 +0700] "GET /19-best-places-to-meet-sole-women-on-the-web-or-towards-you-2023/ HTTP/1.0" 200 111053 "-" "Mozilla/5.0 AppleWebKit/537.36 (KHTML, like Gecko; compatible; Amazonbot/0.1; +https://developer.amazon.com/support/amazonbot) Chrome/119.0.6045.214 Safari/537.36"
20.171.207.204 - - [09/Sep/2025:10:03:45 +0700] "GET /making-money-upon-webcams/ HTTP/1.0" 200 72941 "-" "Mozilla/5.0 AppleWebKit/537.36 (KHTML, like Gecko; compatible; GPTBot/1.2; +https://openai.com/gptbot)"
54.152.163.42 - - [09/Sep/2025:10:03:47 +0700] "GET /22bet-sports-activities-in-nigeria-how-to-create-22/ HTTP/1.0" 200 250556 "-" "Mozilla/5.0 AppleWebKit/537.36 (KHTML, like Gecko; compatible; Amazonbot/0.1; +https://developer.amazon.com/support/amazonbot) Chrome/119.0.6045.214 Safari/537.36"
20.171.207.204 - - [09/Sep/2025:10:03:51 +0700] "GET /is-alcohol-a-gateway-drug/ HTTP/1.0" 200 385912 "-" "Mozilla/5.0 AppleWebKit/537.36 (KHTML, like Gecko; compatible; GPTBot/1.2; +https://openai.com/gptbot)"
3.209.174.110 - - [09/Sep/2025:10:03:52 +0700] "GET /finding-connection-in-a-digital-world-lessons-from-omegle-chronicles/ HTTP/1.0" 200 93784 "-" "Mozilla/5.0 AppleWebKit/537.36 (KHTML, like Gecko; compatible; Amazonbot/0.1; +https://developer.amazon.com/support/amazonbot) Chrome/119.0.6045.214 Safari/537.36"
34.231.45.47 - - [09/Sep/2025:10:03:55 +0700] "GET /omegle-and-mental-health-support-finding-a-safe-space-to-share/ HTTP/1.0" 200 91392 "-" "Mozilla/5.0 AppleWebKit/537.36 (KHTML, like Gecko; compatible; Amazonbot/0.1; +https://developer.amazon.com/support/amazonbot) Chrome/119.0.6045.214 Safari/537.36"
20.171.207.204 - - [09/Sep/2025:10:03:57 +0700] "GET /?p=10878 HTTP/1.0" 301 483 "-" "Mozilla/5.0 AppleWebKit/537.36 (KHTML, like Gecko; compatible; GPTBot/1.2; +https://openai.com/gptbot)"
20.171.207.204 - - [09/Sep/2025:10:03:58 +0700] "GET /what-make-exness-dont-want-you-to-know/ HTTP/1.0" 200 99100 "-" "Mozilla/5.0 AppleWebKit/537.36 (KHTML, like Gecko; compatible; GPTBot/1.2; +https://openai.com/gptbot)"
3.94.40.182 - - [09/Sep/2025:10:03:59 +0700] "GET /exploring-the-popularity-of-ometv/ HTTP/1.0" 200 88293 "-" "Mozilla/5.0 AppleWebKit/537.36 (KHTML, like Gecko; compatible; Amazonbot/0.1; +https://developer.amazon.com/support/amazonbot) Chrome/119.0.6045.214 Safari/537.36"
52.6.5.24 - - [09/Sep/2025:10:04:03 +0700] "GET /a-kaspersky-review/ HTTP/1.0" 200 71751 "-" "Mozilla/5.0 AppleWebKit/537.36 (KHTML, like Gecko; compatible; Amazonbot/0.1; +https://developer.amazon.com/support/amazonbot) Chrome/119.0.6045.214 Safari/537.36"
20.171.207.204 - - [09/Sep/2025:10:04:04 +0700] "GET /pin-ap-top-kazino-obzor-2023-i-bonusy-registracija/ HTTP/1.0" 200 96406 "-" "Mozilla/5.0 AppleWebKit/537.36 (KHTML, like Gecko; compatible; GPTBot/1.2; +https://openai.com/gptbot)"
3.215.221.125 - - [09/Sep/2025:10:04:07 +0700] "GET /omegle-chatting-experiences-anecdotes-and-lessons-learned/ HTTP/1.0" 200 91631 "-" "Mozilla/5.0 AppleWebKit/537.36 (KHTML, like Gecko; compatible; Amazonbot/0.1; +https://developer.amazon.com/support/amazonbot) Chrome/119.0.6045.214 Safari/537.36"
20.171.207.204 - - [09/Sep/2025:10:04:11 +0700] "GET /?p=3139 HTTP/1.0" 301 471 "-" "Mozilla/5.0 AppleWebKit/537.36 (KHTML, like Gecko; compatible; GPTBot/1.2; +https://openai.com/gptbot)"
23.21.148.226 - - [09/Sep/2025:10:04:11 +0700] "GET /the-implications-of-virtual-reality-on-the-future-of-platforms-like-omegle/ HTTP/1.0" 200 91174 "-" "Mozilla/5.0 AppleWebKit/537.36 (KHTML, like Gecko; compatible; Amazonbot/0.1; +https://developer.amazon.com/support/amazonbot) Chrome/119.0.6045.214 Safari/537.36"
20.171.207.204 - - [09/Sep/2025:10:04:13 +0700] "GET /on-line-relationship-sites/ HTTP/1.0" 200 205857 "-" "Mozilla/5.0 AppleWebKit/537.36 (KHTML, like Gecko; compatible; GPTBot/1.2; +https://openai.com/gptbot)"
18.206.47.187 - - [09/Sep/2025:10:04:15 +0700] "GET /the-social-impact-of-omegle-connecting-people-from-different-backgrounds/ HTTP/1.0" 200 93083 "-" "Mozilla/5.0 AppleWebKit/537.36 (KHTML, like Gecko; compatible; Amazonbot/0.1; +https://developer.amazon.com/support/amazonbot) Chrome/119.0.6045.214 Safari/537.36"
20.171.207.204 - - [09/Sep/2025:10:04:19 +0700] "GET /composing-an-urgent-essay/ HTTP/1.0" 200 205717 "-" "Mozilla/5.0 AppleWebKit/537.36 (KHTML, like Gecko; compatible; GPTBot/1.2; +https://openai.com/gptbot)"
3.229.2.217 - - [09/Sep/2025:10:04:23 +0700] "GET /omegles-role-in-cross-cultural-exchange-and-understanding/ HTTP/1.0" 200 85275 "-" "Mozilla/5.0 AppleWebKit/537.36 (KHTML, like Gecko; compatible; Amazonbot/0.1; +https://developer.amazon.com/support/amazonbot) Chrome/119.0.6045.214 Safari/537.36"
20.171.207.204 - - [09/Sep/2025:10:04:25 +0700] "GET /safety-tips-for-using-ometv/ HTTP/1.0" 200 90246 "-" "Mozilla/5.0 AppleWebKit/537.36 (KHTML, like Gecko; compatible; GPTBot/1.2; +https://openai.com/gptbot)"
23.23.180.225 - - [09/Sep/2025:10:04:27 +0700] "GET /omegle-and-cyberbullying-addressing-negative-experiences-on-the-platform/ HTTP/1.0" 200 91812 "-" "Mozilla/5.0 AppleWebKit/537.36 (KHTML, like Gecko; compatible; Amazonbot/0.1; +https://developer.amazon.com/support/amazonbot) Chrome/119.0.6045.214 Safari/537.36"
23.22.59.87 - - [09/Sep/2025:10:04:19 +0700] "GET /connecting-with-strangers-on-omegle/ HTTP/1.0" 503 8456 "-" "Mozilla/5.0 AppleWebKit/537.36 (KHTML, like Gecko; compatible; Amazonbot/0.1; +https://developer.amazon.com/support/amazonbot) Chrome/119.0.6045.214 Safari/537.36"
20.171.207.204 - - [09/Sep/2025:10:04:31 +0700] "GET /how-to-compose-cheap-essays/ HTTP/1.0" 200 205733 "-" "Mozilla/5.0 AppleWebKit/537.36 (KHTML, like Gecko; compatible; GPTBot/1.2; +https://openai.com/gptbot)"
3.210.223.61 - - [09/Sep/2025:10:04:31 +0700] "GET /understanding-the-science-behind-coincidences-on-omegle/ HTTP/1.0" 200 89394 "-" "Mozilla/5.0 AppleWebKit/537.36 (KHTML, like Gecko; compatible; Amazonbot/0.1; +https://developer.amazon.com/support/amazonbot) Chrome/119.0.6045.214 Safari/537.36"
54.164.106.236 - - [09/Sep/2025:10:04:35 +0700] "GET /unleashing-creativity-artistic-expression-on-omegle-chats/ HTTP/1.0" 200 94138 "-" "Mozilla/5.0 AppleWebKit/537.36 (KHTML, like Gecko; compatible; Amazonbot/0.1; +https://developer.amazon.com/support/amazonbot) Chrome/119.0.6045.214 Safari/537.36"
98.84.60.17 - - [09/Sep/2025:10:04:39 +0700] "GET /witty-and-entertaining-omegle-conversations-gone-wrong/ HTTP/1.0" 200 89434 "-" "Mozilla/5.0 AppleWebKit/537.36 (KHTML, like Gecko; compatible; Amazonbot/0.1; +https://developer.amazon.com/support/amazonbot) Chrome/119.0.6045.214 Safari/537.36"
20.171.207.204 - - [09/Sep/2025:10:04:39 +0700] "GET /what-exactly-virtual-info-room-2/ HTTP/1.0" 200 205346 "-" "Mozilla/5.0 AppleWebKit/537.36 (KHTML, like Gecko; compatible; GPTBot/1.2; +https://openai.com/gptbot)"
3.226.34.98 - - [09/Sep/2025:10:04:43 +0700] "GET /exploring-the-world-from-home-omegles-cross-cultural-experiences/ HTTP/1.0" 200 90205 "-" "Mozilla/5.0 AppleWebKit/537.36 (KHTML, like Gecko; compatible; Amazonbot/0.1; +https://developer.amazon.com/support/amazonbot) Chrome/119.0.6045.214 Safari/537.36"
20.171.207.204 - - [09/Sep/2025:10:04:44 +0700] "GET /embracing-cultural-differences-omegle-as-a-catalyst-for-connection/ HTTP/1.0" 200 88973 "-" "Mozilla/5.0 AppleWebKit/537.36 (KHTML, like Gecko; compatible; GPTBot/1.2; +https://openai.com/gptbot)"
52.205.113.104 - - [09/Sep/2025:10:04:47 +0700] "GET /navigating-omegles-community-tips-for-a-positive-experience/ HTTP/1.0" 200 89429 "-" "Mozilla/5.0 AppleWebKit/537.36 (KHTML, like Gecko; compatible; Amazonbot/0.1; +https://developer.amazon.com/support/amazonbot) Chrome/119.0.6045.214 Safari/537.36"
20.171.207.204 - - [09/Sep/2025:10:04:49 +0700] "GET /memorable-moments-on-omegle/ HTTP/1.0" 200 89477 "-" "Mozilla/5.0 AppleWebKit/537.36 (KHTML, like Gecko; compatible; GPTBot/1.2; +https://openai.com/gptbot)"
52.54.157.23 - - [09/Sep/2025:10:04:51 +0700] "GET /omegle-and-intercultural-communication-bridging-the-gap/ HTTP/1.0" 200 91256 "-" "Mozilla/5.0 AppleWebKit/537.36 (KHTML, like Gecko; compatible; Amazonbot/0.1; +https://developer.amazon.com/support/amazonbot) Chrome/119.0.6045.214 Safari/537.36"
20.171.207.204 - - [09/Sep/2025:10:04:54 +0700] "GET /tien-do-truc-tuyen-nhanh-chong-co-vay-nhanh-10-trieu-trong-ngay-the-khac-phuc-su-kho-khan-ve-doanh-thu/ HTTP/1.0" 200 212712 "-" "Mozilla/5.0 AppleWebKit/537.36 (KHTML, like Gecko; compatible; GPTBot/1.2; +https://openai.com/gptbot)"
18.214.138.148 - - [09/Sep/2025:10:04:55 +0700] "GET /witty-and-entertaining-omegle-chats-gone-wrong/ HTTP/1.0" 200 92179 "-" "Mozilla/5.0 AppleWebKit/537.36 (KHTML, like Gecko; compatible; Amazonbot/0.1; +https://developer.amazon.com/support/amazonbot) Chrome/119.0.6045.214 Safari/537.36"
34.231.156.59 - - [09/Sep/2025:10:04:59 +0700] "GET /serendipity-in-cyberspace-and-its-implications-for-social-interactions/ HTTP/1.0" 200 92679 "-" "Mozilla/5.0 AppleWebKit/537.36 (KHTML, like Gecko; compatible; Amazonbot/0.1; +https://developer.amazon.com/support/amazonbot) Chrome/119.0.6045.214 Safari/537.36"
20.171.207.204 - - [09/Sep/2025:10:05:00 +0700] "GET /lucky-jet-onlajn-igra-otzyvy-shema-i-statistika/ HTTP/1.0" 200 115779 "-" "Mozilla/5.0 AppleWebKit/537.36 (KHTML, like Gecko; compatible; GPTBot/1.2; +https://openai.com/gptbot)"
54.84.102.81 - - [09/Sep/2025:10:05:03 +0700] "GET /beautiful-diamonds-jewellery-rings-bracelet-2/ HTTP/1.0" 200 646775 "-" "Mozilla/5.0 AppleWebKit/537.36 (KHTML, like Gecko; compatible; Amazonbot/0.1; +https://developer.amazon.com/support/amazonbot) Chrome/119.0.6045.214 Safari/537.36"
20.171.207.204 - - [09/Sep/2025:10:05:06 +0700] "GET /?p=6533 HTTP/1.0" 301 511 "-" "Mozilla/5.0 AppleWebKit/537.36 (KHTML, like Gecko; compatible; GPTBot/1.2; +https://openai.com/gptbot)"
52.3.156.186 - - [09/Sep/2025:10:05:07 +0700] "GET /the-effects-of-omegle-on-social-skills-and-communication-abilities/ HTTP/1.0" 200 92321 "-" "Mozilla/5.0 AppleWebKit/537.36 (KHTML, like Gecko; compatible; Amazonbot/0.1; +https://developer.amazon.com/support/amazonbot) Chrome/119.0.6045.214 Safari/537.36"
20.171.207.204 - - [09/Sep/2025:10:05:08 +0700] "GET /embracing-cultural-differences-omegle-as-a-catalyst-for-connection/ HTTP/1.0" 200 88973 "-" "Mozilla/5.0 AppleWebKit/537.36 (KHTML, like Gecko; compatible; GPTBot/1.2; +https://openai.com/gptbot)"
3.232.102.111 - - [09/Sep/2025:10:05:11 +0700] "GET /omegle-vs-ometv-a-closer-look-at-chat-filters-and-moderation/ HTTP/1.0" 200 91920 "-" "Mozilla/5.0 AppleWebKit/537.36 (KHTML, like Gecko; compatible; Amazonbot/0.1; +https://developer.amazon.com/support/amazonbot) Chrome/119.0.6045.214 Safari/537.36"
20.171.207.204 - - [09/Sep/2025:10:05:14 +0700] "GET /?p=7212 HTTP/1.0" 301 472 "-" "Mozilla/5.0 AppleWebKit/537.36 (KHTML, like Gecko; compatible; GPTBot/1.2; +https://openai.com/gptbot)"
3.218.103.254 - - [09/Sep/2025:10:05:15 +0700] "GET /cultural-sensitivity-on-omegle-promoting-respect-and-understanding/ HTTP/1.0" 200 90873 "-" "Mozilla/5.0 AppleWebKit/537.36 (KHTML, like Gecko; compatible; Amazonbot/0.1; +https://developer.amazon.com/support/amazonbot) Chrome/119.0.6045.214 Safari/537.36"
20.171.207.204 - - [09/Sep/2025:10:05:16 +0700] "GET /memorable-moments-on-omegle/ HTTP/1.0" 200 89477 "-" "Mozilla/5.0 AppleWebKit/537.36 (KHTML, like Gecko; compatible; GPTBot/1.2; +https://openai.com/gptbot)"
52.44.148.203 - - [09/Sep/2025:10:05:19 +0700] "GET /the-future-of-omegle-innovations-and-improvements-on-the-horizon/ HTTP/1.0" 200 90738 "-" "Mozilla/5.0 AppleWebKit/537.36 (KHTML, like Gecko; compatible; Amazonbot/0.1; +https://developer.amazon.com/support/amazonbot) Chrome/119.0.6045.214 Safari/537.36"
45.117.177.72 - - [09/Sep/2025:10:05:21 +0700] "POST /wp-cron.php?doing_wp_cron=1757387121.4344580173492431640625 HTTP/1.0" 200 416 "-" "WordPress/6.8.1; https://vattusacky.vn"
20.171.207.204 - - [09/Sep/2025:10:05:20 +0700] "GET /?p=3995 HTTP/1.0" 301 477 "-" "Mozilla/5.0 AppleWebKit/537.36 (KHTML, like Gecko; compatible; GPTBot/1.2; +https://openai.com/gptbot)"
20.171.207.204 - - [09/Sep/2025:10:05:21 +0700] "GET /what-exactly-virtual-info-room-2/ HTTP/1.0" 200 205346 "-" "Mozilla/5.0 AppleWebKit/537.36 (KHTML, like Gecko; compatible; GPTBot/1.2; +https://openai.com/gptbot)"
52.205.141.124 - - [09/Sep/2025:10:05:23 +0700] "GET /omegle-alternatives-exploring-similar-platforms-and-their-features/ HTTP/1.0" 200 90017 "-" "Mozilla/5.0 AppleWebKit/537.36 (KHTML, like Gecko; compatible; Amazonbot/0.1; +https://developer.amazon.com/support/amazonbot) Chrome/119.0.6045.214 Safari/537.36"
20.171.207.204 - - [09/Sep/2025:10:05:27 +0700] "GET /bet365-cybersport-bet-review-welcome-bonus-18/ HTTP/1.0" 200 240988 "-" "Mozilla/5.0 AppleWebKit/537.36 (KHTML, like Gecko; compatible; GPTBot/1.2; +https://openai.com/gptbot)"
52.5.242.243 - - [09/Sep/2025:10:05:27 +0700] "GET /maintaining-privacy-video-vs-text-communication-on-omegle-and-ometv/ HTTP/1.0" 200 92574 "-" "Mozilla/5.0 AppleWebKit/537.36 (KHTML, like Gecko; compatible; Amazonbot/0.1; +https://developer.amazon.com/support/amazonbot) Chrome/119.0.6045.214 Safari/537.36"
20.171.207.204 - - [09/Sep/2025:10:05:31 +0700] "GET /?p=3834 HTTP/1.0" 301 426 "-" "Mozilla/5.0 AppleWebKit/537.36 (KHTML, like Gecko; compatible; GPTBot/1.2; +https://openai.com/gptbot)"
52.70.138.176 - - [09/Sep/2025:10:05:32 +0700] "GET /the-role-of-empathy-in-online-relationships/ HTTP/1.0" 200 91888 "-" "Mozilla/5.0 AppleWebKit/537.36 (KHTML, like Gecko; compatible; Amazonbot/0.1; +https://developer.amazon.com/support/amazonbot) Chrome/119.0.6045.214 Safari/537.36"
20.171.207.204 - - [09/Sep/2025:10:05:33 +0700] "GET /how-to-compose-cheap-essays/ HTTP/1.0" 200 205733 "-" "Mozilla/5.0 AppleWebKit/537.36 (KHTML, like Gecko; compatible; GPTBot/1.2; +https://openai.com/gptbot)"
20.171.207.204 - - [09/Sep/2025:10:05:39 +0700] "GET /embracing-differences-with-omegles-cross-cultural-exchanges/ HTTP/1.0" 200 78571 "-" "Mozilla/5.0 AppleWebKit/537.36 (KHTML, like Gecko; compatible; GPTBot/1.2; +https://openai.com/gptbot)"
20.171.207.204 - - [09/Sep/2025:10:05:46 +0700] "GET /?p=10858 HTTP/1.0" 301 492 "-" "Mozilla/5.0 AppleWebKit/537.36 (KHTML, like Gecko; compatible; GPTBot/1.2; +https://openai.com/gptbot)"
20.171.207.204 - - [09/Sep/2025:10:05:48 +0700] "GET /lucky-jet-onlajn-igra-otzyvy-shema-i-statistika/ HTTP/1.0" 200 115779 "-" "Mozilla/5.0 AppleWebKit/537.36 (KHTML, like Gecko; compatible; GPTBot/1.2; +https://openai.com/gptbot)"
107.189.31.215 - - [09/Sep/2025:10:05:52 +0700] "GET /wp-login.php HTTP/1.0" 200 11388 "-" "Mozilla/5.0 (Macintosh; Intel Mac OS X 10.6; rv:31.0) Gecko/20100101 Firefox/31.0"
20.171.207.204 - - [09/Sep/2025:10:05:54 +0700] "GET /research-paper-topics-that-you-should-not-ignore/ HTTP/1.0" 200 208315 "-" "Mozilla/5.0 AppleWebKit/537.36 (KHTML, like Gecko; compatible; GPTBot/1.2; +https://openai.com/gptbot)"
20.171.207.204 - - [09/Sep/2025:10:05:59 +0700] "GET /wp-content/uploads/2018/07/VELP_FoodFeed_Line4.pdf HTTP/1.0" 200 432 "-" "Mozilla/5.0 AppleWebKit/537.36 (KHTML, like Gecko; compatible; GPTBot/1.2; +https://openai.com/gptbot)"
20.171.207.204 - - [09/Sep/2025:10:06:08 +0700] "GET /?p=6534 HTTP/1.0" 301 504 "-" "Mozilla/5.0 AppleWebKit/537.36 (KHTML, like Gecko; compatible; GPTBot/1.2; +https://openai.com/gptbot)"
20.171.207.204 - - [09/Sep/2025:10:06:09 +0700] "GET /embracing-differences-with-omegles-cross-cultural-exchanges/ HTTP/1.0" 200 78571 "-" "Mozilla/5.0 AppleWebKit/537.36 (KHTML, like Gecko; compatible; GPTBot/1.2; +https://openai.com/gptbot)"
45.117.177.72 - - [09/Sep/2025:10:06:18 +0700] "POST /wp-cron.php?doing_wp_cron=1757387177.9186079502105712890625 HTTP/1.0" 200 416 "-" "WordPress/6.8.1; https://vattusacky.vn"
20.171.207.204 - - [09/Sep/2025:10:06:16 +0700] "GET /embracing-different-cultures-through-omegles-cross-cultural-chats/ HTTP/1.0" 200 93557 "-" "Mozilla/5.0 AppleWebKit/537.36 (KHTML, like Gecko; compatible; GPTBot/1.2; +https://openai.com/gptbot)"
20.171.207.204 - - [09/Sep/2025:10:06:22 +0700] "GET /?p=3855 HTTP/1.0" 301 447 "-" "Mozilla/5.0 AppleWebKit/537.36 (KHTML, like Gecko; compatible; GPTBot/1.2; +https://openai.com/gptbot)"
20.171.207.204 - - [09/Sep/2025:10:06:24 +0700] "GET /research-paper-topics-that-you-should-not-ignore/ HTTP/1.0" 200 208315 "-" "Mozilla/5.0 AppleWebKit/537.36 (KHTML, like Gecko; compatible; GPTBot/1.2; +https://openai.com/gptbot)"
20.171.207.204 - - [09/Sep/2025:10:06:29 +0700] "GET /about-casino-deposit-free-spins/ HTTP/1.0" 200 207189 "-" "Mozilla/5.0 AppleWebKit/537.36 (KHTML, like Gecko; compatible; GPTBot/1.2; +https://openai.com/gptbot)"
18.211.245.221 - - [09/Sep/2025:10:06:37 +0700] "GET /connecting-with-strangers-on-omegle/ HTTP/1.0" 200 89329 "-" "Mozilla/5.0 AppleWebKit/605.1.15 (KHTML, like Gecko) Chrome/139.0.0.0 Safari/605.1.15"
20.171.207.204 - - [09/Sep/2025:10:06:38 +0700] "GET /lam-the-nao-de-xac-dinh-vi-tri-https-vaytienuytin24h-com-tra-truoc-tra-gop-75-dem-bat-ky/ HTTP/1.0" 200 210979 "-" "Mozilla/5.0 AppleWebKit/537.36 (KHTML, like Gecko; compatible; GPTBot/1.2; +https://openai.com/gptbot)"
20.171.207.204 - - [09/Sep/2025:10:06:44 +0700] "GET /?p=6535 HTTP/1.0" 301 510 "-" "Mozilla/5.0 AppleWebKit/537.36 (KHTML, like Gecko; compatible; GPTBot/1.2; +https://openai.com/gptbot)"
20.171.207.204 - - [09/Sep/2025:10:06:46 +0700] "GET /embracing-different-cultures-through-omegles-cross-cultural-chats/ HTTP/1.0" 200 93557 "-" "Mozilla/5.0 AppleWebKit/537.36 (KHTML, like Gecko; compatible; GPTBot/1.2; +https://openai.com/gptbot)"
20.171.207.204 - - [09/Sep/2025:10:06:57 +0700] "GET /exness-without-driving-yourself-crazy/ HTTP/1.0" 200 96368 "-" "Mozilla/5.0 AppleWebKit/537.36 (KHTML, like Gecko; compatible; GPTBot/1.2; +https://openai.com/gptbot)"
20.171.207.204 - - [09/Sep/2025:10:07:05 +0700] "GET /embracing-digital-connections-omegles-evolution-continues/ HTTP/1.0" 200 90101 "-" "Mozilla/5.0 AppleWebKit/537.36 (KHTML, like Gecko; compatible; GPTBot/1.2; +https://openai.com/gptbot)"
20.171.207.204 - - [09/Sep/2025:10:07:14 +0700] "GET /?p=8170 HTTP/1.0" 301 472 "-" "Mozilla/5.0 AppleWebKit/537.36 (KHTML, like Gecko; compatible; GPTBot/1.2; +https://openai.com/gptbot)"
45.117.177.72 - - [09/Sep/2025:10:07:18 +0700] "POST /wp-cron.php?doing_wp_cron=1757387237.8800671100616455078125 HTTP/1.0" 200 416 "-" "WordPress/6.8.1; https://vattusacky.vn"
20.171.207.204 - - [09/Sep/2025:10:07:16 +0700] "GET /safety-tips-for-using-ometv/ HTTP/1.0" 200 90246 "-" "Mozilla/5.0 AppleWebKit/537.36 (KHTML, like Gecko; compatible; GPTBot/1.2; +https://openai.com/gptbot)"
20.171.207.204 - - [09/Sep/2025:10:07:23 +0700] "GET /writing-my-paper-the-way-to-find-professional-paper-writing-help/ HTTP/1.0" 200 206371 "-" "Mozilla/5.0 AppleWebKit/537.36 (KHTML, like Gecko; compatible; GPTBot/1.2; +https://openai.com/gptbot)"
20.171.207.204 - - [09/Sep/2025:10:07:30 +0700] "GET /?p=3166 HTTP/1.0" 301 470 "-" "Mozilla/5.0 AppleWebKit/537.36 (KHTML, like Gecko; compatible; GPTBot/1.2; +https://openai.com/gptbot)"
20.171.207.204 - - [09/Sep/2025:10:07:31 +0700] "GET /is-alcohol-a-gateway-drug/ HTTP/1.0" 200 385912 "-" "Mozilla/5.0 AppleWebKit/537.36 (KHTML, like Gecko; compatible; GPTBot/1.2; +https://openai.com/gptbot)"
20.171.207.204 - - [09/Sep/2025:10:07:40 +0700] "GET /?p=10874 HTTP/1.0" 301 495 "-" "Mozilla/5.0 AppleWebKit/537.36 (KHTML, like Gecko; compatible; GPTBot/1.2; +https://openai.com/gptbot)"
20.171.207.204 - - [09/Sep/2025:10:07:41 +0700] "GET /pin-ap-top-kazino-obzor-2023-i-bonusy-registracija/ HTTP/1.0" 200 96406 "-" "Mozilla/5.0 AppleWebKit/537.36 (KHTML, like Gecko; compatible; GPTBot/1.2; +https://openai.com/gptbot)"
20.171.207.204 - - [09/Sep/2025:10:07:48 +0700] "GET /?p=3836 HTTP/1.0" 301 430 "-" "Mozilla/5.0 AppleWebKit/537.36 (KHTML, like Gecko; compatible; GPTBot/1.2; +https://openai.com/gptbot)"
185.26.223.108 - - [09/Sep/2025:10:07:48 +0700] "GET /where-can-i-buy-viagra-over-the-counter-in-the-usa/ HTTP/1.0" 200 225090 "https://vattusacky.vn/" "Mozilla/5.0 (Windows NT 10.0; WOW64) AppleWebKit/537.36 (KHTML, like Gecko) Chrome/114.0.0.0 Safari/537.36"
20.171.207.204 - - [09/Sep/2025:10:07:50 +0700] "GET /about-casino-deposit-free-spins/ HTTP/1.0" 200 207189 "-" "Mozilla/5.0 AppleWebKit/537.36 (KHTML, like Gecko; compatible; GPTBot/1.2; +https://openai.com/gptbot)"
20.171.207.204 - - [09/Sep/2025:10:07:57 +0700] "GET /?p=2318 HTTP/1.0" 301 547 "-" "Mozilla/5.0 AppleWebKit/537.36 (KHTML, like Gecko; compatible; GPTBot/1.2; +https://openai.com/gptbot)"
20.171.207.204 - - [09/Sep/2025:10:07:59 +0700] "GET /tien-do-truc-tuyen-nhanh-chong-co-vay-nhanh-10-trieu-trong-ngay-the-khac-phuc-su-kho-khan-ve-doanh-thu/ HTTP/1.0" 200 212712 "-" "Mozilla/5.0 AppleWebKit/537.36 (KHTML, like Gecko; compatible; GPTBot/1.2; +https://openai.com/gptbot)"
20.171.207.204 - - [09/Sep/2025:10:08:04 +0700] "GET /?p=3377 HTTP/1.0" 301 424 "-" "Mozilla/5.0 AppleWebKit/537.36 (KHTML, like Gecko; compatible; GPTBot/1.2; +https://openai.com/gptbot)"
20.171.207.204 - - [09/Sep/2025:10:08:06 +0700] "GET /composing-an-urgent-essay/ HTTP/1.0" 200 205717 "-" "Mozilla/5.0 AppleWebKit/537.36 (KHTML, like Gecko; compatible; GPTBot/1.2; +https://openai.com/gptbot)"
20.171.207.204 - - [09/Sep/2025:10:08:13 +0700] "GET /obzor-aviator-igra-2023-igrat-na-realnye-dengi/ HTTP/1.0" 200 248007 "-" "Mozilla/5.0 AppleWebKit/537.36 (KHTML, like Gecko; compatible; GPTBot/1.2; +https://openai.com/gptbot)"
45.117.177.72 - - [09/Sep/2025:10:08:23 +0700] "POST /wp-cron.php?doing_wp_cron=1757387302.9520809650421142578125 HTTP/1.0" 200 416 "-" "WordPress/6.8.1; https://vattusacky.vn"
20.171.207.204 - - [09/Sep/2025:10:08:21 +0700] "GET /gama-casino-bonusy-dlja-igrokov-2023-igrat-na HTTP/1.0" 301 490 "-" "Mozilla/5.0 AppleWebKit/537.36 (KHTML, like Gecko; compatible; GPTBot/1.2; +https://openai.com/gptbot)"
20.171.207.204 - - [09/Sep/2025:10:08:23 +0700] "GET /gama-casino-bonusy-dlja-igrokov-2023-igrat-na/ HTTP/1.0" 200 219721 "-" "Mozilla/5.0 AppleWebKit/537.36 (KHTML, like Gecko; compatible; GPTBot/1.2; +https://openai.com/gptbot)"
20.171.207.204 - - [09/Sep/2025:10:08:28 +0700] "GET /?p=6536 HTTP/1.0" 301 502 "-" "Mozilla/5.0 AppleWebKit/537.36 (KHTML, like Gecko; compatible; GPTBot/1.2; +https://openai.com/gptbot)"
20.171.207.204 - - [09/Sep/2025:10:08:30 +0700] "GET /embracing-digital-connections-omegles-evolution-continues/ HTTP/1.0" 200 90101 "-" "Mozilla/5.0 AppleWebKit/537.36 (KHTML, like Gecko; compatible; GPTBot/1.2; +https://openai.com/gptbot)"
20.171.207.204 - - [09/Sep/2025:10:08:37 +0700] "GET /bridging-distances-video-vs-text-on-omegle-and-ometv/ HTTP/1.0" 200 93865 "-" "Mozilla/5.0 AppleWebKit/537.36 (KHTML, like Gecko; compatible; GPTBot/1.2; +https://openai.com/gptbot)"
45.117.177.72 - - [09/Sep/2025:10:08:44 +0700] "POST /wp-cron.php?doing_wp_cron=1757387324.8403780460357666015625 HTTP/1.0" 200 416 "-" "WordPress/6.8.1; https://vattusacky.vn"
20.171.207.204 - - [09/Sep/2025:10:08:43 +0700] "GET /embracing-diverse-communities-on-omegle-connecting-the-global-village/ HTTP/1.0" 200 91202 "-" "Mozilla/5.0 AppleWebKit/537.36 (KHTML, like Gecko; compatible; GPTBot/1.2; +https://openai.com/gptbot)"
20.171.207.204 - - [09/Sep/2025:10:08:50 +0700] "GET /?p=10856 HTTP/1.0" 301 482 "-" "Mozilla/5.0 AppleWebKit/537.36 (KHTML, like Gecko; compatible; GPTBot/1.2; +https://openai.com/gptbot)"
45.117.177.72 - - [09/Sep/2025:10:08:54 +0700] "POST /wp-cron.php?doing_wp_cron=1757387334.1162519454956054687500 HTTP/1.0" 200 416 "-" "WordPress/6.8.1; https://vattusacky.vn"
20.171.207.204 - - [09/Sep/2025:10:08:52 +0700] "GET /exness-without-driving-yourself-crazy/ HTTP/1.0" 200 96368 "-" "Mozilla/5.0 AppleWebKit/537.36 (KHTML, like Gecko; compatible; GPTBot/1.2; +https://openai.com/gptbot)"
20.171.207.204 - - [09/Sep/2025:10:08:58 +0700] "GET /the-main-advantages-of-a-aboard-room-software-review/ HTTP/1.0" 200 205558 "-" "Mozilla/5.0 AppleWebKit/537.36 (KHTML, like Gecko; compatible; GPTBot/1.2; +https://openai.com/gptbot)"
20.171.207.204 - - [09/Sep/2025:10:09:06 +0700] "GET /embracing-diversity-building-connections-beyond-geographical-boundaries-on-omegle/ HTTP/1.0" 200 90901 "-" "Mozilla/5.0 AppleWebKit/537.36 (KHTML, like Gecko; compatible; GPTBot/1.2; +https://openai.com/gptbot)"
20.171.207.204 - - [09/Sep/2025:10:09:13 +0700] "GET /true-mail-buy-brides-discover-stunning-mail-order-sweetheart-online/ HTTP/1.0" 200 211311 "-" "Mozilla/5.0 AppleWebKit/537.36 (KHTML, like Gecko; compatible; GPTBot/1.2; +https://openai.com/gptbot)"
45.117.177.72 - - [09/Sep/2025:10:09:21 +0700] "POST /wp-cron.php?doing_wp_cron=1757387361.0266389846801757812500 HTTP/1.0" 200 416 "-" "WordPress/6.8.1; https://vattusacky.vn"
20.171.207.204 - - [09/Sep/2025:10:09:19 +0700] "GET /understanding-omegles-data-retention-policy/ HTTP/1.0" 200 89194 "-" "Mozilla/5.0 AppleWebKit/537.36 (KHTML, like Gecko; compatible; GPTBot/1.2; +https://openai.com/gptbot)"
20.171.207.204 - - [09/Sep/2025:10:09:25 +0700] "GET /building-connections-through-serendipity-on-omegle-and-ometv/ HTTP/1.0" 200 91820 "-" "Mozilla/5.0 AppleWebKit/537.36 (KHTML, like Gecko; compatible; GPTBot/1.2; +https://openai.com/gptbot)"
20.171.207.204 - - [09/Sep/2025:10:09:31 +0700] "GET /initially-date-etiquette-rules/ HTTP/1.0" 200 72316 "-" "Mozilla/5.0 AppleWebKit/537.36 (KHTML, like Gecko; compatible; GPTBot/1.2; +https://openai.com/gptbot)"
20.171.207.204 - - [09/Sep/2025:10:09:36 +0700] "GET /?p=3852 HTTP/1.0" 301 463 "-" "Mozilla/5.0 AppleWebKit/537.36 (KHTML, like Gecko; compatible; GPTBot/1.2; +https://openai.com/gptbot)"
20.171.207.204 - - [09/Sep/2025:10:09:38 +0700] "GET /writing-my-paper-the-way-to-find-professional-paper-writing-help/ HTTP/1.0" 200 206371 "-" "Mozilla/5.0 AppleWebKit/537.36 (KHTML, like Gecko; compatible; GPTBot/1.2; +https://openai.com/gptbot)"
20.171.207.204 - - [09/Sep/2025:10:09:42 +0700] "GET /?p=6537 HTTP/1.0" 301 514 "-" "Mozilla/5.0 AppleWebKit/537.36 (KHTML, like Gecko; compatible; GPTBot/1.2; +https://openai.com/gptbot)"
20.171.207.204 - - [09/Sep/2025:10:09:44 +0700] "GET /embracing-diverse-communities-on-omegle-connecting-the-global-village/ HTTP/1.0" 200 91202 "-" "Mozilla/5.0 AppleWebKit/537.36 (KHTML, like Gecko; compatible; GPTBot/1.2; +https://openai.com/gptbot)"
20.171.207.204 - - [09/Sep/2025:10:09:51 +0700] "GET /obzor-getx-2023-jeto-krash-igra-novogo-pokolenija HTTP/1.0" 301 494 "-" "Mozilla/5.0 AppleWebKit/537.36 (KHTML, like Gecko; compatible; GPTBot/1.2; +https://openai.com/gptbot)"
20.171.207.204 - - [09/Sep/2025:10:09:53 +0700] "GET /obzor-getx-2023-jeto-krash-igra-novogo-pokolenija/ HTTP/1.0" 200 243262 "-" "Mozilla/5.0 AppleWebKit/537.36 (KHTML, like Gecko; compatible; GPTBot/1.2; +https://openai.com/gptbot)"
20.171.207.204 - - [09/Sep/2025:10:09:59 +0700] "GET /du-doan-dieu-gi-tu-tien-vay-500k-trinh-500-nghin-truoc-do HTTP/1.0" 301 502 "-" "Mozilla/5.0 AppleWebKit/537.36 (KHTML, like Gecko; compatible; GPTBot/1.2; +https://openai.com/gptbot)"
157.55.39.222 - - [09/Sep/2025:10:10:00 +0700] "GET /robots.txt HTTP/1.0" 200 984 "-" "Mozilla/5.0 AppleWebKit/537.36 (KHTML, like Gecko; compatible; bingbot/2.0; +http://www.bing.com/bingbot.htm) Chrome/116.0.1938.76 Safari/537.36"
20.171.207.204 - - [09/Sep/2025:10:10:00 +0700] "GET /du-doan-dieu-gi-tu-tien-vay-500k-trinh-500-nghin-truoc-do/ HTTP/1.0" 200 212811 "-" "Mozilla/5.0 AppleWebKit/537.36 (KHTML, like Gecko; compatible; GPTBot/1.2; +https://openai.com/gptbot)"
20.171.207.204 - - [09/Sep/2025:10:10:07 +0700] "GET /1xbet-bangladesh-app-review-44 HTTP/1.0" 301 475 "-" "Mozilla/5.0 AppleWebKit/537.36 (KHTML, like Gecko; compatible; GPTBot/1.2; +https://openai.com/gptbot)"
20.171.207.204 - - [09/Sep/2025:10:10:08 +0700] "GET /1xbet-bangladesh-app-review-44/ HTTP/1.0" 200 93656 "-" "Mozilla/5.0 AppleWebKit/537.36 (KHTML, like Gecko; compatible; GPTBot/1.2; +https://openai.com/gptbot)"
20.171.207.204 - - [09/Sep/2025:10:10:15 +0700] "GET /?p=3818 HTTP/1.0" 301 497 "-" "Mozilla/5.0 AppleWebKit/537.36 (KHTML, like Gecko; compatible; GPTBot/1.2; +https://openai.com/gptbot)"
45.117.177.72 - - [09/Sep/2025:10:10:18 +0700] "POST /wp-cron.php?doing_wp_cron=1757387418.3644781112670898437500 HTTP/1.0" 200 416 "-" "WordPress/6.8.1; https://vattusacky.vn"
20.171.207.204 - - [09/Sep/2025:10:10:16 +0700] "GET /the-main-advantages-of-a-aboard-room-software-review/ HTTP/1.0" 200 205558 "-" "Mozilla/5.0 AppleWebKit/537.36 (KHTML, like Gecko; compatible; GPTBot/1.2; +https://openai.com/gptbot)"
20.171.207.204 - - [09/Sep/2025:10:10:23 +0700] "GET /can-be-my-romance-over/ HTTP/1.0" 200 205783 "-" "Mozilla/5.0 AppleWebKit/537.36 (KHTML, like Gecko; compatible; GPTBot/1.2; +https://openai.com/gptbot)"
20.171.207.204 - - [09/Sep/2025:10:10:29 +0700] "GET /omegle-vs-ometv-a-comparison-of-face-to-face-video-chat-platforms/ HTTP/1.0" 200 90059 "-" "Mozilla/5.0 AppleWebKit/537.36 (KHTML, like Gecko; compatible; GPTBot/1.2; +https://openai.com/gptbot)"
20.171.207.204 - - [09/Sep/2025:10:10:41 +0700] "GET /?p=6538 HTTP/1.0" 301 526 "-" "Mozilla/5.0 AppleWebKit/537.36 (KHTML, like Gecko; compatible; GPTBot/1.2; +https://openai.com/gptbot)"
20.171.207.204 - - [09/Sep/2025:10:10:43 +0700] "GET /embracing-diversity-building-connections-beyond-geographical-boundaries-on-omegle/ HTTP/1.0" 200 90901 "-" "Mozilla/5.0 AppleWebKit/537.36 (KHTML, like Gecko; compatible; GPTBot/1.2; +https://openai.com/gptbot)"
20.171.207.204 - - [09/Sep/2025:10:10:51 +0700] "GET /?p=9757 HTTP/1.0" 301 475 "-" "Mozilla/5.0 AppleWebKit/537.36 (KHTML, like Gecko; compatible; GPTBot/1.2; +https://openai.com/gptbot)"
20.171.207.204 - - [09/Sep/2025:10:10:53 +0700] "GET /initially-date-etiquette-rules/ HTTP/1.0" 200 72316 "-" "Mozilla/5.0 AppleWebKit/537.36 (KHTML, like Gecko; compatible; GPTBot/1.2; +https://openai.com/gptbot)"
20.171.207.204 - - [09/Sep/2025:10:10:59 +0700] "GET /embracing-diversity-cultural-exchanges-on-omegle-and-ometv/ HTTP/1.0" 200 85928 "-" "Mozilla/5.0 AppleWebKit/537.36 (KHTML, like Gecko; compatible; GPTBot/1.2; +https://openai.com/gptbot)"
20.171.207.204 - - [09/Sep/2025:10:11:05 +0700] "GET /?p=3485 HTTP/1.0" 301 467 "-" "Mozilla/5.0 AppleWebKit/537.36 (KHTML, like Gecko; compatible; GPTBot/1.2; +https://openai.com/gptbot)"
20.171.207.204 - - [09/Sep/2025:10:11:07 +0700] "GET /can-be-my-romance-over/ HTTP/1.0" 200 205783 "-" "Mozilla/5.0 AppleWebKit/537.36 (KHTML, like Gecko; compatible; GPTBot/1.2; +https://openai.com/gptbot)"
20.171.207.204 - - [09/Sep/2025:10:11:12 +0700] "GET /?p=7738 HTTP/1.0" 301 510 "-" "Mozilla/5.0 AppleWebKit/537.36 (KHTML, like Gecko; compatible; GPTBot/1.2; +https://openai.com/gptbot)"
20.171.207.204 - - [09/Sep/2025:10:11:13 +0700] "GET /omegle-vs-ometv-a-comparison-of-face-to-face-video-chat-platforms/ HTTP/1.0" 200 90059 "-" "Mozilla/5.0 AppleWebKit/537.36 (KHTML, like Gecko; compatible; GPTBot/1.2; +https://openai.com/gptbot)"
45.117.177.72 - - [09/Sep/2025:10:11:21 +0700] "POST /wp-cron.php?doing_wp_cron=1757387481.4083249568939208984375 HTTP/1.0" 200 416 "-" "WordPress/6.8.1; https://vattusacky.vn"
20.171.207.204 - - [09/Sep/2025:10:11:19 +0700] "GET /unexpected-conversations-on-omegle/ HTTP/1.0" 200 89211 "-" "Mozilla/5.0 AppleWebKit/537.36 (KHTML, like Gecko; compatible; GPTBot/1.2; +https://openai.com/gptbot)"
20.171.207.204 - - [09/Sep/2025:10:11:26 +0700] "GET /?p=6276 HTTP/1.0" 301 505 "-" "Mozilla/5.0 AppleWebKit/537.36 (KHTML, like Gecko; compatible; GPTBot/1.2; +https://openai.com/gptbot)"
20.171.207.204 - - [09/Sep/2025:10:11:28 +0700] "GET /building-connections-through-serendipity-on-omegle-and-ometv/ HTTP/1.0" 200 91820 "-" "Mozilla/5.0 AppleWebKit/537.36 (KHTML, like Gecko; compatible; GPTBot/1.2; +https://openai.com/gptbot)"
20.171.207.204 - - [09/Sep/2025:10:11:35 +0700] "GET /is-omegle-safe-for-use/ HTTP/1.0" 200 73944 "-" "Mozilla/5.0 AppleWebKit/537.36 (KHTML, like Gecko; compatible; GPTBot/1.2; +https://openai.com/gptbot)"
20.171.207.204 - - [09/Sep/2025:10:11:40 +0700] "GET /the-pros-and-cons-of-omegle-and-ometv-face-to-face-video-chats/ HTTP/1.0" 200 92889 "-" "Mozilla/5.0 AppleWebKit/537.36 (KHTML, like Gecko; compatible; GPTBot/1.2; +https://openai.com/gptbot)"
20.171.207.204 - - [09/Sep/2025:10:11:45 +0700] "GET /?p=9053 HTTP/1.0" 301 488 "-" "Mozilla/5.0 AppleWebKit/537.36 (KHTML, like Gecko; compatible; GPTBot/1.2; +https://openai.com/gptbot)"
20.171.207.204 - - [09/Sep/2025:10:11:47 +0700] "GET /understanding-omegles-data-retention-policy/ HTTP/1.0" 200 89194 "-" "Mozilla/5.0 AppleWebKit/537.36 (KHTML, like Gecko; compatible; GPTBot/1.2; +https://openai.com/gptbot)"
20.171.207.204 - - [09/Sep/2025:10:11:54 +0700] "GET /omegle-vs-ometv-a-closer-look-at-face-to-face-video-chat-options/ HTTP/1.0" 200 86056 "-" "Mozilla/5.0 AppleWebKit/537.36 (KHTML, like Gecko; compatible; GPTBot/1.2; +https://openai.com/gptbot)"
20.171.207.204 - - [09/Sep/2025:10:12:01 +0700] "GET /omegle-vs-ometv-which-face-to-face-video-chat-platform-to-choose/ HTTP/1.0" 200 89694 "-" "Mozilla/5.0 AppleWebKit/537.36 (KHTML, like Gecko; compatible; GPTBot/1.2; +https://openai.com/gptbot)"
20.171.207.204 - - [09/Sep/2025:10:12:06 +0700] "GET /team-bond-claims-day-1-win-in-8-hour-lemon-squeeze-67 HTTP/1.0" 301 498 "-" "Mozilla/5.0 AppleWebKit/537.36 (KHTML, like Gecko; compatible; GPTBot/1.2; +https://openai.com/gptbot)"
20.171.207.204 - - [09/Sep/2025:10:12:08 +0700] "GET /team-bond-claims-day-1-win-in-8-hour-lemon-squeeze-67/ HTTP/1.0" 200 252846 "-" "Mozilla/5.0 AppleWebKit/537.36 (KHTML, like Gecko; compatible; GPTBot/1.2; +https://openai.com/gptbot)"
45.117.177.72 - - [09/Sep/2025:10:12:18 +0700] "POST /wp-cron.php?doing_wp_cron=1757387538.8257749080657958984375 HTTP/1.0" 200 416 "-" "WordPress/6.8.1; https://vattusacky.vn"
20.171.207.204 - - [09/Sep/2025:10:12:17 +0700] "GET /?p=6539 HTTP/1.0" 301 503 "-" "Mozilla/5.0 AppleWebKit/537.36 (KHTML, like Gecko; compatible; GPTBot/1.2; +https://openai.com/gptbot)"
20.171.207.204 - - [09/Sep/2025:10:12:19 +0700] "GET /embracing-diversity-cultural-exchanges-on-omegle-and-ometv/ HTTP/1.0" 200 85928 "-" "Mozilla/5.0 AppleWebKit/537.36 (KHTML, like Gecko; compatible; GPTBot/1.2; +https://openai.com/gptbot)"
20.171.207.204 - - [09/Sep/2025:10:12:25 +0700] "GET /?p=9089 HTTP/1.0" 301 479 "-" "Mozilla/5.0 AppleWebKit/537.36 (KHTML, like Gecko; compatible; GPTBot/1.2; +https://openai.com/gptbot)"
20.171.207.204 - - [09/Sep/2025:10:12:27 +0700] "GET /unexpected-conversations-on-omegle/ HTTP/1.0" 200 89211 "-" "Mozilla/5.0 AppleWebKit/537.36 (KHTML, like Gecko; compatible; GPTBot/1.2; +https://openai.com/gptbot)"
20.171.207.204 - - [09/Sep/2025:10:12:33 +0700] "GET /?p=8725 HTTP/1.0" 301 507 "-" "Mozilla/5.0 AppleWebKit/537.36 (KHTML, like Gecko; compatible; GPTBot/1.2; +https://openai.com/gptbot)"
20.171.207.204 - - [09/Sep/2025:10:12:35 +0700] "GET /the-pros-and-cons-of-omegle-and-ometv-face-to-face-video-chats/ HTTP/1.0" 200 92889 "-" "Mozilla/5.0 AppleWebKit/537.36 (KHTML, like Gecko; compatible; GPTBot/1.2; +https://openai.com/gptbot)"
20.171.207.204 - - [09/Sep/2025:10:12:41 +0700] "GET /?p=7774 HTTP/1.0" 301 509 "-" "Mozilla/5.0 AppleWebKit/537.36 (KHTML, like Gecko; compatible; GPTBot/1.2; +https://openai.com/gptbot)"
20.171.207.204 - - [09/Sep/2025:10:12:42 +0700] "GET /omegle-vs-ometv-which-face-to-face-video-chat-platform-to-choose/ HTTP/1.0" 200 89694 "-" "Mozilla/5.0 AppleWebKit/537.36 (KHTML, like Gecko; compatible; GPTBot/1.2; +https://openai.com/gptbot)"
20.171.207.204 - - [09/Sep/2025:10:12:49 +0700] "GET /understanding-the-concept-of-random-video-chats/ HTTP/1.0" 200 90918 "-" "Mozilla/5.0 AppleWebKit/537.36 (KHTML, like Gecko; compatible; GPTBot/1.2; +https://openai.com/gptbot)"
20.171.207.204 - - [09/Sep/2025:10:12:59 +0700] "GET /?p=7142 HTTP/1.0" 301 467 "-" "Mozilla/5.0 AppleWebKit/537.36 (KHTML, like Gecko; compatible; GPTBot/1.2; +https://openai.com/gptbot)"
20.171.207.204 - - [09/Sep/2025:10:13:01 +0700] "GET /is-omegle-safe-for-use/ HTTP/1.0" 200 73944 "-" "Mozilla/5.0 AppleWebKit/537.36 (KHTML, like Gecko; compatible; GPTBot/1.2; +https://openai.com/gptbot)"
20.171.207.204 - - [09/Sep/2025:10:13:08 +0700] "GET /?p=7733 HTTP/1.0" 301 509 "-" "Mozilla/5.0 AppleWebKit/537.36 (KHTML, like Gecko; compatible; GPTBot/1.2; +https://openai.com/gptbot)"
45.116.79.41 - - [09/Sep/2025:10:13:09 +0700] "POST /wp-login.php HTTP/1.0" 302 1519 "https://vattusacky.vn/wp-admin/" "Mozilla/5.0 (Windows NT 10.0; Win64; x64) AppleWebKit/537.36 (KHTML, like Gecko) Chrome/90.0.4430.85 Safari/537.36"
20.171.207.204 - - [09/Sep/2025:10:13:11 +0700] "GET /omegle-vs-ometv-a-closer-look-at-face-to-face-video-chat-options/ HTTP/1.0" 200 86056 "-" "Mozilla/5.0 AppleWebKit/537.36 (KHTML, like Gecko; compatible; GPTBot/1.2; +https://openai.com/gptbot)"
45.116.79.41 - - [09/Sep/2025:10:13:11 +0700] "GET /wp-admin/profile.php HTTP/1.0" 302 509 "https://vattusacky.vn/wp-admin/" "Mozilla/5.0 (Windows NT 10.0; Win64; x64) AppleWebKit/537.36 (KHTML, like Gecko) Chrome/90.0.4430.85 Safari/537.36"
45.116.79.41 - - [09/Sep/2025:10:13:14 +0700] "GET /my-account/ HTTP/1.0" 200 60422 "https://vattusacky.vn/wp-admin/" "Mozilla/5.0 (Windows NT 10.0; Win64; x64) AppleWebKit/537.36 (KHTML, like Gecko) Chrome/90.0.4430.85 Safari/537.36"
45.117.177.72 - - [09/Sep/2025:10:13:18 +0700] "POST /wp-cron.php?doing_wp_cron=1757387597.9600660800933837890625 HTTP/1.0" 200 416 "-" "WordPress/6.8.1; https://vattusacky.vn"
20.171.207.204 - - [09/Sep/2025:10:13:16 +0700] "GET /pin-up-kazino-bonusy-igrat-v-igrovye-apparaty-i-2/ HTTP/1.0" 200 98968 "-" "Mozilla/5.0 AppleWebKit/537.36 (KHTML, like Gecko; compatible; GPTBot/1.2; +https://openai.com/gptbot)"
45.116.79.41 - - [09/Sep/2025:10:13:16 +0700] "GET /wp-admin/ HTTP/1.0" 302 509 "-" "Mozilla/5.0 (Windows NT 10.0; Win64; x64) AppleWebKit/537.36 (KHTML, like Gecko) Chrome/112.0.0.0 Safari/537.36"
45.116.79.41 - - [09/Sep/2025:10:13:18 +0700] "GET /my-account/ HTTP/1.0" 200 60422 "-" "Mozilla/5.0 (Windows NT 10.0; Win64; x64) AppleWebKit/537.36 (KHTML, like Gecko) Chrome/112.0.0.0 Safari/537.36"
20.171.207.204 - - [09/Sep/2025:10:13:22 +0700] "GET /wp-content/uploads/2016/09/cropped-logo-vietnguyen.png HTTP/1.0" 200 430 "-" "Mozilla/5.0 AppleWebKit/537.36 (KHTML, like Gecko; compatible; GPTBot/1.2; +https://openai.com/gptbot)"
20.171.207.204 - - [09/Sep/2025:10:13:26 +0700] "GET /using-omegle-video-chat-for-business-networking/ HTTP/1.0" 200 93322 "-" "Mozilla/5.0 AppleWebKit/537.36 (KHTML, like Gecko; compatible; GPTBot/1.2; +https://openai.com/gptbot)"
20.171.207.204 - - [09/Sep/2025:10:13:32 +0700] "GET /embracing-diversity-exploring-cultural-differences-on-omegle-and-ometv/ HTTP/1.0" 200 93386 "-" "Mozilla/5.0 AppleWebKit/537.36 (KHTML, like Gecko; compatible; GPTBot/1.2; +https://openai.com/gptbot)"
20.171.207.204 - - [09/Sep/2025:10:13:39 +0700] "GET /pin-ap-casino-onlajn-frispiny-za-vhod-v-kazino-4 HTTP/1.0" 301 493 "-" "Mozilla/5.0 AppleWebKit/537.36 (KHTML, like Gecko; compatible; GPTBot/1.2; +https://openai.com/gptbot)"
