20.171.207.204 - - [09/Sep/2025:10:30:36 +0700] "GET /san-pham/thiet-bi-lay-mau-nuoc-beta-van-dorn-loai-ngang-nhan-hang-wildco/ HTTP/1.0" 200 226328 "-" "Mozilla/5.0 AppleWebKit/537.36 (KHTML, like Gecko; compatible; GPTBot/1.2; +https://openai.com/gptbot)"
20.171.207.204 - - [09/Sep/2025:10:30:43 +0700] "GET /?p=4485 HTTP/1.0" 301 494 "-" "Mozilla/5.0 AppleWebKit/537.36 (KHTML, like Gecko; compatible; GPTBot/1.2; +https://openai.com/gptbot)"
20.15.133.191 - - [09/Sep/2025:10:30:44 +0700] "GET /omegle-and-ometv-how-anonymous-chatting-apps-affect-mental-health/ HTTP/1.0" 200 91021 "-" "Mozilla/5.0 AppleWebKit/537.36 (KHTML, like Gecko; compatible; bingbot/2.0; +http://www.bing.com/bingbot.htm) Chrome/116.0.1938.76 Safari/537.36"
20.171.207.204 - - [09/Sep/2025:10:30:46 +0700] "GET /leading-10-concerns-folks-now-have-bingo-close-to/ HTTP/1.0" 200 209104 "-" "Mozilla/5.0 AppleWebKit/537.36 (KHTML, like Gecko; compatible; GPTBot/1.2; +https://openai.com/gptbot)"
20.171.207.204 - - [09/Sep/2025:10:30:53 +0700] "GET /good-relationship-questions-to-improve-your-romance/ HTTP/1.0" 200 206613 "-" "Mozilla/5.0 AppleWebKit/537.36 (KHTML, like Gecko; compatible; GPTBot/1.2; +https://openai.com/gptbot)"
104.28.226.248 - - [09/Sep/2025:10:30:55 +0700] "POST /xmlrpc.php HTTP/1.0" 200 965 "-" "Python-xmlrpc/3.11"
20.171.207.204 - - [09/Sep/2025:10:30:59 +0700] "GET /?p=2228 HTTP/1.0" 301 477 "-" "Mozilla/5.0 AppleWebKit/537.36 (KHTML, like Gecko; compatible; GPTBot/1.2; +https://openai.com/gptbot)"
20.171.207.204 - - [09/Sep/2025:10:31:00 +0700] "GET /couple-things-to-do-to-reconnect/ HTTP/1.0" 200 206622 "-" "Mozilla/5.0 AppleWebKit/537.36 (KHTML, like Gecko; compatible; GPTBot/1.2; +https://openai.com/gptbot)"
20.171.207.204 - - [09/Sep/2025:10:31:06 +0700] "GET /?p=3331 HTTP/1.0" 301 476 "-" "Mozilla/5.0 AppleWebKit/537.36 (KHTML, like Gecko; compatible; GPTBot/1.2; +https://openai.com/gptbot)"
20.171.207.204 - - [09/Sep/2025:10:31:07 +0700] "GET /methods-for-dating-an-older-man/ HTTP/1.0" 200 207293 "-" "Mozilla/5.0 AppleWebKit/537.36 (KHTML, like Gecko; compatible; GPTBot/1.2; +https://openai.com/gptbot)"
20.171.207.204 - - [09/Sep/2025:10:31:13 +0700] "GET /1win-casino-no-brasil-maquinas-caca-niqueis/ HTTP/1.0" 200 78761 "-" "Mozilla/5.0 AppleWebKit/537.36 (KHTML, like Gecko; compatible; GPTBot/1.2; +https://openai.com/gptbot)"
45.117.177.72 - - [09/Sep/2025:10:31:20 +0700] "POST /wp-cron.php?doing_wp_cron=1757388680.7262759208679199218750 HTTP/1.0" 200 416 "-" "WordPress/6.8.1; https://vattusacky.vn"
20.171.207.204 - - [09/Sep/2025:10:31:19 +0700] "GET /?p=7997 HTTP/1.0" 301 469 "-" "Mozilla/5.0 AppleWebKit/537.36 (KHTML, like Gecko; compatible; GPTBot/1.2; +https://openai.com/gptbot)"
20.171.207.204 - - [09/Sep/2025:10:31:21 +0700] "GET /ometv-for-making-friends/ HTTP/1.0" 200 89260 "-" "Mozilla/5.0 AppleWebKit/537.36 (KHTML, like Gecko; compatible; GPTBot/1.2; +https://openai.com/gptbot)"
20.171.207.204 - - [09/Sep/2025:10:31:27 +0700] "GET /sweet-bonanza-hilesi-taktik-para-kazanma-2023/ HTTP/1.0" 200 221284 "-" "Mozilla/5.0 AppleWebKit/537.36 (KHTML, like Gecko; compatible; GPTBot/1.2; +https://openai.com/gptbot)"
20.171.207.204 - - [09/Sep/2025:10:31:35 +0700] "GET /?p=10212 HTTP/1.0" 301 497 "-" "Mozilla/5.0 AppleWebKit/537.36 (KHTML, like Gecko; compatible; GPTBot/1.2; +https://openai.com/gptbot)"
20.171.207.204 - - [09/Sep/2025:10:31:36 +0700] "GET /les-meilleurs-benefit-offerts-par-les-gambling-433-2/ HTTP/1.0" 200 75630 "-" "Mozilla/5.0 AppleWebKit/537.36 (KHTML, like Gecko; compatible; GPTBot/1.2; +https://openai.com/gptbot)"
20.171.207.204 - - [09/Sep/2025:10:31:42 +0700] "GET /?p=1710 HTTP/1.0" 301 577 "-" "Mozilla/5.0 AppleWebKit/537.36 (KHTML, like Gecko; compatible; GPTBot/1.2; +https://openai.com/gptbot)"
20.171.207.204 - - [09/Sep/2025:10:31:44 +0700] "GET /san-pham/thiet-bi-lay-mau-bun-tram-tich-tang-sau-kieu-gau-van-veen/ HTTP/1.0" 200 108361 "-" "Mozilla/5.0 AppleWebKit/537.36 (KHTML, like Gecko; compatible; GPTBot/1.2; +https://openai.com/gptbot)"
20.171.207.204 - - [09/Sep/2025:10:31:52 +0700] "GET /40-times-of-matchmaking-could-you-effectively-date-your-own-buddy HTTP/1.0" 301 510 "-" "Mozilla/5.0 AppleWebKit/537.36 (KHTML, like Gecko; compatible; GPTBot/1.2; +https://openai.com/gptbot)"
20.171.207.204 - - [09/Sep/2025:10:31:53 +0700] "GET /40-times-of-matchmaking-could-you-effectively-date-your-own-buddy/ HTTP/1.0" 200 207036 "-" "Mozilla/5.0 AppleWebKit/537.36 (KHTML, like Gecko; compatible; GPTBot/1.2; +https://openai.com/gptbot)"
20.171.207.204 - - [09/Sep/2025:10:31:59 +0700] "GET /6-ideas-for-making-essentially-the-most-out-of-12 HTTP/1.0" 301 494 "-" "Mozilla/5.0 AppleWebKit/537.36 (KHTML, like Gecko; compatible; GPTBot/1.2; +https://openai.com/gptbot)"
20.171.207.204 - - [09/Sep/2025:10:32:00 +0700] "GET /6-ideas-for-making-essentially-the-most-out-of-12/ HTTP/1.0" 200 253977 "-" "Mozilla/5.0 AppleWebKit/537.36 (KHTML, like Gecko; compatible; GPTBot/1.2; +https://openai.com/gptbot)"
20.171.207.204 - - [09/Sep/2025:10:32:08 +0700] "GET /melbet-india-review-2023-57/ HTTP/1.0" 200 235973 "-" "Mozilla/5.0 AppleWebKit/537.36 (KHTML, like Gecko; compatible; GPTBot/1.2; +https://openai.com/gptbot)"
20.171.207.204 - - [09/Sep/2025:10:32:15 +0700] "GET /?p=2258 HTTP/1.0" 301 496 "-" "Mozilla/5.0 AppleWebKit/537.36 (KHTML, like Gecko; compatible; GPTBot/1.2; +https://openai.com/gptbot)"
45.117.177.72 - - [09/Sep/2025:10:32:18 +0700] "POST /wp-cron.php?doing_wp_cron=1757388738.3239920139312744140625 HTTP/1.0" 200 416 "-" "WordPress/6.8.1; https://vattusacky.vn"
20.171.207.204 - - [09/Sep/2025:10:32:16 +0700] "GET /good-relationship-questions-to-improve-your-romance/ HTTP/1.0" 200 206613 "-" "Mozilla/5.0 AppleWebKit/537.36 (KHTML, like Gecko; compatible; GPTBot/1.2; +https://openai.com/gptbot)"
20.171.207.204 - - [09/Sep/2025:10:32:24 +0700] "GET /exactly-what-are-the-benefits-of-cbd/ HTTP/1.0" 200 205752 "-" "Mozilla/5.0 AppleWebKit/537.36 (KHTML, like Gecko; compatible; GPTBot/1.2; +https://openai.com/gptbot)"
20.171.207.204 - - [09/Sep/2025:10:32:29 +0700] "GET /1win-aviator-game-india-41/ HTTP/1.0" 200 240783 "-" "Mozilla/5.0 AppleWebKit/537.36 (KHTML, like Gecko; compatible; GPTBot/1.2; +https://openai.com/gptbot)"
20.171.207.204 - - [09/Sep/2025:10:32:34 +0700] "GET /dating-a-porn-celebrity/ HTTP/1.0" 200 211703 "-" "Mozilla/5.0 AppleWebKit/537.36 (KHTML, like Gecko; compatible; GPTBot/1.2; +https://openai.com/gptbot)"
20.171.207.204 - - [09/Sep/2025:10:32:38 +0700] "GET /1xbet-cellular-app-for-ios-and-android-68 HTTP/1.0" 301 486 "-" "Mozilla/5.0 AppleWebKit/537.36 (KHTML, like Gecko; compatible; GPTBot/1.2; +https://openai.com/gptbot)"
20.171.207.204 - - [09/Sep/2025:10:32:40 +0700] "GET /1xbet-cellular-app-for-ios-and-android-68/ HTTP/1.0" 200 116159 "-" "Mozilla/5.0 AppleWebKit/537.36 (KHTML, like Gecko; compatible; GPTBot/1.2; +https://openai.com/gptbot)"
20.171.207.204 - - [09/Sep/2025:10:32:47 +0700] "GET /?p=2970 HTTP/1.0" 301 481 "-" "Mozilla/5.0 AppleWebKit/537.36 (KHTML, like Gecko; compatible; GPTBot/1.2; +https://openai.com/gptbot)"
20.171.207.204 - - [09/Sep/2025:10:32:48 +0700] "GET /exactly-what-are-the-benefits-of-cbd/ HTTP/1.0" 200 205752 "-" "Mozilla/5.0 AppleWebKit/537.36 (KHTML, like Gecko; compatible; GPTBot/1.2; +https://openai.com/gptbot)"
20.171.207.204 - - [09/Sep/2025:10:32:54 +0700] "GET /home-oriented-american-woman/ HTTP/1.0" 200 206372 "-" "Mozilla/5.0 AppleWebKit/537.36 (KHTML, like Gecko; compatible; GPTBot/1.2; +https://openai.com/gptbot)"
20.171.207.204 - - [09/Sep/2025:10:32:59 +0700] "GET /phan-mem-tien-do-truc-tuyen-moi-tien-app-vay-tien-cash24-mat-ngay-lap-tuc-ma-khong-phai-tra-hoa-hong/ HTTP/1.0" 200 213717 "-" "Mozilla/5.0 AppleWebKit/537.36 (KHTML, like Gecko; compatible; GPTBot/1.2; +https://openai.com/gptbot)"
20.171.207.204 - - [09/Sep/2025:10:33:06 +0700] "GET /?p=2513 HTTP/1.0" 301 510 "-" "Mozilla/5.0 AppleWebKit/537.36 (KHTML, like Gecko; compatible; GPTBot/1.2; +https://openai.com/gptbot)"
20.171.207.204 - - [09/Sep/2025:10:33:08 +0700] "GET /40-times-of-matchmaking-could-you-effectively-date-your-own-buddy/ HTTP/1.0" 200 207036 "-" "Mozilla/5.0 AppleWebKit/537.36 (KHTML, like Gecko; compatible; GPTBot/1.2; +https://openai.com/gptbot)"
20.171.207.204 - - [09/Sep/2025:10:33:14 +0700] "GET /quan-trac-khi-thai-theo-thong-tu-24/ HTTP/1.0" 200 287269 "-" "Mozilla/5.0 AppleWebKit/537.36 (KHTML, like Gecko; compatible; GPTBot/1.2; +https://openai.com/gptbot)"
45.117.177.72 - - [09/Sep/2025:10:33:21 +0700] "POST /wp-cron.php?doing_wp_cron=1757388801.3334619998931884765625 HTTP/1.0" 200 416 "-" "WordPress/6.8.1; https://vattusacky.vn"
20.171.207.204 - - [09/Sep/2025:10:33:19 +0700] "GET /getting-a-term-paper-writer/ HTTP/1.0" 200 205522 "-" "Mozilla/5.0 AppleWebKit/537.36 (KHTML, like Gecko; compatible; GPTBot/1.2; +https://openai.com/gptbot)"
20.171.207.204 - - [09/Sep/2025:10:33:27 +0700] "GET /?p=2280 HTTP/1.0" 301 545 "-" "Mozilla/5.0 AppleWebKit/537.36 (KHTML, like Gecko; compatible; GPTBot/1.2; +https://openai.com/gptbot)"
20.171.207.204 - - [09/Sep/2025:10:33:30 +0700] "GET /phan-mem-tien-do-truc-tuyen-moi-tien-app-vay-tien-cash24-mat-ngay-lap-tuc-ma-khong-phai-tra-hoa-hong/ HTTP/1.0" 200 213717 "-" "Mozilla/5.0 AppleWebKit/537.36 (KHTML, like Gecko; compatible; GPTBot/1.2; +https://openai.com/gptbot)"
20.171.207.204 - - [09/Sep/2025:10:33:37 +0700] "GET /where-to-find-russian-girls-seeking-marital-relationship-abroad/ HTTP/1.0" 200 208857 "-" "Mozilla/5.0 AppleWebKit/537.36 (KHTML, like Gecko; compatible; GPTBot/1.2; +https://openai.com/gptbot)"
20.171.207.204 - - [09/Sep/2025:10:33:45 +0700] "GET /wp-content/uploads/2018/04/o-nhiem-bau-khong-khi-tai-viet-nam.jpg HTTP/1.0" 200 442 "-" "Mozilla/5.0 AppleWebKit/537.36 (KHTML, like Gecko; compatible; GPTBot/1.2; +https://openai.com/gptbot)"
20.171.207.204 - - [09/Sep/2025:10:33:49 +0700] "GET /omegle-video-chat-for-virtual-events-and-conferences/ HTTP/1.0" 200 93316 "-" "Mozilla/5.0 AppleWebKit/537.36 (KHTML, like Gecko; compatible; GPTBot/1.2; +https://openai.com/gptbot)"
20.171.207.204 - - [09/Sep/2025:10:33:54 +0700] "GET /?p=3445 HTTP/1.0" 301 426 "-" "Mozilla/5.0 AppleWebKit/537.36 (KHTML, like Gecko; compatible; GPTBot/1.2; +https://openai.com/gptbot)"
20.171.207.204 - - [09/Sep/2025:10:33:55 +0700] "GET /getting-a-term-paper-writer/ HTTP/1.0" 200 205522 "-" "Mozilla/5.0 AppleWebKit/537.36 (KHTML, like Gecko; compatible; GPTBot/1.2; +https://openai.com/gptbot)"
20.171.207.204 - - [09/Sep/2025:10:34:01 +0700] "GET /?p=2602 HTTP/1.0" 301 473 "-" "Mozilla/5.0 AppleWebKit/537.36 (KHTML, like Gecko; compatible; GPTBot/1.2; +https://openai.com/gptbot)"
20.171.207.204 - - [09/Sep/2025:10:34:02 +0700] "GET /home-oriented-american-woman/ HTTP/1.0" 200 206372 "-" "Mozilla/5.0 AppleWebKit/537.36 (KHTML, like Gecko; compatible; GPTBot/1.2; +https://openai.com/gptbot)"
20.171.207.204 - - [09/Sep/2025:10:34:09 +0700] "GET /?p=2453 HTTP/1.0" 301 490 "-" "Mozilla/5.0 AppleWebKit/537.36 (KHTML, like Gecko; compatible; GPTBot/1.2; +https://openai.com/gptbot)"
20.171.207.204 - - [09/Sep/2025:10:34:10 +0700] "GET /sweet-bonanza-hilesi-taktik-para-kazanma-2023/ HTTP/1.0" 200 221284 "-" "Mozilla/5.0 AppleWebKit/537.36 (KHTML, like Gecko; compatible; GPTBot/1.2; +https://openai.com/gptbot)"
45.117.177.72 - - [09/Sep/2025:10:34:23 +0700] "POST /wp-cron.php?doing_wp_cron=1757388863.2750389575958251953125 HTTP/1.0" 200 416 "-" "WordPress/6.8.1; https://vattusacky.vn"
216.244.66.237 - - [09/Sep/2025:10:34:21 +0700] "GET /exploring-the-role-of-chance-encounters-in-personal-growth-and-self-discovery/ HTTP/1.0" 200 92114 "-" "Mozilla/5.0 (compatible; DotBot/1.2; +https://opensiteexplorer.org/dotbot; help@moz.com)"
104.28.226.248 - - [09/Sep/2025:10:34:25 +0700] "POST /xmlrpc.php HTTP/1.0" 200 965 "-" "Python-xmlrpc/3.11"
20.171.207.204 - - [09/Sep/2025:10:34:36 +0700] "GET /?p=794 HTTP/1.0" 301 480 "-" "Mozilla/5.0 AppleWebKit/537.36 (KHTML, like Gecko; compatible; GPTBot/1.2; +https://openai.com/gptbot)"
20.171.207.204 - - [09/Sep/2025:10:34:37 +0700] "GET /quan-trac-khi-thai-theo-thong-tu-24/ HTTP/1.0" 200 287269 "-" "Mozilla/5.0 AppleWebKit/537.36 (KHTML, like Gecko; compatible; GPTBot/1.2; +https://openai.com/gptbot)"
20.171.207.204 - - [09/Sep/2025:10:34:46 +0700] "GET /?p=5584 HTTP/1.0" 301 488 "-" "Mozilla/5.0 AppleWebKit/537.36 (KHTML, like Gecko; compatible; GPTBot/1.2; +https://openai.com/gptbot)"
20.171.207.204 - - [09/Sep/2025:10:34:47 +0700] "GET /1win-casino-no-brasil-maquinas-caca-niqueis/ HTTP/1.0" 200 78761 "-" "Mozilla/5.0 AppleWebKit/537.36 (KHTML, like Gecko; compatible; GPTBot/1.2; +https://openai.com/gptbot)"
20.171.207.204 - - [09/Sep/2025:10:34:53 +0700] "GET /insider-tips-for-omegle-video-chat-success/ HTTP/1.0" 200 91769 "-" "Mozilla/5.0 AppleWebKit/537.36 (KHTML, like Gecko; compatible; GPTBot/1.2; +https://openai.com/gptbot)"
20.171.207.204 - - [09/Sep/2025:10:35:00 +0700] "GET /the-rise-of-alternative-random-video-chat-platforms/ HTTP/1.0" 200 92469 "-" "Mozilla/5.0 AppleWebKit/537.36 (KHTML, like Gecko; compatible; GPTBot/1.2; +https://openai.com/gptbot)"
20.171.207.204 - - [09/Sep/2025:10:35:06 +0700] "GET /vavada-casino-onlajn-top-kazino-v-internete-kazino-3/ HTTP/1.0" 200 221383 "-" "Mozilla/5.0 AppleWebKit/537.36 (KHTML, like Gecko; compatible; GPTBot/1.2; +https://openai.com/gptbot)"
20.171.207.204 - - [09/Sep/2025:10:35:14 +0700] "GET /?p=2216 HTTP/1.0" 301 508 "-" "Mozilla/5.0 AppleWebKit/537.36 (KHTML, like Gecko; compatible; GPTBot/1.2; +https://openai.com/gptbot)"
45.117.177.72 - - [09/Sep/2025:10:35:17 +0700] "POST /wp-cron.php?doing_wp_cron=1757388917.2443840503692626953125 HTTP/1.0" 200 416 "-" "WordPress/6.8.1; https://vattusacky.vn"
20.171.207.204 - - [09/Sep/2025:10:35:15 +0700] "GET /where-to-find-russian-girls-seeking-marital-relationship-abroad/ HTTP/1.0" 200 208857 "-" "Mozilla/5.0 AppleWebKit/537.36 (KHTML, like Gecko; compatible; GPTBot/1.2; +https://openai.com/gptbot)"
20.171.207.204 - - [09/Sep/2025:10:35:24 +0700] "GET /wp-content/uploads/2018/04/TT-24-ngay-01.9.2017_quy-dinh-hoat-dong-QTMT.pdf HTTP/1.0" 200 457 "-" "Mozilla/5.0 AppleWebKit/537.36 (KHTML, like Gecko; compatible; GPTBot/1.2; +https://openai.com/gptbot)"
20.171.207.204 - - [09/Sep/2025:10:35:38 +0700] "GET /wp-content/uploads/2018/04/TCVN-5977-2009.pdf HTTP/1.0" 200 427 "-" "Mozilla/5.0 AppleWebKit/537.36 (KHTML, like Gecko; compatible; GPTBot/1.2; +https://openai.com/gptbot)"
20.171.207.204 - - [09/Sep/2025:10:35:46 +0700] "GET /what-is-a-conversational-interface/ HTTP/1.0" 200 229667 "-" "Mozilla/5.0 AppleWebKit/537.36 (KHTML, like Gecko; compatible; GPTBot/1.2; +https://openai.com/gptbot)"
20.171.207.204 - - [09/Sep/2025:10:35:52 +0700] "GET /san-pham/may-tong-cacbon-toc-theo-phuong-phap-uv-persulfate/ HTTP/1.0" 200 229581 "-" "Mozilla/5.0 AppleWebKit/537.36 (KHTML, like Gecko; compatible; GPTBot/1.2; +https://openai.com/gptbot)"
20.171.207.204 - - [09/Sep/2025:10:35:57 +0700] "GET /cach-vay-von-app-vay-tien-online-24-24/ HTTP/1.0" 200 210548 "-" "Mozilla/5.0 AppleWebKit/537.36 (KHTML, like Gecko; compatible; GPTBot/1.2; +https://openai.com/gptbot)"
20.171.207.204 - - [09/Sep/2025:10:36:02 +0700] "GET /wp-content/uploads/2018/04/khi-thai.jpg HTTP/1.0" 200 416 "-" "Mozilla/5.0 AppleWebKit/537.36 (KHTML, like Gecko; compatible; GPTBot/1.2; +https://openai.com/gptbot)"
20.171.207.204 - - [09/Sep/2025:10:36:07 +0700] "GET /?p=8777 HTTP/1.0" 301 496 "-" "Mozilla/5.0 AppleWebKit/537.36 (KHTML, like Gecko; compatible; GPTBot/1.2; +https://openai.com/gptbot)"
20.171.207.204 - - [09/Sep/2025:10:36:09 +0700] "GET /the-rise-of-alternative-random-video-chat-platforms/ HTTP/1.0" 200 92469 "-" "Mozilla/5.0 AppleWebKit/537.36 (KHTML, like Gecko; compatible; GPTBot/1.2; +https://openai.com/gptbot)"
45.117.177.72 - - [09/Sep/2025:10:36:19 +0700] "POST /wp-cron.php?doing_wp_cron=1757388979.1028780937194824218750 HTTP/1.0" 200 416 "-" "WordPress/6.8.1; https://vattusacky.vn"
20.171.207.204 - - [09/Sep/2025:10:36:17 +0700] "GET /omegle-video-chat-exploring-the-face-to-face-interaction-feature/ HTTP/1.0" 200 90923 "-" "Mozilla/5.0 AppleWebKit/537.36 (KHTML, like Gecko; compatible; GPTBot/1.2; +https://openai.com/gptbot)"
20.171.207.204 - - [09/Sep/2025:10:36:24 +0700] "GET /casino-utan-svensk-licens-2023-njut-av-exklusiva/ HTTP/1.0" 200 87455 "-" "Mozilla/5.0 AppleWebKit/537.36 (KHTML, like Gecko; compatible; GPTBot/1.2; +https://openai.com/gptbot)"
20.171.207.204 - - [09/Sep/2025:10:36:29 +0700] "GET /the-information-about-1xbet-com-betting-company-16 HTTP/1.0" 301 495 "-" "Mozilla/5.0 AppleWebKit/537.36 (KHTML, like Gecko; compatible; GPTBot/1.2; +https://openai.com/gptbot)"
20.171.207.204 - - [09/Sep/2025:10:36:31 +0700] "GET /the-information-about-1xbet-com-betting-company-16/ HTTP/1.0" 200 89509 "-" "Mozilla/5.0 AppleWebKit/537.36 (KHTML, like Gecko; compatible; GPTBot/1.2; +https://openai.com/gptbot)"
20.171.207.204 - - [09/Sep/2025:10:36:36 +0700] "GET /22bet-s-short-withdrawal-time-makes-it-india-s-31 HTTP/1.0" 301 494 "-" "Mozilla/5.0 AppleWebKit/537.36 (KHTML, like Gecko; compatible; GPTBot/1.2; +https://openai.com/gptbot)"
20.171.207.204 - - [09/Sep/2025:10:36:38 +0700] "GET /22bet-s-short-withdrawal-time-makes-it-india-s-31/ HTTP/1.0" 200 242028 "-" "Mozilla/5.0 AppleWebKit/537.36 (KHTML, like Gecko; compatible; GPTBot/1.2; +https://openai.com/gptbot)"
20.171.207.204 - - [09/Sep/2025:10:36:43 +0700] "GET /sustanon-250-steroid-tutto-cio-che-devi-sapere-4/ HTTP/1.0" 200 204038 "-" "Mozilla/5.0 AppleWebKit/537.36 (KHTML, like Gecko; compatible; GPTBot/1.2; +https://openai.com/gptbot)"
20.171.207.204 - - [09/Sep/2025:10:36:49 +0700] "GET /?p=7726 HTTP/1.0" 301 509 "-" "Mozilla/5.0 AppleWebKit/537.36 (KHTML, like Gecko; compatible; GPTBot/1.2; +https://openai.com/gptbot)"
20.171.207.204 - - [09/Sep/2025:10:36:50 +0700] "GET /omegle-video-chat-exploring-the-face-to-face-interaction-feature/ HTTP/1.0" 200 90923 "-" "Mozilla/5.0 AppleWebKit/537.36 (KHTML, like Gecko; compatible; GPTBot/1.2; +https://openai.com/gptbot)"
185.191.171.6 - - [09/Sep/2025:10:36:53 +0700] "GET /best-online-casinos-video-games-for-actual-money-10/ HTTP/1.0" 200 113361 "-" "Mozilla/5.0 (compatible; SemrushBot/7~bl; +http://www.semrush.com/bot.html)"
20.171.207.204 - - [09/Sep/2025:10:36:56 +0700] "GET /?p=1027 HTTP/1.0" 301 570 "-" "Mozilla/5.0 AppleWebKit/537.36 (KHTML, like Gecko; compatible; GPTBot/1.2; +https://openai.com/gptbot)"
20.171.207.204 - - [09/Sep/2025:10:36:58 +0700] "GET /san-pham/may-tong-cacbon-toc-theo-phuong-phap-uv-persulfate/ HTTP/1.0" 200 229581 "-" "Mozilla/5.0 AppleWebKit/537.36 (KHTML, like Gecko; compatible; GPTBot/1.2; +https://openai.com/gptbot)"
20.171.207.204 - - [09/Sep/2025:10:37:05 +0700] "GET /arimidex-high-blood-pressure/ HTTP/1.0" 200 102236 "-" "Mozilla/5.0 AppleWebKit/537.36 (KHTML, like Gecko; compatible; GPTBot/1.2; +https://openai.com/gptbot)"
20.171.207.204 - - [09/Sep/2025:10:37:10 +0700] "GET /cryptocurrency-prices-charts-and-crypto-market-cap/ HTTP/1.0" 200 455507 "-" "Mozilla/5.0 AppleWebKit/537.36 (KHTML, like Gecko; compatible; GPTBot/1.2; +https://openai.com/gptbot)"
45.117.177.72 - - [09/Sep/2025:10:37:19 +0700] "POST /wp-cron.php?doing_wp_cron=1757389039.3160510063171386718750 HTTP/1.0" 200 416 "-" "WordPress/6.8.1; https://vattusacky.vn"
20.171.207.204 - - [09/Sep/2025:10:37:17 +0700] "GET /avast-secureline-vpn-review/ HTTP/1.0" 200 204990 "-" "Mozilla/5.0 AppleWebKit/537.36 (KHTML, like Gecko; compatible; GPTBot/1.2; +https://openai.com/gptbot)"
20.171.207.204 - - [09/Sep/2025:10:37:23 +0700] "GET /wp-content/uploads/2018/04/Fusion-Product-Brochure.pdf HTTP/1.0" 200 436 "-" "Mozilla/5.0 AppleWebKit/537.36 (KHTML, like Gecko; compatible; GPTBot/1.2; +https://openai.com/gptbot)"
20.171.207.204 - - [09/Sep/2025:10:37:28 +0700] "GET /?p=5141 HTTP/1.0" 301 473 "-" "Mozilla/5.0 AppleWebKit/537.36 (KHTML, like Gecko; compatible; GPTBot/1.2; +https://openai.com/gptbot)"
20.171.207.204 - - [09/Sep/2025:10:37:30 +0700] "GET /arimidex-high-blood-pressure/ HTTP/1.0" 200 102236 "-" "Mozilla/5.0 AppleWebKit/537.36 (KHTML, like Gecko; compatible; GPTBot/1.2; +https://openai.com/gptbot)"
20.171.207.204 - - [09/Sep/2025:10:37:36 +0700] "GET /?p=2593 HTTP/1.0" 301 495 "-" "Mozilla/5.0 AppleWebKit/537.36 (KHTML, like Gecko; compatible; GPTBot/1.2; +https://openai.com/gptbot)"
20.171.207.204 - - [09/Sep/2025:10:37:38 +0700] "GET /cryptocurrency-prices-charts-and-crypto-market-cap/ HTTP/1.0" 200 455536 "-" "Mozilla/5.0 AppleWebKit/537.36 (KHTML, like Gecko; compatible; GPTBot/1.2; +https://openai.com/gptbot)"
20.171.207.204 - - [09/Sep/2025:10:37:43 +0700] "GET /?p=4133 HTTP/1.0" 301 472 "-" "Mozilla/5.0 AppleWebKit/537.36 (KHTML, like Gecko; compatible; GPTBot/1.2; +https://openai.com/gptbot)"
20.171.207.204 - - [09/Sep/2025:10:37:44 +0700] "GET /avast-secureline-vpn-review/ HTTP/1.0" 200 204990 "-" "Mozilla/5.0 AppleWebKit/537.36 (KHTML, like Gecko; compatible; GPTBot/1.2; +https://openai.com/gptbot)"
20.171.207.204 - - [09/Sep/2025:10:37:48 +0700] "GET /yahoo-and-google-is-at-this-moment-a-fabulous-aspect-of-verizon-media/ HTTP/1.0" 200 208942 "-" "Mozilla/5.0 AppleWebKit/537.36 (KHTML, like Gecko; compatible; GPTBot/1.2; +https://openai.com/gptbot)"
20.171.207.204 - - [09/Sep/2025:10:37:54 +0700] "GET /wp-content/uploads/2023/07/steroids2.jpg HTTP/1.0" 200 417 "-" "Mozilla/5.0 AppleWebKit/537.36 (KHTML, like Gecko; compatible; GPTBot/1.2; +https://openai.com/gptbot)"
20.171.207.204 - - [09/Sep/2025:10:37:58 +0700] "GET /wp-content/uploads/2023/07/steroids3.jpg HTTP/1.0" 200 417 "-" "Mozilla/5.0 AppleWebKit/537.36 (KHTML, like Gecko; compatible; GPTBot/1.2; +https://openai.com/gptbot)"
20.171.207.204 - - [09/Sep/2025:10:38:01 +0700] "GET /sustanon-250-steroid-tutto-cio-che-devi-sapere-6/ HTTP/1.0" 200 203971 "-" "Mozilla/5.0 AppleWebKit/537.36 (KHTML, like Gecko; compatible; GPTBot/1.2; +https://openai.com/gptbot)"
20.171.207.204 - - [09/Sep/2025:10:38:06 +0700] "GET /wp-content/uploads/2023/07/steroids1.jpg HTTP/1.0" 200 417 "-" "Mozilla/5.0 AppleWebKit/537.36 (KHTML, like Gecko; compatible; GPTBot/1.2; +https://openai.com/gptbot)"
20.171.207.204 - - [09/Sep/2025:10:38:10 +0700] "GET /?p=4346 HTTP/1.0" 301 514 "-" "Mozilla/5.0 AppleWebKit/537.36 (KHTML, like Gecko; compatible; GPTBot/1.2; +https://openai.com/gptbot)"
20.171.207.204 - - [09/Sep/2025:10:38:12 +0700] "GET /yahoo-and-google-is-at-this-moment-a-fabulous-aspect-of-verizon-media/ HTTP/1.0" 200 208942 "-" "Mozilla/5.0 AppleWebKit/537.36 (KHTML, like Gecko; compatible; GPTBot/1.2; +https://openai.com/gptbot)"
45.117.177.72 - - [09/Sep/2025:10:38:20 +0700] "POST /wp-cron.php?doing_wp_cron=1757389100.1309359073638916015625 HTTP/1.0" 200 416 "-" "WordPress/6.8.1; https://vattusacky.vn"
20.171.207.204 - - [09/Sep/2025:10:38:18 +0700] "GET /dianabol-ds-price-in-uae/ HTTP/1.0" 200 102924 "-" "Mozilla/5.0 AppleWebKit/537.36 (KHTML, like Gecko; compatible; GPTBot/1.2; +https://openai.com/gptbot)"
20.171.207.204 - - [09/Sep/2025:10:38:25 +0700] "GET /pin-ap-kazino-oficialnyj-sajt-igrat-v-onlajn-2/ HTTP/1.0" 200 267141 "-" "Mozilla/5.0 AppleWebKit/537.36 (KHTML, like Gecko; compatible; GPTBot/1.2; +https://openai.com/gptbot)"
20.171.207.204 - - [09/Sep/2025:10:38:31 +0700] "GET /vavada-casino-onlajn-top-kazino-v-internete-kazino-2/ HTTP/1.0" 200 94503 "-" "Mozilla/5.0 AppleWebKit/537.36 (KHTML, like Gecko; compatible; GPTBot/1.2; +https://openai.com/gptbot)"
20.171.207.204 - - [09/Sep/2025:10:38:37 +0700] "GET /?p=5047 HTTP/1.0" 301 493 "-" "Mozilla/5.0 AppleWebKit/537.36 (KHTML, like Gecko; compatible; GPTBot/1.2; +https://openai.com/gptbot)"
20.171.207.204 - - [09/Sep/2025:10:38:39 +0700] "GET /sustanon-250-steroid-tutto-cio-che-devi-sapere-6/ HTTP/1.0" 200 204029 "-" "Mozilla/5.0 AppleWebKit/537.36 (KHTML, like Gecko; compatible; GPTBot/1.2; +https://openai.com/gptbot)"
20.171.207.204 - - [09/Sep/2025:10:38:46 +0700] "GET /?p=5146 HTTP/1.0" 301 469 "-" "Mozilla/5.0 AppleWebKit/537.36 (KHTML, like Gecko; compatible; GPTBot/1.2; +https://openai.com/gptbot)"
104.28.226.248 - - [09/Sep/2025:10:38:48 +0700] "POST /xmlrpc.php HTTP/1.0" 200 965 "-" "Python-xmlrpc/3.11"
20.171.207.204 - - [09/Sep/2025:10:38:48 +0700] "GET /dianabol-ds-price-in-uae/ HTTP/1.0" 200 102924 "-" "Mozilla/5.0 AppleWebKit/537.36 (KHTML, like Gecko; compatible; GPTBot/1.2; +https://openai.com/gptbot)"
20.171.207.204 - - [09/Sep/2025:10:38:55 +0700] "GET /?p=4097 HTTP/1.0" 301 637 "-" "Mozilla/5.0 AppleWebKit/537.36 (KHTML, like Gecko; compatible; GPTBot/1.2; +https://openai.com/gptbot)"
20.171.207.204 - - [09/Sep/2025:10:38:57 +0700] "GET /pin-ap-kazino-oficialnyj-sajt-igrat-v-onlajn-2/ HTTP/1.0" 200 267141 "-" "Mozilla/5.0 AppleWebKit/537.36 (KHTML, like Gecko; compatible; GPTBot/1.2; +https://openai.com/gptbot)"
20.171.207.204 - - [09/Sep/2025:10:39:04 +0700] "GET /?p=5124 HTTP/1.0" 301 497 "-" "Mozilla/5.0 AppleWebKit/537.36 (KHTML, like Gecko; compatible; GPTBot/1.2; +https://openai.com/gptbot)"
20.171.207.204 - - [09/Sep/2025:10:39:06 +0700] "GET /vavada-casino-onlajn-top-kazino-v-internete-kazino-2/ HTTP/1.0" 200 94503 "-" "Mozilla/5.0 AppleWebKit/537.36 (KHTML, like Gecko; compatible; GPTBot/1.2; +https://openai.com/gptbot)"
20.171.207.204 - - [09/Sep/2025:10:39:10 +0700] "GET /wp-content/uploads/2023/07/steroids3-1.jpg HTTP/1.0" 200 419 "-" "Mozilla/5.0 AppleWebKit/537.36 (KHTML, like Gecko; compatible; GPTBot/1.2; +https://openai.com/gptbot)"
45.117.177.72 - - [09/Sep/2025:10:39:17 +0700] "POST /wp-cron.php?doing_wp_cron=1757389157.1398370265960693359375 HTTP/1.0" 200 416 "-" "WordPress/6.8.1; https://vattusacky.vn"
20.171.207.204 - - [09/Sep/2025:10:39:15 +0700] "GET /ethereum-classic-price-etc-usd-live-value/ HTTP/1.0" 200 304266 "-" "Mozilla/5.0 AppleWebKit/537.36 (KHTML, like Gecko; compatible; GPTBot/1.2; +https://openai.com/gptbot)"
20.171.207.204 - - [09/Sep/2025:10:39:20 +0700] "GET /la-camiseta-murcia-2023-un-nuevo-capitulo-en-el-estilo-futbolistico/ HTTP/1.0" 200 207715 "-" "Mozilla/5.0 AppleWebKit/537.36 (KHTML, like Gecko; compatible; GPTBot/1.2; +https://openai.com/gptbot)"
20.171.207.204 - - [09/Sep/2025:10:39:25 +0700] "GET /22bet-s-short-withdrawal-time-makes-it-india-s-31/ HTTP/1.0" 200 242028 "-" "Mozilla/5.0 AppleWebKit/537.36 (KHTML, like Gecko; compatible; GPTBot/1.2; +https://openai.com/gptbot)"
20.171.207.204 - - [09/Sep/2025:10:39:29 +0700] "GET /wp-content/uploads/2023/07/steroids2-1.jpg HTTP/1.0" 200 419 "-" "Mozilla/5.0 AppleWebKit/537.36 (KHTML, like Gecko; compatible; GPTBot/1.2; +https://openai.com/gptbot)"
20.171.207.204 - - [09/Sep/2025:10:39:34 +0700] "GET /?p=3040 HTTP/1.0" 301 479 "-" "Mozilla/5.0 AppleWebKit/537.36 (KHTML, like Gecko; compatible; GPTBot/1.2; +https://openai.com/gptbot)"
20.171.207.204 - - [09/Sep/2025:10:39:36 +0700] "GET /what-is-a-conversational-interface/ HTTP/1.0" 200 229667 "-" "Mozilla/5.0 AppleWebKit/537.36 (KHTML, like Gecko; compatible; GPTBot/1.2; +https://openai.com/gptbot)"
20.171.207.204 - - [09/Sep/2025:10:39:40 +0700] "GET /wp-content/uploads/2023/07/steroids1-1.jpg HTTP/1.0" 200 419 "-" "Mozilla/5.0 AppleWebKit/537.36 (KHTML, like Gecko; compatible; GPTBot/1.2; +https://openai.com/gptbot)"
20.171.207.204 - - [09/Sep/2025:10:39:45 +0700] "GET /?p=5130 HTTP/1.0" 301 493 "-" "Mozilla/5.0 AppleWebKit/537.36 (KHTML, like Gecko; compatible; GPTBot/1.2; +https://openai.com/gptbot)"
20.171.207.204 - - [09/Sep/2025:10:39:46 +0700] "GET /casino-utan-svensk-licens-2023-njut-av-exklusiva/ HTTP/1.0" 200 87455 "-" "Mozilla/5.0 AppleWebKit/537.36 (KHTML, like Gecko; compatible; GPTBot/1.2; +https://openai.com/gptbot)"
20.171.207.204 - - [09/Sep/2025:10:39:51 +0700] "GET /?p=2704 HTTP/1.0" 301 483 "-" "Mozilla/5.0 AppleWebKit/537.36 (KHTML, like Gecko; compatible; GPTBot/1.2; +https://openai.com/gptbot)"
20.171.207.204 - - [09/Sep/2025:10:39:52 +0700] "GET /cach-vay-von-app-vay-tien-online-24-24/ HTTP/1.0" 200 210548 "-" "Mozilla/5.0 AppleWebKit/537.36 (KHTML, like Gecko; compatible; GPTBot/1.2; +https://openai.com/gptbot)"
20.171.207.204 - - [09/Sep/2025:10:39:59 +0700] "GET /wp-content/uploads/2018/04/TEKMAR-Product-Brochure-1.pdf HTTP/1.0" 200 438 "-" "Mozilla/5.0 AppleWebKit/537.36 (KHTML, like Gecko; compatible; GPTBot/1.2; +https://openai.com/gptbot)"
20.171.207.204 - - [09/Sep/2025:10:40:06 +0700] "GET /?p=4113 HTTP/1.0" 301 493 "-" "Mozilla/5.0 AppleWebKit/537.36 (KHTML, like Gecko; compatible; GPTBot/1.2; +https://openai.com/gptbot)"
20.171.207.204 - - [09/Sep/2025:10:40:07 +0700] "GET /sustanon-250-steroid-tutto-cio-che-devi-sapere-4/ HTTP/1.0" 200 204038 "-" "Mozilla/5.0 AppleWebKit/537.36 (KHTML, like Gecko; compatible; GPTBot/1.2; +https://openai.com/gptbot)"
20.171.207.204 - - [09/Sep/2025:10:40:12 +0700] "GET /igra-getx-pravila-v-chem-preimushhestva-i-kak/ HTTP/1.0" 200 111567 "-" "Mozilla/5.0 AppleWebKit/537.36 (KHTML, like Gecko; compatible; GPTBot/1.2; +https://openai.com/gptbot)"
95.108.213.131 - - [09/Sep/2025:10:40:13 +0700] "GET /the-role-of-education-and-awareness-on-chatroulette-and-omegle/ HTTP/1.0" 200 81954 "-" "Mozilla/5.0 (compatible; YandexBot/3.0; +http://yandex.com/bots)"
45.117.177.72 - - [09/Sep/2025:10:40:19 +0700] "POST /wp-cron.php?doing_wp_cron=1757389218.9095199108123779296875 HTTP/1.0" 200 416 "-" "WordPress/6.8.1; https://vattusacky.vn"
20.171.207.204 - - [09/Sep/2025:10:40:17 +0700] "GET /what-exactly-board-bedroom/ HTTP/1.0" 200 205146 "-" "Mozilla/5.0 AppleWebKit/537.36 (KHTML, like Gecko; compatible; GPTBot/1.2; +https://openai.com/gptbot)"
20.171.207.204 - - [09/Sep/2025:10:40:21 +0700] "GET /22bet-s-brief-withdrawal-time-makes-it-india-s-55/ HTTP/1.0" 200 236725 "-" "Mozilla/5.0 AppleWebKit/537.36 (KHTML, like Gecko; compatible; GPTBot/1.2; +https://openai.com/gptbot)"
20.171.207.204 - - [09/Sep/2025:10:40:26 +0700] "GET /sustanon-250-steroid-tutto-cio-che-devi-sapere-8/ HTTP/1.0" 200 70073 "-" "Mozilla/5.0 AppleWebKit/537.36 (KHTML, like Gecko; compatible; GPTBot/1.2; +https://openai.com/gptbot)"
20.171.207.204 - - [09/Sep/2025:10:40:31 +0700] "GET /?p=5122 HTTP/1.0" 301 490 "-" "Mozilla/5.0 AppleWebKit/537.36 (KHTML, like Gecko; compatible; GPTBot/1.2; +https://openai.com/gptbot)"
20.171.207.204 - - [09/Sep/2025:10:40:33 +0700] "GET /igra-getx-pravila-v-chem-preimushhestva-i-kak/ HTTP/1.0" 200 111567 "-" "Mozilla/5.0 AppleWebKit/537.36 (KHTML, like Gecko; compatible; GPTBot/1.2; +https://openai.com/gptbot)"
20.171.207.204 - - [09/Sep/2025:10:40:38 +0700] "GET /?p=2557 HTTP/1.0" 301 486 "-" "Mozilla/5.0 AppleWebKit/537.36 (KHTML, like Gecko; compatible; GPTBot/1.2; +https://openai.com/gptbot)"
20.171.207.204 - - [09/Sep/2025:10:40:40 +0700] "GET /ethereum-classic-price-etc-usd-live-value/ HTTP/1.0" 200 304353 "-" "Mozilla/5.0 AppleWebKit/537.36 (KHTML, like Gecko; compatible; GPTBot/1.2; +https://openai.com/gptbot)"
20.171.207.204 - - [09/Sep/2025:10:40:46 +0700] "GET /is-boldenone-undecylenate-legal/ HTTP/1.0" 200 97865 "-" "Mozilla/5.0 AppleWebKit/537.36 (KHTML, like Gecko; compatible; GPTBot/1.2; +https://openai.com/gptbot)"
20.171.207.204 - - [09/Sep/2025:10:40:51 +0700] "GET /?p=9585 HTTP/1.0" 301 493 "-" "Mozilla/5.0 AppleWebKit/537.36 (KHTML, like Gecko; compatible; GPTBot/1.2; +https://openai.com/gptbot)"
20.171.207.204 - - [09/Sep/2025:10:40:53 +0700] "GET /sustanon-250-steroid-tutto-cio-che-devi-sapere-8/ HTTP/1.0" 200 70073 "-" "Mozilla/5.0 AppleWebKit/537.36 (KHTML, like Gecko; compatible; GPTBot/1.2; +https://openai.com/gptbot)"
20.171.207.204 - - [09/Sep/2025:10:41:01 +0700] "GET /die-besten-plattformen-fur-den-anonymen-bitcoinkauf/ HTTP/1.0" 200 101785 "-" "Mozilla/5.0 AppleWebKit/537.36 (KHTML, like Gecko; compatible; GPTBot/1.2; +https://openai.com/gptbot)"
216.244.66.237 - - [09/Sep/2025:10:41:06 +0700] "GET /exploring-the-international-community-on-chatroulette-and-omegle/feed/ HTTP/1.0" 200 1789 "-" "Mozilla/5.0 (compatible; DotBot/1.2; +https://opensiteexplorer.org/dotbot; help@moz.com)"
20.171.207.204 - - [09/Sep/2025:10:41:08 +0700] "GET /22bet-ropes-in-new-zealand-cricketer-brendon-206/ HTTP/1.0" 200 243079 "-" "Mozilla/5.0 AppleWebKit/537.36 (KHTML, like Gecko; compatible; GPTBot/1.2; +https://openai.com/gptbot)"
45.117.177.72 - - [09/Sep/2025:10:41:19 +0700] "POST /wp-cron.php?doing_wp_cron=1757389279.0647010803222656250000 HTTP/1.0" 200 416 "-" "WordPress/6.8.1; https://vattusacky.vn"
20.171.207.204 - - [09/Sep/2025:10:41:17 +0700] "GET /sustanon-250-steroid-tutto-cio-che-devi-sapere-7/ HTTP/1.0" 200 70170 "-" "Mozilla/5.0 AppleWebKit/537.36 (KHTML, like Gecko; compatible; GPTBot/1.2; +https://openai.com/gptbot)"
20.171.207.204 - - [09/Sep/2025:10:41:25 +0700] "GET /?p=5151 HTTP/1.0" 301 476 "-" "Mozilla/5.0 AppleWebKit/537.36 (KHTML, like Gecko; compatible; GPTBot/1.2; +https://openai.com/gptbot)"
20.171.207.204 - - [09/Sep/2025:10:41:27 +0700] "GET /is-boldenone-undecylenate-legal/ HTTP/1.0" 200 97865 "-" "Mozilla/5.0 AppleWebKit/537.36 (KHTML, like Gecko; compatible; GPTBot/1.2; +https://openai.com/gptbot)"
185.191.171.8 - - [09/Sep/2025:10:41:30 +0700] "GET /cheap-essays-how-to-get-the-most-out-of-your-education-using-cheap-essay-writing-services/ HTTP/1.0" 200 208324 "-" "Mozilla/5.0 (compatible; SemrushBot/7~bl; +http://www.semrush.com/bot.html)"
20.171.207.204 - - [09/Sep/2025:10:41:34 +0700] "GET /?p=4125 HTTP/1.0" 301 471 "-" "Mozilla/5.0 AppleWebKit/537.36 (KHTML, like Gecko; compatible; GPTBot/1.2; +https://openai.com/gptbot)"
20.171.207.204 - - [09/Sep/2025:10:41:36 +0700] "GET /what-exactly-board-bedroom/ HTTP/1.0" 200 205146 "-" "Mozilla/5.0 AppleWebKit/537.36 (KHTML, like Gecko; compatible; GPTBot/1.2; +https://openai.com/gptbot)"
20.171.207.204 - - [09/Sep/2025:10:41:41 +0700] "GET /la-camiseta-murcia-2023-un-nuevo-capitulo-en-el-estilo-futbolistico/feed/ HTTP/1.0" 200 1655 "-" "Mozilla/5.0 AppleWebKit/537.36 (KHTML, like Gecko; compatible; GPTBot/1.2; +https://openai.com/gptbot)"
20.171.207.204 - - [09/Sep/2025:10:41:46 +0700] "GET /?p=4095 HTTP/1.0" 301 512 "-" "Mozilla/5.0 AppleWebKit/537.36 (KHTML, like Gecko; compatible; GPTBot/1.2; +https://openai.com/gptbot)"
20.171.207.204 - - [09/Sep/2025:10:41:48 +0700] "GET /la-camiseta-murcia-2023-un-nuevo-capitulo-en-el-estilo-futbolistico/ HTTP/1.0" 200 207715 "-" "Mozilla/5.0 AppleWebKit/537.36 (KHTML, like Gecko; compatible; GPTBot/1.2; +https://openai.com/gptbot)"
20.171.207.204 - - [09/Sep/2025:10:41:53 +0700] "GET /wp-content/uploads/2023/07/steroids1-2.jpg HTTP/1.0" 200 419 "-" "Mozilla/5.0 AppleWebKit/537.36 (KHTML, like Gecko; compatible; GPTBot/1.2; +https://openai.com/gptbot)"
20.171.207.204 - - [09/Sep/2025:10:41:57 +0700] "GET /?p=9597 HTTP/1.0" 301 496 "-" "Mozilla/5.0 AppleWebKit/537.36 (KHTML, like Gecko; compatible; GPTBot/1.2; +https://openai.com/gptbot)"
20.171.207.204 - - [09/Sep/2025:10:41:59 +0700] "GET /die-besten-plattformen-fur-den-anonymen-bitcoinkauf/ HTTP/1.0" 200 101785 "-" "Mozilla/5.0 AppleWebKit/537.36 (KHTML, like Gecko; compatible; GPTBot/1.2; +https://openai.com/gptbot)"
20.171.207.204 - - [09/Sep/2025:10:42:04 +0700] "GET /?p=4318 HTTP/1.0" 301 494 "-" "Mozilla/5.0 AppleWebKit/537.36 (KHTML, like Gecko; compatible; GPTBot/1.2; +https://openai.com/gptbot)"
20.171.207.204 - - [09/Sep/2025:10:42:06 +0700] "GET /22bet-s-brief-withdrawal-time-makes-it-india-s-55/ HTTP/1.0" 200 236725 "-" "Mozilla/5.0 AppleWebKit/537.36 (KHTML, like Gecko; compatible; GPTBot/1.2; +https://openai.com/gptbot)"
20.171.207.204 - - [09/Sep/2025:10:42:12 +0700] "GET /sustanon-250-steroid-tutto-cio-che-devi-sapere-5 HTTP/1.0" 301 493 "-" "Mozilla/5.0 AppleWebKit/537.36 (KHTML, like Gecko; compatible; GPTBot/1.2; +https://openai.com/gptbot)"
20.171.207.204 - - [09/Sep/2025:10:42:14 +0700] "GET /sustanon-250-steroid-tutto-cio-che-devi-sapere-5/ HTTP/1.0" 200 204013 "-" "Mozilla/5.0 AppleWebKit/537.36 (KHTML, like Gecko; compatible; GPTBot/1.2; +https://openai.com/gptbot)"
45.117.177.72 - - [09/Sep/2025:10:42:23 +0700] "POST /wp-cron.php?doing_wp_cron=1757389342.8643341064453125000000 HTTP/1.0" 200 416 "-" "WordPress/6.8.1; https://vattusacky.vn"
20.171.207.204 - - [09/Sep/2025:10:42:21 +0700] "GET /22bet-s-brief-withdrawal-time-makes-it-india-s-55 HTTP/1.0" 301 494 "-" "Mozilla/5.0 AppleWebKit/537.36 (KHTML, like Gecko; compatible; GPTBot/1.2; +https://openai.com/gptbot)"
20.171.207.204 - - [09/Sep/2025:10:42:23 +0700] "GET /22bet-s-brief-withdrawal-time-makes-it-india-s-55/ HTTP/1.0" 200 236725 "-" "Mozilla/5.0 AppleWebKit/537.36 (KHTML, like Gecko; compatible; GPTBot/1.2; +https://openai.com/gptbot)"
20.171.207.204 - - [09/Sep/2025:10:42:28 +0700] "GET /?p=4342 HTTP/1.0" 301 493 "-" "Mozilla/5.0 AppleWebKit/537.36 (KHTML, like Gecko; compatible; GPTBot/1.2; +https://openai.com/gptbot)"
20.171.207.204 - - [09/Sep/2025:10:42:30 +0700] "GET /22bet-ropes-in-new-zealand-cricketer-brendon-206/ HTTP/1.0" 200 243079 "-" "Mozilla/5.0 AppleWebKit/537.36 (KHTML, like Gecko; compatible; GPTBot/1.2; +https://openai.com/gptbot)"
20.171.207.204 - - [09/Sep/2025:10:42:35 +0700] "GET /sustanon-250-steroid-tutto-cio-che-devi-sapere-9/ HTTP/1.0" 200 70115 "-" "Mozilla/5.0 AppleWebKit/537.36 (KHTML, like Gecko; compatible; GPTBot/1.2; +https://openai.com/gptbot)"
20.171.207.204 - - [09/Sep/2025:10:42:41 +0700] "GET /?p=5433 HTTP/1.0" 301 493 "-" "Mozilla/5.0 AppleWebKit/537.36 (KHTML, like Gecko; compatible; GPTBot/1.2; +https://openai.com/gptbot)"
20.171.207.204 - - [09/Sep/2025:10:42:43 +0700] "GET /sustanon-250-steroid-tutto-cio-che-devi-sapere-7/ HTTP/1.0" 200 70170 "-" "Mozilla/5.0 AppleWebKit/537.36 (KHTML, like Gecko; compatible; GPTBot/1.2; +https://openai.com/gptbot)"
20.171.207.204 - - [09/Sep/2025:10:42:54 +0700] "GET /vr-bank-oberfranken-mitte-eg-vr-bank-oberfranken/ HTTP/1.0" 200 107955 "-" "Mozilla/5.0 AppleWebKit/537.36 (KHTML, like Gecko; compatible; GPTBot/1.2; +https://openai.com/gptbot)"
45.117.177.72 - - [09/Sep/2025:10:43:02 +0700] "POST /wp-cron.php?doing_wp_cron=1757389382.0970098972320556640625 HTTP/1.0" 200 416 "-" "WordPress/6.8.1; https://vattusacky.vn"
52.167.144.166 - - [09/Sep/2025:10:43:01 +0700] "GET /the-impact-of-shared-experiences-in-omegles-social-experiment/feed/ HTTP/1.0" 200 1780 "-" "Mozilla/5.0 AppleWebKit/537.36 (KHTML, like Gecko; compatible; bingbot/2.0; +http://www.bing.com/bingbot.htm) Chrome/116.0.1938.76 Safari/537.36"
20.171.207.204 - - [09/Sep/2025:10:43:00 +0700] "GET /sermorelin-before-and-after-pics/ HTTP/1.0" 200 107893 "-" "Mozilla/5.0 AppleWebKit/537.36 (KHTML, like Gecko; compatible; GPTBot/1.2; +https://openai.com/gptbot)"
20.171.207.204 - - [09/Sep/2025:10:43:08 +0700] "GET /sustanon-250-steroid-tutto-cio-che-devi-sapere-5/ HTTP/1.0" 200 204013 "-" "Mozilla/5.0 AppleWebKit/537.36 (KHTML, like Gecko; compatible; GPTBot/1.2; +https://openai.com/gptbot)"
20.171.207.204 - - [09/Sep/2025:10:43:13 +0700] "GET /1xbet-cell-app-for-ios-and-android-61/ HTTP/1.0" 200 115563 "-" "Mozilla/5.0 AppleWebKit/537.36 (KHTML, like Gecko; compatible; GPTBot/1.2; +https://openai.com/gptbot)"
45.117.177.72 - - [09/Sep/2025:10:43:17 +0700] "POST /wp-cron.php?doing_wp_cron=1757389397.4803369045257568359375 HTTP/1.0" 200 416 "-" "WordPress/6.8.1; https://vattusacky.vn"
18.205.213.231 - - [09/Sep/2025:10:43:16 +0700] "GET /the-evolution-of-love-and-friendship-in-omeloves-stories/ HTTP/1.0" 200 90085 "-" "Mozilla/5.0 AppleWebKit/537.36 (KHTML, like Gecko; compatible; Amazonbot/0.1; +https://developer.amazon.com/support/amazonbot) Chrome/119.0.6045.214 Safari/537.36"
35.174.253.85 - - [09/Sep/2025:10:43:19 +0700] "GET /exploring-the-origins-of-omegle-and-ometv-a-fascinating-story/ HTTP/1.0" 200 93959 "-" "Mozilla/5.0 AppleWebKit/537.36 (KHTML, like Gecko; compatible; Amazonbot/0.1; +https://developer.amazon.com/support/amazonbot) Chrome/119.0.6045.214 Safari/537.36"
20.171.207.204 - - [09/Sep/2025:10:43:19 +0700] "GET /?p=4636 HTTP/1.0" 301 493 "-" "Mozilla/5.0 AppleWebKit/537.36 (KHTML, like Gecko; compatible; GPTBot/1.2; +https://openai.com/gptbot)"
20.171.207.204 - - [09/Sep/2025:10:43:21 +0700] "GET /sustanon-250-steroid-tutto-cio-che-devi-sapere-5/ HTTP/1.0" 200 204013 "-" "Mozilla/5.0 AppleWebKit/537.36 (KHTML, like Gecko; compatible; GPTBot/1.2; +https://openai.com/gptbot)"
34.205.163.103 - - [09/Sep/2025:10:43:24 +0700] "GET /the-convenience-of-text-chat-ometvs-text-chat-benefits/ HTTP/1.0" 200 91483 "-" "Mozilla/5.0 AppleWebKit/537.36 (KHTML, like Gecko; compatible; Amazonbot/0.1; +https://developer.amazon.com/support/amazonbot) Chrome/119.0.6045.214 Safari/537.36"
20.171.207.204 - - [09/Sep/2025:10:43:27 +0700] "GET /pin-up-casino-luchshie-onlajn-avtomaty-demo/ HTTP/1.0" 200 96080 "-" "Mozilla/5.0 AppleWebKit/537.36 (KHTML, like Gecko; compatible; GPTBot/1.2; +https://openai.com/gptbot)"
52.71.203.206 - - [09/Sep/2025:10:43:28 +0700] "GET /finding-solace-through-random-encounters-on-omegle/ HTTP/1.0" 200 90205 "-" "Mozilla/5.0 AppleWebKit/537.36 (KHTML, like Gecko; compatible; Amazonbot/0.1; +https://developer.amazon.com/support/amazonbot) Chrome/119.0.6045.214 Safari/537.36"
23.21.175.228 - - [09/Sep/2025:10:43:32 +0700] "GET /deep-connections-finding-like-minded-individuals-on-omegle/ HTTP/1.0" 200 90279 "-" "Mozilla/5.0 AppleWebKit/537.36 (KHTML, like Gecko; compatible; Amazonbot/0.1; +https://developer.amazon.com/support/amazonbot) Chrome/119.0.6045.214 Safari/537.36"
20.171.207.204 - - [09/Sep/2025:10:43:35 +0700] "GET /wp-content/uploads/2023/07/steroids3-2.jpg HTTP/1.0" 200 419 "-" "Mozilla/5.0 AppleWebKit/537.36 (KHTML, like Gecko; compatible; GPTBot/1.2; +https://openai.com/gptbot)"
98.82.214.73 - - [09/Sep/2025:10:43:35 +0700] "GET /from-strangers-to-friends-building-authentic-connections-on-omegles-anonymous-platform/ HTTP/1.0" 200 92367 "-" "Mozilla/5.0 AppleWebKit/537.36 (KHTML, like Gecko; compatible; Amazonbot/0.1; +https://developer.amazon.com/support/amazonbot) Chrome/119.0.6045.214 Safari/537.36"
100.28.204.82 - - [09/Sep/2025:10:43:39 +0700] "GET /discovering-the-depths-of-love-in-omelove/ HTTP/1.0" 200 88252 "-" "Mozilla/5.0 AppleWebKit/537.36 (KHTML, like Gecko; compatible; Amazonbot/0.1; +https://developer.amazon.com/support/amazonbot) Chrome/119.0.6045.214 Safari/537.36"
20.171.207.204 - - [09/Sep/2025:10:43:40 +0700] "GET /?p=9608 HTTP/1.0" 301 493 "-" "Mozilla/5.0 AppleWebKit/537.36 (KHTML, like Gecko; compatible; GPTBot/1.2; +https://openai.com/gptbot)"
20.171.207.204 - - [09/Sep/2025:10:43:42 +0700] "GET /sustanon-250-steroid-tutto-cio-che-devi-sapere-9/ HTTP/1.0" 200 70115 "-" "Mozilla/5.0 AppleWebKit/537.36 (KHTML, like Gecko; compatible; GPTBot/1.2; +https://openai.com/gptbot)"
54.166.104.83 - - [09/Sep/2025:10:43:44 +0700] "GET /omegle-language-options-communicating-in-different-languages/ HTTP/1.0" 200 89672 "-" "Mozilla/5.0 AppleWebKit/537.36 (KHTML, like Gecko; compatible; Amazonbot/0.1; +https://developer.amazon.com/support/amazonbot) Chrome/119.0.6045.214 Safari/537.36"
20.171.207.204 - - [09/Sep/2025:10:43:47 +0700] "GET /best-live-cam-websites-inspectorcams-com/ HTTP/1.0" 200 219648 "-" "Mozilla/5.0 AppleWebKit/537.36 (KHTML, like Gecko; compatible; GPTBot/1.2; +https://openai.com/gptbot)"
44.206.65.8 - - [09/Sep/2025:10:43:47 +0700] "GET /exploring-the-technology-behind-omegles-algorithm/ HTTP/1.0" 200 92219 "-" "Mozilla/5.0 AppleWebKit/537.36 (KHTML, like Gecko; compatible; Amazonbot/0.1; +https://developer.amazon.com/support/amazonbot) Chrome/119.0.6045.214 Safari/537.36"
20.171.207.204 - - [09/Sep/2025:10:43:51 +0700] "GET /wp-content/uploads/2023/07/steroids2-2.jpg HTTP/1.0" 200 419 "-" "Mozilla/5.0 AppleWebKit/537.36 (KHTML, like Gecko; compatible; GPTBot/1.2; +https://openai.com/gptbot)"
18.205.127.11 - - [09/Sep/2025:10:43:51 +0700] "GET /exploring-the-moderation-policies-on-chatroulette-and-omegle/ HTTP/1.0" 200 91500 "-" "Mozilla/5.0 AppleWebKit/537.36 (KHTML, like Gecko; compatible; Amazonbot/0.1; +https://developer.amazon.com/support/amazonbot) Chrome/119.0.6045.214 Safari/537.36"
34.236.135.14 - - [09/Sep/2025:10:43:55 +0700] "GET /unveiling-the-psychology-of-omegles-users/ HTTP/1.0" 200 91052 "-" "Mozilla/5.0 AppleWebKit/537.36 (KHTML, like Gecko; compatible; Amazonbot/0.1; +https://developer.amazon.com/support/amazonbot) Chrome/119.0.6045.214 Safari/537.36"
20.171.207.204 - - [09/Sep/2025:10:43:55 +0700] "GET /sustanon-250-steroid-tutto-cio-che-devi-sapere-6 HTTP/1.0" 301 493 "-" "Mozilla/5.0 AppleWebKit/537.36 (KHTML, like Gecko; compatible; GPTBot/1.2; +https://openai.com/gptbot)"
20.171.207.204 - - [09/Sep/2025:10:43:58 +0700] "GET /sustanon-250-steroid-tutto-cio-che-devi-sapere-6/ HTTP/1.0" 200 204117 "-" "Mozilla/5.0 AppleWebKit/537.36 (KHTML, like Gecko; compatible; GPTBot/1.2; +https://openai.com/gptbot)"
34.196.114.170 - - [09/Sep/2025:10:43:59 +0700] "GET /exploring-the-ethics-of-omegle-is-it-crossing-boundaries/ HTTP/1.0" 200 90559 "-" "Mozilla/5.0 AppleWebKit/537.36 (KHTML, like Gecko; compatible; Amazonbot/0.1; +https://developer.amazon.com/support/amazonbot) Chrome/119.0.6045.214 Safari/537.36"
44.207.207.36 - - [09/Sep/2025:10:44:03 +0700] "GET /melbet-app-obtain-for-android-apk-ios-in-96/ HTTP/1.0" 200 112053 "-" "Mozilla/5.0 AppleWebKit/537.36 (KHTML, like Gecko; compatible; Amazonbot/0.1; +https://developer.amazon.com/support/amazonbot) Chrome/119.0.6045.214 Safari/537.36"
20.171.207.204 - - [09/Sep/2025:10:44:07 +0700] "GET /?p=5429 HTTP/1.0" 301 493 "-" "Mozilla/5.0 AppleWebKit/537.36 (KHTML, like Gecko; compatible; GPTBot/1.2; +https://openai.com/gptbot)"
54.163.169.168 - - [09/Sep/2025:10:44:07 +0700] "GET /embracing-the-digital-revolution-omegles-future-path/ HTTP/1.0" 200 78951 "-" "Mozilla/5.0 AppleWebKit/537.36 (KHTML, like Gecko; compatible; Amazonbot/0.1; +https://developer.amazon.com/support/amazonbot) Chrome/119.0.6045.214 Safari/537.36"
20.171.207.204 - - [09/Sep/2025:10:44:09 +0700] "GET /vr-bank-oberfranken-mitte-eg-vr-bank-oberfranken/ HTTP/1.0" 200 107955 "-" "Mozilla/5.0 AppleWebKit/537.36 (KHTML, like Gecko; compatible; GPTBot/1.2; +https://openai.com/gptbot)"
23.23.104.107 - - [09/Sep/2025:10:44:11 +0700] "GET /the-secrets-to-engaging-conversations-on-omegle/ HTTP/1.0" 200 90085 "-" "Mozilla/5.0 AppleWebKit/537.36 (KHTML, like Gecko; compatible; Amazonbot/0.1; +https://developer.amazon.com/support/amazonbot) Chrome/119.0.6045.214 Safari/537.36"
20.171.207.204 - - [09/Sep/2025:10:44:15 +0700] "GET /wp-content/uploads/2023/07/steroids1-3.jpg HTTP/1.0" 200 419 "-" "Mozilla/5.0 AppleWebKit/537.36 (KHTML, like Gecko; compatible; GPTBot/1.2; +https://openai.com/gptbot)"
3.219.80.71 - - [09/Sep/2025:10:44:15 +0700] "GET /exploring-the-dark-web-omegles-hidden-side/ HTTP/1.0" 200 88834 "-" "Mozilla/5.0 AppleWebKit/537.36 (KHTML, like Gecko; compatible; Amazonbot/0.1; +https://developer.amazon.com/support/amazonbot) Chrome/119.0.6045.214 Safari/537.36"
20.171.207.204 - - [09/Sep/2025:10:44:21 +0700] "GET /wp-content/uploads/2023/08/bitcoin-2.jpg HTTP/1.0" 200 417 "-" "Mozilla/5.0 AppleWebKit/537.36 (KHTML, like Gecko; compatible; GPTBot/1.2; +https://openai.com/gptbot)"
45.117.177.72 - - [09/Sep/2025:10:44:21 +0700] "POST /wp-cron.php?doing_wp_cron=1757389461.5681259632110595703125 HTTP/1.0" 200 416 "-" "WordPress/6.8.1; https://vattusacky.vn"
50.19.221.48 - - [09/Sep/2025:10:44:19 +0700] "GET /the-role-of-emotional-intelligence-in-anonymously-communicating-on-omegle/ HTTP/1.0" 200 91538 "-" "Mozilla/5.0 AppleWebKit/537.36 (KHTML, like Gecko; compatible; Amazonbot/0.1; +https://developer.amazon.com/support/amazonbot) Chrome/119.0.6045.214 Safari/537.36"
3.210.29.96 - - [09/Sep/2025:10:44:24 +0700] "GET /creating-a-safe-space-in-omegle-therapy-sessions/ HTTP/1.0" 200 92726 "-" "Mozilla/5.0 AppleWebKit/537.36 (KHTML, like Gecko; compatible; Amazonbot/0.1; +https://developer.amazon.com/support/amazonbot) Chrome/119.0.6045.214 Safari/537.36"
20.171.207.204 - - [09/Sep/2025:10:44:24 +0700] "GET /?p=5730 HTTP/1.0" 301 482 "-" "Mozilla/5.0 AppleWebKit/537.36 (KHTML, like Gecko; compatible; GPTBot/1.2; +https://openai.com/gptbot)"
20.171.207.204 - - [09/Sep/2025:10:44:26 +0700] "GET /1xbet-cell-app-for-ios-and-android-61/ HTTP/1.0" 200 115563 "-" "Mozilla/5.0 AppleWebKit/537.36 (KHTML, like Gecko; compatible; GPTBot/1.2; +https://openai.com/gptbot)"
54.144.185.255 - - [09/Sep/2025:10:44:28 +0700] "GET /the-ethics-of-online-anonymity-debating-the-pros-and-cons-of-omegle-and-ometv/ HTTP/1.0" 200 90548 "-" "Mozilla/5.0 AppleWebKit/537.36 (KHTML, like Gecko; compatible; Amazonbot/0.1; +https://developer.amazon.com/support/amazonbot) Chrome/119.0.6045.214 Safari/537.36"
20.171.207.204 - - [09/Sep/2025:10:44:32 +0700] "GET /wp-content/uploads/2023/07/steroids2-3.jpg HTTP/1.0" 200 419 "-" "Mozilla/5.0 AppleWebKit/537.36 (KHTML, like Gecko; compatible; GPTBot/1.2; +https://openai.com/gptbot)"
52.23.112.144 - - [09/Sep/2025:10:44:32 +0700] "GET /navigating-the-unknown-omegle-and-the-art-of-conversations/ HTTP/1.0" 200 90999 "-" "Mozilla/5.0 AppleWebKit/537.36 (KHTML, like Gecko; compatible; Amazonbot/0.1; +https://developer.amazon.com/support/amazonbot) Chrome/119.0.6045.214 Safari/537.36"
34.194.233.48 - - [09/Sep/2025:10:44:35 +0700] "GET /my-first-blog-post/ HTTP/1.0" 200 69513 "-" "Mozilla/5.0 AppleWebKit/537.36 (KHTML, like Gecko; compatible; Amazonbot/0.1; +https://developer.amazon.com/support/amazonbot) Chrome/119.0.6045.214 Safari/537.36"
20.171.207.204 - - [09/Sep/2025:10:44:36 +0700] "GET /?p=9606 HTTP/1.0" 301 488 "-" "Mozilla/5.0 AppleWebKit/537.36 (KHTML, like Gecko; compatible; GPTBot/1.2; +https://openai.com/gptbot)"
20.171.207.204 - - [09/Sep/2025:10:44:38 +0700] "GET /pin-up-casino-luchshie-onlajn-avtomaty-demo/ HTTP/1.0" 200 96080 "-" "Mozilla/5.0 AppleWebKit/537.36 (KHTML, like Gecko; compatible; GPTBot/1.2; +https://openai.com/gptbot)"
