85.208.96.199 - - [09/Sep/2025:06:53:12 +0700] "GET /kak-sozdat%D1%8C-ideal%D1%8Cnoe-cv-dlja-it-specialista/ HTTP/1.0" 200 351624 "-" "Mozilla/5.0 (compatible; SemrushBot/7~bl; +http://www.semrush.com/bot.html)"
45.117.177.72 - - [09/Sep/2025:06:53:17 +0700] "POST /wp-cron.php?doing_wp_cron=1757375597.5763859748840332031250 HTTP/1.0" 200 416 "-" "WordPress/6.8.1; https://vattusacky.vn"
20.171.207.204 - - [09/Sep/2025:06:53:16 +0700] "GET /omegle-and-ometv-for-finding-pen-pals/ HTTP/1.0" 200 90955 "-" "Mozilla/5.0 AppleWebKit/537.36 (KHTML, like Gecko; compatible; GPTBot/1.2; +https://openai.com/gptbot)"
20.171.207.204 - - [09/Sep/2025:06:53:22 +0700] "GET /how-to-find-free-casino-games-online/ HTTP/1.0" 200 207525 "-" "Mozilla/5.0 AppleWebKit/537.36 (KHTML, like Gecko; compatible; GPTBot/1.2; +https://openai.com/gptbot)"
20.171.207.204 - - [09/Sep/2025:06:53:28 +0700] "GET /how-long-until-viagra-starts-working/ HTTP/1.0" 200 81761 "-" "Mozilla/5.0 AppleWebKit/537.36 (KHTML, like Gecko; compatible; GPTBot/1.2; +https://openai.com/gptbot)"
20.171.207.204 - - [09/Sep/2025:06:53:35 +0700] "GET /?p=6236 HTTP/1.0" 301 507 "-" "Mozilla/5.0 AppleWebKit/537.36 (KHTML, like Gecko; compatible; GPTBot/1.2; +https://openai.com/gptbot)"
20.171.207.204 - - [09/Sep/2025:06:53:36 +0700] "GET /breaking-down-stigmas-surrounding-online-friendships-on-omegle/ HTTP/1.0" 200 92317 "-" "Mozilla/5.0 AppleWebKit/537.36 (KHTML, like Gecko; compatible; GPTBot/1.2; +https://openai.com/gptbot)"
20.171.207.204 - - [09/Sep/2025:06:53:42 +0700] "GET /?p=7411 HTTP/1.0" 301 482 "-" "Mozilla/5.0 AppleWebKit/537.36 (KHTML, like Gecko; compatible; GPTBot/1.2; +https://openai.com/gptbot)"
20.171.207.204 - - [09/Sep/2025:06:53:43 +0700] "GET /omegle-and-ometv-for-finding-pen-pals/ HTTP/1.0" 200 90955 "-" "Mozilla/5.0 AppleWebKit/537.36 (KHTML, like Gecko; compatible; GPTBot/1.2; +https://openai.com/gptbot)"
20.171.207.204 - - [09/Sep/2025:06:53:50 +0700] "GET /breaking-down-the-psychological-tactics-on-omegle-mind-games-demystified/ HTTP/1.0" 200 94496 "-" "Mozilla/5.0 AppleWebKit/537.36 (KHTML, like Gecko; compatible; GPTBot/1.2; +https://openai.com/gptbot)"
20.171.207.204 - - [09/Sep/2025:06:53:59 +0700] "GET /whats-right-about-top-crypto-casinos/ HTTP/1.0" 200 230956 "-" "Mozilla/5.0 AppleWebKit/537.36 (KHTML, like Gecko; compatible; GPTBot/1.2; +https://openai.com/gptbot)"
20.171.207.204 - - [09/Sep/2025:06:54:05 +0700] "GET /the-impact-of-omegle-on-social-skills/ HTTP/1.0" 200 90945 "-" "Mozilla/5.0 AppleWebKit/537.36 (KHTML, like Gecko; compatible; GPTBot/1.2; +https://openai.com/gptbot)"
20.171.207.204 - - [09/Sep/2025:06:54:13 +0700] "GET /breaking-free-from-anonymity-the-evolution-of-omegle-and-ometv/ HTTP/1.0" 200 91870 "-" "Mozilla/5.0 AppleWebKit/537.36 (KHTML, like Gecko; compatible; GPTBot/1.2; +https://openai.com/gptbot)"
45.117.177.72 - - [09/Sep/2025:06:54:21 +0700] "POST /wp-cron.php?doing_wp_cron=1757375661.0227799415588378906250 HTTP/1.0" 200 416 "-" "WordPress/6.8.1; https://vattusacky.vn"
20.171.207.204 - - [09/Sep/2025:06:54:19 +0700] "GET /?p=8206 HTTP/1.0" 301 512 "-" "Mozilla/5.0 AppleWebKit/537.36 (KHTML, like Gecko; compatible; GPTBot/1.2; +https://openai.com/gptbot)"
20.171.207.204 - - [09/Sep/2025:06:54:21 +0700] "GET /serendipity-in-cyberspace-uncovering-hidden-gems-and-hidden-talents/ HTTP/1.0" 200 95292 "-" "Mozilla/5.0 AppleWebKit/537.36 (KHTML, like Gecko; compatible; GPTBot/1.2; +https://openai.com/gptbot)"
20.171.207.204 - - [09/Sep/2025:06:54:29 +0700] "GET /?p=6237 HTTP/1.0" 301 517 "-" "Mozilla/5.0 AppleWebKit/537.36 (KHTML, like Gecko; compatible; GPTBot/1.2; +https://openai.com/gptbot)"
20.171.207.204 - - [09/Sep/2025:06:54:30 +0700] "GET /breaking-down-the-psychological-tactics-on-omegle-mind-games-demystified/ HTTP/1.0" 200 94496 "-" "Mozilla/5.0 AppleWebKit/537.36 (KHTML, like Gecko; compatible; GPTBot/1.2; +https://openai.com/gptbot)"
20.171.207.204 - - [09/Sep/2025:06:54:36 +0700] "GET /omegle-and-ometv-for-online-activism/ HTTP/1.0" 200 90926 "-" "Mozilla/5.0 AppleWebKit/537.36 (KHTML, like Gecko; compatible; GPTBot/1.2; +https://openai.com/gptbot)"
20.171.207.204 - - [09/Sep/2025:06:54:46 +0700] "GET /stavki-na-sport-onlajn-s-telefona-osobennosti-mobilnyh-stavok-v-bukmekerskih-kontorah-menadzheru-smartfonov-i-planshetov/ HTTP/1.0" 200 228873 "-" "Mozilla/5.0 AppleWebKit/537.36 (KHTML, like Gecko; compatible; GPTBot/1.2; +https://openai.com/gptbot)"
20.171.207.204 - - [09/Sep/2025:06:54:53 +0700] "GET /analyzing-the-addictive-nature-of-anonymous-chat-platforms-like-omegle/ HTTP/1.0" 200 92396 "-" "Mozilla/5.0 AppleWebKit/537.36 (KHTML, like Gecko; compatible; GPTBot/1.2; +https://openai.com/gptbot)"
20.171.207.204 - - [09/Sep/2025:06:54:59 +0700] "GET /decoding-omegles-future-breaking-barriers-in-random-chats/ HTTP/1.0" 200 91258 "-" "Mozilla/5.0 AppleWebKit/537.36 (KHTML, like Gecko; compatible; GPTBot/1.2; +https://openai.com/gptbot)"
20.171.207.204 - - [09/Sep/2025:06:55:07 +0700] "GET /?p=6462 HTTP/1.0" 301 651 "-" "Mozilla/5.0 AppleWebKit/537.36 (KHTML, like Gecko; compatible; GPTBot/1.2; +https://openai.com/gptbot)"
20.171.207.204 - - [09/Sep/2025:06:55:09 +0700] "GET /decoding-the-algorithms-that-match-users-on-omegle-and-ometv/ HTTP/1.0" 200 91013 "-" "Mozilla/5.0 AppleWebKit/537.36 (KHTML, like Gecko; compatible; GPTBot/1.2; +https://openai.com/gptbot)"
45.117.177.72 - - [09/Sep/2025:06:55:18 +0700] "POST /wp-cron.php?doing_wp_cron=1757375717.7731580734252929687500 HTTP/1.0" 200 416 "-" "WordPress/6.8.1; https://vattusacky.vn"
20.171.207.204 - - [09/Sep/2025:06:55:16 +0700] "GET /you-can-win-cash-with-free-slots-in-online-casinos/ HTTP/1.0" 200 210008 "-" "Mozilla/5.0 AppleWebKit/537.36 (KHTML, like Gecko; compatible; GPTBot/1.2; +https://openai.com/gptbot)"
20.171.207.204 - - [09/Sep/2025:06:55:22 +0700] "GET /omegle-food-chat-talking-about-culinary-passions-with-strangers/ HTTP/1.0" 200 92269 "-" "Mozilla/5.0 AppleWebKit/537.36 (KHTML, like Gecko; compatible; GPTBot/1.2; +https://openai.com/gptbot)"
20.171.207.204 - - [09/Sep/2025:06:55:28 +0700] "GET /wp-json/oembed/1.0/embed?url=https%3A%2F%2Fvattusacky.vn%2Fthe-impact-of-omegle-on-social-skills%2F HTTP/1.0" 200 3390 "-" "Mozilla/5.0 AppleWebKit/537.36 (KHTML, like Gecko; compatible; GPTBot/1.2; +https://openai.com/gptbot)"
20.171.207.204 - - [09/Sep/2025:06:55:36 +0700] "GET /several-prime-honored-relationship-websites-for-across-the-world-relationships-tips-on-how-to-make-use-of-them-internet/ HTTP/1.0" 200 213485 "-" "Mozilla/5.0 AppleWebKit/537.36 (KHTML, like Gecko; compatible; GPTBot/1.2; +https://openai.com/gptbot)"
20.171.207.204 - - [09/Sep/2025:06:55:44 +0700] "GET /?p=8552 HTTP/1.0" 301 482 "-" "Mozilla/5.0 AppleWebKit/537.36 (KHTML, like Gecko; compatible; GPTBot/1.2; +https://openai.com/gptbot)"
20.171.207.204 - - [09/Sep/2025:06:55:45 +0700] "GET /the-impact-of-omegle-on-social-skills/ HTTP/1.0" 200 90945 "-" "Mozilla/5.0 AppleWebKit/537.36 (KHTML, like Gecko; compatible; GPTBot/1.2; +https://openai.com/gptbot)"
20.171.207.204 - - [09/Sep/2025:06:55:53 +0700] "GET /?p=4495 HTTP/1.0" 301 495 "-" "Mozilla/5.0 AppleWebKit/537.36 (KHTML, like Gecko; compatible; GPTBot/1.2; +https://openai.com/gptbot)"
20.171.207.204 - - [09/Sep/2025:06:55:55 +0700] "GET /you-can-win-cash-with-free-slots-in-online-casinos/ HTTP/1.0" 200 210008 "-" "Mozilla/5.0 AppleWebKit/537.36 (KHTML, like Gecko; compatible; GPTBot/1.2; +https://openai.com/gptbot)"
216.244.66.237 - - [09/Sep/2025:06:55:59 +0700] "GET /robots.txt HTTP/1.0" 200 984 "-" "Mozilla/5.0 (compatible; DotBot/1.2; +https://opensiteexplorer.org/dotbot; help@moz.com)"
20.171.207.204 - - [09/Sep/2025:06:56:02 +0700] "GET /?p=7426 HTTP/1.0" 301 481 "-" "Mozilla/5.0 AppleWebKit/537.36 (KHTML, like Gecko; compatible; GPTBot/1.2; +https://openai.com/gptbot)"
20.171.207.204 - - [09/Sep/2025:06:56:03 +0700] "GET /omegle-and-ometv-for-online-activism/ HTTP/1.0" 200 90926 "-" "Mozilla/5.0 AppleWebKit/537.36 (KHTML, like Gecko; compatible; GPTBot/1.2; +https://openai.com/gptbot)"
20.171.207.204 - - [09/Sep/2025:06:56:10 +0700] "GET /?p=6136 HTTP/1.0" 301 515 "-" "Mozilla/5.0 AppleWebKit/537.36 (KHTML, like Gecko; compatible; GPTBot/1.2; +https://openai.com/gptbot)"
20.171.207.204 - - [09/Sep/2025:06:56:11 +0700] "GET /analyzing-the-addictive-nature-of-anonymous-chat-platforms-like-omegle/ HTTP/1.0" 200 92396 "-" "Mozilla/5.0 AppleWebKit/537.36 (KHTML, like Gecko; compatible; GPTBot/1.2; +https://openai.com/gptbot)"
45.117.177.72 - - [09/Sep/2025:06:56:20 +0700] "POST /wp-cron.php?doing_wp_cron=1757375780.3987760543823242187500 HTTP/1.0" 200 416 "-" "WordPress/6.8.1; https://vattusacky.vn"
20.171.207.204 - - [09/Sep/2025:06:56:19 +0700] "GET /just-how-to-just-take-a-dick-pic/ HTTP/1.0" 200 213829 "-" "Mozilla/5.0 AppleWebKit/537.36 (KHTML, like Gecko; compatible; GPTBot/1.2; +https://openai.com/gptbot)"
20.171.207.204 - - [09/Sep/2025:06:56:25 +0700] "GET /v-marte-mesjatse-moju-doch-muzh-i-svekrov-izbiv-privezli-ko-mne-domoj-i-skazali-chto-ona-emu-izmenila-ja-sprosila-ee-ona-otvetila-chto-ne-izmenjala-i-sdelala-popytku-suitsida-ee-spasla-regionalnaja-mi/ HTTP/1.0" 200 244438 "-" "Mozilla/5.0 AppleWebKit/537.36 (KHTML, like Gecko; compatible; GPTBot/1.2; +https://openai.com/gptbot)"
20.171.207.204 - - [09/Sep/2025:06:56:32 +0700] "GET /?p=7618 HTTP/1.0" 301 508 "-" "Mozilla/5.0 AppleWebKit/537.36 (KHTML, like Gecko; compatible; GPTBot/1.2; +https://openai.com/gptbot)"
20.171.207.204 - - [09/Sep/2025:06:56:34 +0700] "GET /omegle-food-chat-talking-about-culinary-passions-with-strangers/ HTTP/1.0" 200 92269 "-" "Mozilla/5.0 AppleWebKit/537.36 (KHTML, like Gecko; compatible; GPTBot/1.2; +https://openai.com/gptbot)"
20.171.207.204 - - [09/Sep/2025:06:56:40 +0700] "GET /individual-internet-access-avast-review/ HTTP/1.0" 200 205480 "-" "Mozilla/5.0 AppleWebKit/537.36 (KHTML, like Gecko; compatible; GPTBot/1.2; +https://openai.com/gptbot)"
20.171.207.204 - - [09/Sep/2025:06:56:45 +0700] "GET /?p=2511 HTTP/1.0" 301 565 "-" "Mozilla/5.0 AppleWebKit/537.36 (KHTML, like Gecko; compatible; GPTBot/1.2; +https://openai.com/gptbot)"
20.171.207.204 - - [09/Sep/2025:06:56:47 +0700] "GET /stavki-na-sport-onlajn-s-telefona-osobennosti-mobilnyh-stavok-v-bukmekerskih-kontorah-menadzheru-smartfonov-i-planshetov/ HTTP/1.0" 200 228873 "-" "Mozilla/5.0 AppleWebKit/537.36 (KHTML, like Gecko; compatible; GPTBot/1.2; +https://openai.com/gptbot)"
20.171.207.204 - - [09/Sep/2025:06:56:54 +0700] "GET /?p=6461 HTTP/1.0" 301 502 "-" "Mozilla/5.0 AppleWebKit/537.36 (KHTML, like Gecko; compatible; GPTBot/1.2; +https://openai.com/gptbot)"
20.171.207.204 - - [09/Sep/2025:06:56:55 +0700] "GET /decoding-omegles-future-breaking-barriers-in-random-chats/ HTTP/1.0" 200 91258 "-" "Mozilla/5.0 AppleWebKit/537.36 (KHTML, like Gecko; compatible; GPTBot/1.2; +https://openai.com/gptbot)"
20.171.207.204 - - [09/Sep/2025:06:57:10 +0700] "GET /initially-date-ideas-for-online-dating/ HTTP/1.0" 200 206533 "-" "Mozilla/5.0 AppleWebKit/537.36 (KHTML, like Gecko; compatible; GPTBot/1.2; +https://openai.com/gptbot)"
45.117.177.72 - - [09/Sep/2025:06:57:18 +0700] "POST /wp-cron.php?doing_wp_cron=1757375838.2177839279174804687500 HTTP/1.0" 200 416 "-" "WordPress/6.8.1; https://vattusacky.vn"
20.171.207.204 - - [09/Sep/2025:06:57:17 +0700] "GET /?p=6238 HTTP/1.0" 301 507 "-" "Mozilla/5.0 AppleWebKit/537.36 (KHTML, like Gecko; compatible; GPTBot/1.2; +https://openai.com/gptbot)"
20.171.207.204 - - [09/Sep/2025:06:57:18 +0700] "GET /breaking-free-from-anonymity-the-evolution-of-omegle-and-ometv/ HTTP/1.0" 200 91870 "-" "Mozilla/5.0 AppleWebKit/537.36 (KHTML, like Gecko; compatible; GPTBot/1.2; +https://openai.com/gptbot)"
20.171.207.204 - - [09/Sep/2025:06:57:23 +0700] "GET /decoding-omegles-algorithm-the-science-behind-the-random-pairings/ HTTP/1.0" 200 91441 "-" "Mozilla/5.0 AppleWebKit/537.36 (KHTML, like Gecko; compatible; GPTBot/1.2; +https://openai.com/gptbot)"
20.171.207.204 - - [09/Sep/2025:06:57:30 +0700] "GET /overcoming-stereotypes-through-omegles-social-experiment/ HTTP/1.0" 200 78839 "-" "Mozilla/5.0 AppleWebKit/537.36 (KHTML, like Gecko; compatible; GPTBot/1.2; +https://openai.com/gptbot)"
20.171.207.204 - - [09/Sep/2025:06:57:36 +0700] "GET /how-omegle-has-revolutionized-long-distance-friendships/ HTTP/1.0" 200 92110 "-" "Mozilla/5.0 AppleWebKit/537.36 (KHTML, like Gecko; compatible; GPTBot/1.2; +https://openai.com/gptbot)"
20.171.207.204 - - [09/Sep/2025:06:57:41 +0700] "GET /stavki-na-league-of-legends-lol/ HTTP/1.0" 200 218493 "-" "Mozilla/5.0 AppleWebKit/537.36 (KHTML, like Gecko; compatible; GPTBot/1.2; +https://openai.com/gptbot)"
20.171.207.204 - - [09/Sep/2025:06:57:49 +0700] "GET /?p=2155 HTTP/1.0" 301 484 "-" "Mozilla/5.0 AppleWebKit/537.36 (KHTML, like Gecko; compatible; GPTBot/1.2; +https://openai.com/gptbot)"
20.171.207.204 - - [09/Sep/2025:06:57:51 +0700] "GET /individual-internet-access-avast-review/ HTTP/1.0" 200 205480 "-" "Mozilla/5.0 AppleWebKit/537.36 (KHTML, like Gecko; compatible; GPTBot/1.2; +https://openai.com/gptbot)"
20.171.207.204 - - [09/Sep/2025:06:57:59 +0700] "GET /?p=2100 HTTP/1.0" 301 645 "-" "Mozilla/5.0 AppleWebKit/537.36 (KHTML, like Gecko; compatible; GPTBot/1.2; +https://openai.com/gptbot)"
20.171.207.204 - - [09/Sep/2025:06:58:00 +0700] "GET /v-marte-mesjatse-moju-doch-muzh-i-svekrov-izbiv-privezli-ko-mne-domoj-i-skazali-chto-ona-emu-izmenila-ja-sprosila-ee-ona-otvetila-chto-ne-izmenjala-i-sdelala-popytku-suitsida-ee-spasla-regionalnaja-mi/ HTTP/1.0" 200 244438 "-" "Mozilla/5.0 AppleWebKit/537.36 (KHTML, like Gecko; compatible; GPTBot/1.2; +https://openai.com/gptbot)"
20.171.207.204 - - [09/Sep/2025:06:58:09 +0700] "GET /?p=2730 HTTP/1.0" 301 476 "-" "Mozilla/5.0 AppleWebKit/537.36 (KHTML, like Gecko; compatible; GPTBot/1.2; +https://openai.com/gptbot)"
20.171.207.204 - - [09/Sep/2025:06:58:11 +0700] "GET /stavki-na-league-of-legends-lol/ HTTP/1.0" 200 218493 "-" "Mozilla/5.0 AppleWebKit/537.36 (KHTML, like Gecko; compatible; GPTBot/1.2; +https://openai.com/gptbot)"
45.117.177.72 - - [09/Sep/2025:06:58:20 +0700] "POST /wp-cron.php?doing_wp_cron=1757375899.8282918930053710937500 HTTP/1.0" 200 416 "-" "WordPress/6.8.1; https://vattusacky.vn"
20.171.207.204 - - [09/Sep/2025:06:58:18 +0700] "GET /?p=2139 HTTP/1.0" 301 483 "-" "Mozilla/5.0 AppleWebKit/537.36 (KHTML, like Gecko; compatible; GPTBot/1.2; +https://openai.com/gptbot)"
20.171.207.204 - - [09/Sep/2025:06:58:20 +0700] "GET /initially-date-ideas-for-online-dating/ HTTP/1.0" 200 206533 "-" "Mozilla/5.0 AppleWebKit/537.36 (KHTML, like Gecko; compatible; GPTBot/1.2; +https://openai.com/gptbot)"
20.171.207.204 - - [09/Sep/2025:06:58:26 +0700] "GET /?p=8059 HTTP/1.0" 301 501 "-" "Mozilla/5.0 AppleWebKit/537.36 (KHTML, like Gecko; compatible; GPTBot/1.2; +https://openai.com/gptbot)"
20.171.207.204 - - [09/Sep/2025:06:58:28 +0700] "GET /overcoming-stereotypes-through-omegles-social-experiment/ HTTP/1.0" 200 78839 "-" "Mozilla/5.0 AppleWebKit/537.36 (KHTML, like Gecko; compatible; GPTBot/1.2; +https://openai.com/gptbot)"
20.171.207.204 - - [09/Sep/2025:06:58:34 +0700] "GET /omegles-role-in-building-global-connections/ HTTP/1.0" 200 90091 "-" "Mozilla/5.0 AppleWebKit/537.36 (KHTML, like Gecko; compatible; GPTBot/1.2; +https://openai.com/gptbot)"
20.171.207.204 - - [09/Sep/2025:06:58:42 +0700] "GET /omegle-and-political-discussions-navigating-controversial-topics-online/ HTTP/1.0" 200 91409 "-" "Mozilla/5.0 AppleWebKit/537.36 (KHTML, like Gecko; compatible; GPTBot/1.2; +https://openai.com/gptbot)"
20.171.207.204 - - [09/Sep/2025:06:58:48 +0700] "GET /that-can-witness-a-relationship-certificate/ HTTP/1.0" 200 72213 "-" "Mozilla/5.0 AppleWebKit/537.36 (KHTML, like Gecko; compatible; GPTBot/1.2; +https://openai.com/gptbot)"
20.171.207.204 - - [09/Sep/2025:06:58:55 +0700] "GET /?p=7033 HTTP/1.0" 301 500 "-" "Mozilla/5.0 AppleWebKit/537.36 (KHTML, like Gecko; compatible; GPTBot/1.2; +https://openai.com/gptbot)"
20.171.207.204 - - [09/Sep/2025:06:58:56 +0700] "GET /how-omegle-has-revolutionized-long-distance-friendships/ HTTP/1.0" 200 92110 "-" "Mozilla/5.0 AppleWebKit/537.36 (KHTML, like Gecko; compatible; GPTBot/1.2; +https://openai.com/gptbot)"
20.171.207.204 - - [09/Sep/2025:06:59:04 +0700] "GET /debunking-myths-about-omegle-setting-the-record-straight/ HTTP/1.0" 200 91725 "-" "Mozilla/5.0 AppleWebKit/537.36 (KHTML, like Gecko; compatible; GPTBot/1.2; +https://openai.com/gptbot)"
20.171.207.204 - - [09/Sep/2025:06:59:11 +0700] "GET /?p=6460 HTTP/1.0" 301 510 "-" "Mozilla/5.0 AppleWebKit/537.36 (KHTML, like Gecko; compatible; GPTBot/1.2; +https://openai.com/gptbot)"
20.171.207.204 - - [09/Sep/2025:06:59:12 +0700] "GET /decoding-omegles-algorithm-the-science-behind-the-random-pairings/ HTTP/1.0" 200 91441 "-" "Mozilla/5.0 AppleWebKit/537.36 (KHTML, like Gecko; compatible; GPTBot/1.2; +https://openai.com/gptbot)"
20.171.207.204 - - [09/Sep/2025:06:59:19 +0700] "GET /what-you-should-expect-in-a-info-room-supplier/ HTTP/1.0" 200 205558 "-" "Mozilla/5.0 AppleWebKit/537.36 (KHTML, like Gecko; compatible; GPTBot/1.2; +https://openai.com/gptbot)"
20.171.207.204 - - [09/Sep/2025:06:59:32 +0700] "GET /heated-latin-females-dating-protection-tips/ HTTP/1.0" 200 206576 "-" "Mozilla/5.0 AppleWebKit/537.36 (KHTML, like Gecko; compatible; GPTBot/1.2; +https://openai.com/gptbot)"
20.171.207.204 - - [09/Sep/2025:06:59:39 +0700] "GET /how-online-interactions-impact-mental-health/ HTTP/1.0" 200 90646 "-" "Mozilla/5.0 AppleWebKit/537.36 (KHTML, like Gecko; compatible; GPTBot/1.2; +https://openai.com/gptbot)"
20.171.207.204 - - [09/Sep/2025:06:59:45 +0700] "GET /?p=2163 HTTP/1.0" 301 491 "-" "Mozilla/5.0 AppleWebKit/537.36 (KHTML, like Gecko; compatible; GPTBot/1.2; +https://openai.com/gptbot)"
20.171.207.204 - - [09/Sep/2025:06:59:46 +0700] "GET /what-you-should-expect-in-a-info-room-supplier/ HTTP/1.0" 200 205558 "-" "Mozilla/5.0 AppleWebKit/537.36 (KHTML, like Gecko; compatible; GPTBot/1.2; +https://openai.com/gptbot)"
85.208.96.199 - - [09/Sep/2025:06:59:54 +0700] "GET /robots.txt HTTP/1.0" 200 984 "-" "Mozilla/5.0 (compatible; SemrushBot/7~bl; +http://www.semrush.com/bot.html)"
20.171.207.204 - - [09/Sep/2025:06:59:54 +0700] "GET /?p=7486 HTTP/1.0" 301 516 "-" "Mozilla/5.0 AppleWebKit/537.36 (KHTML, like Gecko; compatible; GPTBot/1.2; +https://openai.com/gptbot)"
20.171.207.204 - - [09/Sep/2025:06:59:55 +0700] "GET /omegle-and-political-discussions-navigating-controversial-topics-online/ HTTP/1.0" 200 91409 "-" "Mozilla/5.0 AppleWebKit/537.36 (KHTML, like Gecko; compatible; GPTBot/1.2; +https://openai.com/gptbot)"
185.191.171.4 - - [09/Sep/2025:06:59:56 +0700] "GET /behind-the-screens-interesting-stories-from-omegle-and-ometv/ HTTP/1.0" 200 91004 "-" "Mozilla/5.0 (compatible; SemrushBot/7~bl; +http://www.semrush.com/bot.html)"
20.171.207.204 - - [09/Sep/2025:07:00:02 +0700] "GET /learning-about-different-lifestyles-on-omegle/ HTTP/1.0" 200 89728 "-" "Mozilla/5.0 AppleWebKit/537.36 (KHTML, like Gecko; compatible; GPTBot/1.2; +https://openai.com/gptbot)"
20.171.207.204 - - [09/Sep/2025:07:00:08 +0700] "GET /debugger-for-omegle-tools-for-troubleshooting-common-issues/ HTTP/1.0" 200 93904 "-" "Mozilla/5.0 AppleWebKit/537.36 (KHTML, like Gecko; compatible; GPTBot/1.2; +https://openai.com/gptbot)"
20.171.207.204 - - [09/Sep/2025:07:00:15 +0700] "GET /instant-response-ometvs-text-chat-efficiency/ HTTP/1.0" 200 90878 "-" "Mozilla/5.0 AppleWebKit/537.36 (KHTML, like Gecko; compatible; GPTBot/1.2; +https://openai.com/gptbot)"
45.117.177.72 - - [09/Sep/2025:07:00:22 +0700] "POST /wp-cron.php?doing_wp_cron=1757376021.8014719486236572265625 HTTP/1.0" 200 416 "-" "WordPress/6.8.1; https://vattusacky.vn"
20.171.207.204 - - [09/Sep/2025:07:00:20 +0700] "GET /bahis-siteleri-guvenilir-casino-bonuslar-ve/ HTTP/1.0" 200 217745 "-" "Mozilla/5.0 AppleWebKit/537.36 (KHTML, like Gecko; compatible; GPTBot/1.2; +https://openai.com/gptbot)"
20.171.207.204 - - [09/Sep/2025:07:00:26 +0700] "GET /?p=6459 HTTP/1.0" 301 501 "-" "Mozilla/5.0 AppleWebKit/537.36 (KHTML, like Gecko; compatible; GPTBot/1.2; +https://openai.com/gptbot)"
20.171.207.204 - - [09/Sep/2025:07:00:27 +0700] "GET /debunking-myths-about-omegle-setting-the-record-straight/ HTTP/1.0" 200 91725 "-" "Mozilla/5.0 AppleWebKit/537.36 (KHTML, like Gecko; compatible; GPTBot/1.2; +https://openai.com/gptbot)"
20.171.207.204 - - [09/Sep/2025:07:00:36 +0700] "GET /?p=7928 HTTP/1.0" 301 488 "-" "Mozilla/5.0 AppleWebKit/537.36 (KHTML, like Gecko; compatible; GPTBot/1.2; +https://openai.com/gptbot)"
20.171.207.204 - - [09/Sep/2025:07:00:37 +0700] "GET /omegles-role-in-building-global-connections/ HTTP/1.0" 200 90091 "-" "Mozilla/5.0 AppleWebKit/537.36 (KHTML, like Gecko; compatible; GPTBot/1.2; +https://openai.com/gptbot)"
20.171.207.204 - - [09/Sep/2025:07:00:45 +0700] "GET /?p=9573 HTTP/1.0" 301 488 "-" "Mozilla/5.0 AppleWebKit/537.36 (KHTML, like Gecko; compatible; GPTBot/1.2; +https://openai.com/gptbot)"
20.171.207.204 - - [09/Sep/2025:07:00:47 +0700] "GET /that-can-witness-a-relationship-certificate/ HTTP/1.0" 200 72213 "-" "Mozilla/5.0 AppleWebKit/537.36 (KHTML, like Gecko; compatible; GPTBot/1.2; +https://openai.com/gptbot)"
45.117.177.72 - - [09/Sep/2025:07:00:54 +0700] "POST /wp-cron.php?doing_wp_cron=1757376054.5082149505615234375000 HTTP/1.0" 200 416 "-" "WordPress/6.8.1; https://vattusacky.vn"
207.46.13.128 - - [09/Sep/2025:07:00:53 +0700] "GET /1-tme-kmutt-467/ HTTP/1.0" 200 248887 "-" "Mozilla/5.0 AppleWebKit/537.36 (KHTML, like Gecko; compatible; bingbot/2.0; +http://www.bing.com/bingbot.htm) Chrome/116.0.1938.76 Safari/537.36"
20.171.207.204 - - [09/Sep/2025:07:00:55 +0700] "GET /?p=2408 HTTP/1.0" 301 488 "-" "Mozilla/5.0 AppleWebKit/537.36 (KHTML, like Gecko; compatible; GPTBot/1.2; +https://openai.com/gptbot)"
20.171.207.204 - - [09/Sep/2025:07:00:56 +0700] "GET /heated-latin-females-dating-protection-tips/ HTTP/1.0" 200 206576 "-" "Mozilla/5.0 AppleWebKit/537.36 (KHTML, like Gecko; compatible; GPTBot/1.2; +https://openai.com/gptbot)"
20.171.207.204 - - [09/Sep/2025:07:01:05 +0700] "GET /identifying-red-flags-in-online-interactions/ HTTP/1.0" 200 90957 "-" "Mozilla/5.0 AppleWebKit/537.36 (KHTML, like Gecko; compatible; GPTBot/1.2; +https://openai.com/gptbot)"
20.171.207.204 - - [09/Sep/2025:07:01:11 +0700] "GET /how-online-interactions-impact-social-skills/ HTTP/1.0" 200 92956 "-" "Mozilla/5.0 AppleWebKit/537.36 (KHTML, like Gecko; compatible; GPTBot/1.2; +https://openai.com/gptbot)"
20.171.207.204 - - [09/Sep/2025:07:01:17 +0700] "GET /omegle-an-introduction-to-anonymous-chatting/ HTTP/1.0" 200 90510 "-" "Mozilla/5.0 AppleWebKit/537.36 (KHTML, like Gecko; compatible; GPTBot/1.2; +https://openai.com/gptbot)"
20.171.207.204 - - [09/Sep/2025:07:01:28 +0700] "GET /overcoming-loneliness-through-omegles-social-experiment/ HTTP/1.0" 200 94252 "-" "Mozilla/5.0 AppleWebKit/537.36 (KHTML, like Gecko; compatible; GPTBot/1.2; +https://openai.com/gptbot)"
20.171.207.204 - - [09/Sep/2025:07:01:35 +0700] "GET /?p=6458 HTTP/1.0" 301 504 "-" "Mozilla/5.0 AppleWebKit/537.36 (KHTML, like Gecko; compatible; GPTBot/1.2; +https://openai.com/gptbot)"
20.171.207.204 - - [09/Sep/2025:07:01:36 +0700] "GET /debugger-for-omegle-tools-for-troubleshooting-common-issues/ HTTP/1.0" 200 93904 "-" "Mozilla/5.0 AppleWebKit/537.36 (KHTML, like Gecko; compatible; GPTBot/1.2; +https://openai.com/gptbot)"
216.244.66.237 - - [09/Sep/2025:07:01:40 +0700] "GET /key-differences-between-chatroulette-and-omegle/ HTTP/1.0" 200 90092 "-" "Mozilla/5.0 (compatible; DotBot/1.2; +https://opensiteexplorer.org/dotbot; help@moz.com)"
20.171.207.204 - - [09/Sep/2025:07:01:44 +0700] "GET /?p=7046 HTTP/1.0" 301 489 "-" "Mozilla/5.0 AppleWebKit/537.36 (KHTML, like Gecko; compatible; GPTBot/1.2; +https://openai.com/gptbot)"
20.171.207.204 - - [09/Sep/2025:07:01:45 +0700] "GET /how-online-interactions-impact-mental-health/ HTTP/1.0" 200 90646 "-" "Mozilla/5.0 AppleWebKit/537.36 (KHTML, like Gecko; compatible; GPTBot/1.2; +https://openai.com/gptbot)"
20.171.207.204 - - [09/Sep/2025:07:01:52 +0700] "GET /?p=7164 HTTP/1.0" 301 490 "-" "Mozilla/5.0 AppleWebKit/537.36 (KHTML, like Gecko; compatible; GPTBot/1.2; +https://openai.com/gptbot)"
20.171.207.204 - - [09/Sep/2025:07:01:53 +0700] "GET /learning-about-different-lifestyles-on-omegle/ HTTP/1.0" 200 89728 "-" "Mozilla/5.0 AppleWebKit/537.36 (KHTML, like Gecko; compatible; GPTBot/1.2; +https://openai.com/gptbot)"
162.128.163.243 - - [09/Sep/2025:07:01:56 +0700] "GET /the-implications-of-anonymity-and-authenticity-for-online-relationships-on-omegle/ HTTP/1.0" 200 93671 "https://vattusacky.vn/the-implications-of-anonymity-and-authenticity-for-online-relationships-on-omegle/" "Mozilla/5.0 (Macintosh; Intel Mac OS X 10_15_7) AppleWebKit/537.36 (KHTML, like Gecko) Chrome/120.0.0.0 Safari/537.36"
20.171.207.204 - - [09/Sep/2025:07:02:00 +0700] "GET /the-rising-popularity-of-online-professional/ HTTP/1.0" 200 239531 "-" "Mozilla/5.0 AppleWebKit/537.36 (KHTML, like Gecko; compatible; GPTBot/1.2; +https://openai.com/gptbot)"
20.171.207.204 - - [09/Sep/2025:07:02:06 +0700] "GET /?p=7120 HTTP/1.0" 301 489 "-" "Mozilla/5.0 AppleWebKit/537.36 (KHTML, like Gecko; compatible; GPTBot/1.2; +https://openai.com/gptbot)"
20.171.207.204 - - [09/Sep/2025:07:02:07 +0700] "GET /instant-response-ometvs-text-chat-efficiency/ HTTP/1.0" 200 90732 "-" "Mozilla/5.0 AppleWebKit/537.36 (KHTML, like Gecko; compatible; GPTBot/1.2; +https://openai.com/gptbot)"
20.171.207.204 - - [09/Sep/2025:07:02:14 +0700] "GET /kriterien-die-jene-uber-ukrainische-frauen-fur-ehe-wissensstand-sollten/ HTTP/1.0" 200 209638 "-" "Mozilla/5.0 AppleWebKit/537.36 (KHTML, like Gecko; compatible; GPTBot/1.2; +https://openai.com/gptbot)"
45.117.177.72 - - [09/Sep/2025:07:02:22 +0700] "POST /wp-cron.php?doing_wp_cron=1757376141.9938690662384033203125 HTTP/1.0" 200 416 "-" "WordPress/6.8.1; https://vattusacky.vn"
20.171.207.204 - - [09/Sep/2025:07:02:20 +0700] "GET /omegle-alternatives-discovering-similar-chat-platforms/ HTTP/1.0" 200 88761 "-" "Mozilla/5.0 AppleWebKit/537.36 (KHTML, like Gecko; compatible; GPTBot/1.2; +https://openai.com/gptbot)"
20.171.207.204 - - [09/Sep/2025:07:02:27 +0700] "GET /?p=7307 HTTP/1.0" 301 489 "-" "Mozilla/5.0 AppleWebKit/537.36 (KHTML, like Gecko; compatible; GPTBot/1.2; +https://openai.com/gptbot)"
20.171.207.204 - - [09/Sep/2025:07:02:29 +0700] "GET /omegle-an-introduction-to-anonymous-chatting/ HTTP/1.0" 200 90510 "-" "Mozilla/5.0 AppleWebKit/537.36 (KHTML, like Gecko; compatible; GPTBot/1.2; +https://openai.com/gptbot)"
20.171.207.204 - - [09/Sep/2025:07:02:34 +0700] "GET /loantiennhanh-nop-don-vay-findo-loantiennhanh-chinh-xac-la-gi/ HTTP/1.0" 200 211001 "-" "Mozilla/5.0 AppleWebKit/537.36 (KHTML, like Gecko; compatible; GPTBot/1.2; +https://openai.com/gptbot)"
20.171.207.204 - - [09/Sep/2025:07:02:39 +0700] "GET /omegle-and-ometv-for-lgbtq-communities/ HTTP/1.0" 200 89176 "-" "Mozilla/5.0 AppleWebKit/537.36 (KHTML, like Gecko; compatible; GPTBot/1.2; +https://openai.com/gptbot)"
20.171.207.204 - - [09/Sep/2025:07:02:44 +0700] "GET /?p=7298 HTTP/1.0" 301 499 "-" "Mozilla/5.0 AppleWebKit/537.36 (KHTML, like Gecko; compatible; GPTBot/1.2; +https://openai.com/gptbot)"
20.171.207.204 - - [09/Sep/2025:07:02:46 +0700] "GET /omegle-alternatives-discovering-similar-chat-platforms/ HTTP/1.0" 200 88761 "-" "Mozilla/5.0 AppleWebKit/537.36 (KHTML, like Gecko; compatible; GPTBot/1.2; +https://openai.com/gptbot)"
20.171.207.204 - - [09/Sep/2025:07:02:51 +0700] "GET /?p=7048 HTTP/1.0" 301 489 "-" "Mozilla/5.0 AppleWebKit/537.36 (KHTML, like Gecko; compatible; GPTBot/1.2; +https://openai.com/gptbot)"
20.171.207.204 - - [09/Sep/2025:07:02:53 +0700] "GET /how-online-interactions-impact-social-skills/ HTTP/1.0" 200 92956 "-" "Mozilla/5.0 AppleWebKit/537.36 (KHTML, like Gecko; compatible; GPTBot/1.2; +https://openai.com/gptbot)"
20.171.207.204 - - [09/Sep/2025:07:02:59 +0700] "GET /omegle-and-ometv-for-cultural-exchange/ HTTP/1.0" 200 90259 "-" "Mozilla/5.0 AppleWebKit/537.36 (KHTML, like Gecko; compatible; GPTBot/1.2; +https://openai.com/gptbot)"
20.171.207.204 - - [09/Sep/2025:07:03:06 +0700] "GET /?p=7424 HTTP/1.0" 301 483 "-" "Mozilla/5.0 AppleWebKit/537.36 (KHTML, like Gecko; compatible; GPTBot/1.2; +https://openai.com/gptbot)"
20.171.207.204 - - [09/Sep/2025:07:03:08 +0700] "GET /omegle-and-ometv-for-lgbtq-communities/ HTTP/1.0" 200 89176 "-" "Mozilla/5.0 AppleWebKit/537.36 (KHTML, like Gecko; compatible; GPTBot/1.2; +https://openai.com/gptbot)"
20.171.207.204 - - [09/Sep/2025:07:03:14 +0700] "GET /?p=2686 HTTP/1.0" 301 506 "-" "Mozilla/5.0 AppleWebKit/537.36 (KHTML, like Gecko; compatible; GPTBot/1.2; +https://openai.com/gptbot)"
45.117.177.72 - - [09/Sep/2025:07:03:17 +0700] "POST /wp-cron.php?doing_wp_cron=1757376197.0517880916595458984375 HTTP/1.0" 200 416 "-" "WordPress/6.8.1; https://vattusacky.vn"
20.171.207.204 - - [09/Sep/2025:07:03:15 +0700] "GET /loantiennhanh-nop-don-vay-findo-loantiennhanh-chinh-xac-la-gi/ HTTP/1.0" 200 211001 "-" "Mozilla/5.0 AppleWebKit/537.36 (KHTML, like Gecko; compatible; GPTBot/1.2; +https://openai.com/gptbot)"
20.171.207.204 - - [09/Sep/2025:07:03:24 +0700] "GET /?p=8034 HTTP/1.0" 301 500 "-" "Mozilla/5.0 AppleWebKit/537.36 (KHTML, like Gecko; compatible; GPTBot/1.2; +https://openai.com/gptbot)"
20.171.207.204 - - [09/Sep/2025:07:03:26 +0700] "GET /overcoming-loneliness-through-omegles-social-experiment/ HTTP/1.0" 200 94252 "-" "Mozilla/5.0 AppleWebKit/537.36 (KHTML, like Gecko; compatible; GPTBot/1.2; +https://openai.com/gptbot)"
20.171.207.204 - - [09/Sep/2025:07:03:34 +0700] "GET /?p=2559 HTTP/1.0" 301 516 "-" "Mozilla/5.0 AppleWebKit/537.36 (KHTML, like Gecko; compatible; GPTBot/1.2; +https://openai.com/gptbot)"
20.171.207.204 - - [09/Sep/2025:07:03:37 +0700] "GET /kriterien-die-jene-uber-ukrainische-frauen-fur-ehe-wissensstand-sollten/ HTTP/1.0" 200 209638 "-" "Mozilla/5.0 AppleWebKit/537.36 (KHTML, like Gecko; compatible; GPTBot/1.2; +https://openai.com/gptbot)"
20.171.207.204 - - [09/Sep/2025:07:03:43 +0700] "GET /?p=7400 HTTP/1.0" 301 483 "-" "Mozilla/5.0 AppleWebKit/537.36 (KHTML, like Gecko; compatible; GPTBot/1.2; +https://openai.com/gptbot)"
20.171.207.204 - - [09/Sep/2025:07:03:45 +0700] "GET /omegle-and-ometv-for-cultural-exchange/ HTTP/1.0" 200 90259 "-" "Mozilla/5.0 AppleWebKit/537.36 (KHTML, like Gecko; compatible; GPTBot/1.2; +https://openai.com/gptbot)"
20.171.207.204 - - [09/Sep/2025:07:03:52 +0700] "GET /?p=7102 HTTP/1.0" 301 489 "-" "Mozilla/5.0 AppleWebKit/537.36 (KHTML, like Gecko; compatible; GPTBot/1.2; +https://openai.com/gptbot)"
20.171.207.204 - - [09/Sep/2025:07:03:54 +0700] "GET /identifying-red-flags-in-online-interactions/ HTTP/1.0" 200 90957 "-" "Mozilla/5.0 AppleWebKit/537.36 (KHTML, like Gecko; compatible; GPTBot/1.2; +https://openai.com/gptbot)"
20.171.207.204 - - [09/Sep/2025:07:04:01 +0700] "GET /catfishing-and-fake-profiles-on-omegle/ HTTP/1.0" 200 90559 "-" "Mozilla/5.0 AppleWebKit/537.36 (KHTML, like Gecko; compatible; GPTBot/1.2; +https://openai.com/gptbot)"
20.171.207.204 - - [09/Sep/2025:07:04:07 +0700] "GET /ktos-gral-w-kasynie-online-slottica-forum-bukmacherzy-i-rozrywka-onlin/ HTTP/1.0" 200 97056 "-" "Mozilla/5.0 AppleWebKit/537.36 (KHTML, like Gecko; compatible; GPTBot/1.2; +https://openai.com/gptbot)"
20.171.207.204 - - [09/Sep/2025:07:04:12 +0700] "GET /omegle-and-ometv-for-language-practice/ HTTP/1.0" 200 86730 "-" "Mozilla/5.0 AppleWebKit/537.36 (KHTML, like Gecko; compatible; GPTBot/1.2; +https://openai.com/gptbot)"
45.117.177.72 - - [09/Sep/2025:07:04:18 +0700] "POST /wp-cron.php?doing_wp_cron=1757376257.9405350685119628906250 HTTP/1.0" 200 416 "-" "WordPress/6.8.1; https://vattusacky.vn"
20.171.207.204 - - [09/Sep/2025:07:04:16 +0700] "GET /the-spectacle-of-friendship-in-omelove/ HTTP/1.0" 200 79060 "-" "Mozilla/5.0 AppleWebKit/537.36 (KHTML, like Gecko; compatible; GPTBot/1.2; +https://openai.com/gptbot)"
20.171.207.204 - - [09/Sep/2025:07:04:21 +0700] "GET /why-choose-nodejs-for-iot-applications/ HTTP/1.0" 200 89470 "-" "Mozilla/5.0 AppleWebKit/537.36 (KHTML, like Gecko; compatible; GPTBot/1.2; +https://openai.com/gptbot)"
20.171.207.204 - - [09/Sep/2025:07:04:27 +0700] "GET /omegles-impact-on-the-tourism-industry/ HTTP/1.0" 200 89669 "-" "Mozilla/5.0 AppleWebKit/537.36 (KHTML, like Gecko; compatible; GPTBot/1.2; +https://openai.com/gptbot)"
20.171.207.204 - - [09/Sep/2025:07:04:33 +0700] "GET /navigating-diversity-on-omegle-embracing-different-cultures/ HTTP/1.0" 200 91443 "-" "Mozilla/5.0 AppleWebKit/537.36 (KHTML, like Gecko; compatible; GPTBot/1.2; +https://openai.com/gptbot)"
20.171.207.204 - - [09/Sep/2025:07:04:42 +0700] "GET /navigating-through-cultural-differences-on-omegle/ HTTP/1.0" 200 90629 "-" "Mozilla/5.0 AppleWebKit/537.36 (KHTML, like Gecko; compatible; GPTBot/1.2; +https://openai.com/gptbot)"
20.171.207.204 - - [09/Sep/2025:07:04:47 +0700] "GET /starda-casino-igrovye-avtomaty-onlajn-avtomaty-i HTTP/1.0" 301 493 "-" "Mozilla/5.0 AppleWebKit/537.36 (KHTML, like Gecko; compatible; GPTBot/1.2; +https://openai.com/gptbot)"
20.171.207.204 - - [09/Sep/2025:07:04:48 +0700] "GET /starda-casino-igrovye-avtomaty-onlajn-avtomaty-i/ HTTP/1.0" 200 220245 "-" "Mozilla/5.0 AppleWebKit/537.36 (KHTML, like Gecko; compatible; GPTBot/1.2; +https://openai.com/gptbot)"
20.171.207.204 - - [09/Sep/2025:07:04:54 +0700] "GET /?p=7867 HTTP/1.0" 301 483 "-" "Mozilla/5.0 AppleWebKit/537.36 (KHTML, like Gecko; compatible; GPTBot/1.2; +https://openai.com/gptbot)"
20.171.207.204 - - [09/Sep/2025:07:04:57 +0700] "GET /omegles-impact-on-the-tourism-industry/ HTTP/1.0" 200 89669 "-" "Mozilla/5.0 AppleWebKit/537.36 (KHTML, like Gecko; compatible; GPTBot/1.2; +https://openai.com/gptbot)"
20.171.207.204 - - [09/Sep/2025:07:05:05 +0700] "GET /omegles-future-unleashed-embracing-new-possibilities/ HTTP/1.0" 200 90060 "-" "Mozilla/5.0 AppleWebKit/537.36 (KHTML, like Gecko; compatible; GPTBot/1.2; +https://openai.com/gptbot)"
20.171.207.204 - - [09/Sep/2025:07:05:14 +0700] "GET /omegle-tales-anonymous-adventures-unleashed/ HTTP/1.0" 200 90527 "-" "Mozilla/5.0 AppleWebKit/537.36 (KHTML, like Gecko; compatible; GPTBot/1.2; +https://openai.com/gptbot)"
45.117.177.72 - - [09/Sep/2025:07:05:24 +0700] "POST /wp-cron.php?doing_wp_cron=1757376324.8022170066833496093750 HTTP/1.0" 200 416 "-" "WordPress/6.8.1; https://vattusacky.vn"
20.171.207.204 - - [09/Sep/2025:07:05:23 +0700] "GET /kazino-bonusy-zerkalo-kazino-onlajn/ HTTP/1.0" 200 94419 "-" "Mozilla/5.0 AppleWebKit/537.36 (KHTML, like Gecko; compatible; GPTBot/1.2; +https://openai.com/gptbot)"
20.171.207.204 - - [09/Sep/2025:07:05:29 +0700] "GET /internet-dating-report-females-wish-the-younger-men/ HTTP/1.0" 200 206709 "-" "Mozilla/5.0 AppleWebKit/537.36 (KHTML, like Gecko; compatible; GPTBot/1.2; +https://openai.com/gptbot)"
20.171.207.204 - - [09/Sep/2025:07:05:36 +0700] "GET /the-psychology-of-connection-in-the-digital-age-omegles-cosmic-connections/ HTTP/1.0" 200 92247 "-" "Mozilla/5.0 AppleWebKit/537.36 (KHTML, like Gecko; compatible; GPTBot/1.2; +https://openai.com/gptbot)"
20.171.207.204 - - [09/Sep/2025:07:05:43 +0700] "GET /?p=8979 HTTP/1.0" 301 483 "-" "Mozilla/5.0 AppleWebKit/537.36 (KHTML, like Gecko; compatible; GPTBot/1.2; +https://openai.com/gptbot)"
20.171.207.204 - - [09/Sep/2025:07:05:45 +0700] "GET /the-spectacle-of-friendship-in-omelove/ HTTP/1.0" 200 79060 "-" "Mozilla/5.0 AppleWebKit/537.36 (KHTML, like Gecko; compatible; GPTBot/1.2; +https://openai.com/gptbot)"
20.171.207.204 - - [09/Sep/2025:07:05:54 +0700] "GET /?p=7265 HTTP/1.0" 301 494 "-" "Mozilla/5.0 AppleWebKit/537.36 (KHTML, like Gecko; compatible; GPTBot/1.2; +https://openai.com/gptbot)"
20.171.207.204 - - [09/Sep/2025:07:05:56 +0700] "GET /navigating-through-cultural-differences-on-omegle/ HTTP/1.0" 200 90629 "-" "Mozilla/5.0 AppleWebKit/537.36 (KHTML, like Gecko; compatible; GPTBot/1.2; +https://openai.com/gptbot)"
20.171.207.204 - - [09/Sep/2025:07:06:06 +0700] "GET /?p=7421 HTTP/1.0" 301 483 "-" "Mozilla/5.0 AppleWebKit/537.36 (KHTML, like Gecko; compatible; GPTBot/1.2; +https://openai.com/gptbot)"
20.171.207.204 - - [09/Sep/2025:07:06:07 +0700] "GET /omegle-and-ometv-for-language-practice/ HTTP/1.0" 200 86730 "-" "Mozilla/5.0 AppleWebKit/537.36 (KHTML, like Gecko; compatible; GPTBot/1.2; +https://openai.com/gptbot)"
45.117.177.72 - - [09/Sep/2025:07:06:19 +0700] "POST /wp-cron.php?doing_wp_cron=1757376379.1292250156402587890625 HTTP/1.0" 200 416 "-" "WordPress/6.8.1; https://vattusacky.vn"
20.171.207.204 - - [09/Sep/2025:07:06:17 +0700] "GET /?p=10706 HTTP/1.0" 301 515 "-" "Mozilla/5.0 AppleWebKit/537.36 (KHTML, like Gecko; compatible; GPTBot/1.2; +https://openai.com/gptbot)"
20.171.207.204 - - [09/Sep/2025:07:06:19 +0700] "GET /ktos-gral-w-kasynie-online-slottica-forum-bukmacherzy-i-rozrywka-onlin/ HTTP/1.0" 200 97056 "-" "Mozilla/5.0 AppleWebKit/537.36 (KHTML, like Gecko; compatible; GPTBot/1.2; +https://openai.com/gptbot)"
20.171.207.204 - - [09/Sep/2025:07:06:27 +0700] "GET /?p=7234 HTTP/1.0" 301 504 "-" "Mozilla/5.0 AppleWebKit/537.36 (KHTML, like Gecko; compatible; GPTBot/1.2; +https://openai.com/gptbot)"
20.171.207.204 - - [09/Sep/2025:07:06:28 +0700] "GET /navigating-diversity-on-omegle-embracing-different-cultures/ HTTP/1.0" 200 91443 "-" "Mozilla/5.0 AppleWebKit/537.36 (KHTML, like Gecko; compatible; GPTBot/1.2; +https://openai.com/gptbot)"
20.171.207.204 - - [09/Sep/2025:07:06:35 +0700] "GET /growing-beyond-expectations-omegles-vision-for-the-future/ HTTP/1.0" 200 92012 "-" "Mozilla/5.0 AppleWebKit/537.36 (KHTML, like Gecko; compatible; GPTBot/1.2; +https://openai.com/gptbot)"
20.171.207.204 - - [09/Sep/2025:07:06:41 +0700] "GET /?p=7818 HTTP/1.0" 301 497 "-" "Mozilla/5.0 AppleWebKit/537.36 (KHTML, like Gecko; compatible; GPTBot/1.2; +https://openai.com/gptbot)"
20.171.207.204 - - [09/Sep/2025:07:06:43 +0700] "GET /omegles-future-unleashed-embracing-new-possibilities/ HTTP/1.0" 200 90060 "-" "Mozilla/5.0 AppleWebKit/537.36 (KHTML, like Gecko; compatible; GPTBot/1.2; +https://openai.com/gptbot)"
20.171.207.204 - - [09/Sep/2025:07:06:51 +0700] "GET /?p=7708 HTTP/1.0" 301 488 "-" "Mozilla/5.0 AppleWebKit/537.36 (KHTML, like Gecko; compatible; GPTBot/1.2; +https://openai.com/gptbot)"
20.171.207.204 - - [09/Sep/2025:07:06:53 +0700] "GET /omegle-tales-anonymous-adventures-unleashed/ HTTP/1.0" 200 90527 "-" "Mozilla/5.0 AppleWebKit/537.36 (KHTML, like Gecko; compatible; GPTBot/1.2; +https://openai.com/gptbot)"
20.171.207.204 - - [09/Sep/2025:07:07:00 +0700] "GET /the-psychology-behind-random-video-chats-on-chatroulette-and-omegle/ HTTP/1.0" 200 92023 "-" "Mozilla/5.0 AppleWebKit/537.36 (KHTML, like Gecko; compatible; GPTBot/1.2; +https://openai.com/gptbot)"
20.171.207.204 - - [09/Sep/2025:07:07:11 +0700] "GET /?p=8760 HTTP/1.0" 301 519 "-" "Mozilla/5.0 AppleWebKit/537.36 (KHTML, like Gecko; compatible; GPTBot/1.2; +https://openai.com/gptbot)"
20.171.207.204 - - [09/Sep/2025:07:07:12 +0700] "GET /the-psychology-of-connection-in-the-digital-age-omegles-cosmic-connections/ HTTP/1.0" 200 92247 "-" "Mozilla/5.0 AppleWebKit/537.36 (KHTML, like Gecko; compatible; GPTBot/1.2; +https://openai.com/gptbot)"
45.117.177.72 - - [09/Sep/2025:07:07:21 +0700] "POST /wp-cron.php?doing_wp_cron=1757376441.0217509269714355468750 HTTP/1.0" 200 416 "-" "WordPress/6.8.1; https://vattusacky.vn"
20.171.207.204 - - [09/Sep/2025:07:07:19 +0700] "GET /overcoming-stereotypes-in-online-interactions/ HTTP/1.0" 200 89731 "-" "Mozilla/5.0 AppleWebKit/537.36 (KHTML, like Gecko; compatible; GPTBot/1.2; +https://openai.com/gptbot)"
20.171.207.204 - - [09/Sep/2025:07:07:26 +0700] "GET /menelusuri-keunggulan-betcoinasia-dalam-menawarkan-kemenangan-yang-memikat/ HTTP/1.0" 200 67709 "-" "Mozilla/5.0 AppleWebKit/537.36 (KHTML, like Gecko; compatible; GPTBot/1.2; +https://openai.com/gptbot)"
20.171.207.204 - - [09/Sep/2025:07:07:33 +0700] "GET /enterprise-accounting-software-erp-solutions/ HTTP/1.0" 200 322567 "-" "Mozilla/5.0 AppleWebKit/537.36 (KHTML, like Gecko; compatible; GPTBot/1.2; +https://openai.com/gptbot)"
20.171.207.204 - - [09/Sep/2025:07:07:41 +0700] "GET /?p=6980 HTTP/1.0" 301 502 "-" "Mozilla/5.0 AppleWebKit/537.36 (KHTML, like Gecko; compatible; GPTBot/1.2; +https://openai.com/gptbot)"
20.171.207.204 - - [09/Sep/2025:07:07:43 +0700] "GET /growing-beyond-expectations-omegles-vision-for-the-future/ HTTP/1.0" 200 92012 "-" "Mozilla/5.0 AppleWebKit/537.36 (KHTML, like Gecko; compatible; GPTBot/1.2; +https://openai.com/gptbot)"
20.171.207.204 - - [09/Sep/2025:07:07:49 +0700] "GET /omegle-and-global-citizenship-fostering-understanding-and-empathy/ HTTP/1.0" 200 90675 "-" "Mozilla/5.0 AppleWebKit/537.36 (KHTML, like Gecko; compatible; GPTBot/1.2; +https://openai.com/gptbot)"
20.171.207.204 - - [09/Sep/2025:07:08:10 +0700] "GET /?p=3398 HTTP/1.0" 301 496 "-" "Mozilla/5.0 AppleWebKit/537.36 (KHTML, like Gecko; compatible; GPTBot/1.2; +https://openai.com/gptbot)"
20.171.207.204 - - [09/Sep/2025:07:08:12 +0700] "GET /internet-dating-report-females-wish-the-younger-men/ HTTP/1.0" 200 206709 "-" "Mozilla/5.0 AppleWebKit/537.36 (KHTML, like Gecko; compatible; GPTBot/1.2; +https://openai.com/gptbot)"
45.117.177.72 - - [09/Sep/2025:07:08:20 +0700] "POST /wp-cron.php?doing_wp_cron=1757376500.6342270374298095703125 HTTP/1.0" 200 416 "-" "WordPress/6.8.1; https://vattusacky.vn"
20.171.207.204 - - [09/Sep/2025:07:08:19 +0700] "GET /omegle-roleplay-exploring-creative-and-imaginative-conversations/ HTTP/1.0" 200 91427 "-" "Mozilla/5.0 AppleWebKit/537.36 (KHTML, like Gecko; compatible; GPTBot/1.2; +https://openai.com/gptbot)"
20.171.207.204 - - [09/Sep/2025:07:08:25 +0700] "GET /tienda-de-deportes-en-linea-welivesports HTTP/1.0" 301 485 "-" "Mozilla/5.0 AppleWebKit/537.36 (KHTML, like Gecko; compatible; GPTBot/1.2; +https://openai.com/gptbot)"
20.171.207.204 - - [09/Sep/2025:07:08:27 +0700] "GET /tienda-de-deportes-en-linea-welivesports/ HTTP/1.0" 200 89714 "-" "Mozilla/5.0 AppleWebKit/537.36 (KHTML, like Gecko; compatible; GPTBot/1.2; +https://openai.com/gptbot)"
20.171.207.204 - - [09/Sep/2025:07:08:36 +0700] "GET /avg-vpn-netflix-review/ HTTP/1.0" 200 71450 "-" "Mozilla/5.0 AppleWebKit/537.36 (KHTML, like Gecko; compatible; GPTBot/1.2; +https://openai.com/gptbot)"
45.117.177.72 - - [09/Sep/2025:07:08:44 +0700] "POST /wp-cron.php?doing_wp_cron=1757376523.9979200363159179687500 HTTP/1.0" 200 416 "-" "WordPress/6.8.1; https://vattusacky.vn"
20.171.207.204 - - [09/Sep/2025:07:08:42 +0700] "GET /?p=8749 HTTP/1.0" 301 512 "-" "Mozilla/5.0 AppleWebKit/537.36 (KHTML, like Gecko; compatible; GPTBot/1.2; +https://openai.com/gptbot)"
20.171.207.204 - - [09/Sep/2025:07:08:44 +0700] "GET /the-psychology-behind-random-video-chats-on-chatroulette-and-omegle/ HTTP/1.0" 200 92023 "-" "Mozilla/5.0 AppleWebKit/537.36 (KHTML, like Gecko; compatible; GPTBot/1.2; +https://openai.com/gptbot)"
45.117.177.72 - - [09/Sep/2025:07:09:07 +0700] "POST /wp-cron.php?doing_wp_cron=1757376546.7634279727935791015625 HTTP/1.0" 200 416 "-" "WordPress/6.8.1; https://vattusacky.vn"
20.171.207.204 - - [09/Sep/2025:07:09:05 +0700] "GET /omegle-geography-chat-exploring-different-cultures-and-countries/ HTTP/1.0" 200 89929 "-" "Mozilla/5.0 AppleWebKit/537.36 (KHTML, like Gecko; compatible; GPTBot/1.2; +https://openai.com/gptbot)"
20.171.207.204 - - [09/Sep/2025:07:09:11 +0700] "GET /tang-xep-hang-tin-dung-cua-ban-tu-vdong-chuong-trinh-phan-mem-cai-thien-findo/ HTTP/1.0" 200 210091 "-" "Mozilla/5.0 AppleWebKit/537.36 (KHTML, like Gecko; compatible; GPTBot/1.2; +https://openai.com/gptbot)"
45.117.177.72 - - [09/Sep/2025:07:09:20 +0700] "POST /wp-cron.php?doing_wp_cron=1757376560.4644060134887695312500 HTTP/1.0" 200 416 "-" "WordPress/6.8.1; https://vattusacky.vn"
20.171.207.204 - - [09/Sep/2025:07:09:18 +0700] "GET /?p=11077 HTTP/1.0" 301 519 "-" "Mozilla/5.0 AppleWebKit/537.36 (KHTML, like Gecko; compatible; GPTBot/1.2; +https://openai.com/gptbot)"
20.171.207.204 - - [09/Sep/2025:07:09:20 +0700] "GET /menelusuri-keunggulan-betcoinasia-dalam-menawarkan-kemenangan-yang-memikat/ HTTP/1.0" 200 67709 "-" "Mozilla/5.0 AppleWebKit/537.36 (KHTML, like Gecko; compatible; GPTBot/1.2; +https://openai.com/gptbot)"
20.171.207.204 - - [09/Sep/2025:07:09:26 +0700] "GET /?p=7342 HTTP/1.0" 301 510 "-" "Mozilla/5.0 AppleWebKit/537.36 (KHTML, like Gecko; compatible; GPTBot/1.2; +https://openai.com/gptbot)"
20.171.207.204 - - [09/Sep/2025:07:09:28 +0700] "GET /omegle-and-global-citizenship-fostering-understanding-and-empathy/ HTTP/1.0" 200 90675 "-" "Mozilla/5.0 AppleWebKit/537.36 (KHTML, like Gecko; compatible; GPTBot/1.2; +https://openai.com/gptbot)"
20.171.207.204 - - [09/Sep/2025:07:09:35 +0700] "GET /?p=5119 HTTP/1.0" 301 467 "-" "Mozilla/5.0 AppleWebKit/537.36 (KHTML, like Gecko; compatible; GPTBot/1.2; +https://openai.com/gptbot)"
20.171.207.204 - - [09/Sep/2025:07:09:36 +0700] "GET /avg-vpn-netflix-review/ HTTP/1.0" 200 71450 "-" "Mozilla/5.0 AppleWebKit/537.36 (KHTML, like Gecko; compatible; GPTBot/1.2; +https://openai.com/gptbot)"
20.171.207.204 - - [09/Sep/2025:07:09:42 +0700] "GET /ggbet-casino-erfahrungsbericht-das-spielangebot/ HTTP/1.0" 200 97799 "-" "Mozilla/5.0 AppleWebKit/537.36 (KHTML, like Gecko; compatible; GPTBot/1.2; +https://openai.com/gptbot)"
20.171.207.204 - - [09/Sep/2025:07:09:50 +0700] "GET /?p=7668 HTTP/1.0" 301 509 "-" "Mozilla/5.0 AppleWebKit/537.36 (KHTML, like Gecko; compatible; GPTBot/1.2; +https://openai.com/gptbot)"
20.171.207.204 - - [09/Sep/2025:07:09:51 +0700] "GET /omegle-geography-chat-exploring-different-cultures-and-countries/ HTTP/1.0" 200 89929 "-" "Mozilla/5.0 AppleWebKit/537.36 (KHTML, like Gecko; compatible; GPTBot/1.2; +https://openai.com/gptbot)"
185.191.171.11 - - [09/Sep/2025:07:09:57 +0700] "GET /free-advice-on-profitable-escort/ HTTP/1.0" 200 230108 "-" "Mozilla/5.0 (compatible; SemrushBot/7~bl; +http://www.semrush.com/bot.html)"
20.171.207.204 - - [09/Sep/2025:07:09:57 +0700] "GET /overcoming-loneliness-through-online-friendships/ HTTP/1.0" 200 90350 "-" "Mozilla/5.0 AppleWebKit/537.36 (KHTML, like Gecko; compatible; GPTBot/1.2; +https://openai.com/gptbot)"
20.171.207.204 - - [09/Sep/2025:07:10:02 +0700] "GET /?p=8057 HTTP/1.0" 301 490 "-" "Mozilla/5.0 AppleWebKit/537.36 (KHTML, like Gecko; compatible; GPTBot/1.2; +https://openai.com/gptbot)"
20.171.207.204 - - [09/Sep/2025:07:10:04 +0700] "GET /overcoming-stereotypes-in-online-interactions/ HTTP/1.0" 200 89731 "-" "Mozilla/5.0 AppleWebKit/537.36 (KHTML, like Gecko; compatible; GPTBot/1.2; +https://openai.com/gptbot)"
20.171.207.204 - - [09/Sep/2025:07:10:09 +0700] "GET /?p=7693 HTTP/1.0" 301 509 "-" "Mozilla/5.0 AppleWebKit/537.36 (KHTML, like Gecko; compatible; GPTBot/1.2; +https://openai.com/gptbot)"
20.171.207.204 - - [09/Sep/2025:07:10:11 +0700] "GET /omegle-roleplay-exploring-creative-and-imaginative-conversations/ HTTP/1.0" 200 91427 "-" "Mozilla/5.0 AppleWebKit/537.36 (KHTML, like Gecko; compatible; GPTBot/1.2; +https://openai.com/gptbot)"
45.117.177.72 - - [09/Sep/2025:07:10:18 +0700] "POST /wp-cron.php?doing_wp_cron=1757376618.6577649116516113281250 HTTP/1.0" 200 416 "-" "WordPress/6.8.1; https://vattusacky.vn"
20.171.207.204 - - [09/Sep/2025:07:10:17 +0700] "GET /?p=3291 HTTP/1.0" 301 489 "-" "Mozilla/5.0 AppleWebKit/537.36 (KHTML, like Gecko; compatible; GPTBot/1.2; +https://openai.com/gptbot)"
20.171.207.204 - - [09/Sep/2025:07:10:18 +0700] "GET /enterprise-accounting-software-erp-solutions/ HTTP/1.0" 200 322538 "-" "Mozilla/5.0 AppleWebKit/537.36 (KHTML, like Gecko; compatible; GPTBot/1.2; +https://openai.com/gptbot)"
20.171.207.204 - - [09/Sep/2025:07:10:25 +0700] "GET /impair-computing-difficulties-for-it-departments HTTP/1.0" 301 493 "-" "Mozilla/5.0 AppleWebKit/537.36 (KHTML, like Gecko; compatible; GPTBot/1.2; +https://openai.com/gptbot)"
20.171.207.204 - - [09/Sep/2025:07:10:26 +0700] "GET /impair-computing-difficulties-for-it-departments/ HTTP/1.0" 200 205896 "-" "Mozilla/5.0 AppleWebKit/537.36 (KHTML, like Gecko; compatible; GPTBot/1.2; +https://openai.com/gptbot)"
20.171.207.204 - - [09/Sep/2025:07:10:33 +0700] "GET /navigating-non-prescription-medication-purchases/ HTTP/1.0" 200 77143 "-" "Mozilla/5.0 AppleWebKit/537.36 (KHTML, like Gecko; compatible; GPTBot/1.2; +https://openai.com/gptbot)"
20.171.207.204 - - [09/Sep/2025:07:10:40 +0700] "GET /omegle-strangers-cultivating-online-friendships/ HTTP/1.0" 200 89734 "-" "Mozilla/5.0 AppleWebKit/537.36 (KHTML, like Gecko; compatible; GPTBot/1.2; +https://openai.com/gptbot)"
20.171.207.204 - - [09/Sep/2025:07:10:45 +0700] "GET /seeking-the-unexpected-discovering-omegles-serendipity/ HTTP/1.0" 200 93362 "-" "Mozilla/5.0 AppleWebKit/537.36 (KHTML, like Gecko; compatible; GPTBot/1.2; +https://openai.com/gptbot)"
20.171.207.204 - - [09/Sep/2025:07:10:53 +0700] "GET /overcoming-communication-challenges-on-omegle-strategies-for-clear-and-effective-conversations/ HTTP/1.0" 200 94859 "-" "Mozilla/5.0 AppleWebKit/537.36 (KHTML, like Gecko; compatible; GPTBot/1.2; +https://openai.com/gptbot)"
13.89.203.200 - - [09/Sep/2025:07:10:56 +0700] "GET /cong.php HTTP/1.0" 403 569 "-" "-"
13.89.203.200 - - [09/Sep/2025:07:10:57 +0700] "GET /file.php HTTP/1.0" 403 569 "-" "-"
13.89.203.200 - - [09/Sep/2025:07:10:57 +0700] "GET /file2.php HTTP/1.0" 403 570 "-" "-"
13.89.203.200 - - [09/Sep/2025:07:10:58 +0700] "GET /ioxi-o.php HTTP/1.0" 403 571 "-" "-"
13.89.203.200 - - [09/Sep/2025:07:10:58 +0700] "GET /wp.php HTTP/1.0" 403 567 "-" "-"
13.89.203.200 - - [09/Sep/2025:07:10:58 +0700] "GET /wsa.php HTTP/1.0" 403 568 "-" "-"
13.89.203.200 - - [09/Sep/2025:07:10:59 +0700] "GET /w.php HTTP/1.0" 403 566 "-" "-"
13.89.203.200 - - [09/Sep/2025:07:10:59 +0700] "GET /wp-admin/ HTTP/1.0" 302 719 "-" "-"
13.89.203.200 - - [09/Sep/2025:07:11:01 +0700] "GET /wp-login.php?redirect_to=https%3A%2F%2Fvattusacky.vn%2Fwp-admin%2F&reauth=1 HTTP/1.0" 200 13395 "-" "-"
