20.171.207.204 - - [09/Sep/2025:07:55:40 +0700] "GET /bridging-cultural-gaps-through-random-chats-omegle-and-ometv-as-cultural-exchange-platforms/ HTTP/1.0" 200 93301 "-" "Mozilla/5.0 AppleWebKit/537.36 (KHTML, like Gecko; compatible; GPTBot/1.2; +https://openai.com/gptbot)"
20.171.207.204 - - [09/Sep/2025:07:55:47 +0700] "GET /?p=8861 HTTP/1.0" 301 494 "-" "Mozilla/5.0 AppleWebKit/537.36 (KHTML, like Gecko; compatible; GPTBot/1.2; +https://openai.com/gptbot)"
20.171.207.204 - - [09/Sep/2025:07:55:48 +0700] "GET /the-role-of-feedback-in-omegles-social-experiment/ HTTP/1.0" 200 90797 "-" "Mozilla/5.0 AppleWebKit/537.36 (KHTML, like Gecko; compatible; GPTBot/1.2; +https://openai.com/gptbot)"
20.171.207.204 - - [09/Sep/2025:07:55:55 +0700] "GET /drip-top-kazino-dostupnye-frispiny-rabochee/ HTTP/1.0" 200 91933 "-" "Mozilla/5.0 AppleWebKit/537.36 (KHTML, like Gecko; compatible; GPTBot/1.2; +https://openai.com/gptbot)"
20.171.207.204 - - [09/Sep/2025:07:56:01 +0700] "GET /?p=2509 HTTP/1.0" 301 477 "-" "Mozilla/5.0 AppleWebKit/537.36 (KHTML, like Gecko; compatible; GPTBot/1.2; +https://openai.com/gptbot)"
20.171.207.204 - - [09/Sep/2025:07:56:03 +0700] "GET /methods-to-talk-to-ladies-online/ HTTP/1.0" 200 207829 "-" "Mozilla/5.0 AppleWebKit/537.36 (KHTML, like Gecko; compatible; GPTBot/1.2; +https://openai.com/gptbot)"
20.171.207.204 - - [09/Sep/2025:07:56:09 +0700] "GET /troubleshoot-and-fix-device-driver-problems-for HTTP/1.0" 301 638 "-" "Mozilla/5.0 AppleWebKit/537.36 (KHTML, like Gecko; compatible; GPTBot/1.2; +https://openai.com/gptbot)"
20.171.207.204 - - [09/Sep/2025:07:56:10 +0700] "GET /troubleshoot-and-fix-device-driver-problems-for/ HTTP/1.0" 200 224909 "-" "Mozilla/5.0 AppleWebKit/537.36 (KHTML, like Gecko; compatible; GPTBot/1.2; +https://openai.com/gptbot)"
45.117.177.72 - - [09/Sep/2025:07:56:18 +0700] "POST /wp-cron.php?doing_wp_cron=1757379378.5360229015350341796875 HTTP/1.0" 200 416 "-" "WordPress/6.8.1; https://vattusacky.vn"
20.171.207.204 - - [09/Sep/2025:07:56:17 +0700] "GET /ridiculous-omegle-mistakes-and-funny-pranks/ HTTP/1.0" 200 87646 "-" "Mozilla/5.0 AppleWebKit/537.36 (KHTML, like Gecko; compatible; GPTBot/1.2; +https://openai.com/gptbot)"
20.171.207.204 - - [09/Sep/2025:07:56:23 +0700] "GET /?p=7489 HTTP/1.0" 301 491 "-" "Mozilla/5.0 AppleWebKit/537.36 (KHTML, like Gecko; compatible; GPTBot/1.2; +https://openai.com/gptbot)"
20.171.207.204 - - [09/Sep/2025:07:56:25 +0700] "GET /omegle-and-privacy-understanding-data-security/ HTTP/1.0" 200 89637 "-" "Mozilla/5.0 AppleWebKit/537.36 (KHTML, like Gecko; compatible; GPTBot/1.2; +https://openai.com/gptbot)"
20.171.207.204 - - [09/Sep/2025:07:56:32 +0700] "GET /?p=8746 HTTP/1.0" 301 490 "-" "Mozilla/5.0 AppleWebKit/537.36 (KHTML, like Gecko; compatible; GPTBot/1.2; +https://openai.com/gptbot)"
20.171.207.204 - - [09/Sep/2025:07:56:34 +0700] "GET /the-psychology-behind-omegles-random-pairings/ HTTP/1.0" 200 92320 "-" "Mozilla/5.0 AppleWebKit/537.36 (KHTML, like Gecko; compatible; GPTBot/1.2; +https://openai.com/gptbot)"
20.171.207.204 - - [09/Sep/2025:07:56:40 +0700] "GET /?p=9104 HTTP/1.0" 301 489 "-" "Mozilla/5.0 AppleWebKit/537.36 (KHTML, like Gecko; compatible; GPTBot/1.2; +https://openai.com/gptbot)"
20.171.207.204 - - [09/Sep/2025:07:56:41 +0700] "GET /unforgettable-omegle-fails-and-chat-bloopers/ HTTP/1.0" 200 89111 "-" "Mozilla/5.0 AppleWebKit/537.36 (KHTML, like Gecko; compatible; GPTBot/1.2; +https://openai.com/gptbot)"
20.171.207.204 - - [09/Sep/2025:07:56:47 +0700] "GET /can-you-use-ometv-anonymously/ HTTP/1.0" 200 80621 "-" "Mozilla/5.0 AppleWebKit/537.36 (KHTML, like Gecko; compatible; GPTBot/1.2; +https://openai.com/gptbot)"
20.171.207.204 - - [09/Sep/2025:07:56:53 +0700] "GET /how-to-use-omegle-effectively/ HTTP/1.0" 200 90099 "-" "Mozilla/5.0 AppleWebKit/537.36 (KHTML, like Gecko; compatible; GPTBot/1.2; +https://openai.com/gptbot)"
20.171.207.204 - - [09/Sep/2025:07:57:01 +0700] "GET /omegle-vs-ometv-a-comparison/ HTTP/1.0" 200 90222 "-" "Mozilla/5.0 AppleWebKit/537.36 (KHTML, like Gecko; compatible; GPTBot/1.2; +https://openai.com/gptbot)"
20.171.207.204 - - [09/Sep/2025:07:57:07 +0700] "GET /dealing-with-trolls-on-omegle/ HTTP/1.0" 200 89707 "-" "Mozilla/5.0 AppleWebKit/537.36 (KHTML, like Gecko; compatible; GPTBot/1.2; +https://openai.com/gptbot)"
20.171.207.204 - - [09/Sep/2025:07:57:14 +0700] "GET /loneliness-in-the-digital-age/ HTTP/1.0" 200 90421 "-" "Mozilla/5.0 AppleWebKit/537.36 (KHTML, like Gecko; compatible; GPTBot/1.2; +https://openai.com/gptbot)"
45.117.177.72 - - [09/Sep/2025:07:57:23 +0700] "POST /wp-cron.php?doing_wp_cron=1757379443.3136789798736572265625 HTTP/1.0" 200 416 "-" "WordPress/6.8.1; https://vattusacky.vn"
20.171.207.204 - - [09/Sep/2025:07:57:22 +0700] "GET /online-you-can-make-real-money HTTP/1.0" 301 429 "-" "Mozilla/5.0 AppleWebKit/537.36 (KHTML, like Gecko; compatible; GPTBot/1.2; +https://openai.com/gptbot)"
20.171.207.204 - - [09/Sep/2025:07:57:23 +0700] "GET /online-you-can-make-real-money/ HTTP/1.0" 200 207147 "-" "Mozilla/5.0 AppleWebKit/537.36 (KHTML, like Gecko; compatible; GPTBot/1.2; +https://openai.com/gptbot)"
20.171.207.204 - - [09/Sep/2025:07:57:30 +0700] "GET /?p=7740 HTTP/1.0" 301 473 "-" "Mozilla/5.0 AppleWebKit/537.36 (KHTML, like Gecko; compatible; GPTBot/1.2; +https://openai.com/gptbot)"
20.171.207.204 - - [09/Sep/2025:07:57:31 +0700] "GET /omegle-vs-ometv-a-comparison/ HTTP/1.0" 200 90222 "-" "Mozilla/5.0 AppleWebKit/537.36 (KHTML, like Gecko; compatible; GPTBot/1.2; +https://openai.com/gptbot)"
20.171.207.204 - - [09/Sep/2025:07:57:41 +0700] "GET /?p=3674 HTTP/1.0" 301 429 "-" "Mozilla/5.0 AppleWebKit/537.36 (KHTML, like Gecko; compatible; GPTBot/1.2; +https://openai.com/gptbot)"
20.171.207.204 - - [09/Sep/2025:07:57:42 +0700] "GET /online-you-can-make-real-money/ HTTP/1.0" 200 207147 "-" "Mozilla/5.0 AppleWebKit/537.36 (KHTML, like Gecko; compatible; GPTBot/1.2; +https://openai.com/gptbot)"
20.171.207.204 - - [09/Sep/2025:07:57:48 +0700] "GET /data-security-and-storage-on-ometv/ HTTP/1.0" 200 89707 "-" "Mozilla/5.0 AppleWebKit/537.36 (KHTML, like Gecko; compatible; GPTBot/1.2; +https://openai.com/gptbot)"
20.171.207.204 - - [09/Sep/2025:07:57:53 +0700] "GET /?p=8148 HTTP/1.0" 301 488 "-" "Mozilla/5.0 AppleWebKit/537.36 (KHTML, like Gecko; compatible; GPTBot/1.2; +https://openai.com/gptbot)"
20.171.207.204 - - [09/Sep/2025:07:57:54 +0700] "GET /ridiculous-omegle-mistakes-and-funny-pranks/ HTTP/1.0" 200 87646 "-" "Mozilla/5.0 AppleWebKit/537.36 (KHTML, like Gecko; compatible; GPTBot/1.2; +https://openai.com/gptbot)"
20.171.207.204 - - [09/Sep/2025:07:58:00 +0700] "GET /?p=6457 HTTP/1.0" 301 474 "-" "Mozilla/5.0 AppleWebKit/537.36 (KHTML, like Gecko; compatible; GPTBot/1.2; +https://openai.com/gptbot)"
20.171.207.204 - - [09/Sep/2025:07:58:02 +0700] "GET /dealing-with-trolls-on-omegle/ HTTP/1.0" 200 89707 "-" "Mozilla/5.0 AppleWebKit/537.36 (KHTML, like Gecko; compatible; GPTBot/1.2; +https://openai.com/gptbot)"
20.171.207.204 - - [09/Sep/2025:07:58:08 +0700] "GET /?p=7098 HTTP/1.0" 301 474 "-" "Mozilla/5.0 AppleWebKit/537.36 (KHTML, like Gecko; compatible; GPTBot/1.2; +https://openai.com/gptbot)"
20.171.207.204 - - [09/Sep/2025:07:58:09 +0700] "GET /how-to-use-omegle-effectively/ HTTP/1.0" 200 90099 "-" "Mozilla/5.0 AppleWebKit/537.36 (KHTML, like Gecko; compatible; GPTBot/1.2; +https://openai.com/gptbot)"
45.117.177.72 - - [09/Sep/2025:07:58:18 +0700] "POST /wp-cron.php?doing_wp_cron=1757379498.0963320732116699218750 HTTP/1.0" 200 416 "-" "WordPress/6.8.1; https://vattusacky.vn"
20.171.207.204 - - [09/Sep/2025:07:58:16 +0700] "GET /?p=10488 HTTP/1.0" 301 488 "-" "Mozilla/5.0 AppleWebKit/537.36 (KHTML, like Gecko; compatible; GPTBot/1.2; +https://openai.com/gptbot)"
20.171.207.204 - - [09/Sep/2025:07:58:18 +0700] "GET /drip-top-kazino-dostupnye-frispiny-rabochee/ HTTP/1.0" 200 91933 "-" "Mozilla/5.0 AppleWebKit/537.36 (KHTML, like Gecko; compatible; GPTBot/1.2; +https://openai.com/gptbot)"
20.171.207.204 - - [09/Sep/2025:07:58:23 +0700] "GET /moderation-and-rules-on-ometv/ HTTP/1.0" 200 86866 "-" "Mozilla/5.0 AppleWebKit/537.36 (KHTML, like Gecko; compatible; GPTBot/1.2; +https://openai.com/gptbot)"
20.171.207.204 - - [09/Sep/2025:07:58:30 +0700] "GET /?p=7181 HTTP/1.0" 301 474 "-" "Mozilla/5.0 AppleWebKit/537.36 (KHTML, like Gecko; compatible; GPTBot/1.2; +https://openai.com/gptbot)"
20.171.207.204 - - [09/Sep/2025:07:58:31 +0700] "GET /loneliness-in-the-digital-age/ HTTP/1.0" 200 90421 "-" "Mozilla/5.0 AppleWebKit/537.36 (KHTML, like Gecko; compatible; GPTBot/1.2; +https://openai.com/gptbot)"
20.171.207.204 - - [09/Sep/2025:07:58:38 +0700] "GET /plej-fortuna-kazino-bonusy-igrat-v-virtualnuju HTTP/1.0" 301 491 "-" "Mozilla/5.0 AppleWebKit/537.36 (KHTML, like Gecko; compatible; GPTBot/1.2; +https://openai.com/gptbot)"
20.171.207.204 - - [09/Sep/2025:07:58:39 +0700] "GET /plej-fortuna-kazino-bonusy-igrat-v-virtualnuju/ HTTP/1.0" 200 223657 "-" "Mozilla/5.0 AppleWebKit/537.36 (KHTML, like Gecko; compatible; GPTBot/1.2; +https://openai.com/gptbot)"
20.171.207.204 - - [09/Sep/2025:07:58:47 +0700] "GET /best-real-money-online-casino/ HTTP/1.0" 200 74814 "-" "Mozilla/5.0 AppleWebKit/537.36 (KHTML, like Gecko; compatible; GPTBot/1.2; +https://openai.com/gptbot)"
20.171.207.204 - - [09/Sep/2025:07:58:54 +0700] "GET /online-you-can-make-real-money/ HTTP/1.0" 200 207147 "-" "Mozilla/5.0 AppleWebKit/537.36 (KHTML, like Gecko; compatible; GPTBot/1.2; +https://openai.com/gptbot)"
216.244.66.237 - - [09/Sep/2025:07:58:56 +0700] "GET /robots.txt HTTP/1.0" 200 984 "-" "Mozilla/5.0 (compatible; DotBot/1.2; +https://opensiteexplorer.org/dotbot; help@moz.com)"
20.171.207.204 - - [09/Sep/2025:07:59:01 +0700] "GET /predstavlyaem-prostoy-sposob-ket-kazino/ HTTP/1.0" 200 109499 "-" "Mozilla/5.0 AppleWebKit/537.36 (KHTML, like Gecko; compatible; GPTBot/1.2; +https://openai.com/gptbot)"
20.171.207.204 - - [09/Sep/2025:07:59:08 +0700] "GET /data-security-and-storage-on-omegle/ HTTP/1.0" 200 89433 "-" "Mozilla/5.0 AppleWebKit/537.36 (KHTML, like Gecko; compatible; GPTBot/1.2; +https://openai.com/gptbot)"
20.171.207.204 - - [09/Sep/2025:07:59:14 +0700] "GET /?p=6454 HTTP/1.0" 301 479 "-" "Mozilla/5.0 AppleWebKit/537.36 (KHTML, like Gecko; compatible; GPTBot/1.2; +https://openai.com/gptbot)"
45.117.177.72 - - [09/Sep/2025:07:59:17 +0700] "POST /wp-cron.php?doing_wp_cron=1757379557.1514101028442382812500 HTTP/1.0" 200 416 "-" "WordPress/6.8.1; https://vattusacky.vn"
20.171.207.204 - - [09/Sep/2025:07:59:15 +0700] "GET /data-security-and-storage-on-ometv/ HTTP/1.0" 200 89707 "-" "Mozilla/5.0 AppleWebKit/537.36 (KHTML, like Gecko; compatible; GPTBot/1.2; +https://openai.com/gptbot)"
20.171.207.204 - - [09/Sep/2025:07:59:21 +0700] "GET /understanding-the-omegle-chat-interface/ HTTP/1.0" 200 89785 "-" "Mozilla/5.0 AppleWebKit/537.36 (KHTML, like Gecko; compatible; GPTBot/1.2; +https://openai.com/gptbot)"
20.171.207.204 - - [09/Sep/2025:07:59:29 +0700] "GET /daddy-casino-obzor-2023-i-bonusy-igrat-na-dengi-v-2/ HTTP/1.0" 200 97465 "-" "Mozilla/5.0 AppleWebKit/537.36 (KHTML, like Gecko; compatible; GPTBot/1.2; +https://openai.com/gptbot)"
20.171.207.204 - - [09/Sep/2025:07:59:35 +0700] "GET /just-what-mutually-beneficial-arrangement/ HTTP/1.0" 200 208656 "-" "Mozilla/5.0 AppleWebKit/537.36 (KHTML, like Gecko; compatible; GPTBot/1.2; +https://openai.com/gptbot)"
20.171.207.204 - - [09/Sep/2025:07:59:42 +0700] "GET /cybersecurity-on-omegle-protecting-your-personal-information-online/ HTTP/1.0" 200 90888 "-" "Mozilla/5.0 AppleWebKit/537.36 (KHTML, like Gecko; compatible; GPTBot/1.2; +https://openai.com/gptbot)"
20.171.207.204 - - [09/Sep/2025:07:59:47 +0700] "GET /?p=6453 HTTP/1.0" 301 480 "-" "Mozilla/5.0 AppleWebKit/537.36 (KHTML, like Gecko; compatible; GPTBot/1.2; +https://openai.com/gptbot)"
20.171.207.204 - - [09/Sep/2025:07:59:48 +0700] "GET /data-security-and-storage-on-omegle/ HTTP/1.0" 200 89433 "-" "Mozilla/5.0 AppleWebKit/537.36 (KHTML, like Gecko; compatible; GPTBot/1.2; +https://openai.com/gptbot)"
20.171.207.204 - - [09/Sep/2025:07:59:56 +0700] "GET /the-role-of-feedback-in-enhancing-virtual-empathy-on-omegle/ HTTP/1.0" 200 92467 "-" "Mozilla/5.0 AppleWebKit/537.36 (KHTML, like Gecko; compatible; GPTBot/1.2; +https://openai.com/gptbot)"
20.171.207.204 - - [09/Sep/2025:08:00:02 +0700] "GET /the-psychology-of-omegle-conversations-understanding-human-behavior/ HTTP/1.0" 200 91770 "-" "Mozilla/5.0 AppleWebKit/537.36 (KHTML, like Gecko; compatible; GPTBot/1.2; +https://openai.com/gptbot)"
20.171.207.204 - - [09/Sep/2025:08:00:09 +0700] "GET /?p=6452 HTTP/1.0" 301 512 "-" "Mozilla/5.0 AppleWebKit/537.36 (KHTML, like Gecko; compatible; GPTBot/1.2; +https://openai.com/gptbot)"
20.171.207.204 - - [09/Sep/2025:08:00:10 +0700] "GET /cybersecurity-on-omegle-protecting-your-personal-information-online/ HTTP/1.0" 200 90888 "-" "Mozilla/5.0 AppleWebKit/537.36 (KHTML, like Gecko; compatible; GPTBot/1.2; +https://openai.com/gptbot)"
45.117.177.72 - - [09/Sep/2025:08:00:19 +0700] "POST /wp-cron.php?doing_wp_cron=1757379619.2341709136962890625000 HTTP/1.0" 200 416 "-" "WordPress/6.8.1; https://vattusacky.vn"
20.171.207.204 - - [09/Sep/2025:08:00:17 +0700] "GET /affectionate-ideas-for-lovers-of-all-ages/ HTTP/1.0" 200 206369 "-" "Mozilla/5.0 AppleWebKit/537.36 (KHTML, like Gecko; compatible; GPTBot/1.2; +https://openai.com/gptbot)"
20.171.207.204 - - [09/Sep/2025:08:00:25 +0700] "GET /?p=8860 HTTP/1.0" 301 504 "-" "Mozilla/5.0 AppleWebKit/537.36 (KHTML, like Gecko; compatible; GPTBot/1.2; +https://openai.com/gptbot)"
20.171.207.204 - - [09/Sep/2025:08:00:27 +0700] "GET /the-role-of-feedback-in-enhancing-virtual-empathy-on-omegle/ HTTP/1.0" 200 92467 "-" "Mozilla/5.0 AppleWebKit/537.36 (KHTML, like Gecko; compatible; GPTBot/1.2; +https://openai.com/gptbot)"
20.171.207.204 - - [09/Sep/2025:08:00:32 +0700] "GET /?p=8762 HTTP/1.0" 301 512 "-" "Mozilla/5.0 AppleWebKit/537.36 (KHTML, like Gecko; compatible; GPTBot/1.2; +https://openai.com/gptbot)"
20.171.207.204 - - [09/Sep/2025:08:00:33 +0700] "GET /the-psychology-of-omegle-conversations-understanding-human-behavior/ HTTP/1.0" 200 91770 "-" "Mozilla/5.0 AppleWebKit/537.36 (KHTML, like Gecko; compatible; GPTBot/1.2; +https://openai.com/gptbot)"
20.171.207.204 - - [09/Sep/2025:08:00:38 +0700] "GET /celebrating-diversity-through-omegles-social-experiment/ HTTP/1.0" 200 90775 "-" "Mozilla/5.0 AppleWebKit/537.36 (KHTML, like Gecko; compatible; GPTBot/1.2; +https://openai.com/gptbot)"
20.171.207.204 - - [09/Sep/2025:08:00:45 +0700] "GET /?p=2838 HTTP/1.0" 301 486 "-" "Mozilla/5.0 AppleWebKit/537.36 (KHTML, like Gecko; compatible; GPTBot/1.2; +https://openai.com/gptbot)"
20.171.207.204 - - [09/Sep/2025:08:00:46 +0700] "GET /affectionate-ideas-for-lovers-of-all-ages/ HTTP/1.0" 200 206369 "-" "Mozilla/5.0 AppleWebKit/537.36 (KHTML, like Gecko; compatible; GPTBot/1.2; +https://openai.com/gptbot)"
45.117.177.72 - - [09/Sep/2025:08:00:55 +0700] "POST /wp-cron.php?doing_wp_cron=1757379654.8779680728912353515625 HTTP/1.0" 200 416 "-" "WordPress/6.8.1; https://vattusacky.vn"
20.171.207.204 - - [09/Sep/2025:08:00:53 +0700] "GET /american-men-marrying-foreign-women/ HTTP/1.0" 200 71786 "-" "Mozilla/5.0 AppleWebKit/537.36 (KHTML, like Gecko; compatible; GPTBot/1.2; +https://openai.com/gptbot)"
20.171.207.204 - - [09/Sep/2025:08:01:01 +0700] "GET /management-keep-it-simple-and-stupid HTTP/1.0" 301 481 "-" "Mozilla/5.0 AppleWebKit/537.36 (KHTML, like Gecko; compatible; GPTBot/1.2; +https://openai.com/gptbot)"
20.171.207.204 - - [09/Sep/2025:08:01:02 +0700] "GET /management-keep-it-simple-and-stupid/ HTTP/1.0" 200 230639 "-" "Mozilla/5.0 AppleWebKit/537.36 (KHTML, like Gecko; compatible; GPTBot/1.2; +https://openai.com/gptbot)"
20.171.207.204 - - [09/Sep/2025:08:01:08 +0700] "GET /omegles-role-in-connecting-cultures/ HTTP/1.0" 200 92071 "-" "Mozilla/5.0 AppleWebKit/537.36 (KHTML, like Gecko; compatible; GPTBot/1.2; +https://openai.com/gptbot)"
20.171.207.204 - - [09/Sep/2025:08:01:15 +0700] "GET /introduction-to-omegles-algorithmic-dance/ HTTP/1.0" 200 87624 "-" "Mozilla/5.0 AppleWebKit/537.36 (KHTML, like Gecko; compatible; GPTBot/1.2; +https://openai.com/gptbot)"
45.117.177.72 - - [09/Sep/2025:08:01:22 +0700] "POST /wp-cron.php?doing_wp_cron=1757379682.4743471145629882812500 HTTP/1.0" 200 416 "-" "WordPress/6.8.1; https://vattusacky.vn"
20.171.207.204 - - [09/Sep/2025:08:01:21 +0700] "GET /the-psychology-behind-the-fascination-with-omegles-unpredictability/ HTTP/1.0" 200 93111 "-" "Mozilla/5.0 AppleWebKit/537.36 (KHTML, like Gecko; compatible; GPTBot/1.2; +https://openai.com/gptbot)"
20.171.207.204 - - [09/Sep/2025:08:01:28 +0700] "GET /?p=3697 HTTP/1.0" 301 486 "-" "Mozilla/5.0 AppleWebKit/537.36 (KHTML, like Gecko; compatible; GPTBot/1.2; +https://openai.com/gptbot)"
20.171.207.204 - - [09/Sep/2025:08:01:29 +0700] "GET /just-what-mutually-beneficial-arrangement/ HTTP/1.0" 200 208656 "-" "Mozilla/5.0 AppleWebKit/537.36 (KHTML, like Gecko; compatible; GPTBot/1.2; +https://openai.com/gptbot)"
20.171.207.204 - - [09/Sep/2025:08:01:35 +0700] "GET /?p=7223 HTTP/1.0" 301 474 "-" "Mozilla/5.0 AppleWebKit/537.36 (KHTML, like Gecko; compatible; GPTBot/1.2; +https://openai.com/gptbot)"
20.171.207.204 - - [09/Sep/2025:08:01:36 +0700] "GET /moderation-and-rules-on-ometv/ HTTP/1.0" 200 86866 "-" "Mozilla/5.0 AppleWebKit/537.36 (KHTML, like Gecko; compatible; GPTBot/1.2; +https://openai.com/gptbot)"
20.171.207.204 - - [09/Sep/2025:08:01:41 +0700] "GET /the-impact-of-mobile-apps-on-the-chatroulette-and-omegle-experience/ HTTP/1.0" 200 92987 "-" "Mozilla/5.0 AppleWebKit/537.36 (KHTML, like Gecko; compatible; GPTBot/1.2; +https://openai.com/gptbot)"
20.171.207.204 - - [09/Sep/2025:08:01:46 +0700] "GET /luchshie-onlajn-kazino-vy-mozhete-vybrat-zdes/ HTTP/1.0" 200 105405 "-" "Mozilla/5.0 AppleWebKit/537.36 (KHTML, like Gecko; compatible; GPTBot/1.2; +https://openai.com/gptbot)"
20.171.207.204 - - [09/Sep/2025:08:01:54 +0700] "GET /?p=9073 HTTP/1.0" 301 484 "-" "Mozilla/5.0 AppleWebKit/537.36 (KHTML, like Gecko; compatible; GPTBot/1.2; +https://openai.com/gptbot)"
20.171.207.204 - - [09/Sep/2025:08:01:56 +0700] "GET /understanding-the-omegle-chat-interface/ HTTP/1.0" 200 89785 "-" "Mozilla/5.0 AppleWebKit/537.36 (KHTML, like Gecko; compatible; GPTBot/1.2; +https://openai.com/gptbot)"
20.171.207.204 - - [09/Sep/2025:08:02:04 +0700] "GET /omegle-and-ometv-connecting-individuals-with-different-backgrounds-and-perspectives/ HTTP/1.0" 200 92511 "-" "Mozilla/5.0 AppleWebKit/537.36 (KHTML, like Gecko; compatible; GPTBot/1.2; +https://openai.com/gptbot)"
20.171.207.204 - - [09/Sep/2025:08:02:07 +0700] "GET /?p=5991 HTTP/1.0" 301 490 "-" "Mozilla/5.0 AppleWebKit/537.36 (KHTML, like Gecko; compatible; GPTBot/1.2; +https://openai.com/gptbot)"
20.171.207.204 - - [09/Sep/2025:08:02:09 +0700] "GET /luchshie-onlajn-kazino-vy-mozhete-vybrat-zdes/ HTTP/1.0" 200 105405 "-" "Mozilla/5.0 AppleWebKit/537.36 (KHTML, like Gecko; compatible; GPTBot/1.2; +https://openai.com/gptbot)"
20.171.207.204 - - [09/Sep/2025:08:02:14 +0700] "GET /wp-json/oembed/1.0/embed?format=xml&url=https%3A%2F%2Fvattusacky.vn%2Fluchshie-onlajn-kazino-vy-mozhete-vybrat-zdes%2F HTTP/1.0" 200 6540 "-" "Mozilla/5.0 AppleWebKit/537.36 (KHTML, like Gecko; compatible; GPTBot/1.2; +https://openai.com/gptbot)"
45.117.177.72 - - [09/Sep/2025:08:02:18 +0700] "POST /wp-cron.php?doing_wp_cron=1757379738.1605260372161865234375 HTTP/1.0" 200 416 "-" "WordPress/6.8.1; https://vattusacky.vn"
20.171.207.204 - - [09/Sep/2025:08:02:17 +0700] "GET /wp-json/wp/v2/posts/5991 HTTP/1.0" 200 116023 "-" "Mozilla/5.0 AppleWebKit/537.36 (KHTML, like Gecko; compatible; GPTBot/1.2; +https://openai.com/gptbot)"
20.171.207.204 - - [09/Sep/2025:08:02:21 +0700] "GET /wp-json/oembed/1.0/embed?url=https%3A%2F%2Fvattusacky.vn%2Fluchshie-onlajn-kazino-vy-mozhete-vybrat-zdes%2F HTTP/1.0" 200 5909 "-" "Mozilla/5.0 AppleWebKit/537.36 (KHTML, like Gecko; compatible; GPTBot/1.2; +https://openai.com/gptbot)"
20.171.207.204 - - [09/Sep/2025:08:02:25 +0700] "GET /luchshie-onlajn-kazino-vy-mozhete-vybrat-zdes/feed/ HTTP/1.0" 200 1697 "-" "Mozilla/5.0 AppleWebKit/537.36 (KHTML, like Gecko; compatible; GPTBot/1.2; +https://openai.com/gptbot)"
20.171.207.204 - - [09/Sep/2025:08:02:31 +0700] "GET /omegles-influence-on-positive-psychology/ HTTP/1.0" 200 90440 "-" "Mozilla/5.0 AppleWebKit/537.36 (KHTML, like Gecko; compatible; GPTBot/1.2; +https://openai.com/gptbot)"
20.171.207.204 - - [09/Sep/2025:08:02:38 +0700] "GET /chto-za-igra-dragon-money-besproigryshnaja HTTP/1.0" 301 487 "-" "Mozilla/5.0 AppleWebKit/537.36 (KHTML, like Gecko; compatible; GPTBot/1.2; +https://openai.com/gptbot)"
20.171.207.204 - - [09/Sep/2025:08:02:39 +0700] "GET /chto-za-igra-dragon-money-besproigryshnaja/ HTTP/1.0" 200 222366 "-" "Mozilla/5.0 AppleWebKit/537.36 (KHTML, like Gecko; compatible; GPTBot/1.2; +https://openai.com/gptbot)"
20.171.207.204 - - [09/Sep/2025:08:02:47 +0700] "GET /?p=7940 HTTP/1.0" 301 480 "-" "Mozilla/5.0 AppleWebKit/537.36 (KHTML, like Gecko; compatible; GPTBot/1.2; +https://openai.com/gptbot)"
20.171.207.204 - - [09/Sep/2025:08:02:48 +0700] "GET /omegles-role-in-connecting-cultures/ HTTP/1.0" 200 92071 "-" "Mozilla/5.0 AppleWebKit/537.36 (KHTML, like Gecko; compatible; GPTBot/1.2; +https://openai.com/gptbot)"
20.171.207.204 - - [09/Sep/2025:08:02:53 +0700] "GET /?p=7392 HTTP/1.0" 301 528 "-" "Mozilla/5.0 AppleWebKit/537.36 (KHTML, like Gecko; compatible; GPTBot/1.2; +https://openai.com/gptbot)"
20.171.207.204 - - [09/Sep/2025:08:02:54 +0700] "GET /omegle-and-ometv-connecting-individuals-with-different-backgrounds-and-perspectives/ HTTP/1.0" 200 92511 "-" "Mozilla/5.0 AppleWebKit/537.36 (KHTML, like Gecko; compatible; GPTBot/1.2; +https://openai.com/gptbot)"
20.171.207.204 - - [09/Sep/2025:08:03:02 +0700] "GET /?p=7883 HTTP/1.0" 301 485 "-" "Mozilla/5.0 AppleWebKit/537.36 (KHTML, like Gecko; compatible; GPTBot/1.2; +https://openai.com/gptbot)"
20.171.207.204 - - [09/Sep/2025:08:03:03 +0700] "GET /omegles-influence-on-positive-psychology/ HTTP/1.0" 200 90440 "-" "Mozilla/5.0 AppleWebKit/537.36 (KHTML, like Gecko; compatible; GPTBot/1.2; +https://openai.com/gptbot)"
20.171.207.204 - - [09/Sep/2025:08:03:11 +0700] "GET /adapting-to-communication-preferences-video-vs-text-on-omegle-and-ometv/ HTTP/1.0" 200 91557 "-" "Mozilla/5.0 AppleWebKit/537.36 (KHTML, like Gecko; compatible; GPTBot/1.2; +https://openai.com/gptbot)"
45.117.177.72 - - [09/Sep/2025:08:03:20 +0700] "POST /wp-cron.php?doing_wp_cron=1757379800.3681828975677490234375 HTTP/1.0" 200 416 "-" "WordPress/6.8.1; https://vattusacky.vn"
20.171.207.204 - - [09/Sep/2025:08:03:19 +0700] "GET /?p=7133 HTTP/1.0" 301 486 "-" "Mozilla/5.0 AppleWebKit/537.36 (KHTML, like Gecko; compatible; GPTBot/1.2; +https://openai.com/gptbot)"
20.171.207.204 - - [09/Sep/2025:08:03:20 +0700] "GET /introduction-to-omegles-algorithmic-dance/ HTTP/1.0" 200 87478 "-" "Mozilla/5.0 AppleWebKit/537.36 (KHTML, like Gecko; compatible; GPTBot/1.2; +https://openai.com/gptbot)"
51.75.233.102 - - [09/Sep/2025:08:03:21 +0700] "POST /xmlrpc.php HTTP/1.0" 200 956 "-" "Mozilla/5.0 (Windows NT 10.0; Win64; x64; rv:49.0) Gecko/20100101 Firefox/49.0"
20.171.207.204 - - [09/Sep/2025:08:03:26 +0700] "GET /?p=8539 HTTP/1.0" 301 512 "-" "Mozilla/5.0 AppleWebKit/537.36 (KHTML, like Gecko; compatible; GPTBot/1.2; +https://openai.com/gptbot)"
20.171.207.204 - - [09/Sep/2025:08:03:27 +0700] "GET /the-impact-of-mobile-apps-on-the-chatroulette-and-omegle-experience/ HTTP/1.0" 200 92987 "-" "Mozilla/5.0 AppleWebKit/537.36 (KHTML, like Gecko; compatible; GPTBot/1.2; +https://openai.com/gptbot)"
20.171.207.204 - - [09/Sep/2025:08:03:36 +0700] "GET /unleashing-creativity-on-omegle-embracing-spontaneous-conversations/ HTTP/1.0" 200 90527 "-" "Mozilla/5.0 AppleWebKit/537.36 (KHTML, like Gecko; compatible; GPTBot/1.2; +https://openai.com/gptbot)"
20.171.207.204 - - [09/Sep/2025:08:03:40 +0700] "GET /overcoming-depression-through-omegle-therapy/ HTTP/1.0" 403 606 "-" "Mozilla/5.0 AppleWebKit/537.36 (KHTML, like Gecko; compatible; GPTBot/1.2; +https://openai.com/gptbot)"
216.73.216.162 - - [09/Sep/2025:08:03:42 +0700] "GET /robots.txt HTTP/1.0" 200 984 "-" "Mozilla/5.0 AppleWebKit/537.36 (KHTML, like Gecko; compatible; ClaudeBot/1.0; +claudebot@anthropic.com)"
216.73.216.162 - - [09/Sep/2025:08:03:44 +0700] "GET /how-omegle-and-ometv-are-reshaping-communication-in-the-digital-age HTTP/1.0" 301 512 "-" "Mozilla/5.0 AppleWebKit/537.36 (KHTML, like Gecko; compatible; ClaudeBot/1.0; +claudebot@anthropic.com)"
216.73.216.162 - - [09/Sep/2025:08:03:45 +0700] "GET /how-omegle-and-ometv-are-reshaping-communication-in-the-digital-age/ HTTP/1.0" 200 93114 "https://vattusacky.vn/how-omegle-and-ometv-are-reshaping-communication-in-the-digital-age" "Mozilla/5.0 AppleWebKit/537.36 (KHTML, like Gecko; compatible; ClaudeBot/1.0; +claudebot@anthropic.com)"
20.171.207.204 - - [09/Sep/2025:08:03:45 +0700] "GET /adding-personal-touch-ometvs-text-chat-customization/ HTTP/1.0" 200 76927 "-" "Mozilla/5.0 AppleWebKit/537.36 (KHTML, like Gecko; compatible; GPTBot/1.2; +https://openai.com/gptbot)"
20.171.207.204 - - [09/Sep/2025:08:03:52 +0700] "GET /leovegas-casino-review-2/ HTTP/1.0" 200 218619 "-" "Mozilla/5.0 AppleWebKit/537.36 (KHTML, like Gecko; compatible; GPTBot/1.2; +https://openai.com/gptbot)"
20.171.207.204 - - [09/Sep/2025:08:03:58 +0700] "GET /?p=9109 HTTP/1.0" 301 512 "-" "Mozilla/5.0 AppleWebKit/537.36 (KHTML, like Gecko; compatible; GPTBot/1.2; +https://openai.com/gptbot)"
20.171.207.204 - - [09/Sep/2025:08:04:00 +0700] "GET /unleashing-creativity-on-omegle-embracing-spontaneous-conversations/ HTTP/1.0" 200 90527 "-" "Mozilla/5.0 AppleWebKit/537.36 (KHTML, like Gecko; compatible; GPTBot/1.2; +https://openai.com/gptbot)"
20.171.207.204 - - [09/Sep/2025:08:04:05 +0700] "GET /wp-content/uploads/2018/07/CE_RECIRCULATING-WATER-WACUUM-PUMPS.pdf HTTP/1.0" 200 448 "-" "Mozilla/5.0 AppleWebKit/537.36 (KHTML, like Gecko; compatible; GPTBot/1.2; +https://openai.com/gptbot)"
20.171.207.204 - - [09/Sep/2025:08:04:12 +0700] "GET /?p=6106 HTTP/1.0" 301 497 "-" "Mozilla/5.0 AppleWebKit/537.36 (KHTML, like Gecko; compatible; GPTBot/1.2; +https://openai.com/gptbot)"
20.171.207.204 - - [09/Sep/2025:08:04:13 +0700] "GET /adding-personal-touch-ometvs-text-chat-customization/ HTTP/1.0" 200 76927 "-" "Mozilla/5.0 AppleWebKit/537.36 (KHTML, like Gecko; compatible; GPTBot/1.2; +https://openai.com/gptbot)"
45.117.177.72 - - [09/Sep/2025:08:04:21 +0700] "POST /wp-cron.php?doing_wp_cron=1757379861.4694149494171142578125 HTTP/1.0" 200 416 "-" "WordPress/6.8.1; https://vattusacky.vn"
20.171.207.204 - - [09/Sep/2025:08:04:20 +0700] "GET /?p=4876 HTTP/1.0" 301 469 "-" "Mozilla/5.0 AppleWebKit/537.36 (KHTML, like Gecko; compatible; GPTBot/1.2; +https://openai.com/gptbot)"
20.171.207.204 - - [09/Sep/2025:08:04:22 +0700] "GET /leovegas-casino-review-2/ HTTP/1.0" 200 218619 "-" "Mozilla/5.0 AppleWebKit/537.36 (KHTML, like Gecko; compatible; GPTBot/1.2; +https://openai.com/gptbot)"
20.171.207.204 - - [09/Sep/2025:08:04:28 +0700] "GET /omegles-role-in-teenage-socialization/ HTTP/1.0" 200 90036 "-" "Mozilla/5.0 AppleWebKit/537.36 (KHTML, like Gecko; compatible; GPTBot/1.2; +https://openai.com/gptbot)"
20.171.207.204 - - [09/Sep/2025:08:04:36 +0700] "GET /how-does-metformin-affect-testosterone/ HTTP/1.0" 200 87077 "-" "Mozilla/5.0 AppleWebKit/537.36 (KHTML, like Gecko; compatible; GPTBot/1.2; +https://openai.com/gptbot)"
20.171.207.204 - - [09/Sep/2025:08:04:41 +0700] "GET /safety-tips-for-chatting-on-omegle/ HTTP/1.0" 200 89275 "-" "Mozilla/5.0 AppleWebKit/537.36 (KHTML, like Gecko; compatible; GPTBot/1.2; +https://openai.com/gptbot)"
20.171.207.204 - - [09/Sep/2025:08:04:47 +0700] "GET /navigating-cultural-differences-omegle-vs-ometv-as-cross-cultural-platforms/ HTTP/1.0" 200 93881 "-" "Mozilla/5.0 AppleWebKit/537.36 (KHTML, like Gecko; compatible; GPTBot/1.2; +https://openai.com/gptbot)"
20.171.207.204 - - [09/Sep/2025:08:04:53 +0700] "GET /?p=7976 HTTP/1.0" 301 482 "-" "Mozilla/5.0 AppleWebKit/537.36 (KHTML, like Gecko; compatible; GPTBot/1.2; +https://openai.com/gptbot)"
20.171.207.204 - - [09/Sep/2025:08:04:54 +0700] "GET /omegles-role-in-teenage-socialization/ HTTP/1.0" 200 90036 "-" "Mozilla/5.0 AppleWebKit/537.36 (KHTML, like Gecko; compatible; GPTBot/1.2; +https://openai.com/gptbot)"
20.171.207.204 - - [09/Sep/2025:08:05:00 +0700] "GET /?p=10216 HTTP/1.0" 301 483 "-" "Mozilla/5.0 AppleWebKit/537.36 (KHTML, like Gecko; compatible; GPTBot/1.2; +https://openai.com/gptbot)"
20.171.207.204 - - [09/Sep/2025:08:05:02 +0700] "GET /how-does-metformin-affect-testosterone/ HTTP/1.0" 200 87077 "-" "Mozilla/5.0 AppleWebKit/537.36 (KHTML, like Gecko; compatible; GPTBot/1.2; +https://openai.com/gptbot)"
20.171.207.204 - - [09/Sep/2025:08:05:09 +0700] "GET /?p=8166 HTTP/1.0" 301 479 "-" "Mozilla/5.0 AppleWebKit/537.36 (KHTML, like Gecko; compatible; GPTBot/1.2; +https://openai.com/gptbot)"
20.171.207.204 - - [09/Sep/2025:08:05:11 +0700] "GET /safety-tips-for-chatting-on-omegle/ HTTP/1.0" 200 89275 "-" "Mozilla/5.0 AppleWebKit/537.36 (KHTML, like Gecko; compatible; GPTBot/1.2; +https://openai.com/gptbot)"
45.117.177.72 - - [09/Sep/2025:08:05:20 +0700] "POST /wp-cron.php?doing_wp_cron=1757379920.6845960617065429687500 HTTP/1.0" 200 416 "-" "WordPress/6.8.1; https://vattusacky.vn"
20.171.207.204 - - [09/Sep/2025:08:05:19 +0700] "GET /?p=7232 HTTP/1.0" 301 520 "-" "Mozilla/5.0 AppleWebKit/537.36 (KHTML, like Gecko; compatible; GPTBot/1.2; +https://openai.com/gptbot)"
20.171.207.204 - - [09/Sep/2025:08:05:21 +0700] "GET /navigating-cultural-differences-omegle-vs-ometv-as-cross-cultural-platforms/ HTTP/1.0" 200 93881 "-" "Mozilla/5.0 AppleWebKit/537.36 (KHTML, like Gecko; compatible; GPTBot/1.2; +https://openai.com/gptbot)"
20.171.207.204 - - [09/Sep/2025:08:05:25 +0700] "GET /behind-the-laughter-omegles-role-in-humor-and-entertainment/ HTTP/1.0" 200 93105 "-" "Mozilla/5.0 AppleWebKit/537.36 (KHTML, like Gecko; compatible; GPTBot/1.2; +https://openai.com/gptbot)"
20.171.207.204 - - [09/Sep/2025:08:05:34 +0700] "GET /pin-up-casino-bonus-na-pervyj-depozit-kazino-sloty-2/ HTTP/1.0" 200 218670 "-" "Mozilla/5.0 AppleWebKit/537.36 (KHTML, like Gecko; compatible; GPTBot/1.2; +https://openai.com/gptbot)"
20.171.207.204 - - [09/Sep/2025:08:05:41 +0700] "GET /?p=8753 HTTP/1.0" 301 512 "-" "Mozilla/5.0 AppleWebKit/537.36 (KHTML, like Gecko; compatible; GPTBot/1.2; +https://openai.com/gptbot)"
20.171.207.204 - - [09/Sep/2025:08:05:42 +0700] "GET /the-psychology-behind-the-fascination-with-omegles-unpredictability/ HTTP/1.0" 200 93111 "-" "Mozilla/5.0 AppleWebKit/537.36 (KHTML, like Gecko; compatible; GPTBot/1.2; +https://openai.com/gptbot)"
20.171.207.204 - - [09/Sep/2025:08:05:50 +0700] "GET /inappropriate-content-on-omegle/ HTTP/1.0" 200 87317 "-" "Mozilla/5.0 AppleWebKit/537.36 (KHTML, like Gecko; compatible; GPTBot/1.2; +https://openai.com/gptbot)"
20.171.207.204 - - [09/Sep/2025:08:05:56 +0700] "GET /overcoming-communication-barriers-through-omegles-social-experiment/ HTTP/1.0" 200 92923 "-" "Mozilla/5.0 AppleWebKit/537.36 (KHTML, like Gecko; compatible; GPTBot/1.2; +https://openai.com/gptbot)"
20.171.207.204 - - [09/Sep/2025:08:06:01 +0700] "GET /omegles-popularity-amongst-college-students/ HTTP/1.0" 200 90556 "-" "Mozilla/5.0 AppleWebKit/537.36 (KHTML, like Gecko; compatible; GPTBot/1.2; +https://openai.com/gptbot)"
20.171.207.204 - - [09/Sep/2025:08:06:07 +0700] "GET /digital-news-and-time-control/ HTTP/1.0" 200 71915 "-" "Mozilla/5.0 AppleWebKit/537.36 (KHTML, like Gecko; compatible; GPTBot/1.2; +https://openai.com/gptbot)"
45.117.177.72 - - [09/Sep/2025:08:06:17 +0700] "POST /wp-cron.php?doing_wp_cron=1757379977.6701838970184326171875 HTTP/1.0" 200 416 "-" "WordPress/6.8.1; https://vattusacky.vn"
20.171.207.204 - - [09/Sep/2025:08:06:16 +0700] "GET /personalization-and-human-connection-video-vs-text-on-omegle-and-ometv/ HTTP/1.0" 200 91751 "-" "Mozilla/5.0 AppleWebKit/537.36 (KHTML, like Gecko; compatible; GPTBot/1.2; +https://openai.com/gptbot)"
20.171.207.204 - - [09/Sep/2025:08:06:21 +0700] "GET /omegle-stories-captivating-conversations-and-unexpected-connections/ HTTP/1.0" 200 92280 "-" "Mozilla/5.0 AppleWebKit/537.36 (KHTML, like Gecko; compatible; GPTBot/1.2; +https://openai.com/gptbot)"
20.171.207.204 - - [09/Sep/2025:08:06:26 +0700] "GET /the-rise-of-online-chat-platforms/ HTTP/1.0" 200 89067 "-" "Mozilla/5.0 AppleWebKit/537.36 (KHTML, like Gecko; compatible; GPTBot/1.2; +https://openai.com/gptbot)"
20.171.207.204 - - [09/Sep/2025:08:06:32 +0700] "GET /?p=6105 HTTP/1.0" 301 516 "-" "Mozilla/5.0 AppleWebKit/537.36 (KHTML, like Gecko; compatible; GPTBot/1.2; +https://openai.com/gptbot)"
20.171.207.204 - - [09/Sep/2025:08:06:34 +0700] "GET /adapting-to-communication-preferences-video-vs-text-on-omegle-and-ometv/ HTTP/1.0" 200 91557 "-" "Mozilla/5.0 AppleWebKit/537.36 (KHTML, like Gecko; compatible; GPTBot/1.2; +https://openai.com/gptbot)"
216.73.216.162 - - [09/Sep/2025:08:06:34 +0700] "GET /how-omegle-and-ometv-are-changing-the-way-we-socialize-online/feed HTTP/1.0" 301 755 "-" "Mozilla/5.0 AppleWebKit/537.36 (KHTML, like Gecko; compatible; ClaudeBot/1.0; +claudebot@anthropic.com)"
216.73.216.162 - - [09/Sep/2025:08:06:34 +0700] "GET /?p=7020 HTTP/1.0" 301 652 "-" "Mozilla/5.0 AppleWebKit/537.36 (KHTML, like Gecko; compatible; ClaudeBot/1.0; +claudebot@anthropic.com)"
216.73.216.162 - - [09/Sep/2025:08:06:36 +0700] "GET /how-omegle-and-ometv-are-changing-the-way-we-socialize-online/feed/ HTTP/1.0" 200 1634 "https://vattusacky.vn/how-omegle-and-ometv-are-changing-the-way-we-socialize-online/feed" "Mozilla/5.0 AppleWebKit/537.36 (KHTML, like Gecko; compatible; ClaudeBot/1.0; +claudebot@anthropic.com)"
216.73.216.162 - - [09/Sep/2025:08:06:36 +0700] "GET /how-omegle-and-ometv-are-changing-the-way-we-socialize-online/ HTTP/1.0" 200 94261 "https://vattusacky.vn/?p=7020" "Mozilla/5.0 AppleWebKit/537.36 (KHTML, like Gecko; compatible; ClaudeBot/1.0; +claudebot@anthropic.com)"
20.171.207.204 - - [09/Sep/2025:08:06:42 +0700] "GET /omegle-and-cyberbullying-addressing-negative-experiences-on-the-platform/ HTTP/1.0" 200 91666 "-" "Mozilla/5.0 AppleWebKit/537.36 (KHTML, like Gecko; compatible; GPTBot/1.2; +https://openai.com/gptbot)"
20.171.207.204 - - [09/Sep/2025:08:06:48 +0700] "GET /?p=6193 HTTP/1.0" 301 504 "-" "Mozilla/5.0 AppleWebKit/537.36 (KHTML, like Gecko; compatible; GPTBot/1.2; +https://openai.com/gptbot)"
20.171.207.204 - - [09/Sep/2025:08:06:49 +0700] "GET /behind-the-laughter-omegles-role-in-humor-and-entertainment/ HTTP/1.0" 200 93105 "-" "Mozilla/5.0 AppleWebKit/537.36 (KHTML, like Gecko; compatible; GPTBot/1.2; +https://openai.com/gptbot)"
20.171.207.204 - - [09/Sep/2025:08:06:57 +0700] "GET /behind-the-curtain-how-omegle-and-ometv-maintain-their-chat-services/ HTTP/1.0" 200 92562 "-" "Mozilla/5.0 AppleWebKit/537.36 (KHTML, like Gecko; compatible; GPTBot/1.2; +https://openai.com/gptbot)"
20.171.207.204 - - [09/Sep/2025:08:07:05 +0700] "GET /just-how-safe-can-be-online-dating/ HTTP/1.0" 200 206082 "-" "Mozilla/5.0 AppleWebKit/537.36 (KHTML, like Gecko; compatible; GPTBot/1.2; +https://openai.com/gptbot)"
20.171.207.204 - - [09/Sep/2025:08:07:11 +0700] "GET /?p=7699 HTTP/1.0" 301 512 "-" "Mozilla/5.0 AppleWebKit/537.36 (KHTML, like Gecko; compatible; GPTBot/1.2; +https://openai.com/gptbot)"
20.171.207.204 - - [09/Sep/2025:08:07:13 +0700] "GET /omegle-stories-captivating-conversations-and-unexpected-connections/ HTTP/1.0" 200 92134 "-" "Mozilla/5.0 AppleWebKit/537.36 (KHTML, like Gecko; compatible; GPTBot/1.2; +https://openai.com/gptbot)"
45.117.177.72 - - [09/Sep/2025:08:07:22 +0700] "POST /wp-cron.php?doing_wp_cron=1757380042.5354409217834472656250 HTTP/1.0" 200 416 "-" "WordPress/6.8.1; https://vattusacky.vn"
20.171.207.204 - - [09/Sep/2025:08:07:21 +0700] "GET /analise-da-1-win-revisao-de-bonus-apps-e-outros-diferenciais/ HTTP/1.0" 200 219776 "-" "Mozilla/5.0 AppleWebKit/537.36 (KHTML, like Gecko; compatible; GPTBot/1.2; +https://openai.com/gptbot)"
20.171.207.204 - - [09/Sep/2025:08:07:28 +0700] "GET /?p=6192 HTTP/1.0" 301 513 "-" "Mozilla/5.0 AppleWebKit/537.36 (KHTML, like Gecko; compatible; GPTBot/1.2; +https://openai.com/gptbot)"
20.171.207.204 - - [09/Sep/2025:08:07:30 +0700] "GET /behind-the-curtain-how-omegle-and-ometv-maintain-their-chat-services/ HTTP/1.0" 200 92562 "-" "Mozilla/5.0 AppleWebKit/537.36 (KHTML, like Gecko; compatible; GPTBot/1.2; +https://openai.com/gptbot)"
20.171.207.204 - - [09/Sep/2025:08:07:35 +0700] "GET /?p=5513 HTTP/1.0" 301 474 "-" "Mozilla/5.0 AppleWebKit/537.36 (KHTML, like Gecko; compatible; GPTBot/1.2; +https://openai.com/gptbot)"
20.171.207.204 - - [09/Sep/2025:08:07:36 +0700] "GET /digital-news-and-time-control/ HTTP/1.0" 200 71915 "-" "Mozilla/5.0 AppleWebKit/537.36 (KHTML, like Gecko; compatible; GPTBot/1.2; +https://openai.com/gptbot)"
20.171.207.204 - - [09/Sep/2025:08:07:46 +0700] "GET /sharing-personal-stories-on-omegle/ HTTP/1.0" 200 89062 "-" "Mozilla/5.0 AppleWebKit/537.36 (KHTML, like Gecko; compatible; GPTBot/1.2; +https://openai.com/gptbot)"
20.171.207.204 - - [09/Sep/2025:08:07:54 +0700] "GET /?p=2589 HTTP/1.0" 301 479 "-" "Mozilla/5.0 AppleWebKit/537.36 (KHTML, like Gecko; compatible; GPTBot/1.2; +https://openai.com/gptbot)"
20.171.207.204 - - [09/Sep/2025:08:07:56 +0700] "GET /just-how-safe-can-be-online-dating/ HTTP/1.0" 200 206082 "-" "Mozilla/5.0 AppleWebKit/537.36 (KHTML, like Gecko; compatible; GPTBot/1.2; +https://openai.com/gptbot)"
20.171.207.204 - - [09/Sep/2025:08:08:05 +0700] "GET /?p=2864 HTTP/1.0" 301 505 "-" "Mozilla/5.0 AppleWebKit/537.36 (KHTML, like Gecko; compatible; GPTBot/1.2; +https://openai.com/gptbot)"
20.171.207.204 - - [09/Sep/2025:08:08:06 +0700] "GET /analise-da-1-win-revisao-de-bonus-apps-e-outros-diferenciais/ HTTP/1.0" 200 219776 "-" "Mozilla/5.0 AppleWebKit/537.36 (KHTML, like Gecko; compatible; GPTBot/1.2; +https://openai.com/gptbot)"
20.171.207.204 - - [09/Sep/2025:08:08:13 +0700] "GET /turnkey-review-2022-overview-pros-cons-safety/ HTTP/1.0" 200 271761 "-" "Mozilla/5.0 AppleWebKit/537.36 (KHTML, like Gecko; compatible; GPTBot/1.2; +https://openai.com/gptbot)"
95.108.213.135 - - [09/Sep/2025:08:08:14 +0700] "GET /anonymity-and-authenticity-the-changing-landscape-of-omegle-and-online-communication/ HTTP/1.0" 200 92656 "-" "Mozilla/5.0 (compatible; YandexBot/3.0; +http://yandex.com/bots)"
45.117.177.72 - - [09/Sep/2025:08:08:22 +0700] "POST /wp-cron.php?doing_wp_cron=1757380102.7173409461975097656250 HTTP/1.0" 200 416 "-" "WordPress/6.8.1; https://vattusacky.vn"
20.171.207.204 - - [09/Sep/2025:08:08:21 +0700] "GET /?p=7111 HTTP/1.0" 301 476 "-" "Mozilla/5.0 AppleWebKit/537.36 (KHTML, like Gecko; compatible; GPTBot/1.2; +https://openai.com/gptbot)"
20.171.207.204 - - [09/Sep/2025:08:08:23 +0700] "GET /inappropriate-content-on-omegle/ HTTP/1.0" 200 87317 "-" "Mozilla/5.0 AppleWebKit/537.36 (KHTML, like Gecko; compatible; GPTBot/1.2; +https://openai.com/gptbot)"
20.171.207.204 - - [09/Sep/2025:08:08:30 +0700] "GET /?p=8221 HTTP/1.0" 301 479 "-" "Mozilla/5.0 AppleWebKit/537.36 (KHTML, like Gecko; compatible; GPTBot/1.2; +https://openai.com/gptbot)"
20.171.207.204 - - [09/Sep/2025:08:08:31 +0700] "GET /sharing-personal-stories-on-omegle/ HTTP/1.0" 200 89062 "-" "Mozilla/5.0 AppleWebKit/537.36 (KHTML, like Gecko; compatible; GPTBot/1.2; +https://openai.com/gptbot)"
40.77.167.47 - - [09/Sep/2025:08:08:39 +0700] "GET /wp-content/uploads/2018/04/khi-thai.jpg HTTP/1.0" 200 416 "-" "Mozilla/5.0 AppleWebKit/537.36 (KHTML, like Gecko; compatible; bingbot/2.0; +http://www.bing.com/bingbot.htm) Chrome/116.0.1938.76 Safari/537.36"
20.171.207.204 - - [09/Sep/2025:08:08:38 +0700] "GET /?p=8072 HTTP/1.0" 301 515 "-" "Mozilla/5.0 AppleWebKit/537.36 (KHTML, like Gecko; compatible; GPTBot/1.2; +https://openai.com/gptbot)"
20.171.207.204 - - [09/Sep/2025:08:08:40 +0700] "GET /personalization-and-human-connection-video-vs-text-on-omegle-and-ometv/ HTTP/1.0" 200 91751 "-" "Mozilla/5.0 AppleWebKit/537.36 (KHTML, like Gecko; compatible; GPTBot/1.2; +https://openai.com/gptbot)"
45.117.177.72 - - [09/Sep/2025:08:08:48 +0700] "POST /wp-cron.php?doing_wp_cron=1757380128.2285509109497070312500 HTTP/1.0" 200 416 "-" "WordPress/6.8.1; https://vattusacky.vn"
20.171.207.204 - - [09/Sep/2025:08:08:47 +0700] "GET /?p=8015 HTTP/1.0" 301 512 "-" "Mozilla/5.0 AppleWebKit/537.36 (KHTML, like Gecko; compatible; GPTBot/1.2; +https://openai.com/gptbot)"
20.171.207.204 - - [09/Sep/2025:08:08:48 +0700] "GET /overcoming-communication-barriers-through-omegles-social-experiment/ HTTP/1.0" 200 92923 "-" "Mozilla/5.0 AppleWebKit/537.36 (KHTML, like Gecko; compatible; GPTBot/1.2; +https://openai.com/gptbot)"
45.117.177.72 - - [09/Sep/2025:08:08:54 +0700] "POST /wp-cron.php?doing_wp_cron=1757380134.1080439090728759765625 HTTP/1.0" 200 416 "-" "WordPress/6.8.1; https://vattusacky.vn"
95.108.213.80 - - [09/Sep/2025:08:08:52 +0700] "GET /danh-muc/thiet-bi%CC%A3-do-luong/do-chat-luong-khi-trong-phong-iaq/ HTTP/1.0" 200 60371 "-" "Mozilla/5.0 (compatible; YandexBot/3.0; +http://yandex.com/bots)"
20.171.207.204 - - [09/Sep/2025:08:08:55 +0700] "GET /?p=7328 HTTP/1.0" 301 517 "-" "Mozilla/5.0 AppleWebKit/537.36 (KHTML, like Gecko; compatible; GPTBot/1.2; +https://openai.com/gptbot)"
20.171.207.204 - - [09/Sep/2025:08:08:57 +0700] "GET /omegle-and-cyberbullying-addressing-negative-experiences-on-the-platform/ HTTP/1.0" 200 91666 "-" "Mozilla/5.0 AppleWebKit/537.36 (KHTML, like Gecko; compatible; GPTBot/1.2; +https://openai.com/gptbot)"
20.171.207.204 - - [09/Sep/2025:08:09:04 +0700] "GET /?p=7912 HTTP/1.0" 301 488 "-" "Mozilla/5.0 AppleWebKit/537.36 (KHTML, like Gecko; compatible; GPTBot/1.2; +https://openai.com/gptbot)"
20.171.207.204 - - [09/Sep/2025:08:09:06 +0700] "GET /omegles-popularity-amongst-college-students/ HTTP/1.0" 200 90556 "-" "Mozilla/5.0 AppleWebKit/537.36 (KHTML, like Gecko; compatible; GPTBot/1.2; +https://openai.com/gptbot)"
20.171.207.204 - - [09/Sep/2025:08:09:12 +0700] "GET /?p=8783 HTTP/1.0" 301 478 "-" "Mozilla/5.0 AppleWebKit/537.36 (KHTML, like Gecko; compatible; GPTBot/1.2; +https://openai.com/gptbot)"
20.171.207.204 - - [09/Sep/2025:08:09:13 +0700] "GET /the-rise-of-online-chat-platforms/ HTTP/1.0" 200 89067 "-" "Mozilla/5.0 AppleWebKit/537.36 (KHTML, like Gecko; compatible; GPTBot/1.2; +https://openai.com/gptbot)"
45.117.177.72 - - [09/Sep/2025:08:09:22 +0700] "POST /wp-cron.php?doing_wp_cron=1757380161.9969749450683593750000 HTTP/1.0" 200 416 "-" "WordPress/6.8.1; https://vattusacky.vn"
20.171.207.204 - - [09/Sep/2025:08:09:20 +0700] "GET /building-a-global-network-on-omegle HTTP/1.0" 301 480 "-" "Mozilla/5.0 AppleWebKit/537.36 (KHTML, like Gecko; compatible; GPTBot/1.2; +https://openai.com/gptbot)"
20.171.207.204 - - [09/Sep/2025:08:09:22 +0700] "GET /building-a-global-network-on-omegle/ HTTP/1.0" 200 88760 "-" "Mozilla/5.0 AppleWebKit/537.36 (KHTML, like Gecko; compatible; GPTBot/1.2; +https://openai.com/gptbot)"
20.171.207.204 - - [09/Sep/2025:08:09:29 +0700] "GET /the-strategy-behind-mahjong-solitaire/ HTTP/1.0" 200 71382 "-" "Mozilla/5.0 AppleWebKit/537.36 (KHTML, like Gecko; compatible; GPTBot/1.2; +https://openai.com/gptbot)"
20.171.207.204 - - [09/Sep/2025:08:09:34 +0700] "GET /chat-content-filtering-on-omegle/ HTTP/1.0" 200 89748 "-" "Mozilla/5.0 AppleWebKit/537.36 (KHTML, like Gecko; compatible; GPTBot/1.2; +https://openai.com/gptbot)"
20.171.207.204 - - [09/Sep/2025:08:09:41 +0700] "GET /why-choose-nodejs-for-iot-applications HTTP/1.0" 301 483 "-" "Mozilla/5.0 AppleWebKit/537.36 (KHTML, like Gecko; compatible; GPTBot/1.2; +https://openai.com/gptbot)"
20.171.207.204 - - [09/Sep/2025:08:09:43 +0700] "GET /why-choose-nodejs-for-iot-applications/ HTTP/1.0" 200 89470 "-" "Mozilla/5.0 AppleWebKit/537.36 (KHTML, like Gecko; compatible; GPTBot/1.2; +https://openai.com/gptbot)"
20.171.207.204 - - [09/Sep/2025:08:09:50 +0700] "GET /pin-up-casino-bonus-na-pervyj-depozit-kazino-sloty-2 HTTP/1.0" 301 497 "-" "Mozilla/5.0 AppleWebKit/537.36 (KHTML, like Gecko; compatible; GPTBot/1.2; +https://openai.com/gptbot)"
20.171.207.204 - - [09/Sep/2025:08:09:51 +0700] "GET /pin-up-casino-bonus-na-pervyj-depozit-kazino-sloty-2/ HTTP/1.0" 200 218670 "-" "Mozilla/5.0 AppleWebKit/537.36 (KHTML, like Gecko; compatible; GPTBot/1.2; +https://openai.com/gptbot)"
20.171.207.204 - - [09/Sep/2025:08:09:57 +0700] "GET /the-psychology-of-omegle-interactions/ HTTP/1.0" 200 93143 "-" "Mozilla/5.0 AppleWebKit/537.36 (KHTML, like Gecko; compatible; GPTBot/1.2; +https://openai.com/gptbot)"
20.171.207.204 - - [09/Sep/2025:08:10:04 +0700] "GET /crapette-avec-un-jeu-de-tarot-jeu-de-78-cartes-2 HTTP/1.0" 301 493 "-" "Mozilla/5.0 AppleWebKit/537.36 (KHTML, like Gecko; compatible; GPTBot/1.2; +https://openai.com/gptbot)"
20.171.207.204 - - [09/Sep/2025:08:10:05 +0700] "GET /crapette-avec-un-jeu-de-tarot-jeu-de-78-cartes-2/ HTTP/1.0" 200 256234 "-" "Mozilla/5.0 AppleWebKit/537.36 (KHTML, like Gecko; compatible; GPTBot/1.2; +https://openai.com/gptbot)"
20.171.207.204 - - [09/Sep/2025:08:10:12 +0700] "GET /chat-content-filtering-on-omegle/feed/ HTTP/1.0" 200 1547 "-" "Mozilla/5.0 AppleWebKit/537.36 (KHTML, like Gecko; compatible; GPTBot/1.2; +https://openai.com/gptbot)"
45.117.177.72 - - [09/Sep/2025:08:10:20 +0700] "POST /wp-cron.php?doing_wp_cron=1757380220.1334419250488281250000 HTTP/1.0" 200 416 "-" "WordPress/6.8.1; https://vattusacky.vn"
20.171.207.204 - - [09/Sep/2025:08:10:18 +0700] "GET /what-age-can-dogs-start-seresto-collar HTTP/1.0" 301 483 "-" "Mozilla/5.0 AppleWebKit/537.36 (KHTML, like Gecko; compatible; GPTBot/1.2; +https://openai.com/gptbot)"
20.171.207.204 - - [09/Sep/2025:08:10:20 +0700] "GET /what-age-can-dogs-start-seresto-collar/ HTTP/1.0" 200 74688 "-" "Mozilla/5.0 AppleWebKit/537.36 (KHTML, like Gecko; compatible; GPTBot/1.2; +https://openai.com/gptbot)"
20.171.207.204 - - [09/Sep/2025:08:10:27 +0700] "GET /1xbet-top-kazino-android-apk-ios-igrat-na-dengi-v-2 HTTP/1.0" 301 496 "-" "Mozilla/5.0 AppleWebKit/537.36 (KHTML, like Gecko; compatible; GPTBot/1.2; +https://openai.com/gptbot)"
20.171.207.204 - - [09/Sep/2025:08:10:29 +0700] "GET /1xbet-top-kazino-android-apk-ios-igrat-na-dengi-v-2/ HTTP/1.0" 200 223176 "-" "Mozilla/5.0 AppleWebKit/537.36 (KHTML, like Gecko; compatible; GPTBot/1.2; +https://openai.com/gptbot)"
20.171.207.204 - - [09/Sep/2025:08:10:36 +0700] "GET /moderation-and-rules-on-omegle/ HTTP/1.0" 200 89344 "-" "Mozilla/5.0 AppleWebKit/537.36 (KHTML, like Gecko; compatible; GPTBot/1.2; +https://openai.com/gptbot)"
20.171.207.204 - - [09/Sep/2025:08:10:42 +0700] "GET /chatroulette-alternatives-are-they-worth-trying/ HTTP/1.0" 200 89593 "-" "Mozilla/5.0 AppleWebKit/537.36 (KHTML, like Gecko; compatible; GPTBot/1.2; +https://openai.com/gptbot)"
35.169.240.53 - - [09/Sep/2025:08:10:43 +0700] "GET /taking-a-peek-behind-the-technology-of-omegle-and-ometv/ HTTP/1.0" 200 90847 "-" "Mozilla/5.0 AppleWebKit/537.36 (KHTML, like Gecko; compatible; Amazonbot/0.1; +https://developer.amazon.com/support/amazonbot) Chrome/119.0.6045.214 Safari/537.36"
54.198.33.233 - - [09/Sep/2025:08:10:47 +0700] "GET /the-power-of-serendipity-on-omegles-cosmic-connections/ HTTP/1.0" 200 91095 "-" "Mozilla/5.0 AppleWebKit/537.36 (KHTML, like Gecko; compatible; Amazonbot/0.1; +https://developer.amazon.com/support/amazonbot) Chrome/119.0.6045.214 Safari/537.36"
20.171.207.204 - - [09/Sep/2025:08:10:49 +0700] "GET /types-of-research-papers-opening/ HTTP/1.0" 200 72540 "-" "Mozilla/5.0 AppleWebKit/537.36 (KHTML, like Gecko; compatible; GPTBot/1.2; +https://openai.com/gptbot)"
52.45.194.165 - - [09/Sep/2025:08:10:51 +0700] "GET /the-significance-of-body-language-in-virtual-connections-on-omegle/ HTTP/1.0" 200 92435 "-" "Mozilla/5.0 AppleWebKit/537.36 (KHTML, like Gecko; compatible; Amazonbot/0.1; +https://developer.amazon.com/support/amazonbot) Chrome/119.0.6045.214 Safari/537.36"
20.171.207.204 - - [09/Sep/2025:08:10:54 +0700] "GET /?p=3143 HTTP/1.0" 301 490 "-" "Mozilla/5.0 AppleWebKit/537.36 (KHTML, like Gecko; compatible; GPTBot/1.2; +https://openai.com/gptbot)"
52.1.106.130 - - [09/Sep/2025:08:10:55 +0700] "GET /22bet-s-short-withdrawal-time-makes-it-india-s-31/ HTTP/1.0" 200 242174 "-" "Mozilla/5.0 AppleWebKit/537.36 (KHTML, like Gecko; compatible; Amazonbot/0.1; +https://developer.amazon.com/support/amazonbot) Chrome/119.0.6045.214 Safari/537.36"
20.171.207.204 - - [09/Sep/2025:08:10:56 +0700] "GET /turnkey-review-2022-overview-pros-cons-safety/ HTTP/1.0" 200 271761 "-" "Mozilla/5.0 AppleWebKit/537.36 (KHTML, like Gecko; compatible; GPTBot/1.2; +https://openai.com/gptbot)"
100.28.204.82 - - [09/Sep/2025:08:10:59 +0700] "GET /innovation-in-random-chat-omegles-path-to-the-future/ HTTP/1.0" 200 91060 "-" "Mozilla/5.0 AppleWebKit/537.36 (KHTML, like Gecko; compatible; Amazonbot/0.1; +https://developer.amazon.com/support/amazonbot) Chrome/119.0.6045.214 Safari/537.36"
216.244.66.237 - - [09/Sep/2025:08:11:02 +0700] "GET /embracing-the-spirit-of-adventure-in-omelove-stories-of-friendship-and-romance/ HTTP/1.0" 200 91262 "-" "Mozilla/5.0 (compatible; DotBot/1.2; +https://opensiteexplorer.org/dotbot; help@moz.com)"
35.153.86.200 - - [09/Sep/2025:08:11:03 +0700] "GET /poker-games-list-ethics/ HTTP/1.0" 200 229370 "-" "Mozilla/5.0 AppleWebKit/537.36 (KHTML, like Gecko; compatible; Amazonbot/0.1; +https://developer.amazon.com/support/amazonbot) Chrome/119.0.6045.214 Safari/537.36"
20.171.207.204 - - [09/Sep/2025:08:11:03 +0700] "GET /overcoming-online-disinhibition-on-omegle-navigating-anonymity-and-promoting-respectful-interactions/ HTTP/1.0" 200 92831 "-" "Mozilla/5.0 AppleWebKit/537.36 (KHTML, like Gecko; compatible; GPTBot/1.2; +https://openai.com/gptbot)"
