20.171.207.204 - - [09/Sep/2025:08:40:11 +0700] "GET /sosgame-gambling-establishment-slot-machine-video-games-for-true-money/ HTTP/1.0" 200 208941 "-" "Mozilla/5.0 AppleWebKit/537.36 (KHTML, like Gecko; compatible; GPTBot/1.2; +https://openai.com/gptbot)"
54.145.82.217 - - [09/Sep/2025:08:40:11 +0700] "GET /building-an-international-network-on-omegle-and-ometv/ HTTP/1.0" 200 90287 "-" "Mozilla/5.0 AppleWebKit/537.36 (KHTML, like Gecko; compatible; Amazonbot/0.1; +https://developer.amazon.com/support/amazonbot) Chrome/119.0.6045.214 Safari/537.36"
44.212.145.46 - - [09/Sep/2025:08:40:15 +0700] "GET /coping-with-obsessive-thoughts-in-omegle-therapy/ HTTP/1.0" 403 610 "-" "Mozilla/5.0 AppleWebKit/537.36 (KHTML, like Gecko; compatible; Amazonbot/0.1; +https://developer.amazon.com/support/amazonbot) Chrome/119.0.6045.214 Safari/537.36"
45.117.177.72 - - [09/Sep/2025:08:40:18 +0700] "POST /wp-cron.php?doing_wp_cron=1757382018.5372469425201416015625 HTTP/1.0" 200 416 "-" "WordPress/6.8.1; https://vattusacky.vn"
20.171.207.204 - - [09/Sep/2025:08:40:17 +0700] "GET /omegle-a-platform-for-creativity-and-entertainment-through-video-chats/ HTTP/1.0" 200 91463 "-" "Mozilla/5.0 AppleWebKit/537.36 (KHTML, like Gecko; compatible; GPTBot/1.2; +https://openai.com/gptbot)"
3.214.176.44 - - [09/Sep/2025:08:40:19 +0700] "GET /the-essence-of-serendipity-unveiling-omegles-random-encounters/ HTTP/1.0" 200 90786 "-" "Mozilla/5.0 AppleWebKit/537.36 (KHTML, like Gecko; compatible; Amazonbot/0.1; +https://developer.amazon.com/support/amazonbot) Chrome/119.0.6045.214 Safari/537.36"
20.171.207.204 - - [09/Sep/2025:08:40:22 +0700] "GET /tips-for-using-omegle-safely/ HTTP/1.0" 200 90132 "-" "Mozilla/5.0 AppleWebKit/537.36 (KHTML, like Gecko; compatible; GPTBot/1.2; +https://openai.com/gptbot)"
34.231.77.232 - - [09/Sep/2025:08:40:24 +0700] "GET /connecting-with-fellow-creators-the-social-aspect-of-omegle-artistry/ HTTP/1.0" 200 93266 "-" "Mozilla/5.0 AppleWebKit/537.36 (KHTML, like Gecko; compatible; Amazonbot/0.1; +https://developer.amazon.com/support/amazonbot) Chrome/119.0.6045.214 Safari/537.36"
20.171.207.204 - - [09/Sep/2025:08:40:27 +0700] "GET /?p=6439 HTTP/1.0" 301 520 "-" "Mozilla/5.0 AppleWebKit/537.36 (KHTML, like Gecko; compatible; GPTBot/1.2; +https://openai.com/gptbot)"
34.231.77.232 - - [09/Sep/2025:08:40:27 +0700] "GET /unveiling-the-risks-of-omegle-safeguarding-your-online-identity/ HTTP/1.0" 200 79725 "-" "Mozilla/5.0 AppleWebKit/537.36 (KHTML, like Gecko; compatible; Amazonbot/0.1; +https://developer.amazon.com/support/amazonbot) Chrome/119.0.6045.214 Safari/537.36"
20.171.207.204 - - [09/Sep/2025:08:40:28 +0700] "GET /cultivating-empathy-in-online-education-and-learning-environments-on-omegle/ HTTP/1.0" 200 93002 "-" "Mozilla/5.0 AppleWebKit/537.36 (KHTML, like Gecko; compatible; GPTBot/1.2; +https://openai.com/gptbot)"
52.45.92.83 - - [09/Sep/2025:08:40:31 +0700] "GET /how-omegles-anonymity-adds-to-the-surprise-factor/ HTTP/1.0" 200 90046 "-" "Mozilla/5.0 AppleWebKit/537.36 (KHTML, like Gecko; compatible; Amazonbot/0.1; +https://developer.amazon.com/support/amazonbot) Chrome/119.0.6045.214 Safari/537.36"
20.171.207.204 - - [09/Sep/2025:08:40:33 +0700] "GET /cultivating-empathy-and-understanding-in-anonymous-omegle-conversations/ HTTP/1.0" 200 92359 "-" "Mozilla/5.0 AppleWebKit/537.36 (KHTML, like Gecko; compatible; GPTBot/1.2; +https://openai.com/gptbot)"
35.174.253.85 - - [09/Sep/2025:08:40:36 +0700] "GET /all-unique-sports-activities-betting-on-line-on-25/ HTTP/1.0" 200 273745 "-" "Mozilla/5.0 AppleWebKit/537.36 (KHTML, like Gecko; compatible; Amazonbot/0.1; +https://developer.amazon.com/support/amazonbot) Chrome/119.0.6045.214 Safari/537.36"
20.171.207.204 - - [09/Sep/2025:08:40:39 +0700] "GET /popular-chat-topics-on-ometv/ HTTP/1.0" 200 87881 "-" "Mozilla/5.0 AppleWebKit/537.36 (KHTML, like Gecko; compatible; GPTBot/1.2; +https://openai.com/gptbot)"
54.197.102.71 - - [09/Sep/2025:08:40:39 +0700] "GET /exploring-the-world-of-face-to-face-video-chats-omegle-vs-ometv/ HTTP/1.0" 200 90335 "-" "Mozilla/5.0 AppleWebKit/537.36 (KHTML, like Gecko; compatible; Amazonbot/0.1; +https://developer.amazon.com/support/amazonbot) Chrome/119.0.6045.214 Safari/537.36"
20.171.207.204 - - [09/Sep/2025:08:40:42 +0700] "GET /?p=9038 HTTP/1.0" 301 473 "-" "Mozilla/5.0 AppleWebKit/537.36 (KHTML, like Gecko; compatible; GPTBot/1.2; +https://openai.com/gptbot)"
52.3.102.51 - - [09/Sep/2025:08:40:43 +0700] "GET /5-stylish-ideas-for-your-essay-writer-ai/ HTTP/1.0" 200 95015 "-" "Mozilla/5.0 AppleWebKit/537.36 (KHTML, like Gecko; compatible; Amazonbot/0.1; +https://developer.amazon.com/support/amazonbot) Chrome/119.0.6045.214 Safari/537.36"
20.171.207.204 - - [09/Sep/2025:08:40:43 +0700] "GET /tips-for-using-omegle-safely/ HTTP/1.0" 200 90132 "-" "Mozilla/5.0 AppleWebKit/537.36 (KHTML, like Gecko; compatible; GPTBot/1.2; +https://openai.com/gptbot)"
35.169.102.85 - - [09/Sep/2025:08:40:47 +0700] "GET /what-is-omegle-and-how-does-it-work/ HTTP/1.0" 200 88123 "-" "Mozilla/5.0 AppleWebKit/537.36 (KHTML, like Gecko; compatible; Amazonbot/0.1; +https://developer.amazon.com/support/amazonbot) Chrome/119.0.6045.214 Safari/537.36"
20.171.207.204 - - [09/Sep/2025:08:40:49 +0700] "GET /?p=7290 HTTP/1.0" 301 515 "-" "Mozilla/5.0 AppleWebKit/537.36 (KHTML, like Gecko; compatible; GPTBot/1.2; +https://openai.com/gptbot)"
20.171.207.204 - - [09/Sep/2025:08:40:51 +0700] "GET /omegle-a-platform-for-creativity-and-entertainment-through-video-chats/ HTTP/1.0" 200 91463 "-" "Mozilla/5.0 AppleWebKit/537.36 (KHTML, like Gecko; compatible; GPTBot/1.2; +https://openai.com/gptbot)"
98.82.107.102 - - [09/Sep/2025:08:40:51 +0700] "GET /safety-measures-on-omegle-how-the-platform-protects-users/ HTTP/1.0" 200 93381 "-" "Mozilla/5.0 AppleWebKit/537.36 (KHTML, like Gecko; compatible; Amazonbot/0.1; +https://developer.amazon.com/support/amazonbot) Chrome/119.0.6045.214 Safari/537.36"
3.229.95.193 - - [09/Sep/2025:08:40:55 +0700] "GET /the-power-of-storytelling-in-omegles-social-experiment/ HTTP/1.0" 200 91885 "-" "Mozilla/5.0 AppleWebKit/537.36 (KHTML, like Gecko; compatible; Amazonbot/0.1; +https://developer.amazon.com/support/amazonbot) Chrome/119.0.6045.214 Safari/537.36"
20.171.207.204 - - [09/Sep/2025:08:40:56 +0700] "GET /?p=6438 HTTP/1.0" 301 516 "-" "Mozilla/5.0 AppleWebKit/537.36 (KHTML, like Gecko; compatible; GPTBot/1.2; +https://openai.com/gptbot)"
20.171.207.204 - - [09/Sep/2025:08:40:58 +0700] "GET /cultivating-empathy-and-understanding-in-anonymous-omegle-conversations/ HTTP/1.0" 200 92359 "-" "Mozilla/5.0 AppleWebKit/537.36 (KHTML, like Gecko; compatible; GPTBot/1.2; +https://openai.com/gptbot)"
184.72.95.195 - - [09/Sep/2025:08:41:00 +0700] "GET /navigating-the-unknown-anonymity-and-authenticity-in-omegle-chat-rooms/ HTTP/1.0" 200 75931 "-" "Mozilla/5.0 AppleWebKit/537.36 (KHTML, like Gecko; compatible; Amazonbot/0.1; +https://developer.amazon.com/support/amazonbot) Chrome/119.0.6045.214 Safari/537.36"
20.171.207.204 - - [09/Sep/2025:08:41:02 +0700] "GET /?p=8077 HTTP/1.0" 301 473 "-" "Mozilla/5.0 AppleWebKit/537.36 (KHTML, like Gecko; compatible; GPTBot/1.2; +https://openai.com/gptbot)"
52.71.216.196 - - [09/Sep/2025:08:41:03 +0700] "GET /your-five-ways-to-cope-with-first-time-frame-compliments/ HTTP/1.0" 200 73610 "-" "Mozilla/5.0 AppleWebKit/537.36 (KHTML, like Gecko; compatible; Amazonbot/0.1; +https://developer.amazon.com/support/amazonbot) Chrome/119.0.6045.214 Safari/537.36"
20.171.207.204 - - [09/Sep/2025:08:41:04 +0700] "GET /popular-chat-topics-on-ometv/ HTTP/1.0" 200 87881 "-" "Mozilla/5.0 AppleWebKit/537.36 (KHTML, like Gecko; compatible; GPTBot/1.2; +https://openai.com/gptbot)"
44.212.145.46 - - [09/Sep/2025:08:41:07 +0700] "GET /omegle-and-empathy-fostering-understanding-and-connection-through-conversations/ HTTP/1.0" 200 90153 "-" "Mozilla/5.0 AppleWebKit/537.36 (KHTML, like Gecko; compatible; Amazonbot/0.1; +https://developer.amazon.com/support/amazonbot) Chrome/119.0.6045.214 Safari/537.36"
20.171.207.204 - - [09/Sep/2025:08:41:09 +0700] "GET /cultivating-empathy-and-connection-in-omegle-therapy/ HTTP/1.0" 403 614 "-" "Mozilla/5.0 AppleWebKit/537.36 (KHTML, like Gecko; compatible; GPTBot/1.2; +https://openai.com/gptbot)"
23.23.180.225 - - [09/Sep/2025:08:41:11 +0700] "GET /omegle-and-online-education-using-the-platform-for-virtual-learning/ HTTP/1.0" 200 93156 "-" "Mozilla/5.0 AppleWebKit/537.36 (KHTML, like Gecko; compatible; Amazonbot/0.1; +https://developer.amazon.com/support/amazonbot) Chrome/119.0.6045.214 Safari/537.36"
20.171.207.204 - - [09/Sep/2025:08:41:12 +0700] "GET /safety-tips-for-using-omegle/ HTTP/1.0" 200 90166 "-" "Mozilla/5.0 AppleWebKit/537.36 (KHTML, like Gecko; compatible; GPTBot/1.2; +https://openai.com/gptbot)"
54.157.84.74 - - [09/Sep/2025:08:41:15 +0700] "GET /investigating-the-tension-between-anonymity-and-authenticity-on-omegle/ HTTP/1.0" 200 90262 "-" "Mozilla/5.0 AppleWebKit/537.36 (KHTML, like Gecko; compatible; Amazonbot/0.1; +https://developer.amazon.com/support/amazonbot) Chrome/119.0.6045.214 Safari/537.36"
45.117.177.72 - - [09/Sep/2025:08:41:19 +0700] "POST /wp-cron.php?doing_wp_cron=1757382079.5690670013427734375000 HTTP/1.0" 200 416 "-" "WordPress/6.8.1; https://vattusacky.vn"
20.171.207.204 - - [09/Sep/2025:08:41:18 +0700] "GET /exactly-what-is-a-wedding-garter/ HTTP/1.0" 200 206081 "-" "Mozilla/5.0 AppleWebKit/537.36 (KHTML, like Gecko; compatible; GPTBot/1.2; +https://openai.com/gptbot)"
34.206.249.188 - - [09/Sep/2025:08:41:19 +0700] "GET /make-hassle-free-deposits-and-withdrawals-on-payid-325/ HTTP/1.0" 200 76051 "-" "Mozilla/5.0 AppleWebKit/537.36 (KHTML, like Gecko; compatible; Amazonbot/0.1; +https://developer.amazon.com/support/amazonbot) Chrome/119.0.6045.214 Safari/537.36"
20.171.207.204 - - [09/Sep/2025:08:41:21 +0700] "GET /alicia-pink-harrell-on-hubpages/ HTTP/1.0" 200 207382 "-" "Mozilla/5.0 AppleWebKit/537.36 (KHTML, like Gecko; compatible; GPTBot/1.2; +https://openai.com/gptbot)"
3.220.148.166 - - [09/Sep/2025:08:41:23 +0700] "GET /management-keep-it-simple-and-stupid/ HTTP/1.0" 200 230785 "-" "Mozilla/5.0 AppleWebKit/537.36 (KHTML, like Gecko; compatible; Amazonbot/0.1; +https://developer.amazon.com/support/amazonbot) Chrome/119.0.6045.214 Safari/537.36"
20.171.207.204 - - [09/Sep/2025:08:41:25 +0700] "GET /how-to-stay-safe-on-chatroulette HTTP/1.0" 301 477 "-" "Mozilla/5.0 AppleWebKit/537.36 (KHTML, like Gecko; compatible; GPTBot/1.2; +https://openai.com/gptbot)"
20.171.207.204 - - [09/Sep/2025:08:41:26 +0700] "GET /how-to-stay-safe-on-chatroulette/ HTTP/1.0" 200 90312 "-" "Mozilla/5.0 AppleWebKit/537.36 (KHTML, like Gecko; compatible; GPTBot/1.2; +https://openai.com/gptbot)"
20.171.207.204 - - [09/Sep/2025:08:41:30 +0700] "GET /?p=8169 HTTP/1.0" 301 473 "-" "Mozilla/5.0 AppleWebKit/537.36 (KHTML, like Gecko; compatible; GPTBot/1.2; +https://openai.com/gptbot)"
20.171.207.204 - - [09/Sep/2025:08:41:31 +0700] "GET /safety-tips-for-using-omegle/ HTTP/1.0" 200 90166 "-" "Mozilla/5.0 AppleWebKit/537.36 (KHTML, like Gecko; compatible; GPTBot/1.2; +https://openai.com/gptbot)"
54.173.51.113 - - [09/Sep/2025:08:41:33 +0700] "GET /enhancing-empathy-and-compassion-in-omegle-therapy/ HTTP/1.0" 403 612 "-" "Mozilla/5.0 AppleWebKit/605.1.15 (KHTML, like Gecko) Chrome/139.0.0.0 Safari/605.1.15"
20.171.207.204 - - [09/Sep/2025:08:41:35 +0700] "GET /how-long-is-trazodone-in-system/ HTTP/1.0" 200 81190 "-" "Mozilla/5.0 AppleWebKit/537.36 (KHTML, like Gecko; compatible; GPTBot/1.2; +https://openai.com/gptbot)"
20.171.207.204 - - [09/Sep/2025:08:41:39 +0700] "GET /asian-bride-in-the-united-states/ HTTP/1.0" 200 207839 "-" "Mozilla/5.0 AppleWebKit/537.36 (KHTML, like Gecko; compatible; GPTBot/1.2; +https://openai.com/gptbot)"
20.171.207.204 - - [09/Sep/2025:08:41:43 +0700] "GET /?p=2962 HTTP/1.0" 301 623 "-" "Mozilla/5.0 AppleWebKit/537.36 (KHTML, like Gecko; compatible; GPTBot/1.2; +https://openai.com/gptbot)"
20.171.207.204 - - [09/Sep/2025:08:41:44 +0700] "GET /exactly-what-is-a-wedding-garter/ HTTP/1.0" 200 206081 "-" "Mozilla/5.0 AppleWebKit/537.36 (KHTML, like Gecko; compatible; GPTBot/1.2; +https://openai.com/gptbot)"
20.171.207.204 - - [09/Sep/2025:08:41:48 +0700] "GET /?p=4491 HTTP/1.0" 301 476 "-" "Mozilla/5.0 AppleWebKit/537.36 (KHTML, like Gecko; compatible; GPTBot/1.2; +https://openai.com/gptbot)"
20.171.207.204 - - [09/Sep/2025:08:41:50 +0700] "GET /alicia-pink-harrell-on-hubpages/ HTTP/1.0" 200 207382 "-" "Mozilla/5.0 AppleWebKit/537.36 (KHTML, like Gecko; compatible; GPTBot/1.2; +https://openai.com/gptbot)"
20.171.207.204 - - [09/Sep/2025:08:41:54 +0700] "GET /ways-to-report-abusive-behavior-on-omegle/ HTTP/1.0" 200 82855 "-" "Mozilla/5.0 AppleWebKit/537.36 (KHTML, like Gecko; compatible; GPTBot/1.2; +https://openai.com/gptbot)"
20.171.207.204 - - [09/Sep/2025:08:41:58 +0700] "GET /bettilt-com-bettilt-com-dragon-bahis-sitesi/ HTTP/1.0" 200 300158 "-" "Mozilla/5.0 AppleWebKit/537.36 (KHTML, like Gecko; compatible; GPTBot/1.2; +https://openai.com/gptbot)"
20.171.207.204 - - [09/Sep/2025:08:42:03 +0700] "GET /beyond-chatting-uncovering-the-surprising-features-of-omegle-and-ometv/ HTTP/1.0" 200 91121 "-" "Mozilla/5.0 AppleWebKit/537.36 (KHTML, like Gecko; compatible; GPTBot/1.2; +https://openai.com/gptbot)"
20.171.207.204 - - [09/Sep/2025:08:42:08 +0700] "GET /?p=10362 HTTP/1.0" 301 476 "-" "Mozilla/5.0 AppleWebKit/537.36 (KHTML, like Gecko; compatible; GPTBot/1.2; +https://openai.com/gptbot)"
20.171.207.204 - - [09/Sep/2025:08:42:09 +0700] "GET /how-long-is-trazodone-in-system/ HTTP/1.0" 200 81190 "-" "Mozilla/5.0 AppleWebKit/537.36 (KHTML, like Gecko; compatible; GPTBot/1.2; +https://openai.com/gptbot)"
20.171.207.204 - - [09/Sep/2025:08:42:13 +0700] "GET /obzor-igry-play2x-igrat-onlajn-na-oficialnom-sajte/ HTTP/1.0" 200 92801 "-" "Mozilla/5.0 AppleWebKit/537.36 (KHTML, like Gecko; compatible; GPTBot/1.2; +https://openai.com/gptbot)"
45.117.177.72 - - [09/Sep/2025:08:42:17 +0700] "POST /wp-cron.php?doing_wp_cron=1757382137.7315449714660644531250 HTTP/1.0" 200 416 "-" "WordPress/6.8.1; https://vattusacky.vn"
20.171.207.204 - - [09/Sep/2025:08:42:16 +0700] "GET /?p=9210 HTTP/1.0" 301 486 "-" "Mozilla/5.0 AppleWebKit/537.36 (KHTML, like Gecko; compatible; GPTBot/1.2; +https://openai.com/gptbot)"
20.171.207.204 - - [09/Sep/2025:08:42:17 +0700] "GET /ways-to-report-abusive-behavior-on-omegle/ HTTP/1.0" 200 82855 "-" "Mozilla/5.0 AppleWebKit/537.36 (KHTML, like Gecko; compatible; GPTBot/1.2; +https://openai.com/gptbot)"
20.171.207.204 - - [09/Sep/2025:08:42:21 +0700] "GET /enhancing-your-omegle-video-chat-experience-with-fun-filters-and-effects/ HTTP/1.0" 200 92910 "-" "Mozilla/5.0 AppleWebKit/537.36 (KHTML, like Gecko; compatible; GPTBot/1.2; +https://openai.com/gptbot)"
20.171.207.204 - - [09/Sep/2025:08:42:25 +0700] "GET /?p=3102 HTTP/1.0" 301 488 "-" "Mozilla/5.0 AppleWebKit/537.36 (KHTML, like Gecko; compatible; GPTBot/1.2; +https://openai.com/gptbot)"
20.171.207.204 - - [09/Sep/2025:08:42:27 +0700] "GET /bettilt-com-bettilt-com-dragon-bahis-sitesi/ HTTP/1.0" 200 300158 "-" "Mozilla/5.0 AppleWebKit/537.36 (KHTML, like Gecko; compatible; GPTBot/1.2; +https://openai.com/gptbot)"
20.171.207.204 - - [09/Sep/2025:08:42:34 +0700] "GET /?p=6211 HTTP/1.0" 301 515 "-" "Mozilla/5.0 AppleWebKit/537.36 (KHTML, like Gecko; compatible; GPTBot/1.2; +https://openai.com/gptbot)"
20.171.207.204 - - [09/Sep/2025:08:42:35 +0700] "GET /beyond-chatting-uncovering-the-surprising-features-of-omegle-and-ometv/ HTTP/1.0" 200 91121 "-" "Mozilla/5.0 AppleWebKit/537.36 (KHTML, like Gecko; compatible; GPTBot/1.2; +https://openai.com/gptbot)"
20.171.207.204 - - [09/Sep/2025:08:42:38 +0700] "GET /inappropriate-content-on-ometv/ HTTP/1.0" 200 87409 "-" "Mozilla/5.0 AppleWebKit/537.36 (KHTML, like Gecko; compatible; GPTBot/1.2; +https://openai.com/gptbot)"
20.171.207.204 - - [09/Sep/2025:08:42:44 +0700] "GET /how-to-get-essays-online/ HTTP/1.0" 200 205542 "-" "Mozilla/5.0 AppleWebKit/537.36 (KHTML, like Gecko; compatible; GPTBot/1.2; +https://openai.com/gptbot)"
20.171.207.204 - - [09/Sep/2025:08:42:48 +0700] "GET /one-in-especially-8-enhance-dating-sites-apps-you-should-try/ HTTP/1.0" 200 107580 "-" "Mozilla/5.0 AppleWebKit/537.36 (KHTML, like Gecko; compatible; GPTBot/1.2; +https://openai.com/gptbot)"
75.101.184.59 - - [09/Sep/2025:08:42:55 +0700] "GET /coping-with-obsessive-thoughts-in-omegle-therapy/ HTTP/1.0" 403 610 "-" "Mozilla/5.0 AppleWebKit/605.1.15 (KHTML, like Gecko) Chrome/139.0.0.0 Safari/605.1.15"
20.171.207.204 - - [09/Sep/2025:08:42:54 +0700] "GET /omegle-vs-ometv-exploring-the-security-measures-in-face-to-face-video-chats/ HTTP/1.0" 200 92034 "-" "Mozilla/5.0 AppleWebKit/537.36 (KHTML, like Gecko; compatible; GPTBot/1.2; +https://openai.com/gptbot)"
20.171.207.204 - - [09/Sep/2025:08:42:58 +0700] "GET /creating-an-effective-online-dating-services-profile/ HTTP/1.0" 200 208770 "-" "Mozilla/5.0 AppleWebKit/537.36 (KHTML, like Gecko; compatible; GPTBot/1.2; +https://openai.com/gptbot)"
20.171.207.204 - - [09/Sep/2025:08:43:02 +0700] "GET /?p=7112 HTTP/1.0" 301 475 "-" "Mozilla/5.0 AppleWebKit/537.36 (KHTML, like Gecko; compatible; GPTBot/1.2; +https://openai.com/gptbot)"
20.171.207.204 - - [09/Sep/2025:08:43:03 +0700] "GET /inappropriate-content-on-ometv/ HTTP/1.0" 200 87409 "-" "Mozilla/5.0 AppleWebKit/537.36 (KHTML, like Gecko; compatible; GPTBot/1.2; +https://openai.com/gptbot)"
20.171.207.204 - - [09/Sep/2025:08:43:08 +0700] "GET /ways-to-get-a-sugar-daddy/ HTTP/1.0" 200 209162 "-" "Mozilla/5.0 AppleWebKit/537.36 (KHTML, like Gecko; compatible; GPTBot/1.2; +https://openai.com/gptbot)"
20.171.207.204 - - [09/Sep/2025:08:43:13 +0700] "GET /?p=3838 HTTP/1.0" 301 423 "-" "Mozilla/5.0 AppleWebKit/537.36 (KHTML, like Gecko; compatible; GPTBot/1.2; +https://openai.com/gptbot)"
20.171.207.204 - - [09/Sep/2025:08:43:14 +0700] "GET /how-to-get-essays-online/ HTTP/1.0" 200 205542 "-" "Mozilla/5.0 AppleWebKit/537.36 (KHTML, like Gecko; compatible; GPTBot/1.2; +https://openai.com/gptbot)"
45.117.177.72 - - [09/Sep/2025:08:43:21 +0700] "POST /wp-cron.php?doing_wp_cron=1757382201.3140530586242675781250 HTTP/1.0" 200 416 "-" "WordPress/6.8.1; https://vattusacky.vn"
20.171.207.204 - - [09/Sep/2025:08:43:20 +0700] "GET /?p=9891 HTTP/1.0" 301 505 "-" "Mozilla/5.0 AppleWebKit/537.36 (KHTML, like Gecko; compatible; GPTBot/1.2; +https://openai.com/gptbot)"
20.171.207.204 - - [09/Sep/2025:08:43:21 +0700] "GET /one-in-especially-8-enhance-dating-sites-apps-you-should-try/ HTTP/1.0" 200 107580 "-" "Mozilla/5.0 AppleWebKit/537.36 (KHTML, like Gecko; compatible; GPTBot/1.2; +https://openai.com/gptbot)"
20.171.207.204 - - [09/Sep/2025:08:43:26 +0700] "GET /?p=7749 HTTP/1.0" 301 520 "-" "Mozilla/5.0 AppleWebKit/537.36 (KHTML, like Gecko; compatible; GPTBot/1.2; +https://openai.com/gptbot)"
20.171.207.204 - - [09/Sep/2025:08:43:27 +0700] "GET /omegle-vs-ometv-exploring-the-security-measures-in-face-to-face-video-chats/ HTTP/1.0" 200 92034 "-" "Mozilla/5.0 AppleWebKit/537.36 (KHTML, like Gecko; compatible; GPTBot/1.2; +https://openai.com/gptbot)"
20.171.207.204 - - [09/Sep/2025:08:43:34 +0700] "GET /?p=2499 HTTP/1.0" 301 470 "-" "Mozilla/5.0 AppleWebKit/537.36 (KHTML, like Gecko; compatible; GPTBot/1.2; +https://openai.com/gptbot)"
20.171.207.204 - - [09/Sep/2025:08:43:35 +0700] "GET /ways-to-get-a-sugar-daddy/ HTTP/1.0" 200 209162 "-" "Mozilla/5.0 AppleWebKit/537.36 (KHTML, like Gecko; compatible; GPTBot/1.2; +https://openai.com/gptbot)"
216.244.66.237 - - [09/Sep/2025:08:43:38 +0700] "GET /robots.txt HTTP/1.0" 200 984 "-" "Mozilla/5.0 (compatible; DotBot/1.2; +https://opensiteexplorer.org/dotbot; help@moz.com)"
20.171.207.204 - - [09/Sep/2025:08:43:40 +0700] "GET /vulkan-kazino-vulkan-oficialnyj-sajt-zerkalo/ HTTP/1.0" 200 243352 "-" "Mozilla/5.0 AppleWebKit/537.36 (KHTML, like Gecko; compatible; GPTBot/1.2; +https://openai.com/gptbot)"
20.171.207.204 - - [09/Sep/2025:08:43:44 +0700] "GET /don-ho-on-linkedin-dear-it-people-notepad-is-a-3/ HTTP/1.0" 200 210068 "-" "Mozilla/5.0 AppleWebKit/537.36 (KHTML, like Gecko; compatible; GPTBot/1.2; +https://openai.com/gptbot)"
20.171.207.204 - - [09/Sep/2025:08:43:48 +0700] "GET /6-symptoms-you-and-your-spouse-are-ready-for-a-pet/ HTTP/1.0" 200 210551 "-" "Mozilla/5.0 AppleWebKit/537.36 (KHTML, like Gecko; compatible; GPTBot/1.2; +https://openai.com/gptbot)"
45.117.177.72 - - [09/Sep/2025:08:43:53 +0700] "POST /wp-cron.php?doing_wp_cron=1757382233.8159940242767333984375 HTTP/1.0" 200 416 "-" "WordPress/6.8.1; https://vattusacky.vn"
20.171.207.204 - - [09/Sep/2025:08:43:52 +0700] "GET /omegle-vs-ometv-a-battle-of-user-engagement/ HTTP/1.0" 200 89680 "-" "Mozilla/5.0 AppleWebKit/537.36 (KHTML, like Gecko; compatible; GPTBot/1.2; +https://openai.com/gptbot)"
20.171.207.204 - - [09/Sep/2025:08:43:56 +0700] "GET /?p=3772 HTTP/1.0" 301 489 "-" "Mozilla/5.0 AppleWebKit/537.36 (KHTML, like Gecko; compatible; GPTBot/1.2; +https://openai.com/gptbot)"
20.171.207.204 - - [09/Sep/2025:08:43:58 +0700] "GET /vulkan-kazino-vulkan-oficialnyj-sajt-zerkalo/ HTTP/1.0" 200 243352 "-" "Mozilla/5.0 AppleWebKit/537.36 (KHTML, like Gecko; compatible; GPTBot/1.2; +https://openai.com/gptbot)"
20.171.207.204 - - [09/Sep/2025:08:44:04 +0700] "GET /anonymity-and-honesty-facilitating-genuine-conversations-on-omegle/ HTTP/1.0" 200 84227 "-" "Mozilla/5.0 AppleWebKit/537.36 (KHTML, like Gecko; compatible; GPTBot/1.2; +https://openai.com/gptbot)"
20.171.207.204 - - [09/Sep/2025:08:44:09 +0700] "GET /showcasing-unique-artistic-collaborations-stories-from-omegle-artists/ HTTP/1.0" 200 93541 "-" "Mozilla/5.0 AppleWebKit/537.36 (KHTML, like Gecko; compatible; GPTBot/1.2; +https://openai.com/gptbot)"
45.117.177.72 - - [09/Sep/2025:08:44:17 +0700] "POST /wp-cron.php?doing_wp_cron=1757382257.1859669685363769531250 HTTP/1.0" 200 416 "-" "WordPress/6.8.1; https://vattusacky.vn"
20.171.207.204 - - [09/Sep/2025:08:44:15 +0700] "GET /?p=3075 HTTP/1.0" 301 493 "-" "Mozilla/5.0 AppleWebKit/537.36 (KHTML, like Gecko; compatible; GPTBot/1.2; +https://openai.com/gptbot)"
20.171.207.204 - - [09/Sep/2025:08:44:17 +0700] "GET /don-ho-on-linkedin-dear-it-people-notepad-is-a-3/ HTTP/1.0" 200 210068 "-" "Mozilla/5.0 AppleWebKit/537.36 (KHTML, like Gecko; compatible; GPTBot/1.2; +https://openai.com/gptbot)"
20.171.207.204 - - [09/Sep/2025:08:44:22 +0700] "GET /your-five-signs-your-soulmate-is-approximately-to-enter-your-daily-life/ HTTP/1.0" 200 75571 "-" "Mozilla/5.0 AppleWebKit/537.36 (KHTML, like Gecko; compatible; GPTBot/1.2; +https://openai.com/gptbot)"
20.171.207.204 - - [09/Sep/2025:08:44:26 +0700] "GET /?p=6154 HTTP/1.0" 301 511 "-" "Mozilla/5.0 AppleWebKit/537.36 (KHTML, like Gecko; compatible; GPTBot/1.2; +https://openai.com/gptbot)"
20.171.207.204 - - [09/Sep/2025:08:44:27 +0700] "GET /anonymity-and-honesty-facilitating-genuine-conversations-on-omegle/ HTTP/1.0" 200 84227 "-" "Mozilla/5.0 AppleWebKit/537.36 (KHTML, like Gecko; compatible; GPTBot/1.2; +https://openai.com/gptbot)"
20.171.207.204 - - [09/Sep/2025:08:44:33 +0700] "GET /?p=8230 HTTP/1.0" 301 514 "-" "Mozilla/5.0 AppleWebKit/537.36 (KHTML, like Gecko; compatible; GPTBot/1.2; +https://openai.com/gptbot)"
20.171.207.204 - - [09/Sep/2025:08:44:34 +0700] "GET /showcasing-unique-artistic-collaborations-stories-from-omegle-artists/ HTTP/1.0" 200 93541 "-" "Mozilla/5.0 AppleWebKit/537.36 (KHTML, like Gecko; compatible; GPTBot/1.2; +https://openai.com/gptbot)"
20.171.207.204 - - [09/Sep/2025:08:44:39 +0700] "GET /?p=7731 HTTP/1.0" 301 488 "-" "Mozilla/5.0 AppleWebKit/537.36 (KHTML, like Gecko; compatible; GPTBot/1.2; +https://openai.com/gptbot)"
20.171.207.204 - - [09/Sep/2025:08:44:41 +0700] "GET /omegle-vs-ometv-a-battle-of-user-engagement/ HTTP/1.0" 200 89680 "-" "Mozilla/5.0 AppleWebKit/537.36 (KHTML, like Gecko; compatible; GPTBot/1.2; +https://openai.com/gptbot)"
20.171.207.204 - - [09/Sep/2025:08:44:45 +0700] "GET /?p=5952 HTTP/1.0" 301 516 "-" "Mozilla/5.0 AppleWebKit/537.36 (KHTML, like Gecko; compatible; GPTBot/1.2; +https://openai.com/gptbot)"
20.171.207.204 - - [09/Sep/2025:08:44:46 +0700] "GET /your-five-signs-your-soulmate-is-approximately-to-enter-your-daily-life/ HTTP/1.0" 200 75571 "-" "Mozilla/5.0 AppleWebKit/537.36 (KHTML, like Gecko; compatible; GPTBot/1.2; +https://openai.com/gptbot)"
20.171.207.204 - - [09/Sep/2025:08:44:50 +0700] "GET /fb-introduces-new-pages-for-partners/ HTTP/1.0" 200 206460 "-" "Mozilla/5.0 AppleWebKit/537.36 (KHTML, like Gecko; compatible; GPTBot/1.2; +https://openai.com/gptbot)"
20.171.207.204 - - [09/Sep/2025:08:44:53 +0700] "GET /best-of-latin-latina-dating-sites-to-find-mexican-colombian-singles/ HTTP/1.0" 200 87692 "-" "Mozilla/5.0 AppleWebKit/537.36 (KHTML, like Gecko; compatible; GPTBot/1.2; +https://openai.com/gptbot)"
20.171.207.204 - - [09/Sep/2025:08:44:57 +0700] "GET /unlocking-cultural-insights-through-omegles-cross-cultural-conversations/ HTTP/1.0" 200 92786 "-" "Mozilla/5.0 AppleWebKit/537.36 (KHTML, like Gecko; compatible; GPTBot/1.2; +https://openai.com/gptbot)"
20.171.207.204 - - [09/Sep/2025:08:45:01 +0700] "GET /omegle-and-language-learning-practicing-foreign-languages-through-conversations/ HTTP/1.0" 200 82043 "-" "Mozilla/5.0 AppleWebKit/537.36 (KHTML, like Gecko; compatible; GPTBot/1.2; +https://openai.com/gptbot)"
20.171.207.204 - - [09/Sep/2025:08:45:04 +0700] "GET /types-of-corporate-governance/ HTTP/1.0" 200 205335 "-" "Mozilla/5.0 AppleWebKit/537.36 (KHTML, like Gecko; compatible; GPTBot/1.2; +https://openai.com/gptbot)"
20.171.207.204 - - [09/Sep/2025:08:45:08 +0700] "GET /?p=3024 HTTP/1.0" 301 481 "-" "Mozilla/5.0 AppleWebKit/537.36 (KHTML, like Gecko; compatible; GPTBot/1.2; +https://openai.com/gptbot)"
20.171.207.204 - - [09/Sep/2025:08:45:10 +0700] "GET /fb-introduces-new-pages-for-partners/ HTTP/1.0" 200 206460 "-" "Mozilla/5.0 AppleWebKit/537.36 (KHTML, like Gecko; compatible; GPTBot/1.2; +https://openai.com/gptbot)"
20.171.207.204 - - [09/Sep/2025:08:45:13 +0700] "GET /?p=9864 HTTP/1.0" 301 512 "-" "Mozilla/5.0 AppleWebKit/537.36 (KHTML, like Gecko; compatible; GPTBot/1.2; +https://openai.com/gptbot)"
20.171.207.204 - - [09/Sep/2025:08:45:15 +0700] "GET /best-of-latin-latina-dating-sites-to-find-mexican-colombian-singles/ HTTP/1.0" 200 87692 "-" "Mozilla/5.0 AppleWebKit/537.36 (KHTML, like Gecko; compatible; GPTBot/1.2; +https://openai.com/gptbot)"
45.117.177.72 - - [09/Sep/2025:08:45:20 +0700] "POST /wp-cron.php?doing_wp_cron=1757382320.5414009094238281250000 HTTP/1.0" 200 416 "-" "WordPress/6.8.1; https://vattusacky.vn"
20.171.207.204 - - [09/Sep/2025:08:45:19 +0700] "GET /?p=9116 HTTP/1.0" 301 517 "-" "Mozilla/5.0 AppleWebKit/537.36 (KHTML, like Gecko; compatible; GPTBot/1.2; +https://openai.com/gptbot)"
20.171.207.204 - - [09/Sep/2025:08:45:20 +0700] "GET /unlocking-cultural-insights-through-omegles-cross-cultural-conversations/ HTTP/1.0" 200 92786 "-" "Mozilla/5.0 AppleWebKit/537.36 (KHTML, like Gecko; compatible; GPTBot/1.2; +https://openai.com/gptbot)"
104.244.73.43 - - [09/Sep/2025:08:45:24 +0700] "POST /xmlrpc.php HTTP/1.0" 200 956 "https://www.google.com/" "Mozilla/5.0 (Windows NT 10.0; Win64; x64) AppleWebKit/537.36 (KHTML, like Gecko) Chrome/81.0.4044.138 Safari/537.36"
20.171.207.204 - - [09/Sep/2025:08:45:25 +0700] "GET /?p=7352 HTTP/1.0" 301 524 "-" "Mozilla/5.0 AppleWebKit/537.36 (KHTML, like Gecko; compatible; GPTBot/1.2; +https://openai.com/gptbot)"
20.171.207.204 - - [09/Sep/2025:08:45:27 +0700] "GET /omegle-and-language-learning-practicing-foreign-languages-through-conversations/ HTTP/1.0" 200 82043 "-" "Mozilla/5.0 AppleWebKit/537.36 (KHTML, like Gecko; compatible; GPTBot/1.2; +https://openai.com/gptbot)"
20.171.207.204 - - [09/Sep/2025:08:45:30 +0700] "GET /?p=3579 HTTP/1.0" 301 474 "-" "Mozilla/5.0 AppleWebKit/537.36 (KHTML, like Gecko; compatible; GPTBot/1.2; +https://openai.com/gptbot)"
20.171.207.204 - - [09/Sep/2025:08:45:32 +0700] "GET /types-of-corporate-governance/ HTTP/1.0" 200 205335 "-" "Mozilla/5.0 AppleWebKit/537.36 (KHTML, like Gecko; compatible; GPTBot/1.2; +https://openai.com/gptbot)"
20.171.207.204 - - [09/Sep/2025:08:45:37 +0700] "GET /wp-content/uploads/2018/06/sibata.gif HTTP/1.0" 200 413 "-" "Mozilla/5.0 AppleWebKit/537.36 (KHTML, like Gecko; compatible; GPTBot/1.2; +https://openai.com/gptbot)"
20.171.207.204 - - [09/Sep/2025:08:45:39 +0700] "GET /phan-mem-nang-cao-https-tienapps-com-app-vay-tien-khong-tham-dinh-cho-chung-toi-duoi-14/ HTTP/1.0" 200 212154 "-" "Mozilla/5.0 AppleWebKit/537.36 (KHTML, like Gecko; compatible; GPTBot/1.2; +https://openai.com/gptbot)"
20.171.207.204 - - [09/Sep/2025:08:45:44 +0700] "GET /wp-content/uploads/2016/09/cropped-logo-vietnguyen2-32x32.png HTTP/1.0" 200 437 "-" "Mozilla/5.0 AppleWebKit/537.36 (KHTML, like Gecko; compatible; GPTBot/1.2; +https://openai.com/gptbot)"
20.171.207.204 - - [09/Sep/2025:08:45:47 +0700] "GET /sweet-bonanza-sweet-bonanza-oyna-bedava-sweet HTTP/1.0" 301 490 "-" "Mozilla/5.0 AppleWebKit/537.36 (KHTML, like Gecko; compatible; GPTBot/1.2; +https://openai.com/gptbot)"
20.171.207.204 - - [09/Sep/2025:08:45:48 +0700] "GET /sweet-bonanza-sweet-bonanza-oyna-bedava-sweet/ HTTP/1.0" 200 233199 "-" "Mozilla/5.0 AppleWebKit/537.36 (KHTML, like Gecko; compatible; GPTBot/1.2; +https://openai.com/gptbot)"
20.171.207.204 - - [09/Sep/2025:08:45:53 +0700] "GET /precisely-what-is-being-in-love/ HTTP/1.0" 200 207596 "-" "Mozilla/5.0 AppleWebKit/537.36 (KHTML, like Gecko; compatible; GPTBot/1.2; +https://openai.com/gptbot)"
87.250.224.129 - - [09/Sep/2025:08:45:57 +0700] "GET /category/top-chinese-dating-sites/ HTTP/1.0" 200 58903 "-" "Mozilla/5.0 (compatible; YandexBot/3.0; +http://yandex.com/bots)"
20.171.207.204 - - [09/Sep/2025:08:45:58 +0700] "GET /reporting-and-blocking-on-ometv/ HTTP/1.0" 200 89445 "-" "Mozilla/5.0 AppleWebKit/537.36 (KHTML, like Gecko; compatible; GPTBot/1.2; +https://openai.com/gptbot)"
20.171.207.204 - - [09/Sep/2025:08:46:02 +0700] "GET /craps-whirl-globe-wager-told-me/ HTTP/1.0" 200 211578 "-" "Mozilla/5.0 AppleWebKit/537.36 (KHTML, like Gecko; compatible; GPTBot/1.2; +https://openai.com/gptbot)"
20.171.207.204 - - [09/Sep/2025:08:46:06 +0700] "GET /happymatches-a-fresh-dating-internet-site-is-actually-rebooting-internet-dating/ HTTP/1.0" 200 217026 "-" "Mozilla/5.0 AppleWebKit/537.36 (KHTML, like Gecko; compatible; GPTBot/1.2; +https://openai.com/gptbot)"
20.171.207.204 - - [09/Sep/2025:08:46:09 +0700] "GET /?p=2692 HTTP/1.0" 301 532 "-" "Mozilla/5.0 AppleWebKit/537.36 (KHTML, like Gecko; compatible; GPTBot/1.2; +https://openai.com/gptbot)"
20.171.207.204 - - [09/Sep/2025:08:46:10 +0700] "GET /phan-mem-nang-cao-https-tienapps-com-app-vay-tien-khong-tham-dinh-cho-chung-toi-duoi-14/ HTTP/1.0" 200 212154 "-" "Mozilla/5.0 AppleWebKit/537.36 (KHTML, like Gecko; compatible; GPTBot/1.2; +https://openai.com/gptbot)"
85.208.96.212 - - [09/Sep/2025:08:46:13 +0700] "GET /is-best-to-kiss-your-date-over-a-first-day/ HTTP/1.0" 200 73098 "-" "Mozilla/5.0 (compatible; SemrushBot/7~bl; +http://www.semrush.com/bot.html)"
20.171.207.204 - - [09/Sep/2025:08:46:14 +0700] "GET /how-to-stay-safe-on-omegle/ HTTP/1.0" 200 89553 "-" "Mozilla/5.0 AppleWebKit/537.36 (KHTML, like Gecko; compatible; GPTBot/1.2; +https://openai.com/gptbot)"
45.117.177.72 - - [09/Sep/2025:08:46:20 +0700] "POST /wp-cron.php?doing_wp_cron=1757382380.1353890895843505859375 HTTP/1.0" 200 416 "-" "WordPress/6.8.1; https://vattusacky.vn"
20.171.207.204 - - [09/Sep/2025:08:46:18 +0700] "GET /?p=8137 HTTP/1.0" 301 476 "-" "Mozilla/5.0 AppleWebKit/537.36 (KHTML, like Gecko; compatible; GPTBot/1.2; +https://openai.com/gptbot)"
20.171.207.204 - - [09/Sep/2025:08:46:20 +0700] "GET /reporting-and-blocking-on-ometv/ HTTP/1.0" 200 89445 "-" "Mozilla/5.0 AppleWebKit/537.36 (KHTML, like Gecko; compatible; GPTBot/1.2; +https://openai.com/gptbot)"
20.171.207.204 - - [09/Sep/2025:08:46:24 +0700] "GET /?p=3213 HTTP/1.0" 301 524 "-" "Mozilla/5.0 AppleWebKit/537.36 (KHTML, like Gecko; compatible; GPTBot/1.2; +https://openai.com/gptbot)"
20.171.207.204 - - [09/Sep/2025:08:46:26 +0700] "GET /happymatches-a-fresh-dating-internet-site-is-actually-rebooting-internet-dating/ HTTP/1.0" 200 217026 "-" "Mozilla/5.0 AppleWebKit/537.36 (KHTML, like Gecko; compatible; GPTBot/1.2; +https://openai.com/gptbot)"
45.117.177.72 - - [09/Sep/2025:08:46:33 +0700] "POST /wp-cron.php?doing_wp_cron=1757382393.2332689762115478515625 HTTP/1.0" 200 416 "-" "WordPress/6.8.1; https://vattusacky.vn"
20.171.207.204 - - [09/Sep/2025:08:46:32 +0700] "GET /how-to-write-a-custom-essay/ HTTP/1.0" 200 205496 "-" "Mozilla/5.0 AppleWebKit/537.36 (KHTML, like Gecko; compatible; GPTBot/1.2; +https://openai.com/gptbot)"
20.171.207.204 - - [09/Sep/2025:08:46:36 +0700] "GET /?p=7091 HTTP/1.0" 301 471 "-" "Mozilla/5.0 AppleWebKit/537.36 (KHTML, like Gecko; compatible; GPTBot/1.2; +https://openai.com/gptbot)"
20.171.207.204 - - [09/Sep/2025:08:46:37 +0700] "GET /how-to-stay-safe-on-omegle/ HTTP/1.0" 200 89553 "-" "Mozilla/5.0 AppleWebKit/537.36 (KHTML, like Gecko; compatible; GPTBot/1.2; +https://openai.com/gptbot)"
20.171.207.204 - - [09/Sep/2025:08:46:40 +0700] "GET /easy-ways-to-find-your-wife/ HTTP/1.0" 200 207268 "-" "Mozilla/5.0 AppleWebKit/537.36 (KHTML, like Gecko; compatible; GPTBot/1.2; +https://openai.com/gptbot)"
20.171.207.204 - - [09/Sep/2025:08:46:45 +0700] "GET /risks-associated-with-ometv/ HTTP/1.0" 200 89922 "-" "Mozilla/5.0 AppleWebKit/537.36 (KHTML, like Gecko; compatible; GPTBot/1.2; +https://openai.com/gptbot)"
20.171.207.204 - - [09/Sep/2025:08:46:49 +0700] "GET /free-hookup-no-subscription/ HTTP/1.0" 200 205099 "-" "Mozilla/5.0 AppleWebKit/537.36 (KHTML, like Gecko; compatible; GPTBot/1.2; +https://openai.com/gptbot)"
20.171.207.204 - - [09/Sep/2025:08:46:53 +0700] "GET /avast-free-discussion-board/ HTTP/1.0" 200 205085 "-" "Mozilla/5.0 AppleWebKit/537.36 (KHTML, like Gecko; compatible; GPTBot/1.2; +https://openai.com/gptbot)"
20.171.207.204 - - [09/Sep/2025:08:46:57 +0700] "GET /adquiriendo-mas-alla-de-primero-fecha/ HTTP/1.0" 200 207292 "-" "Mozilla/5.0 AppleWebKit/537.36 (KHTML, like Gecko; compatible; GPTBot/1.2; +https://openai.com/gptbot)"
20.171.207.204 - - [09/Sep/2025:08:47:02 +0700] "GET /?p=3030 HTTP/1.0" 301 472 "-" "Mozilla/5.0 AppleWebKit/537.36 (KHTML, like Gecko; compatible; GPTBot/1.2; +https://openai.com/gptbot)"
20.171.207.204 - - [09/Sep/2025:08:47:03 +0700] "GET /easy-ways-to-find-your-wife/ HTTP/1.0" 200 207268 "-" "Mozilla/5.0 AppleWebKit/537.36 (KHTML, like Gecko; compatible; GPTBot/1.2; +https://openai.com/gptbot)"
20.171.207.204 - - [09/Sep/2025:08:47:07 +0700] "GET /?p=8152 HTTP/1.0" 301 472 "-" "Mozilla/5.0 AppleWebKit/537.36 (KHTML, like Gecko; compatible; GPTBot/1.2; +https://openai.com/gptbot)"
20.171.207.204 - - [09/Sep/2025:08:47:08 +0700] "GET /risks-associated-with-ometv/ HTTP/1.0" 200 89776 "-" "Mozilla/5.0 AppleWebKit/537.36 (KHTML, like Gecko; compatible; GPTBot/1.2; +https://openai.com/gptbot)"
20.171.207.204 - - [09/Sep/2025:08:47:12 +0700] "GET /?p=5071 HTTP/1.0" 301 472 "-" "Mozilla/5.0 AppleWebKit/537.36 (KHTML, like Gecko; compatible; GPTBot/1.2; +https://openai.com/gptbot)"
20.171.207.204 - - [09/Sep/2025:08:47:14 +0700] "GET /free-hookup-no-subscription/ HTTP/1.0" 200 205099 "-" "Mozilla/5.0 AppleWebKit/537.36 (KHTML, like Gecko; compatible; GPTBot/1.2; +https://openai.com/gptbot)"
45.117.177.72 - - [09/Sep/2025:08:47:19 +0700] "POST /wp-cron.php?doing_wp_cron=1757382439.7386009693145751953125 HTTP/1.0" 200 416 "-" "WordPress/6.8.1; https://vattusacky.vn"
20.171.207.204 - - [09/Sep/2025:08:47:18 +0700] "GET /?p=4767 HTTP/1.0" 301 472 "-" "Mozilla/5.0 AppleWebKit/537.36 (KHTML, like Gecko; compatible; GPTBot/1.2; +https://openai.com/gptbot)"
20.171.207.204 - - [09/Sep/2025:08:47:20 +0700] "GET /avast-free-discussion-board/ HTTP/1.0" 200 205085 "-" "Mozilla/5.0 AppleWebKit/537.36 (KHTML, like Gecko; compatible; GPTBot/1.2; +https://openai.com/gptbot)"
20.171.207.204 - - [09/Sep/2025:08:47:24 +0700] "GET /how-foreign-internet-dating-sites-can-help-you-fulfill-singles-all-over-the-world/ HTTP/1.0" 200 206138 "-" "Mozilla/5.0 AppleWebKit/537.36 (KHTML, like Gecko; compatible; GPTBot/1.2; +https://openai.com/gptbot)"
20.171.207.204 - - [09/Sep/2025:08:47:29 +0700] "GET /ideal-virtual-data-room-software-employ-cases-and-show-list/ HTTP/1.0" 200 206087 "-" "Mozilla/5.0 AppleWebKit/537.36 (KHTML, like Gecko; compatible; GPTBot/1.2; +https://openai.com/gptbot)"
20.171.207.204 - - [09/Sep/2025:08:47:34 +0700] "GET /scary-experiences-on-omegle/ HTTP/1.0" 200 88070 "-" "Mozilla/5.0 AppleWebKit/537.36 (KHTML, like Gecko; compatible; GPTBot/1.2; +https://openai.com/gptbot)"
20.171.207.204 - - [09/Sep/2025:08:47:38 +0700] "GET /?p=3217 HTTP/1.0" 301 482 "-" "Mozilla/5.0 AppleWebKit/537.36 (KHTML, like Gecko; compatible; GPTBot/1.2; +https://openai.com/gptbot)"
20.171.207.204 - - [09/Sep/2025:08:47:39 +0700] "GET /adquiriendo-mas-alla-de-primero-fecha/ HTTP/1.0" 200 207292 "-" "Mozilla/5.0 AppleWebKit/537.36 (KHTML, like Gecko; compatible; GPTBot/1.2; +https://openai.com/gptbot)"
20.171.207.204 - - [09/Sep/2025:08:47:43 +0700] "GET /?p=3896 HTTP/1.0" 301 526 "-" "Mozilla/5.0 AppleWebKit/537.36 (KHTML, like Gecko; compatible; GPTBot/1.2; +https://openai.com/gptbot)"
3.93.98.99 - - [09/Sep/2025:08:47:44 +0700] "GET /embracing-spontaneity-on-omegle-conversations-going-with-the-flow-and-staying-present/ HTTP/1.0" 200 90735 "-" "Mozilla/5.0 AppleWebKit/537.36 (KHTML, like Gecko; compatible; Amazonbot/0.1; +https://developer.amazon.com/support/amazonbot) Chrome/119.0.6045.214 Safari/537.36"
20.171.207.204 - - [09/Sep/2025:08:47:45 +0700] "GET /how-foreign-internet-dating-sites-can-help-you-fulfill-singles-all-over-the-world/ HTTP/1.0" 200 206138 "-" "Mozilla/5.0 AppleWebKit/537.36 (KHTML, like Gecko; compatible; GPTBot/1.2; +https://openai.com/gptbot)"
52.0.105.244 - - [09/Sep/2025:08:47:48 +0700] "GET /omegle-and-language-learning-practicing-foreign-languages-through-conversations/ HTTP/1.0" 200 82189 "-" "Mozilla/5.0 AppleWebKit/537.36 (KHTML, like Gecko; compatible; Amazonbot/0.1; +https://developer.amazon.com/support/amazonbot) Chrome/119.0.6045.214 Safari/537.36"
20.171.207.204 - - [09/Sep/2025:08:47:48 +0700] "GET /?p=3251 HTTP/1.0" 301 504 "-" "Mozilla/5.0 AppleWebKit/537.36 (KHTML, like Gecko; compatible; GPTBot/1.2; +https://openai.com/gptbot)"
20.171.207.204 - - [09/Sep/2025:08:47:50 +0700] "GET /ideal-virtual-data-room-software-employ-cases-and-show-list/ HTTP/1.0" 200 206087 "-" "Mozilla/5.0 AppleWebKit/537.36 (KHTML, like Gecko; compatible; GPTBot/1.2; +https://openai.com/gptbot)"
20.171.207.204 - - [09/Sep/2025:08:47:54 +0700] "GET /?p=8171 HTTP/1.0" 301 472 "-" "Mozilla/5.0 AppleWebKit/537.36 (KHTML, like Gecko; compatible; GPTBot/1.2; +https://openai.com/gptbot)"
20.171.207.204 - - [09/Sep/2025:08:47:55 +0700] "GET /scary-experiences-on-omegle/ HTTP/1.0" 200 88070 "-" "Mozilla/5.0 AppleWebKit/537.36 (KHTML, like Gecko; compatible; GPTBot/1.2; +https://openai.com/gptbot)"
20.171.207.204 - - [09/Sep/2025:08:47:58 +0700] "GET /risks-associated-with-omegle/ HTTP/1.0" 200 73700 "-" "Mozilla/5.0 AppleWebKit/537.36 (KHTML, like Gecko; compatible; GPTBot/1.2; +https://openai.com/gptbot)"
20.171.207.204 - - [09/Sep/2025:08:48:02 +0700] "GET /unlocking-discovery-adventures-in-omegles-serendipitous-conversations/ HTTP/1.0" 200 93566 "-" "Mozilla/5.0 AppleWebKit/537.36 (KHTML, like Gecko; compatible; GPTBot/1.2; +https://openai.com/gptbot)"
20.171.207.204 - - [09/Sep/2025:08:48:05 +0700] "GET /nurturing-meaningful-relationships-through-omegles-cosmic-connections/ HTTP/1.0" 200 92798 "-" "Mozilla/5.0 AppleWebKit/537.36 (KHTML, like Gecko; compatible; GPTBot/1.2; +https://openai.com/gptbot)"
20.171.207.204 - - [09/Sep/2025:08:48:09 +0700] "GET /asian-bride-in-the-united-states HTTP/1.0" 301 477 "-" "Mozilla/5.0 AppleWebKit/537.36 (KHTML, like Gecko; compatible; GPTBot/1.2; +https://openai.com/gptbot)"
20.171.207.204 - - [09/Sep/2025:08:48:11 +0700] "GET /asian-bride-in-the-united-states/ HTTP/1.0" 200 207839 "-" "Mozilla/5.0 AppleWebKit/537.36 (KHTML, like Gecko; compatible; GPTBot/1.2; +https://openai.com/gptbot)"
20.171.207.204 - - [09/Sep/2025:08:48:14 +0700] "GET /navigating-the-unknown-embracing-omegles-serendipitous-conversations/ HTTP/1.0" 200 91369 "-" "Mozilla/5.0 AppleWebKit/537.36 (KHTML, like Gecko; compatible; GPTBot/1.2; +https://openai.com/gptbot)"
45.117.177.72 - - [09/Sep/2025:08:48:20 +0700] "POST /wp-cron.php?doing_wp_cron=1757382500.7555379867553710937500 HTTP/1.0" 200 416 "-" "WordPress/6.8.1; https://vattusacky.vn"
20.171.207.204 - - [09/Sep/2025:08:48:19 +0700] "GET /redefining-artistic-partnerships-omegles-unique-collaborative-experience/ HTTP/1.0" 200 92444 "-" "Mozilla/5.0 AppleWebKit/537.36 (KHTML, like Gecko; compatible; GPTBot/1.2; +https://openai.com/gptbot)"
20.171.207.204 - - [09/Sep/2025:08:48:26 +0700] "GET /?p=8151 HTTP/1.0" 301 473 "-" "Mozilla/5.0 AppleWebKit/537.36 (KHTML, like Gecko; compatible; GPTBot/1.2; +https://openai.com/gptbot)"
20.171.207.204 - - [09/Sep/2025:08:48:27 +0700] "GET /risks-associated-with-omegle/ HTTP/1.0" 200 73700 "-" "Mozilla/5.0 AppleWebKit/537.36 (KHTML, like Gecko; compatible; GPTBot/1.2; +https://openai.com/gptbot)"
20.171.207.204 - - [09/Sep/2025:08:48:32 +0700] "GET /?p=9117 HTTP/1.0" 301 514 "-" "Mozilla/5.0 AppleWebKit/537.36 (KHTML, like Gecko; compatible; GPTBot/1.2; +https://openai.com/gptbot)"
20.171.207.204 - - [09/Sep/2025:08:48:34 +0700] "GET /unlocking-discovery-adventures-in-omegles-serendipitous-conversations/ HTTP/1.0" 200 93566 "-" "Mozilla/5.0 AppleWebKit/537.36 (KHTML, like Gecko; compatible; GPTBot/1.2; +https://openai.com/gptbot)"
100.24.167.60 - - [09/Sep/2025:08:48:35 +0700] "GET /how-to-protect-yourself-from-scams-on-ometv/ HTTP/1.0" 200 91019 "-" "Mozilla/5.0 AppleWebKit/537.36 (KHTML, like Gecko; compatible; Amazonbot/0.1; +https://developer.amazon.com/support/amazonbot) Chrome/119.0.6045.214 Safari/537.36"
44.193.115.232 - - [09/Sep/2025:08:48:39 +0700] "GET /the-role-of-empathy-in-reducing-online-harassment-and-bullying-on-omegle/ HTTP/1.0" 200 92782 "-" "Mozilla/5.0 AppleWebKit/537.36 (KHTML, like Gecko; compatible; Amazonbot/0.1; +https://developer.amazon.com/support/amazonbot) Chrome/119.0.6045.214 Safari/537.36"
20.171.207.204 - - [09/Sep/2025:08:48:39 +0700] "GET /?p=7283 HTTP/1.0" 301 514 "-" "Mozilla/5.0 AppleWebKit/537.36 (KHTML, like Gecko; compatible; GPTBot/1.2; +https://openai.com/gptbot)"
20.171.207.204 - - [09/Sep/2025:08:48:41 +0700] "GET /nurturing-meaningful-relationships-through-omegles-cosmic-connections/ HTTP/1.0" 200 92798 "-" "Mozilla/5.0 AppleWebKit/537.36 (KHTML, like Gecko; compatible; GPTBot/1.2; +https://openai.com/gptbot)"
34.205.170.13 - - [09/Sep/2025:08:48:43 +0700] "GET /safety-measures-for-vulnerable-individuals-on-omegle/ HTTP/1.0" 200 89023 "-" "Mozilla/5.0 AppleWebKit/537.36 (KHTML, like Gecko; compatible; Amazonbot/0.1; +https://developer.amazon.com/support/amazonbot) Chrome/119.0.6045.214 Safari/537.36"
20.171.207.204 - - [09/Sep/2025:08:48:47 +0700] "GET /?p=8126 HTTP/1.0" 301 517 "-" "Mozilla/5.0 AppleWebKit/537.36 (KHTML, like Gecko; compatible; GPTBot/1.2; +https://openai.com/gptbot)"
20.171.207.204 - - [09/Sep/2025:08:48:48 +0700] "GET /redefining-artistic-partnerships-omegles-unique-collaborative-experience/ HTTP/1.0" 200 92444 "-" "Mozilla/5.0 AppleWebKit/537.36 (KHTML, like Gecko; compatible; GPTBot/1.2; +https://openai.com/gptbot)"
20.171.207.204 - - [09/Sep/2025:08:48:54 +0700] "GET /celebrating-artistic-authenticity-omegles-influence-on-creative-expression HTTP/1.0" 301 519 "-" "Mozilla/5.0 AppleWebKit/537.36 (KHTML, like Gecko; compatible; GPTBot/1.2; +https://openai.com/gptbot)"
20.171.207.204 - - [09/Sep/2025:08:48:55 +0700] "GET /celebrating-artistic-authenticity-omegles-influence-on-creative-expression/ HTTP/1.0" 200 95005 "-" "Mozilla/5.0 AppleWebKit/537.36 (KHTML, like Gecko; compatible; GPTBot/1.2; +https://openai.com/gptbot)"
20.171.207.204 - - [09/Sep/2025:08:49:01 +0700] "GET /omegle-language-options-exploring-multilingual-chatting-possibilities/ HTTP/1.0" 200 87562 "-" "Mozilla/5.0 AppleWebKit/537.36 (KHTML, like Gecko; compatible; GPTBot/1.2; +https://openai.com/gptbot)"
45.61.187.44 - - [09/Sep/2025:08:49:02 +0700] "GET /wp-login.php HTTP/1.0" 200 11447 "-" "Mozilla/5.0 (compatible; MSIE 9.0; Windows NT 6.1; WOW64; Trident/5.0)"
20.171.207.204 - - [09/Sep/2025:08:49:06 +0700] "GET /celebrating-cultural-diversity-with-omegles-cross-cultural-connections/ HTTP/1.0" 200 90834 "-" "Mozilla/5.0 AppleWebKit/537.36 (KHTML, like Gecko; compatible; GPTBot/1.2; +https://openai.com/gptbot)"
20.171.207.204 - - [09/Sep/2025:08:49:12 +0700] "GET /serendipity-unleashed-embracing-the-surprises-of-omegles-serendipitous-encounters/ HTTP/1.0" 200 91038 "-" "Mozilla/5.0 AppleWebKit/537.36 (KHTML, like Gecko; compatible; GPTBot/1.2; +https://openai.com/gptbot)"
45.117.177.72 - - [09/Sep/2025:08:49:18 +0700] "POST /wp-cron.php?doing_wp_cron=1757382558.7724840641021728515625 HTTP/1.0" 200 416 "-" "WordPress/6.8.1; https://vattusacky.vn"
20.171.207.204 - - [09/Sep/2025:08:49:17 +0700] "GET /slushayte-svoikh-klientov-oni-rasskazhut-vam-vse-o-1-vin/ HTTP/1.0" 200 256871 "-" "Mozilla/5.0 AppleWebKit/537.36 (KHTML, like Gecko; compatible; GPTBot/1.2; +https://openai.com/gptbot)"
20.171.207.204 - - [09/Sep/2025:08:49:24 +0700] "GET /?p=7676 HTTP/1.0" 301 514 "-" "Mozilla/5.0 AppleWebKit/537.36 (KHTML, like Gecko; compatible; GPTBot/1.2; +https://openai.com/gptbot)"
20.171.207.204 - - [09/Sep/2025:08:49:25 +0700] "GET /omegle-language-options-exploring-multilingual-chatting-possibilities/ HTTP/1.0" 200 87562 "-" "Mozilla/5.0 AppleWebKit/537.36 (KHTML, like Gecko; compatible; GPTBot/1.2; +https://openai.com/gptbot)"
20.171.207.204 - - [09/Sep/2025:08:49:31 +0700] "GET /?p=6322 HTTP/1.0" 301 515 "-" "Mozilla/5.0 AppleWebKit/537.36 (KHTML, like Gecko; compatible; GPTBot/1.2; +https://openai.com/gptbot)"
20.171.207.204 - - [09/Sep/2025:08:49:34 +0700] "GET /celebrating-cultural-diversity-with-omegles-cross-cultural-connections/ HTTP/1.0" 200 90834 "-" "Mozilla/5.0 AppleWebKit/537.36 (KHTML, like Gecko; compatible; GPTBot/1.2; +https://openai.com/gptbot)"
20.171.207.204 - - [09/Sep/2025:08:49:41 +0700] "GET /?p=8210 HTTP/1.0" 301 526 "-" "Mozilla/5.0 AppleWebKit/537.36 (KHTML, like Gecko; compatible; GPTBot/1.2; +https://openai.com/gptbot)"
20.171.207.204 - - [09/Sep/2025:08:49:42 +0700] "GET /serendipity-unleashed-embracing-the-surprises-of-omegles-serendipitous-encounters/ HTTP/1.0" 200 91038 "-" "Mozilla/5.0 AppleWebKit/537.36 (KHTML, like Gecko; compatible; GPTBot/1.2; +https://openai.com/gptbot)"
20.171.207.204 - - [09/Sep/2025:08:49:53 +0700] "GET /mail-order-wedding-brides-discover-genuine-russian-and-ukrainian-ladies-for-matrimony/ HTTP/1.0" 200 77845 "-" "Mozilla/5.0 AppleWebKit/537.36 (KHTML, like Gecko; compatible; GPTBot/1.2; +https://openai.com/gptbot)"
20.171.207.204 - - [09/Sep/2025:08:49:58 +0700] "GET /otkroyte-dlya-sebya-mir-1-win-mesto-gde-igra-vstrechaetsya-s-profitom/ HTTP/1.0" 200 112058 "-" "Mozilla/5.0 AppleWebKit/537.36 (KHTML, like Gecko; compatible; GPTBot/1.2; +https://openai.com/gptbot)"
20.171.207.204 - - [09/Sep/2025:08:50:06 +0700] "GET /?p=7259 HTTP/1.0" 301 513 "-" "Mozilla/5.0 AppleWebKit/537.36 (KHTML, like Gecko; compatible; GPTBot/1.2; +https://openai.com/gptbot)"
20.171.207.204 - - [09/Sep/2025:08:50:07 +0700] "GET /navigating-the-unknown-embracing-omegles-serendipitous-conversations/ HTTP/1.0" 200 91369 "-" "Mozilla/5.0 AppleWebKit/537.36 (KHTML, like Gecko; compatible; GPTBot/1.2; +https://openai.com/gptbot)"
20.171.207.204 - - [09/Sep/2025:08:50:13 +0700] "GET /tips-on-how-to-use-1xbets-app-to-guess-on-esports-14 HTTP/1.0" 301 497 "-" "Mozilla/5.0 AppleWebKit/537.36 (KHTML, like Gecko; compatible; GPTBot/1.2; +https://openai.com/gptbot)"
20.171.207.204 - - [09/Sep/2025:08:50:14 +0700] "GET /tips-on-how-to-use-1xbets-app-to-guess-on-esports-14/ HTTP/1.0" 200 105388 "-" "Mozilla/5.0 AppleWebKit/537.36 (KHTML, like Gecko; compatible; GPTBot/1.2; +https://openai.com/gptbot)"
45.117.177.72 - - [09/Sep/2025:08:50:21 +0700] "POST /wp-cron.php?doing_wp_cron=1757382620.9926578998565673828125 HTTP/1.0" 200 416 "-" "WordPress/6.8.1; https://vattusacky.vn"
100.28.49.152 - - [09/Sep/2025:08:50:19 +0700] "GET /the-thrill-of-the-unexpected-omegles-appeal-to-users/ HTTP/1.0" 200 91371 "-" "Mozilla/5.0 AppleWebKit/537.36 (KHTML, like Gecko; compatible; Amazonbot/0.1; +https://developer.amazon.com/support/amazonbot) Chrome/119.0.6045.214 Safari/537.36"
20.171.207.204 - - [09/Sep/2025:08:50:21 +0700] "GET /?p=10311 HTTP/1.0" 301 530 "-" "Mozilla/5.0 AppleWebKit/537.36 (KHTML, like Gecko; compatible; GPTBot/1.2; +https://openai.com/gptbot)"
20.171.207.204 - - [09/Sep/2025:08:50:23 +0700] "GET /mail-order-wedding-brides-discover-genuine-russian-and-ukrainian-ladies-for-matrimony/ HTTP/1.0" 200 77845 "-" "Mozilla/5.0 AppleWebKit/537.36 (KHTML, like Gecko; compatible; GPTBot/1.2; +https://openai.com/gptbot)"
20.171.207.204 - - [09/Sep/2025:08:50:28 +0700] "GET /?p=5618 HTTP/1.0" 301 514 "-" "Mozilla/5.0 AppleWebKit/537.36 (KHTML, like Gecko; compatible; GPTBot/1.2; +https://openai.com/gptbot)"
20.171.207.204 - - [09/Sep/2025:08:50:30 +0700] "GET /otkroyte-dlya-sebya-mir-1-win-mesto-gde-igra-vstrechaetsya-s-profitom/ HTTP/1.0" 200 112058 "-" "Mozilla/5.0 AppleWebKit/537.36 (KHTML, like Gecko; compatible; GPTBot/1.2; +https://openai.com/gptbot)"
20.171.207.204 - - [09/Sep/2025:08:50:36 +0700] "GET /tips-on-how-to-use-1xbets-app-to-guess-on-esports-14/ HTTP/1.0" 200 105388 "-" "Mozilla/5.0 AppleWebKit/537.36 (KHTML, like Gecko; compatible; GPTBot/1.2; +https://openai.com/gptbot)"
20.171.207.204 - - [09/Sep/2025:08:50:40 +0700] "GET /the-impact-of-fake-profiles-on-omegle-user-privacy/ HTTP/1.0" 200 91358 "-" "Mozilla/5.0 AppleWebKit/537.36 (KHTML, like Gecko; compatible; GPTBot/1.2; +https://openai.com/gptbot)"
