52.169.238.187 - - [08/Sep/2025:07:13:09 +0700] "GET /autoload_classmap/function.php HTTP/1.0" 404 70666 "-" "-"
52.169.238.187 - - [08/Sep/2025:07:13:11 +0700] "GET /cgi-bin/xmrlpc.php HTTP/1.0" 404 575 "-" "-"
52.169.238.187 - - [08/Sep/2025:07:13:12 +0700] "GET /cgi-bin/file.php HTTP/1.0" 404 573 "-" "-"
52.169.238.187 - - [08/Sep/2025:07:13:12 +0700] "GET /backup.php HTTP/1.0" 403 571 "-" "-"
52.169.238.187 - - [08/Sep/2025:07:13:13 +0700] "GET /cache.php HTTP/1.0" 403 570 "-" "-"
52.169.238.187 - - [08/Sep/2025:07:13:13 +0700] "GET /cc.php HTTP/1.0" 403 567 "-" "-"
52.169.238.187 - - [08/Sep/2025:07:13:14 +0700] "GET /fw.php HTTP/1.0" 403 567 "-" "-"
52.169.238.187 - - [08/Sep/2025:07:13:14 +0700] "GET /gebase.php HTTP/1.0" 403 571 "-" "-"
52.169.238.187 - - [08/Sep/2025:07:13:14 +0700] "GET /makeasmtp.php HTTP/1.0" 403 574 "-" "-"
52.169.238.187 - - [08/Sep/2025:07:13:15 +0700] "GET /doc.php HTTP/1.0" 403 568 "-" "-"
52.169.238.187 - - [08/Sep/2025:07:13:15 +0700] "GET /e.php HTTP/1.0" 403 566 "-" "-"
52.169.238.187 - - [08/Sep/2025:07:13:16 +0700] "GET /f35.php HTTP/1.0" 403 568 "-" "-"
52.169.238.187 - - [08/Sep/2025:07:13:16 +0700] "GET /fi2.php HTTP/1.0" 403 568 "-" "-"
52.169.238.187 - - [08/Sep/2025:07:13:16 +0700] "GET /filemanager.php? HTTP/1.0" 403 576 "-" "-"
52.169.238.187 - - [08/Sep/2025:07:13:17 +0700] "GET /go.php HTTP/1.0" 403 567 "-" "-"
45.117.177.72 - - [08/Sep/2025:07:13:19 +0700] "POST /wp-cron.php?doing_wp_cron=1757290398.9212479591369628906250 HTTP/1.0" 200 416 "-" "WordPress/6.8.1; https://vattusacky.vn"
52.169.238.187 - - [08/Sep/2025:07:13:17 +0700] "GET /inputs.php HTTP/1.0" 404 70666 "-" "-"
52.169.238.187 - - [08/Sep/2025:07:13:20 +0700] "GET /alfa.php HTTP/1.0" 403 569 "-" "-"
52.169.238.187 - - [08/Sep/2025:07:13:20 +0700] "GET /ioxi-o.php HTTP/1.0" 403 571 "-" "-"
52.169.238.187 - - [08/Sep/2025:07:13:20 +0700] "GET /item.php HTTP/1.0" 403 569 "-" "-"
52.169.238.187 - - [08/Sep/2025:07:13:21 +0700] "GET /jp.php HTTP/1.0" 403 567 "-" "-"
52.169.238.187 - - [08/Sep/2025:07:13:21 +0700] "GET /load.php HTTP/1.0" 403 569 "-" "-"
52.169.238.187 - - [08/Sep/2025:07:13:22 +0700] "GET /1.php HTTP/1.0" 403 566 "-" "-"
52.169.238.187 - - [08/Sep/2025:07:13:22 +0700] "GET /13.php HTTP/1.0" 403 567 "-" "-"
52.169.238.187 - - [08/Sep/2025:07:13:23 +0700] "GET /lv.php HTTP/1.0" 403 567 "-" "-"
52.169.238.187 - - [08/Sep/2025:07:13:23 +0700] "GET /default.php HTTP/1.0" 403 572 "-" "-"
52.169.238.187 - - [08/Sep/2025:07:13:23 +0700] "GET /manager.php HTTP/1.0" 403 572 "-" "-"
52.169.238.187 - - [08/Sep/2025:07:13:24 +0700] "GET /mar.php HTTP/1.0" 403 568 "-" "-"
52.169.238.187 - - [08/Sep/2025:07:13:24 +0700] "GET /moon.php HTTP/1.0" 403 569 "-" "-"
52.169.238.187 - - [08/Sep/2025:07:13:25 +0700] "GET /new.php HTTP/1.0" 403 568 "-" "-"
52.169.238.187 - - [08/Sep/2025:07:13:25 +0700] "GET /NewFile.php HTTP/1.0" 403 572 "-" "-"
52.169.238.187 - - [08/Sep/2025:07:13:26 +0700] "GET /past.php HTTP/1.0" 403 569 "-" "-"
52.169.238.187 - - [08/Sep/2025:07:13:26 +0700] "GET /randkeyword.PhP7 HTTP/1.0" 404 70666 "-" "-"
52.169.238.187 - - [08/Sep/2025:07:13:28 +0700] "GET /shell.php HTTP/1.0" 403 570 "-" "-"
52.169.238.187 - - [08/Sep/2025:07:13:28 +0700] "GET /simple.php HTTP/1.0" 403 571 "-" "-"
52.169.238.187 - - [08/Sep/2025:07:13:29 +0700] "GET /cgi-bin/ HTTP/1.0" 403 569 "-" "-"
52.169.238.187 - - [08/Sep/2025:07:13:29 +0700] "GET /wp-trackback.php HTTP/1.0" 404 616 "-" "-"
52.169.238.187 - - [08/Sep/2025:07:13:31 +0700] "GET /updates.php HTTP/1.0" 403 572 "-" "-"
52.169.238.187 - - [08/Sep/2025:07:13:31 +0700] "GET /403.php HTTP/1.0" 403 568 "-" "-"
52.169.238.187 - - [08/Sep/2025:07:13:32 +0700] "GET /x.php HTTP/1.0" 403 566 "-" "-"
52.169.238.187 - - [08/Sep/2025:07:13:32 +0700] "GET /y.php HTTP/1.0" 403 566 "-" "-"
52.169.238.187 - - [08/Sep/2025:07:13:32 +0700] "GET /wp-content/autoload_classmap.php HTTP/1.0" 403 593 "-" "-"
52.169.238.187 - - [08/Sep/2025:07:13:33 +0700] "GET /wp-includes/ID3/index.php HTTP/1.0" 301 526 "-" "-"
52.169.238.187 - - [08/Sep/2025:07:13:34 +0700] "GET /wp-includes/ID3/ HTTP/1.0" 403 577 "-" "-"
52.169.238.187 - - [08/Sep/2025:07:13:35 +0700] "GET /wp-admin/function.php HTTP/1.0" 403 582 "-" "-"
52.169.238.187 - - [08/Sep/2025:07:13:35 +0700] "GET /.well-known/acme-challenge/muse.php HTTP/1.1" 404 146 "-" "-"
52.169.238.187 - - [08/Sep/2025:07:13:36 +0700] "GET /.well-known/pki-validation/about.php HTTP/1.1" 404 146 "-" "-"
52.169.238.187 - - [08/Sep/2025:07:13:36 +0700] "GET /wp-content/autoload_classmap.php HTTP/1.0" 403 593 "-" "-"
52.169.238.187 - - [08/Sep/2025:07:13:36 +0700] "GET /wp-content/index.php HTTP/1.0" 200 323 "-" "-"
52.169.238.187 - - [08/Sep/2025:07:13:37 +0700] "GET /wp-content/themes/about.php HTTP/1.0" 403 588 "-" "-"
52.169.238.187 - - [08/Sep/2025:07:13:37 +0700] "GET /wp-includes/Text/autoload_classmap.php HTTP/1.0" 403 599 "-" "-"
52.169.238.187 - - [08/Sep/2025:07:13:38 +0700] "GET /templates/protostar/index.php HTTP/1.0" 301 530 "-" "-"
52.169.238.187 - - [08/Sep/2025:07:13:39 +0700] "GET /templates/protostar/ HTTP/1.0" 404 70666 "-" "-"
52.169.238.187 - - [08/Sep/2025:07:13:41 +0700] "GET /wp-includes/pomo/wp-conflg.php HTTP/1.0" 403 591 "-" "-"
52.169.238.187 - - [08/Sep/2025:07:13:41 +0700] "GET /wp-admin/autoload_classmap.php HTTP/1.0" 403 591 "-" "-"
52.169.238.187 - - [08/Sep/2025:07:13:42 +0700] "GET /wp-includes/assets/autoload_classmap.php HTTP/1.0" 403 601 "-" "-"
52.169.238.187 - - [08/Sep/2025:07:13:42 +0700] "GET /wp-includes/style-engine/about.php HTTP/1.0" 403 595 "-" "-"
52.169.238.187 - - [08/Sep/2025:07:13:43 +0700] "GET /wp-includes/assets/index.php HTTP/1.0" 301 529 "-" "-"
52.169.238.187 - - [08/Sep/2025:07:13:44 +0700] "GET /wp-includes/assets/ HTTP/1.0" 403 580 "-" "-"
52.169.238.187 - - [08/Sep/2025:07:13:44 +0700] "GET /wp-includes/bk/index.php HTTP/1.0" 301 525 "-" "-"
52.169.238.187 - - [08/Sep/2025:07:13:46 +0700] "GET /wp-includes/bk/ HTTP/1.0" 404 70666 "-" "-"
52.169.238.187 - - [08/Sep/2025:07:13:48 +0700] "GET /wp-includes/blocks/shortcode/index.php HTTP/1.0" 301 539 "-" "-"
52.169.238.187 - - [08/Sep/2025:07:13:49 +0700] "GET /wp-includes/blocks/shortcode/ HTTP/1.0" 403 590 "-" "-"
52.169.238.187 - - [08/Sep/2025:07:13:50 +0700] "GET /wp-includes/css/dist/widgets/about.php HTTP/1.0" 403 599 "-" "-"
52.169.238.187 - - [08/Sep/2025:07:13:50 +0700] "GET /wp-includes/fonts/about.php HTTP/1.0" 403 588 "-" "-"
52.169.238.187 - - [08/Sep/2025:07:13:50 +0700] "GET /wp-includes/sitemaps/autoload_classmap.php HTTP/1.0" 403 603 "-" "-"
52.169.238.187 - - [08/Sep/2025:07:13:51 +0700] "GET /wp-admin/css/colors/blue/atomlib.php HTTP/1.0" 403 597 "-" "-"
52.169.238.187 - - [08/Sep/2025:07:13:51 +0700] "GET /wp-admin/js/autoload_classmap.php HTTP/1.0" 403 594 "-" "-"
52.169.238.187 - - [08/Sep/2025:07:13:52 +0700] "GET /wp-admin/includes/about.php HTTP/1.0" 403 588 "-" "-"
52.169.238.187 - - [08/Sep/2025:07:13:52 +0700] "GET /wp-includes/js/jcrop/Jcrop.php HTTP/1.0" 403 591 "-" "-"
52.169.238.187 - - [08/Sep/2025:07:13:53 +0700] "GET /wp-admin/js/index.php HTTP/1.0" 301 522 "-" "-"
52.169.238.187 - - [08/Sep/2025:07:13:54 +0700] "GET /wp-admin/js/ HTTP/1.0" 403 573 "-" "-"
52.169.238.187 - - [08/Sep/2025:07:13:54 +0700] "GET /wp-admin/js/wp-login.php HTTP/1.0" 404 70666 "-" "-"
52.169.238.187 - - [08/Sep/2025:07:13:56 +0700] "GET /wp-admin/maint/index.php HTTP/1.0" 301 525 "-" "-"
52.169.238.187 - - [08/Sep/2025:07:13:58 +0700] "GET /wp-admin/maint/ HTTP/1.0" 403 576 "-" "-"
52.169.238.187 - - [08/Sep/2025:07:13:58 +0700] "GET /wp-content/plugins/WordPressCore/cong.php HTTP/1.0" 404 70666 "-" "-"
52.169.238.187 - - [08/Sep/2025:07:14:00 +0700] "GET /wp-content/admin.php HTTP/1.0" 404 70666 "-" "-"
52.169.238.187 - - [08/Sep/2025:07:14:03 +0700] "GET /wp-content/plugins/index.php HTTP/1.0" 200 323 "-" "-"
52.169.238.187 - - [08/Sep/2025:07:14:03 +0700] "GET /wp-content/plugins/wp-conflg.php HTTP/1.0" 403 593 "-" "-"
52.169.238.187 - - [08/Sep/2025:07:14:03 +0700] "GET /wp-content/index.php HTTP/1.0" 200 323 "-" "-"
52.169.238.187 - - [08/Sep/2025:07:14:04 +0700] "GET /wp-content/themes/about.php HTTP/1.0" 403 588 "-" "-"
20.171.207.254 - - [08/Sep/2025:07:14:03 +0700] "GET /?p=9228 HTTP/1.0" 301 491 "-" "Mozilla/5.0 AppleWebKit/537.36 (KHTML, like Gecko; compatible; GPTBot/1.2; +https://openai.com/gptbot)"
52.169.238.187 - - [08/Sep/2025:07:14:04 +0700] "GET /wp-content/themes/admin.php HTTP/1.0" 404 70666 "-" "-"
20.171.207.254 - - [08/Sep/2025:07:14:04 +0700] "GET /witty-and-entertaining-omegle-chats-gone-wrong/ HTTP/1.0" 200 92033 "-" "Mozilla/5.0 AppleWebKit/537.36 (KHTML, like Gecko; compatible; GPTBot/1.2; +https://openai.com/gptbot)"
52.169.238.187 - - [08/Sep/2025:07:14:06 +0700] "GET /wp-content/themes/index.php HTTP/1.0" 200 323 "-" "-"
52.169.238.187 - - [08/Sep/2025:07:14:07 +0700] "GET /wp-content/themes/themes.php HTTP/1.0" 404 70666 "-" "-"
52.169.238.187 - - [08/Sep/2025:07:14:09 +0700] "GET /wp-content/themes/twentytwentytwo/index.php HTTP/1.0" 301 544 "-" "-"
52.169.238.187 - - [08/Sep/2025:07:14:10 +0700] "GET /wp-content/themes/twentytwentytwo/ HTTP/1.0" 404 70666 "-" "-"
52.169.238.187 - - [08/Sep/2025:07:14:12 +0700] "GET /wp-content/upgrade/index.php HTTP/1.0" 301 529 "-" "-"
52.169.238.187 - - [08/Sep/2025:07:14:14 +0700] "GET /wp-content/upgrade/ HTTP/1.0" 403 580 "-" "-"
52.169.238.187 - - [08/Sep/2025:07:14:14 +0700] "GET /wp-content/uploads/de_fb_uploads/b.php HTTP/1.0" 404 70666 "-" "-"
45.117.177.72 - - [08/Sep/2025:07:14:18 +0700] "POST /wp-cron.php?doing_wp_cron=1757290458.2002830505371093750000 HTTP/1.0" 200 416 "-" "WordPress/6.8.1; https://vattusacky.vn"
52.169.238.187 - - [08/Sep/2025:07:14:16 +0700] "GET /wp-content/uploads/index.php HTTP/1.0" 301 529 "-" "-"
52.169.238.187 - - [08/Sep/2025:07:14:18 +0700] "GET /wp-content/uploads/ HTTP/1.0" 403 580 "-" "-"
52.169.238.187 - - [08/Sep/2025:07:14:19 +0700] "GET /wp-includes/SimplePie/autoload_classmap.php HTTP/1.0" 403 604 "-" "-"
52.169.238.187 - - [08/Sep/2025:07:14:19 +0700] "GET /wp-includes/IXR/admin.php HTTP/1.0" 404 70666 "-" "-"
52.169.238.187 - - [08/Sep/2025:07:14:21 +0700] "GET /wp-includes/404.php HTTP/1.0" 403 580 "-" "-"
52.169.238.187 - - [08/Sep/2025:07:14:22 +0700] "GET /wp-admin/css/colors/midnight/ HTTP/1.0" 403 590 "-" "-"
52.169.238.187 - - [08/Sep/2025:07:14:22 +0700] "GET /admin/uploads/ HTTP/1.0" 404 70666 "-" "-"
52.169.238.187 - - [08/Sep/2025:07:14:24 +0700] "GET /.tmb/ HTTP/1.0" 404 70666 "-" "-"
20.171.207.254 - - [08/Sep/2025:07:14:24 +0700] "GET /slot-gacor-mitos-atau-fakta-temukan-jawabannya/ HTTP/1.0" 200 64940 "-" "Mozilla/5.0 AppleWebKit/537.36 (KHTML, like Gecko; compatible; GPTBot/1.2; +https://openai.com/gptbot)"
52.169.238.187 - - [08/Sep/2025:07:14:26 +0700] "GET /shop/ HTTP/1.0" 200 172273 "-" "-"
52.169.238.187 - - [08/Sep/2025:07:14:29 +0700] "GET /wp-admin/ HTTP/1.0" 302 573 "-" "-"
52.169.238.187 - - [08/Sep/2025:07:14:30 +0700] "GET /wp-login.php?redirect_to=https%3A%2F%2Fvattusacky.vn%2Fwp-admin%2F&reauth=1 HTTP/1.0" 200 13395 "-" "-"
52.169.238.187 - - [08/Sep/2025:07:14:32 +0700] "GET /wp-admin/css/ HTTP/1.0" 403 574 "-" "-"
52.169.238.187 - - [08/Sep/2025:07:14:32 +0700] "GET /wp-admin/css/colors/ectoplasm/ HTTP/1.0" 403 591 "-" "-"
52.169.238.187 - - [08/Sep/2025:07:14:33 +0700] "GET /wp-admin/js/ HTTP/1.0" 403 573 "-" "-"
52.169.238.187 - - [08/Sep/2025:07:14:33 +0700] "GET /wp-admin/js/widgets/ HTTP/1.0" 403 581 "-" "-"
52.169.238.187 - - [08/Sep/2025:07:14:34 +0700] "GET /wp-admin/maint/ HTTP/1.0" 403 576 "-" "-"
52.169.238.187 - - [08/Sep/2025:07:14:34 +0700] "GET /wp-content/ HTTP/1.0" 200 323 "-" "-"
52.169.238.187 - - [08/Sep/2025:07:14:35 +0700] "GET /wp-content/mu-plugins-old/ HTTP/1.0" 404 70666 "-" "-"
52.169.238.187 - - [08/Sep/2025:07:14:37 +0700] "GET /wp-content/themes/ HTTP/1.0" 200 323 "-" "-"
52.169.238.187 - - [08/Sep/2025:07:14:37 +0700] "GET /wp-content/uploads/ HTTP/1.0" 403 580 "-" "-"
52.169.238.187 - - [08/Sep/2025:07:14:37 +0700] "GET /wp-includes/ HTTP/1.0" 403 573 "-" "-"
52.169.238.187 - - [08/Sep/2025:07:14:38 +0700] "GET /wp-includes/ID3/ HTTP/1.0" 403 577 "-" "-"
52.169.238.187 - - [08/Sep/2025:07:14:38 +0700] "GET /wp-includes/IXR/ HTTP/1.0" 403 577 "-" "-"
52.169.238.187 - - [08/Sep/2025:07:14:39 +0700] "GET /wp-includes/PHPMailer/ HTTP/1.0" 403 583 "-" "-"
52.169.238.187 - - [08/Sep/2025:07:14:39 +0700] "GET /wp-includes/Requests/Cookie/ HTTP/1.0" 404 70666 "-" "-"
52.169.238.187 - - [08/Sep/2025:07:14:41 +0700] "GET /wp-includes/Requests/Response/ HTTP/1.0" 404 70666 "-" "-"
52.169.238.187 - - [08/Sep/2025:07:14:43 +0700] "GET /wp-includes/SimplePie/ HTTP/1.0" 403 583 "-" "-"
52.169.238.187 - - [08/Sep/2025:07:14:43 +0700] "GET /wp-includes/Text/Diff/ HTTP/1.0" 403 583 "-" "-"
52.169.238.187 - - [08/Sep/2025:07:14:44 +0700] "GET /wp-includes/Text/Diff/Renderer/ HTTP/1.0" 403 592 "-" "-"
52.169.238.187 - - [08/Sep/2025:07:14:44 +0700] "GET /wp-includes/assets/ HTTP/1.0" 403 580 "-" "-"
52.169.238.187 - - [08/Sep/2025:07:14:45 +0700] "GET /wp-includes/block-bindings/ HTTP/1.0" 403 588 "-" "-"
52.169.238.187 - - [08/Sep/2025:07:14:45 +0700] "GET /wp-includes/certificates/ HTTP/1.0" 403 586 "-" "-"
52.169.238.187 - - [08/Sep/2025:07:14:45 +0700] "GET /wp-includes/css/ HTTP/1.0" 403 577 "-" "-"
20.171.207.254 - - [08/Sep/2025:07:14:44 +0700] "GET /the-future-of-random-chats-omegles-visionary-take/ HTTP/1.0" 200 80855 "-" "Mozilla/5.0 AppleWebKit/537.36 (KHTML, like Gecko; compatible; GPTBot/1.2; +https://openai.com/gptbot)"
52.169.238.187 - - [08/Sep/2025:07:14:46 +0700] "GET /wp-includes/customize/ HTTP/1.0" 403 583 "-" "-"
52.169.238.187 - - [08/Sep/2025:07:14:46 +0700] "GET /wp-includes/html-api/ HTTP/1.0" 403 582 "-" "-"
52.169.238.187 - - [08/Sep/2025:07:14:47 +0700] "GET /wp-includes/images/ HTTP/1.0" 403 580 "-" "-"
52.169.238.187 - - [08/Sep/2025:07:14:47 +0700] "GET /wp-includes/images/smilies/ HTTP/1.0" 403 588 "-" "-"
52.169.238.187 - - [08/Sep/2025:07:14:48 +0700] "GET /wp-includes/rest-api/ HTTP/1.0" 403 582 "-" "-"
52.169.238.187 - - [08/Sep/2025:07:14:48 +0700] "GET /wp-includes/rest-api/endpoints/ HTTP/1.0" 403 592 "-" "-"
52.169.238.187 - - [08/Sep/2025:07:14:48 +0700] "GET /wp-includes/rest-api/fields/ HTTP/1.0" 403 589 "-" "-"
52.169.238.187 - - [08/Sep/2025:07:14:49 +0700] "GET /wp-includes/rest-api/search/ HTTP/1.0" 403 589 "-" "-"
52.169.238.187 - - [08/Sep/2025:07:14:49 +0700] "GET /wp-includes/sitemaps/ HTTP/1.0" 403 582 "-" "-"
52.169.238.187 - - [08/Sep/2025:07:14:50 +0700] "GET /wp-includes/sitemaps/providers/ HTTP/1.0" 403 592 "-" "-"
52.169.238.187 - - [08/Sep/2025:07:14:50 +0700] "GET /wp-includes/sodium_compat/ HTTP/1.0" 403 587 "-" "-"
52.169.238.187 - - [08/Sep/2025:07:14:50 +0700] "GET /wp-includes/sodium_compat/src/ HTTP/1.0" 403 591 "-" "-"
52.169.238.187 - - [08/Sep/2025:07:14:51 +0700] "GET /wp-includes/style-engine/ HTTP/1.0" 403 586 "-" "-"
20.171.207.254 - - [08/Sep/2025:07:15:03 +0700] "GET /unveiling-the-reality-of-anonymity-on-omegle/ HTTP/1.0" 200 89069 "-" "Mozilla/5.0 AppleWebKit/537.36 (KHTML, like Gecko; compatible; GPTBot/1.2; +https://openai.com/gptbot)"
45.117.177.72 - - [08/Sep/2025:07:15:21 +0700] "POST /wp-cron.php?doing_wp_cron=1757290520.8602468967437744140625 HTTP/1.0" 200 416 "-" "WordPress/6.8.1; https://vattusacky.vn"
20.171.207.254 - - [08/Sep/2025:07:15:19 +0700] "GET /why-building-networks-on-omegle-and-ometv-is-important/ HTTP/1.0" 200 92456 "-" "Mozilla/5.0 AppleWebKit/537.36 (KHTML, like Gecko; compatible; GPTBot/1.2; +https://openai.com/gptbot)"
35.168.238.50 - - [08/Sep/2025:07:15:38 +0700] "GET /the-very-best-places-for-the-purpose-of-dating-in-arizona/ HTTP/1.0" 200 208421 "-" "Mozilla/5.0 AppleWebKit/537.36 (KHTML, like Gecko; compatible; Amazonbot/0.1; +https://developer.amazon.com/support/amazonbot) Chrome/119.0.6045.214 Safari/537.36"
20.171.207.254 - - [08/Sep/2025:07:15:44 +0700] "GET /the-psychology-behind-omegle-what-draws-people-in/ HTTP/1.0" 200 90274 "-" "Mozilla/5.0 AppleWebKit/537.36 (KHTML, like Gecko; compatible; GPTBot/1.2; +https://openai.com/gptbot)"
20.171.207.254 - - [08/Sep/2025:07:16:11 +0700] "GET /?p=8232 HTTP/1.0" 301 504 "-" "Mozilla/5.0 AppleWebKit/537.36 (KHTML, like Gecko; compatible; GPTBot/1.2; +https://openai.com/gptbot)"
20.171.207.254 - - [08/Sep/2025:07:16:12 +0700] "GET /side-splitting-omegle-chat-fails-and-funny-prank-encounters/ HTTP/1.0" 200 87288 "-" "Mozilla/5.0 AppleWebKit/537.36 (KHTML, like Gecko; compatible; GPTBot/1.2; +https://openai.com/gptbot)"
45.117.177.72 - - [08/Sep/2025:07:16:57 +0700] "POST /wp-cron.php?doing_wp_cron=1757290617.3956980705261230468750 HTTP/1.0" 200 416 "-" "WordPress/6.8.1; https://vattusacky.vn"
20.171.207.254 - - [08/Sep/2025:07:16:56 +0700] "GET /?p=11089 HTTP/1.0" 301 491 "-" "Mozilla/5.0 AppleWebKit/537.36 (KHTML, like Gecko; compatible; GPTBot/1.2; +https://openai.com/gptbot)"
20.171.207.254 - - [08/Sep/2025:07:16:57 +0700] "GET /slot-gacor-mitos-atau-fakta-temukan-jawabannya/ HTTP/1.0" 200 64940 "-" "Mozilla/5.0 AppleWebKit/537.36 (KHTML, like Gecko; compatible; GPTBot/1.2; +https://openai.com/gptbot)"
45.117.177.72 - - [08/Sep/2025:07:17:40 +0700] "POST /wp-cron.php?doing_wp_cron=1757290660.3071410655975341796875 HTTP/1.0" 200 416 "-" "WordPress/6.8.1; https://vattusacky.vn"
20.171.207.254 - - [08/Sep/2025:07:17:39 +0700] "GET /tips-and-tricks-for-using-omegle-and-ometv-effectively/ HTTP/1.0" 200 92802 "-" "Mozilla/5.0 AppleWebKit/537.36 (KHTML, like Gecko; compatible; GPTBot/1.2; +https://openai.com/gptbot)"
65.38.25.38 - - [08/Sep/2025:07:17:47 +0700] "POST /xmlrpc.php HTTP/1.0" 200 956 "-" "Mozilla/5.0 (Windows NT 10.0; Win64; x64; rv:66.0) Gecko/20100101 Firefox/66.0"
20.171.207.254 - - [08/Sep/2025:07:17:56 +0700] "GET /?p=7042 HTTP/1.0" 301 494 "-" "Mozilla/5.0 AppleWebKit/537.36 (KHTML, like Gecko; compatible; GPTBot/1.2; +https://openai.com/gptbot)"
20.171.207.254 - - [08/Sep/2025:07:17:58 +0700] "GET /how-omegles-anonymity-adds-to-the-surprise-factor/ HTTP/1.0" 200 91312 "-" "Mozilla/5.0 AppleWebKit/537.36 (KHTML, like Gecko; compatible; GPTBot/1.2; +https://openai.com/gptbot)"
20.171.207.254 - - [08/Sep/2025:07:18:13 +0700] "GET /omegle-vs-chatroulette-a-comparison-of-chat-platforms/ HTTP/1.0" 200 91973 "-" "Mozilla/5.0 AppleWebKit/537.36 (KHTML, like Gecko; compatible; GPTBot/1.2; +https://openai.com/gptbot)"
45.117.177.72 - - [08/Sep/2025:07:18:33 +0700] "POST /wp-cron.php?doing_wp_cron=1757290712.9922420978546142578125 HTTP/1.0" 200 416 "-" "WordPress/6.8.1; https://vattusacky.vn"
20.171.207.254 - - [08/Sep/2025:07:18:31 +0700] "GET /?p=7295 HTTP/1.0" 301 491 "-" "Mozilla/5.0 AppleWebKit/537.36 (KHTML, like Gecko; compatible; GPTBot/1.2; +https://openai.com/gptbot)"
20.171.207.254 - - [08/Sep/2025:07:18:33 +0700] "GET /omegle-adventures-a-window-into-unknown-worlds/ HTTP/1.0" 200 90779 "-" "Mozilla/5.0 AppleWebKit/537.36 (KHTML, like Gecko; compatible; GPTBot/1.2; +https://openai.com/gptbot)"
20.171.207.254 - - [08/Sep/2025:07:18:45 +0700] "GET /?p=8489 HTTP/1.0" 301 494 "-" "Mozilla/5.0 AppleWebKit/537.36 (KHTML, like Gecko; compatible; GPTBot/1.2; +https://openai.com/gptbot)"
20.171.207.254 - - [08/Sep/2025:07:18:46 +0700] "GET /the-future-of-random-chats-omegles-visionary-take/ HTTP/1.0" 200 80855 "-" "Mozilla/5.0 AppleWebKit/537.36 (KHTML, like Gecko; compatible; GPTBot/1.2; +https://openai.com/gptbot)"
20.171.207.254 - - [08/Sep/2025:07:18:58 +0700] "GET /?p=9226 HTTP/1.0" 301 499 "-" "Mozilla/5.0 AppleWebKit/537.36 (KHTML, like Gecko; compatible; GPTBot/1.2; +https://openai.com/gptbot)"
20.171.207.254 - - [08/Sep/2025:07:18:59 +0700] "GET /why-building-networks-on-omegle-and-ometv-is-important/ HTTP/1.0" 200 92456 "-" "Mozilla/5.0 AppleWebKit/537.36 (KHTML, like Gecko; compatible; GPTBot/1.2; +https://openai.com/gptbot)"
45.117.177.72 - - [08/Sep/2025:07:19:21 +0700] "POST /wp-cron.php?doing_wp_cron=1757290761.4533081054687500000000 HTTP/1.0" 200 416 "-" "WordPress/6.8.1; https://vattusacky.vn"
52.167.144.161 - - [08/Sep/2025:07:19:20 +0700] "GET /adapting-to-communication-preferences-video-vs-text-on-omegle-and-ometv/ HTTP/1.0" 200 91703 "-" "Mozilla/5.0 AppleWebKit/537.36 (KHTML, like Gecko; compatible; bingbot/2.0; +http://www.bing.com/bingbot.htm) Chrome/116.0.1938.76 Safari/537.36"
185.191.171.13 - - [08/Sep/2025:07:19:47 +0700] "GET /1xbet-zerkalo-dostupnye-frispiny-kazino-sloty/ HTTP/1.0" 200 218934 "-" "Mozilla/5.0 (compatible; SemrushBot/7~bl; +http://www.semrush.com/bot.html)"
45.117.177.72 - - [08/Sep/2025:07:20:58 +0700] "POST /wp-cron.php?doing_wp_cron=1757290858.2012739181518554687500 HTTP/1.0" 200 416 "-" "WordPress/6.8.1; https://vattusacky.vn"
20.171.207.254 - - [08/Sep/2025:07:20:56 +0700] "GET /?p=9171 HTTP/1.0" 301 489 "-" "Mozilla/5.0 AppleWebKit/537.36 (KHTML, like Gecko; compatible; GPTBot/1.2; +https://openai.com/gptbot)"
20.171.207.254 - - [08/Sep/2025:07:20:58 +0700] "GET /unveiling-the-reality-of-anonymity-on-omegle/ HTTP/1.0" 200 89069 "-" "Mozilla/5.0 AppleWebKit/537.36 (KHTML, like Gecko; compatible; GPTBot/1.2; +https://openai.com/gptbot)"
45.117.177.72 - - [08/Sep/2025:07:21:40 +0700] "POST /wp-cron.php?doing_wp_cron=1757290899.9451749324798583984375 HTTP/1.0" 200 416 "-" "WordPress/6.8.1; https://vattusacky.vn"
20.171.207.254 - - [08/Sep/2025:07:21:38 +0700] "GET /?p=8744 HTTP/1.0" 301 494 "-" "Mozilla/5.0 AppleWebKit/537.36 (KHTML, like Gecko; compatible; GPTBot/1.2; +https://openai.com/gptbot)"
20.171.207.254 - - [08/Sep/2025:07:21:40 +0700] "GET /the-psychology-behind-omegle-what-draws-people-in/ HTTP/1.0" 200 90274 "-" "Mozilla/5.0 AppleWebKit/537.36 (KHTML, like Gecko; compatible; GPTBot/1.2; +https://openai.com/gptbot)"
20.171.207.254 - - [08/Sep/2025:07:21:57 +0700] "GET /the-future-of-omegle-innovations-and-challenges-ahead/ HTTP/1.0" 200 91612 "-" "Mozilla/5.0 AppleWebKit/537.36 (KHTML, like Gecko; compatible; GPTBot/1.2; +https://openai.com/gptbot)"
20.171.207.254 - - [08/Sep/2025:07:22:11 +0700] "GET /how-to-make-ometv-conversations-more-meaningful/ HTTP/1.0" 200 89705 "-" "Mozilla/5.0 AppleWebKit/537.36 (KHTML, like Gecko; compatible; GPTBot/1.2; +https://openai.com/gptbot)"
20.171.207.254 - - [08/Sep/2025:07:22:26 +0700] "GET /omegle-and-ometv-for-sharing-travel-experiences/ HTTP/1.0" 200 91530 "-" "Mozilla/5.0 AppleWebKit/537.36 (KHTML, like Gecko; compatible; GPTBot/1.2; +https://openai.com/gptbot)"
20.171.207.254 - - [08/Sep/2025:07:23:09 +0700] "GET /how-omegle-has-influenced-online-dating-culture/ HTTP/1.0" 200 91187 "-" "Mozilla/5.0 AppleWebKit/537.36 (KHTML, like Gecko; compatible; GPTBot/1.2; +https://openai.com/gptbot)"
20.171.207.254 - - [08/Sep/2025:07:24:02 +0700] "GET /omegles-reputation-and-popularity-a-closer-look/ HTTP/1.0" 200 92313 "-" "Mozilla/5.0 AppleWebKit/537.36 (KHTML, like Gecko; compatible; GPTBot/1.2; +https://openai.com/gptbot)"
20.171.207.254 - - [08/Sep/2025:07:25:01 +0700] "GET /?p=9012 HTTP/1.0" 301 499 "-" "Mozilla/5.0 AppleWebKit/537.36 (KHTML, like Gecko; compatible; GPTBot/1.2; +https://openai.com/gptbot)"
45.117.177.72 - - [08/Sep/2025:07:25:04 +0700] "POST /wp-cron.php?doing_wp_cron=1757291104.5137588977813720703125 HTTP/1.0" 200 416 "-" "WordPress/6.8.1; https://vattusacky.vn"
20.171.207.254 - - [08/Sep/2025:07:25:03 +0700] "GET /tips-and-tricks-for-using-omegle-and-ometv-effectively/ HTTP/1.0" 200 92802 "-" "Mozilla/5.0 AppleWebKit/537.36 (KHTML, like Gecko; compatible; GPTBot/1.2; +https://openai.com/gptbot)"
45.117.177.72 - - [08/Sep/2025:07:25:21 +0700] "POST /wp-cron.php?doing_wp_cron=1757291121.0732131004333496093750 HTTP/1.0" 200 416 "-" "WordPress/6.8.1; https://vattusacky.vn"
20.171.207.254 - - [08/Sep/2025:07:25:19 +0700] "GET /understanding-the-pairing-process-on-omegle-and-ometv/ HTTP/1.0" 200 89682 "-" "Mozilla/5.0 AppleWebKit/537.36 (KHTML, like Gecko; compatible; GPTBot/1.2; +https://openai.com/gptbot)"
20.171.207.254 - - [08/Sep/2025:07:25:56 +0700] "GET /laugh-at-these-hilariously-awkward-omegle-chats/ HTTP/1.0" 200 87805 "-" "Mozilla/5.0 AppleWebKit/537.36 (KHTML, like Gecko; compatible; GPTBot/1.2; +https://openai.com/gptbot)"
45.117.177.72 - - [08/Sep/2025:07:26:27 +0700] "POST /wp-cron.php?doing_wp_cron=1757291186.8520300388336181640625 HTTP/1.0" 200 416 "-" "WordPress/6.8.1; https://vattusacky.vn"
20.171.207.254 - - [08/Sep/2025:07:26:25 +0700] "GET /the-fascinating-world-of-omegle-unveiling-its-secrets/ HTTP/1.0" 200 90292 "-" "Mozilla/5.0 AppleWebKit/537.36 (KHTML, like Gecko; compatible; GPTBot/1.2; +https://openai.com/gptbot)"
185.191.171.1 - - [08/Sep/2025:07:26:43 +0700] "GET /author/yanz/page/94/ HTTP/1.0" 200 76390 "-" "Mozilla/5.0 (compatible; SemrushBot/7~bl; +http://www.semrush.com/bot.html)"
20.171.207.254 - - [08/Sep/2025:07:27:00 +0700] "GET /?p=7728 HTTP/1.0" 301 498 "-" "Mozilla/5.0 AppleWebKit/537.36 (KHTML, like Gecko; compatible; GPTBot/1.2; +https://openai.com/gptbot)"
20.171.207.254 - - [08/Sep/2025:07:27:01 +0700] "GET /omegle-vs-chatroulette-a-comparison-of-chat-platforms/ HTTP/1.0" 200 91827 "-" "Mozilla/5.0 AppleWebKit/537.36 (KHTML, like Gecko; compatible; GPTBot/1.2; +https://openai.com/gptbot)"
45.117.177.72 - - [08/Sep/2025:07:27:27 +0700] "POST /wp-cron.php?doing_wp_cron=1757291246.9873919486999511718750 HTTP/1.0" 200 416 "-" "WordPress/6.8.1; https://vattusacky.vn"
20.171.207.254 - - [08/Sep/2025:07:27:25 +0700] "GET /omegle-and-the-concept-of-virtual-companionship/ HTTP/1.0" 200 90577 "-" "Mozilla/5.0 AppleWebKit/537.36 (KHTML, like Gecko; compatible; GPTBot/1.2; +https://openai.com/gptbot)"
20.171.207.254 - - [08/Sep/2025:07:27:45 +0700] "GET /?p=7078 HTTP/1.0" 301 492 "-" "Mozilla/5.0 AppleWebKit/537.36 (KHTML, like Gecko; compatible; GPTBot/1.2; +https://openai.com/gptbot)"
20.171.207.254 - - [08/Sep/2025:07:27:47 +0700] "GET /how-to-make-ometv-conversations-more-meaningful/ HTTP/1.0" 200 89705 "-" "Mozilla/5.0 AppleWebKit/537.36 (KHTML, like Gecko; compatible; GPTBot/1.2; +https://openai.com/gptbot)"
20.171.207.254 - - [08/Sep/2025:07:28:03 +0700] "GET /?p=9074 HTTP/1.0" 301 498 "-" "Mozilla/5.0 AppleWebKit/537.36 (KHTML, like Gecko; compatible; GPTBot/1.2; +https://openai.com/gptbot)"
20.171.207.254 - - [08/Sep/2025:07:28:05 +0700] "GET /understanding-the-pairing-process-on-omegle-and-ometv/ HTTP/1.0" 200 89682 "-" "Mozilla/5.0 AppleWebKit/537.36 (KHTML, like Gecko; compatible; GPTBot/1.2; +https://openai.com/gptbot)"
45.117.177.72 - - [08/Sep/2025:07:28:29 +0700] "POST /wp-cron.php?doing_wp_cron=1757291309.2432010173797607421875 HTTP/1.0" 200 416 "-" "WordPress/6.8.1; https://vattusacky.vn"
20.171.207.254 - - [08/Sep/2025:07:28:28 +0700] "GET /?p=7158 HTTP/1.0" 301 492 "-" "Mozilla/5.0 AppleWebKit/537.36 (KHTML, like Gecko; compatible; GPTBot/1.2; +https://openai.com/gptbot)"
20.171.207.254 - - [08/Sep/2025:07:28:29 +0700] "GET /laugh-at-these-hilariously-awkward-omegle-chats/ HTTP/1.0" 200 87805 "-" "Mozilla/5.0 AppleWebKit/537.36 (KHTML, like Gecko; compatible; GPTBot/1.2; +https://openai.com/gptbot)"
20.171.207.254 - - [08/Sep/2025:07:28:46 +0700] "GET /?p=8453 HTTP/1.0" 301 498 "-" "Mozilla/5.0 AppleWebKit/537.36 (KHTML, like Gecko; compatible; GPTBot/1.2; +https://openai.com/gptbot)"
20.171.207.254 - - [08/Sep/2025:07:28:48 +0700] "GET /the-fascinating-world-of-omegle-unveiling-its-secrets/ HTTP/1.0" 200 90292 "-" "Mozilla/5.0 AppleWebKit/537.36 (KHTML, like Gecko; compatible; GPTBot/1.2; +https://openai.com/gptbot)"
20.171.207.254 - - [08/Sep/2025:07:29:12 +0700] "GET /?p=8473 HTTP/1.0" 301 644 "-" "Mozilla/5.0 AppleWebKit/537.36 (KHTML, like Gecko; compatible; GPTBot/1.2; +https://openai.com/gptbot)"
20.171.207.254 - - [08/Sep/2025:07:29:13 +0700] "GET /the-future-of-omegle-innovations-and-challenges-ahead/ HTTP/1.0" 200 91612 "-" "Mozilla/5.0 AppleWebKit/537.36 (KHTML, like Gecko; compatible; GPTBot/1.2; +https://openai.com/gptbot)"
45.117.177.72 - - [08/Sep/2025:07:29:36 +0700] "POST /wp-cron.php?doing_wp_cron=1757291376.0312368869781494140625 HTTP/1.0" 200 416 "-" "WordPress/6.8.1; https://vattusacky.vn"
20.171.207.254 - - [08/Sep/2025:07:29:34 +0700] "GET /?p=7032 HTTP/1.0" 301 492 "-" "Mozilla/5.0 AppleWebKit/537.36 (KHTML, like Gecko; compatible; GPTBot/1.2; +https://openai.com/gptbot)"
20.171.207.254 - - [08/Sep/2025:07:29:36 +0700] "GET /how-omegle-has-influenced-online-dating-culture/ HTTP/1.0" 200 91187 "-" "Mozilla/5.0 AppleWebKit/537.36 (KHTML, like Gecko; compatible; GPTBot/1.2; +https://openai.com/gptbot)"
20.171.207.254 - - [08/Sep/2025:07:29:58 +0700] "GET /omegle-and-ometv-for-finding-remote-job-opportunities/ HTTP/1.0" 200 92455 "-" "Mozilla/5.0 AppleWebKit/537.36 (KHTML, like Gecko; compatible; GPTBot/1.2; +https://openai.com/gptbot)"
54.85.109.140 - - [08/Sep/2025:07:30:13 +0700] "GET /gunbot-trading-bot-with-136-exchanges-available/ HTTP/1.0" 200 306861 "-" "Mozilla/5.0 AppleWebKit/537.36 (KHTML, like Gecko; compatible; Amazonbot/0.1; +https://developer.amazon.com/support/amazonbot) Chrome/119.0.6045.214 Safari/537.36"
45.117.177.72 - - [08/Sep/2025:07:30:20 +0700] "POST /wp-cron.php?doing_wp_cron=1757291420.1175529956817626953125 HTTP/1.0" 200 416 "-" "WordPress/6.8.1; https://vattusacky.vn"
20.171.207.254 - - [08/Sep/2025:07:30:18 +0700] "GET /the-psychology-behind-seeking-comfort-on-omegle/ HTTP/1.0" 200 92249 "-" "Mozilla/5.0 AppleWebKit/537.36 (KHTML, like Gecko; compatible; GPTBot/1.2; +https://openai.com/gptbot)"
40.77.167.4 - - [08/Sep/2025:07:30:31 +0700] "GET /path/to/default.png HTTP/1.0" 404 70812 "-" "Mozilla/5.0 AppleWebKit/537.36 (KHTML, like Gecko; compatible; bingbot/2.0; +http://www.bing.com/bingbot.htm) Chrome/116.0.1938.76 Safari/537.36"
20.171.207.254 - - [08/Sep/2025:07:30:37 +0700] "GET /?p=7918 HTTP/1.0" 301 492 "-" "Mozilla/5.0 AppleWebKit/537.36 (KHTML, like Gecko; compatible; GPTBot/1.2; +https://openai.com/gptbot)"
20.171.207.254 - - [08/Sep/2025:07:30:38 +0700] "GET /omegles-reputation-and-popularity-a-closer-look/ HTTP/1.0" 200 92167 "-" "Mozilla/5.0 AppleWebKit/537.36 (KHTML, like Gecko; compatible; GPTBot/1.2; +https://openai.com/gptbot)"
20.171.207.254 - - [08/Sep/2025:07:30:47 +0700] "GET /?p=7434 HTTP/1.0" 301 492 "-" "Mozilla/5.0 AppleWebKit/537.36 (KHTML, like Gecko; compatible; GPTBot/1.2; +https://openai.com/gptbot)"
20.171.207.254 - - [08/Sep/2025:07:30:49 +0700] "GET /omegle-and-ometv-for-sharing-travel-experiences/ HTTP/1.0" 200 91530 "-" "Mozilla/5.0 AppleWebKit/537.36 (KHTML, like Gecko; compatible; GPTBot/1.2; +https://openai.com/gptbot)"
216.73.216.162 - - [08/Sep/2025:07:31:11 +0700] "GET /sitemap_index.xml HTTP/1.0" 200 2426 "-" "Mozilla/5.0 AppleWebKit/537.36 (KHTML, like Gecko; compatible; ClaudeBot/1.0; +claudebot@anthropic.com)"
45.117.177.72 - - [08/Sep/2025:07:31:19 +0700] "POST /wp-cron.php?doing_wp_cron=1757291479.6340909004211425781250 HTTP/1.0" 200 416 "-" "WordPress/6.8.1; https://vattusacky.vn"
20.171.207.254 - - [08/Sep/2025:07:31:18 +0700] "GET /?p=7509 HTTP/1.0" 301 492 "-" "Mozilla/5.0 AppleWebKit/537.36 (KHTML, like Gecko; compatible; GPTBot/1.2; +https://openai.com/gptbot)"
20.171.207.254 - - [08/Sep/2025:07:31:20 +0700] "GET /omegle-and-the-concept-of-virtual-companionship/ HTTP/1.0" 200 90577 "-" "Mozilla/5.0 AppleWebKit/537.36 (KHTML, like Gecko; compatible; GPTBot/1.2; +https://openai.com/gptbot)"
20.171.207.254 - - [08/Sep/2025:07:31:52 +0700] "GET /understanding-the-inner-mechanics-of-omegle-and-ometv/ HTTP/1.0" 200 92035 "-" "Mozilla/5.0 AppleWebKit/537.36 (KHTML, like Gecko; compatible; GPTBot/1.2; +https://openai.com/gptbot)"
185.191.171.10 - - [08/Sep/2025:07:32:08 +0700] "GET /top-five-sugar-daddy-websites/ HTTP/1.0" 200 208652 "-" "Mozilla/5.0 (compatible; SemrushBot/7~bl; +http://www.semrush.com/bot.html)"
20.171.207.254 - - [08/Sep/2025:07:32:09 +0700] "GET /?p=8750 HTTP/1.0" 301 492 "-" "Mozilla/5.0 AppleWebKit/537.36 (KHTML, like Gecko; compatible; GPTBot/1.2; +https://openai.com/gptbot)"
20.171.207.254 - - [08/Sep/2025:07:32:10 +0700] "GET /the-psychology-behind-seeking-comfort-on-omegle/ HTTP/1.0" 200 92249 "-" "Mozilla/5.0 AppleWebKit/537.36 (KHTML, like Gecko; compatible; GPTBot/1.2; +https://openai.com/gptbot)"
66.249.70.194 - - [08/Sep/2025:07:32:13 +0700] "GET /kruss/evoqua-logo/feed/ HTTP/1.0" 200 1596 "-" "Mozilla/5.0 (Linux; Android 6.0.1; Nexus 5X Build/MMB29P) AppleWebKit/537.36 (KHTML, like Gecko) Chrome/138.0.7204.183 Mobile Safari/537.36 (compatible; Googlebot/2.1; +http://www.google.com/bot.html)"
45.117.177.72 - - [08/Sep/2025:07:32:34 +0700] "POST /wp-cron.php?doing_wp_cron=1757291554.5743069648742675781250 HTTP/1.0" 200 416 "-" "WordPress/6.8.1; https://vattusacky.vn"
20.171.207.254 - - [08/Sep/2025:07:32:33 +0700] "GET /privacy-concerns-with-omegle/ HTTP/1.0" 200 88115 "-" "Mozilla/5.0 AppleWebKit/537.36 (KHTML, like Gecko; compatible; GPTBot/1.2; +https://openai.com/gptbot)"
20.171.207.254 - - [08/Sep/2025:07:32:48 +0700] "GET /the-influence-of-culture-in-omegles-social-experiment/ HTTP/1.0" 200 87802 "-" "Mozilla/5.0 AppleWebKit/537.36 (KHTML, like Gecko; compatible; GPTBot/1.2; +https://openai.com/gptbot)"
20.171.207.254 - - [08/Sep/2025:07:33:13 +0700] "GET /omegle-connecting-strangers-in-times-of-isolation/ HTTP/1.0" 200 91573 "-" "Mozilla/5.0 AppleWebKit/537.36 (KHTML, like Gecko; compatible; GPTBot/1.2; +https://openai.com/gptbot)"
45.117.177.72 - - [08/Sep/2025:07:33:29 +0700] "POST /wp-cron.php?doing_wp_cron=1757291609.6119511127471923828125 HTTP/1.0" 200 416 "-" "WordPress/6.8.1; https://vattusacky.vn"
20.171.207.254 - - [08/Sep/2025:07:33:28 +0700] "GET /the-ethics-of-online-anonymity-debating-the-pros-and-cons-of-omegle-and-ometv/ HTTP/1.0" 200 90402 "-" "Mozilla/5.0 AppleWebKit/537.36 (KHTML, like Gecko; compatible; GPTBot/1.2; +https://openai.com/gptbot)"
45.117.177.72 - - [08/Sep/2025:07:33:57 +0700] "POST /wp-cron.php?doing_wp_cron=1757291637.3133161067962646484375 HTTP/1.0" 200 416 "-" "WordPress/6.8.1; https://vattusacky.vn"
20.171.207.254 - - [08/Sep/2025:07:33:56 +0700] "GET /the-joys-and-challenges-of-omegle-collaborations-insights-from-artists/ HTTP/1.0" 200 91936 "-" "Mozilla/5.0 AppleWebKit/537.36 (KHTML, like Gecko; compatible; GPTBot/1.2; +https://openai.com/gptbot)"
20.171.207.254 - - [08/Sep/2025:07:34:05 +0700] "GET /?p=7412 HTTP/1.0" 301 498 "-" "Mozilla/5.0 AppleWebKit/537.36 (KHTML, like Gecko; compatible; GPTBot/1.2; +https://openai.com/gptbot)"
20.171.207.254 - - [08/Sep/2025:07:34:07 +0700] "GET /omegle-and-ometv-for-finding-remote-job-opportunities/ HTTP/1.0" 200 92455 "-" "Mozilla/5.0 AppleWebKit/537.36 (KHTML, like Gecko; compatible; GPTBot/1.2; +https://openai.com/gptbot)"
20.171.207.254 - - [08/Sep/2025:07:34:24 +0700] "GET /shedding-light-on-the-risks-of-omegle-staying-protected-in-the-digital-world/ HTTP/1.0" 200 91618 "-" "Mozilla/5.0 AppleWebKit/537.36 (KHTML, like Gecko; compatible; GPTBot/1.2; +https://openai.com/gptbot)"
20.171.207.254 - - [08/Sep/2025:07:34:46 +0700] "GET /omegle-and-therapy-how-the-platform-is-used-as-a-therapeutic-tool/ HTTP/1.0" 200 93313 "-" "Mozilla/5.0 AppleWebKit/537.36 (KHTML, like Gecko; compatible; GPTBot/1.2; +https://openai.com/gptbot)"
20.171.207.254 - - [08/Sep/2025:07:35:05 +0700] "GET /investigating-the-emotional-impact-of-cosmic-connections-on-omegle/ HTTP/1.0" 200 93023 "-" "Mozilla/5.0 AppleWebKit/537.36 (KHTML, like Gecko; compatible; GPTBot/1.2; +https://openai.com/gptbot)"
20.171.207.254 - - [08/Sep/2025:07:35:21 +0700] "GET /?p=8425 HTTP/1.0" 301 522 "-" "Mozilla/5.0 AppleWebKit/537.36 (KHTML, like Gecko; compatible; GPTBot/1.2; +https://openai.com/gptbot)"
20.171.207.254 - - [08/Sep/2025:07:35:23 +0700] "GET /the-ethics-of-online-anonymity-debating-the-pros-and-cons-of-omegle-and-ometv/ HTTP/1.0" 200 90402 "-" "Mozilla/5.0 AppleWebKit/537.36 (KHTML, like Gecko; compatible; GPTBot/1.2; +https://openai.com/gptbot)"
45.117.177.72 - - [08/Sep/2025:07:35:43 +0700] "POST /wp-cron.php?doing_wp_cron=1757291743.3703920841217041015625 HTTP/1.0" 200 416 "-" "WordPress/6.8.1; https://vattusacky.vn"
40.77.167.4 - - [08/Sep/2025:07:35:42 +0700] "GET /san-pham/tram-bom-mau-bui-tsp-khong-choi-than-3-cap-microsd-card/ HTTP/1.0" 200 377829 "-" "Mozilla/5.0 AppleWebKit/537.36 (KHTML, like Gecko; compatible; bingbot/2.0; +http://www.bing.com/bingbot.htm) Chrome/116.0.1938.76 Safari/537.36"
20.171.207.254 - - [08/Sep/2025:07:35:46 +0700] "GET /?p=8651 HTTP/1.0" 301 515 "-" "Mozilla/5.0 AppleWebKit/537.36 (KHTML, like Gecko; compatible; GPTBot/1.2; +https://openai.com/gptbot)"
20.171.207.254 - - [08/Sep/2025:07:35:47 +0700] "GET /the-joys-and-challenges-of-omegle-collaborations-insights-from-artists/ HTTP/1.0" 200 91936 "-" "Mozilla/5.0 AppleWebKit/537.36 (KHTML, like Gecko; compatible; GPTBot/1.2; +https://openai.com/gptbot)"
20.171.207.254 - - [08/Sep/2025:07:36:15 +0700] "GET /?p=8224 HTTP/1.0" 301 521 "-" "Mozilla/5.0 AppleWebKit/537.36 (KHTML, like Gecko; compatible; GPTBot/1.2; +https://openai.com/gptbot)"
45.117.177.72 - - [08/Sep/2025:07:36:18 +0700] "POST /wp-cron.php?doing_wp_cron=1757291778.2341589927673339843750 HTTP/1.0" 200 416 "-" "WordPress/6.8.1; https://vattusacky.vn"
20.171.207.254 - - [08/Sep/2025:07:36:17 +0700] "GET /shedding-light-on-the-risks-of-omegle-staying-protected-in-the-digital-world/ HTTP/1.0" 200 91472 "-" "Mozilla/5.0 AppleWebKit/537.36 (KHTML, like Gecko; compatible; GPTBot/1.2; +https://openai.com/gptbot)"
66.249.70.192 - - [08/Sep/2025:07:36:17 +0700] "GET /danh-muc/moi-truong-khi/dem-hat-bui-tan-za-lazer/feed/ HTTP/1.0" 200 2154 "-" "Mozilla/5.0 (Linux; Android 6.0.1; Nexus 5X Build/MMB29P) AppleWebKit/537.36 (KHTML, like Gecko) Chrome/138.0.7204.183 Mobile Safari/537.36 (compatible; Googlebot/2.1; +http://www.google.com/bot.html)"
20.171.207.254 - - [08/Sep/2025:07:36:36 +0700] "GET /?p=8097 HTTP/1.0" 301 473 "-" "Mozilla/5.0 AppleWebKit/537.36 (KHTML, like Gecko; compatible; GPTBot/1.2; +https://openai.com/gptbot)"
20.171.207.254 - - [08/Sep/2025:07:36:37 +0700] "GET /privacy-concerns-with-omegle/ HTTP/1.0" 200 88115 "-" "Mozilla/5.0 AppleWebKit/537.36 (KHTML, like Gecko; compatible; GPTBot/1.2; +https://openai.com/gptbot)"
20.171.207.254 - - [08/Sep/2025:07:36:52 +0700] "GET /?p=9068 HTTP/1.0" 301 498 "-" "Mozilla/5.0 AppleWebKit/537.36 (KHTML, like Gecko; compatible; GPTBot/1.2; +https://openai.com/gptbot)"
20.171.207.254 - - [08/Sep/2025:07:36:54 +0700] "GET /understanding-the-inner-mechanics-of-omegle-and-ometv/ HTTP/1.0" 200 92035 "-" "Mozilla/5.0 AppleWebKit/537.36 (KHTML, like Gecko; compatible; GPTBot/1.2; +https://openai.com/gptbot)"
20.171.207.254 - - [08/Sep/2025:07:37:04 +0700] "GET /?p=7544 HTTP/1.0" 301 510 "-" "Mozilla/5.0 AppleWebKit/537.36 (KHTML, like Gecko; compatible; GPTBot/1.2; +https://openai.com/gptbot)"
20.171.207.254 - - [08/Sep/2025:07:37:05 +0700] "GET /omegle-and-therapy-how-the-platform-is-used-as-a-therapeutic-tool/ HTTP/1.0" 200 93313 "-" "Mozilla/5.0 AppleWebKit/537.36 (KHTML, like Gecko; compatible; GPTBot/1.2; +https://openai.com/gptbot)"
45.117.177.72 - - [08/Sep/2025:07:37:28 +0700] "POST /wp-cron.php?doing_wp_cron=1757291847.8869099617004394531250 HTTP/1.0" 200 416 "-" "WordPress/6.8.1; https://vattusacky.vn"
20.171.207.254 - - [08/Sep/2025:07:37:26 +0700] "GET /the-human-connection-in-omegle-collaborations-stories-from-artists/ HTTP/1.0" 200 92864 "-" "Mozilla/5.0 AppleWebKit/537.36 (KHTML, like Gecko; compatible; GPTBot/1.2; +https://openai.com/gptbot)"
66.249.70.194 - - [08/Sep/2025:07:38:00 +0700] "GET /comments/feed/ HTTP/1.0" 200 1416 "-" "Mozilla/5.0 (Linux; Android 6.0.1; Nexus 5X Build/MMB29P) AppleWebKit/537.36 (KHTML, like Gecko) Chrome/138.0.7204.183 Mobile Safari/537.36 (compatible; Googlebot/2.1; +http://www.google.com/bot.html)"
45.117.177.72 - - [08/Sep/2025:07:38:23 +0700] "POST /wp-cron.php?doing_wp_cron=1757291903.0150790214538574218750 HTTP/1.0" 200 416 "-" "WordPress/6.8.1; https://vattusacky.vn"
20.171.207.254 - - [08/Sep/2025:07:38:21 +0700] "GET /?p=7602 HTTP/1.0" 301 494 "-" "Mozilla/5.0 AppleWebKit/537.36 (KHTML, like Gecko; compatible; GPTBot/1.2; +https://openai.com/gptbot)"
20.171.207.254 - - [08/Sep/2025:07:38:23 +0700] "GET /omegle-connecting-strangers-in-times-of-isolation/ HTTP/1.0" 200 91573 "-" "Mozilla/5.0 AppleWebKit/537.36 (KHTML, like Gecko; compatible; GPTBot/1.2; +https://openai.com/gptbot)"
20.171.207.254 - - [08/Sep/2025:07:38:48 +0700] "GET /?p=8612 HTTP/1.0" 301 498 "-" "Mozilla/5.0 AppleWebKit/537.36 (KHTML, like Gecko; compatible; GPTBot/1.2; +https://openai.com/gptbot)"
20.171.207.254 - - [08/Sep/2025:07:38:54 +0700] "GET /the-influence-of-culture-in-omegles-social-experiment/ HTTP/1.0" 200 87802 "-" "Mozilla/5.0 AppleWebKit/537.36 (KHTML, like Gecko; compatible; GPTBot/1.2; +https://openai.com/gptbot)"
45.117.177.72 - - [08/Sep/2025:07:39:19 +0700] "POST /wp-cron.php?doing_wp_cron=1757291959.3424649238586425781250 HTTP/1.0" 200 416 "-" "WordPress/6.8.1; https://vattusacky.vn"
20.171.207.254 - - [08/Sep/2025:07:39:18 +0700] "GET /the-role-of-chance-encounters-in-challenging-online-preconceptions/ HTTP/1.0" 200 92885 "-" "Mozilla/5.0 AppleWebKit/537.36 (KHTML, like Gecko; compatible; GPTBot/1.2; +https://openai.com/gptbot)"
20.171.207.254 - - [08/Sep/2025:07:39:38 +0700] "GET /wp-json/wp/v2/posts/7134 HTTP/1.0" 200 41914 "-" "Mozilla/5.0 AppleWebKit/537.36 (KHTML, like Gecko; compatible; GPTBot/1.2; +https://openai.com/gptbot)"
20.171.207.254 - - [08/Sep/2025:07:39:59 +0700] "GET /?p=8826 HTTP/1.0" 301 511 "-" "Mozilla/5.0 AppleWebKit/537.36 (KHTML, like Gecko; compatible; GPTBot/1.2; +https://openai.com/gptbot)"
20.171.207.254 - - [08/Sep/2025:07:40:00 +0700] "GET /the-role-of-chance-encounters-in-challenging-online-preconceptions/ HTTP/1.0" 200 92885 "-" "Mozilla/5.0 AppleWebKit/537.36 (KHTML, like Gecko; compatible; GPTBot/1.2; +https://openai.com/gptbot)"
185.191.171.17 - - [08/Sep/2025:07:40:00 +0700] "GET /embracing-different-cultures-through-omegles-cross-cultural-chats/ HTTP/1.0" 200 93703 "-" "Mozilla/5.0 (compatible; SemrushBot/7~bl; +http://www.semrush.com/bot.html)"
45.117.177.72 - - [08/Sep/2025:07:40:27 +0700] "POST /wp-cron.php?doing_wp_cron=1757292027.1945230960845947265625 HTTP/1.0" 200 416 "-" "WordPress/6.8.1; https://vattusacky.vn"
20.171.207.254 - - [08/Sep/2025:07:40:25 +0700] "GET /the-significance-of-trust-and-accountability-on-omegle/ HTTP/1.0" 200 90670 "-" "Mozilla/5.0 AppleWebKit/537.36 (KHTML, like Gecko; compatible; GPTBot/1.2; +https://openai.com/gptbot)"
107.189.10.75 - - [08/Sep/2025:07:40:27 +0700] "GET /wp-login.php HTTP/1.0" 200 11388 "-" "Mozilla/5.0 (Macintosh; Intel Mac OS X 10_9_0) AppleWebKit/537.36 (KHTML, like Gecko) Chrome/36.0.1985.125 Safari/537.36"
107.189.10.75 - - [08/Sep/2025:07:40:40 +0700] "POST /wp-login.php HTTP/1.0" 200 11748 "-" "Mozilla/5.0 (Macintosh; Intel Mac OS X 10_9_0) AppleWebKit/537.36 (KHTML, like Gecko) Chrome/36.0.1985.125 Safari/537.36"
20.171.207.254 - - [08/Sep/2025:07:40:47 +0700] "GET /sharing-laughter-hilarious-moments-on-omegle-and-ometv/ HTTP/1.0" 200 90509 "-" "Mozilla/5.0 AppleWebKit/537.36 (KHTML, like Gecko; compatible; GPTBot/1.2; +https://openai.com/gptbot)"
20.171.207.254 - - [08/Sep/2025:07:41:12 +0700] "GET /the-power-of-storytelling-in-omegles-social-experiment/ HTTP/1.0" 200 91739 "-" "Mozilla/5.0 AppleWebKit/537.36 (KHTML, like Gecko; compatible; GPTBot/1.2; +https://openai.com/gptbot)"
20.171.207.254 - - [08/Sep/2025:07:41:40 +0700] "GET /making-a-positive-impression-with-engaging-conversations-on-omegle/ HTTP/1.0" 200 93159 "-" "Mozilla/5.0 AppleWebKit/537.36 (KHTML, like Gecko; compatible; GPTBot/1.2; +https://openai.com/gptbot)"
20.171.207.254 - - [08/Sep/2025:07:42:02 +0700] "GET /?p=7134 HTTP/1.0" 301 511 "-" "Mozilla/5.0 AppleWebKit/537.36 (KHTML, like Gecko; compatible; GPTBot/1.2; +https://openai.com/gptbot)"
52.167.144.183 - - [08/Sep/2025:07:42:03 +0700] "GET /understanding-the-features-omegle-vs-ometv-face-to-face-video-chats/ HTTP/1.0" 200 90947 "-" "Mozilla/5.0 AppleWebKit/537.36 (KHTML, like Gecko; compatible; bingbot/2.0; +http://www.bing.com/bingbot.htm) Chrome/116.0.1938.76 Safari/537.36"
20.171.207.254 - - [08/Sep/2025:07:42:03 +0700] "GET /investigating-the-emotional-impact-of-cosmic-connections-on-omegle/ HTTP/1.0" 200 93023 "-" "Mozilla/5.0 AppleWebKit/537.36 (KHTML, like Gecko; compatible; GPTBot/1.2; +https://openai.com/gptbot)"
45.117.177.72 - - [08/Sep/2025:07:42:44 +0700] "POST /wp-cron.php?doing_wp_cron=1757292164.2336719036102294921875 HTTP/1.0" 200 416 "-" "WordPress/6.8.1; https://vattusacky.vn"
20.171.207.254 - - [08/Sep/2025:07:42:43 +0700] "GET /the-impact-of-language-barrier-on-online-relationships/ HTTP/1.0" 200 92631 "-" "Mozilla/5.0 AppleWebKit/537.36 (KHTML, like Gecko; compatible; GPTBot/1.2; +https://openai.com/gptbot)"
20.171.207.254 - - [08/Sep/2025:07:42:55 +0700] "GET /the-impact-of-continuous-monitoring-on-safety-measures/ HTTP/1.0" 200 91411 "-" "Mozilla/5.0 AppleWebKit/537.36 (KHTML, like Gecko; compatible; GPTBot/1.2; +https://openai.com/gptbot)"
45.117.177.72 - - [08/Sep/2025:07:43:29 +0700] "POST /wp-cron.php?doing_wp_cron=1757292209.0525829792022705078125 HTTP/1.0" 200 416 "-" "WordPress/6.8.1; https://vattusacky.vn"
20.171.207.254 - - [08/Sep/2025:07:43:27 +0700] "GET /?p=8510 HTTP/1.0" 301 511 "-" "Mozilla/5.0 AppleWebKit/537.36 (KHTML, like Gecko; compatible; GPTBot/1.2; +https://openai.com/gptbot)"
20.171.207.254 - - [08/Sep/2025:07:43:29 +0700] "GET /the-human-connection-in-omegle-collaborations-stories-from-artists/ HTTP/1.0" 200 92864 "-" "Mozilla/5.0 AppleWebKit/537.36 (KHTML, like Gecko; compatible; GPTBot/1.2; +https://openai.com/gptbot)"
20.171.207.254 - - [08/Sep/2025:07:43:53 +0700] "GET /the-psychology-of-trust-in-anonymous-omegle-encounters/ HTTP/1.0" 200 90304 "-" "Mozilla/5.0 AppleWebKit/537.36 (KHTML, like Gecko; compatible; GPTBot/1.2; +https://openai.com/gptbot)"
45.117.177.72 - - [08/Sep/2025:07:44:19 +0700] "POST /wp-cron.php?doing_wp_cron=1757292259.6025269031524658203125 HTTP/1.0" 200 416 "-" "WordPress/6.8.1; https://vattusacky.vn"
20.171.207.254 - - [08/Sep/2025:07:44:18 +0700] "GET /wp-json/wp/v2/posts/8826 HTTP/1.0" 200 41594 "-" "Mozilla/5.0 AppleWebKit/537.36 (KHTML, like Gecko; compatible; GPTBot/1.2; +https://openai.com/gptbot)"
20.171.207.254 - - [08/Sep/2025:07:44:38 +0700] "GET /?p=8711 HTTP/1.0" 301 499 "-" "Mozilla/5.0 AppleWebKit/537.36 (KHTML, like Gecko; compatible; GPTBot/1.2; +https://openai.com/gptbot)"
20.171.207.254 - - [08/Sep/2025:07:44:39 +0700] "GET /the-power-of-storytelling-in-omegles-social-experiment/ HTTP/1.0" 200 91739 "-" "Mozilla/5.0 AppleWebKit/537.36 (KHTML, like Gecko; compatible; GPTBot/1.2; +https://openai.com/gptbot)"
20.171.207.254 - - [08/Sep/2025:07:44:59 +0700] "GET /?p=7187 HTTP/1.0" 301 657 "-" "Mozilla/5.0 AppleWebKit/537.36 (KHTML, like Gecko; compatible; GPTBot/1.2; +https://openai.com/gptbot)"
20.171.207.254 - - [08/Sep/2025:07:45:00 +0700] "GET /making-a-positive-impression-with-engaging-conversations-on-omegle/ HTTP/1.0" 200 93159 "-" "Mozilla/5.0 AppleWebKit/537.36 (KHTML, like Gecko; compatible; GPTBot/1.2; +https://openai.com/gptbot)"
20.171.207.254 - - [08/Sep/2025:07:45:08 +0700] "GET /side-splitting-omegle-chat-fails-and-funny-experiences/ HTTP/1.0" 200 90357 "-" "Mozilla/5.0 AppleWebKit/537.36 (KHTML, like Gecko; compatible; GPTBot/1.2; +https://openai.com/gptbot)"
95.91.104.195 - - [08/Sep/2025:07:45:13 +0700] "GET /robots.txt HTTP/1.0" 200 984 "-" "Mozilla/5.0 (compatible; MJ12bot/v1.4.8; http://mj12bot.com/)"
45.117.177.72 - - [08/Sep/2025:07:45:17 +0700] "POST /wp-cron.php?doing_wp_cron=1757292317.2939050197601318359375 HTTP/1.0" 200 416 "-" "WordPress/6.8.1; https://vattusacky.vn"
95.91.104.195 - - [08/Sep/2025:07:45:16 +0700] "GET /danh-muc/moi-truong-khi/bom-lay-mau-bui-tsp-pm10-pm2-5/feed/ HTTP/1.0" 200 1186533 "-" "Mozilla/5.0 (compatible; MJ12bot/v1.4.8; http://mj12bot.com/)"
20.171.207.254 - - [08/Sep/2025:07:45:19 +0700] "GET /?p=8523 HTTP/1.0" 301 499 "-" "Mozilla/5.0 AppleWebKit/537.36 (KHTML, like Gecko; compatible; GPTBot/1.2; +https://openai.com/gptbot)"
20.171.207.254 - - [08/Sep/2025:07:45:20 +0700] "GET /the-impact-of-continuous-monitoring-on-safety-measures/ HTTP/1.0" 200 91411 "-" "Mozilla/5.0 AppleWebKit/537.36 (KHTML, like Gecko; compatible; GPTBot/1.2; +https://openai.com/gptbot)"
20.171.207.254 - - [08/Sep/2025:07:45:34 +0700] "GET /tips-for-avoiding-miscommunication-on-omegle-and-ometv/ HTTP/1.0" 200 92024 "-" "Mozilla/5.0 AppleWebKit/537.36 (KHTML, like Gecko; compatible; GPTBot/1.2; +https://openai.com/gptbot)"
20.171.207.254 - - [08/Sep/2025:07:45:46 +0700] "GET /wp-json/wp/v2/posts/8826 HTTP/1.0" 200 41594 "-" "Mozilla/5.0 AppleWebKit/537.36 (KHTML, like Gecko; compatible; GPTBot/1.2; +https://openai.com/gptbot)"
20.171.207.254 - - [08/Sep/2025:07:45:57 +0700] "GET /the-role-of-communication-in-omegles-social-experiment/ HTTP/1.0" 200 82669 "-" "Mozilla/5.0 AppleWebKit/537.36 (KHTML, like Gecko; compatible; GPTBot/1.2; +https://openai.com/gptbot)"
66.249.70.194 - - [08/Sep/2025:07:46:08 +0700] "GET /exploring-omegle-video-chat-experience/feed/ HTTP/1.0" 200 1711 "-" "Mozilla/5.0 (Linux; Android 6.0.1; Nexus 5X Build/MMB29P) AppleWebKit/537.36 (KHTML, like Gecko) Chrome/138.0.7204.183 Mobile Safari/537.36 (compatible; Googlebot/2.1; +http://www.google.com/bot.html)"
20.171.207.254 - - [08/Sep/2025:07:46:10 +0700] "GET /?p=8218 HTTP/1.0" 301 499 "-" "Mozilla/5.0 AppleWebKit/537.36 (KHTML, like Gecko; compatible; GPTBot/1.2; +https://openai.com/gptbot)"
20.171.207.254 - - [08/Sep/2025:07:46:12 +0700] "GET /sharing-laughter-hilarious-moments-on-omegle-and-ometv/ HTTP/1.0" 200 90509 "-" "Mozilla/5.0 AppleWebKit/537.36 (KHTML, like Gecko; compatible; GPTBot/1.2; +https://openai.com/gptbot)"
45.117.177.72 - - [08/Sep/2025:07:46:21 +0700] "POST /wp-cron.php?doing_wp_cron=1757292381.3226430416107177734375 HTTP/1.0" 200 416 "-" "WordPress/6.8.1; https://vattusacky.vn"
