185.191.171.15 - - [08/Sep/2025:18:53:41 +0700] "GET /author/yanz/page/99/ HTTP/1.0" 200 77376 "-" "Mozilla/5.0 (compatible; SemrushBot/7~bl; +http://www.semrush.com/bot.html)"
20.171.207.118 - - [08/Sep/2025:18:54:09 +0700] "GET /?p=8021 HTTP/1.0" 301 504 "-" "Mozilla/5.0 AppleWebKit/537.36 (KHTML, like Gecko; compatible; GPTBot/1.2; +https://openai.com/gptbot)"
20.171.207.118 - - [08/Sep/2025:18:54:11 +0700] "GET /overcoming-isolation-through-networking-on-omegle-and-ometv/ HTTP/1.0" 200 92845 "-" "Mozilla/5.0 AppleWebKit/537.36 (KHTML, like Gecko; compatible; GPTBot/1.2; +https://openai.com/gptbot)"
45.117.177.72 - - [08/Sep/2025:18:54:51 +0700] "POST /wp-cron.php?doing_wp_cron=1757332491.3306410312652587890625 HTTP/1.0" 200 416 "-" "WordPress/6.8.1; https://vattusacky.vn"
20.171.207.118 - - [08/Sep/2025:18:54:49 +0700] "GET /?p=9201 HTTP/1.0" 301 504 "-" "Mozilla/5.0 AppleWebKit/537.36 (KHTML, like Gecko; compatible; GPTBot/1.2; +https://openai.com/gptbot)"
20.171.207.118 - - [08/Sep/2025:18:54:51 +0700] "GET /virtual-discoveries-exciting-adventures-on-omegle-and-ometv/ HTTP/1.0" 200 91705 "-" "Mozilla/5.0 AppleWebKit/537.36 (KHTML, like Gecko; compatible; GPTBot/1.2; +https://openai.com/gptbot)"
216.73.216.162 - - [08/Sep/2025:18:55:02 +0700] "GET /comprehending-the-relationship-among-culture-and-relationships/feed HTTP/1.0" 301 756 "-" "Mozilla/5.0 AppleWebKit/537.36 (KHTML, like Gecko; compatible; ClaudeBot/1.0; +claudebot@anthropic.com)"
216.73.216.162 - - [08/Sep/2025:18:55:04 +0700] "GET /comprehending-the-relationship-among-culture-and-relationships/feed/ HTTP/1.0" 200 1637 "https://vattusacky.vn/comprehending-the-relationship-among-culture-and-relationships/feed" "Mozilla/5.0 AppleWebKit/537.36 (KHTML, like Gecko; compatible; ClaudeBot/1.0; +claudebot@anthropic.com)"
45.117.177.72 - - [08/Sep/2025:18:55:35 +0700] "POST /wp-cron.php?doing_wp_cron=1757332535.3843760490417480468750 HTTP/1.0" 200 416 "-" "WordPress/6.8.1; https://vattusacky.vn"
20.171.207.118 - - [08/Sep/2025:18:55:33 +0700] "GET /?p=6223 HTTP/1.0" 301 648 "-" "Mozilla/5.0 AppleWebKit/537.36 (KHTML, like Gecko; compatible; GPTBot/1.2; +https://openai.com/gptbot)"
20.171.207.118 - - [08/Sep/2025:18:55:46 +0700] "GET /breaking-barriers-omegles-influence-on-inclusivity-in-art/ HTTP/1.0" 200 90852 "-" "Mozilla/5.0 AppleWebKit/537.36 (KHTML, like Gecko; compatible; GPTBot/1.2; +https://openai.com/gptbot)"
45.117.177.72 - - [08/Sep/2025:18:56:22 +0700] "POST /wp-cron.php?doing_wp_cron=1757332582.7674779891967773437500 HTTP/1.0" 200 416 "-" "WordPress/6.8.1; https://vattusacky.vn"
20.171.207.118 - - [08/Sep/2025:18:56:21 +0700] "GET /?p=7944 HTTP/1.0" 301 502 "-" "Mozilla/5.0 AppleWebKit/537.36 (KHTML, like Gecko; compatible; GPTBot/1.2; +https://openai.com/gptbot)"
20.171.207.118 - - [08/Sep/2025:18:56:23 +0700] "GET /omegles-role-in-cross-cultural-exchange-and-understanding/ HTTP/1.0" 200 85129 "-" "Mozilla/5.0 AppleWebKit/537.36 (KHTML, like Gecko; compatible; GPTBot/1.2; +https://openai.com/gptbot)"
40.77.167.25 - - [08/Sep/2025:18:56:56 +0700] "GET /?attachment_id=329 HTTP/1.0" 200 197471 "-" "Mozilla/5.0 AppleWebKit/537.36 (KHTML, like Gecko; compatible; bingbot/2.0; +http://www.bing.com/bingbot.htm) Chrome/116.0.1938.76 Safari/537.36"
45.117.177.72 - - [08/Sep/2025:18:57:17 +0700] "POST /wp-cron.php?doing_wp_cron=1757332637.3040750026702880859375 HTTP/1.0" 200 416 "-" "WordPress/6.8.1; https://vattusacky.vn"
20.171.207.118 - - [08/Sep/2025:18:57:15 +0700] "GET /the-fascinating-world-of-serendipitous-encounters-on-omegle/ HTTP/1.0" 200 90651 "-" "Mozilla/5.0 AppleWebKit/537.36 (KHTML, like Gecko; compatible; GPTBot/1.2; +https://openai.com/gptbot)"
216.73.216.162 - - [08/Sep/2025:18:57:42 +0700] "GET /?p=6469 HTTP/1.0" 301 664 "-" "Mozilla/5.0 AppleWebKit/537.36 (KHTML, like Gecko; compatible; ClaudeBot/1.0; +claudebot@anthropic.com)"
216.73.216.162 - - [08/Sep/2025:18:57:42 +0700] "GET /deepening-conversations-strategies-for-moving-beyond-small-talk-on-omegle/feed HTTP/1.0" 301 767 "-" "Mozilla/5.0 AppleWebKit/537.36 (KHTML, like Gecko; compatible; ClaudeBot/1.0; +claudebot@anthropic.com)"
216.73.216.162 - - [08/Sep/2025:18:57:43 +0700] "GET /deepening-conversations-strategies-for-moving-beyond-small-talk-on-omegle/ HTTP/1.0" 200 92679 "https://vattusacky.vn/?p=6469" "Mozilla/5.0 AppleWebKit/537.36 (KHTML, like Gecko; compatible; ClaudeBot/1.0; +claudebot@anthropic.com)"
216.73.216.162 - - [08/Sep/2025:18:57:43 +0700] "GET /deepening-conversations-strategies-for-moving-beyond-small-talk-on-omegle/feed/ HTTP/1.0" 200 1670 "https://vattusacky.vn/deepening-conversations-strategies-for-moving-beyond-small-talk-on-omegle/feed" "Mozilla/5.0 AppleWebKit/537.36 (KHTML, like Gecko; compatible; ClaudeBot/1.0; +claudebot@anthropic.com)"
20.171.207.118 - - [08/Sep/2025:18:58:09 +0700] "GET /?p=7945 HTTP/1.0" 301 508 "-" "Mozilla/5.0 AppleWebKit/537.36 (KHTML, like Gecko; compatible; GPTBot/1.2; +https://openai.com/gptbot)"
20.171.207.118 - - [08/Sep/2025:18:58:12 +0700] "GET /omegles-role-in-destigmatizing-online-dating-and-chat-platforms/ HTTP/1.0" 200 91913 "-" "Mozilla/5.0 AppleWebKit/537.36 (KHTML, like Gecko; compatible; GPTBot/1.2; +https://openai.com/gptbot)"
45.117.177.72 - - [08/Sep/2025:18:58:32 +0700] "POST /wp-cron.php?doing_wp_cron=1757332712.3766329288482666015625 HTTP/1.0" 200 416 "-" "WordPress/6.8.1; https://vattusacky.vn"
216.73.216.162 - - [08/Sep/2025:18:58:31 +0700] "GET /deepening-connections-through-shared-values-on-omegle HTTP/1.0" 301 644 "-" "Mozilla/5.0 AppleWebKit/537.36 (KHTML, like Gecko; compatible; ClaudeBot/1.0; +claudebot@anthropic.com)"
216.73.216.162 - - [08/Sep/2025:18:58:32 +0700] "GET /deepening-connections-through-shared-values-on-omegle/ HTTP/1.0" 200 92291 "https://vattusacky.vn/deepening-connections-through-shared-values-on-omegle" "Mozilla/5.0 AppleWebKit/537.36 (KHTML, like Gecko; compatible; ClaudeBot/1.0; +claudebot@anthropic.com)"
20.171.207.118 - - [08/Sep/2025:18:58:48 +0700] "GET /?p=8261 HTTP/1.0" 301 515 "-" "Mozilla/5.0 AppleWebKit/537.36 (KHTML, like Gecko; compatible; GPTBot/1.2; +https://openai.com/gptbot)"
185.191.171.13 - - [08/Sep/2025:18:58:57 +0700] "GET /discovering-multiculturalism-on-omegle-breaking-boundaries-building-connections/ HTTP/1.0" 200 89391 "-" "Mozilla/5.0 (compatible; SemrushBot/7~bl; +http://www.semrush.com/bot.html)"
20.171.207.118 - - [08/Sep/2025:18:58:57 +0700] "GET /strategies-for-dealing-with-creepy-or-inappropriate-behavior-on-omegle/ HTTP/1.0" 200 87474 "-" "Mozilla/5.0 AppleWebKit/537.36 (KHTML, like Gecko; compatible; GPTBot/1.2; +https://openai.com/gptbot)"
45.117.177.72 - - [08/Sep/2025:18:59:32 +0700] "POST /wp-cron.php?doing_wp_cron=1757332772.6874799728393554687500 HTTP/1.0" 200 416 "-" "WordPress/6.8.1; https://vattusacky.vn"
20.171.207.118 - - [08/Sep/2025:18:59:31 +0700] "GET /?p=9150 HTTP/1.0" 301 508 "-" "Mozilla/5.0 AppleWebKit/537.36 (KHTML, like Gecko; compatible; GPTBot/1.2; +https://openai.com/gptbot)"
20.171.207.118 - - [08/Sep/2025:18:59:33 +0700] "GET /unveiling-omegle-artistry-a-look-into-the-collaborative-process/ HTTP/1.0" 200 93004 "-" "Mozilla/5.0 AppleWebKit/537.36 (KHTML, like Gecko; compatible; GPTBot/1.2; +https://openai.com/gptbot)"
65.55.210.135 - - [08/Sep/2025:18:59:39 +0700] "GET /wp-content/themes/tem_techno_v2/inc/fonts/fontawesome-webfont.woff?v=4.2.0 HTTP/1.0" 200 454 "-" "Mozilla/5.0 AppleWebKit/537.36 (KHTML, like Gecko; compatible; bingbot/2.0; +http://www.bing.com/bingbot.htm) Chrome/100.0.4896.127 Safari/537.36"
65.55.210.135 - - [08/Sep/2025:18:59:39 +0700] "GET /wp-content/themes/tem_techno_v2/inc/fonts/fontawesome-webfont.woff?v=4.2.0 HTTP/2.0" 200 65452 "-" "Mozilla/5.0 AppleWebKit/537.36 (KHTML, like Gecko; compatible; bingbot/2.0; +http://www.bing.com/bingbot.htm) Chrome/100.0.4896.127 Safari/537.36"
20.171.207.118 - - [08/Sep/2025:18:59:54 +0700] "GET /breaking-barriers-omegles-role-in-bridging-artistic-divide/ HTTP/1.0" 200 92924 "-" "Mozilla/5.0 AppleWebKit/537.36 (KHTML, like Gecko; compatible; GPTBot/1.2; +https://openai.com/gptbot)"
45.117.177.72 - - [08/Sep/2025:19:00:27 +0700] "POST /wp-cron.php?doing_wp_cron=1757332826.8155388832092285156250 HTTP/1.0" 200 416 "-" "WordPress/6.8.1; https://vattusacky.vn"
20.171.207.118 - - [08/Sep/2025:19:00:23 +0700] "GET /understanding-the-risks-of-sharing-personal-information-on-omegle/ HTTP/1.0" 200 91876 "-" "Mozilla/5.0 AppleWebKit/537.36 (KHTML, like Gecko; compatible; GPTBot/1.2; +https://openai.com/gptbot)"
52.167.144.150 - - [08/Sep/2025:19:00:39 +0700] "GET /the/lay-mau-nuoc-loai-ngang/page/1/ HTTP/1.0" 301 572 "-" "Mozilla/5.0 AppleWebKit/537.36 (KHTML, like Gecko; compatible; bingbot/2.0; +http://www.bing.com/bingbot.htm) Chrome/116.0.1938.76 Safari/537.36"
45.117.177.72 - - [08/Sep/2025:19:00:55 +0700] "POST /wp-cron.php?doing_wp_cron=1757332855.6503589153289794921875 HTTP/1.0" 200 416 "-" "WordPress/6.8.1; https://vattusacky.vn"
20.171.207.118 - - [08/Sep/2025:19:00:53 +0700] "GET /the-beauty-of-the-unexpected-serendipitous-connections-on-omegle/ HTTP/1.0" 200 91440 "-" "Mozilla/5.0 AppleWebKit/537.36 (KHTML, like Gecko; compatible; GPTBot/1.2; +https://openai.com/gptbot)"
138.3.242.176 - - [08/Sep/2025:19:00:56 +0700] "GET /wp-json/wp/v2/posts?per_page=1&_fields=id,slug,comment_status HTTP/1.0" 200 1018 "-" "-"
138.3.242.176 - - [08/Sep/2025:19:00:55 +0700] "GET /wp-json/wp/v2/posts?per_page=1&_fields=id,slug,comment_status HTTP/1.0" 200 1018 "-" "-"
138.3.242.176 - - [08/Sep/2025:19:01:04 +0700] "POST /wp-comments-post.php HTTP/1.0" 429 3223 "-" "-"
138.3.242.176 - - [08/Sep/2025:19:01:03 +0700] "POST /wp-comments-post.php HTTP/1.0" 302 1157 "-" "-"
138.3.242.176 - - [08/Sep/2025:19:01:06 +0700] "GET /slot-gacor-hari-ini-game-slot-dengan-volatilitas-tinggi/?unapproved=1489&moderation-hash=a8afe97153da035eaa90dec17f1eccbd HTTP/1.0" 200 65035 "https://vattusacky.vn/wp-comments-post.php" "-"
45.117.177.72 - - [08/Sep/2025:19:01:19 +0700] "POST /wp-cron.php?doing_wp_cron=1757332879.2741880416870117187500 HTTP/1.0" 200 416 "-" "WordPress/6.8.1; https://vattusacky.vn"
20.171.207.118 - - [08/Sep/2025:19:01:17 +0700] "GET /?p=8455 HTTP/1.0" 301 504 "-" "Mozilla/5.0 AppleWebKit/537.36 (KHTML, like Gecko; compatible; GPTBot/1.2; +https://openai.com/gptbot)"
20.171.207.118 - - [08/Sep/2025:19:01:19 +0700] "GET /the-fascinating-world-of-serendipitous-encounters-on-omegle/ HTTP/1.0" 200 90651 "-" "Mozilla/5.0 AppleWebKit/537.36 (KHTML, like Gecko; compatible; GPTBot/1.2; +https://openai.com/gptbot)"
138.3.242.176 - - [08/Sep/2025:19:01:36 +0700] "GET /wp-json/wp/v2/posts?per_page=1&_fields=id,slug,comment_status HTTP/1.0" 200 1018 "-" "-"
138.3.242.176 - - [08/Sep/2025:19:01:45 +0700] "POST /wp-comments-post.php HTTP/1.0" 302 1157 "-" "-"
45.117.177.72 - - [08/Sep/2025:19:02:34 +0700] "POST /wp-cron.php?doing_wp_cron=1757332953.9128971099853515625000 HTTP/1.0" 200 416 "-" "WordPress/6.8.1; https://vattusacky.vn"
20.171.207.118 - - [08/Sep/2025:19:02:32 +0700] "GET /leaked-onlyfans-finder-try-hot-only-fans-model/ HTTP/1.0" 200 85937 "-" "Mozilla/5.0 AppleWebKit/537.36 (KHTML, like Gecko; compatible; GPTBot/1.2; +https://openai.com/gptbot)"
95.108.213.179 - - [08/Sep/2025:19:02:39 +0700] "GET /emotional-intelligence-video-vs-text-communication-on-omegle-and-ometv/ HTTP/1.0" 200 92888 "-" "Mozilla/5.0 (compatible; YandexBot/3.0; +http://yandex.com/bots)"
20.171.207.118 - - [08/Sep/2025:19:03:07 +0700] "GET /?p=7530 HTTP/1.0" 301 503 "-" "Mozilla/5.0 AppleWebKit/537.36 (KHTML, like Gecko; compatible; GPTBot/1.2; +https://openai.com/gptbot)"
138.3.242.176 - - [08/Sep/2025:19:03:08 +0700] "GET /wp-json/wp/v2/posts?per_page=1&_fields=id,slug,comment_status HTTP/1.0" 200 1018 "-" "-"
20.171.207.118 - - [08/Sep/2025:19:03:10 +0700] "GET /omegle-and-the-potential-for-building-lifelong-friendships/ HTTP/1.0" 200 90220 "-" "Mozilla/5.0 AppleWebKit/537.36 (KHTML, like Gecko; compatible; GPTBot/1.2; +https://openai.com/gptbot)"
138.3.242.176 - - [08/Sep/2025:19:03:12 +0700] "POST /wp-comments-post.php HTTP/1.0" 302 1157 "-" "-"
138.3.242.176 - - [08/Sep/2025:19:03:14 +0700] "GET /slot-gacor-hari-ini-game-slot-dengan-volatilitas-tinggi/?unapproved=1491&moderation-hash=9dc2ed60201c22e16dc35e4f0e9a7d2b HTTP/1.0" 200 65035 "https://vattusacky.vn/wp-comments-post.php" "-"
45.117.177.72 - - [08/Sep/2025:19:03:53 +0700] "POST /wp-cron.php?doing_wp_cron=1757333033.0762019157409667968750 HTTP/1.0" 200 416 "-" "WordPress/6.8.1; https://vattusacky.vn"
20.171.207.118 - - [08/Sep/2025:19:03:51 +0700] "GET /the-spiritual-aspect-of-omegle-connecting-souls-across-the-cyberspace/ HTTP/1.0" 200 91455 "-" "Mozilla/5.0 AppleWebKit/537.36 (KHTML, like Gecko; compatible; GPTBot/1.2; +https://openai.com/gptbot)"
20.171.207.118 - - [08/Sep/2025:19:04:15 +0700] "GET /omegle-and-online-gaming-fostering-connections-in-virtual-worlds/ HTTP/1.0" 200 94590 "-" "Mozilla/5.0 AppleWebKit/537.36 (KHTML, like Gecko; compatible; GPTBot/1.2; +https://openai.com/gptbot)"
45.117.177.72 - - [08/Sep/2025:19:04:17 +0700] "POST /wp-cron.php?doing_wp_cron=1757333057.2311050891876220703125 HTTP/1.0" 200 416 "-" "WordPress/6.8.1; https://vattusacky.vn"
138.3.242.176 - - [08/Sep/2025:19:04:15 +0700] "GET /wp-json/wp/v2/posts?per_page=1&_fields=id,slug,comment_status HTTP/1.0" 200 1018 "-" "-"
138.3.242.176 - - [08/Sep/2025:19:04:23 +0700] "POST /wp-comments-post.php HTTP/1.0" 302 1157 "-" "-"
138.3.242.176 - - [08/Sep/2025:19:04:25 +0700] "GET /slot-gacor-hari-ini-game-slot-dengan-volatilitas-tinggi/?unapproved=1492&moderation-hash=e6516db84204509aef0f4c2b38ba462f HTTP/1.0" 200 65035 "https://vattusacky.vn/wp-comments-post.php" "-"
20.171.207.118 - - [08/Sep/2025:19:04:37 +0700] "GET /?p=6985 HTTP/1.0" 301 510 "-" "Mozilla/5.0 AppleWebKit/537.36 (KHTML, like Gecko; compatible; GPTBot/1.2; +https://openai.com/gptbot)"
20.171.207.118 - - [08/Sep/2025:19:04:39 +0700] "GET /harnessing-the-power-of-serendipity-on-omegles-cosmic-connections/ HTTP/1.0" 200 89708 "-" "Mozilla/5.0 AppleWebKit/537.36 (KHTML, like Gecko; compatible; GPTBot/1.2; +https://openai.com/gptbot)"
138.3.242.176 - - [08/Sep/2025:19:04:43 +0700] "GET /wp-json/wp/v2/posts?per_page=1&_fields=id,slug,comment_status HTTP/1.0" 200 1018 "-" "-"
138.3.242.176 - - [08/Sep/2025:19:04:46 +0700] "POST /wp-comments-post.php HTTP/1.0" 302 1157 "-" "-"
138.3.242.176 - - [08/Sep/2025:19:04:48 +0700] "GET /slot-gacor-hari-ini-game-slot-dengan-volatilitas-tinggi/?unapproved=1493&moderation-hash=4e905777e225e0683088c9ecbffac0ad HTTP/1.0" 200 65035 "https://vattusacky.vn/wp-comments-post.php" "-"
45.117.177.72 - - [08/Sep/2025:19:05:18 +0700] "POST /wp-cron.php?doing_wp_cron=1757333118.3955490589141845703125 HTTP/1.0" 200 416 "-" "WordPress/6.8.1; https://vattusacky.vn"
20.171.207.118 - - [08/Sep/2025:19:05:16 +0700] "GET /the-impact-of-technology-addiction-in-omegles-social-experiment/ HTTP/1.0" 200 91483 "-" "Mozilla/5.0 AppleWebKit/537.36 (KHTML, like Gecko; compatible; GPTBot/1.2; +https://openai.com/gptbot)"
207.46.13.17 - - [08/Sep/2025:19:05:42 +0700] "GET /como-solicitar-un-credito-al-consumo-paso-a-paso/feed/ HTTP/1.0" 200 1743 "-" "Mozilla/5.0 AppleWebKit/537.36 (KHTML, like Gecko; compatible; bingbot/2.0; +http://www.bing.com/bingbot.htm) Chrome/116.0.1938.76 Safari/537.36"
20.171.207.118 - - [08/Sep/2025:19:05:54 +0700] "GET /?p=10514 HTTP/1.0" 301 491 "-" "Mozilla/5.0 AppleWebKit/537.36 (KHTML, like Gecko; compatible; GPTBot/1.2; +https://openai.com/gptbot)"
20.171.207.118 - - [08/Sep/2025:19:05:56 +0700] "GET /leaked-onlyfans-finder-try-hot-only-fans-model/ HTTP/1.0" 200 85937 "-" "Mozilla/5.0 AppleWebKit/537.36 (KHTML, like Gecko; compatible; GPTBot/1.2; +https://openai.com/gptbot)"
138.3.242.176 - - [08/Sep/2025:19:06:02 +0700] "GET /wp-json/wp/v2/posts?per_page=1&_fields=id,slug,comment_status HTTP/1.0" 200 1018 "-" "-"
138.3.242.176 - - [08/Sep/2025:19:06:05 +0700] "POST /wp-comments-post.php HTTP/1.0" 302 1157 "-" "-"
45.117.177.72 - - [08/Sep/2025:19:06:19 +0700] "POST /wp-cron.php?doing_wp_cron=1757333179.7354838848114013671875 HTTP/1.0" 200 416 "-" "WordPress/6.8.1; https://vattusacky.vn"
20.171.207.118 - - [08/Sep/2025:19:06:17 +0700] "GET /?p=6224 HTTP/1.0" 301 649 "-" "Mozilla/5.0 AppleWebKit/537.36 (KHTML, like Gecko; compatible; GPTBot/1.2; +https://openai.com/gptbot)"
20.171.207.118 - - [08/Sep/2025:19:06:20 +0700] "GET /breaking-barriers-omegles-role-in-bridging-artistic-divide/ HTTP/1.0" 200 92924 "-" "Mozilla/5.0 AppleWebKit/537.36 (KHTML, like Gecko; compatible; GPTBot/1.2; +https://openai.com/gptbot)"
20.171.207.118 - - [08/Sep/2025:19:06:40 +0700] "GET /unraveling-omegles-algorithm-the-secrets-of-random-pairings/ HTTP/1.0" 200 80810 "-" "Mozilla/5.0 AppleWebKit/537.36 (KHTML, like Gecko; compatible; GPTBot/1.2; +https://openai.com/gptbot)"
138.3.242.176 - - [08/Sep/2025:19:06:50 +0700] "GET /wp-json/wp/v2/posts?per_page=1&_fields=id,slug,comment_status HTTP/1.0" 200 1018 "-" "-"
138.3.242.176 - - [08/Sep/2025:19:06:54 +0700] "POST /wp-comments-post.php HTTP/1.0" 302 1157 "-" "-"
138.3.242.176 - - [08/Sep/2025:19:06:56 +0700] "GET /slot-gacor-hari-ini-game-slot-dengan-volatilitas-tinggi/?unapproved=1495&moderation-hash=6fc2a3e572b2794f2496a2c43c4d6c1c HTTP/1.0" 200 65035 "https://vattusacky.vn/wp-comments-post.php" "-"
20.171.207.118 - - [08/Sep/2025:19:07:15 +0700] "GET /?p=9080 HTTP/1.0" 301 510 "-" "Mozilla/5.0 AppleWebKit/537.36 (KHTML, like Gecko; compatible; GPTBot/1.2; +https://openai.com/gptbot)"
45.117.177.72 - - [08/Sep/2025:19:07:17 +0700] "POST /wp-cron.php?doing_wp_cron=1757333237.5705049037933349609375 HTTP/1.0" 200 416 "-" "WordPress/6.8.1; https://vattusacky.vn"
20.171.207.118 - - [08/Sep/2025:19:07:16 +0700] "GET /understanding-the-risks-of-sharing-personal-information-on-omegle/ HTTP/1.0" 200 91876 "-" "Mozilla/5.0 AppleWebKit/537.36 (KHTML, like Gecko; compatible; GPTBot/1.2; +https://openai.com/gptbot)"
138.3.242.176 - - [08/Sep/2025:19:07:30 +0700] "GET /wp-json/wp/v2/posts?per_page=1&_fields=id,slug,comment_status HTTP/1.0" 200 1018 "-" "-"
138.3.242.176 - - [08/Sep/2025:19:07:34 +0700] "POST /wp-comments-post.php HTTP/1.0" 302 1157 "-" "-"
138.3.242.176 - - [08/Sep/2025:19:07:36 +0700] "GET /slot-gacor-hari-ini-game-slot-dengan-volatilitas-tinggi/?unapproved=1496&moderation-hash=b2936c7a8735d6d8a5f1c5352bd350b7 HTTP/1.0" 200 65035 "https://vattusacky.vn/wp-comments-post.php" "-"
20.171.207.118 - - [08/Sep/2025:19:07:38 +0700] "GET /?p=8980 HTTP/1.0" 301 514 "-" "Mozilla/5.0 AppleWebKit/537.36 (KHTML, like Gecko; compatible; GPTBot/1.2; +https://openai.com/gptbot)"
20.171.207.118 - - [08/Sep/2025:19:07:40 +0700] "GET /the-spiritual-aspect-of-omegle-connecting-souls-across-the-cyberspace/ HTTP/1.0" 200 91455 "-" "Mozilla/5.0 AppleWebKit/537.36 (KHTML, like Gecko; compatible; GPTBot/1.2; +https://openai.com/gptbot)"
20.171.207.118 - - [08/Sep/2025:19:07:53 +0700] "GET /omegle-and-online-gaming-how-the-platform-has-become-a-hub-for-gamers/ HTTP/1.0" 200 75728 "-" "Mozilla/5.0 AppleWebKit/537.36 (KHTML, like Gecko; compatible; GPTBot/1.2; +https://openai.com/gptbot)"
45.117.177.72 - - [08/Sep/2025:19:08:19 +0700] "POST /wp-cron.php?doing_wp_cron=1757333298.8189539909362792968750 HTTP/1.0" 200 416 "-" "WordPress/6.8.1; https://vattusacky.vn"
20.171.207.118 - - [08/Sep/2025:19:08:17 +0700] "GET /understanding-the-role-of-curiosity-in-omegles-social-experiment/ HTTP/1.0" 200 90458 "-" "Mozilla/5.0 AppleWebKit/537.36 (KHTML, like Gecko; compatible; GPTBot/1.2; +https://openai.com/gptbot)"
138.3.242.176 - - [08/Sep/2025:19:08:32 +0700] "GET /wp-json/wp/v2/posts?per_page=1&_fields=id,slug,comment_status HTTP/1.0" 200 1018 "-" "-"
45.117.177.72 - - [08/Sep/2025:19:08:42 +0700] "POST /wp-cron.php?doing_wp_cron=1757333322.0331730842590332031250 HTTP/1.0" 200 416 "-" "WordPress/6.8.1; https://vattusacky.vn"
138.3.242.176 - - [08/Sep/2025:19:08:40 +0700] "POST /wp-comments-post.php HTTP/1.0" 302 1157 "-" "-"
138.3.242.176 - - [08/Sep/2025:19:08:43 +0700] "GET /slot-gacor-hari-ini-game-slot-dengan-volatilitas-tinggi/?unapproved=1497&moderation-hash=eb4a114abffb714bd242e809518c866e HTTP/1.0" 200 8456 "https://vattusacky.vn/wp-comments-post.php" "-"
20.171.207.118 - - [08/Sep/2025:19:08:47 +0700] "GET /?p=7464 HTTP/1.0" 301 509 "-" "Mozilla/5.0 AppleWebKit/537.36 (KHTML, like Gecko; compatible; GPTBot/1.2; +https://openai.com/gptbot)"
20.171.207.118 - - [08/Sep/2025:19:08:49 +0700] "GET /omegle-and-online-gaming-fostering-connections-in-virtual-worlds/ HTTP/1.0" 200 94590 "-" "Mozilla/5.0 AppleWebKit/537.36 (KHTML, like Gecko; compatible; GPTBot/1.2; +https://openai.com/gptbot)"
45.117.177.72 - - [08/Sep/2025:19:09:09 +0700] "POST /wp-cron.php?doing_wp_cron=1757333349.2731709480285644531250 HTTP/1.0" 200 416 "-" "WordPress/6.8.1; https://vattusacky.vn"
138.3.242.176 - - [08/Sep/2025:19:09:08 +0700] "GET /wp-json/wp/v2/posts?per_page=1&_fields=id,slug,comment_status HTTP/1.0" 200 1018 "-" "-"
45.117.177.72 - - [08/Sep/2025:19:09:17 +0700] "POST /wp-cron.php?doing_wp_cron=1757333357.0060479640960693359375 HTTP/1.0" 200 416 "-" "WordPress/6.8.1; https://vattusacky.vn"
138.3.242.176 - - [08/Sep/2025:19:09:15 +0700] "POST /wp-comments-post.php HTTP/1.0" 302 1157 "-" "-"
138.3.242.176 - - [08/Sep/2025:19:09:18 +0700] "GET /slot-gacor-hari-ini-game-slot-dengan-volatilitas-tinggi/?unapproved=1498&moderation-hash=6b2faa6819c913850b24be4b235991e6 HTTP/1.0" 200 65035 "https://vattusacky.vn/wp-comments-post.php" "-"
20.171.207.118 - - [08/Sep/2025:19:09:22 +0700] "GET /?p=8339 HTTP/1.0" 301 509 "-" "Mozilla/5.0 AppleWebKit/537.36 (KHTML, like Gecko; compatible; GPTBot/1.2; +https://openai.com/gptbot)"
20.171.207.118 - - [08/Sep/2025:19:09:24 +0700] "GET /the-beauty-of-the-unexpected-serendipitous-connections-on-omegle/ HTTP/1.0" 200 91294 "-" "Mozilla/5.0 AppleWebKit/537.36 (KHTML, like Gecko; compatible; GPTBot/1.2; +https://openai.com/gptbot)"
20.171.207.118 - - [08/Sep/2025:19:09:48 +0700] "GET /the-benefits-of-participating-in-omegles-social-experiment/ HTTP/1.0" 200 91164 "-" "Mozilla/5.0 AppleWebKit/537.36 (KHTML, like Gecko; compatible; GPTBot/1.2; +https://openai.com/gptbot)"
138.3.242.176 - - [08/Sep/2025:19:10:02 +0700] "GET /wp-json/wp/v2/posts?per_page=1&_fields=id,slug,comment_status HTTP/1.0" 200 1018 "-" "-"
20.171.207.118 - - [08/Sep/2025:19:10:10 +0700] "GET /?p=8575 HTTP/1.0" 301 508 "-" "Mozilla/5.0 AppleWebKit/537.36 (KHTML, like Gecko; compatible; GPTBot/1.2; +https://openai.com/gptbot)"
138.3.242.176 - - [08/Sep/2025:19:10:11 +0700] "POST /wp-comments-post.php HTTP/1.0" 302 1157 "-" "-"
20.171.207.118 - - [08/Sep/2025:19:10:12 +0700] "GET /the-impact-of-technology-addiction-in-omegles-social-experiment/ HTTP/1.0" 200 91483 "-" "Mozilla/5.0 AppleWebKit/537.36 (KHTML, like Gecko; compatible; GPTBot/1.2; +https://openai.com/gptbot)"
138.3.242.176 - - [08/Sep/2025:19:10:13 +0700] "GET /slot-gacor-hari-ini-game-slot-dengan-volatilitas-tinggi/?unapproved=1499&moderation-hash=c3ad09b75fcb06b3a4812917afad9113 HTTP/1.0" 200 57734 "https://vattusacky.vn/wp-comments-post.php" "-"
45.117.177.72 - - [08/Sep/2025:19:10:27 +0700] "POST /wp-cron.php?doing_wp_cron=1757333427.2564330101013183593750 HTTP/1.0" 200 416 "-" "WordPress/6.8.1; https://vattusacky.vn"
20.171.207.118 - - [08/Sep/2025:19:10:26 +0700] "GET /?p=9082 HTTP/1.0" 301 509 "-" "Mozilla/5.0 AppleWebKit/537.36 (KHTML, like Gecko; compatible; GPTBot/1.2; +https://openai.com/gptbot)"
20.171.207.118 - - [08/Sep/2025:19:10:27 +0700] "GET /understanding-the-role-of-curiosity-in-omegles-social-experiment/ HTTP/1.0" 200 90458 "-" "Mozilla/5.0 AppleWebKit/537.36 (KHTML, like Gecko; compatible; GPTBot/1.2; +https://openai.com/gptbot)"
20.171.207.118 - - [08/Sep/2025:19:10:38 +0700] "GET /the-untold-stories-of-omegle-adventures-from-anonymous-explorers/ HTTP/1.0" 200 91359 "-" "Mozilla/5.0 AppleWebKit/537.36 (KHTML, like Gecko; compatible; GPTBot/1.2; +https://openai.com/gptbot)"
20.171.207.118 - - [08/Sep/2025:19:10:57 +0700] "GET /the-importance-of-boundaries-in-omegles-social-experiment/ HTTP/1.0" 200 90699 "-" "Mozilla/5.0 AppleWebKit/537.36 (KHTML, like Gecko; compatible; GPTBot/1.2; +https://openai.com/gptbot)"
85.208.96.202 - - [08/Sep/2025:19:10:59 +0700] "GET /robots.txt HTTP/1.0" 200 984 "-" "Mozilla/5.0 (compatible; SemrushBot/7~bl; +http://www.semrush.com/bot.html)"
185.191.171.15 - - [08/Sep/2025:19:11:02 +0700] "GET /findo-progress-cai-vaygap-tien-te-bao-co-su-khac-biet/ HTTP/1.0" 200 207412 "-" "Mozilla/5.0 (compatible; SemrushBot/7~bl; +http://www.semrush.com/bot.html)"
20.171.207.118 - - [08/Sep/2025:19:11:11 +0700] "GET /omegles-role-in-combating-social-anxiety-and-building-confidence/ HTTP/1.0" 200 91241 "-" "Mozilla/5.0 AppleWebKit/537.36 (KHTML, like Gecko; compatible; GPTBot/1.2; +https://openai.com/gptbot)"
45.117.177.72 - - [08/Sep/2025:19:11:34 +0700] "POST /wp-cron.php?doing_wp_cron=1757333494.4563009738922119140625 HTTP/1.0" 200 416 "-" "WordPress/6.8.1; https://vattusacky.vn"
20.171.207.118 - - [08/Sep/2025:19:11:33 +0700] "GET /omegles-impact-on-online-security-and-cybercrime-prevention/ HTTP/1.0" 200 91053 "-" "Mozilla/5.0 AppleWebKit/537.36 (KHTML, like Gecko; compatible; GPTBot/1.2; +https://openai.com/gptbot)"
85.208.96.198 - - [08/Sep/2025:19:11:44 +0700] "GET /author/yanz/page/73/ HTTP/1.0" 200 77454 "-" "Mozilla/5.0 (compatible; SemrushBot/7~bl; +http://www.semrush.com/bot.html)"
20.171.207.118 - - [08/Sep/2025:19:11:48 +0700] "GET /omegle-vs-ometv-which-platform-offers-better-interactive-features/ HTTP/1.0" 200 91152 "-" "Mozilla/5.0 AppleWebKit/537.36 (KHTML, like Gecko; compatible; GPTBot/1.2; +https://openai.com/gptbot)"
45.117.177.72 - - [08/Sep/2025:19:12:19 +0700] "POST /wp-cron.php?doing_wp_cron=1757333539.1767590045928955078125 HTTP/1.0" 200 416 "-" "WordPress/6.8.1; https://vattusacky.vn"
20.171.207.118 - - [08/Sep/2025:19:12:18 +0700] "GET /?p=8345 HTTP/1.0" 301 503 "-" "Mozilla/5.0 AppleWebKit/537.36 (KHTML, like Gecko; compatible; GPTBot/1.2; +https://openai.com/gptbot)"
20.171.207.118 - - [08/Sep/2025:19:12:19 +0700] "GET /the-benefits-of-participating-in-omegles-social-experiment/ HTTP/1.0" 200 91164 "-" "Mozilla/5.0 AppleWebKit/537.36 (KHTML, like Gecko; compatible; GPTBot/1.2; +https://openai.com/gptbot)"
100.29.128.75 - - [08/Sep/2025:19:12:36 +0700] "GET /category/uncategorized/page/239/ HTTP/1.0" 200 75950 "-" "Mozilla/5.0 AppleWebKit/537.36 (KHTML, like Gecko; compatible; Amazonbot/0.1; +https://developer.amazon.com/support/amazonbot) Chrome/119.0.6045.214 Safari/537.36"
20.171.207.118 - - [08/Sep/2025:19:12:59 +0700] "GET /the-thrills-and-challenges-of-psychological-experiments-on-omegle/ HTTP/1.0" 200 82439 "-" "Mozilla/5.0 AppleWebKit/537.36 (KHTML, like Gecko; compatible; GPTBot/1.2; +https://openai.com/gptbot)"
45.117.177.72 - - [08/Sep/2025:19:13:23 +0700] "POST /wp-cron.php?doing_wp_cron=1757333602.9474689960479736328125 HTTP/1.0" 200 416 "-" "WordPress/6.8.1; https://vattusacky.vn"
20.171.207.118 - - [08/Sep/2025:19:13:21 +0700] "GET /?p=9138 HTTP/1.0" 301 504 "-" "Mozilla/5.0 AppleWebKit/537.36 (KHTML, like Gecko; compatible; GPTBot/1.2; +https://openai.com/gptbot)"
20.171.207.118 - - [08/Sep/2025:19:13:23 +0700] "GET /unraveling-omegles-algorithm-the-secrets-of-random-pairings/ HTTP/1.0" 200 80810 "-" "Mozilla/5.0 AppleWebKit/537.36 (KHTML, like Gecko; compatible; GPTBot/1.2; +https://openai.com/gptbot)"
45.117.177.72 - - [08/Sep/2025:19:14:24 +0700] "POST /wp-cron.php?doing_wp_cron=1757333664.0250139236450195312500 HTTP/1.0" 200 416 "-" "WordPress/6.8.1; https://vattusacky.vn"
20.171.207.118 - - [08/Sep/2025:19:14:22 +0700] "GET /jakim-sposobem-zalozyc-spolke-bukmacherska-poradnik-krok-po-kroku/ HTTP/1.0" 200 77776 "-" "Mozilla/5.0 AppleWebKit/537.36 (KHTML, like Gecko; compatible; GPTBot/1.2; +https://openai.com/gptbot)"
45.117.177.72 - - [08/Sep/2025:19:15:23 +0700] "POST /wp-cron.php?doing_wp_cron=1757333723.5466260910034179687500 HTTP/1.0" 200 416 "-" "WordPress/6.8.1; https://vattusacky.vn"
20.171.207.118 - - [08/Sep/2025:19:15:22 +0700] "GET /?p=7841 HTTP/1.0" 301 504 "-" "Mozilla/5.0 AppleWebKit/537.36 (KHTML, like Gecko; compatible; GPTBot/1.2; +https://openai.com/gptbot)"
20.171.207.118 - - [08/Sep/2025:19:15:23 +0700] "GET /omegles-impact-on-online-security-and-cybercrime-prevention/ HTTP/1.0" 200 90907 "-" "Mozilla/5.0 AppleWebKit/537.36 (KHTML, like Gecko; compatible; GPTBot/1.2; +https://openai.com/gptbot)"
213.180.203.235 - - [08/Sep/2025:19:15:41 +0700] "GET /the-legal-implications-of-privacy-on-omegle/ HTTP/1.0" 200 91983 "-" "Mozilla/5.0 (compatible; YandexBot/3.0; +http://yandex.com/bots)"
20.171.207.118 - - [08/Sep/2025:19:15:46 +0700] "GET /unveiling-the-thrills-of-omegle-stories-from-anonymous-explorers/ HTTP/1.0" 200 90776 "-" "Mozilla/5.0 AppleWebKit/537.36 (KHTML, like Gecko; compatible; GPTBot/1.2; +https://openai.com/gptbot)"
45.117.177.72 - - [08/Sep/2025:19:17:13 +0700] "POST /wp-cron.php?doing_wp_cron=1757333832.8459019660949707031250 HTTP/1.0" 200 416 "-" "WordPress/6.8.1; https://vattusacky.vn"
20.171.207.118 - - [08/Sep/2025:19:17:11 +0700] "GET /?p=9008 HTTP/1.0" 301 655 "-" "Mozilla/5.0 AppleWebKit/537.36 (KHTML, like Gecko; compatible; GPTBot/1.2; +https://openai.com/gptbot)"
20.171.207.118 - - [08/Sep/2025:19:17:13 +0700] "GET /the-untold-stories-of-omegle-adventures-from-anonymous-explorers/ HTTP/1.0" 200 91359 "-" "Mozilla/5.0 AppleWebKit/537.36 (KHTML, like Gecko; compatible; GPTBot/1.2; +https://openai.com/gptbot)"
45.117.177.72 - - [08/Sep/2025:19:18:09 +0700] "POST /wp-cron.php?doing_wp_cron=1757333889.3152959346771240234375 HTTP/1.0" 200 416 "-" "WordPress/6.8.1; https://vattusacky.vn"
20.171.207.118 - - [08/Sep/2025:19:18:07 +0700] "GET /?p=7786 HTTP/1.0" 301 510 "-" "Mozilla/5.0 AppleWebKit/537.36 (KHTML, like Gecko; compatible; GPTBot/1.2; +https://openai.com/gptbot)"
20.171.207.118 - - [08/Sep/2025:19:18:09 +0700] "GET /omegle-vs-ometv-which-platform-offers-better-interactive-features/ HTTP/1.0" 200 91152 "-" "Mozilla/5.0 AppleWebKit/537.36 (KHTML, like Gecko; compatible; GPTBot/1.2; +https://openai.com/gptbot)"
45.117.177.72 - - [08/Sep/2025:19:18:54 +0700] "POST /wp-cron.php?doing_wp_cron=1757333933.9243390560150146484375 HTTP/1.0" 200 416 "-" "WordPress/6.8.1; https://vattusacky.vn"
20.171.207.118 - - [08/Sep/2025:19:18:52 +0700] "GET /?p=8598 HTTP/1.0" 301 502 "-" "Mozilla/5.0 AppleWebKit/537.36 (KHTML, like Gecko; compatible; GPTBot/1.2; +https://openai.com/gptbot)"
20.171.207.118 - - [08/Sep/2025:19:18:54 +0700] "GET /the-importance-of-boundaries-in-omegles-social-experiment/ HTTP/1.0" 200 90699 "-" "Mozilla/5.0 AppleWebKit/537.36 (KHTML, like Gecko; compatible; GPTBot/1.2; +https://openai.com/gptbot)"
20.171.207.118 - - [08/Sep/2025:19:19:11 +0700] "GET /wp-json/oembed/1.0/embed?url=https%3A%2F%2Fvattusacky.vn%2Fomegle-vs-ometv-which-platform-offers-better-interactive-features%2F HTTP/1.0" 200 3544 "-" "Mozilla/5.0 AppleWebKit/537.36 (KHTML, like Gecko; compatible; GPTBot/1.2; +https://openai.com/gptbot)"
45.117.177.72 - - [08/Sep/2025:19:19:34 +0700] "POST /wp-cron.php?doing_wp_cron=1757333974.6270039081573486328125 HTTP/1.0" 200 416 "-" "WordPress/6.8.1; https://vattusacky.vn"
20.171.207.118 - - [08/Sep/2025:19:19:32 +0700] "GET /omegle-vs-ometv-which-platform-offers-better-verification-methods/ HTTP/1.0" 200 91200 "-" "Mozilla/5.0 AppleWebKit/537.36 (KHTML, like Gecko; compatible; GPTBot/1.2; +https://openai.com/gptbot)"
20.171.207.118 - - [08/Sep/2025:19:19:58 +0700] "GET /?p=8993 HTTP/1.0" 301 510 "-" "Mozilla/5.0 AppleWebKit/537.36 (KHTML, like Gecko; compatible; GPTBot/1.2; +https://openai.com/gptbot)"
20.171.207.118 - - [08/Sep/2025:19:20:00 +0700] "GET /the-thrills-and-challenges-of-psychological-experiments-on-omegle/ HTTP/1.0" 200 82439 "-" "Mozilla/5.0 AppleWebKit/537.36 (KHTML, like Gecko; compatible; GPTBot/1.2; +https://openai.com/gptbot)"
45.117.177.72 - - [08/Sep/2025:19:20:21 +0700] "POST /wp-cron.php?doing_wp_cron=1757334020.7796909809112548828125 HTTP/1.0" 200 416 "-" "WordPress/6.8.1; https://vattusacky.vn"
85.208.98.23 - - [08/Sep/2025:19:20:19 +0700] "GET /robots.txt HTTP/1.0" 200 984 "http://vattusacky.vn/robots.txt" "Mozilla/5.0 (compatible; SemrushBot-BA; +http://www.semrush.com/bot.html)"
85.208.98.31 - - [08/Sep/2025:19:20:36 +0700] "GET /sustanon-250-steroid-tutto-cio-che-devi-sapere-2/ HTTP/1.0" 200 204202 "-" "Mozilla/5.0 (compatible; SemrushBot-BA; +http://www.semrush.com/bot.html)"
85.208.98.22 - - [08/Sep/2025:19:20:50 +0700] "GET /melbet-apk-obtain-for-android-apk-and-ios-in-india-20/ HTTP/1.0" 200 228328 "-" "Mozilla/5.0 (compatible; SemrushBot-BA; +http://www.semrush.com/bot.html)"
20.171.207.118 - - [08/Sep/2025:19:20:51 +0700] "GET /?p=7935 HTTP/1.0" 301 509 "-" "Mozilla/5.0 AppleWebKit/537.36 (KHTML, like Gecko; compatible; GPTBot/1.2; +https://openai.com/gptbot)"
20.171.207.118 - - [08/Sep/2025:19:20:53 +0700] "GET /omegles-role-in-combating-social-anxiety-and-building-confidence/ HTTP/1.0" 200 91241 "-" "Mozilla/5.0 AppleWebKit/537.36 (KHTML, like Gecko; compatible; GPTBot/1.2; +https://openai.com/gptbot)"
85.208.98.22 - - [08/Sep/2025:19:21:02 +0700] "GET /dd%C2%B9d%C2%BD-dodd-d%C2%B8d%C2%BDd%C2%BE-ddonedd%C2%B8d%C2%BDn-n%C6%92donedd%C2%B8d%C2%BDn%C2%81dod%C2%B8d%C2%B5-gambling-den-d%C2%BDd-ned%C2%B5d/ HTTP/1.0" 200 212356 "-" "Mozilla/5.0 (compatible; SemrushBot-BA; +http://www.semrush.com/bot.html)"
45.117.177.72 - - [08/Sep/2025:19:21:23 +0700] "POST /wp-cron.php?doing_wp_cron=1757334083.1000990867614746093750 HTTP/1.0" 200 416 "-" "WordPress/6.8.1; https://vattusacky.vn"
85.208.98.20 - - [08/Sep/2025:19:21:21 +0700] "GET /is-tristyn-lee-natural-or-on-steroids-truth-exposed-bodyly/ HTTP/1.0" 200 209098 "-" "Mozilla/5.0 (compatible; SemrushBot-BA; +http://www.semrush.com/bot.html)"
20.171.207.118 - - [08/Sep/2025:19:21:24 +0700] "GET /omegle-anomalies-strange-and-bizarre-encounters-in-the-chatroom/ HTTP/1.0" 200 91799 "-" "Mozilla/5.0 AppleWebKit/537.36 (KHTML, like Gecko; compatible; GPTBot/1.2; +https://openai.com/gptbot)"
85.208.98.24 - - [08/Sep/2025:19:21:44 +0700] "GET /lhistoire-de-match-com-de-1993-a-ces-jours/ HTTP/1.0" 200 212647 "-" "Mozilla/5.0 (compatible; SemrushBot-BA; +http://www.semrush.com/bot.html)"
20.171.207.118 - - [08/Sep/2025:19:21:46 +0700] "GET /omegle-and-online-harassment-fighting-back-against-trolls/ HTTP/1.0" 200 91463 "-" "Mozilla/5.0 AppleWebKit/537.36 (KHTML, like Gecko; compatible; GPTBot/1.2; +https://openai.com/gptbot)"
85.208.98.22 - - [08/Sep/2025:19:21:56 +0700] "GET /zajmy-s-18-let-bez-otkazov-na-kartu-onlajn/ HTTP/1.0" 200 256056 "-" "Mozilla/5.0 (compatible; SemrushBot-BA; +http://www.semrush.com/bot.html)"
85.208.98.16 - - [08/Sep/2025:19:22:14 +0700] "GET /leovegas-reviews-go-through-customer-support-reviews-of-leovegas-com-12-15-of-89/ HTTP/1.0" 200 221799 "-" "Mozilla/5.0 (compatible; SemrushBot-BA; +http://www.semrush.com/bot.html)"
45.117.177.72 - - [08/Sep/2025:19:22:27 +0700] "POST /wp-cron.php?doing_wp_cron=1757334146.9694740772247314453125 HTTP/1.0" 200 416 "-" "WordPress/6.8.1; https://vattusacky.vn"
85.208.98.16 - - [08/Sep/2025:19:22:25 +0700] "GET /cell-modern-casino-activities-play/ HTTP/1.0" 200 208579 "-" "Mozilla/5.0 (compatible; SemrushBot-BA; +http://www.semrush.com/bot.html)"
85.208.98.22 - - [08/Sep/2025:19:22:37 +0700] "GET /is-normally-cbd-secure/ HTTP/1.0" 200 205326 "-" "Mozilla/5.0 (compatible; SemrushBot-BA; +http://www.semrush.com/bot.html)"
85.208.98.19 - - [08/Sep/2025:19:22:55 +0700] "GET /canli-casino-glory-mobil-giri-bonus/ HTTP/1.0" 200 217908 "-" "Mozilla/5.0 (compatible; SemrushBot-BA; +http://www.semrush.com/bot.html)"
85.208.98.31 - - [08/Sep/2025:19:23:04 +0700] "GET /euro-ladies-world-wide-dating-company/ HTTP/1.0" 200 206809 "-" "Mozilla/5.0 (compatible; SemrushBot-BA; +http://www.semrush.com/bot.html)"
45.117.177.72 - - [08/Sep/2025:19:23:38 +0700] "POST /wp-cron.php?doing_wp_cron=1757334218.0466949939727783203125 HTTP/1.0" 200 416 "-" "WordPress/6.8.1; https://vattusacky.vn"
20.171.207.118 - - [08/Sep/2025:19:23:37 +0700] "GET /networking-for-social-and-professional-advancement-on-omegle-and-ometv/ HTTP/1.0" 200 93562 "-" "Mozilla/5.0 AppleWebKit/537.36 (KHTML, like Gecko; compatible; GPTBot/1.2; +https://openai.com/gptbot)"
85.208.98.20 - - [08/Sep/2025:19:23:36 +0700] "GET /3823-2/ HTTP/1.0" 200 205822 "-" "Mozilla/5.0 (compatible; SemrushBot-BA; +http://www.semrush.com/bot.html)"
85.208.98.19 - - [08/Sep/2025:19:23:48 +0700] "GET /luchshie-onlajn-kazino-top-igrovye-avtomaty-2/ HTTP/1.0" 200 234636 "-" "Mozilla/5.0 (compatible; SemrushBot-BA; +http://www.semrush.com/bot.html)"
20.171.207.118 - - [08/Sep/2025:19:24:04 +0700] "GET /overcoming-stereotypes-and-biases-in-anonymous-omegle-chats/ HTTP/1.0" 200 90369 "-" "Mozilla/5.0 AppleWebKit/537.36 (KHTML, like Gecko; compatible; GPTBot/1.2; +https://openai.com/gptbot)"
85.208.98.20 - - [08/Sep/2025:19:24:10 +0700] "GET /aviator-predictor-v1-ninety-four-apk-mod-2023-free-45/ HTTP/1.0" 200 244571 "-" "Mozilla/5.0 (compatible; SemrushBot-BA; +http://www.semrush.com/bot.html)"
45.117.177.72 - - [08/Sep/2025:19:24:25 +0700] "POST /wp-cron.php?doing_wp_cron=1757334265.4844450950622558593750 HTTP/1.0" 200 416 "-" "WordPress/6.8.1; https://vattusacky.vn"
185.191.171.14 - - [08/Sep/2025:19:24:24 +0700] "GET /cach-tot-nhat-de-vay-thu-https-vaytienvn-com-nhap-tren-internet-hai-chuc-24/ HTTP/1.0" 200 212169 "-" "Mozilla/5.0 (compatible; SemrushBot/7~bl; +http://www.semrush.com/bot.html)"
20.171.207.118 - - [08/Sep/2025:19:24:35 +0700] "GET /?p=7791 HTTP/1.0" 301 510 "-" "Mozilla/5.0 AppleWebKit/537.36 (KHTML, like Gecko; compatible; GPTBot/1.2; +https://openai.com/gptbot)"
20.171.207.118 - - [08/Sep/2025:19:24:37 +0700] "GET /omegle-vs-ometv-which-platform-offers-better-verification-methods/ HTTP/1.0" 200 91200 "-" "Mozilla/5.0 AppleWebKit/537.36 (KHTML, like Gecko; compatible; GPTBot/1.2; +https://openai.com/gptbot)"
85.208.98.19 - - [08/Sep/2025:19:24:46 +0700] "GET /online-casino-real-money-no-deposit-what-are-they/ HTTP/1.0" 200 208050 "-" "Mozilla/5.0 (compatible; SemrushBot-BA; +http://www.semrush.com/bot.html)"
85.208.98.31 - - [08/Sep/2025:19:25:00 +0700] "GET /hiq/ HTTP/1.0" 200 203459 "-" "Mozilla/5.0 (compatible; SemrushBot-BA; +http://www.semrush.com/bot.html)"
20.171.207.118 - - [08/Sep/2025:19:25:08 +0700] "GET /leaving-a-lasting-impression-following-up-on-omegle-conversations/ HTTP/1.0" 200 93601 "-" "Mozilla/5.0 AppleWebKit/537.36 (KHTML, like Gecko; compatible; GPTBot/1.2; +https://openai.com/gptbot)"
45.117.177.72 - - [08/Sep/2025:19:25:29 +0700] "POST /wp-cron.php?doing_wp_cron=1757334329.2916190624237060546875 HTTP/1.0" 200 416 "-" "WordPress/6.8.1; https://vattusacky.vn"
85.208.98.29 - - [08/Sep/2025:19:25:28 +0700] "GET /how-to-convert-pdf-to-notepad-with-two-methods-10/ HTTP/1.0" 200 207952 "-" "Mozilla/5.0 (compatible; SemrushBot-BA; +http://www.semrush.com/bot.html)"
20.171.207.118 - - [08/Sep/2025:19:25:33 +0700] "GET /?p=9176 HTTP/1.0" 301 509 "-" "Mozilla/5.0 AppleWebKit/537.36 (KHTML, like Gecko; compatible; GPTBot/1.2; +https://openai.com/gptbot)"
20.171.207.118 - - [08/Sep/2025:19:25:35 +0700] "GET /unveiling-the-thrills-of-omegle-stories-from-anonymous-explorers/ HTTP/1.0" 200 90776 "-" "Mozilla/5.0 AppleWebKit/537.36 (KHTML, like Gecko; compatible; GPTBot/1.2; +https://openai.com/gptbot)"
85.208.98.20 - - [08/Sep/2025:19:25:39 +0700] "GET /up-x-top-kazino-rabochee-zerkalo-sajta-kazino-2/ HTTP/1.0" 200 225873 "-" "Mozilla/5.0 (compatible; SemrushBot-BA; +http://www.semrush.com/bot.html)"
85.208.98.19 - - [08/Sep/2025:19:25:46 +0700] "GET /4123-2/ HTTP/1.0" 200 216378 "-" "Mozilla/5.0 (compatible; SemrushBot-BA; +http://www.semrush.com/bot.html)"
20.171.207.118 - - [08/Sep/2025:19:26:02 +0700] "GET /the-future-of-personal-connections-omegles-vision-unveiled/ HTTP/1.0" 200 91386 "-" "Mozilla/5.0 AppleWebKit/537.36 (KHTML, like Gecko; compatible; GPTBot/1.2; +https://openai.com/gptbot)"
85.208.98.19 - - [08/Sep/2025:19:26:02 +0700] "GET /cai-thien-nhanh-chong-cach-tim-da-mo-https-vaysite-com-nguoi-cho-vay-findo-nhu-mot-tien-bo-nhanh-chong-trong-nam-phut/ HTTP/1.0" 200 209883 "-" "Mozilla/5.0 (compatible; SemrushBot-BA; +http://www.semrush.com/bot.html)"
85.208.98.22 - - [08/Sep/2025:19:26:12 +0700] "GET /22bet-evaluation-cell-app-and-attractive-welcome-5-2/ HTTP/1.0" 200 242745 "-" "Mozilla/5.0 (compatible; SemrushBot-BA; +http://www.semrush.com/bot.html)"
45.117.177.72 - - [08/Sep/2025:19:26:35 +0700] "POST /wp-cron.php?doing_wp_cron=1757334395.3541591167449951171875 HTTP/1.0" 200 416 "-" "WordPress/6.8.1; https://vattusacky.vn"
85.208.98.29 - - [08/Sep/2025:19:26:34 +0700] "GET /web-based-antivirus-scan-for-android-mobile/ HTTP/1.0" 200 205706 "-" "Mozilla/5.0 (compatible; SemrushBot-BA; +http://www.semrush.com/bot.html)"
20.171.207.118 - - [08/Sep/2025:19:26:37 +0700] "GET /overcoming-obstacles-in-omegle-therapy-tips-and-strategies/ HTTP/1.0" 200 93363 "-" "Mozilla/5.0 AppleWebKit/537.36 (KHTML, like Gecko; compatible; GPTBot/1.2; +https://openai.com/gptbot)"
85.208.98.24 - - [08/Sep/2025:19:26:47 +0700] "GET /set-up-a-1xbet-modern-software-with-no-deposit-on/ HTTP/1.0" 200 229119 "-" "Mozilla/5.0 (compatible; SemrushBot-BA; +http://www.semrush.com/bot.html)"
85.208.98.16 - - [08/Sep/2025:19:26:59 +0700] "GET /via-the-internet-board-managing-features/ HTTP/1.0" 200 205598 "-" "Mozilla/5.0 (compatible; SemrushBot-BA; +http://www.semrush.com/bot.html)"
20.171.207.118 - - [08/Sep/2025:19:27:05 +0700] "GET /unmasking-the-secrets-of-omegle-insights-from-anonymous-explorers/ HTTP/1.0" 200 92805 "-" "Mozilla/5.0 AppleWebKit/537.36 (KHTML, like Gecko; compatible; GPTBot/1.2; +https://openai.com/gptbot)"
85.208.98.31 - - [08/Sep/2025:19:27:08 +0700] "GET /common-mistakes-to-avoid-when-buying-viagra-in/ HTTP/1.0" 200 238709 "-" "Mozilla/5.0 (compatible; SemrushBot-BA; +http://www.semrush.com/bot.html)"
45.117.177.72 - - [08/Sep/2025:19:27:43 +0700] "POST /wp-cron.php?doing_wp_cron=1757334462.7549870014190673828125 HTTP/1.0" 200 416 "-" "WordPress/6.8.1; https://vattusacky.vn"
85.208.98.20 - - [08/Sep/2025:19:27:41 +0700] "GET /points-to-know-about-asian-women/ HTTP/1.0" 200 209833 "-" "Mozilla/5.0 (compatible; SemrushBot-BA; +http://www.semrush.com/bot.html)"
20.171.207.118 - - [08/Sep/2025:19:27:52 +0700] "GET /navigating-the-unknown-anonymity-and-authenticity-in-omegle-chat-rooms/ HTTP/1.0" 200 75785 "-" "Mozilla/5.0 AppleWebKit/537.36 (KHTML, like Gecko; compatible; GPTBot/1.2; +https://openai.com/gptbot)"
85.208.98.29 - - [08/Sep/2025:19:27:54 +0700] "GET /the-right-way-to-be-a-better-husband-emotionally-several-ways-to-strengthen-your-marriage/ HTTP/1.0" 200 209552 "-" "Mozilla/5.0 (compatible; SemrushBot-BA; +http://www.semrush.com/bot.html)"
85.208.98.31 - - [08/Sep/2025:19:28:07 +0700] "GET /top-5-things-to-do-over-a-first-night-out/ HTTP/1.0" 200 207036 "-" "Mozilla/5.0 (compatible; SemrushBot-BA; +http://www.semrush.com/bot.html)"
45.117.177.72 - - [08/Sep/2025:19:28:21 +0700] "POST /wp-cron.php?doing_wp_cron=1757334501.3043138980865478515625 HTTP/1.0" 200 416 "-" "WordPress/6.8.1; https://vattusacky.vn"
85.208.98.19 - - [08/Sep/2025:19:28:20 +0700] "GET /fun88-unveils-a-recent-search-for-its-web-site-13/ HTTP/1.0" 200 246297 "-" "Mozilla/5.0 (compatible; SemrushBot-BA; +http://www.semrush.com/bot.html)"
85.208.98.22 - - [08/Sep/2025:19:28:30 +0700] "GET /quantracmoitruongungquanh/ HTTP/1.0" 200 261520 "-" "Mozilla/5.0 (compatible; SemrushBot-BA; +http://www.semrush.com/bot.html)"
20.171.207.118 - - [08/Sep/2025:19:28:39 +0700] "GET /the-dance-of-empathy-connecting-through-understanding-on-omegle/ HTTP/1.0" 200 91441 "-" "Mozilla/5.0 AppleWebKit/537.36 (KHTML, like Gecko; compatible; GPTBot/1.2; +https://openai.com/gptbot)"
85.208.98.29 - - [08/Sep/2025:19:28:40 +0700] "GET /sources-of-tech-news/ HTTP/1.0" 200 205200 "-" "Mozilla/5.0 (compatible; SemrushBot-BA; +http://www.semrush.com/bot.html)"
85.208.98.19 - - [08/Sep/2025:19:28:40 +0700] "GET /alcoholic-liver-disease-symptoms-treatment-and/ HTTP/1.0" 200 210761 "-" "Mozilla/5.0 (compatible; SemrushBot-BA; +http://www.semrush.com/bot.html)"
85.208.98.24 - - [08/Sep/2025:19:28:41 +0700] "GET /zajm-sms-zajm-ot-finterra/ HTTP/1.0" 200 223695 "-" "Mozilla/5.0 (compatible; SemrushBot-BA; +http://www.semrush.com/bot.html)"
85.208.98.22 - - [08/Sep/2025:19:28:50 +0700] "GET /quan-trac-moi-truong-lao-dong/ HTTP/1.0" 200 219174 "-" "Mozilla/5.0 (compatible; SemrushBot-BA; +http://www.semrush.com/bot.html)"
85.208.98.24 - - [08/Sep/2025:19:28:50 +0700] "GET /a-few-ways-to-experience-an-ideal-1st-date/ HTTP/1.0" 200 206637 "-" "Mozilla/5.0 (compatible; SemrushBot-BA; +http://www.semrush.com/bot.html)"
85.208.98.16 - - [08/Sep/2025:19:28:51 +0700] "GET /evermed/ HTTP/1.0" 200 203595 "-" "Mozilla/5.0 (compatible; SemrushBot-BA; +http://www.semrush.com/bot.html)"
85.208.98.31 - - [08/Sep/2025:19:29:01 +0700] "GET /truc-tuyen-nhanh-chong-https-vaysite-com-app-vay-tien-cash24-app-chuyen-tiep-lua-chon-nhanh/ HTTP/1.0" 200 211280 "-" "Mozilla/5.0 (compatible; SemrushBot-BA; +http://www.semrush.com/bot.html)"
85.208.98.22 - - [08/Sep/2025:19:29:01 +0700] "GET /3951-2/ HTTP/1.0" 200 224035 "-" "Mozilla/5.0 (compatible; SemrushBot-BA; +http://www.semrush.com/bot.html)"
85.208.98.20 - - [08/Sep/2025:19:29:02 +0700] "GET /types-of-corporate-governance/ HTTP/1.0" 200 205481 "-" "Mozilla/5.0 (compatible; SemrushBot-BA; +http://www.semrush.com/bot.html)"
85.208.98.24 - - [08/Sep/2025:19:29:15 +0700] "GET /lam-the-nao-ban-co-the-nhan-vaygap-duoc-mot-khoan-ung-truoc-tra-gop/ HTTP/1.0" 200 210160 "-" "Mozilla/5.0 (compatible; SemrushBot-BA; +http://www.semrush.com/bot.html)"
85.208.98.29 - - [08/Sep/2025:19:29:15 +0700] "GET /i-want-on-another-date-together-is-actually-kissing-the-typical-training/ HTTP/1.0" 200 205313 "-" "Mozilla/5.0 (compatible; SemrushBot-BA; +http://www.semrush.com/bot.html)"
85.208.98.16 - - [08/Sep/2025:19:29:15 +0700] "GET /what-makes-a-free-casino-game-different-from-other-casino-games/ HTTP/1.0" 200 209156 "-" "Mozilla/5.0 (compatible; SemrushBot-BA; +http://www.semrush.com/bot.html)"
85.208.98.29 - - [08/Sep/2025:19:29:25 +0700] "GET /advantages-of-data-computer-software/ HTTP/1.0" 200 205935 "-" "Mozilla/5.0 (compatible; SemrushBot-BA; +http://www.semrush.com/bot.html)"
85.208.98.24 - - [08/Sep/2025:19:29:25 +0700] "GET /plinko-onlajn-igra-otzyvy-igrokov-o-zarabotke/ HTTP/1.0" 200 235811 "-" "Mozilla/5.0 (compatible; SemrushBot-BA; +http://www.semrush.com/bot.html)"
85.208.98.16 - - [08/Sep/2025:19:29:25 +0700] "GET /how-exactly-to-manage-a-long-lasting-commitment/ HTTP/1.0" 503 8456 "-" "Mozilla/5.0 (compatible; SemrushBot-BA; +http://www.semrush.com/bot.html)"
85.208.98.31 - - [08/Sep/2025:19:29:43 +0700] "GET /when-to-take-viagra-20-mg/ HTTP/1.0" 200 215657 "-" "Mozilla/5.0 (compatible; SemrushBot-BA; +http://www.semrush.com/bot.html)"
85.208.98.22 - - [08/Sep/2025:19:29:44 +0700] "GET /killer-sudoku/ HTTP/1.0" 200 204169 "-" "Mozilla/5.0 (compatible; SemrushBot-BA; +http://www.semrush.com/bot.html)"
85.208.98.16 - - [08/Sep/2025:19:29:44 +0700] "GET /tips-to-find-the-best-online-casino/ HTTP/1.0" 200 207288 "-" "Mozilla/5.0 (compatible; SemrushBot-BA; +http://www.semrush.com/bot.html)"
85.208.98.29 - - [08/Sep/2025:19:30:14 +0700] "GET /vulkan-kazino-vulkan-oficialnyj-sajt-zerkalo/ HTTP/1.0" 200 243498 "-" "Mozilla/5.0 (compatible; SemrushBot-BA; +http://www.semrush.com/bot.html)"
85.208.98.24 - - [08/Sep/2025:19:30:14 +0700] "GET /pin-ap-zerkalo-casino-onlajn-realnye-promokody-4/ HTTP/1.0" 200 241964 "-" "Mozilla/5.0 (compatible; SemrushBot-BA; +http://www.semrush.com/bot.html)"
85.208.98.19 - - [08/Sep/2025:19:30:15 +0700] "GET /glenjiko-6/ HTTP/1.0" 200 203269 "-" "Mozilla/5.0 (compatible; SemrushBot-BA; +http://www.semrush.com/bot.html)"
45.117.177.72 - - [08/Sep/2025:19:30:26 +0700] "POST /wp-cron.php?doing_wp_cron=1757334626.6629209518432617187500 HTTP/1.0" 200 416 "-" "WordPress/6.8.1; https://vattusacky.vn"
45.117.177.72 - - [08/Sep/2025:19:30:26 +0700] "POST /wp-cron.php?doing_wp_cron=1757334626.6709079742431640625000 HTTP/1.0" 200 416 "-" "WordPress/6.8.1; https://vattusacky.vn"
45.117.177.72 - - [08/Sep/2025:19:30:27 +0700] "POST /wp-cron.php?doing_wp_cron=1757334626.7167079448699951171875 HTTP/1.0" 200 416 "-" "WordPress/6.8.1; https://vattusacky.vn"
85.208.98.29 - - [08/Sep/2025:19:30:25 +0700] "GET /ideal-virus-protection-for-mac/ HTTP/1.0" 200 205351 "-" "Mozilla/5.0 (compatible; SemrushBot-BA; +http://www.semrush.com/bot.html)"
85.208.98.24 - - [08/Sep/2025:19:30:25 +0700] "GET /secrets-about-bc-game-bonus/ HTTP/1.0" 200 234771 "-" "Mozilla/5.0 (compatible; SemrushBot-BA; +http://www.semrush.com/bot.html)"
85.208.98.16 - - [08/Sep/2025:19:30:25 +0700] "GET /obzor-i-testirovanie-videokarty-nvidia-geforce-gtx/ HTTP/1.0" 200 261131 "-" "Mozilla/5.0 (compatible; SemrushBot-BA; +http://www.semrush.com/bot.html)"
85.208.98.22 - - [08/Sep/2025:19:30:34 +0700] "GET /1win-casino-luchshie-onlajn-avtomaty-igrovye-demo/ HTTP/1.0" 200 224110 "-" "Mozilla/5.0 (compatible; SemrushBot-BA; +http://www.semrush.com/bot.html)"
85.208.98.16 - - [08/Sep/2025:19:30:34 +0700] "GET /chto-za-igra-dragon-money-besproigryshnaja/ HTTP/1.0" 200 222512 "-" "Mozilla/5.0 (compatible; SemrushBot-BA; +http://www.semrush.com/bot.html)"
85.208.98.24 - - [08/Sep/2025:19:30:34 +0700] "GET /cach-do-luong-chi-vay-gap-online-phi-thiet-lap-lop-truoc/ HTTP/1.0" 200 210152 "-" "Mozilla/5.0 (compatible; SemrushBot-BA; +http://www.semrush.com/bot.html)"
85.208.98.22 - - [08/Sep/2025:19:30:42 +0700] "GET /golubye-ozera-otdyh-2022-ceny-otzyvy-bazy-otdyha-121/ HTTP/1.0" 200 240436 "-" "Mozilla/5.0 (compatible; SemrushBot-BA; +http://www.semrush.com/bot.html)"
