216.73.216.162 - - [08/Sep/2025:13:21:35 +0700] "GET /?p=7086 HTTP/1.0" 301 661 "-" "Mozilla/5.0 AppleWebKit/537.36 (KHTML, like Gecko; compatible; ClaudeBot/1.0; +claudebot@anthropic.com)"
216.73.216.162 - - [08/Sep/2025:13:21:36 +0700] "GET /how-to-stay-safe-and-protect-your-privacy-while-using-omegle-and-ometv/ HTTP/1.0" 200 81034 "https://vattusacky.vn/?p=7086" "Mozilla/5.0 AppleWebKit/537.36 (KHTML, like Gecko; compatible; ClaudeBot/1.0; +claudebot@anthropic.com)"
20.171.207.118 - - [08/Sep/2025:13:21:49 +0700] "GET /?p=9566 HTTP/1.0" 301 459 "-" "Mozilla/5.0 AppleWebKit/537.36 (KHTML, like Gecko; compatible; GPTBot/1.2; +https://openai.com/gptbot)"
20.171.207.118 - - [08/Sep/2025:13:21:51 +0700] "GET /22bet-india-27/ HTTP/1.0" 200 106862 "-" "Mozilla/5.0 AppleWebKit/537.36 (KHTML, like Gecko; compatible; GPTBot/1.2; +https://openai.com/gptbot)"
128.241.232.72 - - [08/Sep/2025:13:21:53 +0700] "GET /tag/bui-tsp/ HTTP/1.0" 200 59288 "-" "Mozilla/5.0 (Windows NT 10.0; Win64; x64) AppleWebKit/537.36 (KHTML, like Gecko) Chrome/100.0.6453.489 Safari/537.36"
216.73.216.162 - - [08/Sep/2025:13:22:13 +0700] "GET /how-to-navigating-awkward-situations-on-omegle-and-ometv/feed HTTP/1.0" 301 750 "-" "Mozilla/5.0 AppleWebKit/537.36 (KHTML, like Gecko; compatible; ClaudeBot/1.0; +claudebot@anthropic.com)"
216.73.216.162 - - [08/Sep/2025:13:22:13 +0700] "GET /how-to-stay-safe-and-protect-your-privacy-while-using-omegle-and-ometv/feed HTTP/1.0" 301 764 "-" "Mozilla/5.0 AppleWebKit/537.36 (KHTML, like Gecko; compatible; ClaudeBot/1.0; +claudebot@anthropic.com)"
216.73.216.162 - - [08/Sep/2025:13:22:15 +0700] "GET /how-to-navigating-awkward-situations-on-omegle-and-ometv/feed/ HTTP/1.0" 200 1619 "https://vattusacky.vn/how-to-navigating-awkward-situations-on-omegle-and-ometv/feed" "Mozilla/5.0 AppleWebKit/537.36 (KHTML, like Gecko; compatible; ClaudeBot/1.0; +claudebot@anthropic.com)"
216.73.216.162 - - [08/Sep/2025:13:22:15 +0700] "GET /how-to-stay-safe-and-protect-your-privacy-while-using-omegle-and-ometv/feed/ HTTP/1.0" 200 1661 "https://vattusacky.vn/how-to-stay-safe-and-protect-your-privacy-while-using-omegle-and-ometv/feed" "Mozilla/5.0 AppleWebKit/537.36 (KHTML, like Gecko; compatible; ClaudeBot/1.0; +claudebot@anthropic.com)"
45.117.177.72 - - [08/Sep/2025:13:22:20 +0700] "POST /wp-cron.php?doing_wp_cron=1757312539.9227440357208251953125 HTTP/1.0" 200 416 "-" "WordPress/6.8.1; https://vattusacky.vn"
20.171.207.118 - - [08/Sep/2025:13:22:18 +0700] "GET /?p=4099 HTTP/1.0" 301 494 "-" "Mozilla/5.0 AppleWebKit/537.36 (KHTML, like Gecko; compatible; GPTBot/1.2; +https://openai.com/gptbot)"
20.171.207.118 - - [08/Sep/2025:13:22:20 +0700] "GET /the-very-best-virtual-info-room-computer-software/ HTTP/1.0" 200 205717 "-" "Mozilla/5.0 AppleWebKit/537.36 (KHTML, like Gecko; compatible; GPTBot/1.2; +https://openai.com/gptbot)"
45.117.177.72 - - [08/Sep/2025:13:23:59 +0700] "POST /wp-cron.php?doing_wp_cron=1757312639.2724230289459228515625 HTTP/1.0" 200 416 "-" "WordPress/6.8.1; https://vattusacky.vn"
216.73.216.162 - - [08/Sep/2025:13:23:58 +0700] "GET /?p=7080 HTTP/1.0" 301 647 "-" "Mozilla/5.0 AppleWebKit/537.36 (KHTML, like Gecko; compatible; ClaudeBot/1.0; +claudebot@anthropic.com)"
216.73.216.162 - - [08/Sep/2025:13:23:59 +0700] "GET /how-to-navigating-awkward-situations-on-omegle-and-ometv/ HTTP/1.0" 200 91018 "https://vattusacky.vn/?p=7080" "Mozilla/5.0 AppleWebKit/537.36 (KHTML, like Gecko; compatible; ClaudeBot/1.0; +claudebot@anthropic.com)"
20.171.207.118 - - [08/Sep/2025:13:24:00 +0700] "GET /?p=6202 HTTP/1.0" 301 499 "-" "Mozilla/5.0 AppleWebKit/537.36 (KHTML, like Gecko; compatible; GPTBot/1.2; +https://openai.com/gptbot)"
20.171.207.118 - - [08/Sep/2025:13:24:03 +0700] "GET /benefits-of-connecting-with-others-on-omegle-and-ometv/ HTTP/1.0" 200 94011 "-" "Mozilla/5.0 AppleWebKit/537.36 (KHTML, like Gecko; compatible; GPTBot/1.2; +https://openai.com/gptbot)"
45.117.177.72 - - [08/Sep/2025:13:25:02 +0700] "POST /wp-cron.php?doing_wp_cron=1757312702.6927430629730224609375 HTTP/1.0" 200 416 "-" "WordPress/6.8.1; https://vattusacky.vn"
20.171.207.118 - - [08/Sep/2025:13:25:01 +0700] "GET /?p=6086 HTTP/1.0" 301 651 "-" "Mozilla/5.0 AppleWebKit/537.36 (KHTML, like Gecko; compatible; GPTBot/1.2; +https://openai.com/gptbot)"
20.171.207.118 - - [08/Sep/2025:13:25:05 +0700] "GET /a-comprehensive-analysis-of-omegle-vs-ometv-privacy-policies/ HTTP/1.0" 200 91257 "-" "Mozilla/5.0 AppleWebKit/537.36 (KHTML, like Gecko; compatible; GPTBot/1.2; +https://openai.com/gptbot)"
52.167.144.157 - - [08/Sep/2025:13:25:31 +0700] "GET /the/kim-loai-nang/ HTTP/1.0" 200 89500 "-" "Mozilla/5.0 AppleWebKit/537.36 (KHTML, like Gecko; compatible; bingbot/2.0; +http://www.bing.com/bingbot.htm) Chrome/116.0.1938.76 Safari/537.36"
20.171.207.118 - - [08/Sep/2025:13:25:50 +0700] "GET /?p=4211 HTTP/1.0" 301 497 "-" "Mozilla/5.0 AppleWebKit/537.36 (KHTML, like Gecko; compatible; GPTBot/1.2; +https://openai.com/gptbot)"
20.171.207.118 - - [08/Sep/2025:13:25:51 +0700] "GET /the-ultimate-strategy-to-obzor-onlaynkazino-bc-games/ HTTP/1.0" 200 227370 "-" "Mozilla/5.0 AppleWebKit/537.36 (KHTML, like Gecko; compatible; GPTBot/1.2; +https://openai.com/gptbot)"
185.191.171.3 - - [08/Sep/2025:13:26:07 +0700] "GET /tadalafil-and-sertraline-together/ HTTP/1.0" 200 105341 "-" "Mozilla/5.0 (compatible; SemrushBot/7~bl; +http://www.semrush.com/bot.html)"
20.171.207.118 - - [08/Sep/2025:13:26:14 +0700] "GET /?p=4669 HTTP/1.0" 301 494 "-" "Mozilla/5.0 AppleWebKit/537.36 (KHTML, like Gecko; compatible; GPTBot/1.2; +https://openai.com/gptbot)"
20.171.207.118 - - [08/Sep/2025:13:26:17 +0700] "GET /6-ideas-for-making-essentially-the-most-out-of-12/ HTTP/1.0" 200 253977 "-" "Mozilla/5.0 AppleWebKit/537.36 (KHTML, like Gecko; compatible; GPTBot/1.2; +https://openai.com/gptbot)"
45.117.177.72 - - [08/Sep/2025:13:27:02 +0700] "POST /wp-cron.php?doing_wp_cron=1757312822.0074119567871093750000 HTTP/1.0" 200 416 "-" "WordPress/6.8.1; https://vattusacky.vn"
216.73.216.162 - - [08/Sep/2025:13:27:00 +0700] "GET /how-to-recognize-and-avoid-online-scams-on-omegle/feed HTTP/1.0" 301 743 "-" "Mozilla/5.0 AppleWebKit/537.36 (KHTML, like Gecko; compatible; ClaudeBot/1.0; +claudebot@anthropic.com)"
216.73.216.162 - - [08/Sep/2025:13:27:02 +0700] "GET /how-to-recognize-and-avoid-online-scams-on-omegle/feed/ HTTP/1.0" 200 1598 "https://vattusacky.vn/how-to-recognize-and-avoid-online-scams-on-omegle/feed" "Mozilla/5.0 AppleWebKit/537.36 (KHTML, like Gecko; compatible; ClaudeBot/1.0; +claudebot@anthropic.com)"
20.171.207.118 - - [08/Sep/2025:13:27:08 +0700] "GET /?p=4300 HTTP/1.0" 301 493 "-" "Mozilla/5.0 AppleWebKit/537.36 (KHTML, like Gecko; compatible; GPTBot/1.2; +https://openai.com/gptbot)"
20.171.207.118 - - [08/Sep/2025:13:27:09 +0700] "GET /22bet-nigeria-review-2023-is-this-site-a-scam-11/ HTTP/1.0" 200 248805 "-" "Mozilla/5.0 AppleWebKit/537.36 (KHTML, like Gecko; compatible; GPTBot/1.2; +https://openai.com/gptbot)"
45.117.177.72 - - [08/Sep/2025:13:27:53 +0700] "POST /wp-cron.php?doing_wp_cron=1757312872.9987099170684814453125 HTTP/1.0" 200 416 "-" "WordPress/6.8.1; https://vattusacky.vn"
20.171.207.118 - - [08/Sep/2025:13:27:51 +0700] "GET /?p=6764 HTTP/1.0" 301 508 "-" "Mozilla/5.0 AppleWebKit/537.36 (KHTML, like Gecko; compatible; GPTBot/1.2; +https://openai.com/gptbot)"
20.171.207.118 - - [08/Sep/2025:13:27:53 +0700] "GET /improving-your-online-communication-skills-on-omegle-video-chat/ HTTP/1.0" 200 96248 "-" "Mozilla/5.0 AppleWebKit/537.36 (KHTML, like Gecko; compatible; GPTBot/1.2; +https://openai.com/gptbot)"
216.73.216.162 - - [08/Sep/2025:13:27:59 +0700] "GET /?p=7081 HTTP/1.0" 301 637 "-" "Mozilla/5.0 AppleWebKit/537.36 (KHTML, like Gecko; compatible; ClaudeBot/1.0; +claudebot@anthropic.com)"
216.73.216.162 - - [08/Sep/2025:13:28:00 +0700] "GET /how-to-network-effectively-on-omegle-and-ometv/ HTTP/1.0" 200 93330 "https://vattusacky.vn/?p=7081" "Mozilla/5.0 AppleWebKit/537.36 (KHTML, like Gecko; compatible; ClaudeBot/1.0; +claudebot@anthropic.com)"
45.117.177.72 - - [08/Sep/2025:13:28:29 +0700] "POST /wp-cron.php?doing_wp_cron=1757312909.7257709503173828125000 HTTP/1.0" 200 416 "-" "WordPress/6.8.1; https://vattusacky.vn"
216.73.216.162 - - [08/Sep/2025:13:28:28 +0700] "GET /how-to-network-effectively-on-omegle-and-ometv/feed HTTP/1.0" 301 740 "-" "Mozilla/5.0 AppleWebKit/537.36 (KHTML, like Gecko; compatible; ClaudeBot/1.0; +claudebot@anthropic.com)"
216.73.216.162 - - [08/Sep/2025:13:28:30 +0700] "GET /how-to-network-effectively-on-omegle-and-ometv/feed/ HTTP/1.0" 200 1589 "https://vattusacky.vn/how-to-network-effectively-on-omegle-and-ometv/feed" "Mozilla/5.0 AppleWebKit/537.36 (KHTML, like Gecko; compatible; ClaudeBot/1.0; +claudebot@anthropic.com)"
20.171.207.118 - - [08/Sep/2025:13:28:47 +0700] "GET /?p=2260 HTTP/1.0" 301 492 "-" "Mozilla/5.0 AppleWebKit/537.36 (KHTML, like Gecko; compatible; GPTBot/1.2; +https://openai.com/gptbot)"
20.171.207.118 - - [08/Sep/2025:13:28:48 +0700] "GET /1st-date-topics-to-get-to-know-your-date-better/ HTTP/1.0" 200 206663 "-" "Mozilla/5.0 AppleWebKit/537.36 (KHTML, like Gecko; compatible; GPTBot/1.2; +https://openai.com/gptbot)"
20.171.207.118 - - [08/Sep/2025:13:29:06 +0700] "GET /?p=2320 HTTP/1.0" 301 514 "-" "Mozilla/5.0 AppleWebKit/537.36 (KHTML, like Gecko; compatible; GPTBot/1.2; +https://openai.com/gptbot)"
20.171.207.118 - - [08/Sep/2025:13:29:09 +0700] "GET /lam-the-nao-de-xay-https-vaysite-com-app-vay-tien-dung-tai-chinh-serp/ HTTP/1.0" 200 208708 "-" "Mozilla/5.0 AppleWebKit/537.36 (KHTML, like Gecko; compatible; GPTBot/1.2; +https://openai.com/gptbot)"
45.117.177.72 - - [08/Sep/2025:13:29:19 +0700] "POST /wp-cron.php?doing_wp_cron=1757312959.3116390705108642578125 HTTP/1.0" 200 416 "-" "WordPress/6.8.1; https://vattusacky.vn"
85.208.96.206 - - [08/Sep/2025:13:29:18 +0700] "GET /author/yanz/page/84/ HTTP/1.0" 200 77556 "-" "Mozilla/5.0 (compatible; SemrushBot/7~bl; +http://www.semrush.com/bot.html)"
185.191.171.9 - - [08/Sep/2025:13:30:03 +0700] "GET /410-2/ HTTP/1.0" 200 73458 "-" "Mozilla/5.0 (compatible; SemrushBot/7~bl; +http://www.semrush.com/bot.html)"
216.73.216.162 - - [08/Sep/2025:13:30:04 +0700] "GET /?p=7084 HTTP/1.0" 301 640 "-" "Mozilla/5.0 AppleWebKit/537.36 (KHTML, like Gecko; compatible; ClaudeBot/1.0; +claudebot@anthropic.com)"
216.73.216.162 - - [08/Sep/2025:13:30:05 +0700] "GET /how-to-recognize-and-avoid-online-scams-on-omegle/ HTTP/1.0" 200 92323 "https://vattusacky.vn/?p=7084" "Mozilla/5.0 AppleWebKit/537.36 (KHTML, like Gecko; compatible; ClaudeBot/1.0; +claudebot@anthropic.com)"
45.117.177.72 - - [08/Sep/2025:13:30:32 +0700] "POST /wp-cron.php?doing_wp_cron=1757313032.2397840023040771484375 HTTP/1.0" 200 416 "-" "WordPress/6.8.1; https://vattusacky.vn"
20.171.207.118 - - [08/Sep/2025:13:30:31 +0700] "GET /?p=3593 HTTP/1.0" 301 649 "-" "Mozilla/5.0 AppleWebKit/537.36 (KHTML, like Gecko; compatible; GPTBot/1.2; +https://openai.com/gptbot)"
107.189.1.156 - - [08/Sep/2025:13:30:32 +0700] "GET /wp-login.php HTTP/1.0" 200 11388 "-" "Mozilla/5.0 (Windows NT 6.1; WOW64) AppleWebKit/537.36 (KHTML, like Gecko) Chrome/35.0.1916.114 Safari/537.36"
20.171.207.118 - - [08/Sep/2025:13:30:38 +0700] "GET /methods-to-navigate-online-dating-services-with-confidence/ HTTP/1.0" 200 208477 "-" "Mozilla/5.0 AppleWebKit/537.36 (KHTML, like Gecko; compatible; GPTBot/1.2; +https://openai.com/gptbot)"
216.73.216.162 - - [08/Sep/2025:13:30:48 +0700] "GET /identifying-and-avoiding-scams-on-omegle-a-privacy-perspective HTTP/1.0" 301 653 "-" "Mozilla/5.0 AppleWebKit/537.36 (KHTML, like Gecko; compatible; ClaudeBot/1.0; +claudebot@anthropic.com)"
216.73.216.162 - - [08/Sep/2025:13:30:48 +0700] "GET /how-to-stay-safe-while-using-omegle HTTP/1.0" 301 626 "-" "Mozilla/5.0 AppleWebKit/537.36 (KHTML, like Gecko; compatible; ClaudeBot/1.0; +claudebot@anthropic.com)"
216.73.216.162 - - [08/Sep/2025:13:30:49 +0700] "GET /how-to-stay-safe-while-using-omegle/ HTTP/1.0" 200 89207 "https://vattusacky.vn/how-to-stay-safe-while-using-omegle" "Mozilla/5.0 AppleWebKit/537.36 (KHTML, like Gecko; compatible; ClaudeBot/1.0; +claudebot@anthropic.com)"
216.73.216.162 - - [08/Sep/2025:13:30:49 +0700] "GET /identifying-and-avoiding-scams-on-omegle-a-privacy-perspective/ HTTP/1.0" 200 91777 "https://vattusacky.vn/identifying-and-avoiding-scams-on-omegle-a-privacy-perspective" "Mozilla/5.0 AppleWebKit/537.36 (KHTML, like Gecko; compatible; ClaudeBot/1.0; +claudebot@anthropic.com)"
216.73.216.162 - - [08/Sep/2025:13:30:51 +0700] "GET /how-to-report-privacy-violations-on-omegle/feed HTTP/1.0" 301 590 "-" "Mozilla/5.0 AppleWebKit/537.36 (KHTML, like Gecko; compatible; ClaudeBot/1.0; +claudebot@anthropic.com)"
216.73.216.162 - - [08/Sep/2025:13:30:52 +0700] "GET /how-to-use-ometv-effectively HTTP/1.0" 301 473 "-" "Mozilla/5.0 AppleWebKit/537.36 (KHTML, like Gecko; compatible; ClaudeBot/1.0; +claudebot@anthropic.com)"
216.73.216.162 - - [08/Sep/2025:13:30:53 +0700] "GET /how-to-report-privacy-violations-on-omegle/feed/ HTTP/1.0" 200 1577 "https://vattusacky.vn/how-to-report-privacy-violations-on-omegle/feed" "Mozilla/5.0 AppleWebKit/537.36 (KHTML, like Gecko; compatible; ClaudeBot/1.0; +claudebot@anthropic.com)"
216.73.216.162 - - [08/Sep/2025:13:30:53 +0700] "GET /how-to-use-ometv-effectively/ HTTP/1.0" 200 90048 "https://vattusacky.vn/how-to-use-ometv-effectively" "Mozilla/5.0 AppleWebKit/537.36 (KHTML, like Gecko; compatible; ClaudeBot/1.0; +claudebot@anthropic.com)"
216.73.216.162 - - [08/Sep/2025:13:30:54 +0700] "GET /how-to-use-omegle-a-step-by-step-guide HTTP/1.0" 301 483 "-" "Mozilla/5.0 AppleWebKit/537.36 (KHTML, like Gecko; compatible; ClaudeBot/1.0; +claudebot@anthropic.com)"
216.73.216.162 - - [08/Sep/2025:13:30:56 +0700] "GET /how-to-use-omegle-a-step-by-step-guide/ HTTP/1.0" 200 89932 "https://vattusacky.vn/how-to-use-omegle-a-step-by-step-guide" "Mozilla/5.0 AppleWebKit/537.36 (KHTML, like Gecko; compatible; ClaudeBot/1.0; +claudebot@anthropic.com)"
45.117.177.72 - - [08/Sep/2025:13:31:24 +0700] "POST /wp-cron.php?doing_wp_cron=1757313084.1484549045562744140625 HTTP/1.0" 200 416 "-" "WordPress/6.8.1; https://vattusacky.vn"
20.171.207.118 - - [08/Sep/2025:13:31:22 +0700] "GET /?p=6299 HTTP/1.0" 301 524 "-" "Mozilla/5.0 AppleWebKit/537.36 (KHTML, like Gecko; compatible; GPTBot/1.2; +https://openai.com/gptbot)"
20.171.207.118 - - [08/Sep/2025:13:31:24 +0700] "GET /building-trust-on-omegle-establishing-a-foundation-for-meaningful-conversations/ HTTP/1.0" 200 91705 "-" "Mozilla/5.0 AppleWebKit/537.36 (KHTML, like Gecko; compatible; GPTBot/1.2; +https://openai.com/gptbot)"
216.73.216.162 - - [08/Sep/2025:13:32:26 +0700] "GET /identifying-red-flags-in-online-interactions HTTP/1.0" 301 635 "-" "Mozilla/5.0 AppleWebKit/537.36 (KHTML, like Gecko; compatible; ClaudeBot/1.0; +claudebot@anthropic.com)"
45.117.177.72 - - [08/Sep/2025:13:32:27 +0700] "POST /wp-cron.php?doing_wp_cron=1757313147.2759768962860107421875 HTTP/1.0" 200 416 "-" "WordPress/6.8.1; https://vattusacky.vn"
216.73.216.162 - - [08/Sep/2025:13:32:26 +0700] "GET /how-to-stay-safe-on-omegle-tips-and-tricks/feed HTTP/1.0" 301 736 "-" "Mozilla/5.0 AppleWebKit/537.36 (KHTML, like Gecko; compatible; ClaudeBot/1.0; +claudebot@anthropic.com)"
216.73.216.162 - - [08/Sep/2025:13:32:27 +0700] "GET /identifying-red-flags-in-online-interactions/ HTTP/1.0" 200 90957 "https://vattusacky.vn/identifying-red-flags-in-online-interactions" "Mozilla/5.0 AppleWebKit/537.36 (KHTML, like Gecko; compatible; ClaudeBot/1.0; +claudebot@anthropic.com)"
216.73.216.162 - - [08/Sep/2025:13:32:27 +0700] "GET /how-to-stay-safe-on-omegle-tips-and-tricks/feed/ HTTP/1.0" 200 1577 "https://vattusacky.vn/how-to-stay-safe-on-omegle-tips-and-tricks/feed" "Mozilla/5.0 AppleWebKit/537.36 (KHTML, like Gecko; compatible; ClaudeBot/1.0; +claudebot@anthropic.com)"
216.73.216.162 - - [08/Sep/2025:13:32:29 +0700] "GET /how-to-use-omegle-and-ometv-for-socializing HTTP/1.0" 301 488 "-" "Mozilla/5.0 AppleWebKit/537.36 (KHTML, like Gecko; compatible; ClaudeBot/1.0; +claudebot@anthropic.com)"
216.73.216.162 - - [08/Sep/2025:13:32:30 +0700] "GET /how-to-use-omegle-effectively HTTP/1.0" 301 474 "-" "Mozilla/5.0 AppleWebKit/537.36 (KHTML, like Gecko; compatible; ClaudeBot/1.0; +claudebot@anthropic.com)"
216.73.216.162 - - [08/Sep/2025:13:32:31 +0700] "GET /how-to-use-omegle-and-ometv-for-socializing/ HTTP/1.0" 200 88570 "https://vattusacky.vn/how-to-use-omegle-and-ometv-for-socializing" "Mozilla/5.0 AppleWebKit/537.36 (KHTML, like Gecko; compatible; ClaudeBot/1.0; +claudebot@anthropic.com)"
216.73.216.162 - - [08/Sep/2025:13:32:31 +0700] "GET /how-to-use-omegle-effectively/ HTTP/1.0" 200 90099 "https://vattusacky.vn/how-to-use-omegle-effectively" "Mozilla/5.0 AppleWebKit/537.36 (KHTML, like Gecko; compatible; ClaudeBot/1.0; +claudebot@anthropic.com)"
216.73.216.162 - - [08/Sep/2025:13:32:33 +0700] "GET /how-to-protect-yourself-from-scams-on-omegle/feed HTTP/1.0" 301 592 "-" "Mozilla/5.0 AppleWebKit/537.36 (KHTML, like Gecko; compatible; ClaudeBot/1.0; +claudebot@anthropic.com)"
216.73.216.162 - - [08/Sep/2025:13:32:34 +0700] "GET /how-to-protect-yourself-from-scams-on-omegle/feed/ HTTP/1.0" 200 1583 "https://vattusacky.vn/how-to-protect-yourself-from-scams-on-omegle/feed" "Mozilla/5.0 AppleWebKit/537.36 (KHTML, like Gecko; compatible; ClaudeBot/1.0; +claudebot@anthropic.com)"
216.73.216.162 - - [08/Sep/2025:13:33:05 +0700] "GET /humorous-omegle-moments-and-ridiculous-conversations HTTP/1.0" 301 643 "-" "Mozilla/5.0 AppleWebKit/537.36 (KHTML, like Gecko; compatible; ClaudeBot/1.0; +claudebot@anthropic.com)"
216.73.216.162 - - [08/Sep/2025:13:33:05 +0700] "GET /author/yanz/page/176 HTTP/1.0" 301 565 "-" "Mozilla/5.0 AppleWebKit/537.36 (KHTML, like Gecko; compatible; ClaudeBot/1.0; +claudebot@anthropic.com)"
216.73.216.162 - - [08/Sep/2025:13:33:07 +0700] "GET /humorous-omegle-moments-and-ridiculous-conversations/ HTTP/1.0" 200 89134 "https://vattusacky.vn/humorous-omegle-moments-and-ridiculous-conversations" "Mozilla/5.0 AppleWebKit/537.36 (KHTML, like Gecko; compatible; ClaudeBot/1.0; +claudebot@anthropic.com)"
216.73.216.162 - - [08/Sep/2025:13:33:07 +0700] "GET /author/yanz/page/176/ HTTP/1.0" 200 77305 "https://vattusacky.vn/author/yanz/page/176" "Mozilla/5.0 AppleWebKit/537.36 (KHTML, like Gecko; compatible; ClaudeBot/1.0; +claudebot@anthropic.com)"
216.73.216.162 - - [08/Sep/2025:13:33:09 +0700] "GET /?p=7087 HTTP/1.0" 301 477 "-" "Mozilla/5.0 AppleWebKit/537.36 (KHTML, like Gecko; compatible; ClaudeBot/1.0; +claudebot@anthropic.com)"
216.73.216.162 - - [08/Sep/2025:13:33:09 +0700] "GET /how-to-stay-safe-on-omegle HTTP/1.0" 301 471 "-" "Mozilla/5.0 AppleWebKit/537.36 (KHTML, like Gecko; compatible; ClaudeBot/1.0; +claudebot@anthropic.com)"
216.73.216.162 - - [08/Sep/2025:13:33:10 +0700] "GET /how-to-stay-safe-on-chatroulette/ HTTP/1.0" 200 90312 "https://vattusacky.vn/?p=7087" "Mozilla/5.0 AppleWebKit/537.36 (KHTML, like Gecko; compatible; ClaudeBot/1.0; +claudebot@anthropic.com)"
216.73.216.162 - - [08/Sep/2025:13:33:10 +0700] "GET /how-to-stay-safe-on-omegle/ HTTP/1.0" 200 89553 "https://vattusacky.vn/how-to-stay-safe-on-omegle" "Mozilla/5.0 AppleWebKit/537.36 (KHTML, like Gecko; compatible; ClaudeBot/1.0; +claudebot@anthropic.com)"
45.117.177.72 - - [08/Sep/2025:13:33:41 +0700] "POST /wp-cron.php?doing_wp_cron=1757313221.0391550064086914062500 HTTP/1.0" 200 416 "-" "WordPress/6.8.1; https://vattusacky.vn"
20.171.207.118 - - [08/Sep/2025:13:33:39 +0700] "GET /?p=5563 HTTP/1.0" 301 447 "-" "Mozilla/5.0 AppleWebKit/537.36 (KHTML, like Gecko; compatible; GPTBot/1.2; +https://openai.com/gptbot)"
27.44.122.151 - - [08/Sep/2025:13:33:39 +0700] "GET / HTTP/1.0" 200 60071 "-" "Mozilla/5.0 (Linux; Android 6.0; Nexus 5 Build/MRA58N) AppleWebKit/537.36 (KHTML, like Gecko) Chrome/99.0.4844.51 Mobile Safari/537.36 MicroMessenger/7.0.1"
20.171.207.118 - - [08/Sep/2025:13:33:41 +0700] "GET /how-to-increase-your-free-cash-in-online-casinos/ HTTP/1.0" 200 73478 "-" "Mozilla/5.0 AppleWebKit/537.36 (KHTML, like Gecko; compatible; GPTBot/1.2; +https://openai.com/gptbot)"
27.44.122.151 - - [08/Sep/2025:13:33:51 +0700] "GET /wp-content/plugins/gridlist-view-for-woocommerce/berocket/assets/css/font-awesome.min.css?ver=6.8.1 HTTP/1.0" 200 464 "https://vattusacky.vn/" "Mozilla/5.0 (Linux; Android 6.0; Nexus 5 Build/MRA58N) AppleWebKit/537.36 (KHTML, like Gecko) Chrome/99.0.4844.51 Mobile Safari/537.36 MicroMessenger/7.0.1"
27.44.122.151 - - [08/Sep/2025:13:33:51 +0700] "GET /wp-content/plugins/gridlist-view-for-woocommerce/css/shop_lgv.css?ver=1.1.8 HTTP/1.0" 200 440 "https://vattusacky.vn/" "Mozilla/5.0 (Linux; Android 6.0; Nexus 5 Build/MRA58N) AppleWebKit/537.36 (KHTML, like Gecko) Chrome/99.0.4844.51 Mobile Safari/537.36 MicroMessenger/7.0.1"
27.44.122.151 - - [08/Sep/2025:13:33:51 +0700] "GET /wp-includes/css/dist/block-library/style.min.css?ver=6.8.1 HTTP/1.0" 200 423 "https://vattusacky.vn/" "Mozilla/5.0 (Linux; Android 6.0; Nexus 5 Build/MRA58N) AppleWebKit/537.36 (KHTML, like Gecko) Chrome/99.0.4844.51 Mobile Safari/537.36 MicroMessenger/7.0.1"
27.44.122.151 - - [08/Sep/2025:13:33:51 +0700] "GET /wp-content/plugins/content-views-query-and-display-post-page/public/assets/css/cv.css?ver=4.1 HTTP/1.0" 200 460 "https://vattusacky.vn/" "Mozilla/5.0 (Linux; Android 6.0; Nexus 5 Build/MRA58N) AppleWebKit/537.36 (KHTML, like Gecko) Chrome/99.0.4844.51 Mobile Safari/537.36 MicroMessenger/7.0.1"
27.44.122.151 - - [08/Sep/2025:13:33:51 +0700] "GET /wp-content/plugins/contact-form-7/includes/css/styles.css?ver=6.0.6 HTTP/1.0" 200 432 "https://vattusacky.vn/" "Mozilla/5.0 (Linux; Android 6.0; Nexus 5 Build/MRA58N) AppleWebKit/537.36 (KHTML, like Gecko) Chrome/99.0.4844.51 Mobile Safari/537.36 MicroMessenger/7.0.1"
27.44.122.151 - - [08/Sep/2025:13:33:51 +0700] "GET /wp-content/plugins/devvn-stickytooltip/stickytooltip.css?ver=1.0.0 HTTP/1.0" 200 431 "https://vattusacky.vn/" "Mozilla/5.0 (Linux; Android 6.0; Nexus 5 Build/MRA58N) AppleWebKit/537.36 (KHTML, like Gecko) Chrome/99.0.4844.51 Mobile Safari/537.36 MicroMessenger/7.0.1"
27.44.122.151 - - [08/Sep/2025:13:33:51 +0700] "GET /wp-content/plugins/yith-woocommerce-category-accordion-premium/assets/css/ywcca_style.css?ver=1.0.12 HTTP/1.0" 200 464 "https://vattusacky.vn/" "Mozilla/5.0 (Linux; Android 6.0; Nexus 5 Build/MRA58N) AppleWebKit/537.36 (KHTML, like Gecko) Chrome/99.0.4844.51 Mobile Safari/537.36 MicroMessenger/7.0.1"
27.44.122.151 - - [08/Sep/2025:13:33:51 +0700] "GET /wp-content/plugins/yith-woocommerce-category-accordion-premium/cache/ywcca_dynamics.css?ver=6.8.1 HTTP/1.0" 200 462 "https://vattusacky.vn/" "Mozilla/5.0 (Linux; Android 6.0; Nexus 5 Build/MRA58N) AppleWebKit/537.36 (KHTML, like Gecko) Chrome/99.0.4844.51 Mobile Safari/537.36 MicroMessenger/7.0.1"
27.44.122.151 - - [08/Sep/2025:13:33:51 +0700] "GET /wp-content/plugins/woocommerce/assets/css/woocommerce.css?ver=9.8.3 HTTP/1.0" 200 432 "https://vattusacky.vn/" "Mozilla/5.0 (Linux; Android 6.0; Nexus 5 Build/MRA58N) AppleWebKit/537.36 (KHTML, like Gecko) Chrome/99.0.4844.51 Mobile Safari/537.36 MicroMessenger/7.0.1"
27.44.122.151 - - [08/Sep/2025:13:33:51 +0700] "GET /wp-content/plugins/woocommerce/assets/css/woocommerce-layout.css?ver=9.8.3 HTTP/1.0" 200 439 "https://vattusacky.vn/" "Mozilla/5.0 (Linux; Android 6.0; Nexus 5 Build/MRA58N) AppleWebKit/537.36 (KHTML, like Gecko) Chrome/99.0.4844.51 Mobile Safari/537.36 MicroMessenger/7.0.1"
27.44.122.151 - - [08/Sep/2025:13:33:51 +0700] "GET /wp-content/plugins/wp-pagenavi/pagenavi-css.css?ver=2.70 HTTP/1.0" 200 823 "https://vattusacky.vn/" "Mozilla/5.0 (Linux; Android 6.0; Nexus 5 Build/MRA58N) AppleWebKit/537.36 (KHTML, like Gecko) Chrome/99.0.4844.51 Mobile Safari/537.36 MicroMessenger/7.0.1"
27.44.122.151 - - [08/Sep/2025:13:33:51 +0700] "GET /wp-content/themes/tem_techno_v2/style.css?ver=6.8.1 HTTP/1.0" 200 416 "https://vattusacky.vn/" "Mozilla/5.0 (Linux; Android 6.0; Nexus 5 Build/MRA58N) AppleWebKit/537.36 (KHTML, like Gecko) Chrome/99.0.4844.51 Mobile Safari/537.36 MicroMessenger/7.0.1"
27.44.122.151 - - [08/Sep/2025:13:33:51 +0700] "GET /wp-includes/js/jquery/jquery.min.js?ver=3.7.1 HTTP/1.0" 200 424 "https://vattusacky.vn/" "Mozilla/5.0 (Linux; Android 6.0; Nexus 5 Build/MRA58N) AppleWebKit/537.36 (KHTML, like Gecko) Chrome/99.0.4844.51 Mobile Safari/537.36 MicroMessenger/7.0.1"
27.44.122.151 - - [08/Sep/2025:13:33:51 +0700] "GET /wp-content/themes/tem_techno_v2/inc/css/font-awesome.min.css?ver=6.8.1 HTTP/1.0" 200 435 "https://vattusacky.vn/" "Mozilla/5.0 (Linux; Android 6.0; Nexus 5 Build/MRA58N) AppleWebKit/537.36 (KHTML, like Gecko) Chrome/99.0.4844.51 Mobile Safari/537.36 MicroMessenger/7.0.1"
27.44.122.151 - - [08/Sep/2025:13:33:51 +0700] "GET /wp-content/plugins/gridlist-view-for-woocommerce/js/jquery.cookie.js?ver=1.1.8 HTTP/1.0" 200 457 "https://vattusacky.vn/" "Mozilla/5.0 (Linux; Android 6.0; Nexus 5 Build/MRA58N) AppleWebKit/537.36 (KHTML, like Gecko) Chrome/99.0.4844.51 Mobile Safari/537.36 MicroMessenger/7.0.1"
27.44.122.151 - - [08/Sep/2025:13:33:51 +0700] "GET /wp-content/themes/tem_techno_v2/inc/css/bootstrap.min.css?ver=6.8.1 HTTP/1.0" 200 432 "https://vattusacky.vn/" "Mozilla/5.0 (Linux; Android 6.0; Nexus 5 Build/MRA58N) AppleWebKit/537.36 (KHTML, like Gecko) Chrome/99.0.4844.51 Mobile Safari/537.36 MicroMessenger/7.0.1"
27.44.122.151 - - [08/Sep/2025:13:33:51 +0700] "GET /wp-content/themes/tem_techno_v2/slmenu.css HTTP/1.0" 200 417 "https://vattusacky.vn/" "Mozilla/5.0 (Linux; Android 6.0; Nexus 5 Build/MRA58N) AppleWebKit/537.36 (KHTML, like Gecko) Chrome/99.0.4844.51 Mobile Safari/537.36 MicroMessenger/7.0.1"
27.44.122.151 - - [08/Sep/2025:13:33:51 +0700] "GET /wp-content/plugins/woocommerce/assets/css/brands.css?ver=9.8.3 HTTP/1.0" 200 427 "https://vattusacky.vn/" "Mozilla/5.0 (Linux; Android 6.0; Nexus 5 Build/MRA58N) AppleWebKit/537.36 (KHTML, like Gecko) Chrome/99.0.4844.51 Mobile Safari/537.36 MicroMessenger/7.0.1"
27.44.122.151 - - [08/Sep/2025:13:33:51 +0700] "GET /wp-includes/js/jquery/jquery-migrate.min.js?ver=3.4.1 HTTP/1.0" 200 432 "https://vattusacky.vn/" "Mozilla/5.0 (Linux; Android 6.0; Nexus 5 Build/MRA58N) AppleWebKit/537.36 (KHTML, like Gecko) Chrome/99.0.4844.51 Mobile Safari/537.36 MicroMessenger/7.0.1"
27.44.122.151 - - [08/Sep/2025:13:33:51 +0700] "GET /wp-content/plugins/gridlist-view-for-woocommerce/berocket/assets/css/font-awesome.min.css?ver=6.8.1 HTTP/2.0" 200 6596 "https://vattusacky.vn/" "Mozilla/5.0 (Linux; Android 6.0; Nexus 5 Build/MRA58N) AppleWebKit/537.36 (KHTML, like Gecko) Chrome/99.0.4844.51 Mobile Safari/537.36 MicroMessenger/7.0.1"
27.44.122.151 - - [08/Sep/2025:13:33:51 +0700] "GET /wp-content/plugins/gridlist-view-for-woocommerce/css/shop_lgv.css?ver=1.1.8 HTTP/2.0" 200 1425 "https://vattusacky.vn/" "Mozilla/5.0 (Linux; Android 6.0; Nexus 5 Build/MRA58N) AppleWebKit/537.36 (KHTML, like Gecko) Chrome/99.0.4844.51 Mobile Safari/537.36 MicroMessenger/7.0.1"
27.44.122.151 - - [08/Sep/2025:13:33:51 +0700] "GET /wp-includes/css/dist/block-library/style.min.css?ver=6.8.1 HTTP/2.0" 200 14009 "https://vattusacky.vn/" "Mozilla/5.0 (Linux; Android 6.0; Nexus 5 Build/MRA58N) AppleWebKit/537.36 (KHTML, like Gecko) Chrome/99.0.4844.51 Mobile Safari/537.36 MicroMessenger/7.0.1"
27.44.122.151 - - [08/Sep/2025:13:33:51 +0700] "GET /wp-content/plugins/content-views-query-and-display-post-page/public/assets/css/cv.css?ver=4.1 HTTP/2.0" 200 11939 "https://vattusacky.vn/" "Mozilla/5.0 (Linux; Android 6.0; Nexus 5 Build/MRA58N) AppleWebKit/537.36 (KHTML, like Gecko) Chrome/99.0.4844.51 Mobile Safari/537.36 MicroMessenger/7.0.1"
27.44.122.151 - - [08/Sep/2025:13:33:51 +0700] "GET /wp-content/plugins/contact-form-7/includes/css/styles.css?ver=6.0.6 HTTP/2.0" 200 890 "https://vattusacky.vn/" "Mozilla/5.0 (Linux; Android 6.0; Nexus 5 Build/MRA58N) AppleWebKit/537.36 (KHTML, like Gecko) Chrome/99.0.4844.51 Mobile Safari/537.36 MicroMessenger/7.0.1"
27.44.122.151 - - [08/Sep/2025:13:33:51 +0700] "GET /wp-content/plugins/devvn-stickytooltip/stickytooltip.css?ver=1.0.0 HTTP/2.0" 200 337 "https://vattusacky.vn/" "Mozilla/5.0 (Linux; Android 6.0; Nexus 5 Build/MRA58N) AppleWebKit/537.36 (KHTML, like Gecko) Chrome/99.0.4844.51 Mobile Safari/537.36 MicroMessenger/7.0.1"
27.44.122.151 - - [08/Sep/2025:13:33:51 +0700] "GET /wp-content/plugins/yith-woocommerce-category-accordion-premium/assets/css/ywcca_style.css?ver=1.0.12 HTTP/2.0" 200 1000 "https://vattusacky.vn/" "Mozilla/5.0 (Linux; Android 6.0; Nexus 5 Build/MRA58N) AppleWebKit/537.36 (KHTML, like Gecko) Chrome/99.0.4844.51 Mobile Safari/537.36 MicroMessenger/7.0.1"
27.44.122.151 - - [08/Sep/2025:13:33:51 +0700] "GET /wp-content/plugins/yith-woocommerce-category-accordion-premium/cache/ywcca_dynamics.css?ver=6.8.1 HTTP/2.0" 200 453 "https://vattusacky.vn/" "Mozilla/5.0 (Linux; Android 6.0; Nexus 5 Build/MRA58N) AppleWebKit/537.36 (KHTML, like Gecko) Chrome/99.0.4844.51 Mobile Safari/537.36 MicroMessenger/7.0.1"
27.44.122.151 - - [08/Sep/2025:13:33:51 +0700] "GET /wp-content/plugins/woocommerce/assets/css/woocommerce.css?ver=9.8.3 HTTP/2.0" 200 10040 "https://vattusacky.vn/" "Mozilla/5.0 (Linux; Android 6.0; Nexus 5 Build/MRA58N) AppleWebKit/537.36 (KHTML, like Gecko) Chrome/99.0.4844.51 Mobile Safari/537.36 MicroMessenger/7.0.1"
27.44.122.151 - - [08/Sep/2025:13:33:51 +0700] "GET /wp-content/plugins/woocommerce/assets/css/woocommerce-layout.css?ver=9.8.3 HTTP/2.0" 200 3155 "https://vattusacky.vn/" "Mozilla/5.0 (Linux; Android 6.0; Nexus 5 Build/MRA58N) AppleWebKit/537.36 (KHTML, like Gecko) Chrome/99.0.4844.51 Mobile Safari/537.36 MicroMessenger/7.0.1"
27.44.122.151 - - [08/Sep/2025:13:33:52 +0700] "GET /wp-content/plugins/gridlist-view-for-woocommerce/js/grid_view.js?ver=1.1.8 HTTP/1.0" 200 453 "https://vattusacky.vn/" "Mozilla/5.0 (Linux; Android 6.0; Nexus 5 Build/MRA58N) AppleWebKit/537.36 (KHTML, like Gecko) Chrome/99.0.4844.51 Mobile Safari/537.36 MicroMessenger/7.0.1"
27.44.122.151 - - [08/Sep/2025:13:33:52 +0700] "GET /wp-content/themes/tem_techno_v2/inc/js/main.min.js?ver=6.8.1 HTTP/1.0" 200 439 "https://vattusacky.vn/" "Mozilla/5.0 (Linux; Android 6.0; Nexus 5 Build/MRA58N) AppleWebKit/537.36 (KHTML, like Gecko) Chrome/99.0.4844.51 Mobile Safari/537.36 MicroMessenger/7.0.1"
27.44.122.151 - - [08/Sep/2025:13:33:52 +0700] "GET /wp-content/themes/tem_techno_v2/js/jquerymenu.js HTTP/1.0" 200 437 "https://vattusacky.vn/" "Mozilla/5.0 (Linux; Android 6.0; Nexus 5 Build/MRA58N) AppleWebKit/537.36 (KHTML, like Gecko) Chrome/99.0.4844.51 Mobile Safari/537.36 MicroMessenger/7.0.1"
27.44.122.151 - - [08/Sep/2025:13:33:52 +0700] "GET /wp-content/themes/tem_techno_v2/js/jquery.simplyscroll.min.js HTTP/1.0" 200 450 "https://vattusacky.vn/" "Mozilla/5.0 (Linux; Android 6.0; Nexus 5 Build/MRA58N) AppleWebKit/537.36 (KHTML, like Gecko) Chrome/99.0.4844.51 Mobile Safari/537.36 MicroMessenger/7.0.1"
27.44.122.151 - - [08/Sep/2025:13:33:52 +0700] "GET /wp-content/themes/tem_techno_v2/inc/js/bootstrap.min.js?ver=6.8.1 HTTP/1.0" 200 444 "https://vattusacky.vn/" "Mozilla/5.0 (Linux; Android 6.0; Nexus 5 Build/MRA58N) AppleWebKit/537.36 (KHTML, like Gecko) Chrome/99.0.4844.51 Mobile Safari/537.36 MicroMessenger/7.0.1"
27.44.122.151 - - [08/Sep/2025:13:33:52 +0700] "GET /wp-content/themes/tem_techno_v2/js/htg.js HTTP/1.0" 200 1342 "https://vattusacky.vn/" "Mozilla/5.0 (Linux; Android 6.0; Nexus 5 Build/MRA58N) AppleWebKit/537.36 (KHTML, like Gecko) Chrome/99.0.4844.51 Mobile Safari/537.36 MicroMessenger/7.0.1"
27.44.122.151 - - [08/Sep/2025:13:33:54 +0700] "GET /wp-content/themes/tem_techno_v2/inc/css/font-awesome.min.css?ver=6.8.1 HTTP/2.0" 200 4724 "https://vattusacky.vn/" "Mozilla/5.0 (Linux; Android 6.0; Nexus 5 Build/MRA58N) AppleWebKit/537.36 (KHTML, like Gecko) Chrome/99.0.4844.51 Mobile Safari/537.36 MicroMessenger/7.0.1"
27.44.122.151 - - [08/Sep/2025:13:33:54 +0700] "GET /wp-content/themes/tem_techno_v2/inc/css/bootstrap.min.css?ver=6.8.1 HTTP/2.0" 200 17514 "https://vattusacky.vn/" "Mozilla/5.0 (Linux; Android 6.0; Nexus 5 Build/MRA58N) AppleWebKit/537.36 (KHTML, like Gecko) Chrome/99.0.4844.51 Mobile Safari/537.36 MicroMessenger/7.0.1"
27.44.122.151 - - [08/Sep/2025:13:33:54 +0700] "GET /wp-content/plugins/woocommerce/assets/css/brands.css?ver=9.8.3 HTTP/2.0" 200 580 "https://vattusacky.vn/" "Mozilla/5.0 (Linux; Android 6.0; Nexus 5 Build/MRA58N) AppleWebKit/537.36 (KHTML, like Gecko) Chrome/99.0.4844.51 Mobile Safari/537.36 MicroMessenger/7.0.1"
27.44.122.151 - - [08/Sep/2025:13:33:57 +0700] "GET /wp-content/themes/tem_techno_v2/style.css?ver=6.8.1 HTTP/2.0" 200 15164 "https://vattusacky.vn/" "Mozilla/5.0 (Linux; Android 6.0; Nexus 5 Build/MRA58N) AppleWebKit/537.36 (KHTML, like Gecko) Chrome/99.0.4844.51 Mobile Safari/537.36 MicroMessenger/7.0.1"
27.44.122.151 - - [08/Sep/2025:13:33:57 +0700] "GET /wp-content/themes/tem_techno_v2/slmenu.css HTTP/2.0" 200 1146 "https://vattusacky.vn/" "Mozilla/5.0 (Linux; Android 6.0; Nexus 5 Build/MRA58N) AppleWebKit/537.36 (KHTML, like Gecko) Chrome/99.0.4844.51 Mobile Safari/537.36 MicroMessenger/7.0.1"
27.44.122.151 - - [08/Sep/2025:13:33:57 +0700] "GET /wp-includes/js/jquery/jquery.min.js?ver=3.7.1 HTTP/2.0" 200 29597 "https://vattusacky.vn/" "Mozilla/5.0 (Linux; Android 6.0; Nexus 5 Build/MRA58N) AppleWebKit/537.36 (KHTML, like Gecko) Chrome/99.0.4844.51 Mobile Safari/537.36 MicroMessenger/7.0.1"
27.44.122.151 - - [08/Sep/2025:13:33:57 +0700] "GET /wp-includes/js/jquery/jquery-migrate.min.js?ver=3.4.1 HTTP/2.0" 200 4677 "https://vattusacky.vn/" "Mozilla/5.0 (Linux; Android 6.0; Nexus 5 Build/MRA58N) AppleWebKit/537.36 (KHTML, like Gecko) Chrome/99.0.4844.51 Mobile Safari/537.36 MicroMessenger/7.0.1"
27.44.122.151 - - [08/Sep/2025:13:33:57 +0700] "GET /wp-content/plugins/gridlist-view-for-woocommerce/js/jquery.cookie.js?ver=1.1.8 HTTP/2.0" 200 1221 "https://vattusacky.vn/" "Mozilla/5.0 (Linux; Android 6.0; Nexus 5 Build/MRA58N) AppleWebKit/537.36 (KHTML, like Gecko) Chrome/99.0.4844.51 Mobile Safari/537.36 MicroMessenger/7.0.1"
27.44.122.151 - - [08/Sep/2025:13:33:57 +0700] "GET /wp-content/plugins/gridlist-view-for-woocommerce/js/grid_view.js?ver=1.1.8 HTTP/2.0" 200 1393 "https://vattusacky.vn/" "Mozilla/5.0 (Linux; Android 6.0; Nexus 5 Build/MRA58N) AppleWebKit/537.36 (KHTML, like Gecko) Chrome/99.0.4844.51 Mobile Safari/537.36 MicroMessenger/7.0.1"
27.44.122.151 - - [08/Sep/2025:13:34:02 +0700] "GET /wp-content/themes/tem_techno_v2/inc/js/bootstrap.min.js?ver=6.8.1 HTTP/2.0" 200 9130 "https://vattusacky.vn/" "Mozilla/5.0 (Linux; Android 6.0; Nexus 5 Build/MRA58N) AppleWebKit/537.36 (KHTML, like Gecko) Chrome/99.0.4844.51 Mobile Safari/537.36 MicroMessenger/7.0.1"
27.44.122.151 - - [08/Sep/2025:13:34:02 +0700] "GET /wp-content/themes/tem_techno_v2/inc/js/main.min.js?ver=6.8.1 HTTP/2.0" 200 415 "https://vattusacky.vn/" "Mozilla/5.0 (Linux; Android 6.0; Nexus 5 Build/MRA58N) AppleWebKit/537.36 (KHTML, like Gecko) Chrome/99.0.4844.51 Mobile Safari/537.36 MicroMessenger/7.0.1"
27.44.122.151 - - [08/Sep/2025:13:34:02 +0700] "GET /wp-content/themes/tem_techno_v2/js/jquerymenu.js HTTP/2.0" 200 633 "https://vattusacky.vn/" "Mozilla/5.0 (Linux; Android 6.0; Nexus 5 Build/MRA58N) AppleWebKit/537.36 (KHTML, like Gecko) Chrome/99.0.4844.51 Mobile Safari/537.36 MicroMessenger/7.0.1"
27.44.122.151 - - [08/Sep/2025:13:34:02 +0700] "GET /wp-content/themes/tem_techno_v2/js/jquery.simplyscroll.min.js HTTP/2.0" 200 2157 "https://vattusacky.vn/" "Mozilla/5.0 (Linux; Android 6.0; Nexus 5 Build/MRA58N) AppleWebKit/537.36 (KHTML, like Gecko) Chrome/99.0.4844.51 Mobile Safari/537.36 MicroMessenger/7.0.1"
45.117.177.72 - - [08/Sep/2025:13:34:24 +0700] "POST /wp-cron.php?doing_wp_cron=1757313264.5044150352478027343750 HTTP/1.0" 200 416 "-" "WordPress/6.8.1; https://vattusacky.vn"
185.191.171.7 - - [08/Sep/2025:13:34:23 +0700] "GET /mostbet-canl-casino-giri/ HTTP/1.0" 200 83223 "-" "Mozilla/5.0 (compatible; SemrushBot/7~bl; +http://www.semrush.com/bot.html)"
207.46.13.102 - - [08/Sep/2025:13:34:30 +0700] "GET /wp-content/uploads/2017/02/fp111prop.jpg HTTP/1.0" 200 417 "-" "Mozilla/5.0 AppleWebKit/537.36 (KHTML, like Gecko; compatible; bingbot/2.0; +http://www.bing.com/bingbot.htm) Chrome/116.0.1938.76 Safari/537.36"
20.171.207.118 - - [08/Sep/2025:13:34:29 +0700] "GET /?p=2823 HTTP/1.0" 301 477 "-" "Mozilla/5.0 AppleWebKit/537.36 (KHTML, like Gecko; compatible; GPTBot/1.2; +https://openai.com/gptbot)"
207.46.13.102 - - [08/Sep/2025:13:34:30 +0700] "GET /wp-content/uploads/2017/02/fp111prop.jpg HTTP/2.0" 200 14535 "-" "Mozilla/5.0 AppleWebKit/537.36 (KHTML, like Gecko; compatible; bingbot/2.0; +http://www.bing.com/bingbot.htm) Chrome/116.0.1938.76 Safari/537.36"
20.171.207.118 - - [08/Sep/2025:13:34:31 +0700] "GET /just-how-to-just-take-a-dick-pic/ HTTP/1.0" 200 213829 "-" "Mozilla/5.0 AppleWebKit/537.36 (KHTML, like Gecko; compatible; GPTBot/1.2; +https://openai.com/gptbot)"
216.73.216.134 - - [08/Sep/2025:13:34:36 +0700] "GET /how-to-stay-safe-while-talking-to-strangers-on-ometv HTTP/1.0" 301 643 "-" "Mozilla/5.0 AppleWebKit/537.36 (KHTML, like Gecko; compatible; ClaudeBot/1.0; +claudebot@anthropic.com)"
216.73.216.134 - - [08/Sep/2025:13:34:36 +0700] "GET /how-to-stay-safe-on-chatroulette/feed HTTP/1.0" 301 726 "-" "Mozilla/5.0 AppleWebKit/537.36 (KHTML, like Gecko; compatible; ClaudeBot/1.0; +claudebot@anthropic.com)"
216.73.216.134 - - [08/Sep/2025:13:34:37 +0700] "GET /how-to-stay-safe-while-talking-to-strangers-on-ometv/ HTTP/1.0" 200 91629 "https://vattusacky.vn/how-to-stay-safe-while-talking-to-strangers-on-ometv" "Mozilla/5.0 AppleWebKit/537.36 (KHTML, like Gecko; compatible; ClaudeBot/1.0; +claudebot@anthropic.com)"
216.73.216.134 - - [08/Sep/2025:13:34:38 +0700] "GET /how-to-stay-safe-on-chatroulette/feed/ HTTP/1.0" 200 1547 "https://vattusacky.vn/how-to-stay-safe-on-chatroulette/feed" "Mozilla/5.0 AppleWebKit/537.36 (KHTML, like Gecko; compatible; ClaudeBot/1.0; +claudebot@anthropic.com)"
216.73.216.134 - - [08/Sep/2025:13:34:39 +0700] "GET /?p=7054 HTTP/1.0" 301 493 "-" "Mozilla/5.0 AppleWebKit/537.36 (KHTML, like Gecko; compatible; ClaudeBot/1.0; +claudebot@anthropic.com)"
216.73.216.134 - - [08/Sep/2025:13:34:40 +0700] "GET /how-to-avoid-scams-and-malicious-activities-on-ometv HTTP/1.0" 301 497 "-" "Mozilla/5.0 AppleWebKit/537.36 (KHTML, like Gecko; compatible; ClaudeBot/1.0; +claudebot@anthropic.com)"
216.73.216.134 - - [08/Sep/2025:13:34:41 +0700] "GET /how-to-begin-omegle-therapy-a-step-by-step-guide/ HTTP/1.0" 200 92681 "https://vattusacky.vn/?p=7054" "Mozilla/5.0 AppleWebKit/537.36 (KHTML, like Gecko; compatible; ClaudeBot/1.0; +claudebot@anthropic.com)"
216.73.216.134 - - [08/Sep/2025:13:34:41 +0700] "GET /how-to-avoid-scams-and-malicious-activities-on-ometv/ HTTP/1.0" 200 90927 "https://vattusacky.vn/how-to-avoid-scams-and-malicious-activities-on-ometv" "Mozilla/5.0 AppleWebKit/537.36 (KHTML, like Gecko; compatible; ClaudeBot/1.0; +claudebot@anthropic.com)"
216.73.216.134 - - [08/Sep/2025:13:34:43 +0700] "GET /how-to-begin-omegle-therapy-a-step-by-step-guide/feed HTTP/1.0" 301 596 "-" "Mozilla/5.0 AppleWebKit/537.36 (KHTML, like Gecko; compatible; ClaudeBot/1.0; +claudebot@anthropic.com)"
216.73.216.134 - - [08/Sep/2025:13:34:44 +0700] "GET /how-to-begin-omegle-therapy-a-step-by-step-guide/feed/ HTTP/1.0" 200 1595 "https://vattusacky.vn/how-to-begin-omegle-therapy-a-step-by-step-guide/feed" "Mozilla/5.0 AppleWebKit/537.36 (KHTML, like Gecko; compatible; ClaudeBot/1.0; +claudebot@anthropic.com)"
20.171.207.118 - - [08/Sep/2025:13:34:54 +0700] "GET /?p=6311 HTTP/1.0" 301 475 "-" "Mozilla/5.0 AppleWebKit/537.36 (KHTML, like Gecko; compatible; GPTBot/1.2; +https://openai.com/gptbot)"
20.171.207.118 - - [08/Sep/2025:13:34:55 +0700] "GET /can-you-use-omegle-anonymously/ HTTP/1.0" 200 84260 "-" "Mozilla/5.0 AppleWebKit/537.36 (KHTML, like Gecko; compatible; GPTBot/1.2; +https://openai.com/gptbot)"
216.73.216.162 - - [08/Sep/2025:13:35:10 +0700] "GET /?p=7090 HTTP/1.0" 301 633 "-" "Mozilla/5.0 AppleWebKit/537.36 (KHTML, like Gecko; compatible; ClaudeBot/1.0; +claudebot@anthropic.com)"
216.73.216.162 - - [08/Sep/2025:13:35:10 +0700] "GET /?p=7082 HTTP/1.0" 301 635 "-" "Mozilla/5.0 AppleWebKit/537.36 (KHTML, like Gecko; compatible; ClaudeBot/1.0; +claudebot@anthropic.com)"
216.73.216.162 - - [08/Sep/2025:13:35:12 +0700] "GET /how-to-stay-safe-on-omegle-tips-and-tricks/ HTTP/1.0" 200 88650 "https://vattusacky.vn/?p=7090" "Mozilla/5.0 AppleWebKit/537.36 (KHTML, like Gecko; compatible; ClaudeBot/1.0; +claudebot@anthropic.com)"
216.73.216.162 - - [08/Sep/2025:13:35:12 +0700] "GET /how-to-protect-yourself-from-scams-on-omegle/ HTTP/1.0" 200 89859 "https://vattusacky.vn/?p=7082" "Mozilla/5.0 AppleWebKit/537.36 (KHTML, like Gecko; compatible; ClaudeBot/1.0; +claudebot@anthropic.com)"
216.73.216.162 - - [08/Sep/2025:13:35:14 +0700] "GET /?p=7085 HTTP/1.0" 301 487 "-" "Mozilla/5.0 AppleWebKit/537.36 (KHTML, like Gecko; compatible; ClaudeBot/1.0; +claudebot@anthropic.com)"
216.73.216.162 - - [08/Sep/2025:13:35:14 +0700] "GET /how-to-stay-safe-on-ometv HTTP/1.0" 301 470 "-" "Mozilla/5.0 AppleWebKit/537.36 (KHTML, like Gecko; compatible; ClaudeBot/1.0; +claudebot@anthropic.com)"
216.73.216.162 - - [08/Sep/2025:13:35:15 +0700] "GET /how-to-report-privacy-violations-on-omegle/ HTTP/1.0" 200 89211 "https://vattusacky.vn/?p=7085" "Mozilla/5.0 AppleWebKit/537.36 (KHTML, like Gecko; compatible; ClaudeBot/1.0; +claudebot@anthropic.com)"
45.117.177.72 - - [08/Sep/2025:13:35:17 +0700] "POST /wp-cron.php?doing_wp_cron=1757313317.3415279388427734375000 HTTP/1.0" 200 416 "-" "WordPress/6.8.1; https://vattusacky.vn"
216.73.216.162 - - [08/Sep/2025:13:35:16 +0700] "GET /how-to-stay-safe-on-ometv/ HTTP/1.0" 200 89008 "https://vattusacky.vn/how-to-stay-safe-on-ometv" "Mozilla/5.0 AppleWebKit/537.36 (KHTML, like Gecko; compatible; ClaudeBot/1.0; +claudebot@anthropic.com)"
216.73.216.162 - - [08/Sep/2025:13:35:17 +0700] "GET /how-to-stay-safe-while-talking-to-strangers-on-omegle HTTP/1.0" 301 498 "-" "Mozilla/5.0 AppleWebKit/537.36 (KHTML, like Gecko; compatible; ClaudeBot/1.0; +claudebot@anthropic.com)"
20.171.207.118 - - [08/Sep/2025:13:35:19 +0700] "GET /?p=2652 HTTP/1.0" 301 559 "-" "Mozilla/5.0 AppleWebKit/537.36 (KHTML, like Gecko; compatible; GPTBot/1.2; +https://openai.com/gptbot)"
216.73.216.162 - - [08/Sep/2025:13:35:19 +0700] "GET /how-to-stay-safe-while-talking-to-strangers-on-omegle/ HTTP/1.0" 200 88469 "https://vattusacky.vn/how-to-stay-safe-while-talking-to-strangers-on-omegle" "Mozilla/5.0 AppleWebKit/537.36 (KHTML, like Gecko; compatible; ClaudeBot/1.0; +claudebot@anthropic.com)"
20.171.207.118 - - [08/Sep/2025:13:35:21 +0700] "GET /so-tien-co-the-la-mot-chuyen-tiep-khoang-https-vaysite-com-vay-tien-nhanh-mot-tram-trieu-thang-nay-sang-thang-khac/ HTTP/1.0" 200 209465 "-" "Mozilla/5.0 AppleWebKit/537.36 (KHTML, like Gecko; compatible; GPTBot/1.2; +https://openai.com/gptbot)"
20.171.207.118 - - [08/Sep/2025:13:35:46 +0700] "GET /?p=2742 HTTP/1.0" 301 678 "-" "Mozilla/5.0 AppleWebKit/537.36 (KHTML, like Gecko; compatible; GPTBot/1.2; +https://openai.com/gptbot)"
20.171.207.118 - - [08/Sep/2025:13:35:48 +0700] "GET /what-men-believe-that-ladies-lie-when-it-comes-to-in-their-online-dating-sites-profiles/ HTTP/1.0" 200 207614 "-" "Mozilla/5.0 AppleWebKit/537.36 (KHTML, like Gecko; compatible; GPTBot/1.2; +https://openai.com/gptbot)"
45.117.177.72 - - [08/Sep/2025:13:36:35 +0700] "POST /wp-cron.php?doing_wp_cron=1757313395.6688199043273925781250 HTTP/1.0" 200 416 "-" "WordPress/6.8.1; https://vattusacky.vn"
20.171.207.118 - - [08/Sep/2025:13:36:34 +0700] "GET /?p=4145 HTTP/1.0" 301 496 "-" "Mozilla/5.0 AppleWebKit/537.36 (KHTML, like Gecko; compatible; GPTBot/1.2; +https://openai.com/gptbot)"
20.171.207.118 - - [08/Sep/2025:13:36:36 +0700] "GET /22bet-nigeria-sports-activities-betting-evaluate-50/ HTTP/1.0" 200 244499 "-" "Mozilla/5.0 AppleWebKit/537.36 (KHTML, like Gecko; compatible; GPTBot/1.2; +https://openai.com/gptbot)"
45.117.177.72 - - [08/Sep/2025:13:37:31 +0700] "POST /wp-cron.php?doing_wp_cron=1757313451.0679750442504882812500 HTTP/1.0" 200 416 "-" "WordPress/6.8.1; https://vattusacky.vn"
20.171.207.118 - - [08/Sep/2025:13:37:29 +0700] "GET /?p=5501 HTTP/1.0" 301 491 "-" "Mozilla/5.0 AppleWebKit/537.36 (KHTML, like Gecko; compatible; GPTBot/1.2; +https://openai.com/gptbot)"
20.171.207.118 - - [08/Sep/2025:13:37:31 +0700] "GET /sushhestvujut-li-besproigryshnye-bezubytochnye/ HTTP/1.0" 200 159390 "-" "Mozilla/5.0 AppleWebKit/537.36 (KHTML, like Gecko; compatible; GPTBot/1.2; +https://openai.com/gptbot)"
45.117.177.72 - - [08/Sep/2025:13:38:07 +0700] "POST /wp-cron.php?doing_wp_cron=1757313486.8881719112396240234375 HTTP/1.0" 200 416 "-" "WordPress/6.8.1; https://vattusacky.vn"
52.167.144.158 - - [08/Sep/2025:13:38:05 +0700] "GET /the-benefits-of-seeking-therapy-on-omegle/ HTTP/1.0" 200 92190 "-" "Mozilla/5.0 AppleWebKit/537.36 (KHTML, like Gecko; compatible; bingbot/2.0; +http://www.bing.com/bingbot.htm) Chrome/116.0.1938.76 Safari/537.36"
45.117.177.72 - - [08/Sep/2025:13:38:31 +0700] "POST /wp-cron.php?doing_wp_cron=1757313511.2019300460815429687500 HTTP/1.0" 200 416 "-" "WordPress/6.8.1; https://vattusacky.vn"
85.208.96.202 - - [08/Sep/2025:13:38:29 +0700] "GET /1xbet-casino-review-nz-1500-bonus-nz-2023-206/ HTTP/1.0" 200 244267 "-" "Mozilla/5.0 (compatible; SemrushBot/7~bl; +http://www.semrush.com/bot.html)"
45.117.177.72 - - [08/Sep/2025:13:39:19 +0700] "POST /wp-cron.php?doing_wp_cron=1757313559.6570239067077636718750 HTTP/1.0" 200 416 "-" "WordPress/6.8.1; https://vattusacky.vn"
20.171.207.118 - - [08/Sep/2025:13:39:18 +0700] "GET /?p=3385 HTTP/1.0" 301 491 "-" "Mozilla/5.0 AppleWebKit/537.36 (KHTML, like Gecko; compatible; GPTBot/1.2; +https://openai.com/gptbot)"
20.171.207.118 - - [08/Sep/2025:13:39:20 +0700] "GET /sustanon-250-steroid-tutto-cio-che-devi-sapere/ HTTP/1.0" 200 204024 "-" "Mozilla/5.0 AppleWebKit/537.36 (KHTML, like Gecko; compatible; GPTBot/1.2; +https://openai.com/gptbot)"
45.117.177.72 - - [08/Sep/2025:13:40:36 +0700] "POST /wp-cron.php?doing_wp_cron=1757313636.4310109615325927734375 HTTP/1.0" 200 416 "-" "WordPress/6.8.1; https://vattusacky.vn"
20.171.207.118 - - [08/Sep/2025:13:40:35 +0700] "GET /?p=9747 HTTP/1.0" 301 497 "-" "Mozilla/5.0 AppleWebKit/537.36 (KHTML, like Gecko; compatible; GPTBot/1.2; +https://openai.com/gptbot)"
20.171.207.118 - - [08/Sep/2025:13:40:36 +0700] "GET /best-on-line-casinos-video-games-for-real-money-in-3/ HTTP/1.0" 200 119858 "-" "Mozilla/5.0 AppleWebKit/537.36 (KHTML, like Gecko; compatible; GPTBot/1.2; +https://openai.com/gptbot)"
103.131.71.89 - - [08/Sep/2025:13:41:13 +0700] "GET /robots.txt HTTP/1.0" 200 984 "-" "Mozilla/5.0 (compatible; coccocbot-web/1.0; +http://help.coccoc.com/searchengine)"
45.117.177.72 - - [08/Sep/2025:13:41:21 +0700] "POST /wp-cron.php?doing_wp_cron=1757313680.9338359832763671875000 HTTP/1.0" 200 416 "-" "WordPress/6.8.1; https://vattusacky.vn"
20.171.207.118 - - [08/Sep/2025:13:41:19 +0700] "GET /?p=6242 HTTP/1.0" 301 660 "-" "Mozilla/5.0 AppleWebKit/537.36 (KHTML, like Gecko; compatible; GPTBot/1.2; +https://openai.com/gptbot)"
20.171.207.118 - - [08/Sep/2025:13:41:21 +0700] "GET /breaking-stereotypes-human-connection-in-an-anonymous-world-on-omegle/ HTTP/1.0" 200 91298 "-" "Mozilla/5.0 AppleWebKit/537.36 (KHTML, like Gecko; compatible; GPTBot/1.2; +https://openai.com/gptbot)"
20.171.207.118 - - [08/Sep/2025:13:41:50 +0700] "GET /?p=8733 HTTP/1.0" 301 500 "-" "Mozilla/5.0 AppleWebKit/537.36 (KHTML, like Gecko; compatible; GPTBot/1.2; +https://openai.com/gptbot)"
20.171.207.118 - - [08/Sep/2025:13:41:51 +0700] "GET /the-psychological-effects-of-online-anonymity-on-omegle/ HTTP/1.0" 200 93339 "-" "Mozilla/5.0 AppleWebKit/537.36 (KHTML, like Gecko; compatible; GPTBot/1.2; +https://openai.com/gptbot)"
216.73.216.162 - - [08/Sep/2025:13:42:05 +0700] "GET /improving-random-pairings-on-omegle-suggestions-and-solutions HTTP/1.0" 301 652 "-" "Mozilla/5.0 AppleWebKit/537.36 (KHTML, like Gecko; compatible; ClaudeBot/1.0; +claudebot@anthropic.com)"
216.73.216.162 - - [08/Sep/2025:13:42:05 +0700] "GET /innovation-in-random-chat-omegles-path-to-the-future HTTP/1.0" 301 643 "-" "Mozilla/5.0 AppleWebKit/537.36 (KHTML, like Gecko; compatible; ClaudeBot/1.0; +claudebot@anthropic.com)"
216.73.216.162 - - [08/Sep/2025:13:42:06 +0700] "GET /improving-random-pairings-on-omegle-suggestions-and-solutions/ HTTP/1.0" 200 91700 "https://vattusacky.vn/improving-random-pairings-on-omegle-suggestions-and-solutions" "Mozilla/5.0 AppleWebKit/537.36 (KHTML, like Gecko; compatible; ClaudeBot/1.0; +claudebot@anthropic.com)"
216.73.216.162 - - [08/Sep/2025:13:42:06 +0700] "GET /innovation-in-random-chat-omegles-path-to-the-future/ HTTP/1.0" 200 90914 "https://vattusacky.vn/innovation-in-random-chat-omegles-path-to-the-future" "Mozilla/5.0 AppleWebKit/537.36 (KHTML, like Gecko; compatible; ClaudeBot/1.0; +claudebot@anthropic.com)"
216.73.216.162 - - [08/Sep/2025:13:42:08 +0700] "GET /improving-language-skills-omegles-video-chat-language-learning-potential HTTP/1.0" 301 517 "-" "Mozilla/5.0 AppleWebKit/537.36 (KHTML, like Gecko; compatible; ClaudeBot/1.0; +claudebot@anthropic.com)"
216.73.216.162 - - [08/Sep/2025:13:42:09 +0700] "GET /improving-language-skills-omegles-video-chat-language-learning-potential/ HTTP/1.0" 200 92128 "https://vattusacky.vn/improving-language-skills-omegles-video-chat-language-learning-potential" "Mozilla/5.0 AppleWebKit/537.36 (KHTML, like Gecko; compatible; ClaudeBot/1.0; +claudebot@anthropic.com)"
45.117.177.72 - - [08/Sep/2025:13:42:24 +0700] "POST /wp-cron.php?doing_wp_cron=1757313744.2659559249877929687500 HTTP/1.0" 200 416 "-" "WordPress/6.8.1; https://vattusacky.vn"
