20.171.207.118 - - [08/Sep/2025:18:16:24 +0700] "GET /skachat-dragon-mani-igra-novaja-taktika-s-chestnym/ HTTP/1.0" 200 217329 "-" "Mozilla/5.0 AppleWebKit/537.36 (KHTML, like Gecko; compatible; GPTBot/1.2; +https://openai.com/gptbot)"
87.250.224.86 - - [08/Sep/2025:18:16:28 +0700] "GET /the-impact-of-emotional-connection-in-online-relationships/ HTTP/1.0" 200 91791 "-" "Mozilla/5.0 (compatible; YandexBot/3.0; +http://yandex.com/bots)"
20.171.207.118 - - [08/Sep/2025:18:16:45 +0700] "GET /overcoming-the-fear-of-vulnerability-in-omegle-connections/ HTTP/1.0" 200 90796 "-" "Mozilla/5.0 AppleWebKit/537.36 (KHTML, like Gecko; compatible; GPTBot/1.2; +https://openai.com/gptbot)"
45.117.177.72 - - [08/Sep/2025:18:17:21 +0700] "POST /wp-cron.php?doing_wp_cron=1757330241.0397100448608398437500 HTTP/1.0" 200 416 "-" "WordPress/6.8.1; https://vattusacky.vn"
20.171.207.118 - - [08/Sep/2025:18:17:19 +0700] "GET /?p=7616 HTTP/1.0" 301 494 "-" "Mozilla/5.0 AppleWebKit/537.36 (KHTML, like Gecko; compatible; GPTBot/1.2; +https://openai.com/gptbot)"
20.171.207.118 - - [08/Sep/2025:18:17:21 +0700] "GET /omegle-features-filters-interests-and-other-tools/ HTTP/1.0" 200 89931 "-" "Mozilla/5.0 AppleWebKit/537.36 (KHTML, like Gecko; compatible; GPTBot/1.2; +https://openai.com/gptbot)"
20.171.207.118 - - [08/Sep/2025:18:17:51 +0700] "GET /?p=8974 HTTP/1.0" 301 494 "-" "Mozilla/5.0 AppleWebKit/537.36 (KHTML, like Gecko; compatible; GPTBot/1.2; +https://openai.com/gptbot)"
20.171.207.118 - - [08/Sep/2025:18:17:53 +0700] "GET /the-social-implications-of-coincidences-on-omegle/ HTTP/1.0" 200 91257 "-" "Mozilla/5.0 AppleWebKit/537.36 (KHTML, like Gecko; compatible; GPTBot/1.2; +https://openai.com/gptbot)"
85.208.96.203 - - [08/Sep/2025:18:18:00 +0700] "GET /068c3b173bdfe0f097ca05038b9f42f0-3/ HTTP/1.0" 200 69247 "-" "Mozilla/5.0 (compatible; SemrushBot/7~bl; +http://www.semrush.com/bot.html)"
45.117.177.72 - - [08/Sep/2025:18:18:19 +0700] "POST /wp-cron.php?doing_wp_cron=1757330299.2967569828033447265625 HTTP/1.0" 200 416 "-" "WordPress/6.8.1; https://vattusacky.vn"
20.171.207.118 - - [08/Sep/2025:18:18:17 +0700] "GET /omegle-artistry-a-platform-for-creative-exchange-and-exploration/ HTTP/1.0" 200 91189 "-" "Mozilla/5.0 AppleWebKit/537.36 (KHTML, like Gecko; compatible; GPTBot/1.2; +https://openai.com/gptbot)"
20.171.207.118 - - [08/Sep/2025:18:18:43 +0700] "GET /?p=7154 HTTP/1.0" 301 640 "-" "Mozilla/5.0 AppleWebKit/537.36 (KHTML, like Gecko; compatible; GPTBot/1.2; +https://openai.com/gptbot)"
20.171.207.118 - - [08/Sep/2025:18:18:44 +0700] "GET /language-learning-and-cultural-exchange-on-omegle/ HTTP/1.0" 200 92467 "-" "Mozilla/5.0 AppleWebKit/537.36 (KHTML, like Gecko; compatible; GPTBot/1.2; +https://openai.com/gptbot)"
20.171.207.118 - - [08/Sep/2025:18:19:11 +0700] "GET /?p=6169 HTTP/1.0" 301 503 "-" "Mozilla/5.0 AppleWebKit/537.36 (KHTML, like Gecko; compatible; GPTBot/1.2; +https://openai.com/gptbot)"
20.171.207.118 - - [08/Sep/2025:18:19:13 +0700] "GET /anonymous-chatting-and-emotional-well-being-omegles-impact/ HTTP/1.0" 200 89486 "-" "Mozilla/5.0 AppleWebKit/537.36 (KHTML, like Gecko; compatible; GPTBot/1.2; +https://openai.com/gptbot)"
45.117.177.72 - - [08/Sep/2025:18:19:32 +0700] "POST /wp-cron.php?doing_wp_cron=1757330371.7464280128479003906250 HTTP/1.0" 200 416 "-" "WordPress/6.8.1; https://vattusacky.vn"
154.72.169.135 - - [08/Sep/2025:18:19:29 +0700] "GET /pin-ap-opustimsya-v-mir-azarta-i-razvlecheniy-sredi-peredovykh-saytov-dlya-igry-na-realnye-dengi-i-pari-s-ispolzovaniem-depozita-i-bonusov/ HTTP/1.0" 200 117644 "https://vattusacky.vn/" "Mozilla/5.0 (Macintosh; Intel Mac OS X 12_5) AppleWebKit/537.36 (KHTML, like Gecko) Chrome/114.0.0.0 Safari/537.36 Edg/114.0.1264.71"
20.171.207.118 - - [08/Sep/2025:18:19:48 +0700] "GET /?p=8266 HTTP/1.0" 301 509 "-" "Mozilla/5.0 AppleWebKit/537.36 (KHTML, like Gecko; compatible; GPTBot/1.2; +https://openai.com/gptbot)"
154.72.169.135 - - [08/Sep/2025:18:19:49 +0700] "GET /wp-login.php?action=register HTTP/1.0" 302 692 "https://vattusacky.vn/pin-ap-opustimsya-v-mir-azarta-i-razvlecheniy-sredi-peredovykh-saytov-dlya-igry-na-realnye-dengi-i-pari-s-ispolzovaniem-depozita-i-bonusov/" "Mozilla/5.0 (Windows NT 6.3; Win64; x64) AppleWebKit/537.36 (KHTML, like Gecko) Chrome/103.0.0.0 Safari/537.36"
20.171.207.118 - - [08/Sep/2025:18:19:52 +0700] "GET /strategies-for-handling-online-friendships-that-become-one-sided/ HTTP/1.0" 200 91847 "-" "Mozilla/5.0 AppleWebKit/537.36 (KHTML, like Gecko; compatible; GPTBot/1.2; +https://openai.com/gptbot)"
45.117.177.72 - - [08/Sep/2025:18:20:18 +0700] "POST /wp-cron.php?doing_wp_cron=1757330418.2673060894012451171875 HTTP/1.0" 200 416 "-" "WordPress/6.8.1; https://vattusacky.vn"
154.72.169.135 - - [08/Sep/2025:18:20:17 +0700] "GET /wp-login.php?registration=disabled HTTP/1.0" 200 11447 "https://vattusacky.vn/pin-ap-opustimsya-v-mir-azarta-i-razvlecheniy-sredi-peredovykh-saytov-dlya-igry-na-realnye-dengi-i-pari-s-ispolzovaniem-depozita-i-bonusov/" "Mozilla/5.0 (Windows NT 6.3; Win64; x64) AppleWebKit/537.36 (KHTML, like Gecko) Chrome/103.0.0.0 Safari/537.36"
20.171.207.118 - - [08/Sep/2025:18:20:31 +0700] "GET /?p=7291 HTTP/1.0" 301 502 "-" "Mozilla/5.0 AppleWebKit/537.36 (KHTML, like Gecko; compatible; GPTBot/1.2; +https://openai.com/gptbot)"
20.171.207.118 - - [08/Sep/2025:18:20:33 +0700] "GET /omegle-a-platform-for-unfiltered-and-honest-conversations/ HTTP/1.0" 200 91027 "-" "Mozilla/5.0 AppleWebKit/537.36 (KHTML, like Gecko; compatible; GPTBot/1.2; +https://openai.com/gptbot)"
45.117.177.72 - - [08/Sep/2025:18:21:22 +0700] "POST /wp-cron.php?doing_wp_cron=1757330482.5204100608825683593750 HTTP/1.0" 200 416 "-" "WordPress/6.8.1; https://vattusacky.vn"
20.171.207.118 - - [08/Sep/2025:18:21:21 +0700] "GET /making-money-on-omegle-strategies-for-monetizing-your-chatting-skills/ HTTP/1.0" 200 86288 "-" "Mozilla/5.0 AppleWebKit/537.36 (KHTML, like Gecko; compatible; GPTBot/1.2; +https://openai.com/gptbot)"
40.77.167.72 - - [08/Sep/2025:18:21:42 +0700] "GET /wp-content/uploads/2018/04/khi-thai.jpg HTTP/1.0" 200 416 "-" "Mozilla/5.0 AppleWebKit/537.36 (KHTML, like Gecko; compatible; bingbot/2.0; +http://www.bing.com/bingbot.htm) Chrome/116.0.1938.76 Safari/537.36"
40.77.167.72 - - [08/Sep/2025:18:21:42 +0700] "GET /wp-content/uploads/2018/04/khi-thai.jpg HTTP/2.0" 200 21723 "-" "Mozilla/5.0 AppleWebKit/537.36 (KHTML, like Gecko; compatible; bingbot/2.0; +http://www.bing.com/bingbot.htm) Chrome/116.0.1938.76 Safari/537.36"
20.171.207.118 - - [08/Sep/2025:18:21:58 +0700] "GET /?p=7189 HTTP/1.0" 301 494 "-" "Mozilla/5.0 AppleWebKit/537.36 (KHTML, like Gecko; compatible; GPTBot/1.2; +https://openai.com/gptbot)"
20.171.207.118 - - [08/Sep/2025:18:22:00 +0700] "GET /making-friends-from-different-countries-on-omegle/ HTTP/1.0" 200 91587 "-" "Mozilla/5.0 AppleWebKit/537.36 (KHTML, like Gecko; compatible; GPTBot/1.2; +https://openai.com/gptbot)"
45.117.177.72 - - [08/Sep/2025:18:22:40 +0700] "POST /wp-cron.php?doing_wp_cron=1757330559.6820499897003173828125 HTTP/1.0" 200 416 "-" "WordPress/6.8.1; https://vattusacky.vn"
20.171.207.118 - - [08/Sep/2025:18:22:38 +0700] "GET /unveiling-the-risks-of-omegle-safeguarding-your-online-identity/ HTTP/1.0" 200 79579 "-" "Mozilla/5.0 AppleWebKit/537.36 (KHTML, like Gecko; compatible; GPTBot/1.2; +https://openai.com/gptbot)"
20.171.207.118 - - [08/Sep/2025:18:23:08 +0700] "GET /?p=8062 HTTP/1.0" 301 503 "-" "Mozilla/5.0 AppleWebKit/537.36 (KHTML, like Gecko; compatible; GPTBot/1.2; +https://openai.com/gptbot)"
20.171.207.118 - - [08/Sep/2025:18:23:10 +0700] "GET /overcoming-the-fear-of-vulnerability-in-omegle-connections/ HTTP/1.0" 200 90796 "-" "Mozilla/5.0 AppleWebKit/537.36 (KHTML, like Gecko; compatible; GPTBot/1.2; +https://openai.com/gptbot)"
45.117.177.72 - - [08/Sep/2025:18:23:34 +0700] "POST /wp-cron.php?doing_wp_cron=1757330614.4424419403076171875000 HTTP/1.0" 200 416 "-" "WordPress/6.8.1; https://vattusacky.vn"
20.171.207.118 - - [08/Sep/2025:18:23:32 +0700] "GET /?p=7190 HTTP/1.0" 301 514 "-" "Mozilla/5.0 AppleWebKit/537.36 (KHTML, like Gecko; compatible; GPTBot/1.2; +https://openai.com/gptbot)"
20.171.207.118 - - [08/Sep/2025:18:23:35 +0700] "GET /making-money-on-omegle-strategies-for-monetizing-your-chatting-skills/ HTTP/1.0" 200 86288 "-" "Mozilla/5.0 AppleWebKit/537.36 (KHTML, like Gecko; compatible; GPTBot/1.2; +https://openai.com/gptbot)"
20.171.207.118 - - [08/Sep/2025:18:23:54 +0700] "GET /omegles-influence-on-pop-culture-and-media-representations/ HTTP/1.0" 200 91235 "-" "Mozilla/5.0 AppleWebKit/537.36 (KHTML, like Gecko; compatible; GPTBot/1.2; +https://openai.com/gptbot)"
45.117.177.72 - - [08/Sep/2025:18:24:14 +0700] "POST /wp-cron.php?doing_wp_cron=1757330654.4343309402465820312500 HTTP/1.0" 200 416 "-" "WordPress/6.8.1; https://vattusacky.vn"
20.171.207.118 - - [08/Sep/2025:18:24:12 +0700] "GET /?p=9172 HTTP/1.0" 301 508 "-" "Mozilla/5.0 AppleWebKit/537.36 (KHTML, like Gecko; compatible; GPTBot/1.2; +https://openai.com/gptbot)"
20.171.207.118 - - [08/Sep/2025:18:24:14 +0700] "GET /unveiling-the-risks-of-omegle-safeguarding-your-online-identity/ HTTP/1.0" 200 79579 "-" "Mozilla/5.0 AppleWebKit/537.36 (KHTML, like Gecko; compatible; GPTBot/1.2; +https://openai.com/gptbot)"
45.117.177.72 - - [08/Sep/2025:18:24:40 +0700] "POST /wp-cron.php?doing_wp_cron=1757330679.9732639789581298828125 HTTP/1.0" 200 416 "-" "WordPress/6.8.1; https://vattusacky.vn"
20.171.207.118 - - [08/Sep/2025:18:24:38 +0700] "GET /the-psychological-benefits-of-anonymous-chatting-on-omegle/ HTTP/1.0" 200 93260 "-" "Mozilla/5.0 AppleWebKit/537.36 (KHTML, like Gecko; compatible; GPTBot/1.2; +https://openai.com/gptbot)"
20.171.207.118 - - [08/Sep/2025:18:24:57 +0700] "GET /where-to-find-a-wedding-dress-thats-right-for-everyone/ HTTP/1.0" 200 209030 "-" "Mozilla/5.0 AppleWebKit/537.36 (KHTML, like Gecko; compatible; GPTBot/1.2; +https://openai.com/gptbot)"
185.191.171.9 - - [08/Sep/2025:18:25:09 +0700] "GET /kak-vyvesti-dengi-so-scheta-bk-1win-vse-pro-vyvod-sredstv/ HTTP/1.0" 200 223007 "-" "Mozilla/5.0 (compatible; SemrushBot/7~bl; +http://www.semrush.com/bot.html)"
45.117.177.72 - - [08/Sep/2025:18:25:18 +0700] "POST /wp-cron.php?doing_wp_cron=1757330717.8268029689788818359375 HTTP/1.0" 200 416 "-" "WordPress/6.8.1; https://vattusacky.vn"
20.171.207.118 - - [08/Sep/2025:18:25:16 +0700] "GET /unfolding-stories-memorable-experiences-on-omegle-and-ometv/ HTTP/1.0" 200 91927 "-" "Mozilla/5.0 AppleWebKit/537.36 (KHTML, like Gecko; compatible; GPTBot/1.2; +https://openai.com/gptbot)"
20.171.207.118 - - [08/Sep/2025:18:25:36 +0700] "GET /?p=2700 HTTP/1.0" 301 524 "-" "Mozilla/5.0 AppleWebKit/537.36 (KHTML, like Gecko; compatible; GPTBot/1.2; +https://openai.com/gptbot)"
20.171.207.118 - - [08/Sep/2025:18:25:37 +0700] "GET /phan-mem-tien-do-senmo-nhanh-chong-gapvay-don-gian-va-de-dang-co-the-van-chuyen/ HTTP/1.0" 200 209997 "-" "Mozilla/5.0 AppleWebKit/537.36 (KHTML, like Gecko; compatible; GPTBot/1.2; +https://openai.com/gptbot)"
20.171.207.118 - - [08/Sep/2025:18:26:03 +0700] "GET /the-enchantment-of-omegle-exploring-its-unique-attraction/ HTTP/1.0" 200 89650 "-" "Mozilla/5.0 AppleWebKit/537.36 (KHTML, like Gecko; compatible; GPTBot/1.2; +https://openai.com/gptbot)"
45.117.177.72 - - [08/Sep/2025:18:26:27 +0700] "POST /wp-cron.php?doing_wp_cron=1757330787.7427899837493896484375 HTTP/1.0" 200 416 "-" "WordPress/6.8.1; https://vattusacky.vn"
20.171.207.118 - - [08/Sep/2025:18:26:26 +0700] "GET /witty-and-entertaining-omegle-chats-gone-hilariously-wrong/ HTTP/1.0" 200 87113 "-" "Mozilla/5.0 AppleWebKit/537.36 (KHTML, like Gecko; compatible; GPTBot/1.2; +https://openai.com/gptbot)"
20.171.207.118 - - [08/Sep/2025:18:26:52 +0700] "GET /?p=7555 HTTP/1.0" 301 509 "-" "Mozilla/5.0 AppleWebKit/537.36 (KHTML, like Gecko; compatible; GPTBot/1.2; +https://openai.com/gptbot)"
20.171.207.118 - - [08/Sep/2025:18:26:54 +0700] "GET /omegle-artistry-a-platform-for-creative-exchange-and-exploration/ HTTP/1.0" 200 91189 "-" "Mozilla/5.0 AppleWebKit/537.36 (KHTML, like Gecko; compatible; GPTBot/1.2; +https://openai.com/gptbot)"
45.117.177.72 - - [08/Sep/2025:18:27:25 +0700] "POST /wp-cron.php?doing_wp_cron=1757330845.1333510875701904296875 HTTP/1.0" 200 416 "-" "WordPress/6.8.1; https://vattusacky.vn"
20.171.207.118 - - [08/Sep/2025:18:27:23 +0700] "GET /methods-to-navigate-online-dating-services-with-confidence/ HTTP/1.0" 200 208477 "-" "Mozilla/5.0 AppleWebKit/537.36 (KHTML, like Gecko; compatible; GPTBot/1.2; +https://openai.com/gptbot)"
20.171.207.118 - - [08/Sep/2025:18:28:06 +0700] "GET /?p=7882 HTTP/1.0" 301 503 "-" "Mozilla/5.0 AppleWebKit/537.36 (KHTML, like Gecko; compatible; GPTBot/1.2; +https://openai.com/gptbot)"
20.171.207.118 - - [08/Sep/2025:18:28:07 +0700] "GET /omegles-influence-on-pop-culture-and-media-representations/ HTTP/1.0" 200 91089 "-" "Mozilla/5.0 AppleWebKit/537.36 (KHTML, like Gecko; compatible; GPTBot/1.2; +https://openai.com/gptbot)"
52.167.144.183 - - [08/Sep/2025:18:28:14 +0700] "GET /navigating-consent-in-anonymous-conversations-on-omegle/ HTTP/1.0" 200 82217 "-" "Mozilla/5.0 AppleWebKit/537.36 (KHTML, like Gecko; compatible; bingbot/2.0; +http://www.bing.com/bingbot.htm) Chrome/116.0.1938.76 Safari/537.36"
45.117.177.72 - - [08/Sep/2025:18:28:35 +0700] "POST /wp-cron.php?doing_wp_cron=1757330914.8901159763336181640625 HTTP/1.0" 200 416 "-" "WordPress/6.8.1; https://vattusacky.vn"
20.171.207.118 - - [08/Sep/2025:18:28:33 +0700] "GET /the-serendipitous-nature-of-learning-and-knowledge-exchange/ HTTP/1.0" 200 91272 "-" "Mozilla/5.0 AppleWebKit/537.36 (KHTML, like Gecko; compatible; GPTBot/1.2; +https://openai.com/gptbot)"
85.208.96.197 - - [08/Sep/2025:18:28:39 +0700] "GET /author/yanz/page/102/ HTTP/1.0" 200 77363 "-" "Mozilla/5.0 (compatible; SemrushBot/7~bl; +http://www.semrush.com/bot.html)"
20.171.207.118 - - [08/Sep/2025:18:29:00 +0700] "GET /?p=9098 HTTP/1.0" 301 650 "-" "Mozilla/5.0 AppleWebKit/537.36 (KHTML, like Gecko; compatible; GPTBot/1.2; +https://openai.com/gptbot)"
20.171.207.118 - - [08/Sep/2025:18:29:02 +0700] "GET /unfolding-stories-memorable-experiences-on-omegle-and-ometv/ HTTP/1.0" 200 91927 "-" "Mozilla/5.0 AppleWebKit/537.36 (KHTML, like Gecko; compatible; GPTBot/1.2; +https://openai.com/gptbot)"
45.117.177.72 - - [08/Sep/2025:18:29:33 +0700] "POST /wp-cron.php?doing_wp_cron=1757330973.3365039825439453125000 HTTP/1.0" 200 416 "-" "WordPress/6.8.1; https://vattusacky.vn"
20.171.207.118 - - [08/Sep/2025:18:29:31 +0700] "GET /?p=8730 HTTP/1.0" 301 503 "-" "Mozilla/5.0 AppleWebKit/537.36 (KHTML, like Gecko; compatible; GPTBot/1.2; +https://openai.com/gptbot)"
185.191.171.17 - - [08/Sep/2025:18:29:32 +0700] "GET /a-glimpse-into-the-minds-of-omegle-users-psychological-experiments-unraveled/ HTTP/1.0" 200 92177 "-" "Mozilla/5.0 (compatible; SemrushBot/7~bl; +http://www.semrush.com/bot.html)"
20.171.207.118 - - [08/Sep/2025:18:29:33 +0700] "GET /the-psychological-benefits-of-anonymous-chatting-on-omegle/ HTTP/1.0" 200 93260 "-" "Mozilla/5.0 AppleWebKit/537.36 (KHTML, like Gecko; compatible; GPTBot/1.2; +https://openai.com/gptbot)"
20.171.207.118 - - [08/Sep/2025:18:29:55 +0700] "GET /?p=8413 HTTP/1.0" 301 502 "-" "Mozilla/5.0 AppleWebKit/537.36 (KHTML, like Gecko; compatible; GPTBot/1.2; +https://openai.com/gptbot)"
20.171.207.118 - - [08/Sep/2025:18:29:57 +0700] "GET /the-enchantment-of-omegle-exploring-its-unique-attraction/ HTTP/1.0" 200 89650 "-" "Mozilla/5.0 AppleWebKit/537.36 (KHTML, like Gecko; compatible; GPTBot/1.2; +https://openai.com/gptbot)"
45.117.177.72 - - [08/Sep/2025:18:30:26 +0700] "POST /wp-cron.php?doing_wp_cron=1757331026.2946989536285400390625 HTTP/1.0" 200 416 "-" "WordPress/6.8.1; https://vattusacky.vn"
20.171.207.118 - - [08/Sep/2025:18:30:23 +0700] "GET /the-beauty-of-serendipity-unexpected-encounters-on-omegle/ HTTP/1.0" 200 82139 "-" "Mozilla/5.0 AppleWebKit/537.36 (KHTML, like Gecko; compatible; GPTBot/1.2; +https://openai.com/gptbot)"
20.171.207.118 - - [08/Sep/2025:18:31:06 +0700] "GET /?p=9227 HTTP/1.0" 301 503 "-" "Mozilla/5.0 AppleWebKit/537.36 (KHTML, like Gecko; compatible; GPTBot/1.2; +https://openai.com/gptbot)"
20.171.207.118 - - [08/Sep/2025:18:31:08 +0700] "GET /witty-and-entertaining-omegle-chats-gone-hilariously-wrong/ HTTP/1.0" 200 87113 "-" "Mozilla/5.0 AppleWebKit/537.36 (KHTML, like Gecko; compatible; GPTBot/1.2; +https://openai.com/gptbot)"
45.117.177.72 - - [08/Sep/2025:18:31:48 +0700] "POST /wp-cron.php?doing_wp_cron=1757331107.7634758949279785156250 HTTP/1.0" 200 416 "-" "WordPress/6.8.1; https://vattusacky.vn"
20.171.207.118 - - [08/Sep/2025:18:31:45 +0700] "GET /the-future-of-omegle-predictions-and-potential-developments/ HTTP/1.0" 200 91760 "-" "Mozilla/5.0 AppleWebKit/537.36 (KHTML, like Gecko; compatible; GPTBot/1.2; +https://openai.com/gptbot)"
111.119.247.178 - - [08/Sep/2025:18:31:53 +0700] "GET /category/blog/page/7/ HTTP/1.0" 200 74408 "https://vattusacky.vn/category/blog/page/7/" "Mozilla/5.0 (Windows NT 10.0; Win64; x64) AppleWebKit/537.36 (KHTML, like Gecko) Chrome/116.0.0.0 Safari/537.36"
20.171.207.118 - - [08/Sep/2025:18:32:04 +0700] "GET /omegle-and-its-connection-to-cyberbullying-and-online-harassment/ HTTP/1.0" 200 91403 "-" "Mozilla/5.0 AppleWebKit/537.36 (KHTML, like Gecko; compatible; GPTBot/1.2; +https://openai.com/gptbot)"
157.55.39.205 - - [08/Sep/2025:18:32:09 +0700] "GET /wp-content/uploads/2019/03/van-veen-grab-includes-crate-stainless-steel.jpg HTTP/1.0" 200 452 "-" "Mozilla/5.0 AppleWebKit/537.36 (KHTML, like Gecko; compatible; bingbot/2.0; +http://www.bing.com/bingbot.htm) Chrome/116.0.1938.76 Safari/537.36"
157.55.39.205 - - [08/Sep/2025:18:32:09 +0700] "GET /wp-content/uploads/2019/03/van-veen-grab-includes-crate-stainless-steel.jpg HTTP/2.0" 200 42991 "-" "Mozilla/5.0 AppleWebKit/537.36 (KHTML, like Gecko; compatible; bingbot/2.0; +http://www.bing.com/bingbot.htm) Chrome/116.0.1938.76 Safari/537.36"
45.117.177.72 - - [08/Sep/2025:18:32:40 +0700] "POST /wp-cron.php?doing_wp_cron=1757331159.7681300640106201171875 HTTP/1.0" 200 416 "-" "WordPress/6.8.1; https://vattusacky.vn"
20.171.207.118 - - [08/Sep/2025:18:32:38 +0700] "GET /omegle-anonymity-connections-and-the-adventures-that-await/ HTTP/1.0" 200 91826 "-" "Mozilla/5.0 AppleWebKit/537.36 (KHTML, like Gecko; compatible; GPTBot/1.2; +https://openai.com/gptbot)"
45.117.177.72 - - [08/Sep/2025:18:33:17 +0700] "POST /wp-cron.php?doing_wp_cron=1757331197.2136249542236328125000 HTTP/1.0" 200 416 "-" "WordPress/6.8.1; https://vattusacky.vn"
20.171.207.118 - - [08/Sep/2025:18:33:15 +0700] "GET /omegle-adventures-beyond-the-screen-into-anonymous-realms/ HTTP/1.0" 200 91577 "-" "Mozilla/5.0 AppleWebKit/537.36 (KHTML, like Gecko; compatible; GPTBot/1.2; +https://openai.com/gptbot)"
20.171.207.118 - - [08/Sep/2025:18:33:49 +0700] "GET /omegles-impact-on-language-learning-and-cultural-exchange/ HTTP/1.0" 200 91353 "-" "Mozilla/5.0 AppleWebKit/537.36 (KHTML, like Gecko; compatible; GPTBot/1.2; +https://openai.com/gptbot)"
20.171.207.118 - - [08/Sep/2025:18:34:13 +0700] "GET /omegle-and-long-distance-relationships-love-across-borders/ HTTP/1.0" 200 92533 "-" "Mozilla/5.0 AppleWebKit/537.36 (KHTML, like Gecko; compatible; GPTBot/1.2; +https://openai.com/gptbot)"
45.117.177.72 - - [08/Sep/2025:18:34:45 +0700] "POST /wp-cron.php?doing_wp_cron=1757331285.0835959911346435546875 HTTP/1.0" 200 416 "-" "WordPress/6.8.1; https://vattusacky.vn"
20.171.207.118 - - [08/Sep/2025:18:34:43 +0700] "GET /?p=7347 HTTP/1.0" 301 509 "-" "Mozilla/5.0 AppleWebKit/537.36 (KHTML, like Gecko; compatible; GPTBot/1.2; +https://openai.com/gptbot)"
20.171.207.118 - - [08/Sep/2025:18:34:45 +0700] "GET /omegle-and-its-connection-to-cyberbullying-and-online-harassment/ HTTP/1.0" 200 91403 "-" "Mozilla/5.0 AppleWebKit/537.36 (KHTML, like Gecko; compatible; GPTBot/1.2; +https://openai.com/gptbot)"
45.117.177.72 - - [08/Sep/2025:18:35:21 +0700] "POST /wp-cron.php?doing_wp_cron=1757331321.2087299823760986328125 HTTP/1.0" 200 416 "-" "WordPress/6.8.1; https://vattusacky.vn"
20.171.207.118 - - [08/Sep/2025:18:35:20 +0700] "GET /understanding-the-risks-of-sharing-personal-information-on-ometv/ HTTP/1.0" 200 92144 "-" "Mozilla/5.0 AppleWebKit/537.36 (KHTML, like Gecko; compatible; GPTBot/1.2; +https://openai.com/gptbot)"
85.208.98.23 - - [08/Sep/2025:18:35:37 +0700] "GET /robots.txt HTTP/1.0" 200 984 "http://vattusacky.vn/robots.txt" "Mozilla/5.0 (compatible; SemrushBot-BA; +http://www.semrush.com/bot.html)"
45.117.177.72 - - [08/Sep/2025:18:36:21 +0700] "POST /wp-cron.php?doing_wp_cron=1757331380.9557731151580810546875 HTTP/1.0" 200 416 "-" "WordPress/6.8.1; https://vattusacky.vn"
85.208.98.31 - - [08/Sep/2025:18:36:19 +0700] "GET /parimatch-onboards-elli-avrram-as-its-new-model-34/ HTTP/1.0" 200 249501 "-" "Mozilla/5.0 (compatible; SemrushBot-BA; +http://www.semrush.com/bot.html)"
20.171.207.118 - - [08/Sep/2025:18:36:20 +0700] "GET /?p=8338 HTTP/1.0" 301 502 "-" "Mozilla/5.0 AppleWebKit/537.36 (KHTML, like Gecko; compatible; GPTBot/1.2; +https://openai.com/gptbot)"
20.171.207.118 - - [08/Sep/2025:18:36:21 +0700] "GET /the-beauty-of-serendipity-unexpected-encounters-on-omegle/ HTTP/1.0" 200 82139 "-" "Mozilla/5.0 AppleWebKit/537.36 (KHTML, like Gecko; compatible; GPTBot/1.2; +https://openai.com/gptbot)"
85.208.98.16 - - [08/Sep/2025:18:36:43 +0700] "GET /quantracmoitruongungquanh/ HTTP/1.0" 200 261520 "-" "Mozilla/5.0 (compatible; SemrushBot-BA; +http://www.semrush.com/bot.html)"
20.171.207.118 - - [08/Sep/2025:18:36:58 +0700] "GET /?p=3219 HTTP/1.0" 301 499 "-" "Mozilla/5.0 AppleWebKit/537.36 (KHTML, like Gecko; compatible; GPTBot/1.2; +https://openai.com/gptbot)"
20.171.207.118 - - [08/Sep/2025:18:37:00 +0700] "GET /where-to-find-a-wedding-dress-thats-right-for-everyone/ HTTP/1.0" 200 209030 "-" "Mozilla/5.0 AppleWebKit/537.36 (KHTML, like Gecko; compatible; GPTBot/1.2; +https://openai.com/gptbot)"
216.73.216.162 - - [08/Sep/2025:18:37:02 +0700] "GET /robots.txt HTTP/1.0" 200 984 "-" "Mozilla/5.0 AppleWebKit/537.36 (KHTML, like Gecko; compatible; ClaudeBot/1.0; +claudebot@anthropic.com)"
216.73.216.162 - - [08/Sep/2025:18:37:04 +0700] "GET /author/yanz/page/408 HTTP/1.0" 301 419 "-" "Mozilla/5.0 AppleWebKit/537.36 (KHTML, like Gecko; compatible; ClaudeBot/1.0; +claudebot@anthropic.com)"
216.73.216.162 - - [08/Sep/2025:18:37:05 +0700] "GET /author/yanz/page/408/ HTTP/1.0" 200 77908 "https://vattusacky.vn/author/yanz/page/408" "Mozilla/5.0 AppleWebKit/537.36 (KHTML, like Gecko; compatible; ClaudeBot/1.0; +claudebot@anthropic.com)"
85.208.98.31 - - [08/Sep/2025:18:37:13 +0700] "GET /tim-ung-truoc-app-cash24-nhanh-moi-ngay-o-dau/ HTTP/1.0" 200 207652 "-" "Mozilla/5.0 (compatible; SemrushBot-BA; +http://www.semrush.com/bot.html)"
45.117.177.72 - - [08/Sep/2025:18:37:22 +0700] "POST /wp-cron.php?doing_wp_cron=1757331442.6801741123199462890625 HTTP/1.0" 200 416 "-" "WordPress/6.8.1; https://vattusacky.vn"
85.208.98.29 - - [08/Sep/2025:18:37:21 +0700] "GET /aviator-predictor-v1-ninety-four-apk-mod-2023-free-45/ HTTP/1.0" 200 244571 "-" "Mozilla/5.0 (compatible; SemrushBot-BA; +http://www.semrush.com/bot.html)"
20.171.207.118 - - [08/Sep/2025:18:37:30 +0700] "GET /?p=8477 HTTP/1.0" 301 504 "-" "Mozilla/5.0 AppleWebKit/537.36 (KHTML, like Gecko; compatible; GPTBot/1.2; +https://openai.com/gptbot)"
20.171.207.118 - - [08/Sep/2025:18:37:31 +0700] "GET /the-future-of-omegle-predictions-and-potential-developments/ HTTP/1.0" 200 91760 "-" "Mozilla/5.0 AppleWebKit/537.36 (KHTML, like Gecko; compatible; GPTBot/1.2; +https://openai.com/gptbot)"
85.208.98.16 - - [08/Sep/2025:18:37:40 +0700] "GET /mostbet-kz-bukmekerlk-kese-mostbet-azastan-resmi-sajta-kru-sajtty-dl-kshrmes-bonustar/ HTTP/1.0" 200 220863 "-" "Mozilla/5.0 (compatible; SemrushBot-BA; +http://www.semrush.com/bot.html)"
85.208.98.20 - - [08/Sep/2025:18:38:02 +0700] "GET /fun88-unveils-a-recent-search-for-its-web-site-13/ HTTP/1.0" 200 246297 "-" "Mozilla/5.0 (compatible; SemrushBot-BA; +http://www.semrush.com/bot.html)"
20.171.207.118 - - [08/Sep/2025:18:38:11 +0700] "GET /?p=8963 HTTP/1.0" 301 504 "-" "Mozilla/5.0 AppleWebKit/537.36 (KHTML, like Gecko; compatible; GPTBot/1.2; +https://openai.com/gptbot)"
20.171.207.118 - - [08/Sep/2025:18:38:13 +0700] "GET /the-serendipitous-nature-of-learning-and-knowledge-exchange/ HTTP/1.0" 200 91272 "-" "Mozilla/5.0 AppleWebKit/537.36 (KHTML, like Gecko; compatible; GPTBot/1.2; +https://openai.com/gptbot)"
45.117.177.72 - - [08/Sep/2025:18:38:21 +0700] "POST /wp-cron.php?doing_wp_cron=1757331501.3524301052093505859375 HTTP/1.0" 200 416 "-" "WordPress/6.8.1; https://vattusacky.vn"
85.208.98.20 - - [08/Sep/2025:18:38:20 +0700] "GET /decoding-the-phenomenon-of-the-1xbet-mobile-app-45/ HTTP/1.0" 200 238742 "-" "Mozilla/5.0 (compatible; SemrushBot-BA; +http://www.semrush.com/bot.html)"
54.225.81.20 - - [08/Sep/2025:18:38:41 +0700] "GET /je-timide-avec-dames-comment-faire-surmonter-cela/ HTTP/1.0" 200 205084 "-" "Mozilla/5.0 AppleWebKit/537.36 (KHTML, like Gecko; compatible; Amazonbot/0.1; +https://developer.amazon.com/support/amazonbot) Chrome/119.0.6045.214 Safari/537.36"
54.147.80.137 - - [08/Sep/2025:18:38:44 +0700] "GET /category/uncategorized/page/347/ HTTP/1.0" 200 76210 "-" "Mozilla/5.0 AppleWebKit/537.36 (KHTML, like Gecko; compatible; Amazonbot/0.1; +https://developer.amazon.com/support/amazonbot) Chrome/119.0.6045.214 Safari/537.36"
85.208.98.22 - - [08/Sep/2025:18:38:45 +0700] "GET /skachat-dragon-mani-igra-novaja-taktika-s-chestnym/ HTTP/1.0" 200 217475 "-" "Mozilla/5.0 (compatible; SemrushBot-BA; +http://www.semrush.com/bot.html)"
20.171.207.118 - - [08/Sep/2025:18:38:51 +0700] "GET /omegles-role-in-understanding-human-behavior-and-sociology/ HTTP/1.0" 200 90995 "-" "Mozilla/5.0 AppleWebKit/537.36 (KHTML, like Gecko; compatible; GPTBot/1.2; +https://openai.com/gptbot)"
85.208.98.20 - - [08/Sep/2025:18:39:05 +0700] "GET /methods-to-increase-added-value-in-the-business/ HTTP/1.0" 200 205490 "-" "Mozilla/5.0 (compatible; SemrushBot-BA; +http://www.semrush.com/bot.html)"
45.117.177.72 - - [08/Sep/2025:18:39:25 +0700] "POST /wp-cron.php?doing_wp_cron=1757331565.2063889503479003906250 HTTP/1.0" 200 416 "-" "WordPress/6.8.1; https://vattusacky.vn"
85.208.98.22 - - [08/Sep/2025:18:39:23 +0700] "GET /1xbet-zerkalo-dostupnye-frispiny-kazino-sloty/ HTTP/1.0" 200 218934 "-" "Mozilla/5.0 (compatible; SemrushBot-BA; +http://www.semrush.com/bot.html)"
20.171.207.118 - - [08/Sep/2025:18:39:34 +0700] "GET /unmasking-artistic-talent-omegles-role-in-unearthing-hidden-gems/ HTTP/1.0" 200 92059 "-" "Mozilla/5.0 AppleWebKit/537.36 (KHTML, like Gecko; compatible; GPTBot/1.2; +https://openai.com/gptbot)"
45.117.177.72 - - [08/Sep/2025:18:39:37 +0700] "POST /wp-cron.php?doing_wp_cron=1757331577.2607579231262207031250 HTTP/1.0" 200 416 "-" "WordPress/6.8.1; https://vattusacky.vn"
85.208.98.31 - - [08/Sep/2025:18:39:36 +0700] "GET /virginias-blue-ridge-offers-romantic-scenery-cultural-events-world-class-facilities/ HTTP/1.0" 200 214946 "-" "Mozilla/5.0 (compatible; SemrushBot-BA; +http://www.semrush.com/bot.html)"
85.208.98.19 - - [08/Sep/2025:18:39:51 +0700] "GET /cach-do-luong-chi-vay-gap-online-phi-thiet-lap-lop-truoc/ HTTP/1.0" 200 210152 "-" "Mozilla/5.0 (compatible; SemrushBot-BA; +http://www.semrush.com/bot.html)"
85.208.98.22 - - [08/Sep/2025:18:40:09 +0700] "GET /dd%C2%B9d%C2%BD-dodd-d%C2%B8d%C2%BDd%C2%BE-ddonedd%C2%B8d%C2%BDn-n%C6%92donedd%C2%B8d%C2%BDn%C2%81dod%C2%B8d%C2%B5-gambling-den-d%C2%BDd-ned%C2%B5d/ HTTP/1.0" 200 212356 "-" "Mozilla/5.0 (compatible; SemrushBot-BA; +http://www.semrush.com/bot.html)"
20.171.207.118 - - [08/Sep/2025:18:40:14 +0700] "GET /?p=7296 HTTP/1.0" 301 502 "-" "Mozilla/5.0 AppleWebKit/537.36 (KHTML, like Gecko; compatible; GPTBot/1.2; +https://openai.com/gptbot)"
20.171.207.118 - - [08/Sep/2025:18:40:15 +0700] "GET /omegle-adventures-beyond-the-screen-into-anonymous-realms/ HTTP/1.0" 200 91577 "-" "Mozilla/5.0 AppleWebKit/537.36 (KHTML, like Gecko; compatible; GPTBot/1.2; +https://openai.com/gptbot)"
45.117.177.72 - - [08/Sep/2025:18:40:29 +0700] "POST /wp-cron.php?doing_wp_cron=1757331629.3762590885162353515625 HTTP/1.0" 200 416 "-" "WordPress/6.8.1; https://vattusacky.vn"
85.208.98.24 - - [08/Sep/2025:18:40:28 +0700] "GET /zajm-sms-zajm-ot-finterra/ HTTP/1.0" 200 223695 "-" "Mozilla/5.0 (compatible; SemrushBot-BA; +http://www.semrush.com/bot.html)"
20.171.207.118 - - [08/Sep/2025:18:41:04 +0700] "GET /?p=7979 HTTP/1.0" 301 503 "-" "Mozilla/5.0 AppleWebKit/537.36 (KHTML, like Gecko; compatible; GPTBot/1.2; +https://openai.com/gptbot)"
85.208.98.31 - - [08/Sep/2025:18:41:06 +0700] "GET /toi-co-duoc-phep-phai-co-nguoi-ky-ket-cong-ty-cung-vay-online-nhanh-nhu-nguoi-bao-lanh-cho-tien-trinh-truc-tuyen-khong/ HTTP/1.0" 200 212353 "-" "Mozilla/5.0 (compatible; SemrushBot-BA; +http://www.semrush.com/bot.html)"
20.171.207.118 - - [08/Sep/2025:18:41:06 +0700] "GET /omegles-role-in-understanding-human-behavior-and-sociology/ HTTP/1.0" 200 90995 "-" "Mozilla/5.0 AppleWebKit/537.36 (KHTML, like Gecko; compatible; GPTBot/1.2; +https://openai.com/gptbot)"
85.208.98.16 - - [08/Sep/2025:18:41:29 +0700] "GET /how-to-convert-pdf-to-notepad-with-two-methods-10/ HTTP/1.0" 503 8456 "-" "Mozilla/5.0 (compatible; SemrushBot-BA; +http://www.semrush.com/bot.html)"
185.191.171.5 - - [08/Sep/2025:18:41:36 +0700] "GET /1xbet-app-download-xbet-login-and-promocode-2023-720/ HTTP/1.0" 200 99622 "-" "Mozilla/5.0 (compatible; SemrushBot/7~bl; +http://www.semrush.com/bot.html)"
87.250.224.233 - - [08/Sep/2025:18:41:38 +0700] "GET /online-slot-machines-is-just-like-land-based-surgeons/ HTTP/1.0" 200 207156 "-" "Mozilla/5.0 (compatible; YandexBot/3.0; +http://yandex.com/bots)"
85.208.98.20 - - [08/Sep/2025:18:41:54 +0700] "GET /22bet-evaluation-cell-app-and-attractive-welcome-5-2/ HTTP/1.0" 200 242745 "-" "Mozilla/5.0 (compatible; SemrushBot-BA; +http://www.semrush.com/bot.html)"
20.171.207.118 - - [08/Sep/2025:18:42:02 +0700] "GET /omegles-influence-on-online-behavior-and-digital-etiquette/ HTTP/1.0" 200 89158 "-" "Mozilla/5.0 AppleWebKit/537.36 (KHTML, like Gecko; compatible; GPTBot/1.2; +https://openai.com/gptbot)"
85.208.98.31 - - [08/Sep/2025:18:42:16 +0700] "GET /how-to-choose-an-official-web-design-for-your-administration/ HTTP/1.0" 200 205944 "-" "Mozilla/5.0 (compatible; SemrushBot-BA; +http://www.semrush.com/bot.html)"
45.117.177.72 - - [08/Sep/2025:18:42:36 +0700] "POST /wp-cron.php?doing_wp_cron=1757331756.7823901176452636718750 HTTP/1.0" 200 416 "-" "WordPress/6.8.1; https://vattusacky.vn"
40.77.167.9 - - [08/Sep/2025:18:42:35 +0700] "GET /omegle-and-remote-learning-connecting-students-worldwide/ HTTP/1.0" 200 91898 "-" "Mozilla/5.0 AppleWebKit/537.36 (KHTML, like Gecko; compatible; bingbot/2.0; +http://www.bing.com/bingbot.htm) Chrome/116.0.1938.76 Safari/537.36"
20.171.207.118 - - [08/Sep/2025:18:42:40 +0700] "GET /navigating-awkward-moments-on-omegle-tips-for-smooth-first-impressions/ HTTP/1.0" 200 91399 "-" "Mozilla/5.0 AppleWebKit/537.36 (KHTML, like Gecko; compatible; GPTBot/1.2; +https://openai.com/gptbot)"
85.208.98.19 - - [08/Sep/2025:18:42:56 +0700] "GET /oficialnoe-up-x-kazino-sloty-i-igrovye-avtomaty-s/ HTTP/1.0" 200 234080 "-" "Mozilla/5.0 (compatible; SemrushBot-BA; +http://www.semrush.com/bot.html)"
20.171.207.118 - - [08/Sep/2025:18:43:07 +0700] "GET /?p=7552 HTTP/1.0" 301 503 "-" "Mozilla/5.0 AppleWebKit/537.36 (KHTML, like Gecko; compatible; GPTBot/1.2; +https://openai.com/gptbot)"
20.171.207.118 - - [08/Sep/2025:18:43:08 +0700] "GET /omegle-anonymity-connections-and-the-adventures-that-await/ HTTP/1.0" 200 91826 "-" "Mozilla/5.0 AppleWebKit/537.36 (KHTML, like Gecko; compatible; GPTBot/1.2; +https://openai.com/gptbot)"
85.208.98.20 - - [08/Sep/2025:18:43:14 +0700] "GET /getting-foreign-females-online/ HTTP/1.0" 200 208157 "-" "Mozilla/5.0 (compatible; SemrushBot-BA; +http://www.semrush.com/bot.html)"
45.117.177.72 - - [08/Sep/2025:18:43:27 +0700] "POST /wp-cron.php?doing_wp_cron=1757331807.5778489112854003906250 HTTP/1.0" 200 416 "-" "WordPress/6.8.1; https://vattusacky.vn"
40.77.167.9 - - [08/Sep/2025:18:43:26 +0700] "GET /san-pham/palintest-_may-do-ozon-cam-tay-trong-nuoc/ HTTP/1.0" 200 300414 "-" "Mozilla/5.0 AppleWebKit/537.36 (KHTML, like Gecko; compatible; bingbot/2.0; +http://www.bing.com/bingbot.htm) Chrome/116.0.1938.76 Safari/537.36"
40.77.167.9 - - [08/Sep/2025:18:43:43 +0700] "GET /wp-includes/css/dist/block-library/style.min.css?ver=6.8.1 HTTP/1.0" 200 423 "-" "Mozilla/5.0 AppleWebKit/537.36 (KHTML, like Gecko; compatible; bingbot/2.0; +http://www.bing.com/bingbot.htm) Chrome/116.0.1938.76 Safari/537.36"
40.77.167.9 - - [08/Sep/2025:18:43:43 +0700] "GET /wp-includes/css/dist/block-library/style.min.css?ver=6.8.1 HTTP/2.0" 200 14009 "-" "Mozilla/5.0 AppleWebKit/537.36 (KHTML, like Gecko; compatible; bingbot/2.0; +http://www.bing.com/bingbot.htm) Chrome/116.0.1938.76 Safari/537.36"
20.171.207.118 - - [08/Sep/2025:18:43:44 +0700] "GET /the-collaborative-potential-of-omegle-creating-art-and-music-together/ HTTP/1.0" 200 90853 "-" "Mozilla/5.0 AppleWebKit/537.36 (KHTML, like Gecko; compatible; GPTBot/1.2; +https://openai.com/gptbot)"
52.167.144.201 - - [08/Sep/2025:18:43:48 +0700] "GET /wp-content/plugins/yith-woocommerce-category-accordion-premium/assets/css/ywcca_style.css?ver=1.0.12 HTTP/1.0" 200 464 "-" "Mozilla/5.0 AppleWebKit/537.36 (KHTML, like Gecko; compatible; bingbot/2.0; +http://www.bing.com/bingbot.htm) Chrome/116.0.1938.76 Safari/537.36"
52.167.144.201 - - [08/Sep/2025:18:43:48 +0700] "GET /wp-content/plugins/yith-woocommerce-category-accordion-premium/assets/css/ywcca_style.css?ver=1.0.12 HTTP/2.0" 200 1000 "-" "Mozilla/5.0 AppleWebKit/537.36 (KHTML, like Gecko; compatible; bingbot/2.0; +http://www.bing.com/bingbot.htm) Chrome/116.0.1938.76 Safari/537.36"
52.167.144.201 - - [08/Sep/2025:18:43:49 +0700] "GET /wp-content/plugins/woocommerce/assets/css/woocommerce-smallscreen.css?ver=9.8.3 HTTP/2.0" 200 1165 "-" "Mozilla/5.0 AppleWebKit/537.36 (KHTML, like Gecko; compatible; bingbot/2.0; +http://www.bing.com/bingbot.htm) Chrome/116.0.1938.76 Safari/537.36"
52.167.144.201 - - [08/Sep/2025:18:43:49 +0700] "GET /wp-content/plugins/woocommerce/assets/css/woocommerce-smallscreen.css?ver=9.8.3 HTTP/1.0" 200 444 "-" "Mozilla/5.0 AppleWebKit/537.36 (KHTML, like Gecko; compatible; bingbot/2.0; +http://www.bing.com/bingbot.htm) Chrome/116.0.1938.76 Safari/537.36"
85.208.98.24 - - [08/Sep/2025:18:43:49 +0700] "GET /how-a-data-space-deals/ HTTP/1.0" 200 205154 "-" "Mozilla/5.0 (compatible; SemrushBot-BA; +http://www.semrush.com/bot.html)"
85.208.98.19 - - [08/Sep/2025:18:44:02 +0700] "GET /best-live-cam-websites-inspectorcams-com/ HTTP/1.0" 200 219794 "-" "Mozilla/5.0 (compatible; SemrushBot-BA; +http://www.semrush.com/bot.html)"
45.117.177.72 - - [08/Sep/2025:18:44:31 +0700] "POST /wp-cron.php?doing_wp_cron=1757331871.3906788825988769531250 HTTP/1.0" 200 416 "-" "WordPress/6.8.1; https://vattusacky.vn"
20.171.207.118 - - [08/Sep/2025:18:44:30 +0700] "GET /?p=7830 HTTP/1.0" 301 502 "-" "Mozilla/5.0 AppleWebKit/537.36 (KHTML, like Gecko; compatible; GPTBot/1.2; +https://openai.com/gptbot)"
20.171.207.118 - - [08/Sep/2025:18:44:31 +0700] "GET /omegles-impact-on-language-learning-and-cultural-exchange/ HTTP/1.0" 200 91353 "-" "Mozilla/5.0 AppleWebKit/537.36 (KHTML, like Gecko; compatible; GPTBot/1.2; +https://openai.com/gptbot)"
85.208.98.22 - - [08/Sep/2025:18:44:52 +0700] "GET /1xbet-casino-review-nz-1500-bonus-nz-2023-206/ HTTP/1.0" 200 244267 "-" "Mozilla/5.0 (compatible; SemrushBot-BA; +http://www.semrush.com/bot.html)"
85.208.98.31 - - [08/Sep/2025:18:45:15 +0700] "GET /can-be-cbd-secure-to-consume/ HTTP/1.0" 200 205371 "-" "Mozilla/5.0 (compatible; SemrushBot-BA; +http://www.semrush.com/bot.html)"
45.117.177.72 - - [08/Sep/2025:18:45:18 +0700] "POST /wp-cron.php?doing_wp_cron=1757331917.8307659626007080078125 HTTP/1.0" 200 416 "-" "WordPress/6.8.1; https://vattusacky.vn"
20.171.207.118 - - [08/Sep/2025:18:45:16 +0700] "GET /?p=9128 HTTP/1.0" 301 655 "-" "Mozilla/5.0 AppleWebKit/537.36 (KHTML, like Gecko; compatible; GPTBot/1.2; +https://openai.com/gptbot)"
20.171.207.118 - - [08/Sep/2025:18:45:18 +0700] "GET /unmasking-artistic-talent-omegles-role-in-unearthing-hidden-gems/ HTTP/1.0" 200 91913 "-" "Mozilla/5.0 AppleWebKit/537.36 (KHTML, like Gecko; compatible; GPTBot/1.2; +https://openai.com/gptbot)"
85.208.98.16 - - [08/Sep/2025:18:45:41 +0700] "GET /a-relationship-using-a-korean-girl/ HTTP/1.0" 200 207873 "-" "Mozilla/5.0 (compatible; SemrushBot-BA; +http://www.semrush.com/bot.html)"
20.171.207.118 - - [08/Sep/2025:18:45:50 +0700] "GET /?p=7355 HTTP/1.0" 301 503 "-" "Mozilla/5.0 AppleWebKit/537.36 (KHTML, like Gecko; compatible; GPTBot/1.2; +https://openai.com/gptbot)"
20.171.207.118 - - [08/Sep/2025:18:45:52 +0700] "GET /omegle-and-long-distance-relationships-love-across-borders/ HTTP/1.0" 200 92387 "-" "Mozilla/5.0 AppleWebKit/537.36 (KHTML, like Gecko; compatible; GPTBot/1.2; +https://openai.com/gptbot)"
85.208.98.31 - - [08/Sep/2025:18:45:56 +0700] "GET /sugardaddy-websites/ HTTP/1.0" 200 208835 "-" "Mozilla/5.0 (compatible; SemrushBot-BA; +http://www.semrush.com/bot.html)"
45.117.177.72 - - [08/Sep/2025:18:46:29 +0700] "POST /wp-cron.php?doing_wp_cron=1757331988.8444030284881591796875 HTTP/1.0" 200 416 "-" "WordPress/6.8.1; https://vattusacky.vn"
20.171.207.118 - - [08/Sep/2025:18:46:27 +0700] "GET /?p=9081 HTTP/1.0" 301 509 "-" "Mozilla/5.0 AppleWebKit/537.36 (KHTML, like Gecko; compatible; GPTBot/1.2; +https://openai.com/gptbot)"
20.171.207.118 - - [08/Sep/2025:18:46:29 +0700] "GET /understanding-the-risks-of-sharing-personal-information-on-ometv/ HTTP/1.0" 200 92144 "-" "Mozilla/5.0 AppleWebKit/537.36 (KHTML, like Gecko; compatible; GPTBot/1.2; +https://openai.com/gptbot)"
85.208.98.24 - - [08/Sep/2025:18:46:43 +0700] "GET /the-very-best-reasons-for-females-to-use-seeing-apps/ HTTP/1.0" 200 208937 "-" "Mozilla/5.0 (compatible; SemrushBot-BA; +http://www.semrush.com/bot.html)"
85.208.98.16 - - [08/Sep/2025:18:47:08 +0700] "GET /22bet-s-brief-withdrawal-time-makes-it-india-s-55/ HTTP/1.0" 200 236871 "-" "Mozilla/5.0 (compatible; SemrushBot-BA; +http://www.semrush.com/bot.html)"
20.171.207.118 - - [08/Sep/2025:18:47:09 +0700] "GET /overcoming-isolation-through-networking-on-omegle-and-ometv/ HTTP/1.0" 200 92845 "-" "Mozilla/5.0 AppleWebKit/537.36 (KHTML, like Gecko; compatible; GPTBot/1.2; +https://openai.com/gptbot)"
157.55.39.8 - - [08/Sep/2025:18:47:14 +0700] "GET /the-effects-of-omegle-on-social-skills-and-communication-abilities/feed/ HTTP/1.0" 200 1795 "-" "Mozilla/5.0 AppleWebKit/537.36 (KHTML, like Gecko; compatible; bingbot/2.0; +http://www.bing.com/bingbot.htm) Chrome/116.0.1938.76 Safari/537.36"
45.117.177.72 - - [08/Sep/2025:18:47:20 +0700] "POST /wp-cron.php?doing_wp_cron=1757332040.0383269786834716796875 HTTP/1.0" 200 416 "-" "WordPress/6.8.1; https://vattusacky.vn"
85.208.98.24 - - [08/Sep/2025:18:47:18 +0700] "GET /4606-2/ HTTP/1.0" 200 206673 "-" "Mozilla/5.0 (compatible; SemrushBot-BA; +http://www.semrush.com/bot.html)"
85.208.98.24 - - [08/Sep/2025:18:47:33 +0700] "GET /hiq/ HTTP/1.0" 200 203459 "-" "Mozilla/5.0 (compatible; SemrushBot-BA; +http://www.semrush.com/bot.html)"
20.171.207.118 - - [08/Sep/2025:18:47:42 +0700] "GET /navigating-friendships-with-different-time-zones-on-omegle/ HTTP/1.0" 200 90381 "-" "Mozilla/5.0 AppleWebKit/537.36 (KHTML, like Gecko; compatible; GPTBot/1.2; +https://openai.com/gptbot)"
85.208.98.20 - - [08/Sep/2025:18:47:59 +0700] "GET /is-normally-cbd-secure/ HTTP/1.0" 200 205326 "-" "Mozilla/5.0 (compatible; SemrushBot-BA; +http://www.semrush.com/bot.html)"
213.180.203.230 - - [08/Sep/2025:18:48:04 +0700] "GET /robots.txt HTTP/1.0" 200 984 "-" "Mozilla/5.0 (compatible; YandexBot/3.0; +http://yandex.com/bots)"
85.208.98.16 - - [08/Sep/2025:18:48:09 +0700] "GET /page-1844/ HTTP/1.0" 200 204045 "-" "Mozilla/5.0 (compatible; SemrushBot-BA; +http://www.semrush.com/bot.html)"
85.208.98.24 - - [08/Sep/2025:18:48:09 +0700] "GET /true-mail-buy-brides-discover-stunning-mail-order-sweetheart-online/ HTTP/1.0" 200 211457 "-" "Mozilla/5.0 (compatible; SemrushBot-BA; +http://www.semrush.com/bot.html)"
85.208.98.29 - - [08/Sep/2025:18:48:10 +0700] "GET /ways-to-get-a-sugar-daddy/ HTTP/1.0" 200 209308 "-" "Mozilla/5.0 (compatible; SemrushBot-BA; +http://www.semrush.com/bot.html)"
45.117.177.72 - - [08/Sep/2025:18:48:25 +0700] "POST /wp-cron.php?doing_wp_cron=1757332105.3603711128234863281250 HTTP/1.0" 200 416 "-" "WordPress/6.8.1; https://vattusacky.vn"
20.171.207.118 - - [08/Sep/2025:18:48:24 +0700] "GET /omegles-role-in-destigmatizing-online-dating-and-chat-platforms/ HTTP/1.0" 200 91913 "-" "Mozilla/5.0 AppleWebKit/537.36 (KHTML, like Gecko; compatible; GPTBot/1.2; +https://openai.com/gptbot)"
85.208.98.29 - - [08/Sep/2025:18:48:25 +0700] "GET /finding-an-afro-live-camshaft-girl/ HTTP/1.0" 200 207970 "-" "Mozilla/5.0 (compatible; SemrushBot-BA; +http://www.semrush.com/bot.html)"
85.208.98.20 - - [08/Sep/2025:18:48:25 +0700] "GET /igra-luckyjet-2023-kak-rabotaet-taktika-igry/ HTTP/1.0" 200 222475 "-" "Mozilla/5.0 (compatible; SemrushBot-BA; +http://www.semrush.com/bot.html)"
85.208.98.19 - - [08/Sep/2025:18:48:26 +0700] "GET /brazils-lula-uses-womens-day-time-to-tout-new-spending-plans/ HTTP/1.0" 200 224379 "-" "Mozilla/5.0 (compatible; SemrushBot-BA; +http://www.semrush.com/bot.html)"
85.208.98.20 - - [08/Sep/2025:18:48:35 +0700] "GET /sweet-bonanza-sweet-bonanza-oyna-bedava-sweet/ HTTP/1.0" 200 233345 "-" "Mozilla/5.0 (compatible; SemrushBot-BA; +http://www.semrush.com/bot.html)"
85.208.98.22 - - [08/Sep/2025:18:48:36 +0700] "GET /how-foreign-internet-dating-sites-can-help-you-fulfill-singles-all-over-the-world/ HTTP/1.0" 200 206284 "-" "Mozilla/5.0 (compatible; SemrushBot-BA; +http://www.semrush.com/bot.html)"
85.208.98.31 - - [08/Sep/2025:18:48:36 +0700] "GET /1win-casino-luchshie-onlajn-avtomaty-igrovye-demo/ HTTP/1.0" 200 224110 "-" "Mozilla/5.0 (compatible; SemrushBot-BA; +http://www.semrush.com/bot.html)"
20.171.207.118 - - [08/Sep/2025:18:48:49 +0700] "GET /?p=7227 HTTP/1.0" 301 515 "-" "Mozilla/5.0 AppleWebKit/537.36 (KHTML, like Gecko; compatible; GPTBot/1.2; +https://openai.com/gptbot)"
20.171.207.118 - - [08/Sep/2025:18:48:50 +0700] "GET /navigating-awkward-moments-on-omegle-tips-for-smooth-first-impressions/ HTTP/1.0" 200 91399 "-" "Mozilla/5.0 AppleWebKit/537.36 (KHTML, like Gecko; compatible; GPTBot/1.2; +https://openai.com/gptbot)"
20.171.207.118 - - [08/Sep/2025:18:49:13 +0700] "GET /?p=8359 HTTP/1.0" 301 514 "-" "Mozilla/5.0 AppleWebKit/537.36 (KHTML, like Gecko; compatible; GPTBot/1.2; +https://openai.com/gptbot)"
85.208.98.24 - - [08/Sep/2025:18:49:14 +0700] "GET /how-exactly-to-manage-a-long-lasting-commitment/ HTTP/1.0" 200 217055 "-" "Mozilla/5.0 (compatible; SemrushBot-BA; +http://www.semrush.com/bot.html)"
85.208.98.29 - - [08/Sep/2025:18:49:14 +0700] "GET /arranging-a-small-marriage-on-a-budget/ HTTP/1.0" 200 208382 "-" "Mozilla/5.0 (compatible; SemrushBot-BA; +http://www.semrush.com/bot.html)"
85.208.98.16 - - [08/Sep/2025:18:49:14 +0700] "GET /what-you-should-expect-in-a-europe-dating-web-page/ HTTP/1.0" 200 208731 "-" "Mozilla/5.0 (compatible; SemrushBot-BA; +http://www.semrush.com/bot.html)"
20.171.207.118 - - [08/Sep/2025:18:49:15 +0700] "GET /the-collaborative-potential-of-omegle-creating-art-and-music-together/ HTTP/1.0" 200 90853 "-" "Mozilla/5.0 AppleWebKit/537.36 (KHTML, like Gecko; compatible; GPTBot/1.2; +https://openai.com/gptbot)"
45.117.177.72 - - [08/Sep/2025:18:49:30 +0700] "POST /wp-cron.php?doing_wp_cron=1757332170.4856219291687011718750 HTTP/1.0" 200 416 "-" "WordPress/6.8.1; https://vattusacky.vn"
20.171.207.118 - - [08/Sep/2025:18:49:29 +0700] "GET /?p=7876 HTTP/1.0" 301 503 "-" "Mozilla/5.0 AppleWebKit/537.36 (KHTML, like Gecko; compatible; GPTBot/1.2; +https://openai.com/gptbot)"
20.171.207.118 - - [08/Sep/2025:18:49:33 +0700] "GET /omegles-influence-on-online-behavior-and-digital-etiquette/ HTTP/1.0" 200 89158 "-" "Mozilla/5.0 AppleWebKit/537.36 (KHTML, like Gecko; compatible; GPTBot/1.2; +https://openai.com/gptbot)"
85.208.98.20 - - [08/Sep/2025:18:49:36 +0700] "GET /important-features-of-deliver-order-birdes-to-be-websites/ HTTP/1.0" 200 206037 "-" "Mozilla/5.0 (compatible; SemrushBot-BA; +http://www.semrush.com/bot.html)"
85.208.98.31 - - [08/Sep/2025:18:49:36 +0700] "GET /how-to-write-an-essay/ HTTP/1.0" 200 207517 "-" "Mozilla/5.0 (compatible; SemrushBot-BA; +http://www.semrush.com/bot.html)"
85.208.98.19 - - [08/Sep/2025:18:49:36 +0700] "GET /sibata/ HTTP/1.0" 200 203544 "-" "Mozilla/5.0 (compatible; SemrushBot-BA; +http://www.semrush.com/bot.html)"
20.171.207.118 - - [08/Sep/2025:18:50:02 +0700] "GET /omegles-role-in-cross-cultural-exchange-and-understanding/ HTTP/1.0" 200 85129 "-" "Mozilla/5.0 AppleWebKit/537.36 (KHTML, like Gecko; compatible; GPTBot/1.2; +https://openai.com/gptbot)"
85.208.98.20 - - [08/Sep/2025:18:50:10 +0700] "GET /tips-on-how-to-meet-a-girl-from-a-unique-country/ HTTP/1.0" 200 208444 "-" "Mozilla/5.0 (compatible; SemrushBot-BA; +http://www.semrush.com/bot.html)"
85.208.98.19 - - [08/Sep/2025:18:50:10 +0700] "GET /refused-by-every-lady-tips-change-situations-arounda%C2%80%C2%A6/ HTTP/1.0" 200 211636 "-" "Mozilla/5.0 (compatible; SemrushBot-BA; +http://www.semrush.com/bot.html)"
85.208.98.31 - - [08/Sep/2025:18:50:10 +0700] "GET /online-casino-bonus-no-deposit-how-to-qualify-and-win/ HTTP/1.0" 200 208347 "-" "Mozilla/5.0 (compatible; SemrushBot-BA; +http://www.semrush.com/bot.html)"
45.117.177.72 - - [08/Sep/2025:18:50:31 +0700] "POST /wp-cron.php?doing_wp_cron=1757332231.6965889930725097656250 HTTP/1.0" 200 416 "-" "WordPress/6.8.1; https://vattusacky.vn"
20.171.207.118 - - [08/Sep/2025:18:50:30 +0700] "GET /strategies-for-dealing-with-creepy-or-inappropriate-behavior-on-omegle/ HTTP/1.0" 200 87620 "-" "Mozilla/5.0 AppleWebKit/537.36 (KHTML, like Gecko; compatible; GPTBot/1.2; +https://openai.com/gptbot)"
85.208.98.19 - - [08/Sep/2025:18:50:38 +0700] "GET /best-bollinger-bands-settings/ HTTP/1.0" 200 214300 "-" "Mozilla/5.0 (compatible; SemrushBot-BA; +http://www.semrush.com/bot.html)"
85.208.98.20 - - [08/Sep/2025:18:50:38 +0700] "GET /4893-2/ HTTP/1.0" 200 206817 "-" "Mozilla/5.0 (compatible; SemrushBot-BA; +http://www.semrush.com/bot.html)"
85.208.98.29 - - [08/Sep/2025:18:50:39 +0700] "GET /2756-2/ HTTP/1.0" 200 206449 "-" "Mozilla/5.0 (compatible; SemrushBot-BA; +http://www.semrush.com/bot.html)"
85.208.96.195 - - [08/Sep/2025:18:51:04 +0700] "GET /how-to-get-fabulous-betwinner-fast-games-on-a-tight-budget/ HTTP/1.0" 200 99669 "-" "Mozilla/5.0 (compatible; SemrushBot/7~bl; +http://www.semrush.com/bot.html)"
185.191.171.11 - - [08/Sep/2025:18:51:14 +0700] "GET /polnyy-gayd-po-pinap-registratsiya-igry-kak-ispolzovat-mobilnye-prilozheniya-i-popast-na-sayt-cherez-zerkalo/ HTTP/1.0" 200 111391 "-" "Mozilla/5.0 (compatible; SemrushBot/7~bl; +http://www.semrush.com/bot.html)"
45.117.177.72 - - [08/Sep/2025:18:51:30 +0700] "POST /wp-cron.php?doing_wp_cron=1757332289.9493188858032226562500 HTTP/1.0" 200 416 "-" "WordPress/6.8.1; https://vattusacky.vn"
20.171.207.118 - - [08/Sep/2025:18:51:28 +0700] "GET /virtual-discoveries-exciting-adventures-on-omegle-and-ometv/ HTTP/1.0" 200 91705 "-" "Mozilla/5.0 AppleWebKit/537.36 (KHTML, like Gecko; compatible; GPTBot/1.2; +https://openai.com/gptbot)"
216.73.216.162 - - [08/Sep/2025:18:51:40 +0700] "GET /?p=3470 HTTP/1.0" 301 653 "-" "Mozilla/5.0 AppleWebKit/537.36 (KHTML, like Gecko; compatible; ClaudeBot/1.0; +claudebot@anthropic.com)"
216.73.216.162 - - [08/Sep/2025:18:51:42 +0700] "GET /comprehending-the-relationship-among-culture-and-relationships/ HTTP/1.0" 200 208950 "https://vattusacky.vn/?p=3470" "Mozilla/5.0 AppleWebKit/537.36 (KHTML, like Gecko; compatible; ClaudeBot/1.0; +claudebot@anthropic.com)"
20.171.207.118 - - [08/Sep/2025:18:52:05 +0700] "GET /breaking-barriers-omegles-influence-on-inclusivity-in-art/ HTTP/1.0" 200 90852 "-" "Mozilla/5.0 AppleWebKit/537.36 (KHTML, like Gecko; compatible; GPTBot/1.2; +https://openai.com/gptbot)"
45.117.177.72 - - [08/Sep/2025:18:52:31 +0700] "POST /wp-cron.php?doing_wp_cron=1757332351.4484601020812988281250 HTTP/1.0" 200 416 "-" "WordPress/6.8.1; https://vattusacky.vn"
20.171.207.118 - - [08/Sep/2025:18:52:29 +0700] "GET /omegle-and-the-potential-for-building-lifelong-friendships/ HTTP/1.0" 200 90220 "-" "Mozilla/5.0 AppleWebKit/537.36 (KHTML, like Gecko; compatible; GPTBot/1.2; +https://openai.com/gptbot)"
20.171.207.118 - - [08/Sep/2025:18:52:56 +0700] "GET /harnessing-the-power-of-serendipity-on-omegles-cosmic-connections/ HTTP/1.0" 200 89708 "-" "Mozilla/5.0 AppleWebKit/537.36 (KHTML, like Gecko; compatible; GPTBot/1.2; +https://openai.com/gptbot)"
45.117.177.72 - - [08/Sep/2025:18:53:17 +0700] "POST /wp-cron.php?doing_wp_cron=1757332397.1681768894195556640625 HTTP/1.0" 200 416 "-" "WordPress/6.8.1; https://vattusacky.vn"
20.171.207.118 - - [08/Sep/2025:18:53:15 +0700] "GET /?p=7237 HTTP/1.0" 301 503 "-" "Mozilla/5.0 AppleWebKit/537.36 (KHTML, like Gecko; compatible; GPTBot/1.2; +https://openai.com/gptbot)"
20.171.207.118 - - [08/Sep/2025:18:53:17 +0700] "GET /navigating-friendships-with-different-time-zones-on-omegle/ HTTP/1.0" 200 90381 "-" "Mozilla/5.0 AppleWebKit/537.36 (KHTML, like Gecko; compatible; GPTBot/1.2; +https://openai.com/gptbot)"
45.61.187.44 - - [08/Sep/2025:18:53:25 +0700] "GET /wp-login.php HTTP/1.0" 200 11388 "-" "Mozilla/5.0 (X11; Linux x86_64) AppleWebKit/537.36 (KHTML, like Gecko) Chrome/35.0.1916.153 Safari/537.36"
20.171.207.118 - - [08/Sep/2025:18:53:39 +0700] "GET /unveiling-omegle-artistry-a-look-into-the-collaborative-process/ HTTP/1.0" 200 93004 "-" "Mozilla/5.0 AppleWebKit/537.36 (KHTML, like Gecko; compatible; GPTBot/1.2; +https://openai.com/gptbot)"
