20.171.207.254 - - [08/Sep/2025:08:23:56 +0700] "GET /a-users-guide-to-omegle-vs-ometv/ HTTP/1.0" 200 88681 "-" "Mozilla/5.0 AppleWebKit/537.36 (KHTML, like Gecko; compatible; GPTBot/1.2; +https://openai.com/gptbot)"
45.117.177.72 - - [08/Sep/2025:08:24:51 +0700] "POST /wp-cron.php?doing_wp_cron=1757294691.6491999626159667968750 HTTP/1.0" 200 416 "-" "WordPress/6.8.1; https://vattusacky.vn"
20.171.207.254 - - [08/Sep/2025:08:24:50 +0700] "GET /?p=4601 HTTP/1.0" 301 412 "-" "Mozilla/5.0 AppleWebKit/537.36 (KHTML, like Gecko; compatible; GPTBot/1.2; +https://openai.com/gptbot)"
20.171.207.254 - - [08/Sep/2025:08:24:52 +0700] "GET /killer-sudoku/ HTTP/1.0" 200 204023 "-" "Mozilla/5.0 AppleWebKit/537.36 (KHTML, like Gecko; compatible; GPTBot/1.2; +https://openai.com/gptbot)"
45.117.177.72 - - [08/Sep/2025:08:25:23 +0700] "POST /wp-cron.php?doing_wp_cron=1757294723.2242119312286376953125 HTTP/1.0" 200 416 "-" "WordPress/6.8.1; https://vattusacky.vn"
20.171.207.254 - - [08/Sep/2025:08:25:21 +0700] "GET /?p=4792 HTTP/1.0" 301 472 "-" "Mozilla/5.0 AppleWebKit/537.36 (KHTML, like Gecko; compatible; GPTBot/1.2; +https://openai.com/gptbot)"
20.171.207.254 - - [08/Sep/2025:08:25:23 +0700] "GET /database-management-systems/ HTTP/1.0" 200 205101 "-" "Mozilla/5.0 AppleWebKit/537.36 (KHTML, like Gecko; compatible; GPTBot/1.2; +https://openai.com/gptbot)"
20.171.207.254 - - [08/Sep/2025:08:25:53 +0700] "GET /?p=4362 HTTP/1.0" 301 550 "-" "Mozilla/5.0 AppleWebKit/537.36 (KHTML, like Gecko; compatible; GPTBot/1.2; +https://openai.com/gptbot)"
20.171.207.254 - - [08/Sep/2025:08:25:55 +0700] "GET /the-right-way-to-get-a-email-order-star-of-the-event-in-9-steps-get-a-bride-designed-for-joyful-existence/ HTTP/1.0" 200 212028 "-" "Mozilla/5.0 AppleWebKit/537.36 (KHTML, like Gecko; compatible; GPTBot/1.2; +https://openai.com/gptbot)"
45.117.177.72 - - [08/Sep/2025:08:26:36 +0700] "POST /wp-cron.php?doing_wp_cron=1757294796.5690619945526123046875 HTTP/1.0" 200 416 "-" "WordPress/6.8.1; https://vattusacky.vn"
20.171.207.254 - - [08/Sep/2025:08:26:35 +0700] "GET /?p=5274 HTTP/1.0" 301 637 "-" "Mozilla/5.0 AppleWebKit/537.36 (KHTML, like Gecko; compatible; GPTBot/1.2; +https://openai.com/gptbot)"
20.171.207.254 - - [08/Sep/2025:08:26:37 +0700] "GET /arrange-a-1xbet-fashionable-software-with-no-8/ HTTP/1.0" 200 102406 "-" "Mozilla/5.0 AppleWebKit/537.36 (KHTML, like Gecko; compatible; GPTBot/1.2; +https://openai.com/gptbot)"
20.171.207.254 - - [08/Sep/2025:08:26:56 +0700] "GET /?p=4270 HTTP/1.0" 301 496 "-" "Mozilla/5.0 AppleWebKit/537.36 (KHTML, like Gecko; compatible; GPTBot/1.2; +https://openai.com/gptbot)"
20.171.207.254 - - [08/Sep/2025:08:26:57 +0700] "GET /pin-ap-casino-sloty-i-igrovye-avtomaty-s-bonusami-2/ HTTP/1.0" 200 222860 "-" "Mozilla/5.0 AppleWebKit/537.36 (KHTML, like Gecko; compatible; GPTBot/1.2; +https://openai.com/gptbot)"
45.117.177.72 - - [08/Sep/2025:08:27:24 +0700] "POST /wp-cron.php?doing_wp_cron=1757294844.5245320796966552734375 HTTP/1.0" 200 416 "-" "WordPress/6.8.1; https://vattusacky.vn"
20.171.207.254 - - [08/Sep/2025:08:27:23 +0700] "GET /?p=7549 HTTP/1.0" 301 523 "-" "Mozilla/5.0 AppleWebKit/537.36 (KHTML, like Gecko; compatible; GPTBot/1.2; +https://openai.com/gptbot)"
20.171.207.254 - - [08/Sep/2025:08:27:24 +0700] "GET /omegle-and-virtual-tourism-exploring-new-destinations-from-the-comfort-of-home/ HTTP/1.0" 200 91750 "-" "Mozilla/5.0 AppleWebKit/537.36 (KHTML, like Gecko; compatible; GPTBot/1.2; +https://openai.com/gptbot)"
17.241.75.192 - - [08/Sep/2025:08:27:47 +0700] "GET /exploring-the-chat-moderation-process-on-omegle/ HTTP/1.0" 200 90131 "-" "Mozilla/5.0 (Macintosh; Intel Mac OS X 10_15_7) AppleWebKit/605.1.15 (KHTML, like Gecko) Version/17.4 Safari/605.1.15 (Applebot/0.1; +http://www.apple.com/go/applebot)"
20.171.207.254 - - [08/Sep/2025:08:27:49 +0700] "GET /?p=5712 HTTP/1.0" 301 488 "-" "Mozilla/5.0 AppleWebKit/537.36 (KHTML, like Gecko; compatible; GPTBot/1.2; +https://openai.com/gptbot)"
20.171.207.254 - - [08/Sep/2025:08:27:51 +0700] "GET /melbet-app-obtain-for-android-apk-ios-in-55/ HTTP/1.0" 200 95206 "-" "Mozilla/5.0 AppleWebKit/537.36 (KHTML, like Gecko; compatible; GPTBot/1.2; +https://openai.com/gptbot)"
45.117.177.72 - - [08/Sep/2025:08:28:21 +0700] "POST /wp-cron.php?doing_wp_cron=1757294901.6856629848480224609375 HTTP/1.0" 200 416 "-" "WordPress/6.8.1; https://vattusacky.vn"
20.171.207.254 - - [08/Sep/2025:08:28:20 +0700] "GET /?p=10676 HTTP/1.0" 301 492 "-" "Mozilla/5.0 AppleWebKit/537.36 (KHTML, like Gecko; compatible; GPTBot/1.2; +https://openai.com/gptbot)"
20.171.207.254 - - [08/Sep/2025:08:28:22 +0700] "GET /1xbet-app-download-apk-for-android-ios-home-145/ HTTP/1.0" 200 97120 "-" "Mozilla/5.0 AppleWebKit/537.36 (KHTML, like Gecko; compatible; GPTBot/1.2; +https://openai.com/gptbot)"
20.171.207.254 - - [08/Sep/2025:08:28:56 +0700] "GET /?p=3197 HTTP/1.0" 301 490 "-" "Mozilla/5.0 AppleWebKit/537.36 (KHTML, like Gecko; compatible; GPTBot/1.2; +https://openai.com/gptbot)"
20.171.207.254 - - [08/Sep/2025:08:28:58 +0700] "GET /best-vpn-designed-for-android-with-free-trial/ HTTP/1.0" 200 204463 "-" "Mozilla/5.0 AppleWebKit/537.36 (KHTML, like Gecko; compatible; GPTBot/1.2; +https://openai.com/gptbot)"
45.117.177.72 - - [08/Sep/2025:08:29:18 +0700] "POST /wp-cron.php?doing_wp_cron=1757294957.9946730136871337890625 HTTP/1.0" 200 416 "-" "WordPress/6.8.1; https://vattusacky.vn"
20.171.207.254 - - [08/Sep/2025:08:29:16 +0700] "GET /?p=6471 HTTP/1.0" 301 507 "-" "Mozilla/5.0 AppleWebKit/537.36 (KHTML, like Gecko; compatible; GPTBot/1.2; +https://openai.com/gptbot)"
20.171.207.254 - - [08/Sep/2025:08:29:18 +0700] "GET /delving-into-diversity-a-comparative-study-of-omegle-and-ometv/ HTTP/1.0" 200 91816 "-" "Mozilla/5.0 AppleWebKit/537.36 (KHTML, like Gecko; compatible; GPTBot/1.2; +https://openai.com/gptbot)"
66.249.70.192 - - [08/Sep/2025:08:30:03 +0700] "GET /post-sitemap2.xml HTTP/1.0" 500 3278 "-" "Mozilla/5.0 (compatible; Googlebot/2.1; +http://www.google.com/bot.html)"
45.117.177.72 - - [08/Sep/2025:08:30:24 +0700] "POST /wp-cron.php?doing_wp_cron=1757295024.2927839756011962890625 HTTP/1.0" 200 416 "-" "WordPress/6.8.1; https://vattusacky.vn"
20.171.207.254 - - [08/Sep/2025:08:30:23 +0700] "GET /?p=3892 HTTP/1.0" 301 479 "-" "Mozilla/5.0 AppleWebKit/537.36 (KHTML, like Gecko; compatible; GPTBot/1.2; +https://openai.com/gptbot)"
20.171.207.254 - - [08/Sep/2025:08:30:25 +0700] "GET /one-women-with-respect-to-marriage/ HTTP/1.0" 200 205175 "-" "Mozilla/5.0 AppleWebKit/537.36 (KHTML, like Gecko; compatible; GPTBot/1.2; +https://openai.com/gptbot)"
20.171.207.254 - - [08/Sep/2025:08:30:38 +0700] "GET /?p=6230 HTTP/1.0" 301 504 "-" "Mozilla/5.0 AppleWebKit/537.36 (KHTML, like Gecko; compatible; GPTBot/1.2; +https://openai.com/gptbot)"
20.171.207.254 - - [08/Sep/2025:08:30:40 +0700] "GET /breaking-down-barriers-omegles-role-in-connecting-strangers/ HTTP/1.0" 200 91835 "-" "Mozilla/5.0 AppleWebKit/537.36 (KHTML, like Gecko; compatible; GPTBot/1.2; +https://openai.com/gptbot)"
45.117.177.72 - - [08/Sep/2025:08:31:22 +0700] "POST /wp-cron.php?doing_wp_cron=1757295082.5308380126953125000000 HTTP/1.0" 200 416 "-" "WordPress/6.8.1; https://vattusacky.vn"
66.249.70.192 - - [08/Sep/2025:08:31:21 +0700] "GET /post-sitemap2.xml HTTP/1.0" 500 3278 "-" "Mozilla/5.0 (compatible; Googlebot/2.1; +http://www.google.com/bot.html)"
20.191.45.212 - - [08/Sep/2025:08:31:41 +0700] "GET / HTTP/1.0" 200 60070 "https://vattusacky.vn/" "DuckDuckBot/1.1; (+http://duckduckgo.com/duckduckbot.html)"
20.191.45.212 - - [08/Sep/2025:08:31:43 +0700] "GET /wp-content/uploads/2016/09/cropped-logo-vietnguyen2-32x32.png HTTP/1.0" 200 437 "https://vattusacky.vn/wp-content/uploads/2016/09/cropped-logo-vietnguyen2-32x32.png" "DuckDuckBot/1.1; (+http://duckduckgo.com/duckduckbot.html)"
20.191.45.212 - - [08/Sep/2025:08:31:43 +0700] "GET /wp-content/uploads/2016/09/cropped-logo-vietnguyen2-32x32.png HTTP/1.1" 200 1993 "https://vattusacky.vn/wp-content/uploads/2016/09/cropped-logo-vietnguyen2-32x32.png" "DuckDuckBot/1.1; (+http://duckduckgo.com/duckduckbot.html)"
20.171.207.254 - - [08/Sep/2025:08:31:53 +0700] "GET /?p=4523 HTTP/1.0" 301 637 "-" "Mozilla/5.0 AppleWebKit/537.36 (KHTML, like Gecko; compatible; GPTBot/1.2; +https://openai.com/gptbot)"
20.171.207.254 - - [08/Sep/2025:08:31:54 +0700] "GET /jogar-cassino-online-bonus-para-cassino-online/ HTTP/1.0" 200 212755 "-" "Mozilla/5.0 AppleWebKit/537.36 (KHTML, like Gecko; compatible; GPTBot/1.2; +https://openai.com/gptbot)"
45.117.177.72 - - [08/Sep/2025:08:32:34 +0700] "POST /wp-cron.php?doing_wp_cron=1757295153.8786399364471435546875 HTTP/1.0" 200 416 "-" "WordPress/6.8.1; https://vattusacky.vn"
66.249.70.193 - - [08/Sep/2025:08:32:32 +0700] "GET /post-sitemap2.xml HTTP/1.0" 500 3278 "-" "Mozilla/5.0 (compatible; Googlebot/2.1; +http://www.google.com/bot.html)"
20.171.207.254 - - [08/Sep/2025:08:32:40 +0700] "GET /?p=2801 HTTP/1.0" 301 454 "-" "Mozilla/5.0 AppleWebKit/537.36 (KHTML, like Gecko; compatible; GPTBot/1.2; +https://openai.com/gptbot)"
20.171.207.254 - - [08/Sep/2025:08:32:42 +0700] "GET /page-1727/ HTTP/1.0" 200 206931 "-" "Mozilla/5.0 AppleWebKit/537.36 (KHTML, like Gecko; compatible; GPTBot/1.2; +https://openai.com/gptbot)"
85.208.96.210 - - [08/Sep/2025:08:33:33 +0700] "GET /1xbet-azerbaycan1xbet-az-merc-sayti-en-yaxsi-bukmeker-1xbet-azerbaycan-merc-oyunlari-1xbet-az-azerbaycan-merc-saytlari-741/ HTTP/1.0" 200 87389 "-" "Mozilla/5.0 (compatible; SemrushBot/7~bl; +http://www.semrush.com/bot.html)"
20.171.207.254 - - [08/Sep/2025:08:33:28 +0700] "GET /?p=6095 HTTP/1.0" 301 498 "-" "Mozilla/5.0 AppleWebKit/537.36 (KHTML, like Gecko; compatible; GPTBot/1.2; +https://openai.com/gptbot)"
20.171.207.254 - - [08/Sep/2025:08:33:35 +0700] "GET /a-glimpse-into-omegles-future-redefining-random-chats/ HTTP/1.0" 200 91018 "-" "Mozilla/5.0 AppleWebKit/537.36 (KHTML, like Gecko; compatible; GPTBot/1.2; +https://openai.com/gptbot)"
66.249.70.193 - - [08/Sep/2025:08:33:43 +0700] "GET /post-sitemap2.xml HTTP/1.0" 200 158032 "-" "Mozilla/5.0 (compatible; Googlebot/2.1; +http://www.google.com/bot.html)"
20.171.207.254 - - [08/Sep/2025:08:33:50 +0700] "GET /?p=2469 HTTP/1.0" 301 470 "-" "Mozilla/5.0 AppleWebKit/537.36 (KHTML, like Gecko; compatible; GPTBot/1.2; +https://openai.com/gptbot)"
20.171.207.254 - - [08/Sep/2025:08:33:51 +0700] "GET /why-do-people-get-married/ HTTP/1.0" 200 206131 "-" "Mozilla/5.0 AppleWebKit/537.36 (KHTML, like Gecko; compatible; GPTBot/1.2; +https://openai.com/gptbot)"
20.171.207.254 - - [08/Sep/2025:08:34:26 +0700] "GET /?p=6315 HTTP/1.0" 301 517 "-" "Mozilla/5.0 AppleWebKit/537.36 (KHTML, like Gecko; compatible; GPTBot/1.2; +https://openai.com/gptbot)"
20.171.207.254 - - [08/Sep/2025:08:34:28 +0700] "GET /case-studies-real-life-experiences-with-cybertherapy-on-omegle-and-ometv/ HTTP/1.0" 200 89640 "-" "Mozilla/5.0 AppleWebKit/537.36 (KHTML, like Gecko; compatible; GPTBot/1.2; +https://openai.com/gptbot)"
45.117.177.72 - - [08/Sep/2025:08:34:43 +0700] "POST /wp-cron.php?doing_wp_cron=1757295283.4192340373992919921875 HTTP/1.0" 200 416 "-" "WordPress/6.8.1; https://vattusacky.vn"
17.241.227.239 - - [08/Sep/2025:08:34:42 +0700] "GET /robots.txt HTTP/1.0" 200 984 "-" "Mozilla/5.0 (Macintosh; Intel Mac OS X 10_15_7) AppleWebKit/605.1.15 (KHTML, like Gecko) Version/17.4 Safari/605.1.15 (Applebot/0.1; +http://www.apple.com/go/applebot)"
17.241.227.239 - - [08/Sep/2025:08:34:44 +0700] "GET /omegle-and-ometv-providing-solace-and-support-in-times-of-isolation/ HTTP/1.0" 200 91997 "-" "Mozilla/5.0 (Macintosh; Intel Mac OS X 10_15_7) AppleWebKit/605.1.15 (KHTML, like Gecko) Version/17.4 Safari/605.1.15 (Applebot/0.1; +http://www.apple.com/go/applebot)"
20.171.207.254 - - [08/Sep/2025:08:34:53 +0700] "GET /?p=2750 HTTP/1.0" 301 448 "-" "Mozilla/5.0 AppleWebKit/537.36 (KHTML, like Gecko; compatible; GPTBot/1.2; +https://openai.com/gptbot)"
20.171.207.254 - - [08/Sep/2025:08:34:54 +0700] "GET /receive-an-essay-next-day-tips-for-better-results/ HTTP/1.0" 200 205700 "-" "Mozilla/5.0 AppleWebKit/537.36 (KHTML, like Gecko; compatible; GPTBot/1.2; +https://openai.com/gptbot)"
20.171.207.254 - - [08/Sep/2025:08:35:03 +0700] "GET /?p=5706 HTTP/1.0" 301 421 "-" "Mozilla/5.0 AppleWebKit/537.36 (KHTML, like Gecko; compatible; GPTBot/1.2; +https://openai.com/gptbot)"
45.117.177.72 - - [08/Sep/2025:08:35:19 +0700] "POST /wp-cron.php?doing_wp_cron=1757295318.9300549030303955078125 HTTP/1.0" 200 416 "-" "WordPress/6.8.1; https://vattusacky.vn"
20.171.207.254 - - [08/Sep/2025:08:35:17 +0700] "GET /all-about-casino-slots/ HTTP/1.0" 200 73048 "-" "Mozilla/5.0 AppleWebKit/537.36 (KHTML, like Gecko; compatible; GPTBot/1.2; +https://openai.com/gptbot)"
185.191.171.7 - - [08/Sep/2025:08:35:46 +0700] "GET /truc-tuyen-nhanh-chong-https-vaysite-com-app-vay-tien-cash24-app-chuyen-tiep-lua-chon-nhanh/ HTTP/1.0" 200 211280 "-" "Mozilla/5.0 (compatible; SemrushBot/7~bl; +http://www.semrush.com/bot.html)"
20.191.45.212 - - [08/Sep/2025:08:35:50 +0700] "GET / HTTP/1.0" 200 60070 "https://vattusacky.vn/" "DuckDuckBot/1.1; (+http://duckduckgo.com/duckduckbot.html)"
20.191.45.212 - - [08/Sep/2025:08:35:52 +0700] "GET /wp-content/uploads/2016/09/cropped-logo-vietnguyen2-32x32.png HTTP/1.0" 200 437 "https://vattusacky.vn/wp-content/uploads/2016/09/cropped-logo-vietnguyen2-32x32.png" "DuckDuckBot/1.1; (+http://duckduckgo.com/duckduckbot.html)"
20.171.207.254 - - [08/Sep/2025:08:35:51 +0700] "GET /?p=2175 HTTP/1.0" 301 480 "-" "Mozilla/5.0 AppleWebKit/537.36 (KHTML, like Gecko; compatible; GPTBot/1.2; +https://openai.com/gptbot)"
20.191.45.212 - - [08/Sep/2025:08:35:52 +0700] "GET /wp-content/uploads/2016/09/cropped-logo-vietnguyen2-32x32.png HTTP/1.1" 200 1993 "https://vattusacky.vn/wp-content/uploads/2016/09/cropped-logo-vietnguyen2-32x32.png" "DuckDuckBot/1.1; (+http://duckduckgo.com/duckduckbot.html)"
20.171.207.254 - - [08/Sep/2025:08:35:53 +0700] "GET /linking-a-soundbar-top-a-tcl-tv-set/ HTTP/1.0" 200 206255 "-" "Mozilla/5.0 AppleWebKit/537.36 (KHTML, like Gecko; compatible; GPTBot/1.2; +https://openai.com/gptbot)"
45.117.177.72 - - [08/Sep/2025:08:36:52 +0700] "POST /wp-cron.php?doing_wp_cron=1757295411.8962519168853759765625 HTTP/1.0" 200 416 "-" "WordPress/6.8.1; https://vattusacky.vn"
20.171.207.254 - - [08/Sep/2025:08:36:50 +0700] "GET /?p=4027 HTTP/1.0" 301 481 "-" "Mozilla/5.0 AppleWebKit/537.36 (KHTML, like Gecko; compatible; GPTBot/1.2; +https://openai.com/gptbot)"
20.171.207.254 - - [08/Sep/2025:08:36:52 +0700] "GET /whats-right-about-top-crypto-casinos/ HTTP/1.0" 200 230956 "-" "Mozilla/5.0 AppleWebKit/537.36 (KHTML, like Gecko; compatible; GPTBot/1.2; +https://openai.com/gptbot)"
45.117.177.72 - - [08/Sep/2025:08:37:34 +0700] "POST /wp-cron.php?doing_wp_cron=1757295454.4347949028015136718750 HTTP/1.0" 200 416 "-" "WordPress/6.8.1; https://vattusacky.vn"
20.171.207.254 - - [08/Sep/2025:08:37:33 +0700] "GET /?p=4358 HTTP/1.0" 301 637 "-" "Mozilla/5.0 AppleWebKit/537.36 (KHTML, like Gecko; compatible; GPTBot/1.2; +https://openai.com/gptbot)"
20.171.207.254 - - [08/Sep/2025:08:37:34 +0700] "GET /obzor-aviator-igra-2023-igrat-na-realnye-dengi/ HTTP/1.0" 200 247861 "-" "Mozilla/5.0 AppleWebKit/537.36 (KHTML, like Gecko; compatible; GPTBot/1.2; +https://openai.com/gptbot)"
20.171.207.254 - - [08/Sep/2025:08:38:02 +0700] "GET /?p=3468 HTTP/1.0" 301 487 "-" "Mozilla/5.0 AppleWebKit/537.36 (KHTML, like Gecko; compatible; GPTBot/1.2; +https://openai.com/gptbot)"
20.171.207.254 - - [08/Sep/2025:08:38:04 +0700] "GET /planning-a-small-wedding-party-on-a-budget/ HTTP/1.0" 200 208247 "-" "Mozilla/5.0 AppleWebKit/537.36 (KHTML, like Gecko; compatible; GPTBot/1.2; +https://openai.com/gptbot)"
45.117.177.72 - - [08/Sep/2025:08:38:19 +0700] "POST /wp-cron.php?doing_wp_cron=1757295499.1856300830841064453125 HTTP/1.0" 200 416 "-" "WordPress/6.8.1; https://vattusacky.vn"
87.250.224.86 - - [08/Sep/2025:08:38:17 +0700] "GET /danh-muc/moi-truong-nuoc/phan-tich-asen-hien-truong/ HTTP/1.0" 200 68631 "-" "Mozilla/5.0 (compatible; YandexBot/3.0; +http://yandex.com/bots)"
20.171.207.254 - - [08/Sep/2025:08:38:30 +0700] "GET /?p=2634 HTTP/1.0" 301 502 "-" "Mozilla/5.0 AppleWebKit/537.36 (KHTML, like Gecko; compatible; GPTBot/1.2; +https://openai.com/gptbot)"
20.171.207.254 - - [08/Sep/2025:08:38:32 +0700] "GET /du-doan-dieu-gi-tu-tien-vay-500k-trinh-500-nghin-truoc-do/ HTTP/1.0" 200 212811 "-" "Mozilla/5.0 AppleWebKit/537.36 (KHTML, like Gecko; compatible; GPTBot/1.2; +https://openai.com/gptbot)"
20.171.207.254 - - [08/Sep/2025:08:38:54 +0700] "GET /?p=5128 HTTP/1.0" 301 513 "-" "Mozilla/5.0 AppleWebKit/537.36 (KHTML, like Gecko; compatible; GPTBot/1.2; +https://openai.com/gptbot)"
20.171.207.254 - - [08/Sep/2025:08:39:00 +0700] "GET /amourfeel-critiques-read-customer-service-critiques-of-amourfeel-com/ HTTP/1.0" 200 76497 "-" "Mozilla/5.0 AppleWebKit/537.36 (KHTML, like Gecko; compatible; GPTBot/1.2; +https://openai.com/gptbot)"
45.117.177.72 - - [08/Sep/2025:08:39:25 +0700] "POST /wp-cron.php?doing_wp_cron=1757295565.3149330615997314453125 HTTP/1.0" 200 416 "-" "WordPress/6.8.1; https://vattusacky.vn"
20.171.207.254 - - [08/Sep/2025:08:39:24 +0700] "GET /?p=3615 HTTP/1.0" 301 493 "-" "Mozilla/5.0 AppleWebKit/537.36 (KHTML, like Gecko; compatible; GPTBot/1.2; +https://openai.com/gptbot)"
20.171.207.254 - - [08/Sep/2025:08:39:25 +0700] "GET /como-solicitar-un-credito-al-consumo-paso-a-paso/ HTTP/1.0" 200 376077 "-" "Mozilla/5.0 AppleWebKit/537.36 (KHTML, like Gecko; compatible; GPTBot/1.2; +https://openai.com/gptbot)"
20.171.207.254 - - [08/Sep/2025:08:39:50 +0700] "GET /?p=3960 HTTP/1.0" 301 485 "-" "Mozilla/5.0 AppleWebKit/537.36 (KHTML, like Gecko; compatible; GPTBot/1.2; +https://openai.com/gptbot)"
20.171.207.254 - - [08/Sep/2025:08:39:52 +0700] "GET /study-tips-for-computer-science-students/ HTTP/1.0" 200 208848 "-" "Mozilla/5.0 AppleWebKit/537.36 (KHTML, like Gecko; compatible; GPTBot/1.2; +https://openai.com/gptbot)"
15.235.96.89 - - [08/Sep/2025:08:40:02 +0700] "GET /sitemap_index.xml HTTP/1.0" 200 2426 "-" "Mozilla/5.0 (compatible; AhrefsBot/7.0; +http://ahrefs.com/robot/)"
142.44.225.32 - - [08/Sep/2025:08:40:06 +0700] "GET /post-sitemap.xml HTTP/1.0" 500 3278 "-" "Mozilla/5.0 (compatible; AhrefsBot/7.0; +http://ahrefs.com/robot/)"
45.117.177.72 - - [08/Sep/2025:08:40:17 +0700] "POST /wp-cron.php?doing_wp_cron=1757295617.4441559314727783203125 HTTP/1.0" 200 416 "-" "WordPress/6.8.1; https://vattusacky.vn"
20.171.207.254 - - [08/Sep/2025:08:40:16 +0700] "GET /?p=2781 HTTP/1.0" 301 467 "-" "Mozilla/5.0 AppleWebKit/537.36 (KHTML, like Gecko; compatible; GPTBot/1.2; +https://openai.com/gptbot)"
20.171.207.254 - - [08/Sep/2025:08:40:17 +0700] "GET /business-nys-sales-tax/ HTTP/1.0" 200 385246 "-" "Mozilla/5.0 AppleWebKit/537.36 (KHTML, like Gecko; compatible; GPTBot/1.2; +https://openai.com/gptbot)"
51.161.37.70 - - [08/Sep/2025:08:40:14 +0700] "GET /post-sitemap2.xml HTTP/1.0" 200 158032 "-" "Mozilla/5.0 (compatible; AhrefsBot/7.0; +http://ahrefs.com/robot/)"
167.114.139.162 - - [08/Sep/2025:08:40:22 +0700] "GET /post-sitemap3.xml HTTP/1.0" 200 155802 "-" "Mozilla/5.0 (compatible; AhrefsBot/7.0; +http://ahrefs.com/robot/)"
148.113.128.252 - - [08/Sep/2025:08:40:27 +0700] "GET /post-sitemap4.xml HTTP/1.0" 200 157863 "-" "Mozilla/5.0 (compatible; AhrefsBot/7.0; +http://ahrefs.com/robot/)"
54.39.203.35 - - [08/Sep/2025:08:40:32 +0700] "GET /post-sitemap5.xml HTTP/1.0" 200 159938 "-" "Mozilla/5.0 (compatible; AhrefsBot/7.0; +http://ahrefs.com/robot/)"
142.44.233.66 - - [08/Sep/2025:08:40:37 +0700] "GET /post-sitemap6.xml HTTP/1.0" 200 42210 "-" "Mozilla/5.0 (compatible; AhrefsBot/7.0; +http://ahrefs.com/robot/)"
20.171.207.254 - - [08/Sep/2025:08:40:38 +0700] "GET /?p=6097 HTTP/1.0" 301 504 "-" "Mozilla/5.0 AppleWebKit/537.36 (KHTML, like Gecko; compatible; GPTBot/1.2; +https://openai.com/gptbot)"
85.208.96.198 - - [08/Sep/2025:08:40:39 +0700] "GET /author/yanz/page/112/ HTTP/1.0" 200 77513 "-" "Mozilla/5.0 (compatible; SemrushBot/7~bl; +http://www.semrush.com/bot.html)"
20.171.207.254 - - [08/Sep/2025:08:40:40 +0700] "GET /a-laughter-riot-the-funniest-encounters-on-omegle-and-ometv/ HTTP/1.0" 200 87866 "-" "Mozilla/5.0 AppleWebKit/537.36 (KHTML, like Gecko; compatible; GPTBot/1.2; +https://openai.com/gptbot)"
54.39.89.205 - - [08/Sep/2025:08:40:41 +0700] "GET /page-sitemap.xml HTTP/1.0" 200 1873 "-" "Mozilla/5.0 (compatible; AhrefsBot/7.0; +http://ahrefs.com/robot/)"
15.235.27.160 - - [08/Sep/2025:08:40:44 +0700] "GET /attachment-sitemap.xml HTTP/1.0" 200 72345 "-" "Mozilla/5.0 (compatible; AhrefsBot/7.0; +http://ahrefs.com/robot/)"
142.44.225.79 - - [08/Sep/2025:08:40:54 +0700] "GET /product-sitemap.xml HTTP/1.0" 200 51048 "-" "Mozilla/5.0 (compatible; AhrefsBot/7.0; +http://ahrefs.com/robot/)"
20.171.207.254 - - [08/Sep/2025:08:40:59 +0700] "GET /?p=4370 HTTP/1.0" 301 489 "-" "Mozilla/5.0 AppleWebKit/537.36 (KHTML, like Gecko; compatible; GPTBot/1.2; +https://openai.com/gptbot)"
142.44.228.48 - - [08/Sep/2025:08:40:59 +0700] "GET /category-sitemap.xml HTTP/1.0" 200 24564 "-" "Mozilla/5.0 (compatible; AhrefsBot/7.0; +http://ahrefs.com/robot/)"
20.171.207.254 - - [08/Sep/2025:08:41:01 +0700] "GET /1xbet-zambia-promo-code-enroll-offer-2023-65/ HTTP/1.0" 200 236879 "-" "Mozilla/5.0 AppleWebKit/537.36 (KHTML, like Gecko; compatible; GPTBot/1.2; +https://openai.com/gptbot)"
51.161.37.165 - - [08/Sep/2025:08:41:03 +0700] "GET /post_tag-sitemap.xml HTTP/1.0" 200 12903 "-" "Mozilla/5.0 (compatible; AhrefsBot/7.0; +http://ahrefs.com/robot/)"
51.161.65.44 - - [08/Sep/2025:08:41:06 +0700] "GET /product_cat-sitemap.xml HTTP/1.0" 200 8595 "-" "Mozilla/5.0 (compatible; AhrefsBot/7.0; +http://ahrefs.com/robot/)"
54.39.89.131 - - [08/Sep/2025:08:41:09 +0700] "GET /product_tag-sitemap.xml HTTP/1.0" 200 28520 "-" "Mozilla/5.0 (compatible; AhrefsBot/7.0; +http://ahrefs.com/robot/)"
45.117.177.72 - - [08/Sep/2025:08:42:05 +0700] "POST /wp-cron.php?doing_wp_cron=1757295725.4889891147613525390625 HTTP/1.0" 200 416 "-" "WordPress/6.8.1; https://vattusacky.vn"
20.171.207.254 - - [08/Sep/2025:08:42:04 +0700] "GET /?p=4521 HTTP/1.0" 301 490 "-" "Mozilla/5.0 AppleWebKit/537.36 (KHTML, like Gecko; compatible; GPTBot/1.2; +https://openai.com/gptbot)"
20.171.207.254 - - [08/Sep/2025:08:42:05 +0700] "GET /starda-casino-onlajn-igraj-v-sloty-i-avtomaty/ HTTP/1.0" 200 219838 "-" "Mozilla/5.0 AppleWebKit/537.36 (KHTML, like Gecko; compatible; GPTBot/1.2; +https://openai.com/gptbot)"
20.171.207.254 - - [08/Sep/2025:08:42:59 +0700] "GET /?p=5193 HTTP/1.0" 301 635 "-" "Mozilla/5.0 AppleWebKit/537.36 (KHTML, like Gecko; compatible; GPTBot/1.2; +https://openai.com/gptbot)"
20.171.207.254 - - [08/Sep/2025:08:43:06 +0700] "GET /eleganta-casino-utan-svensk-licens-spela-med/ HTTP/1.0" 200 86931 "-" "Mozilla/5.0 AppleWebKit/537.36 (KHTML, like Gecko; compatible; GPTBot/1.2; +https://openai.com/gptbot)"
20.171.207.254 - - [08/Sep/2025:08:43:30 +0700] "GET /?p=6085 HTTP/1.0" 301 496 "-" "Mozilla/5.0 AppleWebKit/537.36 (KHTML, like Gecko; compatible; GPTBot/1.2; +https://openai.com/gptbot)"
20.171.207.254 - - [08/Sep/2025:08:43:32 +0700] "GET /a-comparison-of-privacy-features-on-omegle-vs-ometv/ HTTP/1.0" 200 91055 "-" "Mozilla/5.0 AppleWebKit/537.36 (KHTML, like Gecko; compatible; GPTBot/1.2; +https://openai.com/gptbot)"
45.117.177.72 - - [08/Sep/2025:08:44:13 +0700] "POST /wp-cron.php?doing_wp_cron=1757295853.5160510540008544921875 HTTP/1.0" 200 416 "-" "WordPress/6.8.1; https://vattusacky.vn"
20.171.207.254 - - [08/Sep/2025:08:44:12 +0700] "GET /?p=4167 HTTP/1.0" 301 495 "-" "Mozilla/5.0 AppleWebKit/537.36 (KHTML, like Gecko; compatible; GPTBot/1.2; +https://openai.com/gptbot)"
20.171.207.254 - - [08/Sep/2025:08:44:14 +0700] "GET /parimatch-onboards-elli-avrram-as-its-new-model-34/ HTTP/1.0" 200 249355 "-" "Mozilla/5.0 AppleWebKit/537.36 (KHTML, like Gecko; compatible; GPTBot/1.2; +https://openai.com/gptbot)"
45.117.177.72 - - [08/Sep/2025:08:44:35 +0700] "POST /wp-cron.php?doing_wp_cron=1757295875.6718080043792724609375 HTTP/1.0" 200 416 "-" "WordPress/6.8.1; https://vattusacky.vn"
20.171.207.254 - - [08/Sep/2025:08:44:34 +0700] "GET /?p=9671 HTTP/1.0" 301 491 "-" "Mozilla/5.0 AppleWebKit/537.36 (KHTML, like Gecko; compatible; GPTBot/1.2; +https://openai.com/gptbot)"
20.171.207.254 - - [08/Sep/2025:08:44:36 +0700] "GET /top-10-expert-mobile-app-developers-to-hire-in/ HTTP/1.0" 200 79424 "-" "Mozilla/5.0 AppleWebKit/537.36 (KHTML, like Gecko; compatible; GPTBot/1.2; +https://openai.com/gptbot)"
87.250.224.221 - - [08/Sep/2025:08:44:50 +0700] "GET /sweet-bonanza-primenenie-bonusnyh-vozmozhnostej-3/ HTTP/1.0" 200 95128 "-" "Mozilla/5.0 (compatible; YandexBot/3.0; +http://yandex.com/bots)"
20.171.207.254 - - [08/Sep/2025:08:44:55 +0700] "GET /?p=4053 HTTP/1.0" 301 481 "-" "Mozilla/5.0 AppleWebKit/537.36 (KHTML, like Gecko; compatible; GPTBot/1.2; +https://openai.com/gptbot)"
20.171.207.254 - - [08/Sep/2025:08:44:57 +0700] "GET /management-keep-it-simple-and-stupid/ HTTP/1.0" 200 230639 "-" "Mozilla/5.0 AppleWebKit/537.36 (KHTML, like Gecko; compatible; GPTBot/1.2; +https://openai.com/gptbot)"
45.117.177.72 - - [08/Sep/2025:08:45:19 +0700] "POST /wp-cron.php?doing_wp_cron=1757295919.5388669967651367187500 HTTP/1.0" 200 416 "-" "WordPress/6.8.1; https://vattusacky.vn"
20.171.207.254 - - [08/Sep/2025:08:45:17 +0700] "GET /?p=2753 HTTP/1.0" 301 457 "-" "Mozilla/5.0 AppleWebKit/537.36 (KHTML, like Gecko; compatible; GPTBot/1.2; +https://openai.com/gptbot)"
20.171.207.254 - - [08/Sep/2025:08:45:20 +0700] "GET /essay-writing-made-easy-learn-how-to-write-an-essay-online/ HTTP/1.0" 200 206538 "-" "Mozilla/5.0 AppleWebKit/537.36 (KHTML, like Gecko; compatible; GPTBot/1.2; +https://openai.com/gptbot)"
20.171.207.254 - - [08/Sep/2025:08:45:33 +0700] "GET /?p=5728 HTTP/1.0" 301 489 "-" "Mozilla/5.0 AppleWebKit/537.36 (KHTML, like Gecko; compatible; GPTBot/1.2; +https://openai.com/gptbot)"
20.171.207.254 - - [08/Sep/2025:08:45:34 +0700] "GET /discover-the-hookup-sites-that-actually-work/ HTTP/1.0" 200 72183 "-" "Mozilla/5.0 AppleWebKit/537.36 (KHTML, like Gecko; compatible; GPTBot/1.2; +https://openai.com/gptbot)"
20.171.207.254 - - [08/Sep/2025:08:46:00 +0700] "GET /?p=3714 HTTP/1.0" 301 560 "-" "Mozilla/5.0 AppleWebKit/537.36 (KHTML, like Gecko; compatible; GPTBot/1.2; +https://openai.com/gptbot)"
20.171.207.254 - - [08/Sep/2025:08:46:01 +0700] "GET /press-relationship-tips-how-to-construct-strong-mutually-beneficial-connections-with-media-and-advertising-agencies/ HTTP/1.0" 200 208925 "-" "Mozilla/5.0 AppleWebKit/537.36 (KHTML, like Gecko; compatible; GPTBot/1.2; +https://openai.com/gptbot)"
45.117.177.72 - - [08/Sep/2025:08:46:24 +0700] "POST /wp-cron.php?doing_wp_cron=1757295984.7189490795135498046875 HTTP/1.0" 200 416 "-" "WordPress/6.8.1; https://vattusacky.vn"
20.171.207.254 - - [08/Sep/2025:08:46:23 +0700] "GET /?p=6253 HTTP/1.0" 301 536 "-" "Mozilla/5.0 AppleWebKit/537.36 (KHTML, like Gecko; compatible; GPTBot/1.2; +https://openai.com/gptbot)"
20.171.207.254 - - [08/Sep/2025:08:46:25 +0700] "GET /bridging-cultural-gaps-through-random-chats-omegle-and-ometv-as-cultural-exchange-platforms/ HTTP/1.0" 200 93301 "-" "Mozilla/5.0 AppleWebKit/537.36 (KHTML, like Gecko; compatible; GPTBot/1.2; +https://openai.com/gptbot)"
45.117.177.72 - - [08/Sep/2025:08:46:34 +0700] "POST /wp-cron.php?doing_wp_cron=1757295994.5222029685974121093750 HTTP/1.0" 200 416 "-" "WordPress/6.8.1; https://vattusacky.vn"
20.171.207.254 - - [08/Sep/2025:08:46:33 +0700] "GET /?p=3589 HTTP/1.0" 301 458 "-" "Mozilla/5.0 AppleWebKit/537.36 (KHTML, like Gecko; compatible; GPTBot/1.2; +https://openai.com/gptbot)"
20.171.207.254 - - [08/Sep/2025:08:46:43 +0700] "GET /hello-world-5/ HTTP/1.0" 200 202882 "-" "Mozilla/5.0 AppleWebKit/537.36 (KHTML, like Gecko; compatible; GPTBot/1.2; +https://openai.com/gptbot)"
45.117.177.72 - - [08/Sep/2025:08:47:58 +0700] "POST /wp-cron.php?doing_wp_cron=1757296078.1283080577850341796875 HTTP/1.0" 200 416 "-" "WordPress/6.8.1; https://vattusacky.vn"
20.171.207.254 - - [08/Sep/2025:08:47:56 +0700] "GET /?p=2368 HTTP/1.0" 301 491 "-" "Mozilla/5.0 AppleWebKit/537.36 (KHTML, like Gecko; compatible; GPTBot/1.2; +https://openai.com/gptbot)"
20.171.207.254 - - [08/Sep/2025:08:47:58 +0700] "GET /how-to-open-dll-files-to-see-what-is-written-3/ HTTP/1.0" 200 207459 "-" "Mozilla/5.0 AppleWebKit/537.36 (KHTML, like Gecko; compatible; GPTBot/1.2; +https://openai.com/gptbot)"
45.117.177.72 - - [08/Sep/2025:08:48:40 +0700] "POST /wp-cron.php?doing_wp_cron=1757296119.9963769912719726562500 HTTP/1.0" 200 416 "-" "WordPress/6.8.1; https://vattusacky.vn"
185.191.171.15 - - [08/Sep/2025:08:48:38 +0700] "GET /robots.txt HTTP/1.0" 200 984 "-" "Mozilla/5.0 (compatible; SemrushBot/7~bl; +http://www.semrush.com/bot.html)"
185.191.171.11 - - [08/Sep/2025:08:48:41 +0700] "GET /1xbet-india-433/ HTTP/1.0" 200 112596 "-" "Mozilla/5.0 (compatible; SemrushBot/7~bl; +http://www.semrush.com/bot.html)"
20.171.207.254 - - [08/Sep/2025:08:49:09 +0700] "GET /?p=6039 HTTP/1.0" 301 604 "-" "Mozilla/5.0 AppleWebKit/537.36 (KHTML, like Gecko; compatible; GPTBot/1.2; +https://openai.com/gptbot)"
20.171.207.254 - - [08/Sep/2025:08:49:10 +0700] "GET /betwinner-923/ HTTP/1.0" 200 78610 "-" "Mozilla/5.0 AppleWebKit/537.36 (KHTML, like Gecko; compatible; GPTBot/1.2; +https://openai.com/gptbot)"
45.117.177.72 - - [08/Sep/2025:08:49:48 +0700] "POST /wp-cron.php?doing_wp_cron=1757296187.8408570289611816406250 HTTP/1.0" 200 416 "-" "WordPress/6.8.1; https://vattusacky.vn"
20.171.207.254 - - [08/Sep/2025:08:49:46 +0700] "GET /?p=4238 HTTP/1.0" 301 420 "-" "Mozilla/5.0 AppleWebKit/537.36 (KHTML, like Gecko; compatible; GPTBot/1.2; +https://openai.com/gptbot)"
20.171.207.254 - - [08/Sep/2025:08:49:48 +0700] "GET /college-essay-writers/ HTTP/1.0" 200 206446 "-" "Mozilla/5.0 AppleWebKit/537.36 (KHTML, like Gecko; compatible; GPTBot/1.2; +https://openai.com/gptbot)"
216.73.216.162 - - [08/Sep/2025:08:50:00 +0700] "GET /robots.txt HTTP/1.0" 200 984 "-" "Mozilla/5.0 AppleWebKit/537.36 (KHTML, like Gecko; compatible; ClaudeBot/1.0; +claudebot@anthropic.com)"
216.73.216.162 - - [08/Sep/2025:08:50:01 +0700] "GET /sitemap_index.xml HTTP/1.0" 200 2280 "-" "Mozilla/5.0 AppleWebKit/537.36 (KHTML, like Gecko; compatible; ClaudeBot/1.0; +claudebot@anthropic.com)"
17.241.219.46 - - [08/Sep/2025:08:50:05 +0700] "GET /the-future-of-omegle-evolving-with-the-changing-digital-landscape/ HTTP/1.0" 200 91731 "-" "Mozilla/5.0 (Macintosh; Intel Mac OS X 10_15_7) AppleWebKit/605.1.15 (KHTML, like Gecko) Version/17.4 Safari/605.1.15 (Applebot/0.1; +http://www.apple.com/go/applebot)"
45.117.177.72 - - [08/Sep/2025:08:50:21 +0700] "POST /wp-cron.php?doing_wp_cron=1757296221.2735700607299804687500 HTTP/1.0" 200 416 "-" "WordPress/6.8.1; https://vattusacky.vn"
20.171.207.254 - - [08/Sep/2025:08:50:19 +0700] "GET /?p=9386 HTTP/1.0" 301 495 "-" "Mozilla/5.0 AppleWebKit/537.36 (KHTML, like Gecko; compatible; GPTBot/1.2; +https://openai.com/gptbot)"
20.171.207.254 - - [08/Sep/2025:08:50:21 +0700] "GET /obzor-igry-play2x-igrat-onlajn-na-oficialnom-sajte/ HTTP/1.0" 200 92801 "-" "Mozilla/5.0 AppleWebKit/537.36 (KHTML, like Gecko; compatible; GPTBot/1.2; +https://openai.com/gptbot)"
20.171.207.254 - - [08/Sep/2025:08:50:49 +0700] "GET /?p=6017 HTTP/1.0" 301 488 "-" "Mozilla/5.0 AppleWebKit/537.36 (KHTML, like Gecko; compatible; GPTBot/1.2; +https://openai.com/gptbot)"
20.171.207.254 - - [08/Sep/2025:08:50:50 +0700] "GET /best-online-jewelry-stores-2023-buy-amazing/ HTTP/1.0" 200 646124 "-" "Mozilla/5.0 AppleWebKit/537.36 (KHTML, like Gecko; compatible; GPTBot/1.2; +https://openai.com/gptbot)"
45.117.177.72 - - [08/Sep/2025:08:51:18 +0700] "POST /wp-cron.php?doing_wp_cron=1757296277.8107459545135498046875 HTTP/1.0" 200 416 "-" "WordPress/6.8.1; https://vattusacky.vn"
20.171.207.254 - - [08/Sep/2025:08:51:16 +0700] "GET /?p=5092 HTTP/1.0" 301 499 "-" "Mozilla/5.0 AppleWebKit/537.36 (KHTML, like Gecko; compatible; GPTBot/1.2; +https://openai.com/gptbot)"
20.171.207.254 - - [08/Sep/2025:08:51:18 +0700] "GET /aviator-predictor-v1-94-apk-mod-2023-free-download-9-2/ HTTP/1.0" 200 232123 "-" "Mozilla/5.0 AppleWebKit/537.36 (KHTML, like Gecko; compatible; GPTBot/1.2; +https://openai.com/gptbot)"
20.171.207.254 - - [08/Sep/2025:08:51:40 +0700] "GET /?p=6307 HTTP/1.0" 301 477 "-" "Mozilla/5.0 AppleWebKit/537.36 (KHTML, like Gecko; compatible; GPTBot/1.2; +https://openai.com/gptbot)"
20.171.207.254 - - [08/Sep/2025:08:51:41 +0700] "GET /can-you-meet-new-people-on-ometv/ HTTP/1.0" 200 85843 "-" "Mozilla/5.0 AppleWebKit/537.36 (KHTML, like Gecko; compatible; GPTBot/1.2; +https://openai.com/gptbot)"
20.171.207.254 - - [08/Sep/2025:08:52:01 +0700] "GET /?p=2085 HTTP/1.0" 301 487 "-" "Mozilla/5.0 AppleWebKit/537.36 (KHTML, like Gecko; compatible; GPTBot/1.2; +https://openai.com/gptbot)"
20.171.207.254 - - [08/Sep/2025:08:52:03 +0700] "GET /12-best-free-chatbot-live-chat-plugins-for/ HTTP/1.0" 200 255482 "-" "Mozilla/5.0 AppleWebKit/537.36 (KHTML, like Gecko; compatible; GPTBot/1.2; +https://openai.com/gptbot)"
20.171.207.254 - - [08/Sep/2025:08:52:13 +0700] "GET /?p=6207 HTTP/1.0" 301 469 "-" "Mozilla/5.0 AppleWebKit/537.36 (KHTML, like Gecko; compatible; GPTBot/1.2; +https://openai.com/gptbot)"
20.171.207.254 - - [08/Sep/2025:08:52:14 +0700] "GET /benefits-of-using-omegle/ HTTP/1.0" 200 90998 "-" "Mozilla/5.0 AppleWebKit/537.36 (KHTML, like Gecko; compatible; GPTBot/1.2; +https://openai.com/gptbot)"
45.117.177.72 - - [08/Sep/2025:08:52:45 +0700] "POST /wp-cron.php?doing_wp_cron=1757296365.5026149749755859375000 HTTP/1.0" 200 416 "-" "WordPress/6.8.1; https://vattusacky.vn"
20.171.207.254 - - [08/Sep/2025:08:52:44 +0700] "GET /?p=3710 HTTP/1.0" 301 500 "-" "Mozilla/5.0 AppleWebKit/537.36 (KHTML, like Gecko; compatible; GPTBot/1.2; +https://openai.com/gptbot)"
20.171.207.254 - - [08/Sep/2025:08:53:10 +0700] "GET /the-between-criteria-and-expected-values-in-connections/ HTTP/1.0" 200 208785 "-" "Mozilla/5.0 AppleWebKit/537.36 (KHTML, like Gecko; compatible; GPTBot/1.2; +https://openai.com/gptbot)"
45.117.177.72 - - [08/Sep/2025:08:53:25 +0700] "POST /wp-cron.php?doing_wp_cron=1757296405.6874370574951171875000 HTTP/1.0" 200 416 "-" "WordPress/6.8.1; https://vattusacky.vn"
20.171.207.254 - - [08/Sep/2025:08:53:24 +0700] "GET /?p=3647 HTTP/1.0" 301 494 "-" "Mozilla/5.0 AppleWebKit/537.36 (KHTML, like Gecko; compatible; GPTBot/1.2; +https://openai.com/gptbot)"
20.171.207.254 - - [08/Sep/2025:08:53:26 +0700] "GET /fedor-smolov-vstrechaetsja-s-karinoj-istominoj-16/ HTTP/1.0" 200 247426 "-" "Mozilla/5.0 AppleWebKit/537.36 (KHTML, like Gecko; compatible; GPTBot/1.2; +https://openai.com/gptbot)"
20.171.207.254 - - [08/Sep/2025:08:53:54 +0700] "GET /?p=5673 HTTP/1.0" 301 471 "-" "Mozilla/5.0 AppleWebKit/537.36 (KHTML, like Gecko; compatible; GPTBot/1.2; +https://openai.com/gptbot)"
20.171.207.254 - - [08/Sep/2025:08:53:56 +0700] "GET /4rabet-official-website-28/ HTTP/1.0" 200 104327 "-" "Mozilla/5.0 AppleWebKit/537.36 (KHTML, like Gecko; compatible; GPTBot/1.2; +https://openai.com/gptbot)"
20.171.207.254 - - [08/Sep/2025:08:54:11 +0700] "GET /?p=3587 HTTP/1.0" 301 610 "-" "Mozilla/5.0 AppleWebKit/537.36 (KHTML, like Gecko; compatible; GPTBot/1.2; +https://openai.com/gptbot)"
20.171.207.254 - - [08/Sep/2025:08:54:12 +0700] "GET /using-marijuana-147/ HTTP/1.0" 200 207008 "-" "Mozilla/5.0 AppleWebKit/537.36 (KHTML, like Gecko; compatible; GPTBot/1.2; +https://openai.com/gptbot)"
45.117.177.72 - - [08/Sep/2025:08:54:32 +0700] "POST /wp-cron.php?doing_wp_cron=1757296472.5345818996429443359375 HTTP/1.0" 200 416 "-" "WordPress/6.8.1; https://vattusacky.vn"
20.171.207.254 - - [08/Sep/2025:08:54:31 +0700] "GET /?p=3408 HTTP/1.0" 301 474 "-" "Mozilla/5.0 AppleWebKit/537.36 (KHTML, like Gecko; compatible; GPTBot/1.2; +https://openai.com/gptbot)"
20.171.207.254 - - [08/Sep/2025:08:54:32 +0700] "GET /anastasiadate-evaluation-2021/ HTTP/1.0" 200 222338 "-" "Mozilla/5.0 AppleWebKit/537.36 (KHTML, like Gecko; compatible; GPTBot/1.2; +https://openai.com/gptbot)"
20.171.207.254 - - [08/Sep/2025:08:54:57 +0700] "GET /?p=4109 HTTP/1.0" 301 478 "-" "Mozilla/5.0 AppleWebKit/537.36 (KHTML, like Gecko; compatible; GPTBot/1.2; +https://openai.com/gptbot)"
20.171.207.254 - - [08/Sep/2025:08:54:58 +0700] "GET /aws-cloud-ownership-framework-aws/ HTTP/1.0" 200 205244 "-" "Mozilla/5.0 AppleWebKit/537.36 (KHTML, like Gecko; compatible; GPTBot/1.2; +https://openai.com/gptbot)"
45.117.177.72 - - [08/Sep/2025:08:55:33 +0700] "POST /wp-cron.php?doing_wp_cron=1757296532.7038500308990478515625 HTTP/1.0" 200 416 "-" "WordPress/6.8.1; https://vattusacky.vn"
103.131.71.42 - - [08/Sep/2025:08:55:28 +0700] "GET /robots.txt HTTP/1.0" 200 984 "-" "Mozilla/5.0 (compatible; coccocbot-image/1.0; +http://help.coccoc.com/searchengine)"
20.171.207.254 - - [08/Sep/2025:08:55:31 +0700] "GET /?p=6094 HTTP/1.0" 301 490 "-" "Mozilla/5.0 AppleWebKit/537.36 (KHTML, like Gecko; compatible; GPTBot/1.2; +https://openai.com/gptbot)"
103.131.71.48 - - [08/Sep/2025:08:55:38 +0700] "GET /wp-content/uploads/2020/05/0005569-860x500.jpeg HTTP/1.0" 200 424 "-" "Mozilla/5.0 (compatible; coccocbot-image/1.0; +http://help.coccoc.com/searchengine)"
20.171.207.254 - - [08/Sep/2025:08:55:36 +0700] "GET /a-glimpse-into-diverse-perspectives-on-omegle/ HTTP/1.0" 200 90173 "-" "Mozilla/5.0 AppleWebKit/537.36 (KHTML, like Gecko; compatible; GPTBot/1.2; +https://openai.com/gptbot)"
103.131.71.48 - - [08/Sep/2025:08:55:38 +0700] "GET /wp-content/uploads/2020/05/0005569-860x500.jpeg HTTP/1.1" 304 0 "-" "Mozilla/5.0 (compatible; coccocbot-image/1.0; +http://help.coccoc.com/searchengine)"
103.131.71.32 - - [08/Sep/2025:08:55:59 +0700] "GET /sitemap_index.xml HTTP/1.0" 200 2426 "-" "Mozilla/5.0 (compatible; coccocbot-image/1.0; +http://help.coccoc.com/searchengine)"
45.117.177.72 - - [08/Sep/2025:08:56:33 +0700] "POST /wp-cron.php?doing_wp_cron=1757296592.4390170574188232421875 HTTP/1.0" 200 416 "-" "WordPress/6.8.1; https://vattusacky.vn"
20.171.207.254 - - [08/Sep/2025:08:56:26 +0700] "GET /?p=3402 HTTP/1.0" 301 465 "-" "Mozilla/5.0 AppleWebKit/537.36 (KHTML, like Gecko; compatible; GPTBot/1.2; +https://openai.com/gptbot)"
20.171.207.254 - - [08/Sep/2025:08:56:34 +0700] "GET /just-how-is-cbd-made/ HTTP/1.0" 200 205452 "-" "Mozilla/5.0 AppleWebKit/537.36 (KHTML, like Gecko; compatible; GPTBot/1.2; +https://openai.com/gptbot)"
20.171.207.254 - - [08/Sep/2025:08:57:03 +0700] "GET /?p=6342 HTTP/1.0" 301 498 "-" "Mozilla/5.0 AppleWebKit/537.36 (KHTML, like Gecko; compatible; GPTBot/1.2; +https://openai.com/gptbot)"
20.171.207.254 - - [08/Sep/2025:08:57:08 +0700] "GET /chasing-the-unexpected-anonymous-adventures-on-omegle/ HTTP/1.0" 200 88961 "-" "Mozilla/5.0 AppleWebKit/537.36 (KHTML, like Gecko; compatible; GPTBot/1.2; +https://openai.com/gptbot)"
45.117.177.72 - - [08/Sep/2025:08:57:45 +0700] "POST /wp-cron.php?doing_wp_cron=1757296664.8503730297088623046875 HTTP/1.0" 200 416 "-" "WordPress/6.8.1; https://vattusacky.vn"
20.171.207.254 - - [08/Sep/2025:08:57:42 +0700] "GET /?p=4105 HTTP/1.0" 301 512 "-" "Mozilla/5.0 AppleWebKit/537.36 (KHTML, like Gecko; compatible; GPTBot/1.2; +https://openai.com/gptbot)"
20.171.207.254 - - [08/Sep/2025:08:57:45 +0700] "GET /production-tips-and-techniques-with-respect-to-everyday-make-use-of/ HTTP/1.0" 200 205943 "-" "Mozilla/5.0 AppleWebKit/537.36 (KHTML, like Gecko; compatible; GPTBot/1.2; +https://openai.com/gptbot)"
20.171.207.254 - - [08/Sep/2025:08:58:10 +0700] "GET /?p=2517 HTTP/1.0" 301 485 "-" "Mozilla/5.0 AppleWebKit/537.36 (KHTML, like Gecko; compatible; GPTBot/1.2; +https://openai.com/gptbot)"
45.117.177.72 - - [08/Sep/2025:08:58:25 +0700] "POST /wp-cron.php?doing_wp_cron=1757296704.8298320770263671875000 HTTP/1.0" 200 416 "-" "WordPress/6.8.1; https://vattusacky.vn"
20.171.207.254 - - [08/Sep/2025:08:58:20 +0700] "GET /how-you-can-find-sugar-daddies-for-women/ HTTP/1.0" 200 208202 "-" "Mozilla/5.0 AppleWebKit/537.36 (KHTML, like Gecko; compatible; GPTBot/1.2; +https://openai.com/gptbot)"
20.171.207.254 - - [08/Sep/2025:08:58:54 +0700] "GET /?p=4932 HTTP/1.0" 301 495 "-" "Mozilla/5.0 AppleWebKit/537.36 (KHTML, like Gecko; compatible; GPTBot/1.2; +https://openai.com/gptbot)"
20.171.207.254 - - [08/Sep/2025:08:58:58 +0700] "GET /how-to-buy-viagra-over-the-counter-now-available-2/ HTTP/1.0" 200 231383 "-" "Mozilla/5.0 AppleWebKit/537.36 (KHTML, like Gecko; compatible; GPTBot/1.2; +https://openai.com/gptbot)"
45.117.177.72 - - [08/Sep/2025:08:59:25 +0700] "POST /wp-cron.php?doing_wp_cron=1757296764.8907079696655273437500 HTTP/1.0" 200 416 "-" "WordPress/6.8.1; https://vattusacky.vn"
185.191.171.6 - - [08/Sep/2025:08:59:19 +0700] "GET /les-meilleurs-benefit-offerts-par-les-gambling-433-2/ HTTP/1.0" 200 75776 "-" "Mozilla/5.0 (compatible; SemrushBot/7~bl; +http://www.semrush.com/bot.html)"
45.117.177.72 - - [08/Sep/2025:09:00:42 +0700] "POST /wp-cron.php?doing_wp_cron=1757296841.9842789173126220703125 HTTP/1.0" 200 416 "-" "WordPress/6.8.1; https://vattusacky.vn"
20.171.207.254 - - [08/Sep/2025:09:00:37 +0700] "GET /?p=4687 HTTP/1.0" 301 642 "-" "Mozilla/5.0 AppleWebKit/537.36 (KHTML, like Gecko; compatible; GPTBot/1.2; +https://openai.com/gptbot)"
20.171.207.254 - - [08/Sep/2025:09:00:42 +0700] "GET /bet9ja-casino-sport-pyramids-of-anubis-june-2023-31/ HTTP/1.0" 200 238366 "-" "Mozilla/5.0 AppleWebKit/537.36 (KHTML, like Gecko; compatible; GPTBot/1.2; +https://openai.com/gptbot)"
45.117.177.72 - - [08/Sep/2025:09:01:28 +0700] "POST /wp-cron.php?doing_wp_cron=1757296888.4079699516296386718750 HTTP/1.0" 200 416 "-" "WordPress/6.8.1; https://vattusacky.vn"
20.171.207.254 - - [08/Sep/2025:09:01:22 +0700] "GET /?p=2834 HTTP/1.0" 301 493 "-" "Mozilla/5.0 AppleWebKit/537.36 (KHTML, like Gecko; compatible; GPTBot/1.2; +https://openai.com/gptbot)"
20.171.207.254 - - [08/Sep/2025:09:01:29 +0700] "GET /how-you-can-write-excellent-anniversary-captions/ HTTP/1.0" 200 206435 "-" "Mozilla/5.0 AppleWebKit/537.36 (KHTML, like Gecko; compatible; GPTBot/1.2; +https://openai.com/gptbot)"
45.117.177.72 - - [08/Sep/2025:09:02:25 +0700] "POST /wp-cron.php?doing_wp_cron=1757296945.0289618968963623046875 HTTP/1.0" 200 416 "-" "WordPress/6.8.1; https://vattusacky.vn"
20.171.207.254 - - [08/Sep/2025:09:02:20 +0700] "GET /?p=2819 HTTP/1.0" 301 479 "-" "Mozilla/5.0 AppleWebKit/537.36 (KHTML, like Gecko; compatible; GPTBot/1.2; +https://openai.com/gptbot)"
20.171.207.254 - - [08/Sep/2025:09:02:25 +0700] "GET /a-relationship-using-a-korean-girl/ HTTP/1.0" 200 207785 "-" "Mozilla/5.0 AppleWebKit/537.36 (KHTML, like Gecko; compatible; GPTBot/1.2; +https://openai.com/gptbot)"
54.37.252.192 - - [08/Sep/2025:09:02:46 +0700] "GET /robots.txt HTTP/1.0" 200 984 "-" "Mozilla/5.0 (compatible; MJ12bot/v1.4.8; http://mj12bot.com/)"
54.37.252.192 - - [08/Sep/2025:09:02:53 +0700] "GET /deneme-bonusu-veren-casino-siteleri-deneme-bonusu-7/ HTTP/1.0" 200 279658 "-" "Mozilla/5.0 (compatible; MJ12bot/v1.4.8; http://mj12bot.com/)"
185.191.171.16 - - [08/Sep/2025:09:02:55 +0700] "GET /sibata/ HTTP/1.0" 200 203602 "-" "Mozilla/5.0 (compatible; SemrushBot/7~bl; +http://www.semrush.com/bot.html)"
207.46.13.157 - - [08/Sep/2025:09:02:56 +0700] "GET /nurturing-online-relationships-on-omegle-and-ometv/ HTTP/1.0" 200 85179 "-" "Mozilla/5.0 AppleWebKit/537.36 (KHTML, like Gecko; compatible; bingbot/2.0; +http://www.bing.com/bingbot.htm) Chrome/116.0.1938.76 Safari/537.36"
54.37.252.192 - - [08/Sep/2025:09:03:00 +0700] "GET /embracing-the-complexities-of-friendship-in-omelove-stories/ HTTP/1.0" 200 92529 "-" "Mozilla/5.0 (compatible; MJ12bot/v1.4.8; http://mj12bot.com/)"
54.37.252.192 - - [08/Sep/2025:09:03:07 +0700] "GET /lakukan-analisis-dan-prediksi-tepat-sebelum-bermain-royale168-online/ HTTP/1.0" 200 65672 "-" "Mozilla/5.0 (compatible; MJ12bot/v1.4.8; http://mj12bot.com/)"
45.95.214.129 - - [08/Sep/2025:09:03:12 +0700] "GET /assets/images/accesson.php HTTP/1.0" 403 587 "-" "Mozilla/5.0 (Windows NT 10.0; Win64; x64; rv:81.0) Gecko/20100101 Firefox/81.0"
45.95.214.201 - - [08/Sep/2025:09:03:14 +0700] "GET /accesson.php HTTP/1.0" 403 573 "-" "Mozilla/5.0 (Windows NT 10.0; Win64; x64; rv:81.0) Gecko/20100101 Firefox/81.0"
20.171.207.254 - - [08/Sep/2025:09:03:10 +0700] "GET /?p=4372 HTTP/1.0" 301 496 "-" "Mozilla/5.0 AppleWebKit/537.36 (KHTML, like Gecko; compatible; GPTBot/1.2; +https://openai.com/gptbot)"
45.117.177.72 - - [08/Sep/2025:09:03:18 +0700] "POST /wp-cron.php?doing_wp_cron=1757296997.4592950344085693359375 HTTP/1.0" 200 416 "-" "WordPress/6.8.1; https://vattusacky.vn"
54.37.252.192 - - [08/Sep/2025:09:03:13 +0700] "GET /mencari-kemenangan-maksimal-betcoin88-adalah-pilihan-terbaik-untuk-menyemarakkan-pengalaman-anda/ HTTP/1.0" 200 69277 "-" "Mozilla/5.0 (compatible; MJ12bot/v1.4.8; http://mj12bot.com/)"
20.171.207.254 - - [08/Sep/2025:09:03:14 +0700] "GET /search-outcomes-slug-melbet-20-india-e-2-ninety-101/ HTTP/1.0" 200 233178 "-" "Mozilla/5.0 AppleWebKit/537.36 (KHTML, like Gecko; compatible; GPTBot/1.2; +https://openai.com/gptbot)"
54.37.252.192 - - [08/Sep/2025:09:03:20 +0700] "GET /menelusuri-keunggulan-betcoinasia-dalam-menawarkan-kemenangan-yang-memikat/ HTTP/1.0" 200 67855 "-" "Mozilla/5.0 (compatible; MJ12bot/v1.4.8; http://mj12bot.com/)"
54.37.252.192 - - [08/Sep/2025:09:03:28 +0700] "GET /panduan-lengkap-memilih-slot-gacor-terbaik-untuk-pemula/ HTTP/1.0" 200 65266 "-" "Mozilla/5.0 (compatible; MJ12bot/v1.4.8; http://mj12bot.com/)"
54.37.252.192 - - [08/Sep/2025:09:03:36 +0700] "GET /panduan-lengkap-untuk-menang-di-permainan-slot-online/ HTTP/1.0" 200 85609 "-" "Mozilla/5.0 (compatible; MJ12bot/v1.4.8; http://mj12bot.com/)"
20.171.207.254 - - [08/Sep/2025:09:03:43 +0700] "GET /?p=2714 HTTP/1.0" 301 563 "-" "Mozilla/5.0 AppleWebKit/537.36 (KHTML, like Gecko; compatible; GPTBot/1.2; +https://openai.com/gptbot)"
54.37.252.192 - - [08/Sep/2025:09:03:43 +0700] "GET /rahasia-kemenangan-besar-di-slot-gacor-777-tips-dan-trik-terbaik/ HTTP/1.0" 200 66176 "-" "Mozilla/5.0 (compatible; MJ12bot/v1.4.8; http://mj12bot.com/)"
20.171.207.254 - - [08/Sep/2025:09:03:48 +0700] "GET /toi-co-duoc-phep-phai-co-nguoi-ky-ket-cong-ty-cung-vay-online-nhanh-nhu-nguoi-bao-lanh-cho-tien-trinh-truc-tuyen-khong/ HTTP/1.0" 200 212207 "-" "Mozilla/5.0 AppleWebKit/537.36 (KHTML, like Gecko; compatible; GPTBot/1.2; +https://openai.com/gptbot)"
54.37.252.192 - - [08/Sep/2025:09:03:50 +0700] "GET /tetap-aman-dan-nyaman-bermain-togel-online-di-situs-terpercaya/ HTTP/1.0" 200 65863 "-" "Mozilla/5.0 (compatible; MJ12bot/v1.4.8; http://mj12bot.com/)"
45.117.177.72 - - [08/Sep/2025:09:04:35 +0700] "POST /wp-cron.php?doing_wp_cron=1757297075.3274879455566406250000 HTTP/1.0" 200 416 "-" "WordPress/6.8.1; https://vattusacky.vn"
20.171.207.254 - - [08/Sep/2025:09:04:29 +0700] "GET /?p=5271 HTTP/1.0" 301 505 "-" "Mozilla/5.0 AppleWebKit/537.36 (KHTML, like Gecko; compatible; GPTBot/1.2; +https://openai.com/gptbot)"
20.171.207.254 - - [08/Sep/2025:09:04:36 +0700] "GET /oriental-dating-internet-site-100-totally-free-asian-females/ HTTP/1.0" 200 107227 "-" "Mozilla/5.0 AppleWebKit/537.36 (KHTML, like Gecko; compatible; GPTBot/1.2; +https://openai.com/gptbot)"
20.171.207.254 - - [08/Sep/2025:09:05:08 +0700] "GET /?p=4852 HTTP/1.0" 301 525 "-" "Mozilla/5.0 AppleWebKit/537.36 (KHTML, like Gecko; compatible; GPTBot/1.2; +https://openai.com/gptbot)"
45.117.177.72 - - [08/Sep/2025:09:05:58 +0700] "POST /wp-cron.php?doing_wp_cron=1757297157.9077379703521728515625 HTTP/1.0" 200 416 "-" "WordPress/6.8.1; https://vattusacky.vn"
20.171.207.254 - - [08/Sep/2025:09:05:54 +0700] "GET /leovegas-reviews-go-through-customer-support-reviews-of-leovegas-com-12-15-of-89/ HTTP/1.0" 200 221857 "-" "Mozilla/5.0 AppleWebKit/537.36 (KHTML, like Gecko; compatible; GPTBot/1.2; +https://openai.com/gptbot)"
45.117.177.72 - - [08/Sep/2025:09:07:27 +0700] "POST /wp-cron.php?doing_wp_cron=1757297246.8769240379333496093750 HTTP/1.0" 200 416 "-" "WordPress/6.8.1; https://vattusacky.vn"
20.171.207.254 - - [08/Sep/2025:09:07:20 +0700] "GET /?p=5063 HTTP/1.0" 301 499 "-" "Mozilla/5.0 AppleWebKit/537.36 (KHTML, like Gecko; compatible; GPTBot/1.2; +https://openai.com/gptbot)"
20.171.207.254 - - [08/Sep/2025:09:07:49 +0700] "GET /aviator-predictor-v1-ninety-four-apk-mod-2023-free-159/ HTTP/1.0" 200 277691 "-" "Mozilla/5.0 AppleWebKit/537.36 (KHTML, like Gecko; compatible; GPTBot/1.2; +https://openai.com/gptbot)"
45.117.177.72 - - [08/Sep/2025:09:08:38 +0700] "POST /wp-cron.php?doing_wp_cron=1757297318.0432260036468505859375 HTTP/1.0" 200 416 "-" "WordPress/6.8.1; https://vattusacky.vn"
20.171.207.254 - - [08/Sep/2025:09:08:34 +0700] "GET /?p=3965 HTTP/1.0" 301 489 "-" "Mozilla/5.0 AppleWebKit/537.36 (KHTML, like Gecko; compatible; GPTBot/1.2; +https://openai.com/gptbot)"
20.171.207.254 - - [08/Sep/2025:09:08:38 +0700] "GET /pin-ap-kazino-oficialnyj-sajt-igrat-v-onlajn/ HTTP/1.0" 200 266934 "-" "Mozilla/5.0 AppleWebKit/537.36 (KHTML, like Gecko; compatible; GPTBot/1.2; +https://openai.com/gptbot)"
45.117.177.72 - - [08/Sep/2025:09:09:10 +0700] "POST /wp-cron.php?doing_wp_cron=1757297350.3947319984436035156250 HTTP/1.0" 200 416 "-" "WordPress/6.8.1; https://vattusacky.vn"
20.171.207.254 - - [08/Sep/2025:09:09:07 +0700] "GET /?p=8657 HTTP/1.0" 301 500 "-" "Mozilla/5.0 AppleWebKit/537.36 (KHTML, like Gecko; compatible; GPTBot/1.2; +https://openai.com/gptbot)"
20.171.207.254 - - [08/Sep/2025:09:09:11 +0700] "GET /the-magic-of-omegle-where-strangers-become-storytellers/ HTTP/1.0" 200 91798 "-" "Mozilla/5.0 AppleWebKit/537.36 (KHTML, like Gecko; compatible; GPTBot/1.2; +https://openai.com/gptbot)"
45.117.177.72 - - [08/Sep/2025:09:09:49 +0700] "POST /wp-cron.php?doing_wp_cron=1757297389.3372120857238769531250 HTTP/1.0" 200 416 "-" "WordPress/6.8.1; https://vattusacky.vn"
20.171.207.254 - - [08/Sep/2025:09:09:46 +0700] "GET /?p=3410 HTTP/1.0" 301 530 "-" "Mozilla/5.0 AppleWebKit/537.36 (KHTML, like Gecko; compatible; GPTBot/1.2; +https://openai.com/gptbot)"
