45.117.177.72 - - [08/Sep/2025:10:16:21 +0700] "POST /wp-cron.php?doing_wp_cron=1757301381.0185940265655517578125 HTTP/1.0" 200 416 "-" "WordPress/6.8.1; https://vattusacky.vn"
196.251.70.149 - - [08/Sep/2025:10:16:16 +0700] "POST /xmlrpc.php HTTP/1.0" 200 956 "-" "Mozilla/5.0 (Windows NT 6.1; WOW64) AppleWebKit/537.36 (KHTML, like Gecko) Chrome/56.0.2924.90 Safari/537.36 2345Explorer/9.3.2.17331"
20.171.207.254 - - [08/Sep/2025:10:16:15 +0700] "GET /vavada-casino-demo-sloty-besplatno-avtomaty-i-2/ HTTP/1.0" 200 221128 "-" "Mozilla/5.0 AppleWebKit/537.36 (KHTML, like Gecko; compatible; GPTBot/1.2; +https://openai.com/gptbot)"
196.251.70.149 - - [08/Sep/2025:10:16:22 +0700] "POST /xmlrpc.php HTTP/1.0" 200 956 "-" "Mozilla/5.0 (Windows NT 6.1; WOW64) AppleWebKit/537.36 (KHTML, like Gecko) Chrome/56.0.2924.90 Safari/537.36 2345Explorer/9.3.2.17331"
196.251.70.149 - - [08/Sep/2025:10:16:28 +0700] "POST /xmlrpc.php HTTP/1.0" 200 956 "-" "Mozilla/5.0 (Windows NT 6.1; WOW64) AppleWebKit/537.36 (KHTML, like Gecko) Chrome/56.0.2924.90 Safari/537.36 2345Explorer/9.3.2.17331"
196.251.70.149 - - [08/Sep/2025:10:16:33 +0700] "POST /xmlrpc.php HTTP/1.0" 200 956 "-" "Mozilla/5.0 (Windows NT 6.1; WOW64) AppleWebKit/537.36 (KHTML, like Gecko) Chrome/56.0.2924.90 Safari/537.36 2345Explorer/9.3.2.17331"
196.251.70.149 - - [08/Sep/2025:10:16:37 +0700] "POST /xmlrpc.php HTTP/1.0" 200 956 "-" "Mozilla/5.0 (Windows NT 6.1; WOW64) AppleWebKit/537.36 (KHTML, like Gecko) Chrome/56.0.2924.90 Safari/537.36 2345Explorer/9.3.2.17331"
196.251.70.149 - - [08/Sep/2025:10:16:40 +0700] "POST /xmlrpc.php HTTP/1.0" 200 956 "-" "Mozilla/5.0 (Windows NT 6.1; WOW64) AppleWebKit/537.36 (KHTML, like Gecko) Chrome/56.0.2924.90 Safari/537.36 2345Explorer/9.3.2.17331"
196.251.70.149 - - [08/Sep/2025:10:16:42 +0700] "POST /xmlrpc.php HTTP/1.0" 200 956 "-" "Mozilla/5.0 (Windows NT 6.1; WOW64) AppleWebKit/537.36 (KHTML, like Gecko) Chrome/56.0.2924.90 Safari/537.36 2345Explorer/9.3.2.17331"
196.251.70.149 - - [08/Sep/2025:10:16:47 +0700] "POST /xmlrpc.php HTTP/1.0" 200 956 "-" "Mozilla/5.0 (Windows NT 6.1; WOW64) AppleWebKit/537.36 (KHTML, like Gecko) Chrome/56.0.2924.90 Safari/537.36 2345Explorer/9.3.2.17331"
196.251.70.149 - - [08/Sep/2025:10:16:50 +0700] "POST /xmlrpc.php HTTP/1.0" 200 956 "-" "Mozilla/5.0 (Windows NT 6.1; WOW64) AppleWebKit/537.36 (KHTML, like Gecko) Chrome/56.0.2924.90 Safari/537.36 2345Explorer/9.3.2.17331"
196.251.70.149 - - [08/Sep/2025:10:16:53 +0700] "POST /xmlrpc.php HTTP/1.0" 200 956 "-" "Mozilla/5.0 (Windows NT 6.1; WOW64) AppleWebKit/537.36 (KHTML, like Gecko) Chrome/56.0.2924.90 Safari/537.36 2345Explorer/9.3.2.17331"
196.251.70.149 - - [08/Sep/2025:10:16:56 +0700] "POST /xmlrpc.php HTTP/1.0" 200 956 "-" "Mozilla/5.0 (Windows NT 6.1; WOW64) AppleWebKit/537.36 (KHTML, like Gecko) Chrome/56.0.2924.90 Safari/537.36 2345Explorer/9.3.2.17331"
20.171.207.254 - - [08/Sep/2025:10:16:57 +0700] "GET /?p=4930 HTTP/1.0" 301 495 "-" "Mozilla/5.0 AppleWebKit/537.36 (KHTML, like Gecko; compatible; GPTBot/1.2; +https://openai.com/gptbot)"
196.251.70.149 - - [08/Sep/2025:10:17:01 +0700] "POST /xmlrpc.php HTTP/1.0" 200 956 "-" "Mozilla/5.0 (Windows NT 6.1; WOW64) AppleWebKit/537.36 (KHTML, like Gecko) Chrome/56.0.2924.90 Safari/537.36 2345Explorer/9.3.2.17331"
196.251.70.149 - - [08/Sep/2025:10:17:05 +0700] "POST /xmlrpc.php HTTP/1.0" 200 956 "-" "Mozilla/5.0 (Windows NT 6.1; WOW64) AppleWebKit/537.36 (KHTML, like Gecko) Chrome/56.0.2924.90 Safari/537.36 2345Explorer/9.3.2.17331"
196.251.70.149 - - [08/Sep/2025:10:17:09 +0700] "POST /xmlrpc.php HTTP/1.0" 200 956 "-" "Mozilla/5.0 (Windows NT 6.1; WOW64) AppleWebKit/537.36 (KHTML, like Gecko) Chrome/56.0.2924.90 Safari/537.36 2345Explorer/9.3.2.17331"
20.171.207.254 - - [08/Sep/2025:10:17:10 +0700] "GET /where-can-i-buy-viagra-over-the-counter-in-the-usa/ HTTP/1.0" 200 224944 "-" "Mozilla/5.0 AppleWebKit/537.36 (KHTML, like Gecko; compatible; GPTBot/1.2; +https://openai.com/gptbot)"
196.251.70.149 - - [08/Sep/2025:10:17:14 +0700] "POST /xmlrpc.php HTTP/1.0" 200 956 "-" "Mozilla/5.0 (Windows NT 6.1; WOW64) AppleWebKit/537.36 (KHTML, like Gecko) Chrome/56.0.2924.90 Safari/537.36 2345Explorer/9.3.2.17331"
45.117.177.72 - - [08/Sep/2025:10:17:19 +0700] "POST /wp-cron.php?doing_wp_cron=1757301439.0553209781646728515625 HTTP/1.0" 200 416 "-" "WordPress/6.8.1; https://vattusacky.vn"
196.251.70.149 - - [08/Sep/2025:10:17:16 +0700] "POST /xmlrpc.php HTTP/1.0" 200 956 "-" "Mozilla/5.0 (Windows NT 6.1; WOW64) AppleWebKit/537.36 (KHTML, like Gecko) Chrome/56.0.2924.90 Safari/537.36 2345Explorer/9.3.2.17331"
196.251.70.149 - - [08/Sep/2025:10:17:20 +0700] "POST /xmlrpc.php HTTP/1.0" 200 956 "-" "Mozilla/5.0 (Windows NT 6.1; WOW64) AppleWebKit/537.36 (KHTML, like Gecko) Chrome/56.0.2924.90 Safari/537.36 2345Explorer/9.3.2.17331"
196.251.70.149 - - [08/Sep/2025:10:17:23 +0700] "POST /xmlrpc.php HTTP/1.0" 200 956 "-" "Mozilla/5.0 (Windows NT 6.1; WOW64) AppleWebKit/537.36 (KHTML, like Gecko) Chrome/56.0.2924.90 Safari/537.36 2345Explorer/9.3.2.17331"
196.251.70.149 - - [08/Sep/2025:10:17:27 +0700] "POST /xmlrpc.php HTTP/1.0" 200 956 "-" "Mozilla/5.0 (Windows NT 6.1; WOW64) AppleWebKit/537.36 (KHTML, like Gecko) Chrome/56.0.2924.90 Safari/537.36 2345Explorer/9.3.2.17331"
196.251.70.149 - - [08/Sep/2025:10:17:30 +0700] "POST /xmlrpc.php HTTP/1.0" 200 956 "-" "Mozilla/5.0 (Windows NT 6.1; WOW64) AppleWebKit/537.36 (KHTML, like Gecko) Chrome/56.0.2924.90 Safari/537.36 2345Explorer/9.3.2.17331"
196.251.70.149 - - [08/Sep/2025:10:17:34 +0700] "POST /xmlrpc.php HTTP/1.0" 200 956 "-" "Mozilla/5.0 (Windows NT 6.1; WOW64) AppleWebKit/537.36 (KHTML, like Gecko) Chrome/56.0.2924.90 Safari/537.36 2345Explorer/9.3.2.17331"
196.251.70.149 - - [08/Sep/2025:10:17:36 +0700] "POST /xmlrpc.php HTTP/1.0" 200 956 "-" "Mozilla/5.0 (Windows NT 6.1; WOW64) AppleWebKit/537.36 (KHTML, like Gecko) Chrome/56.0.2924.90 Safari/537.36 2345Explorer/9.3.2.17331"
196.251.70.149 - - [08/Sep/2025:10:17:40 +0700] "POST /xmlrpc.php HTTP/1.0" 200 956 "-" "Mozilla/5.0 (Windows NT 6.1; WOW64) AppleWebKit/537.36 (KHTML, like Gecko) Chrome/56.0.2924.90 Safari/537.36 2345Explorer/9.3.2.17331"
196.251.70.149 - - [08/Sep/2025:10:17:44 +0700] "POST /xmlrpc.php HTTP/1.0" 200 956 "-" "Mozilla/5.0 (Windows NT 6.1; WOW64) AppleWebKit/537.36 (KHTML, like Gecko) Chrome/56.0.2924.90 Safari/537.36 2345Explorer/9.3.2.17331"
20.171.207.254 - - [08/Sep/2025:10:17:46 +0700] "GET /?p=3621 HTTP/1.0" 301 458 "-" "Mozilla/5.0 AppleWebKit/537.36 (KHTML, like Gecko; compatible; GPTBot/1.2; +https://openai.com/gptbot)"
196.251.70.149 - - [08/Sep/2025:10:17:48 +0700] "POST /xmlrpc.php HTTP/1.0" 200 956 "-" "Mozilla/5.0 (Windows NT 6.1; WOW64) AppleWebKit/537.36 (KHTML, like Gecko) Chrome/56.0.2924.90 Safari/537.36 2345Explorer/9.3.2.17331"
20.171.207.254 - - [08/Sep/2025:10:17:51 +0700] "GET /hello-world-6/ HTTP/1.0" 200 202777 "-" "Mozilla/5.0 AppleWebKit/537.36 (KHTML, like Gecko; compatible; GPTBot/1.2; +https://openai.com/gptbot)"
196.251.70.149 - - [08/Sep/2025:10:17:52 +0700] "POST /xmlrpc.php HTTP/1.0" 200 956 "-" "Mozilla/5.0 (Windows NT 6.1; WOW64) AppleWebKit/537.36 (KHTML, like Gecko) Chrome/56.0.2924.90 Safari/537.36 2345Explorer/9.3.2.17331"
196.251.70.149 - - [08/Sep/2025:10:17:57 +0700] "POST /xmlrpc.php HTTP/1.0" 200 956 "-" "Mozilla/5.0 (Windows NT 6.1; WOW64) AppleWebKit/537.36 (KHTML, like Gecko) Chrome/56.0.2924.90 Safari/537.36 2345Explorer/9.3.2.17331"
196.251.70.149 - - [08/Sep/2025:10:18:01 +0700] "POST /xmlrpc.php HTTP/1.0" 200 956 "-" "Mozilla/5.0 (Windows NT 6.1; WOW64) AppleWebKit/537.36 (KHTML, like Gecko) Chrome/56.0.2924.90 Safari/537.36 2345Explorer/9.3.2.17331"
196.251.70.149 - - [08/Sep/2025:10:18:05 +0700] "POST /xmlrpc.php HTTP/1.0" 200 956 "-" "Mozilla/5.0 (Windows NT 6.1; WOW64) AppleWebKit/537.36 (KHTML, like Gecko) Chrome/56.0.2924.90 Safari/537.36 2345Explorer/9.3.2.17331"
196.251.70.149 - - [08/Sep/2025:10:18:10 +0700] "POST /xmlrpc.php HTTP/1.0" 200 956 "-" "Mozilla/5.0 (Windows NT 6.1; WOW64) AppleWebKit/537.36 (KHTML, like Gecko) Chrome/56.0.2924.90 Safari/537.36 2345Explorer/9.3.2.17331"
216.73.216.162 - - [08/Sep/2025:10:18:12 +0700] "GET /sitemap_index.xml HTTP/1.0" 200 2426 "-" "Mozilla/5.0 AppleWebKit/537.36 (KHTML, like Gecko; compatible; ClaudeBot/1.0; +claudebot@anthropic.com)"
45.117.177.72 - - [08/Sep/2025:10:18:20 +0700] "POST /wp-cron.php?doing_wp_cron=1757301500.6134459972381591796875 HTTP/1.0" 200 416 "-" "WordPress/6.8.1; https://vattusacky.vn"
20.171.207.254 - - [08/Sep/2025:10:18:16 +0700] "GET /?p=4153 HTTP/1.0" 301 494 "-" "Mozilla/5.0 AppleWebKit/537.36 (KHTML, like Gecko; compatible; GPTBot/1.2; +https://openai.com/gptbot)"
196.251.70.149 - - [08/Sep/2025:10:18:16 +0700] "POST /xmlrpc.php HTTP/1.0" 200 956 "-" "Mozilla/5.0 (Windows NT 6.1; WOW64) AppleWebKit/537.36 (KHTML, like Gecko) Chrome/56.0.2924.90 Safari/537.36 2345Explorer/9.3.2.17331"
20.171.207.254 - - [08/Sep/2025:10:18:21 +0700] "GET /drip-casino-kazino-bonusy-live-kazino-v-internete/ HTTP/1.0" 200 237821 "-" "Mozilla/5.0 AppleWebKit/537.36 (KHTML, like Gecko; compatible; GPTBot/1.2; +https://openai.com/gptbot)"
196.251.70.149 - - [08/Sep/2025:10:18:24 +0700] "POST /xmlrpc.php HTTP/1.0" 200 956 "-" "Mozilla/5.0 (Windows NT 6.1; WOW64) AppleWebKit/537.36 (KHTML, like Gecko) Chrome/56.0.2924.90 Safari/537.36 2345Explorer/9.3.2.17331"
196.251.70.149 - - [08/Sep/2025:10:18:29 +0700] "POST /xmlrpc.php HTTP/1.0" 200 956 "-" "Mozilla/5.0 (Windows NT 6.1; WOW64) AppleWebKit/537.36 (KHTML, like Gecko) Chrome/56.0.2924.90 Safari/537.36 2345Explorer/9.3.2.17331"
196.251.70.149 - - [08/Sep/2025:10:18:33 +0700] "POST /xmlrpc.php HTTP/1.0" 200 956 "-" "Mozilla/5.0 (Windows NT 6.1; WOW64) AppleWebKit/537.36 (KHTML, like Gecko) Chrome/56.0.2924.90 Safari/537.36 2345Explorer/9.3.2.17331"
196.251.70.149 - - [08/Sep/2025:10:18:37 +0700] "POST /xmlrpc.php HTTP/1.0" 200 956 "-" "Mozilla/5.0 (Windows NT 6.1; WOW64) AppleWebKit/537.36 (KHTML, like Gecko) Chrome/56.0.2924.90 Safari/537.36 2345Explorer/9.3.2.17331"
196.251.70.149 - - [08/Sep/2025:10:18:40 +0700] "POST /xmlrpc.php HTTP/1.0" 200 956 "-" "Mozilla/5.0 (Windows NT 6.1; WOW64) AppleWebKit/537.36 (KHTML, like Gecko) Chrome/56.0.2924.90 Safari/537.36 2345Explorer/9.3.2.17331"
196.251.70.149 - - [08/Sep/2025:10:18:45 +0700] "POST /xmlrpc.php HTTP/1.0" 200 956 "-" "Mozilla/5.0 (Windows NT 6.1; WOW64) AppleWebKit/537.36 (KHTML, like Gecko) Chrome/56.0.2924.90 Safari/537.36 2345Explorer/9.3.2.17331"
196.251.70.149 - - [08/Sep/2025:10:18:48 +0700] "POST /xmlrpc.php HTTP/1.0" 200 956 "-" "Mozilla/5.0 (Windows NT 6.1; WOW64) AppleWebKit/537.36 (KHTML, like Gecko) Chrome/56.0.2924.90 Safari/537.36 2345Explorer/9.3.2.17331"
20.171.207.254 - - [08/Sep/2025:10:18:50 +0700] "GET /?p=4352 HTTP/1.0" 301 494 "-" "Mozilla/5.0 AppleWebKit/537.36 (KHTML, like Gecko; compatible; GPTBot/1.2; +https://openai.com/gptbot)"
196.251.70.149 - - [08/Sep/2025:10:18:51 +0700] "POST /xmlrpc.php HTTP/1.0" 200 956 "-" "Mozilla/5.0 (Windows NT 6.1; WOW64) AppleWebKit/537.36 (KHTML, like Gecko) Chrome/56.0.2924.90 Safari/537.36 2345Explorer/9.3.2.17331"
196.251.70.149 - - [08/Sep/2025:10:18:55 +0700] "POST /xmlrpc.php HTTP/1.0" 200 956 "-" "Mozilla/5.0 (Windows NT 6.1; WOW64) AppleWebKit/537.36 (KHTML, like Gecko) Chrome/56.0.2924.90 Safari/537.36 2345Explorer/9.3.2.17331"
196.251.70.149 - - [08/Sep/2025:10:18:58 +0700] "POST /xmlrpc.php HTTP/1.0" 200 956 "-" "Mozilla/5.0 (Windows NT 6.1; WOW64) AppleWebKit/537.36 (KHTML, like Gecko) Chrome/56.0.2924.90 Safari/537.36 2345Explorer/9.3.2.17331"
196.251.70.149 - - [08/Sep/2025:10:19:00 +0700] "POST /xmlrpc.php HTTP/1.0" 200 956 "-" "Mozilla/5.0 (Windows NT 6.1; WOW64) AppleWebKit/537.36 (KHTML, like Gecko) Chrome/56.0.2924.90 Safari/537.36 2345Explorer/9.3.2.17331"
20.171.207.254 - - [08/Sep/2025:10:19:03 +0700] "GET /obzor-getx-2023-jeto-krash-igra-novogo-pokolenija/ HTTP/1.0" 200 243320 "-" "Mozilla/5.0 AppleWebKit/537.36 (KHTML, like Gecko; compatible; GPTBot/1.2; +https://openai.com/gptbot)"
196.251.70.149 - - [08/Sep/2025:10:19:05 +0700] "POST /xmlrpc.php HTTP/1.0" 200 956 "-" "Mozilla/5.0 (Windows NT 6.1; WOW64) AppleWebKit/537.36 (KHTML, like Gecko) Chrome/56.0.2924.90 Safari/537.36 2345Explorer/9.3.2.17331"
196.251.70.149 - - [08/Sep/2025:10:19:09 +0700] "POST /xmlrpc.php HTTP/1.0" 200 956 "-" "Mozilla/5.0 (Windows NT 6.1; WOW64) AppleWebKit/537.36 (KHTML, like Gecko) Chrome/56.0.2924.90 Safari/537.36 2345Explorer/9.3.2.17331"
45.117.177.72 - - [08/Sep/2025:10:19:17 +0700] "POST /wp-cron.php?doing_wp_cron=1757301557.0783650875091552734375 HTTP/1.0" 200 416 "-" "WordPress/6.8.1; https://vattusacky.vn"
196.251.70.149 - - [08/Sep/2025:10:19:14 +0700] "POST /xmlrpc.php HTTP/1.0" 200 956 "-" "Mozilla/5.0 (Windows NT 6.1; WOW64) AppleWebKit/537.36 (KHTML, like Gecko) Chrome/56.0.2924.90 Safari/537.36 2345Explorer/9.3.2.17331"
196.251.70.149 - - [08/Sep/2025:10:19:18 +0700] "POST /xmlrpc.php HTTP/1.0" 200 956 "-" "Mozilla/5.0 (Windows NT 6.1; WOW64) AppleWebKit/537.36 (KHTML, like Gecko) Chrome/56.0.2924.90 Safari/537.36 2345Explorer/9.3.2.17331"
196.251.70.149 - - [08/Sep/2025:10:19:21 +0700] "POST /xmlrpc.php HTTP/1.0" 200 956 "-" "Mozilla/5.0 (Windows NT 6.1; WOW64) AppleWebKit/537.36 (KHTML, like Gecko) Chrome/56.0.2924.90 Safari/537.36 2345Explorer/9.3.2.17331"
20.171.207.254 - - [08/Sep/2025:10:19:21 +0700] "GET /?p=4185 HTTP/1.0" 301 483 "-" "Mozilla/5.0 AppleWebKit/537.36 (KHTML, like Gecko; compatible; GPTBot/1.2; +https://openai.com/gptbot)"
20.171.207.254 - - [08/Sep/2025:10:19:26 +0700] "GET /the-best-on-line-casinos-for-zambia-62/ HTTP/1.0" 200 234528 "-" "Mozilla/5.0 AppleWebKit/537.36 (KHTML, like Gecko; compatible; GPTBot/1.2; +https://openai.com/gptbot)"
196.251.70.149 - - [08/Sep/2025:10:19:26 +0700] "POST /xmlrpc.php HTTP/1.0" 200 956 "-" "Mozilla/5.0 (Windows NT 6.1; WOW64) AppleWebKit/537.36 (KHTML, like Gecko) Chrome/56.0.2924.90 Safari/537.36 2345Explorer/9.3.2.17331"
196.251.70.149 - - [08/Sep/2025:10:19:30 +0700] "POST /xmlrpc.php HTTP/1.0" 200 956 "-" "Mozilla/5.0 (Windows NT 6.1; WOW64) AppleWebKit/537.36 (KHTML, like Gecko) Chrome/56.0.2924.90 Safari/537.36 2345Explorer/9.3.2.17331"
196.251.70.149 - - [08/Sep/2025:10:19:35 +0700] "POST /xmlrpc.php HTTP/1.0" 200 956 "-" "Mozilla/5.0 (Windows NT 6.1; WOW64) AppleWebKit/537.36 (KHTML, like Gecko) Chrome/56.0.2924.90 Safari/537.36 2345Explorer/9.3.2.17331"
196.251.70.149 - - [08/Sep/2025:10:19:38 +0700] "POST /xmlrpc.php HTTP/1.0" 200 956 "-" "Mozilla/5.0 (Windows NT 6.1; WOW64) AppleWebKit/537.36 (KHTML, like Gecko) Chrome/56.0.2924.90 Safari/537.36 2345Explorer/9.3.2.17331"
196.251.70.149 - - [08/Sep/2025:10:19:41 +0700] "POST /xmlrpc.php HTTP/1.0" 200 956 "-" "Mozilla/5.0 (Windows NT 6.1; WOW64) AppleWebKit/537.36 (KHTML, like Gecko) Chrome/56.0.2924.90 Safari/537.36 2345Explorer/9.3.2.17331"
196.251.70.149 - - [08/Sep/2025:10:19:44 +0700] "POST /xmlrpc.php HTTP/1.0" 200 956 "-" "Mozilla/5.0 (Windows NT 6.1; WOW64) AppleWebKit/537.36 (KHTML, like Gecko) Chrome/56.0.2924.90 Safari/537.36 2345Explorer/9.3.2.17331"
196.251.70.149 - - [08/Sep/2025:10:19:50 +0700] "POST /xmlrpc.php HTTP/1.0" 200 956 "-" "Mozilla/5.0 (Windows NT 6.1; WOW64) AppleWebKit/537.36 (KHTML, like Gecko) Chrome/56.0.2924.90 Safari/537.36 2345Explorer/9.3.2.17331"
20.171.207.254 - - [08/Sep/2025:10:19:52 +0700] "GET /?p=3059 HTTP/1.0" 301 495 "-" "Mozilla/5.0 AppleWebKit/537.36 (KHTML, like Gecko; compatible; GPTBot/1.2; +https://openai.com/gptbot)"
196.251.70.149 - - [08/Sep/2025:10:19:54 +0700] "POST /xmlrpc.php HTTP/1.0" 200 956 "-" "Mozilla/5.0 (Windows NT 6.1; WOW64) AppleWebKit/537.36 (KHTML, like Gecko) Chrome/56.0.2924.90 Safari/537.36 2345Explorer/9.3.2.17331"
20.171.207.254 - - [08/Sep/2025:10:19:56 +0700] "GET /benefits-and-drawbacks-of-going-out-with-a-uk-girl/ HTTP/1.0" 200 206878 "-" "Mozilla/5.0 AppleWebKit/537.36 (KHTML, like Gecko; compatible; GPTBot/1.2; +https://openai.com/gptbot)"
196.251.70.149 - - [08/Sep/2025:10:19:58 +0700] "POST /xmlrpc.php HTTP/1.0" 200 956 "-" "Mozilla/5.0 (Windows NT 6.1; WOW64) AppleWebKit/537.36 (KHTML, like Gecko) Chrome/56.0.2924.90 Safari/537.36 2345Explorer/9.3.2.17331"
196.251.70.149 - - [08/Sep/2025:10:20:02 +0700] "POST /xmlrpc.php HTTP/1.0" 200 956 "-" "Mozilla/5.0 (Windows NT 6.1; WOW64) AppleWebKit/537.36 (KHTML, like Gecko) Chrome/56.0.2924.90 Safari/537.36 2345Explorer/9.3.2.17331"
196.251.70.149 - - [08/Sep/2025:10:20:04 +0700] "POST /xmlrpc.php HTTP/1.0" 200 956 "-" "Mozilla/5.0 (Windows NT 6.1; WOW64) AppleWebKit/537.36 (KHTML, like Gecko) Chrome/56.0.2924.90 Safari/537.36 2345Explorer/9.3.2.17331"
196.251.70.149 - - [08/Sep/2025:10:20:08 +0700] "POST /xmlrpc.php HTTP/1.0" 200 956 "-" "Mozilla/5.0 (Windows NT 6.1; WOW64) AppleWebKit/537.36 (KHTML, like Gecko) Chrome/56.0.2924.90 Safari/537.36 2345Explorer/9.3.2.17331"
196.251.70.149 - - [08/Sep/2025:10:20:11 +0700] "POST /xmlrpc.php HTTP/1.0" 200 956 "-" "Mozilla/5.0 (Windows NT 6.1; WOW64) AppleWebKit/537.36 (KHTML, like Gecko) Chrome/56.0.2924.90 Safari/537.36 2345Explorer/9.3.2.17331"
196.251.70.149 - - [08/Sep/2025:10:20:14 +0700] "POST /xmlrpc.php HTTP/1.0" 200 956 "-" "Mozilla/5.0 (Windows NT 6.1; WOW64) AppleWebKit/537.36 (KHTML, like Gecko) Chrome/56.0.2924.90 Safari/537.36 2345Explorer/9.3.2.17331"
45.117.177.72 - - [08/Sep/2025:10:20:21 +0700] "POST /wp-cron.php?doing_wp_cron=1757301621.2903149127960205078125 HTTP/1.0" 200 416 "-" "WordPress/6.8.1; https://vattusacky.vn"
196.251.70.149 - - [08/Sep/2025:10:20:18 +0700] "POST /xmlrpc.php HTTP/1.0" 200 956 "-" "Mozilla/5.0 (Windows NT 6.1; WOW64) AppleWebKit/537.36 (KHTML, like Gecko) Chrome/56.0.2924.90 Safari/537.36 2345Explorer/9.3.2.17331"
196.251.70.149 - - [08/Sep/2025:10:20:22 +0700] "POST /xmlrpc.php HTTP/1.0" 200 956 "-" "Mozilla/5.0 (Windows NT 6.1; WOW64) AppleWebKit/537.36 (KHTML, like Gecko) Chrome/56.0.2924.90 Safari/537.36 2345Explorer/9.3.2.17331"
196.251.70.149 - - [08/Sep/2025:10:20:25 +0700] "POST /xmlrpc.php HTTP/1.0" 200 956 "-" "Mozilla/5.0 (Windows NT 6.1; WOW64) AppleWebKit/537.36 (KHTML, like Gecko) Chrome/56.0.2924.90 Safari/537.36 2345Explorer/9.3.2.17331"
196.251.70.149 - - [08/Sep/2025:10:20:29 +0700] "POST /xmlrpc.php HTTP/1.0" 200 956 "-" "Mozilla/5.0 (Windows NT 6.1; WOW64) AppleWebKit/537.36 (KHTML, like Gecko) Chrome/56.0.2924.90 Safari/537.36 2345Explorer/9.3.2.17331"
196.251.70.149 - - [08/Sep/2025:10:20:33 +0700] "POST /xmlrpc.php HTTP/1.0" 200 956 "-" "Mozilla/5.0 (Windows NT 6.1; WOW64) AppleWebKit/537.36 (KHTML, like Gecko) Chrome/56.0.2924.90 Safari/537.36 2345Explorer/9.3.2.17331"
196.251.70.149 - - [08/Sep/2025:10:20:38 +0700] "POST /xmlrpc.php HTTP/1.0" 200 956 "-" "Mozilla/5.0 (Windows NT 6.1; WOW64) AppleWebKit/537.36 (KHTML, like Gecko) Chrome/56.0.2924.90 Safari/537.36 2345Explorer/9.3.2.17331"
20.171.207.254 - - [08/Sep/2025:10:20:43 +0700] "GET /?p=2807 HTTP/1.0" 301 498 "-" "Mozilla/5.0 AppleWebKit/537.36 (KHTML, like Gecko; compatible; GPTBot/1.2; +https://openai.com/gptbot)"
196.251.70.149 - - [08/Sep/2025:10:20:43 +0700] "POST /xmlrpc.php HTTP/1.0" 200 956 "-" "Mozilla/5.0 (Windows NT 6.1; WOW64) AppleWebKit/537.36 (KHTML, like Gecko) Chrome/56.0.2924.90 Safari/537.36 2345Explorer/9.3.2.17331"
20.171.207.254 - - [08/Sep/2025:10:20:46 +0700] "GET /krippa-maks-biografija-max-krippa-poplurnye-fakty-513/ HTTP/1.0" 200 230715 "-" "Mozilla/5.0 AppleWebKit/537.36 (KHTML, like Gecko; compatible; GPTBot/1.2; +https://openai.com/gptbot)"
196.251.70.149 - - [08/Sep/2025:10:20:48 +0700] "POST /xmlrpc.php HTTP/1.0" 200 956 "-" "Mozilla/5.0 (Windows NT 6.1; WOW64) AppleWebKit/537.36 (KHTML, like Gecko) Chrome/56.0.2924.90 Safari/537.36 2345Explorer/9.3.2.17331"
196.251.70.149 - - [08/Sep/2025:10:20:52 +0700] "POST /xmlrpc.php HTTP/1.0" 200 956 "-" "Mozilla/5.0 (Windows NT 6.1; WOW64) AppleWebKit/537.36 (KHTML, like Gecko) Chrome/56.0.2924.90 Safari/537.36 2345Explorer/9.3.2.17331"
196.251.70.149 - - [08/Sep/2025:10:20:55 +0700] "POST /xmlrpc.php HTTP/1.0" 200 956 "-" "Mozilla/5.0 (Windows NT 6.1; WOW64) AppleWebKit/537.36 (KHTML, like Gecko) Chrome/56.0.2924.90 Safari/537.36 2345Explorer/9.3.2.17331"
196.251.70.149 - - [08/Sep/2025:10:21:00 +0700] "POST /xmlrpc.php HTTP/1.0" 200 956 "-" "Mozilla/5.0 (Windows NT 6.1; WOW64) AppleWebKit/537.36 (KHTML, like Gecko) Chrome/56.0.2924.90 Safari/537.36 2345Explorer/9.3.2.17331"
196.251.70.149 - - [08/Sep/2025:10:21:04 +0700] "POST /xmlrpc.php HTTP/1.0" 200 956 "-" "Mozilla/5.0 (Windows NT 6.1; WOW64) AppleWebKit/537.36 (KHTML, like Gecko) Chrome/56.0.2924.90 Safari/537.36 2345Explorer/9.3.2.17331"
196.251.70.149 - - [08/Sep/2025:10:21:08 +0700] "POST /xmlrpc.php HTTP/1.0" 200 956 "-" "Mozilla/5.0 (Windows NT 6.1; WOW64) AppleWebKit/537.36 (KHTML, like Gecko) Chrome/56.0.2924.90 Safari/537.36 2345Explorer/9.3.2.17331"
196.251.70.149 - - [08/Sep/2025:10:21:13 +0700] "POST /xmlrpc.php HTTP/1.0" 200 956 "-" "Mozilla/5.0 (Windows NT 6.1; WOW64) AppleWebKit/537.36 (KHTML, like Gecko) Chrome/56.0.2924.90 Safari/537.36 2345Explorer/9.3.2.17331"
45.117.177.72 - - [08/Sep/2025:10:21:20 +0700] "POST /wp-cron.php?doing_wp_cron=1757301680.3618869781494140625000 HTTP/1.0" 200 416 "-" "WordPress/6.8.1; https://vattusacky.vn"
196.251.70.149 - - [08/Sep/2025:10:21:17 +0700] "POST /xmlrpc.php HTTP/1.0" 200 956 "-" "Mozilla/5.0 (Windows NT 6.1; WOW64) AppleWebKit/537.36 (KHTML, like Gecko) Chrome/56.0.2924.90 Safari/537.36 2345Explorer/9.3.2.17331"
196.251.70.149 - - [08/Sep/2025:10:21:21 +0700] "POST /xmlrpc.php HTTP/1.0" 200 956 "-" "Mozilla/5.0 (Windows NT 6.1; WOW64) AppleWebKit/537.36 (KHTML, like Gecko) Chrome/56.0.2924.90 Safari/537.36 2345Explorer/9.3.2.17331"
196.251.70.149 - - [08/Sep/2025:10:21:25 +0700] "POST /xmlrpc.php HTTP/1.0" 200 956 "-" "Mozilla/5.0 (Windows NT 6.1; WOW64) AppleWebKit/537.36 (KHTML, like Gecko) Chrome/56.0.2924.90 Safari/537.36 2345Explorer/9.3.2.17331"
20.171.207.254 - - [08/Sep/2025:10:21:27 +0700] "GET /?p=5980 HTTP/1.0" 301 646 "-" "Mozilla/5.0 AppleWebKit/537.36 (KHTML, like Gecko; compatible; GPTBot/1.2; +https://openai.com/gptbot)"
196.251.70.149 - - [08/Sep/2025:10:21:28 +0700] "POST /xmlrpc.php HTTP/1.0" 200 956 "-" "Mozilla/5.0 (Windows NT 6.1; WOW64) AppleWebKit/537.36 (KHTML, like Gecko) Chrome/56.0.2924.90 Safari/537.36 2345Explorer/9.3.2.17331"
20.171.207.254 - - [08/Sep/2025:10:21:31 +0700] "GET /exploring-the-gambling-opportunities-at-ruby-fortune-nz/ HTTP/1.0" 200 76861 "-" "Mozilla/5.0 AppleWebKit/537.36 (KHTML, like Gecko; compatible; GPTBot/1.2; +https://openai.com/gptbot)"
196.251.70.149 - - [08/Sep/2025:10:21:34 +0700] "POST /xmlrpc.php HTTP/1.0" 200 956 "-" "Mozilla/5.0 (Windows NT 6.1; WOW64) AppleWebKit/537.36 (KHTML, like Gecko) Chrome/56.0.2924.90 Safari/537.36 2345Explorer/9.3.2.17331"
196.251.70.149 - - [08/Sep/2025:10:21:38 +0700] "POST /xmlrpc.php HTTP/1.0" 200 956 "-" "Mozilla/5.0 (Windows NT 6.1; WOW64) AppleWebKit/537.36 (KHTML, like Gecko) Chrome/56.0.2924.90 Safari/537.36 2345Explorer/9.3.2.17331"
196.251.70.149 - - [08/Sep/2025:10:21:41 +0700] "POST /xmlrpc.php HTTP/1.0" 200 956 "-" "Mozilla/5.0 (Windows NT 6.1; WOW64) AppleWebKit/537.36 (KHTML, like Gecko) Chrome/56.0.2924.90 Safari/537.36 2345Explorer/9.3.2.17331"
196.251.70.149 - - [08/Sep/2025:10:21:44 +0700] "POST /xmlrpc.php HTTP/1.0" 200 956 "-" "Mozilla/5.0 (Windows NT 6.1; WOW64) AppleWebKit/537.36 (KHTML, like Gecko) Chrome/56.0.2924.90 Safari/537.36 2345Explorer/9.3.2.17331"
196.251.70.149 - - [08/Sep/2025:10:21:48 +0700] "POST /xmlrpc.php HTTP/1.0" 200 956 "-" "Mozilla/5.0 (Windows NT 6.1; WOW64) AppleWebKit/537.36 (KHTML, like Gecko) Chrome/56.0.2924.90 Safari/537.36 2345Explorer/9.3.2.17331"
196.251.70.149 - - [08/Sep/2025:10:21:51 +0700] "POST /xmlrpc.php HTTP/1.0" 200 956 "-" "Mozilla/5.0 (Windows NT 6.1; WOW64) AppleWebKit/537.36 (KHTML, like Gecko) Chrome/56.0.2924.90 Safari/537.36 2345Explorer/9.3.2.17331"
20.171.207.254 - - [08/Sep/2025:10:21:53 +0700] "GET /?p=4360 HTTP/1.0" 301 489 "-" "Mozilla/5.0 AppleWebKit/537.36 (KHTML, like Gecko; compatible; GPTBot/1.2; +https://openai.com/gptbot)"
196.251.70.149 - - [08/Sep/2025:10:21:55 +0700] "POST /xmlrpc.php HTTP/1.0" 200 956 "-" "Mozilla/5.0 (Windows NT 6.1; WOW64) AppleWebKit/537.36 (KHTML, like Gecko) Chrome/56.0.2924.90 Safari/537.36 2345Explorer/9.3.2.17331"
20.171.207.254 - - [08/Sep/2025:10:21:57 +0700] "GET /vavada-casino-skachajte-dlja-android-i-ios-4/ HTTP/1.0" 200 223649 "-" "Mozilla/5.0 AppleWebKit/537.36 (KHTML, like Gecko; compatible; GPTBot/1.2; +https://openai.com/gptbot)"
196.251.70.149 - - [08/Sep/2025:10:21:58 +0700] "POST /xmlrpc.php HTTP/1.0" 200 956 "-" "Mozilla/5.0 (Windows NT 6.1; WOW64) AppleWebKit/537.36 (KHTML, like Gecko) Chrome/56.0.2924.90 Safari/537.36 2345Explorer/9.3.2.17331"
196.251.70.149 - - [08/Sep/2025:10:22:01 +0700] "POST /xmlrpc.php HTTP/1.0" 200 956 "-" "Mozilla/5.0 (Windows NT 6.1; WOW64) AppleWebKit/537.36 (KHTML, like Gecko) Chrome/56.0.2924.90 Safari/537.36 2345Explorer/9.3.2.17331"
222.84.85.79 - - [08/Sep/2025:10:22:00 +0700] "POST /wp-comments-post.php HTTP/1.0" 302 1149 "-" "Mozilla/5.0 (Windows NT 10.0; Win64; x64) AppleWebKit/537.36 (KHTML, like Gecko) Chrome/108.0.0.0 Safari/537.36 Edg/108.0.1462.46"
196.251.70.149 - - [08/Sep/2025:10:22:07 +0700] "POST /xmlrpc.php HTTP/1.0" 200 956 "-" "Mozilla/5.0 (Windows NT 6.1; WOW64) AppleWebKit/537.36 (KHTML, like Gecko) Chrome/56.0.2924.90 Safari/537.36 2345Explorer/9.3.2.17331"
222.84.85.79 - - [08/Sep/2025:10:22:10 +0700] "GET /how-to-mine-ethereum-step-by-step-guide-updated/?unapproved=1485&moderation-hash=01fc05391e8b49b7f532fc221a6071b5 HTTP/1.0" 200 352590 "-" "Mozilla/5.0 (Windows NT 10.0; Win64; x64) AppleWebKit/537.36 (KHTML, like Gecko) Chrome/108.0.0.0 Safari/537.36 Edg/108.0.1462.46"
196.251.70.149 - - [08/Sep/2025:10:22:11 +0700] "POST /xmlrpc.php HTTP/1.0" 200 956 "-" "Mozilla/5.0 (Windows NT 6.1; WOW64) AppleWebKit/537.36 (KHTML, like Gecko) Chrome/56.0.2924.90 Safari/537.36 2345Explorer/9.3.2.17331"
45.117.177.72 - - [08/Sep/2025:10:22:20 +0700] "POST /wp-cron.php?doing_wp_cron=1757301740.1918129920959472656250 HTTP/1.0" 200 416 "-" "WordPress/6.8.1; https://vattusacky.vn"
196.251.70.149 - - [08/Sep/2025:10:22:17 +0700] "POST /xmlrpc.php HTTP/1.0" 200 956 "-" "Mozilla/5.0 (Windows NT 6.1; WOW64) AppleWebKit/537.36 (KHTML, like Gecko) Chrome/56.0.2924.90 Safari/537.36 2345Explorer/9.3.2.17331"
20.171.207.254 - - [08/Sep/2025:10:22:21 +0700] "GET /?p=5407 HTTP/1.0" 301 499 "-" "Mozilla/5.0 AppleWebKit/537.36 (KHTML, like Gecko; compatible; GPTBot/1.2; +https://openai.com/gptbot)"
196.251.70.149 - - [08/Sep/2025:10:22:21 +0700] "POST /xmlrpc.php HTTP/1.0" 200 956 "-" "Mozilla/5.0 (Windows NT 6.1; WOW64) AppleWebKit/537.36 (KHTML, like Gecko) Chrome/56.0.2924.90 Safari/537.36 2345Explorer/9.3.2.17331"
20.171.207.254 - - [08/Sep/2025:10:22:25 +0700] "GET /aviator-predictor-v1-ninety-four-apk-mod-2023-free-112/ HTTP/1.0" 200 117243 "-" "Mozilla/5.0 AppleWebKit/537.36 (KHTML, like Gecko; compatible; GPTBot/1.2; +https://openai.com/gptbot)"
196.251.70.149 - - [08/Sep/2025:10:22:26 +0700] "POST /xmlrpc.php HTTP/1.0" 200 956 "-" "Mozilla/5.0 (Windows NT 6.1; WOW64) AppleWebKit/537.36 (KHTML, like Gecko) Chrome/56.0.2924.90 Safari/537.36 2345Explorer/9.3.2.17331"
196.251.70.149 - - [08/Sep/2025:10:22:31 +0700] "POST /xmlrpc.php HTTP/1.0" 200 956 "-" "Mozilla/5.0 (Windows NT 6.1; WOW64) AppleWebKit/537.36 (KHTML, like Gecko) Chrome/56.0.2924.90 Safari/537.36 2345Explorer/9.3.2.17331"
23.146.184.239 - - [08/Sep/2025:10:22:32 +0700] "GET / HTTP/1.0" 200 60466 "-" "Mozilla/4.0 (compatible; MSIE 7.0; Windows NT 6.1; WOW64; Trident/7.0; SLCC2; .NET CLR 2.0.50727; .NET CLR 3.5.30729; .NET CLR 3.0.30729; Media Center PC 6.0; CMDTDF; .NET4.0C; .NET4.0E)"
196.251.70.149 - - [08/Sep/2025:10:22:36 +0700] "POST /xmlrpc.php HTTP/1.0" 200 956 "-" "Mozilla/5.0 (Windows NT 6.1; WOW64) AppleWebKit/537.36 (KHTML, like Gecko) Chrome/56.0.2924.90 Safari/537.36 2345Explorer/9.3.2.17331"
23.146.184.239 - - [08/Sep/2025:10:22:39 +0700] "GET / HTTP/1.0" 200 60320 "-" "Mozilla/4.0 (compatible; MSIE 7.0; Windows NT 6.1; WOW64; Trident/7.0; SLCC2; .NET CLR 2.0.50727; .NET CLR 3.5.30729; .NET CLR 3.0.30729; Media Center PC 6.0; CMDTDF; .NET4.0C; .NET4.0E)"
196.251.70.149 - - [08/Sep/2025:10:22:39 +0700] "POST /xmlrpc.php HTTP/1.0" 200 956 "-" "Mozilla/5.0 (Windows NT 6.1; WOW64) AppleWebKit/537.36 (KHTML, like Gecko) Chrome/56.0.2924.90 Safari/537.36 2345Explorer/9.3.2.17331"
196.251.70.149 - - [08/Sep/2025:10:22:43 +0700] "POST /xmlrpc.php HTTP/1.0" 200 956 "-" "Mozilla/5.0 (Windows NT 6.1; WOW64) AppleWebKit/537.36 (KHTML, like Gecko) Chrome/56.0.2924.90 Safari/537.36 2345Explorer/9.3.2.17331"
23.146.184.239 - - [08/Sep/2025:10:22:43 +0700] "GET /san-pham/ HTTP/1.0" 200 136762 "-" "Mozilla/4.0 (compatible; MSIE 7.0; Windows NT 6.1; WOW64; Trident/7.0; SLCC2; .NET CLR 2.0.50727; .NET CLR 3.5.30729; .NET CLR 3.0.30729; Media Center PC 6.0; CMDTDF; .NET4.0C; .NET4.0E)"
196.251.70.149 - - [08/Sep/2025:10:22:48 +0700] "POST /xmlrpc.php HTTP/1.0" 200 956 "-" "Mozilla/5.0 (Windows NT 6.1; WOW64) AppleWebKit/537.36 (KHTML, like Gecko) Chrome/56.0.2924.90 Safari/537.36 2345Explorer/9.3.2.17331"
196.251.70.149 - - [08/Sep/2025:10:22:51 +0700] "POST /xmlrpc.php HTTP/1.0" 200 956 "-" "Mozilla/5.0 (Windows NT 6.1; WOW64) AppleWebKit/537.36 (KHTML, like Gecko) Chrome/56.0.2924.90 Safari/537.36 2345Explorer/9.3.2.17331"
196.251.70.149 - - [08/Sep/2025:10:22:56 +0700] "POST /xmlrpc.php HTTP/1.0" 200 956 "-" "Mozilla/5.0 (Windows NT 6.1; WOW64) AppleWebKit/537.36 (KHTML, like Gecko) Chrome/56.0.2924.90 Safari/537.36 2345Explorer/9.3.2.17331"
196.251.70.149 - - [08/Sep/2025:10:23:00 +0700] "POST /xmlrpc.php HTTP/1.0" 200 956 "-" "Mozilla/5.0 (Windows NT 6.1; WOW64) AppleWebKit/537.36 (KHTML, like Gecko) Chrome/56.0.2924.90 Safari/537.36 2345Explorer/9.3.2.17331"
196.251.70.149 - - [08/Sep/2025:10:23:05 +0700] "POST /xmlrpc.php HTTP/1.0" 200 956 "-" "Mozilla/5.0 (Windows NT 6.1; WOW64) AppleWebKit/537.36 (KHTML, like Gecko) Chrome/56.0.2924.90 Safari/537.36 2345Explorer/9.3.2.17331"
196.251.70.149 - - [08/Sep/2025:10:23:09 +0700] "POST /xmlrpc.php HTTP/1.0" 200 956 "-" "Mozilla/5.0 (Windows NT 6.1; WOW64) AppleWebKit/537.36 (KHTML, like Gecko) Chrome/56.0.2924.90 Safari/537.36 2345Explorer/9.3.2.17331"
196.251.70.149 - - [08/Sep/2025:10:23:12 +0700] "POST /xmlrpc.php HTTP/1.0" 200 956 "-" "Mozilla/5.0 (Windows NT 6.1; WOW64) AppleWebKit/537.36 (KHTML, like Gecko) Chrome/56.0.2924.90 Safari/537.36 2345Explorer/9.3.2.17331"
45.117.177.72 - - [08/Sep/2025:10:23:19 +0700] "POST /wp-cron.php?doing_wp_cron=1757301799.4915509223937988281250 HTTP/1.0" 200 416 "-" "WordPress/6.8.1; https://vattusacky.vn"
196.251.70.149 - - [08/Sep/2025:10:23:16 +0700] "POST /xmlrpc.php HTTP/1.0" 200 956 "-" "Mozilla/5.0 (Windows NT 6.1; WOW64) AppleWebKit/537.36 (KHTML, like Gecko) Chrome/56.0.2924.90 Safari/537.36 2345Explorer/9.3.2.17331"
196.251.70.149 - - [08/Sep/2025:10:23:20 +0700] "POST /xmlrpc.php HTTP/1.0" 200 956 "-" "Mozilla/5.0 (Windows NT 6.1; WOW64) AppleWebKit/537.36 (KHTML, like Gecko) Chrome/56.0.2924.90 Safari/537.36 2345Explorer/9.3.2.17331"
196.251.70.149 - - [08/Sep/2025:10:23:24 +0700] "POST /xmlrpc.php HTTP/1.0" 200 956 "-" "Mozilla/5.0 (Windows NT 6.1; WOW64) AppleWebKit/537.36 (KHTML, like Gecko) Chrome/56.0.2924.90 Safari/537.36 2345Explorer/9.3.2.17331"
196.251.70.149 - - [08/Sep/2025:10:23:29 +0700] "POST /xmlrpc.php HTTP/1.0" 200 956 "-" "Mozilla/5.0 (Windows NT 6.1; WOW64) AppleWebKit/537.36 (KHTML, like Gecko) Chrome/56.0.2924.90 Safari/537.36 2345Explorer/9.3.2.17331"
196.251.70.149 - - [08/Sep/2025:10:23:32 +0700] "POST /xmlrpc.php HTTP/1.0" 200 956 "-" "Mozilla/5.0 (Windows NT 6.1; WOW64) AppleWebKit/537.36 (KHTML, like Gecko) Chrome/56.0.2924.90 Safari/537.36 2345Explorer/9.3.2.17331"
196.251.70.149 - - [08/Sep/2025:10:23:37 +0700] "POST /xmlrpc.php HTTP/1.0" 200 956 "-" "Mozilla/5.0 (Windows NT 6.1; WOW64) AppleWebKit/537.36 (KHTML, like Gecko) Chrome/56.0.2924.90 Safari/537.36 2345Explorer/9.3.2.17331"
196.251.70.149 - - [08/Sep/2025:10:23:40 +0700] "POST /xmlrpc.php HTTP/1.0" 200 956 "-" "Mozilla/5.0 (Windows NT 6.1; WOW64) AppleWebKit/537.36 (KHTML, like Gecko) Chrome/56.0.2924.90 Safari/537.36 2345Explorer/9.3.2.17331"
196.251.70.149 - - [08/Sep/2025:10:23:43 +0700] "POST /xmlrpc.php HTTP/1.0" 200 956 "-" "Mozilla/5.0 (Windows NT 6.1; WOW64) AppleWebKit/537.36 (KHTML, like Gecko) Chrome/56.0.2924.90 Safari/537.36 2345Explorer/9.3.2.17331"
196.251.70.149 - - [08/Sep/2025:10:23:48 +0700] "POST /xmlrpc.php HTTP/1.0" 200 956 "-" "Mozilla/5.0 (Windows NT 6.1; WOW64) AppleWebKit/537.36 (KHTML, like Gecko) Chrome/56.0.2924.90 Safari/537.36 2345Explorer/9.3.2.17331"
20.171.207.254 - - [08/Sep/2025:10:23:50 +0700] "GET /?p=4582 HTTP/1.0" 301 448 "-" "Mozilla/5.0 AppleWebKit/537.36 (KHTML, like Gecko; compatible; GPTBot/1.2; +https://openai.com/gptbot)"
196.251.70.149 - - [08/Sep/2025:10:23:53 +0700] "POST /xmlrpc.php HTTP/1.0" 200 956 "-" "Mozilla/5.0 (Windows NT 6.1; WOW64) AppleWebKit/537.36 (KHTML, like Gecko) Chrome/56.0.2924.90 Safari/537.36 2345Explorer/9.3.2.17331"
196.251.70.149 - - [08/Sep/2025:10:23:56 +0700] "POST /xmlrpc.php HTTP/1.0" 200 956 "-" "Mozilla/5.0 (Windows NT 6.1; WOW64) AppleWebKit/537.36 (KHTML, like Gecko) Chrome/56.0.2924.90 Safari/537.36 2345Explorer/9.3.2.17331"
20.171.207.254 - - [08/Sep/2025:10:23:59 +0700] "GET /play-mega-mallah-slot-machines-enhance-your-slots/ HTTP/1.0" 200 207366 "-" "Mozilla/5.0 AppleWebKit/537.36 (KHTML, like Gecko; compatible; GPTBot/1.2; +https://openai.com/gptbot)"
196.251.70.149 - - [08/Sep/2025:10:24:00 +0700] "POST /xmlrpc.php HTTP/1.0" 200 956 "-" "Mozilla/5.0 (Windows NT 6.1; WOW64) AppleWebKit/537.36 (KHTML, like Gecko) Chrome/56.0.2924.90 Safari/537.36 2345Explorer/9.3.2.17331"
196.251.70.149 - - [08/Sep/2025:10:24:07 +0700] "POST /xmlrpc.php HTTP/1.0" 200 956 "-" "Mozilla/5.0 (Windows NT 6.1; WOW64) AppleWebKit/537.36 (KHTML, like Gecko) Chrome/56.0.2924.90 Safari/537.36 2345Explorer/9.3.2.17331"
196.251.70.149 - - [08/Sep/2025:10:24:10 +0700] "POST /xmlrpc.php HTTP/1.0" 200 956 "-" "Mozilla/5.0 (Windows NT 6.1; WOW64) AppleWebKit/537.36 (KHTML, like Gecko) Chrome/56.0.2924.90 Safari/537.36 2345Explorer/9.3.2.17331"
45.117.177.72 - - [08/Sep/2025:10:24:18 +0700] "POST /wp-cron.php?doing_wp_cron=1757301857.9301800727844238281250 HTTP/1.0" 200 416 "-" "WordPress/6.8.1; https://vattusacky.vn"
196.251.70.149 - - [08/Sep/2025:10:24:14 +0700] "POST /xmlrpc.php HTTP/1.0" 200 956 "-" "Mozilla/5.0 (Windows NT 6.1; WOW64) AppleWebKit/537.36 (KHTML, like Gecko) Chrome/56.0.2924.90 Safari/537.36 2345Explorer/9.3.2.17331"
196.251.70.149 - - [08/Sep/2025:10:24:18 +0700] "POST /xmlrpc.php HTTP/1.0" 200 956 "-" "Mozilla/5.0 (Windows NT 6.1; WOW64) AppleWebKit/537.36 (KHTML, like Gecko) Chrome/56.0.2924.90 Safari/537.36 2345Explorer/9.3.2.17331"
196.251.70.149 - - [08/Sep/2025:10:24:23 +0700] "POST /xmlrpc.php HTTP/1.0" 200 956 "-" "Mozilla/5.0 (Windows NT 6.1; WOW64) AppleWebKit/537.36 (KHTML, like Gecko) Chrome/56.0.2924.90 Safari/537.36 2345Explorer/9.3.2.17331"
196.251.70.149 - - [08/Sep/2025:10:24:25 +0700] "POST /xmlrpc.php HTTP/1.0" 200 956 "-" "Mozilla/5.0 (Windows NT 6.1; WOW64) AppleWebKit/537.36 (KHTML, like Gecko) Chrome/56.0.2924.90 Safari/537.36 2345Explorer/9.3.2.17331"
196.251.70.149 - - [08/Sep/2025:10:24:29 +0700] "POST /xmlrpc.php HTTP/1.0" 200 956 "-" "Mozilla/5.0 (Windows NT 6.1; WOW64) AppleWebKit/537.36 (KHTML, like Gecko) Chrome/56.0.2924.90 Safari/537.36 2345Explorer/9.3.2.17331"
196.251.70.149 - - [08/Sep/2025:10:24:33 +0700] "POST /xmlrpc.php HTTP/1.0" 200 956 "-" "Mozilla/5.0 (Windows NT 6.1; WOW64) AppleWebKit/537.36 (KHTML, like Gecko) Chrome/56.0.2924.90 Safari/537.36 2345Explorer/9.3.2.17331"
196.251.70.149 - - [08/Sep/2025:10:24:36 +0700] "POST /xmlrpc.php HTTP/1.0" 200 956 "-" "Mozilla/5.0 (Windows NT 6.1; WOW64) AppleWebKit/537.36 (KHTML, like Gecko) Chrome/56.0.2924.90 Safari/537.36 2345Explorer/9.3.2.17331"
196.251.70.149 - - [08/Sep/2025:10:24:40 +0700] "POST /xmlrpc.php HTTP/1.0" 200 956 "-" "Mozilla/5.0 (Windows NT 6.1; WOW64) AppleWebKit/537.36 (KHTML, like Gecko) Chrome/56.0.2924.90 Safari/537.36 2345Explorer/9.3.2.17331"
196.251.70.149 - - [08/Sep/2025:10:24:44 +0700] "POST /xmlrpc.php HTTP/1.0" 200 956 "-" "Mozilla/5.0 (Windows NT 6.1; WOW64) AppleWebKit/537.36 (KHTML, like Gecko) Chrome/56.0.2924.90 Safari/537.36 2345Explorer/9.3.2.17331"
196.251.70.149 - - [08/Sep/2025:10:24:48 +0700] "POST /xmlrpc.php HTTP/1.0" 200 956 "-" "Mozilla/5.0 (Windows NT 6.1; WOW64) AppleWebKit/537.36 (KHTML, like Gecko) Chrome/56.0.2924.90 Safari/537.36 2345Explorer/9.3.2.17331"
196.251.70.149 - - [08/Sep/2025:10:24:52 +0700] "POST /xmlrpc.php HTTP/1.0" 200 956 "-" "Mozilla/5.0 (Windows NT 6.1; WOW64) AppleWebKit/537.36 (KHTML, like Gecko) Chrome/56.0.2924.90 Safari/537.36 2345Explorer/9.3.2.17331"
196.251.70.149 - - [08/Sep/2025:10:24:56 +0700] "POST /xmlrpc.php HTTP/1.0" 200 956 "-" "Mozilla/5.0 (Windows NT 6.1; WOW64) AppleWebKit/537.36 (KHTML, like Gecko) Chrome/56.0.2924.90 Safari/537.36 2345Explorer/9.3.2.17331"
196.251.70.149 - - [08/Sep/2025:10:24:59 +0700] "POST /xmlrpc.php HTTP/1.0" 200 956 "-" "Mozilla/5.0 (Windows NT 6.1; WOW64) AppleWebKit/537.36 (KHTML, like Gecko) Chrome/56.0.2924.90 Safari/537.36 2345Explorer/9.3.2.17331"
196.251.70.149 - - [08/Sep/2025:10:25:02 +0700] "POST /xmlrpc.php HTTP/1.0" 200 956 "-" "Mozilla/5.0 (Windows NT 6.1; WOW64) AppleWebKit/537.36 (KHTML, like Gecko) Chrome/56.0.2924.90 Safari/537.36 2345Explorer/9.3.2.17331"
196.251.70.149 - - [08/Sep/2025:10:25:04 +0700] "POST /xmlrpc.php HTTP/1.0" 200 956 "-" "Mozilla/5.0 (Windows NT 6.1; WOW64) AppleWebKit/537.36 (KHTML, like Gecko) Chrome/56.0.2924.90 Safari/537.36 2345Explorer/9.3.2.17331"
196.251.70.149 - - [08/Sep/2025:10:25:08 +0700] "POST /xmlrpc.php HTTP/1.0" 200 956 "-" "Mozilla/5.0 (Windows NT 6.1; WOW64) AppleWebKit/537.36 (KHTML, like Gecko) Chrome/56.0.2924.90 Safari/537.36 2345Explorer/9.3.2.17331"
45.117.177.72 - - [08/Sep/2025:10:25:17 +0700] "POST /wp-cron.php?doing_wp_cron=1757301917.1717839241027832031250 HTTP/1.0" 200 416 "-" "WordPress/6.8.1; https://vattusacky.vn"
196.251.70.149 - - [08/Sep/2025:10:25:14 +0700] "POST /xmlrpc.php HTTP/1.0" 200 956 "-" "Mozilla/5.0 (Windows NT 6.1; WOW64) AppleWebKit/537.36 (KHTML, like Gecko) Chrome/56.0.2924.90 Safari/537.36 2345Explorer/9.3.2.17331"
196.251.70.149 - - [08/Sep/2025:10:25:18 +0700] "POST /xmlrpc.php HTTP/1.0" 200 956 "-" "Mozilla/5.0 (Windows NT 6.1; WOW64) AppleWebKit/537.36 (KHTML, like Gecko) Chrome/56.0.2924.90 Safari/537.36 2345Explorer/9.3.2.17331"
20.171.207.254 - - [08/Sep/2025:10:25:22 +0700] "GET /?p=6305 HTTP/1.0" 301 504 "-" "Mozilla/5.0 AppleWebKit/537.36 (KHTML, like Gecko; compatible; GPTBot/1.2; +https://openai.com/gptbot)"
196.251.70.149 - - [08/Sep/2025:10:25:22 +0700] "POST /xmlrpc.php HTTP/1.0" 200 956 "-" "Mozilla/5.0 (Windows NT 6.1; WOW64) AppleWebKit/537.36 (KHTML, like Gecko) Chrome/56.0.2924.90 Safari/537.36 2345Explorer/9.3.2.17331"
196.251.70.149 - - [08/Sep/2025:10:25:26 +0700] "POST /xmlrpc.php HTTP/1.0" 200 956 "-" "Mozilla/5.0 (Windows NT 6.1; WOW64) AppleWebKit/537.36 (KHTML, like Gecko) Chrome/56.0.2924.90 Safari/537.36 2345Explorer/9.3.2.17331"
196.251.70.149 - - [08/Sep/2025:10:25:29 +0700] "POST /xmlrpc.php HTTP/1.0" 200 956 "-" "Mozilla/5.0 (Windows NT 6.1; WOW64) AppleWebKit/537.36 (KHTML, like Gecko) Chrome/56.0.2924.90 Safari/537.36 2345Explorer/9.3.2.17331"
196.251.70.149 - - [08/Sep/2025:10:25:32 +0700] "POST /xmlrpc.php HTTP/1.0" 200 956 "-" "Mozilla/5.0 (Windows NT 6.1; WOW64) AppleWebKit/537.36 (KHTML, like Gecko) Chrome/56.0.2924.90 Safari/537.36 2345Explorer/9.3.2.17331"
196.251.70.149 - - [08/Sep/2025:10:25:36 +0700] "POST /xmlrpc.php HTTP/1.0" 200 956 "-" "Mozilla/5.0 (Windows NT 6.1; WOW64) AppleWebKit/537.36 (KHTML, like Gecko) Chrome/56.0.2924.90 Safari/537.36 2345Explorer/9.3.2.17331"
196.251.70.149 - - [08/Sep/2025:10:25:40 +0700] "POST /xmlrpc.php HTTP/1.0" 200 956 "-" "Mozilla/5.0 (Windows NT 6.1; WOW64) AppleWebKit/537.36 (KHTML, like Gecko) Chrome/56.0.2924.90 Safari/537.36 2345Explorer/9.3.2.17331"
20.171.207.254 - - [08/Sep/2025:10:25:39 +0700] "GET /can-virtual-empathy-be-as-effective-as-face-to-face-empathy/ HTTP/1.0" 200 92331 "-" "Mozilla/5.0 AppleWebKit/537.36 (KHTML, like Gecko; compatible; GPTBot/1.2; +https://openai.com/gptbot)"
196.251.70.149 - - [08/Sep/2025:10:25:45 +0700] "POST /xmlrpc.php HTTP/1.0" 200 956 "-" "Mozilla/5.0 (Windows NT 6.1; WOW64) AppleWebKit/537.36 (KHTML, like Gecko) Chrome/56.0.2924.90 Safari/537.36 2345Explorer/9.3.2.17331"
196.251.70.149 - - [08/Sep/2025:10:25:48 +0700] "POST /xmlrpc.php HTTP/1.0" 200 956 "-" "Mozilla/5.0 (Windows NT 6.1; WOW64) AppleWebKit/537.36 (KHTML, like Gecko) Chrome/56.0.2924.90 Safari/537.36 2345Explorer/9.3.2.17331"
196.251.70.149 - - [08/Sep/2025:10:25:52 +0700] "POST /xmlrpc.php HTTP/1.0" 200 956 "-" "Mozilla/5.0 (Windows NT 6.1; WOW64) AppleWebKit/537.36 (KHTML, like Gecko) Chrome/56.0.2924.90 Safari/537.36 2345Explorer/9.3.2.17331"
196.251.70.149 - - [08/Sep/2025:10:25:56 +0700] "POST /xmlrpc.php HTTP/1.0" 200 956 "-" "Mozilla/5.0 (Windows NT 6.1; WOW64) AppleWebKit/537.36 (KHTML, like Gecko) Chrome/56.0.2924.90 Safari/537.36 2345Explorer/9.3.2.17331"
196.251.70.149 - - [08/Sep/2025:10:26:01 +0700] "POST /xmlrpc.php HTTP/1.0" 200 956 "-" "Mozilla/5.0 (Windows NT 6.1; WOW64) AppleWebKit/537.36 (KHTML, like Gecko) Chrome/56.0.2924.90 Safari/537.36 2345Explorer/9.3.2.17331"
196.251.70.149 - - [08/Sep/2025:10:26:05 +0700] "POST /xmlrpc.php HTTP/1.0" 200 956 "-" "Mozilla/5.0 (Windows NT 6.1; WOW64) AppleWebKit/537.36 (KHTML, like Gecko) Chrome/56.0.2924.90 Safari/537.36 2345Explorer/9.3.2.17331"
196.251.70.149 - - [08/Sep/2025:10:26:07 +0700] "POST /xmlrpc.php HTTP/1.0" 200 956 "-" "Mozilla/5.0 (Windows NT 6.1; WOW64) AppleWebKit/537.36 (KHTML, like Gecko) Chrome/56.0.2924.90 Safari/537.36 2345Explorer/9.3.2.17331"
196.251.70.149 - - [08/Sep/2025:10:26:10 +0700] "POST /xmlrpc.php HTTP/1.0" 200 956 "-" "Mozilla/5.0 (Windows NT 6.1; WOW64) AppleWebKit/537.36 (KHTML, like Gecko) Chrome/56.0.2924.90 Safari/537.36 2345Explorer/9.3.2.17331"
45.117.177.72 - - [08/Sep/2025:10:26:17 +0700] "POST /wp-cron.php?doing_wp_cron=1757301977.8182001113891601562500 HTTP/1.0" 200 416 "-" "WordPress/6.8.1; https://vattusacky.vn"
196.251.70.149 - - [08/Sep/2025:10:26:15 +0700] "POST /xmlrpc.php HTTP/1.0" 200 956 "-" "Mozilla/5.0 (Windows NT 6.1; WOW64) AppleWebKit/537.36 (KHTML, like Gecko) Chrome/56.0.2924.90 Safari/537.36 2345Explorer/9.3.2.17331"
196.251.70.149 - - [08/Sep/2025:10:26:18 +0700] "POST /xmlrpc.php HTTP/1.0" 200 956 "-" "Mozilla/5.0 (Windows NT 6.1; WOW64) AppleWebKit/537.36 (KHTML, like Gecko) Chrome/56.0.2924.90 Safari/537.36 2345Explorer/9.3.2.17331"
196.251.70.149 - - [08/Sep/2025:10:26:22 +0700] "POST /xmlrpc.php HTTP/1.0" 200 956 "-" "Mozilla/5.0 (Windows NT 6.1; WOW64) AppleWebKit/537.36 (KHTML, like Gecko) Chrome/56.0.2924.90 Safari/537.36 2345Explorer/9.3.2.17331"
196.251.70.149 - - [08/Sep/2025:10:26:26 +0700] "POST /xmlrpc.php HTTP/1.0" 200 956 "-" "Mozilla/5.0 (Windows NT 6.1; WOW64) AppleWebKit/537.36 (KHTML, like Gecko) Chrome/56.0.2924.90 Safari/537.36 2345Explorer/9.3.2.17331"
196.251.70.149 - - [08/Sep/2025:10:26:29 +0700] "POST /xmlrpc.php HTTP/1.0" 200 956 "-" "Mozilla/5.0 (Windows NT 6.1; WOW64) AppleWebKit/537.36 (KHTML, like Gecko) Chrome/56.0.2924.90 Safari/537.36 2345Explorer/9.3.2.17331"
20.171.207.254 - - [08/Sep/2025:10:26:33 +0700] "GET /?p=9348 HTTP/1.0" 301 626 "-" "Mozilla/5.0 AppleWebKit/537.36 (KHTML, like Gecko; compatible; GPTBot/1.2; +https://openai.com/gptbot)"
196.251.70.149 - - [08/Sep/2025:10:26:33 +0700] "POST /xmlrpc.php HTTP/1.0" 200 956 "-" "Mozilla/5.0 (Windows NT 6.1; WOW64) AppleWebKit/537.36 (KHTML, like Gecko) Chrome/56.0.2924.90 Safari/537.36 2345Explorer/9.3.2.17331"
45.117.177.72 - - [08/Sep/2025:10:26:39 +0700] "POST /wp-cron.php?doing_wp_cron=1757301999.2513689994812011718750 HTTP/1.0" 200 416 "-" "WordPress/6.8.1; https://vattusacky.vn"
196.251.70.149 - - [08/Sep/2025:10:26:36 +0700] "POST /xmlrpc.php HTTP/1.0" 200 956 "-" "Mozilla/5.0 (Windows NT 6.1; WOW64) AppleWebKit/537.36 (KHTML, like Gecko) Chrome/56.0.2924.90 Safari/537.36 2345Explorer/9.3.2.17331"
196.251.70.149 - - [08/Sep/2025:10:26:40 +0700] "POST /xmlrpc.php HTTP/1.0" 200 956 "-" "Mozilla/5.0 (Windows NT 6.1; WOW64) AppleWebKit/537.36 (KHTML, like Gecko) Chrome/56.0.2924.90 Safari/537.36 2345Explorer/9.3.2.17331"
20.171.207.254 - - [08/Sep/2025:10:26:42 +0700] "GET /kazino-bonusy-zerkalo-kazino-onlajn/ HTTP/1.0" 200 94273 "-" "Mozilla/5.0 AppleWebKit/537.36 (KHTML, like Gecko; compatible; GPTBot/1.2; +https://openai.com/gptbot)"
196.251.70.149 - - [08/Sep/2025:10:26:44 +0700] "POST /xmlrpc.php HTTP/1.0" 200 956 "-" "Mozilla/5.0 (Windows NT 6.1; WOW64) AppleWebKit/537.36 (KHTML, like Gecko) Chrome/56.0.2924.90 Safari/537.36 2345Explorer/9.3.2.17331"
196.251.70.149 - - [08/Sep/2025:10:26:47 +0700] "POST /xmlrpc.php HTTP/1.0" 200 956 "-" "Mozilla/5.0 (Windows NT 6.1; WOW64) AppleWebKit/537.36 (KHTML, like Gecko) Chrome/56.0.2924.90 Safari/537.36 2345Explorer/9.3.2.17331"
196.251.70.149 - - [08/Sep/2025:10:26:51 +0700] "POST /xmlrpc.php HTTP/1.0" 200 956 "-" "Mozilla/5.0 (Windows NT 6.1; WOW64) AppleWebKit/537.36 (KHTML, like Gecko) Chrome/56.0.2924.90 Safari/537.36 2345Explorer/9.3.2.17331"
196.251.70.149 - - [08/Sep/2025:10:26:57 +0700] "POST /xmlrpc.php HTTP/1.0" 200 956 "-" "Mozilla/5.0 (Windows NT 6.1; WOW64) AppleWebKit/537.36 (KHTML, like Gecko) Chrome/56.0.2924.90 Safari/537.36 2345Explorer/9.3.2.17331"
196.251.70.149 - - [08/Sep/2025:10:27:01 +0700] "POST /xmlrpc.php HTTP/1.0" 200 956 "-" "Mozilla/5.0 (Windows NT 6.1; WOW64) AppleWebKit/537.36 (KHTML, like Gecko) Chrome/56.0.2924.90 Safari/537.36 2345Explorer/9.3.2.17331"
196.251.70.149 - - [08/Sep/2025:10:27:06 +0700] "POST /xmlrpc.php HTTP/1.0" 200 956 "-" "Mozilla/5.0 (Windows NT 6.1; WOW64) AppleWebKit/537.36 (KHTML, like Gecko) Chrome/56.0.2924.90 Safari/537.36 2345Explorer/9.3.2.17331"
20.171.207.254 - - [08/Sep/2025:10:27:09 +0700] "GET /?p=4368 HTTP/1.0" 301 490 "-" "Mozilla/5.0 AppleWebKit/537.36 (KHTML, like Gecko; compatible; GPTBot/1.2; +https://openai.com/gptbot)"
196.251.70.149 - - [08/Sep/2025:10:27:10 +0700] "POST /xmlrpc.php HTTP/1.0" 200 956 "-" "Mozilla/5.0 (Windows NT 6.1; WOW64) AppleWebKit/537.36 (KHTML, like Gecko) Chrome/56.0.2924.90 Safari/537.36 2345Explorer/9.3.2.17331"
20.171.207.254 - - [08/Sep/2025:10:27:11 +0700] "GET /mostbet-casino-bolshoj-katalog-igr-v-kazino-2/ HTTP/1.0" 200 224053 "-" "Mozilla/5.0 AppleWebKit/537.36 (KHTML, like Gecko; compatible; GPTBot/1.2; +https://openai.com/gptbot)"
196.251.70.149 - - [08/Sep/2025:10:27:14 +0700] "POST /xmlrpc.php HTTP/1.0" 200 956 "-" "Mozilla/5.0 (Windows NT 6.1; WOW64) AppleWebKit/537.36 (KHTML, like Gecko) Chrome/56.0.2924.90 Safari/537.36 2345Explorer/9.3.2.17331"
196.251.70.149 - - [08/Sep/2025:10:27:17 +0700] "POST /xmlrpc.php HTTP/1.0" 200 956 "-" "Mozilla/5.0 (Windows NT 6.1; WOW64) AppleWebKit/537.36 (KHTML, like Gecko) Chrome/56.0.2924.90 Safari/537.36 2345Explorer/9.3.2.17331"
196.251.70.149 - - [08/Sep/2025:10:27:26 +0700] "POST /xmlrpc.php HTTP/1.0" 200 956 "-" "Mozilla/5.0 (Windows NT 6.1; WOW64) AppleWebKit/537.36 (KHTML, like Gecko) Chrome/56.0.2924.90 Safari/537.36 2345Explorer/9.3.2.17331"
196.251.70.149 - - [08/Sep/2025:10:27:32 +0700] "POST /xmlrpc.php HTTP/1.0" 200 956 "-" "Mozilla/5.0 (Windows NT 6.1; WOW64) AppleWebKit/537.36 (KHTML, like Gecko) Chrome/56.0.2924.90 Safari/537.36 2345Explorer/9.3.2.17331"
196.251.70.149 - - [08/Sep/2025:10:27:35 +0700] "POST /xmlrpc.php HTTP/1.0" 200 956 "-" "Mozilla/5.0 (Windows NT 6.1; WOW64) AppleWebKit/537.36 (KHTML, like Gecko) Chrome/56.0.2924.90 Safari/537.36 2345Explorer/9.3.2.17331"
196.251.70.149 - - [08/Sep/2025:10:27:40 +0700] "POST /xmlrpc.php HTTP/1.0" 200 956 "-" "Mozilla/5.0 (Windows NT 6.1; WOW64) AppleWebKit/537.36 (KHTML, like Gecko) Chrome/56.0.2924.90 Safari/537.36 2345Explorer/9.3.2.17331"
196.251.70.149 - - [08/Sep/2025:10:27:43 +0700] "POST /xmlrpc.php HTTP/1.0" 200 956 "-" "Mozilla/5.0 (Windows NT 6.1; WOW64) AppleWebKit/537.36 (KHTML, like Gecko) Chrome/56.0.2924.90 Safari/537.36 2345Explorer/9.3.2.17331"
196.251.70.149 - - [08/Sep/2025:10:27:46 +0700] "POST /xmlrpc.php HTTP/1.0" 200 956 "-" "Mozilla/5.0 (Windows NT 6.1; WOW64) AppleWebKit/537.36 (KHTML, like Gecko) Chrome/56.0.2924.90 Safari/537.36 2345Explorer/9.3.2.17331"
20.171.207.254 - - [08/Sep/2025:10:27:48 +0700] "GET /?p=6472 HTTP/1.0" 301 504 "-" "Mozilla/5.0 AppleWebKit/537.36 (KHTML, like Gecko; compatible; GPTBot/1.2; +https://openai.com/gptbot)"
196.251.70.149 - - [08/Sep/2025:10:27:49 +0700] "POST /xmlrpc.php HTTP/1.0" 200 956 "-" "Mozilla/5.0 (Windows NT 6.1; WOW64) AppleWebKit/537.36 (KHTML, like Gecko) Chrome/56.0.2924.90 Safari/537.36 2345Explorer/9.3.2.17331"
20.171.207.254 - - [08/Sep/2025:10:27:51 +0700] "GET /delving-into-the-world-of-omegle-chatting-what-lies-beneath/ HTTP/1.0" 200 90316 "-" "Mozilla/5.0 AppleWebKit/537.36 (KHTML, like Gecko; compatible; GPTBot/1.2; +https://openai.com/gptbot)"
196.251.70.149 - - [08/Sep/2025:10:27:53 +0700] "POST /xmlrpc.php HTTP/1.0" 200 956 "-" "Mozilla/5.0 (Windows NT 6.1; WOW64) AppleWebKit/537.36 (KHTML, like Gecko) Chrome/56.0.2924.90 Safari/537.36 2345Explorer/9.3.2.17331"
196.251.70.149 - - [08/Sep/2025:10:27:57 +0700] "POST /xmlrpc.php HTTP/1.0" 200 956 "-" "Mozilla/5.0 (Windows NT 6.1; WOW64) AppleWebKit/537.36 (KHTML, like Gecko) Chrome/56.0.2924.90 Safari/537.36 2345Explorer/9.3.2.17331"
196.251.70.149 - - [08/Sep/2025:10:28:03 +0700] "POST /xmlrpc.php HTTP/1.0" 200 956 "-" "Mozilla/5.0 (Windows NT 6.1; WOW64) AppleWebKit/537.36 (KHTML, like Gecko) Chrome/56.0.2924.90 Safari/537.36 2345Explorer/9.3.2.17331"
