20.171.207.118 - - [08/Sep/2025:16:42:53 +0700] "GET /inside-the-event-you-kiss-the-date-over-a-first-particular-date/ HTTP/1.0" 200 74091 "-" "Mozilla/5.0 AppleWebKit/537.36 (KHTML, like Gecko; compatible; GPTBot/1.2; +https://openai.com/gptbot)"
45.117.177.72 - - [08/Sep/2025:16:43:33 +0700] "POST /wp-cron.php?doing_wp_cron=1757324613.3315889835357666015625 HTTP/1.0" 200 416 "-" "WordPress/6.8.1; https://vattusacky.vn"
20.171.207.118 - - [08/Sep/2025:16:43:31 +0700] "GET /suggestions-for-the-younger-women-seeking-older-men/ HTTP/1.0" 200 74684 "-" "Mozilla/5.0 AppleWebKit/537.36 (KHTML, like Gecko; compatible; GPTBot/1.2; +https://openai.com/gptbot)"
20.171.207.118 - - [08/Sep/2025:16:44:18 +0700] "GET /?p=6474 HTTP/1.0" 301 498 "-" "Mozilla/5.0 AppleWebKit/537.36 (KHTML, like Gecko; compatible; GPTBot/1.2; +https://openai.com/gptbot)"
20.171.207.118 - - [08/Sep/2025:16:44:30 +0700] "GET /demystifying-omegle-and-ometv-how-do-they-really-work/ HTTP/1.0" 200 91225 "-" "Mozilla/5.0 AppleWebKit/537.36 (KHTML, like Gecko; compatible; GPTBot/1.2; +https://openai.com/gptbot)"
138.197.123.217 - - [08/Sep/2025:16:44:34 +0700] "POST /xmlrpc.php HTTP/1.0" 200 956 "https://vattusacky.vn" "Mozilla/5.0 (Macintosh; Intel Mac OS X 10.15; rv:126.0) Gecko/20100101 Firefox/126.0"
20.171.207.118 - - [08/Sep/2025:16:44:58 +0700] "GET /?p=5040 HTTP/1.0" 301 493 "-" "Mozilla/5.0 AppleWebKit/537.36 (KHTML, like Gecko; compatible; GPTBot/1.2; +https://openai.com/gptbot)"
20.171.207.118 - - [08/Sep/2025:16:44:59 +0700] "GET /comparing-prices-where-to-get-the-best-value-for/ HTTP/1.0" 200 232209 "-" "Mozilla/5.0 AppleWebKit/537.36 (KHTML, like Gecko; compatible; GPTBot/1.2; +https://openai.com/gptbot)"
45.117.177.72 - - [08/Sep/2025:16:46:05 +0700] "POST /wp-cron.php?doing_wp_cron=1757324764.8479850292205810546875 HTTP/1.0" 200 416 "-" "WordPress/6.8.1; https://vattusacky.vn"
20.171.207.118 - - [08/Sep/2025:16:46:03 +0700] "GET /a-detailed-examination-of-the-technology-behind-omegle-and-ometv/ HTTP/1.0" 200 90934 "-" "Mozilla/5.0 AppleWebKit/537.36 (KHTML, like Gecko; compatible; GPTBot/1.2; +https://openai.com/gptbot)"
45.117.177.72 - - [08/Sep/2025:16:46:46 +0700] "POST /wp-cron.php?doing_wp_cron=1757324805.7406890392303466796875 HTTP/1.0" 200 416 "-" "WordPress/6.8.1; https://vattusacky.vn"
20.171.207.118 - - [08/Sep/2025:16:46:44 +0700] "GET /so-sehr-wahlen-sie-eine-polnische-partneragentur-aus/ HTTP/1.0" 200 208872 "-" "Mozilla/5.0 AppleWebKit/537.36 (KHTML, like Gecko; compatible; GPTBot/1.2; +https://openai.com/gptbot)"
103.82.36.71 - - [08/Sep/2025:16:46:45 +0700] "POST /xmlrpc.php HTTP/1.0" 200 956 "https://vattusacky.vn" "Mozilla/5.0 (Macintosh; Intel Mac OS X 14_6) AppleWebKit/605.1.15 (KHTML, like Gecko) Version/17.5 Safari/605.1.15"
20.171.207.118 - - [08/Sep/2025:16:47:16 +0700] "GET /wp-content/uploads/2023/07/viagra-pro-5.jpg HTTP/1.0" 200 420 "-" "Mozilla/5.0 AppleWebKit/537.36 (KHTML, like Gecko; compatible; GPTBot/1.2; +https://openai.com/gptbot)"
20.171.207.118 - - [08/Sep/2025:16:47:16 +0700] "GET /wp-content/uploads/2023/07/viagra-pro-5.jpg HTTP/2.0" 200 76055 "-" "Mozilla/5.0 AppleWebKit/537.36 (KHTML, like Gecko; compatible; GPTBot/1.2; +https://openai.com/gptbot)"
45.117.177.72 - - [08/Sep/2025:16:47:39 +0700] "POST /wp-cron.php?doing_wp_cron=1757324859.4634718894958496093750 HTTP/1.0" 200 416 "-" "WordPress/6.8.1; https://vattusacky.vn"
20.171.207.118 - - [08/Sep/2025:16:47:38 +0700] "GET /?p=2198 HTTP/1.0" 301 452 "-" "Mozilla/5.0 AppleWebKit/537.36 (KHTML, like Gecko; compatible; GPTBot/1.2; +https://openai.com/gptbot)"
20.171.207.118 - - [08/Sep/2025:16:47:39 +0700] "GET /how-to-solve-affordable-prices-for-custom-term-papers/ HTTP/1.0" 200 207313 "-" "Mozilla/5.0 AppleWebKit/537.36 (KHTML, like Gecko; compatible; GPTBot/1.2; +https://openai.com/gptbot)"
20.171.207.118 - - [08/Sep/2025:16:48:11 +0700] "GET /how-to-report-privacy-violations-on-omegle HTTP/1.0" 301 487 "-" "Mozilla/5.0 AppleWebKit/537.36 (KHTML, like Gecko; compatible; GPTBot/1.2; +https://openai.com/gptbot)"
20.171.207.118 - - [08/Sep/2025:16:48:12 +0700] "GET /how-to-report-privacy-violations-on-omegle/ HTTP/1.0" 200 89211 "-" "Mozilla/5.0 AppleWebKit/537.36 (KHTML, like Gecko; compatible; GPTBot/1.2; +https://openai.com/gptbot)"
45.117.177.72 - - [08/Sep/2025:16:48:49 +0700] "POST /wp-cron.php?doing_wp_cron=1757324929.0710570812225341796875 HTTP/1.0" 200 416 "-" "WordPress/6.8.1; https://vattusacky.vn"
20.171.207.118 - - [08/Sep/2025:16:48:47 +0700] "GET /?p=3185 HTTP/1.0" 301 492 "-" "Mozilla/5.0 AppleWebKit/537.36 (KHTML, like Gecko; compatible; GPTBot/1.2; +https://openai.com/gptbot)"
20.171.207.118 - - [08/Sep/2025:16:48:49 +0700] "GET /how-you-can-date-delightful-single-latina-women/ HTTP/1.0" 200 208523 "-" "Mozilla/5.0 AppleWebKit/537.36 (KHTML, like Gecko; compatible; GPTBot/1.2; +https://openai.com/gptbot)"
65.109.155.26 - - [08/Sep/2025:16:49:00 +0700] "POST /xmlrpc.php HTTP/1.0" 200 1732 "https://vattusacky.vn" "Mozilla/5.0 (Windows NT 10.0; Win64; x64) AppleWebKit/537.36 (KHTML, like Gecko) Chrome/114.0.5735.134 Safari/537.36"
45.117.177.72 - - [08/Sep/2025:16:49:39 +0700] "POST /wp-cron.php?doing_wp_cron=1757324978.9895360469818115234375 HTTP/1.0" 200 416 "-" "WordPress/6.8.1; https://vattusacky.vn"
216.73.216.162 - - [08/Sep/2025:16:49:37 +0700] "GET /?p=7067 HTTP/1.0" 301 634 "-" "Mozilla/5.0 AppleWebKit/537.36 (KHTML, like Gecko; compatible; ClaudeBot/1.0; +claudebot@anthropic.com)"
216.73.216.162 - - [08/Sep/2025:16:49:39 +0700] "GET /how-to-handle-rejection-on-omegle-and-ometv/ HTTP/1.0" 200 92461 "https://vattusacky.vn/?p=7067" "Mozilla/5.0 AppleWebKit/537.36 (KHTML, like Gecko; compatible; ClaudeBot/1.0; +claudebot@anthropic.com)"
20.171.207.118 - - [08/Sep/2025:16:49:48 +0700] "GET /cho-vay-xay-dung-https-vaysite-com-app-vay-tien-phan-mem-tai-chinh/ HTTP/1.0" 200 210129 "-" "Mozilla/5.0 AppleWebKit/537.36 (KHTML, like Gecko; compatible; GPTBot/1.2; +https://openai.com/gptbot)"
45.117.177.72 - - [08/Sep/2025:16:50:37 +0700] "POST /wp-cron.php?doing_wp_cron=1757325037.0492010116577148437500 HTTP/1.0" 200 416 "-" "WordPress/6.8.1; https://vattusacky.vn"
20.171.207.118 - - [08/Sep/2025:16:50:34 +0700] "GET /discover-local-hookups-in-ny-city-on-high-informal-dating-site/ HTTP/1.0" 200 205855 "-" "Mozilla/5.0 AppleWebKit/537.36 (KHTML, like Gecko; compatible; GPTBot/1.2; +https://openai.com/gptbot)"
20.171.207.118 - - [08/Sep/2025:16:51:14 +0700] "GET /wp-content/uploads/2023/07/viagra-5.jpg HTTP/1.0" 200 416 "-" "Mozilla/5.0 AppleWebKit/537.36 (KHTML, like Gecko; compatible; GPTBot/1.2; +https://openai.com/gptbot)"
20.171.207.118 - - [08/Sep/2025:16:51:14 +0700] "GET /wp-content/uploads/2023/07/viagra-5.jpg HTTP/2.0" 200 131217 "-" "Mozilla/5.0 AppleWebKit/537.36 (KHTML, like Gecko; compatible; GPTBot/1.2; +https://openai.com/gptbot)"
45.117.177.72 - - [08/Sep/2025:16:51:21 +0700] "POST /wp-cron.php?doing_wp_cron=1757325081.6179530620574951171875 HTTP/1.0" 200 416 "-" "WordPress/6.8.1; https://vattusacky.vn"
138.68.229.116 - - [08/Sep/2025:16:51:14 +0700] "POST /xmlrpc.php HTTP/1.0" 200 956 "https://vattusacky.vn" "Mozilla/5.0 (Macintosh; Intel Mac OS X 10_15_7) AppleWebKit/537.36 (KHTML, like Gecko) Chrome/126.0.0.0 Safari/537.36"
45.117.177.72 - - [08/Sep/2025:16:52:24 +0700] "POST /wp-cron.php?doing_wp_cron=1757325144.6581289768218994140625 HTTP/1.0" 200 416 "-" "WordPress/6.8.1; https://vattusacky.vn"
20.171.207.118 - - [08/Sep/2025:16:52:23 +0700] "GET /?p=9817 HTTP/1.0" 301 654 "-" "Mozilla/5.0 AppleWebKit/537.36 (KHTML, like Gecko; compatible; GPTBot/1.2; +https://openai.com/gptbot)"
20.171.207.118 - - [08/Sep/2025:16:52:25 +0700] "GET /inside-the-event-you-kiss-the-date-over-a-first-particular-date/ HTTP/1.0" 200 74091 "-" "Mozilla/5.0 AppleWebKit/537.36 (KHTML, like Gecko; compatible; GPTBot/1.2; +https://openai.com/gptbot)"
216.73.216.162 - - [08/Sep/2025:16:52:34 +0700] "GET /how-omegle-and-ometv-are-changing-the-way-we-socialize-online HTTP/1.0" 301 652 "-" "Mozilla/5.0 AppleWebKit/537.36 (KHTML, like Gecko; compatible; ClaudeBot/1.0; +claudebot@anthropic.com)"
216.73.216.162 - - [08/Sep/2025:16:52:36 +0700] "GET /how-omegle-and-ometv-are-changing-the-way-we-socialize-online/ HTTP/1.0" 200 94261 "https://vattusacky.vn/how-omegle-and-ometv-are-changing-the-way-we-socialize-online" "Mozilla/5.0 AppleWebKit/537.36 (KHTML, like Gecko; compatible; ClaudeBot/1.0; +claudebot@anthropic.com)"
45.117.177.72 - - [08/Sep/2025:16:53:22 +0700] "POST /wp-cron.php?doing_wp_cron=1757325202.2317569255828857421875 HTTP/1.0" 200 416 "-" "WordPress/6.8.1; https://vattusacky.vn"
20.171.207.118 - - [08/Sep/2025:16:53:20 +0700] "GET /just-how-adaptive-are-you-to-having-an-associate-from-a-unique-culture-to-your-own HTTP/1.0" 301 527 "-" "Mozilla/5.0 AppleWebKit/537.36 (KHTML, like Gecko; compatible; GPTBot/1.2; +https://openai.com/gptbot)"
20.171.207.118 - - [08/Sep/2025:16:53:22 +0700] "GET /just-how-adaptive-are-you-to-having-an-associate-from-a-unique-culture-to-your-own/ HTTP/1.0" 200 73193 "-" "Mozilla/5.0 AppleWebKit/537.36 (KHTML, like Gecko; compatible; GPTBot/1.2; +https://openai.com/gptbot)"
216.73.216.162 - - [08/Sep/2025:16:53:49 +0700] "GET /?p=7019 HTTP/1.0" 301 655 "-" "Mozilla/5.0 AppleWebKit/537.36 (KHTML, like Gecko; compatible; ClaudeBot/1.0; +claudebot@anthropic.com)"
216.73.216.162 - - [08/Sep/2025:16:53:51 +0700] "GET /how-language-differences-impact-interactions-on-omegle-and-ometv/ HTTP/1.0" 200 91170 "https://vattusacky.vn/?p=7019" "Mozilla/5.0 AppleWebKit/537.36 (KHTML, like Gecko; compatible; ClaudeBot/1.0; +claudebot@anthropic.com)"
20.171.207.118 - - [08/Sep/2025:16:54:05 +0700] "GET /?p=5944 HTTP/1.0" 301 496 "-" "Mozilla/5.0 AppleWebKit/537.36 (KHTML, like Gecko; compatible; GPTBot/1.2; +https://openai.com/gptbot)"
213.180.203.66 - - [08/Sep/2025:16:54:05 +0700] "GET /the-pros-and-cons-of-omegle-and-ometv-face-to-face-video-chats/ HTTP/1.0" 200 93035 "-" "Mozilla/5.0 (compatible; YandexBot/3.0; +http://yandex.com/bots)"
20.171.207.118 - - [08/Sep/2025:16:54:06 +0700] "GET /suggestions-for-the-younger-women-seeking-older-men/ HTTP/1.0" 200 74684 "-" "Mozilla/5.0 AppleWebKit/537.36 (KHTML, like Gecko; compatible; GPTBot/1.2; +https://openai.com/gptbot)"
45.117.177.72 - - [08/Sep/2025:16:55:02 +0700] "POST /wp-cron.php?doing_wp_cron=1757325302.0213770866394042968750 HTTP/1.0" 200 416 "-" "WordPress/6.8.1; https://vattusacky.vn"
185.191.171.4 - - [08/Sep/2025:16:55:00 +0700] "GET /robots.txt HTTP/1.0" 200 984 "-" "Mozilla/5.0 (compatible; SemrushBot/7~bl; +http://www.semrush.com/bot.html)"
185.191.171.10 - - [08/Sep/2025:16:55:03 +0700] "GET /halmilton/ HTTP/1.0" 200 203661 "-" "Mozilla/5.0 (compatible; SemrushBot/7~bl; +http://www.semrush.com/bot.html)"
20.171.207.118 - - [08/Sep/2025:16:55:24 +0700] "GET /wp-content/uploads/2023/07/viagra-professional-5.jpg HTTP/1.0" 200 429 "-" "Mozilla/5.0 AppleWebKit/537.36 (KHTML, like Gecko; compatible; GPTBot/1.2; +https://openai.com/gptbot)"
20.171.207.118 - - [08/Sep/2025:16:55:24 +0700] "GET /wp-content/uploads/2023/07/viagra-professional-5.jpg HTTP/2.0" 200 90601 "-" "Mozilla/5.0 AppleWebKit/537.36 (KHTML, like Gecko; compatible; GPTBot/1.2; +https://openai.com/gptbot)"
45.117.177.72 - - [08/Sep/2025:16:55:26 +0700] "POST /wp-cron.php?doing_wp_cron=1757325326.1479730606079101562500 HTTP/1.0" 200 416 "-" "WordPress/6.8.1; https://vattusacky.vn"
216.73.216.162 - - [08/Sep/2025:16:55:24 +0700] "GET /how-language-differences-impact-interactions-on-omegle-and-ometv/feed HTTP/1.0" 301 758 "-" "Mozilla/5.0 AppleWebKit/537.36 (KHTML, like Gecko; compatible; ClaudeBot/1.0; +claudebot@anthropic.com)"
216.73.216.162 - - [08/Sep/2025:16:55:26 +0700] "GET /how-language-differences-impact-interactions-on-omegle-and-ometv/feed/ HTTP/1.0" 200 1643 "https://vattusacky.vn/how-language-differences-impact-interactions-on-omegle-and-ometv/feed" "Mozilla/5.0 AppleWebKit/537.36 (KHTML, like Gecko; compatible; ClaudeBot/1.0; +claudebot@anthropic.com)"
20.171.207.118 - - [08/Sep/2025:16:56:00 +0700] "GET /just-how-adaptive-are-you-to-having-an-associate-from-a-unique-culture-to-your-own/ HTTP/1.0" 200 73193 "-" "Mozilla/5.0 AppleWebKit/537.36 (KHTML, like Gecko; compatible; GPTBot/1.2; +https://openai.com/gptbot)"
45.117.177.72 - - [08/Sep/2025:16:56:25 +0700] "POST /wp-cron.php?doing_wp_cron=1757325385.2671170234680175781250 HTTP/1.0" 200 416 "-" "WordPress/6.8.1; https://vattusacky.vn"
216.73.216.162 - - [08/Sep/2025:16:56:23 +0700] "GET /how-to-handle-rejection-on-omegle-and-ometv/feed HTTP/1.0" 301 737 "-" "Mozilla/5.0 AppleWebKit/537.36 (KHTML, like Gecko; compatible; ClaudeBot/1.0; +claudebot@anthropic.com)"
216.73.216.162 - - [08/Sep/2025:16:56:25 +0700] "GET /how-to-handle-rejection-on-omegle-and-ometv/feed/ HTTP/1.0" 200 1580 "https://vattusacky.vn/how-to-handle-rejection-on-omegle-and-ometv/feed" "Mozilla/5.0 AppleWebKit/537.36 (KHTML, like Gecko; compatible; ClaudeBot/1.0; +claudebot@anthropic.com)"
5.255.231.61 - - [08/Sep/2025:16:56:43 +0700] "GET /1win-lisansl-casino-sitesi-turkce-casino-sitesii/ HTTP/1.0" 200 81621 "-" "Mozilla/5.0 (compatible; YandexBot/3.0; +http://yandex.com/bots)"
20.171.207.118 - - [08/Sep/2025:16:57:08 +0700] "GET /what-men-believe-that-ladies-lie-when-it-comes-to-in-their-online-dating-sites-profiles HTTP/1.0" 301 532 "-" "Mozilla/5.0 AppleWebKit/537.36 (KHTML, like Gecko; compatible; GPTBot/1.2; +https://openai.com/gptbot)"
20.171.207.118 - - [08/Sep/2025:16:57:09 +0700] "GET /what-men-believe-that-ladies-lie-when-it-comes-to-in-their-online-dating-sites-profiles/ HTTP/1.0" 200 207614 "-" "Mozilla/5.0 AppleWebKit/537.36 (KHTML, like Gecko; compatible; GPTBot/1.2; +https://openai.com/gptbot)"
45.117.177.72 - - [08/Sep/2025:16:57:20 +0700] "POST /wp-cron.php?doing_wp_cron=1757325440.5204849243164062500000 HTTP/1.0" 200 416 "-" "WordPress/6.8.1; https://vattusacky.vn"
87.76.244.87 - - [08/Sep/2025:16:57:19 +0700] "GET /robots.txt HTTP/1.0" 200 984 "-" "Mozilla/5.0 (compatible; MJ12bot/v1.4.8; http://mj12bot.com/)"
87.76.244.87 - - [08/Sep/2025:16:57:22 +0700] "GET /danh-muc/thiet-bi%CC%A3-do-luong/thiet-bi-do-anh-sang/ HTTP/1.0" 200 60125 "-" "Mozilla/5.0 (compatible; MJ12bot/v1.4.8; http://mj12bot.com/)"
87.76.244.87 - - [08/Sep/2025:16:57:25 +0700] "GET /danh-muc/thiet-bi%CC%A3-do-luong/thiet-bi-do-ap-suat/ HTTP/1.0" 200 60114 "-" "Mozilla/5.0 (compatible; MJ12bot/v1.4.8; http://mj12bot.com/)"
87.76.244.87 - - [08/Sep/2025:16:57:29 +0700] "GET /danh-muc/thiet-bi%CC%A3-do-luong/thiet-bi-do-nhiet-cap-nhiet-dien/ HTTP/1.0" 200 60405 "-" "Mozilla/5.0 (compatible; MJ12bot/v1.4.8; http://mj12bot.com/)"
87.76.244.87 - - [08/Sep/2025:16:57:32 +0700] "GET /danh-muc/thiet-bi%CC%A3-do-luong/thiet-bi-kiem-tra-dong-xoay/ HTTP/1.0" 200 60258 "-" "Mozilla/5.0 (compatible; MJ12bot/v1.4.8; http://mj12bot.com/)"
87.76.244.87 - - [08/Sep/2025:16:57:36 +0700] "GET /danh-muc/thiet-bi%CC%A3-do-luong/x-ray-pipeline-crawlers/ HTTP/1.0" 200 60105 "-" "Mozilla/5.0 (compatible; MJ12bot/v1.4.8; http://mj12bot.com/)"
87.76.244.87 - - [08/Sep/2025:16:57:39 +0700] "GET /dd%C2%B9d%C2%BD-dodd-d%C2%B8d%C2%BDd%C2%BE-ddonedd%C2%B8d%C2%BDn-n%C6%92donedd%C2%B8d%C2%BDn%C2%81dod%C2%B8d%C2%B5-gambling-den-d%C2%BDd-ned%C2%B5d/ HTTP/1.0" 200 212356 "-" "Mozilla/5.0 (compatible; MJ12bot/v1.4.8; http://mj12bot.com/)"
87.76.244.87 - - [08/Sep/2025:16:57:43 +0700] "GET /from-fandoma%C2%84%C2%A2-community-15-first-date-ideas-for-film-buffs-gamers-and-fans/ HTTP/1.0" 200 222778 "-" "Mozilla/5.0 (compatible; MJ12bot/v1.4.8; http://mj12bot.com/)"
87.76.244.87 - - [08/Sep/2025:16:57:47 +0700] "GET /indikatory-dlja-skal%D1%8Cpinga-luchshie-samye-tochnye/ HTTP/1.0" 404 70812 "-" "Mozilla/5.0 (compatible; MJ12bot/v1.4.8; http://mj12bot.com/)"
20.171.207.118 - - [08/Sep/2025:16:57:49 +0700] "GET /breaking-cultural-stereotypes-through-omegles-cross-cultural-experiences/ HTTP/1.0" 200 92496 "-" "Mozilla/5.0 AppleWebKit/537.36 (KHTML, like Gecko; compatible; GPTBot/1.2; +https://openai.com/gptbot)"
87.76.244.87 - - [08/Sep/2025:16:57:50 +0700] "GET /install-1xbet-app-%E2%AD%90-1xbet-app-acquire-fscore-orguk-6/ HTTP/1.0" 200 240935 "-" "Mozilla/5.0 (compatible; MJ12bot/v1.4.8; http://mj12bot.com/)"
87.76.244.87 - - [08/Sep/2025:16:57:54 +0700] "GET /lisenziyali-onlayn-kazinolar-sayti-nec%C9%99-secm%C9%99k-olar-694/ HTTP/1.0" 200 83381 "-" "Mozilla/5.0 (compatible; MJ12bot/v1.4.8; http://mj12bot.com/)"
87.76.244.87 - - [08/Sep/2025:16:57:58 +0700] "GET /mostbet-giris-%F0%9D%97%9Au%F0%9D%97%BB%F0%9D%97%B0%F0%9D%97%B2%F0%9D%97%B9-%F0%9D%90%80%F0%9D%90%9D%F0%9D%90%AB%F0%9D%90%9E%F0%9D%90%AC%F0%9D%90%A2-mostbet-294-mostbet-12-04-2023-521/ HTTP/1.0" 200 88203 "-" "Mozilla/5.0 (compatible; MJ12bot/v1.4.8; http://mj12bot.com/)"
87.76.244.87 - - [08/Sep/2025:16:58:01 +0700] "GET /san-pham/bo-lay-mau-loi-1-1-2%E2%80%B3-x-6%E2%80%B3-co-ky-hieu-signature-scs-complete/ HTTP/1.0" 200 328157 "-" "Mozilla/5.0 (compatible; MJ12bot/v1.4.8; http://mj12bot.com/)"
87.76.244.87 - - [08/Sep/2025:16:58:05 +0700] "GET /san-pham/bo-lay-mau-loi-2%E2%80%B3-x-6%E2%80%B3-co-ky-hieu-signature-scs-complete/ HTTP/1.0" 200 328274 "-" "Mozilla/5.0 (compatible; MJ12bot/v1.4.8; http://mj12bot.com/)"
87.76.244.87 - - [08/Sep/2025:16:58:09 +0700] "GET /san-pham/bom-lay-mau-bui-pm10pm2-5-pm1-0-1-%C3%B7-3-5-m3h/ HTTP/1.0" 200 514574 "-" "Mozilla/5.0 (compatible; MJ12bot/v1.4.8; http://mj12bot.com/)"
87.76.244.87 - - [08/Sep/2025:16:58:14 +0700] "GET /san-pham/bui-pm10-pm2-5-pm1-0-amiang-bay-hoi-1-5-%C3%B7-5-5-m3h/ HTTP/1.0" 200 509147 "-" "Mozilla/5.0 (compatible; MJ12bot/v1.4.8; http://mj12bot.com/)"
45.117.177.72 - - [08/Sep/2025:16:58:20 +0700] "POST /wp-cron.php?doing_wp_cron=1757325500.5177030563354492187500 HTTP/1.0" 200 416 "-" "WordPress/6.8.1; https://vattusacky.vn"
87.76.244.87 - - [08/Sep/2025:16:58:19 +0700] "GET /san-pham/dau-khoan-bun-2-1-4%E2%80%B3-co-ky-hieu-signature-mud-auger/ HTTP/1.0" 200 328134 "-" "Mozilla/5.0 (compatible; MJ12bot/v1.4.8; http://mj12bot.com/)"
87.76.244.87 - - [08/Sep/2025:16:58:23 +0700] "GET /san-pham/dau-khoan-bun-2-1-4%E2%80%B3-mud-auger/ HTTP/1.0" 200 327662 "-" "Mozilla/5.0 (compatible; MJ12bot/v1.4.8; http://mj12bot.com/)"
87.76.244.87 - - [08/Sep/2025:16:58:27 +0700] "GET /san-pham/dau-khoan-bun-3-1-4%E2%80%B3-co-ky-hieu-signature-mud-auger/ HTTP/1.0" 200 328073 "-" "Mozilla/5.0 (compatible; MJ12bot/v1.4.8; http://mj12bot.com/)"
87.76.244.87 - - [08/Sep/2025:16:58:30 +0700] "GET /san-pham/dau-khoan-bun-3-1-4%E2%80%B3-mud-auger/ HTTP/1.0" 200 327569 "-" "Mozilla/5.0 (compatible; MJ12bot/v1.4.8; http://mj12bot.com/)"
87.76.244.87 - - [08/Sep/2025:16:58:34 +0700] "GET /san-pham/dau-khoan-cat-2-1-4%E2%80%B3-co-ky-hieu-signature-sand-auger/ HTTP/1.0" 200 327861 "-" "Mozilla/5.0 (compatible; MJ12bot/v1.4.8; http://mj12bot.com/)"
87.76.244.87 - - [08/Sep/2025:16:58:38 +0700] "GET /san-pham/khoan-lay-mau-dat-3-1-4%E2%80%B3-co-ky-hieu-signature-regular-auger/ HTTP/1.0" 200 329636 "-" "Mozilla/5.0 (compatible; MJ12bot/v1.4.8; http://mj12bot.com/)"
20.171.207.118 - - [08/Sep/2025:16:58:39 +0700] "GET /relationship-a-milf-why-guys-love-them-the-cause-why-theyre-the-most-effective HTTP/1.0" 301 523 "-" "Mozilla/5.0 AppleWebKit/537.36 (KHTML, like Gecko; compatible; GPTBot/1.2; +https://openai.com/gptbot)"
20.171.207.118 - - [08/Sep/2025:16:58:41 +0700] "GET /relationship-a-milf-why-guys-love-them-the-cause-why-theyre-the-most-effective/ HTTP/1.0" 200 207416 "-" "Mozilla/5.0 AppleWebKit/537.36 (KHTML, like Gecko; compatible; GPTBot/1.2; +https://openai.com/gptbot)"
87.76.244.87 - - [08/Sep/2025:16:58:42 +0700] "GET /san-pham/khoan-lay-mau-dat-3-1-4%E2%80%B3-regular-auger/ HTTP/1.0" 200 327850 "-" "Mozilla/5.0 (compatible; MJ12bot/v1.4.8; http://mj12bot.com/)"
87.76.244.87 - - [08/Sep/2025:16:58:46 +0700] "GET /san-pham/lay-bui-pm10-pm2-5-pm1-0-amiangde-bay-hoi-1-%C3%B7-3-5-m3h/ HTTP/1.0" 200 509831 "-" "Mozilla/5.0 (compatible; MJ12bot/v1.4.8; http://mj12bot.com/)"
54.39.136.50 - - [08/Sep/2025:16:58:54 +0700] "GET /sitemap_index.xml HTTP/1.0" 200 2426 "-" "Mozilla/5.0 (compatible; AhrefsBot/7.0; +http://ahrefs.com/robot/)"
87.76.244.87 - - [08/Sep/2025:16:58:58 +0700] "GET /san-pham/may-quang-pho-tu-ngoai-kha-kien-uvvis-02-bo-don-sac-khe-lien-tuc-tu-0-1-5nm-anh-sang-lac-%E2%89%A40-00004t/ HTTP/1.0" 200 378831 "-" "Mozilla/5.0 (compatible; MJ12bot/v1.4.8; http://mj12bot.com/)"
87.76.244.87 - - [08/Sep/2025:16:59:02 +0700] "GET /san-pham/spectrophotometer-may-quang-pho-tu-ngoai-kha-kien-uvvis-02-bo-don-sac-khe-lien-tuc-tu-0-1-5nm-anh-sang-lac-%E2%89%A40-0001t/ HTTP/1.0" 200 378542 "-" "Mozilla/5.0 (compatible; MJ12bot/v1.4.8; http://mj12bot.com/)"
15.235.98.70 - - [08/Sep/2025:16:58:57 +0700] "GET /post-sitemap.xml HTTP/1.0" 500 3278 "-" "Mozilla/5.0 (compatible; AhrefsBot/7.0; +http://ahrefs.com/robot/)"
87.76.244.87 - - [08/Sep/2025:16:59:06 +0700] "GET /san-pham/thiet-bi-lay-mau-bui-pm10-pm2-5-15-%C3%B7-35-m3-gio/ HTTP/1.0" 200 508665 "-" "Mozilla/5.0 (compatible; MJ12bot/v1.4.8; http://mj12bot.com/)"
87.76.244.87 - - [08/Sep/2025:16:59:10 +0700] "GET /san-pham/thiet-bi-lay-mau-bui-pm10-pm2-5-pm1-0-1-0-%C3%B7-3-5-m3h/ HTTP/1.0" 200 511542 "-" "Mozilla/5.0 (compatible; MJ12bot/v1.4.8; http://mj12bot.com/)"
15.235.98.192 - - [08/Sep/2025:16:59:08 +0700] "GET /post-sitemap2.xml HTTP/1.0" 200 158032 "-" "Mozilla/5.0 (compatible; AhrefsBot/7.0; +http://ahrefs.com/robot/)"
45.117.177.72 - - [08/Sep/2025:16:59:18 +0700] "POST /wp-cron.php?doing_wp_cron=1757325557.8464610576629638671875 HTTP/1.0" 200 416 "-" "WordPress/6.8.1; https://vattusacky.vn"
66.249.70.192 - - [08/Sep/2025:16:59:16 +0700] "GET /feed/ HTTP/1.0" 200 72683 "-" "Mozilla/5.0 (Linux; Android 6.0.1; Nexus 5X Build/MMB29P) AppleWebKit/537.36 (KHTML, like Gecko) Chrome/138.0.7204.183 Mobile Safari/537.36 (compatible; Googlebot/2.1; +http://www.google.com/bot.html)"
87.76.244.87 - - [08/Sep/2025:16:59:16 +0700] "GET /san-pham/thiet-bi-lay-mau-bui-pm10-pm2-5-pm1-0-1-0-%C3%B7-3-5-m3h-2/ HTTP/1.0" 200 510902 "-" "Mozilla/5.0 (compatible; MJ12bot/v1.4.8; http://mj12bot.com/)"
54.39.203.73 - - [08/Sep/2025:16:59:16 +0700] "GET /post-sitemap3.xml HTTP/1.0" 200 155802 "-" "Mozilla/5.0 (compatible; AhrefsBot/7.0; +http://ahrefs.com/robot/)"
87.76.244.87 - - [08/Sep/2025:16:59:21 +0700] "GET /san-pham/thiet-bi-lay-mau-bui-pm10-pm2-5-va-pm1-0-1-5-%C3%B7-5-5-m3h/ HTTP/1.0" 200 514499 "-" "Mozilla/5.0 (compatible; MJ12bot/v1.4.8; http://mj12bot.com/)"
54.39.136.239 - - [08/Sep/2025:16:59:21 +0700] "GET /post-sitemap4.xml HTTP/1.0" 200 157863 "-" "Mozilla/5.0 (compatible; AhrefsBot/7.0; +http://ahrefs.com/robot/)"
87.76.244.87 - - [08/Sep/2025:16:59:26 +0700] "GET /san-pham/thiet-bi-lay-mau-bui-tsp-pm10-pm-2-5-15-%C3%B7-35-lpm/ HTTP/1.0" 200 509501 "-" "Mozilla/5.0 (compatible; MJ12bot/v1.4.8; http://mj12bot.com/)"
54.39.136.243 - - [08/Sep/2025:16:59:26 +0700] "GET /post-sitemap5.xml HTTP/1.0" 200 159938 "-" "Mozilla/5.0 (compatible; AhrefsBot/7.0; +http://ahrefs.com/robot/)"
15.235.96.124 - - [08/Sep/2025:16:59:31 +0700] "GET /post-sitemap6.xml HTTP/1.0" 200 42210 "-" "Mozilla/5.0 (compatible; AhrefsBot/7.0; +http://ahrefs.com/robot/)"
87.76.244.87 - - [08/Sep/2025:16:59:32 +0700] "GET /the-dangers-of-online-dating-sites-a%C2%80%C2%94-7-studies-5-methods-to-protect-yourself/ HTTP/1.0" 200 217198 "-" "Mozilla/5.0 (compatible; MJ12bot/v1.4.8; http://mj12bot.com/)"
142.44.225.145 - - [08/Sep/2025:16:59:35 +0700] "GET /page-sitemap.xml HTTP/1.0" 200 1873 "-" "Mozilla/5.0 (compatible; AhrefsBot/7.0; +http://ahrefs.com/robot/)"
20.171.207.118 - - [08/Sep/2025:16:59:35 +0700] "GET /yeu-cau-doi-voi-chuong-https-tienapps-com-ve-chung-toi-trinh-tien-bo-truc-tuyen/ HTTP/1.0" 200 211977 "-" "Mozilla/5.0 AppleWebKit/537.36 (KHTML, like Gecko; compatible; GPTBot/1.2; +https://openai.com/gptbot)"
87.76.244.87 - - [08/Sep/2025:16:59:35 +0700] "GET /the-reason-why-some-girls-triumph-at-lovea%C2%80%C2%A6and-others-you-should-not/ HTTP/1.0" 200 208507 "-" "Mozilla/5.0 (compatible; MJ12bot/v1.4.8; http://mj12bot.com/)"
87.76.244.87 - - [08/Sep/2025:16:59:39 +0700] "GET /t%C9%99yyar%C9%99-oyunu-mostbet-mostbet-aviator-game-439/ HTTP/1.0" 200 83462 "-" "Mozilla/5.0 (compatible; MJ12bot/v1.4.8; http://mj12bot.com/)"
185.191.171.17 - - [08/Sep/2025:16:59:40 +0700] "GET /mostbet-partners-simple-method-earning-money-from-players-26/ HTTP/1.0" 200 86104 "-" "Mozilla/5.0 (compatible; SemrushBot/7~bl; +http://www.semrush.com/bot.html)"
87.76.244.87 - - [08/Sep/2025:16:59:42 +0700] "GET /vulkan-vegas-kasyno-%EF%B8%8F-wybierz-najlepsze-kasyno-online-2023-907/ HTTP/1.0" 200 89549 "-" "Mozilla/5.0 (compatible; MJ12bot/v1.4.8; http://mj12bot.com/)"
142.44.233.63 - - [08/Sep/2025:16:59:38 +0700] "GET /attachment-sitemap.xml HTTP/1.0" 200 72345 "-" "Mozilla/5.0 (compatible; AhrefsBot/7.0; +http://ahrefs.com/robot/)"
87.76.244.87 - - [08/Sep/2025:16:59:46 +0700] "GET /want-native-hookups-%EF%B8%8F-go-to-igetnaughty-com/ HTTP/1.0" 200 208236 "-" "Mozilla/5.0 (compatible; MJ12bot/v1.4.8; http://mj12bot.com/)"
51.222.95.189 - - [08/Sep/2025:16:59:46 +0700] "GET /product-sitemap.xml HTTP/1.0" 200 51048 "-" "Mozilla/5.0 (compatible; AhrefsBot/7.0; +http://ahrefs.com/robot/)"
87.76.244.87 - - [08/Sep/2025:16:59:50 +0700] "GET /%D0%B4%D0%B5%D1%80%D0%B5%D0%B2%D1%8F%D0%BD%D0%BD%D1%8B%D0%B5-%D0%B4%D0%BE%D0%BC%D0%B0-%D0%B2-%D1%88%D0%B2%D0%B5%D0%B9%D1%86%D0%B0%D1%80%D1%81%D0%BA%D0%BE%D0%BC-%D1%81%D1%82%D0%B8%D0%BB%D0%B5/ HTTP/1.0" 200 187138 "-" "Mozilla/5.0 (compatible; MJ12bot/v1.4.8; http://mj12bot.com/)"
15.235.96.115 - - [08/Sep/2025:16:59:52 +0700] "GET /category-sitemap.xml HTTP/1.0" 200 24564 "-" "Mozilla/5.0 (compatible; AhrefsBot/7.0; +http://ahrefs.com/robot/)"
87.76.244.87 - - [08/Sep/2025:16:59:54 +0700] "GET /%D0%B4%D0%BE%D0%BC%D0%B0-%D0%B8%D0%B7-%D0%B1%D1%80%D0%B5%D0%B2%D0%BD%D0%B0-%D1%81-%D0%B3%D0%BE%D1%82%D0%BE%D0%B2%D1%8B%D0%BC-%D0%B4%D0%B8%D0%B7%D0%B0%D0%B9%D0%BD%D0%BE%D0%BC/ HTTP/1.0" 200 163557 "-" "Mozilla/5.0 (compatible; MJ12bot/v1.4.8; http://mj12bot.com/)"
54.39.6.23 - - [08/Sep/2025:16:59:55 +0700] "GET /post_tag-sitemap.xml HTTP/1.0" 200 12903 "-" "Mozilla/5.0 (compatible; AhrefsBot/7.0; +http://ahrefs.com/robot/)"
87.76.244.87 - - [08/Sep/2025:16:59:57 +0700] "GET /%D0%B4%D0%BE%D0%BC%D0%B0-%D0%B8%D0%B7-%D0%B1%D1%80%D0%B5%D0%B2%D0%BD%D0%B0-%D1%81-%D1%82%D0%B5%D1%80%D1%80%D0%B0%D1%81%D0%BE%D0%B9/ HTTP/1.0" 200 166028 "-" "Mozilla/5.0 (compatible; MJ12bot/v1.4.8; http://mj12bot.com/)"
54.39.136.179 - - [08/Sep/2025:16:59:58 +0700] "GET /product_cat-sitemap.xml HTTP/1.0" 200 8595 "-" "Mozilla/5.0 (compatible; AhrefsBot/7.0; +http://ahrefs.com/robot/)"
15.235.96.31 - - [08/Sep/2025:17:00:01 +0700] "GET /product_tag-sitemap.xml HTTP/1.0" 200 28520 "-" "Mozilla/5.0 (compatible; AhrefsBot/7.0; +http://ahrefs.com/robot/)"
20.171.207.118 - - [08/Sep/2025:17:00:07 +0700] "GET /how-to-cope-with-the-quick-break-up-of-your-long-term-romantic-relationship/ HTTP/1.0" 200 207339 "-" "Mozilla/5.0 AppleWebKit/537.36 (KHTML, like Gecko; compatible; GPTBot/1.2; +https://openai.com/gptbot)"
45.117.177.72 - - [08/Sep/2025:17:00:30 +0700] "POST /wp-cron.php?doing_wp_cron=1757325630.6631898880004882812500 HTTP/1.0" 200 416 "-" "WordPress/6.8.1; https://vattusacky.vn"
20.171.207.118 - - [08/Sep/2025:17:00:29 +0700] "GET /?p=3066 HTTP/1.0" 301 511 "-" "Mozilla/5.0 AppleWebKit/537.36 (KHTML, like Gecko; compatible; GPTBot/1.2; +https://openai.com/gptbot)"
20.171.207.118 - - [08/Sep/2025:17:00:31 +0700] "GET /cho-vay-xay-dung-https-vaysite-com-app-vay-tien-phan-mem-tai-chinh/ HTTP/1.0" 200 210129 "-" "Mozilla/5.0 AppleWebKit/537.36 (KHTML, like Gecko; compatible; GPTBot/1.2; +https://openai.com/gptbot)"
45.117.177.72 - - [08/Sep/2025:17:01:43 +0700] "POST /wp-cron.php?doing_wp_cron=1757325702.8190031051635742187500 HTTP/1.0" 200 416 "-" "WordPress/6.8.1; https://vattusacky.vn"
85.208.96.194 - - [08/Sep/2025:17:01:41 +0700] "GET /exactly-what-is-a-sugar-design/ HTTP/1.0" 200 208211 "-" "Mozilla/5.0 (compatible; SemrushBot/7~bl; +http://www.semrush.com/bot.html)"
20.171.207.118 - - [08/Sep/2025:17:01:54 +0700] "GET /?p=6229 HTTP/1.0" 301 517 "-" "Mozilla/5.0 AppleWebKit/537.36 (KHTML, like Gecko; compatible; GPTBot/1.2; +https://openai.com/gptbot)"
20.171.207.118 - - [08/Sep/2025:17:01:55 +0700] "GET /breaking-cultural-stereotypes-through-omegles-cross-cultural-experiences/ HTTP/1.0" 200 92350 "-" "Mozilla/5.0 AppleWebKit/537.36 (KHTML, like Gecko; compatible; GPTBot/1.2; +https://openai.com/gptbot)"
20.171.207.118 - - [08/Sep/2025:17:02:51 +0700] "GET / HTTP/1.0" 200 60070 "-" "Mozilla/5.0 AppleWebKit/537.36 (KHTML, like Gecko; compatible; GPTBot/1.2; +https://openai.com/gptbot)"
20.171.207.118 - - [08/Sep/2025:17:03:37 +0700] "GET /what-men-believe-that-ladies-lie-when-it-comes-to-in-their-online-dating-sites-profiles/ HTTP/1.0" 200 207614 "-" "Mozilla/5.0 AppleWebKit/537.36 (KHTML, like Gecko; compatible; GPTBot/1.2; +https://openai.com/gptbot)"
45.117.177.72 - - [08/Sep/2025:17:04:12 +0700] "POST /wp-cron.php?doing_wp_cron=1757325852.1777889728546142578125 HTTP/1.0" 200 416 "-" "WordPress/6.8.1; https://vattusacky.vn"
20.171.207.118 - - [08/Sep/2025:17:04:10 +0700] "GET /how-to-cope-with-the-quick-break-up-of-your-long-term-romantic-relationship HTTP/1.0" 301 520 "-" "Mozilla/5.0 AppleWebKit/537.36 (KHTML, like Gecko; compatible; GPTBot/1.2; +https://openai.com/gptbot)"
20.171.207.118 - - [08/Sep/2025:17:04:12 +0700] "GET /how-to-cope-with-the-quick-break-up-of-your-long-term-romantic-relationship/ HTTP/1.0" 200 207339 "-" "Mozilla/5.0 AppleWebKit/537.36 (KHTML, like Gecko; compatible; GPTBot/1.2; +https://openai.com/gptbot)"
45.117.177.72 - - [08/Sep/2025:17:04:32 +0700] "POST /wp-cron.php?doing_wp_cron=1757325872.4986119270324707031250 HTTP/1.0" 200 416 "-" "WordPress/6.8.1; https://vattusacky.vn"
20.171.207.118 - - [08/Sep/2025:17:04:30 +0700] "GET /daddy-casino-bonus-na-pervyj-depozit-rabochee/ HTTP/1.0" 200 95937 "-" "Mozilla/5.0 AppleWebKit/537.36 (KHTML, like Gecko; compatible; GPTBot/1.2; +https://openai.com/gptbot)"
45.117.177.72 - - [08/Sep/2025:17:05:24 +0700] "POST /wp-cron.php?doing_wp_cron=1757325924.6824979782104492187500 HTTP/1.0" 200 416 "-" "WordPress/6.8.1; https://vattusacky.vn"
20.171.207.118 - - [08/Sep/2025:17:05:23 +0700] "GET /relationship-a-milf-why-guys-love-them-the-cause-why-theyre-the-most-effective/ HTTP/1.0" 200 207416 "-" "Mozilla/5.0 AppleWebKit/537.36 (KHTML, like Gecko; compatible; GPTBot/1.2; +https://openai.com/gptbot)"
85.208.96.201 - - [08/Sep/2025:17:05:34 +0700] "GET /discovering-common-ground-building-connections-on-omegle-and-ometv-through-shared-interests/ HTTP/1.0" 200 91761 "-" "Mozilla/5.0 (compatible; SemrushBot/7~bl; +http://www.semrush.com/bot.html)"
20.171.207.118 - - [08/Sep/2025:17:05:56 +0700] "GET /attractive-ways-to-inquire-someone-to-be-your-girlfriend/ HTTP/1.0" 200 208670 "-" "Mozilla/5.0 AppleWebKit/537.36 (KHTML, like Gecko; compatible; GPTBot/1.2; +https://openai.com/gptbot)"
45.117.177.72 - - [08/Sep/2025:17:06:23 +0700] "POST /wp-cron.php?doing_wp_cron=1757325983.1062200069427490234375 HTTP/1.0" 200 416 "-" "WordPress/6.8.1; https://vattusacky.vn"
20.171.207.118 - - [08/Sep/2025:17:06:21 +0700] "GET /anonymity-and-identity-on-omegle-and-ometv/ HTTP/1.0" 200 91393 "-" "Mozilla/5.0 AppleWebKit/537.36 (KHTML, like Gecko; compatible; GPTBot/1.2; +https://openai.com/gptbot)"
20.171.207.118 - - [08/Sep/2025:17:06:51 +0700] "GET /?p=9667 HTTP/1.0" 301 490 "-" "Mozilla/5.0 AppleWebKit/537.36 (KHTML, like Gecko; compatible; GPTBot/1.2; +https://openai.com/gptbot)"
20.171.207.118 - - [08/Sep/2025:17:06:53 +0700] "GET /daddy-casino-bonus-na-pervyj-depozit-rabochee/ HTTP/1.0" 200 95937 "-" "Mozilla/5.0 AppleWebKit/537.36 (KHTML, like Gecko; compatible; GPTBot/1.2; +https://openai.com/gptbot)"
45.117.177.72 - - [08/Sep/2025:17:07:40 +0700] "POST /wp-cron.php?doing_wp_cron=1757326060.6939239501953125000000 HTTP/1.0" 200 416 "-" "WordPress/6.8.1; https://vattusacky.vn"
20.171.207.118 - - [08/Sep/2025:17:07:39 +0700] "GET /?p=2346 HTTP/1.0" 301 524 "-" "Mozilla/5.0 AppleWebKit/537.36 (KHTML, like Gecko; compatible; GPTBot/1.2; +https://openai.com/gptbot)"
20.171.207.118 - - [08/Sep/2025:17:07:41 +0700] "GET /yeu-cau-doi-voi-chuong-https-tienapps-com-ve-chung-toi-trinh-tien-bo-truc-tuyen/ HTTP/1.0" 200 211977 "-" "Mozilla/5.0 AppleWebKit/537.36 (KHTML, like Gecko; compatible; GPTBot/1.2; +https://openai.com/gptbot)"
52.167.144.183 - - [08/Sep/2025:17:08:05 +0700] "GET /omegle-adventures-a-window-into-unknown-worlds/ HTTP/1.0" 200 90925 "-" "Mozilla/5.0 AppleWebKit/537.36 (KHTML, like Gecko; compatible; bingbot/2.0; +http://www.bing.com/bingbot.htm) Chrome/116.0.1938.76 Safari/537.36"
45.117.177.72 - - [08/Sep/2025:17:09:19 +0700] "POST /wp-cron.php?doing_wp_cron=1757326158.9077699184417724609375 HTTP/1.0" 200 416 "-" "WordPress/6.8.1; https://vattusacky.vn"
20.171.207.118 - - [08/Sep/2025:17:09:16 +0700] "GET /a-few-tips-for-ladies-looking-for-relationship/ HTTP/1.0" 200 206947 "-" "Mozilla/5.0 AppleWebKit/537.36 (KHTML, like Gecko; compatible; GPTBot/1.2; +https://openai.com/gptbot)"
85.208.96.201 - - [08/Sep/2025:17:09:51 +0700] "GET /omegle-alternatives-for-stimulating-conversations/ HTTP/1.0" 200 93909 "-" "Mozilla/5.0 (compatible; SemrushBot/7~bl; +http://www.semrush.com/bot.html)"
20.171.207.118 - - [08/Sep/2025:17:10:06 +0700] "GET /on-line-portuguese-going-out-with-safety-hints/ HTTP/1.0" 200 206519 "-" "Mozilla/5.0 AppleWebKit/537.36 (KHTML, like Gecko; compatible; GPTBot/1.2; +https://openai.com/gptbot)"
45.117.177.72 - - [08/Sep/2025:17:10:21 +0700] "POST /wp-cron.php?doing_wp_cron=1757326221.3846759796142578125000 HTTP/1.0" 200 416 "-" "WordPress/6.8.1; https://vattusacky.vn"
216.244.66.237 - - [08/Sep/2025:17:10:19 +0700] "GET /robots.txt HTTP/1.0" 200 984 "-" "Mozilla/5.0 (compatible; DotBot/1.2; +https://opensiteexplorer.org/dotbot; help@moz.com)"
20.171.207.118 - - [08/Sep/2025:17:10:47 +0700] "GET /how-to-handle-rejection-on-omegle-and-ometv HTTP/1.0" 301 488 "-" "Mozilla/5.0 AppleWebKit/537.36 (KHTML, like Gecko; compatible; GPTBot/1.2; +https://openai.com/gptbot)"
20.171.207.118 - - [08/Sep/2025:17:10:48 +0700] "GET /how-to-handle-rejection-on-omegle-and-ometv/ HTTP/1.0" 200 92461 "-" "Mozilla/5.0 AppleWebKit/537.36 (KHTML, like Gecko; compatible; GPTBot/1.2; +https://openai.com/gptbot)"
20.171.207.118 - - [08/Sep/2025:17:11:14 +0700] "GET /celebrating-the-beauty-of-deep-connections-in-omelove-stories/ HTTP/1.0" 200 88923 "-" "Mozilla/5.0 AppleWebKit/537.36 (KHTML, like Gecko; compatible; GPTBot/1.2; +https://openai.com/gptbot)"
45.117.177.72 - - [08/Sep/2025:17:11:40 +0700] "POST /wp-cron.php?doing_wp_cron=1757326300.0454270839691162109375 HTTP/1.0" 200 416 "-" "WordPress/6.8.1; https://vattusacky.vn"
20.171.207.118 - - [08/Sep/2025:17:11:38 +0700] "GET /mang-lai-thoi-gian-nghi-ngoi-cashberry-vay-tien-lien-quan-den-tin-dung-tuc-thi/ HTTP/1.0" 200 210578 "-" "Mozilla/5.0 AppleWebKit/537.36 (KHTML, like Gecko; compatible; GPTBot/1.2; +https://openai.com/gptbot)"
20.171.207.118 - - [08/Sep/2025:17:11:53 +0700] "GET /postal-mail-order-brides-russian-brides/ HTTP/1.0" 200 210044 "-" "Mozilla/5.0 AppleWebKit/537.36 (KHTML, like Gecko; compatible; GPTBot/1.2; +https://openai.com/gptbot)"
45.117.177.72 - - [08/Sep/2025:17:12:41 +0700] "POST /wp-cron.php?doing_wp_cron=1757326360.9264159202575683593750 HTTP/1.0" 200 416 "-" "WordPress/6.8.1; https://vattusacky.vn"
20.171.207.118 - - [08/Sep/2025:17:12:39 +0700] "GET /delving-into-diversity-a-comparative-study-of-omegle-and-ometv HTTP/1.0" 301 507 "-" "Mozilla/5.0 AppleWebKit/537.36 (KHTML, like Gecko; compatible; GPTBot/1.2; +https://openai.com/gptbot)"
20.171.207.118 - - [08/Sep/2025:17:12:42 +0700] "GET /delving-into-diversity-a-comparative-study-of-omegle-and-ometv/ HTTP/1.0" 200 91816 "-" "Mozilla/5.0 AppleWebKit/537.36 (KHTML, like Gecko; compatible; GPTBot/1.2; +https://openai.com/gptbot)"
20.171.207.118 - - [08/Sep/2025:17:13:14 +0700] "GET /can-coincidences-on-omegle-be-explained-by-science/ HTTP/1.0" 200 93551 "-" "Mozilla/5.0 AppleWebKit/537.36 (KHTML, like Gecko; compatible; GPTBot/1.2; +https://openai.com/gptbot)"
45.117.177.72 - - [08/Sep/2025:17:13:40 +0700] "POST /wp-cron.php?doing_wp_cron=1757326419.8314659595489501953125 HTTP/1.0" 200 416 "-" "WordPress/6.8.1; https://vattusacky.vn"
20.171.207.118 - - [08/Sep/2025:17:13:38 +0700] "GET /?p=6326 HTTP/1.0" 301 506 "-" "Mozilla/5.0 AppleWebKit/537.36 (KHTML, like Gecko; compatible; GPTBot/1.2; +https://openai.com/gptbot)"
20.171.207.118 - - [08/Sep/2025:17:13:40 +0700] "GET /celebrating-the-beauty-of-deep-connections-in-omelove-stories/ HTTP/1.0" 200 88923 "-" "Mozilla/5.0 AppleWebKit/537.36 (KHTML, like Gecko; compatible; GPTBot/1.2; +https://openai.com/gptbot)"
20.171.207.118 - - [08/Sep/2025:17:14:08 +0700] "GET /?p=4689 HTTP/1.0" 301 484 "-" "Mozilla/5.0 AppleWebKit/537.36 (KHTML, like Gecko; compatible; GPTBot/1.2; +https://openai.com/gptbot)"
20.171.207.118 - - [08/Sep/2025:17:14:09 +0700] "GET /postal-mail-order-brides-russian-brides/ HTTP/1.0" 200 210044 "-" "Mozilla/5.0 AppleWebKit/537.36 (KHTML, like Gecko; compatible; GPTBot/1.2; +https://openai.com/gptbot)"
45.117.177.72 - - [08/Sep/2025:17:14:41 +0700] "POST /wp-cron.php?doing_wp_cron=1757326480.7789409160614013671875 HTTP/1.0" 200 416 "-" "WordPress/6.8.1; https://vattusacky.vn"
20.171.207.118 - - [08/Sep/2025:17:14:39 +0700] "GET /?p=2527 HTTP/1.0" 301 637 "-" "Mozilla/5.0 AppleWebKit/537.36 (KHTML, like Gecko; compatible; GPTBot/1.2; +https://openai.com/gptbot)"
20.171.207.118 - - [08/Sep/2025:17:14:41 +0700] "GET /on-line-portuguese-going-out-with-safety-hints/ HTTP/1.0" 200 206519 "-" "Mozilla/5.0 AppleWebKit/537.36 (KHTML, like Gecko; compatible; GPTBot/1.2; +https://openai.com/gptbot)"
20.171.207.118 - - [08/Sep/2025:17:15:08 +0700] "GET /?p=6155 HTTP/1.0" 301 487 "-" "Mozilla/5.0 AppleWebKit/537.36 (KHTML, like Gecko; compatible; GPTBot/1.2; +https://openai.com/gptbot)"
20.171.207.118 - - [08/Sep/2025:17:15:09 +0700] "GET /anonymity-and-identity-on-omegle-and-ometv/ HTTP/1.0" 200 91393 "-" "Mozilla/5.0 AppleWebKit/537.36 (KHTML, like Gecko; compatible; GPTBot/1.2; +https://openai.com/gptbot)"
45.117.177.72 - - [08/Sep/2025:17:15:31 +0700] "POST /wp-cron.php?doing_wp_cron=1757326531.0081520080566406250000 HTTP/1.0" 200 416 "-" "WordPress/6.8.1; https://vattusacky.vn"
20.171.207.118 - - [08/Sep/2025:17:15:29 +0700] "GET /beginning-your-practice-in-online-dating-european-women/ HTTP/1.0" 200 208511 "-" "Mozilla/5.0 AppleWebKit/537.36 (KHTML, like Gecko; compatible; GPTBot/1.2; +https://openai.com/gptbot)"
20.171.207.118 - - [08/Sep/2025:17:15:50 +0700] "GET /play-for-free-slot-machines-online-slots-at-casinos HTTP/1.0" 301 450 "-" "Mozilla/5.0 AppleWebKit/537.36 (KHTML, like Gecko; compatible; GPTBot/1.2; +https://openai.com/gptbot)"
20.171.207.118 - - [08/Sep/2025:17:15:52 +0700] "GET /play-for-free-slot-machines-online-slots-at-casinos/ HTTP/1.0" 200 74508 "-" "Mozilla/5.0 AppleWebKit/537.36 (KHTML, like Gecko; compatible; GPTBot/1.2; +https://openai.com/gptbot)"
54.83.23.103 - - [08/Sep/2025:17:16:05 +0700] "GET /category/uncategorized/page/260/ HTTP/1.0" 200 76668 "-" "Mozilla/5.0 AppleWebKit/537.36 (KHTML, like Gecko; compatible; Amazonbot/0.1; +https://developer.amazon.com/support/amazonbot) Chrome/119.0.6045.214 Safari/537.36"
66.249.70.192 - - [08/Sep/2025:17:16:08 +0700] "GET /the-impact-of-positive-psychology-on-networking-on-omegle-and-ometv/feed/ HTTP/1.0" 200 1798 "-" "Mozilla/5.0 (Linux; Android 6.0.1; Nexus 5X Build/MMB29P) AppleWebKit/537.36 (KHTML, like Gecko) Chrome/138.0.7204.183 Mobile Safari/537.36 (compatible; Googlebot/2.1; +http://www.google.com/bot.html)"
98.82.214.73 - - [08/Sep/2025:17:16:09 +0700] "GET /category/uncategorized/page/346/ HTTP/1.0" 200 76536 "-" "Mozilla/5.0 AppleWebKit/537.36 (KHTML, like Gecko; compatible; Amazonbot/0.1; +https://developer.amazon.com/support/amazonbot) Chrome/119.0.6045.214 Safari/537.36"
45.117.177.72 - - [08/Sep/2025:17:16:18 +0700] "POST /wp-cron.php?doing_wp_cron=1757326578.0163769721984863281250 HTTP/1.0" 200 416 "-" "WordPress/6.8.1; https://vattusacky.vn"
20.171.207.118 - - [08/Sep/2025:17:16:16 +0700] "GET /benefits-of-connecting-with-others-on-omegle-and-ometv HTTP/1.0" 301 499 "-" "Mozilla/5.0 AppleWebKit/537.36 (KHTML, like Gecko; compatible; GPTBot/1.2; +https://openai.com/gptbot)"
20.171.207.118 - - [08/Sep/2025:17:16:18 +0700] "GET /benefits-of-connecting-with-others-on-omegle-and-ometv/ HTTP/1.0" 200 94011 "-" "Mozilla/5.0 AppleWebKit/537.36 (KHTML, like Gecko; compatible; GPTBot/1.2; +https://openai.com/gptbot)"
87.250.224.233 - - [08/Sep/2025:17:16:31 +0700] "GET /the-challenges-of-maintaining-authenticity-in-anonymous-omegle-chats/ HTTP/1.0" 200 92286 "-" "Mozilla/5.0 (compatible; YandexBot/3.0; +http://yandex.com/bots)"
20.171.207.118 - - [08/Sep/2025:17:16:46 +0700] "GET /review-para-codere-analisis-de-casa-de-apuestas-online-2023/ HTTP/1.0" 200 92725 "-" "Mozilla/5.0 AppleWebKit/537.36 (KHTML, like Gecko; compatible; GPTBot/1.2; +https://openai.com/gptbot)"
45.117.177.72 - - [08/Sep/2025:17:17:26 +0700] "POST /wp-cron.php?doing_wp_cron=1757326646.7412559986114501953125 HTTP/1.0" 200 416 "-" "WordPress/6.8.1; https://vattusacky.vn"
20.171.207.118 - - [08/Sep/2025:17:17:25 +0700] "GET /obzor-aviator-igrat-na-realnye-dengi/ HTTP/1.0" 200 83795 "-" "Mozilla/5.0 AppleWebKit/537.36 (KHTML, like Gecko; compatible; GPTBot/1.2; +https://openai.com/gptbot)"
20.171.207.118 - - [08/Sep/2025:17:17:42 +0700] "GET /benefits-of-using-omegle-for-global-connections/ HTTP/1.0" 200 86823 "-" "Mozilla/5.0 AppleWebKit/537.36 (KHTML, like Gecko; compatible; GPTBot/1.2; +https://openai.com/gptbot)"
20.171.207.118 - - [08/Sep/2025:17:18:04 +0700] "GET /?p=6302 HTTP/1.0" 301 495 "-" "Mozilla/5.0 AppleWebKit/537.36 (KHTML, like Gecko; compatible; GPTBot/1.2; +https://openai.com/gptbot)"
20.171.207.118 - - [08/Sep/2025:17:18:06 +0700] "GET /can-coincidences-on-omegle-be-explained-by-science/ HTTP/1.0" 200 93551 "-" "Mozilla/5.0 AppleWebKit/537.36 (KHTML, like Gecko; compatible; GPTBot/1.2; +https://openai.com/gptbot)"
45.117.177.72 - - [08/Sep/2025:17:18:52 +0700] "POST /wp-cron.php?doing_wp_cron=1757326731.9952509403228759765625 HTTP/1.0" 200 416 "-" "WordPress/6.8.1; https://vattusacky.vn"
20.171.207.118 - - [08/Sep/2025:17:18:50 +0700] "GET /?p=9378 HTTP/1.0" 301 481 "-" "Mozilla/5.0 AppleWebKit/537.36 (KHTML, like Gecko; compatible; GPTBot/1.2; +https://openai.com/gptbot)"
20.171.207.118 - - [08/Sep/2025:17:18:52 +0700] "GET /obzor-aviator-igrat-na-realnye-dengi/ HTTP/1.0" 200 83795 "-" "Mozilla/5.0 AppleWebKit/537.36 (KHTML, like Gecko; compatible; GPTBot/1.2; +https://openai.com/gptbot)"
45.117.177.72 - - [08/Sep/2025:17:19:39 +0700] "POST /wp-cron.php?doing_wp_cron=1757326779.7008130550384521484375 HTTP/1.0" 200 416 "-" "WordPress/6.8.1; https://vattusacky.vn"
20.171.207.118 - - [08/Sep/2025:17:19:38 +0700] "GET /the-ultimate-strategy-to-obzor-onlaynkazino-bc-games/ HTTP/1.0" 200 227370 "-" "Mozilla/5.0 AppleWebKit/537.36 (KHTML, like Gecko; compatible; GPTBot/1.2; +https://openai.com/gptbot)"
45.117.177.72 - - [08/Sep/2025:17:20:17 +0700] "POST /wp-cron.php?doing_wp_cron=1757326817.0226309299468994140625 HTTP/1.0" 200 416 "-" "WordPress/6.8.1; https://vattusacky.vn"
20.171.207.118 - - [08/Sep/2025:17:20:15 +0700] "GET /building-an-international-network-on-omegle-and-ometv/ HTTP/1.0" 200 90287 "-" "Mozilla/5.0 AppleWebKit/537.36 (KHTML, like Gecko; compatible; GPTBot/1.2; +https://openai.com/gptbot)"
20.171.207.118 - - [08/Sep/2025:17:21:05 +0700] "GET /?p=2842 HTTP/1.0" 301 491 "-" "Mozilla/5.0 AppleWebKit/537.36 (KHTML, like Gecko; compatible; GPTBot/1.2; +https://openai.com/gptbot)"
20.171.207.118 - - [08/Sep/2025:17:21:06 +0700] "GET /a-few-tips-for-ladies-looking-for-relationship/ HTTP/1.0" 200 206801 "-" "Mozilla/5.0 AppleWebKit/537.36 (KHTML, like Gecko; compatible; GPTBot/1.2; +https://openai.com/gptbot)"
4.227.36.97 - - [08/Sep/2025:17:21:07 +0700] "GET /robots.txt HTTP/1.0" 200 984 "-" "Mozilla/5.0 AppleWebKit/537.36 (KHTML, like Gecko; compatible; GPTBot/1.2; +https://openai.com/gptbot)"
37.45.145.232 - - [08/Sep/2025:17:21:12 +0700] "GET /where-can-i-buy-viagra-over-the-counter-in-the-usa/ HTTP/1.0" 200 225090 "-" "Mozilla/5.0 (Windows NT 6.3; Win64; x64) AppleWebKit/537.36 (KHTML, like Gecko) Chrome/75.0.3770.100 Safari/537.36"
45.117.177.72 - - [08/Sep/2025:17:21:17 +0700] "POST /wp-cron.php?doing_wp_cron=1757326877.2511699199676513671875 HTTP/1.0" 200 416 "-" "WordPress/6.8.1; https://vattusacky.vn"
40.77.167.58 - - [08/Sep/2025:17:21:16 +0700] "GET /adquiriendo-mas-alla-de-primero-fecha/ HTTP/1.0" 200 207438 "-" "Mozilla/5.0 AppleWebKit/537.36 (KHTML, like Gecko; compatible; bingbot/2.0; +http://www.bing.com/bingbot.htm) Chrome/116.0.1938.76 Safari/537.36"
20.171.207.118 - - [08/Sep/2025:17:21:38 +0700] "GET /?p=2439 HTTP/1.0" 301 500 "-" "Mozilla/5.0 AppleWebKit/537.36 (KHTML, like Gecko; compatible; GPTBot/1.2; +https://openai.com/gptbot)"
20.171.207.118 - - [08/Sep/2025:17:21:40 +0700] "GET /beginning-your-practice-in-online-dating-european-women/ HTTP/1.0" 200 208511 "-" "Mozilla/5.0 AppleWebKit/537.36 (KHTML, like Gecko; compatible; GPTBot/1.2; +https://openai.com/gptbot)"
20.171.207.118 - - [08/Sep/2025:17:22:08 +0700] "GET /behind-the-masks-identity-and-authenticity-on-omegle/ HTTP/1.0" 200 89670 "-" "Mozilla/5.0 AppleWebKit/537.36 (KHTML, like Gecko; compatible; GPTBot/1.2; +https://openai.com/gptbot)"
45.117.177.72 - - [08/Sep/2025:17:22:30 +0700] "POST /wp-cron.php?doing_wp_cron=1757326950.0658938884735107421875 HTTP/1.0" 200 416 "-" "WordPress/6.8.1; https://vattusacky.vn"
20.171.207.118 - - [08/Sep/2025:17:22:28 +0700] "GET /building-trust-in-omegle-therapy-strategies-and-tips/ HTTP/1.0" 200 91330 "-" "Mozilla/5.0 AppleWebKit/537.36 (KHTML, like Gecko; compatible; GPTBot/1.2; +https://openai.com/gptbot)"
20.171.207.118 - - [08/Sep/2025:17:22:54 +0700] "GET /a-look-into-the-crystal-ball-omegles-future-unveiled HTTP/1.0" 301 497 "-" "Mozilla/5.0 AppleWebKit/537.36 (KHTML, like Gecko; compatible; GPTBot/1.2; +https://openai.com/gptbot)"
89.44.58.112 - - [08/Sep/2025:17:22:54 +0700] "GET /wp-json/wp/v2/posts?slug=/how-you-can-date-delightful-single-latina-women/ HTTP/1.0" 200 183295 "-" "-"
89.44.58.112 - - [08/Sep/2025:17:22:54 +0700] "GET /wp-json/wp/v2/posts?slug=/how-you-can-date-delightful-single-latina-women/ HTTP/1.0" 200 183295 "-" "-"
20.171.207.118 - - [08/Sep/2025:17:22:55 +0700] "GET /a-look-into-the-crystal-ball-omegles-future-unveiled/ HTTP/1.0" 200 89572 "-" "Mozilla/5.0 AppleWebKit/537.36 (KHTML, like Gecko; compatible; GPTBot/1.2; +https://openai.com/gptbot)"
89.44.58.112 - - [08/Sep/2025:17:22:58 +0700] "POST /wp-comments-post.php HTTP/1.0" 302 1149 "-" "-"
89.44.58.112 - - [08/Sep/2025:17:22:59 +0700] "POST /wp-comments-post.php HTTP/1.0" 429 3223 "-" "-"
89.44.58.112 - - [08/Sep/2025:17:23:01 +0700] "GET /how-you-can-date-delightful-single-latina-women/?unapproved=1488&moderation-hash=6020f56d83d99a801965f7a2eef0b3a7 HTTP/1.0" 200 208543 "-" "-"
185.191.171.1 - - [08/Sep/2025:17:23:07 +0700] "GET /heated-latin-females-dating-protection-tips/ HTTP/1.0" 200 206722 "-" "Mozilla/5.0 (compatible; SemrushBot/7~bl; +http://www.semrush.com/bot.html)"
20.171.207.118 - - [08/Sep/2025:17:23:27 +0700] "GET /online-slot-machines-is-just-like-land-based-surgeons HTTP/1.0" 301 452 "-" "Mozilla/5.0 AppleWebKit/537.36 (KHTML, like Gecko; compatible; GPTBot/1.2; +https://openai.com/gptbot)"
20.171.207.118 - - [08/Sep/2025:17:24:23 +0700] "GET /online-slot-machines-is-just-like-land-based-surgeons/ HTTP/1.0" 200 207010 "-" "Mozilla/5.0 AppleWebKit/537.36 (KHTML, like Gecko; compatible; GPTBot/1.2; +https://openai.com/gptbot)"
45.117.177.72 - - [08/Sep/2025:17:25:14 +0700] "POST /wp-cron.php?doing_wp_cron=1757327114.0111730098724365234375 HTTP/1.0" 200 416 "-" "WordPress/6.8.1; https://vattusacky.vn"
20.171.207.118 - - [08/Sep/2025:17:25:12 +0700] "GET /anonymity-in-a-digital-age-omegles-contribution/ HTTP/1.0" 200 89803 "-" "Mozilla/5.0 AppleWebKit/537.36 (KHTML, like Gecko; compatible; GPTBot/1.2; +https://openai.com/gptbot)"
45.117.177.72 - - [08/Sep/2025:17:25:47 +0700] "POST /wp-cron.php?doing_wp_cron=1757327147.5791780948638916015625 HTTP/1.0" 200 416 "-" "WordPress/6.8.1; https://vattusacky.vn"
20.171.207.118 - - [08/Sep/2025:17:25:46 +0700] "GET /?p=2688 HTTP/1.0" 301 669 "-" "Mozilla/5.0 AppleWebKit/537.36 (KHTML, like Gecko; compatible; GPTBot/1.2; +https://openai.com/gptbot)"
20.171.207.118 - - [08/Sep/2025:17:25:48 +0700] "GET /mang-lai-thoi-gian-nghi-ngoi-cashberry-vay-tien-lien-quan-den-tin-dung-tuc-thi/ HTTP/1.0" 200 210578 "-" "Mozilla/5.0 AppleWebKit/537.36 (KHTML, like Gecko; compatible; GPTBot/1.2; +https://openai.com/gptbot)"
20.171.207.118 - - [08/Sep/2025:17:26:12 +0700] "GET /beyond-small-talk-exploring-deeper-conversations-on-omegle-and-ometv/ HTTP/1.0" 200 91718 "-" "Mozilla/5.0 AppleWebKit/537.36 (KHTML, like Gecko; compatible; GPTBot/1.2; +https://openai.com/gptbot)"
45.117.177.72 - - [08/Sep/2025:17:26:26 +0700] "POST /wp-cron.php?doing_wp_cron=1757327185.8934741020202636718750 HTTP/1.0" 200 416 "-" "WordPress/6.8.1; https://vattusacky.vn"
216.244.66.237 - - [08/Sep/2025:17:26:24 +0700] "GET /how-omegles-social-experiment-brings-people-together/ HTTP/1.0" 200 90632 "-" "Mozilla/5.0 (compatible; DotBot/1.2; +https://opensiteexplorer.org/dotbot; help@moz.com)"
20.171.207.118 - - [08/Sep/2025:17:26:34 +0700] "GET /?p=6298 HTTP/1.0" 301 497 "-" "Mozilla/5.0 AppleWebKit/537.36 (KHTML, like Gecko; compatible; GPTBot/1.2; +https://openai.com/gptbot)"
20.171.207.118 - - [08/Sep/2025:17:26:35 +0700] "GET /building-trust-in-omegle-therapy-strategies-and-tips/ HTTP/1.0" 200 91330 "-" "Mozilla/5.0 AppleWebKit/537.36 (KHTML, like Gecko; compatible; GPTBot/1.2; +https://openai.com/gptbot)"
