20.171.207.118 - - [08/Sep/2025:22:41:34 +0700] "GET /the-convenience-of-text-chat-ometvs-text-chat-benefits/ HTTP/1.0" 200 91337 "-" "Mozilla/5.0 AppleWebKit/537.36 (KHTML, like Gecko; compatible; GPTBot/1.2; +https://openai.com/gptbot)"
45.61.186.244 - - [08/Sep/2025:22:41:41 +0700] "GET /wp-login.php HTTP/1.0" 200 11388 "-" "Mozilla/5.0 (Windows NT 6.1; WOW64) AppleWebKit/537.36 (KHTML, like Gecko) Chrome/36.0.1985.125 Safari/537.36"
20.171.207.118 - - [08/Sep/2025:22:41:49 +0700] "GET /?p=7865 HTTP/1.0" 301 518 "-" "Mozilla/5.0 AppleWebKit/537.36 (KHTML, like Gecko; compatible; GPTBot/1.2; +https://openai.com/gptbot)"
20.171.207.118 - - [08/Sep/2025:22:41:50 +0700] "GET /omegles-impact-on-the-lgbtq-community-creating-safe-spaces-for-connection/ HTTP/1.0" 200 92826 "-" "Mozilla/5.0 AppleWebKit/537.36 (KHTML, like Gecko; compatible; GPTBot/1.2; +https://openai.com/gptbot)"
20.171.207.118 - - [08/Sep/2025:22:42:07 +0700] "GET /tips-for-effective-communication-on-omegle/ HTTP/1.0" 200 89343 "-" "Mozilla/5.0 AppleWebKit/537.36 (KHTML, like Gecko; compatible; GPTBot/1.2; +https://openai.com/gptbot)"
45.117.177.72 - - [08/Sep/2025:22:42:32 +0700] "POST /wp-cron.php?doing_wp_cron=1757346152.7285408973693847656250 HTTP/1.0" 200 416 "-" "WordPress/6.8.1; https://vattusacky.vn"
20.171.207.118 - - [08/Sep/2025:22:42:31 +0700] "GET /the-art-of-active-questioning-on-omegle-encouraging-detailed-and-thought-provoking-responses/ HTTP/1.0" 200 93482 "-" "Mozilla/5.0 AppleWebKit/537.36 (KHTML, like Gecko; compatible; GPTBot/1.2; +https://openai.com/gptbot)"
20.171.207.118 - - [08/Sep/2025:22:42:49 +0700] "GET /?p=7954 HTTP/1.0" 301 497 "-" "Mozilla/5.0 AppleWebKit/537.36 (KHTML, like Gecko; compatible; GPTBot/1.2; +https://openai.com/gptbot)"
51.161.37.43 - - [08/Sep/2025:22:42:50 +0700] "GET /ways-to-report-abusive-behavior-on-ometv/ HTTP/1.0" 200 89357 "-" "Mozilla/5.0 (compatible; AhrefsBot/7.0; +http://ahrefs.com/robot/)"
20.171.207.118 - - [08/Sep/2025:22:42:51 +0700] "GET /omegles-role-in-fostering-cross-cultural-friendships/ HTTP/1.0" 200 90974 "-" "Mozilla/5.0 AppleWebKit/537.36 (KHTML, like Gecko; compatible; GPTBot/1.2; +https://openai.com/gptbot)"
52.167.144.21 - - [08/Sep/2025:22:42:56 +0700] "GET /wp-content/uploads/2019/06/do-thi-tram-khi-tuong-colombia.jpg HTTP/1.0" 200 438 "-" "Mozilla/5.0 AppleWebKit/537.36 (KHTML, like Gecko; compatible; bingbot/2.0; +http://www.bing.com/bingbot.htm) Chrome/116.0.1938.76 Safari/537.36"
52.167.144.21 - - [08/Sep/2025:22:42:56 +0700] "GET /wp-content/uploads/2019/06/do-thi-tram-khi-tuong-colombia.jpg HTTP/2.0" 200 98034 "-" "Mozilla/5.0 AppleWebKit/537.36 (KHTML, like Gecko; compatible; bingbot/2.0; +http://www.bing.com/bingbot.htm) Chrome/116.0.1938.76 Safari/537.36"
45.117.177.72 - - [08/Sep/2025:22:43:11 +0700] "POST /wp-cron.php?doing_wp_cron=1757346191.7521259784698486328125 HTTP/1.0" 200 416 "-" "WordPress/6.8.1; https://vattusacky.vn"
20.171.207.118 - - [08/Sep/2025:22:43:10 +0700] "GET /the-power-of-open-ended-questions-on-omegle-fostering-deeper-and-more-meaningful-conversations/ HTTP/1.0" 200 92357 "-" "Mozilla/5.0 AppleWebKit/537.36 (KHTML, like Gecko; compatible; GPTBot/1.2; +https://openai.com/gptbot)"
45.117.177.72 - - [08/Sep/2025:22:43:39 +0700] "POST /wp-cron.php?doing_wp_cron=1757346219.5870740413665771484375 HTTP/1.0" 200 416 "-" "WordPress/6.8.1; https://vattusacky.vn"
20.171.207.118 - - [08/Sep/2025:22:43:38 +0700] "GET /?p=8185 HTTP/1.0" 301 520 "-" "Mozilla/5.0 AppleWebKit/537.36 (KHTML, like Gecko; compatible; GPTBot/1.2; +https://openai.com/gptbot)"
20.171.207.118 - - [08/Sep/2025:22:43:40 +0700] "GET /serendipity-and-collective-wisdom-in-online-communities-on-omegle-and-ometv/ HTTP/1.0" 200 94736 "-" "Mozilla/5.0 AppleWebKit/537.36 (KHTML, like Gecko; compatible; GPTBot/1.2; +https://openai.com/gptbot)"
54.39.203.68 - - [08/Sep/2025:22:43:40 +0700] "GET /just-what-mutually-beneficial-arrangement/ HTTP/1.0" 200 208802 "-" "Mozilla/5.0 (compatible; AhrefsBot/7.0; +http://ahrefs.com/robot/)"
20.171.207.118 - - [08/Sep/2025:22:43:59 +0700] "GET /aion-wallet-secure-your-aion-aion-assets/ HTTP/1.0" 200 329386 "-" "Mozilla/5.0 AppleWebKit/537.36 (KHTML, like Gecko; compatible; GPTBot/1.2; +https://openai.com/gptbot)"
45.117.177.72 - - [08/Sep/2025:22:44:24 +0700] "POST /wp-cron.php?doing_wp_cron=1757346264.5678870677947998046875 HTTP/1.0" 200 416 "-" "WordPress/6.8.1; https://vattusacky.vn"
20.171.207.118 - - [08/Sep/2025:22:44:23 +0700] "GET /?p=8125 HTTP/1.0" 301 486 "-" "Mozilla/5.0 AppleWebKit/537.36 (KHTML, like Gecko; compatible; GPTBot/1.2; +https://openai.com/gptbot)"
20.171.207.118 - - [08/Sep/2025:22:44:29 +0700] "GET /recognizing-signs-of-flirtation-on-omegle/ HTTP/1.0" 200 89191 "-" "Mozilla/5.0 AppleWebKit/537.36 (KHTML, like Gecko; compatible; GPTBot/1.2; +https://openai.com/gptbot)"
142.44.220.245 - - [08/Sep/2025:22:44:40 +0700] "GET /the-unique-experience-of-omegle-what-sets-it-apart/ HTTP/1.0" 200 90901 "-" "Mozilla/5.0 (compatible; AhrefsBot/7.0; +http://ahrefs.com/robot/)"
20.171.207.118 - - [08/Sep/2025:22:44:51 +0700] "GET /?p=8701 HTTP/1.0" 301 539 "-" "Mozilla/5.0 AppleWebKit/537.36 (KHTML, like Gecko; compatible; GPTBot/1.2; +https://openai.com/gptbot)"
20.171.207.118 - - [08/Sep/2025:22:44:54 +0700] "GET /the-power-of-open-ended-questions-on-omegle-fostering-deeper-and-more-meaningful-conversations/ HTTP/1.0" 200 92357 "-" "Mozilla/5.0 AppleWebKit/537.36 (KHTML, like Gecko; compatible; GPTBot/1.2; +https://openai.com/gptbot)"
20.171.207.118 - - [08/Sep/2025:22:45:13 +0700] "GET /?p=4121 HTTP/1.0" 301 486 "-" "Mozilla/5.0 AppleWebKit/537.36 (KHTML, like Gecko; compatible; GPTBot/1.2; +https://openai.com/gptbot)"
20.171.207.118 - - [08/Sep/2025:22:45:14 +0700] "GET /sonunda-mostbet-sign-inun-sirri-aciklandi/ HTTP/1.0" 200 235421 "-" "Mozilla/5.0 AppleWebKit/537.36 (KHTML, like Gecko; compatible; GPTBot/1.2; +https://openai.com/gptbot)"
54.39.0.93 - - [08/Sep/2025:22:45:15 +0700] "GET /since-1985-red-butte-backyard-has-provided-a-serene-escape-for-daters-in-utah/ HTTP/1.0" 200 215898 "-" "Mozilla/5.0 (compatible; AhrefsBot/7.0; +http://ahrefs.com/robot/)"
45.117.177.72 - - [08/Sep/2025:22:45:31 +0700] "POST /wp-cron.php?doing_wp_cron=1757346331.3958480358123779296875 HTTP/1.0" 200 416 "-" "WordPress/6.8.1; https://vattusacky.vn"
20.171.207.118 - - [08/Sep/2025:22:45:30 +0700] "GET /?p=8317 HTTP/1.0" 301 537 "-" "Mozilla/5.0 AppleWebKit/537.36 (KHTML, like Gecko; compatible; GPTBot/1.2; +https://openai.com/gptbot)"
20.171.207.118 - - [08/Sep/2025:22:45:32 +0700] "GET /the-art-of-active-questioning-on-omegle-encouraging-detailed-and-thought-provoking-responses/ HTTP/1.0" 200 93482 "-" "Mozilla/5.0 AppleWebKit/537.36 (KHTML, like Gecko; compatible; GPTBot/1.2; +https://openai.com/gptbot)"
85.208.96.199 - - [08/Sep/2025:22:45:33 +0700] "GET /an-review-of-online-slot-games/ HTTP/1.0" 200 206646 "-" "Mozilla/5.0 (compatible; SemrushBot/7~bl; +http://www.semrush.com/bot.html)"
20.171.207.118 - - [08/Sep/2025:22:45:56 +0700] "GET /making-a-genuine-connection-on-omegle-tips-for-authenticity-in-first-impressions/ HTTP/1.0" 200 93089 "-" "Mozilla/5.0 AppleWebKit/537.36 (KHTML, like Gecko; compatible; GPTBot/1.2; +https://openai.com/gptbot)"
15.235.27.90 - - [08/Sep/2025:22:46:06 +0700] "GET /user-experience-on-ometv/ HTTP/1.0" 200 89925 "-" "Mozilla/5.0 (compatible; AhrefsBot/7.0; +http://ahrefs.com/robot/)"
20.171.207.118 - - [08/Sep/2025:22:46:10 +0700] "GET /the-impact-of-omegle-on-traditional-forms-of-communication-and-socializing/ HTTP/1.0" 200 92839 "-" "Mozilla/5.0 AppleWebKit/537.36 (KHTML, like Gecko; compatible; GPTBot/1.2; +https://openai.com/gptbot)"
45.117.177.72 - - [08/Sep/2025:22:46:24 +0700] "POST /wp-cron.php?doing_wp_cron=1757346383.8192660808563232421875 HTTP/1.0" 200 416 "-" "WordPress/6.8.1; https://vattusacky.vn"
44.194.139.149 - - [08/Sep/2025:22:46:22 +0700] "GET /category/uncategorized/page/229/ HTTP/1.0" 200 76656 "-" "Mozilla/5.0 AppleWebKit/537.36 (KHTML, like Gecko; compatible; Amazonbot/0.1; +https://developer.amazon.com/support/amazonbot) Chrome/119.0.6045.214 Safari/537.36"
44.209.89.189 - - [08/Sep/2025:22:46:25 +0700] "GET /category/uncategorized/page/206/ HTTP/1.0" 200 77115 "-" "Mozilla/5.0 AppleWebKit/537.36 (KHTML, like Gecko; compatible; Amazonbot/0.1; +https://developer.amazon.com/support/amazonbot) Chrome/119.0.6045.214 Safari/537.36"
45.117.177.72 - - [08/Sep/2025:22:46:41 +0700] "POST /wp-cron.php?doing_wp_cron=1757346401.2171809673309326171875 HTTP/1.0" 200 416 "-" "WordPress/6.8.1; https://vattusacky.vn"
20.171.207.118 - - [08/Sep/2025:22:46:40 +0700] "GET /?p=8422 HTTP/1.0" 301 664 "-" "Mozilla/5.0 AppleWebKit/537.36 (KHTML, like Gecko; compatible; GPTBot/1.2; +https://openai.com/gptbot)"
20.171.207.118 - - [08/Sep/2025:22:46:42 +0700] "GET /the-ethical-implications-of-using-omegle-for-research-and-data-collection/ HTTP/1.0" 200 91394 "-" "Mozilla/5.0 AppleWebKit/537.36 (KHTML, like Gecko; compatible; GPTBot/1.2; +https://openai.com/gptbot)"
45.117.177.72 - - [08/Sep/2025:22:47:07 +0700] "POST /wp-cron.php?doing_wp_cron=1757346426.9597589969635009765625 HTTP/1.0" 200 416 "-" "WordPress/6.8.1; https://vattusacky.vn"
20.171.207.118 - - [08/Sep/2025:22:47:05 +0700] "GET /serendipity-and-self-discovery-how-unexpected-moments-can-change-us-online/ HTTP/1.0" 200 93766 "-" "Mozilla/5.0 AppleWebKit/537.36 (KHTML, like Gecko; compatible; GPTBot/1.2; +https://openai.com/gptbot)"
51.161.37.20 - - [08/Sep/2025:22:47:07 +0700] "GET /user-experience-on-omegle/ HTTP/1.0" 200 90706 "-" "Mozilla/5.0 (compatible; AhrefsBot/7.0; +http://ahrefs.com/robot/)"
45.117.177.72 - - [08/Sep/2025:22:47:26 +0700] "POST /wp-cron.php?doing_wp_cron=1757346446.1990900039672851562500 HTTP/1.0" 200 416 "-" "WordPress/6.8.1; https://vattusacky.vn"
20.171.207.118 - - [08/Sep/2025:22:47:24 +0700] "GET /?p=9018 HTTP/1.0" 301 487 "-" "Mozilla/5.0 AppleWebKit/537.36 (KHTML, like Gecko; compatible; GPTBot/1.2; +https://openai.com/gptbot)"
20.171.207.118 - - [08/Sep/2025:22:47:28 +0700] "GET /tips-for-effective-communication-on-omegle/ HTTP/1.0" 200 89343 "-" "Mozilla/5.0 AppleWebKit/537.36 (KHTML, like Gecko; compatible; GPTBot/1.2; +https://openai.com/gptbot)"
20.171.207.118 - - [08/Sep/2025:22:47:50 +0700] "GET /the-magic-of-virtual-serendipity-the-charms-of-omegles-random-interactions/ HTTP/1.0" 200 75027 "-" "Mozilla/5.0 AppleWebKit/537.36 (KHTML, like Gecko; compatible; GPTBot/1.2; +https://openai.com/gptbot)"
51.161.65.122 - - [08/Sep/2025:22:48:01 +0700] "GET /findo-advance-tien-cashberry-loan-app-trinh-di-dong-co-su-khac-biet/ HTTP/1.0" 200 207761 "-" "Mozilla/5.0 (compatible; AhrefsBot/7.0; +http://ahrefs.com/robot/)"
213.180.203.117 - - [08/Sep/2025:22:48:03 +0700] "GET /robots.txt HTTP/1.0" 200 984 "-" "Mozilla/5.0 (compatible; YandexBot/3.0; +http://yandex.com/bots)"
20.171.207.118 - - [08/Sep/2025:22:48:10 +0700] "GET /?p=2110 HTTP/1.0" 301 485 "-" "Mozilla/5.0 AppleWebKit/537.36 (KHTML, like Gecko; compatible; GPTBot/1.2; +https://openai.com/gptbot)"
45.117.177.72 - - [08/Sep/2025:22:48:20 +0700] "POST /wp-cron.php?doing_wp_cron=1757346500.6898109912872314453125 HTTP/1.0" 200 416 "-" "WordPress/6.8.1; https://vattusacky.vn"
20.171.207.118 - - [08/Sep/2025:22:48:19 +0700] "GET /aion-wallet-secure-your-aion-aion-assets/ HTTP/1.0" 200 329386 "-" "Mozilla/5.0 AppleWebKit/537.36 (KHTML, like Gecko; compatible; GPTBot/1.2; +https://openai.com/gptbot)"
20.171.207.118 - - [08/Sep/2025:22:48:52 +0700] "GET /?p=8662 HTTP/1.0" 301 519 "-" "Mozilla/5.0 AppleWebKit/537.36 (KHTML, like Gecko; compatible; GPTBot/1.2; +https://openai.com/gptbot)"
20.171.207.118 - - [08/Sep/2025:22:48:54 +0700] "GET /the-magic-of-virtual-serendipity-the-charms-of-omegles-random-interactions/ HTTP/1.0" 200 75027 "-" "Mozilla/5.0 AppleWebKit/537.36 (KHTML, like Gecko; compatible; GPTBot/1.2; +https://openai.com/gptbot)"
142.44.228.244 - - [08/Sep/2025:22:49:02 +0700] "GET /leading-7-ideal-way-to-meet-lesbian-singles-in-2020/ HTTP/1.0" 200 217783 "-" "Mozilla/5.0 (compatible; AhrefsBot/7.0; +http://ahrefs.com/robot/)"
45.117.177.72 - - [08/Sep/2025:22:49:20 +0700] "POST /wp-cron.php?doing_wp_cron=1757346559.8677721023559570312500 HTTP/1.0" 200 416 "-" "WordPress/6.8.1; https://vattusacky.vn"
20.171.207.118 - - [08/Sep/2025:22:49:18 +0700] "GET /leovegas-kom-igaang-blixtsnabbt-med-mobilt-bankid/ HTTP/1.0" 200 87602 "-" "Mozilla/5.0 AppleWebKit/537.36 (KHTML, like Gecko; compatible; GPTBot/1.2; +https://openai.com/gptbot)"
20.171.207.118 - - [08/Sep/2025:22:49:43 +0700] "GET /?p=8555 HTTP/1.0" 301 519 "-" "Mozilla/5.0 AppleWebKit/537.36 (KHTML, like Gecko; compatible; GPTBot/1.2; +https://openai.com/gptbot)"
20.171.207.118 - - [08/Sep/2025:22:49:49 +0700] "GET /the-impact-of-omegle-on-traditional-forms-of-communication-and-socializing/ HTTP/1.0" 200 92839 "-" "Mozilla/5.0 AppleWebKit/537.36 (KHTML, like Gecko; compatible; GPTBot/1.2; +https://openai.com/gptbot)"
51.222.168.185 - - [08/Sep/2025:22:50:09 +0700] "GET /pin-up-top-kazino-rabochee-zerkalo-vhod-kazino-2/ HTTP/1.0" 200 221228 "-" "Mozilla/5.0 (compatible; AhrefsBot/7.0; +http://ahrefs.com/robot/)"
20.171.207.118 - - [08/Sep/2025:22:50:10 +0700] "GET /?p=7186 HTTP/1.0" 301 525 "-" "Mozilla/5.0 AppleWebKit/537.36 (KHTML, like Gecko; compatible; GPTBot/1.2; +https://openai.com/gptbot)"
45.117.177.72 - - [08/Sep/2025:22:50:18 +0700] "POST /wp-cron.php?doing_wp_cron=1757346618.6712260246276855468750 HTTP/1.0" 200 416 "-" "WordPress/6.8.1; https://vattusacky.vn"
20.171.207.118 - - [08/Sep/2025:22:50:17 +0700] "GET /making-a-genuine-connection-on-omegle-tips-for-authenticity-in-first-impressions/ HTTP/1.0" 200 93089 "-" "Mozilla/5.0 AppleWebKit/537.36 (KHTML, like Gecko; compatible; GPTBot/1.2; +https://openai.com/gptbot)"
20.171.207.118 - - [08/Sep/2025:22:50:47 +0700] "GET /unpacking-over-the-counter-medications-a-detailed/ HTTP/1.0" 200 77012 "-" "Mozilla/5.0 AppleWebKit/537.36 (KHTML, like Gecko; compatible; GPTBot/1.2; +https://openai.com/gptbot)"
54.39.0.163 - - [08/Sep/2025:22:51:11 +0700] "GET /what-is-omegle-and-ometv/ HTTP/1.0" 200 86579 "-" "Mozilla/5.0 (compatible; AhrefsBot/7.0; +http://ahrefs.com/robot/)"
45.117.177.72 - - [08/Sep/2025:22:51:19 +0700] "POST /wp-cron.php?doing_wp_cron=1757346679.3484010696411132812500 HTTP/1.0" 200 416 "-" "WordPress/6.8.1; https://vattusacky.vn"
20.171.207.118 - - [08/Sep/2025:22:51:18 +0700] "GET /the-addictive-allure-of-omegles-random-encounters/ HTTP/1.0" 200 90540 "-" "Mozilla/5.0 AppleWebKit/537.36 (KHTML, like Gecko; compatible; GPTBot/1.2; +https://openai.com/gptbot)"
20.171.207.118 - - [08/Sep/2025:22:51:39 +0700] "GET /navigating-anonymity-and-authenticity-in-online-dating-on-omegle/ HTTP/1.0" 200 91015 "-" "Mozilla/5.0 AppleWebKit/537.36 (KHTML, like Gecko; compatible; GPTBot/1.2; +https://openai.com/gptbot)"
20.171.207.118 - - [08/Sep/2025:22:52:00 +0700] "GET /omegle-for-gamers-connecting-with-like-minded-players-for-online-gaming-sessions/ HTTP/1.0" 200 74971 "-" "Mozilla/5.0 AppleWebKit/537.36 (KHTML, like Gecko; compatible; GPTBot/1.2; +https://openai.com/gptbot)"
54.39.136.66 - - [08/Sep/2025:22:52:10 +0700] "GET /the-ultimate-strategy-to-obzor-onlaynkazino-bc-games/ HTTP/1.0" 200 227516 "-" "Mozilla/5.0 (compatible; AhrefsBot/7.0; +http://ahrefs.com/robot/)"
45.117.177.72 - - [08/Sep/2025:22:52:23 +0700] "POST /wp-cron.php?doing_wp_cron=1757346743.7040140628814697265625 HTTP/1.0" 200 416 "-" "WordPress/6.8.1; https://vattusacky.vn"
20.171.207.118 - - [08/Sep/2025:22:52:22 +0700] "GET /the-future-of-omegle-predictions-and-speculations/ HTTP/1.0" 200 90814 "-" "Mozilla/5.0 AppleWebKit/537.36 (KHTML, like Gecko; compatible; GPTBot/1.2; +https://openai.com/gptbot)"
20.171.207.118 - - [08/Sep/2025:22:52:43 +0700] "GET /?p=8191 HTTP/1.0" 301 519 "-" "Mozilla/5.0 AppleWebKit/537.36 (KHTML, like Gecko; compatible; GPTBot/1.2; +https://openai.com/gptbot)"
20.171.207.118 - - [08/Sep/2025:22:52:45 +0700] "GET /serendipity-and-self-discovery-how-unexpected-moments-can-change-us-online/ HTTP/1.0" 200 93766 "-" "Mozilla/5.0 AppleWebKit/537.36 (KHTML, like Gecko; compatible; GPTBot/1.2; +https://openai.com/gptbot)"
51.161.37.248 - - [08/Sep/2025:22:53:04 +0700] "GET /the-ultimate-strategy-to-obzor-onlaynkazino-bc-games/ HTTP/1.0" 200 227516 "-" "Mozilla/5.0 (compatible; AhrefsBot/7.0; +http://ahrefs.com/robot/)"
45.117.177.72 - - [08/Sep/2025:22:53:20 +0700] "POST /wp-cron.php?doing_wp_cron=1757346800.2099640369415283203125 HTTP/1.0" 200 416 "-" "WordPress/6.8.1; https://vattusacky.vn"
20.171.207.118 - - [08/Sep/2025:22:53:19 +0700] "GET /playing-casino-games-for-free-games-maximize-your-chances-of-winning/ HTTP/1.0" 200 207219 "-" "Mozilla/5.0 AppleWebKit/537.36 (KHTML, like Gecko; compatible; GPTBot/1.2; +https://openai.com/gptbot)"
142.44.228.55 - - [08/Sep/2025:22:53:28 +0700] "GET /rejestracja-w-kasynie-mostbet-dobre-rady-2/ HTTP/1.0" 200 92195 "-" "Mozilla/5.0 (compatible; AhrefsBot/7.0; +http://ahrefs.com/robot/)"
20.171.207.118 - - [08/Sep/2025:22:53:51 +0700] "GET /how-to-teach-slots-better-than-anyone-else/ HTTP/1.0" 200 232760 "-" "Mozilla/5.0 AppleWebKit/537.36 (KHTML, like Gecko; compatible; GPTBot/1.2; +https://openai.com/gptbot)"
20.171.207.118 - - [08/Sep/2025:22:54:09 +0700] "GET /omegle-bots-identifying-and-interacting-with-automated-users/ HTTP/1.0" 200 90543 "-" "Mozilla/5.0 AppleWebKit/537.36 (KHTML, like Gecko; compatible; GPTBot/1.2; +https://openai.com/gptbot)"
45.117.177.72 - - [08/Sep/2025:22:54:32 +0700] "POST /wp-cron.php?doing_wp_cron=1757346872.1010921001434326171875 HTTP/1.0" 200 416 "-" "WordPress/6.8.1; https://vattusacky.vn"
20.171.207.118 - - [08/Sep/2025:22:54:30 +0700] "GET /the-different-types-of-money-in-an-economy/ HTTP/1.0" 200 466156 "-" "Mozilla/5.0 AppleWebKit/537.36 (KHTML, like Gecko; compatible; GPTBot/1.2; +https://openai.com/gptbot)"
54.39.136.172 - - [08/Sep/2025:22:54:37 +0700] "GET /unveiling-the-risks-of-omegle-safeguarding-your-online-identity/ HTTP/1.0" 200 79725 "-" "Mozilla/5.0 (compatible; AhrefsBot/7.0; +http://ahrefs.com/robot/)"
20.171.207.118 - - [08/Sep/2025:22:54:49 +0700] "GET /?p=7636 HTTP/1.0" 301 525 "-" "Mozilla/5.0 AppleWebKit/537.36 (KHTML, like Gecko; compatible; GPTBot/1.2; +https://openai.com/gptbot)"
20.171.207.118 - - [08/Sep/2025:22:54:51 +0700] "GET /omegle-for-gamers-connecting-with-like-minded-players-for-online-gaming-sessions/ HTTP/1.0" 200 74825 "-" "Mozilla/5.0 AppleWebKit/537.36 (KHTML, like Gecko; compatible; GPTBot/1.2; +https://openai.com/gptbot)"
20.171.207.118 - - [08/Sep/2025:22:55:12 +0700] "GET /omegles-influence-on-the-representation-of-online-relationships-in-media/ HTTP/1.0" 200 90658 "-" "Mozilla/5.0 AppleWebKit/537.36 (KHTML, like Gecko; compatible; GPTBot/1.2; +https://openai.com/gptbot)"
45.117.177.72 - - [08/Sep/2025:22:55:40 +0700] "POST /wp-cron.php?doing_wp_cron=1757346940.5246539115905761718750 HTTP/1.0" 200 416 "-" "WordPress/6.8.1; https://vattusacky.vn"
51.222.95.85 - - [08/Sep/2025:22:55:39 +0700] "GET /4411-2/ HTTP/1.0" 200 205839 "-" "Mozilla/5.0 (compatible; AhrefsBot/7.0; +http://ahrefs.com/robot/)"
20.171.207.118 - - [08/Sep/2025:22:55:53 +0700] "GET /the-global-reach-of-omegle-artistry-connecting-artists-around-the-world/ HTTP/1.0" 200 91816 "-" "Mozilla/5.0 AppleWebKit/537.36 (KHTML, like Gecko; compatible; GPTBot/1.2; +https://openai.com/gptbot)"
45.117.177.72 - - [08/Sep/2025:22:56:19 +0700] "POST /wp-cron.php?doing_wp_cron=1757346978.8267910480499267578125 HTTP/1.0" 200 416 "-" "WordPress/6.8.1; https://vattusacky.vn"
213.180.203.46 - - [08/Sep/2025:22:56:17 +0700] "GET /robots.txt HTTP/1.0" 200 984 "-" "Mozilla/5.0 (compatible; YandexBot/3.0; +http://yandex.com/bots)"
213.180.203.227 - - [08/Sep/2025:22:56:20 +0700] "GET /the-rise-of-random-chatting-how-omegle-and-ometv-changed-the-game/ HTTP/1.0" 200 92367 "-" "Mozilla/5.0 (compatible; YandexBot/3.0; +http://yandex.com/bots)"
20.171.207.118 - - [08/Sep/2025:22:56:27 +0700] "GET /?p=8478 HTTP/1.0" 301 494 "-" "Mozilla/5.0 AppleWebKit/537.36 (KHTML, like Gecko; compatible; GPTBot/1.2; +https://openai.com/gptbot)"
20.171.207.118 - - [08/Sep/2025:22:56:39 +0700] "GET /the-future-of-omegle-predictions-and-speculations/ HTTP/1.0" 200 90814 "-" "Mozilla/5.0 AppleWebKit/537.36 (KHTML, like Gecko; compatible; GPTBot/1.2; +https://openai.com/gptbot)"
148.113.128.14 - - [08/Sep/2025:22:56:39 +0700] "GET /what-are-the-fundamentals-of-a-no-deposit-casino/ HTTP/1.0" 200 206949 "-" "Mozilla/5.0 (compatible; AhrefsBot/7.0; +http://ahrefs.com/robot/)"
20.171.207.118 - - [08/Sep/2025:22:56:57 +0700] "GET /?p=8294 HTTP/1.0" 301 494 "-" "Mozilla/5.0 AppleWebKit/537.36 (KHTML, like Gecko; compatible; GPTBot/1.2; +https://openai.com/gptbot)"
20.171.207.118 - - [08/Sep/2025:22:56:58 +0700] "GET /the-addictive-allure-of-omegles-random-encounters/ HTTP/1.0" 200 90540 "-" "Mozilla/5.0 AppleWebKit/537.36 (KHTML, like Gecko; compatible; GPTBot/1.2; +https://openai.com/gptbot)"
178.16.53.98 - - [08/Sep/2025:22:57:09 +0700] "GET //wp-includes/ID3/license.txt HTTP/1.0" 200 404 "-" "Mozilla/5.0 (Windows NT 10.0; Win64; x64) AppleWebKit/537.36 (KHTML, like Gecko) Chrome/95.0.4638.69 Safari/537.36"
178.16.53.98 - - [08/Sep/2025:22:57:09 +0700] "GET //feed/ HTTP/1.0" 301 647 "-" "Mozilla/5.0 (Windows NT 10.0; Win64; x64) AppleWebKit/537.36 (KHTML, like Gecko) Chrome/95.0.4638.69 Safari/537.36"
178.16.53.98 - - [08/Sep/2025:22:57:09 +0700] "GET //wp-includes/ID3/license.txt HTTP/1.1" 200 1396 "-" "Mozilla/5.0 (Windows NT 10.0; Win64; x64) AppleWebKit/537.36 (KHTML, like Gecko) Chrome/95.0.4638.69 Safari/537.36"
178.16.53.98 - - [08/Sep/2025:22:57:11 +0700] "GET //xmlrpc.php?rsd HTTP/1.0" 200 1290 "-" "Mozilla/5.0 (Windows NT 10.0; Win64; x64) AppleWebKit/537.36 (KHTML, like Gecko) Chrome/95.0.4638.69 Safari/537.36"
178.16.53.98 - - [08/Sep/2025:22:57:12 +0700] "GET //?author=1 HTTP/1.0" 301 414 "-" "Mozilla/5.0 (Windows NT 10.0; Win64; x64) AppleWebKit/537.36 (KHTML, like Gecko) Chrome/95.0.4638.69 Safari/537.36"
178.16.53.98 - - [08/Sep/2025:22:57:13 +0700] "GET //?author=2 HTTP/1.0" 301 519 "-" "Mozilla/5.0 (Windows NT 10.0; Win64; x64) AppleWebKit/537.36 (KHTML, like Gecko) Chrome/95.0.4638.69 Safari/537.36"
178.16.53.98 - - [08/Sep/2025:22:57:15 +0700] "GET //wp-json/wp/v2/users/ HTTP/1.0" 200 22735 "-" "Mozilla/5.0 (Windows NT 10.0; Win64; x64) AppleWebKit/537.36 (KHTML, like Gecko) Chrome/95.0.4638.69 Safari/537.36"
45.117.177.72 - - [08/Sep/2025:22:57:18 +0700] "POST /wp-cron.php?doing_wp_cron=1757347038.2827739715576171875000 HTTP/1.0" 200 416 "-" "WordPress/6.8.1; https://vattusacky.vn"
178.16.53.98 - - [08/Sep/2025:22:57:17 +0700] "GET //wp-json/oembed/1.0/embed?url=https://vattusacky.vn/ HTTP/1.0" 200 2860 "-" "Mozilla/5.0 (Windows NT 10.0; Win64; x64) AppleWebKit/537.36 (KHTML, like Gecko) Chrome/95.0.4638.69 Safari/537.36"
178.16.53.98 - - [08/Sep/2025:22:57:19 +0700] "POST //xmlrpc.php HTTP/1.0" 200 954 "-" "Mozilla/5.0 (Windows NT 10.0; Win64; x64) AppleWebKit/537.36 (KHTML, like Gecko) Chrome/95.0.4638.69 Safari/537.36"
20.171.207.118 - - [08/Sep/2025:22:57:20 +0700] "GET /?p=7226 HTTP/1.0" 301 655 "-" "Mozilla/5.0 AppleWebKit/537.36 (KHTML, like Gecko; compatible; GPTBot/1.2; +https://openai.com/gptbot)"
178.16.53.98 - - [08/Sep/2025:22:57:20 +0700] "POST //xmlrpc.php HTTP/1.0" 200 954 "-" "Mozilla/5.0 (Windows NT 10.0; Win64; x64) AppleWebKit/537.36 (KHTML, like Gecko) Chrome/95.0.4638.69 Safari/537.36"
178.16.53.98 - - [08/Sep/2025:22:57:22 +0700] "POST //xmlrpc.php HTTP/1.0" 200 954 "-" "Mozilla/5.0 (Windows NT 10.0; Win64; x64) AppleWebKit/537.36 (KHTML, like Gecko) Chrome/95.0.4638.69 Safari/537.36"
20.171.207.118 - - [08/Sep/2025:22:57:22 +0700] "GET /navigating-anonymity-and-authenticity-in-online-dating-on-omegle/ HTTP/1.0" 200 91015 "-" "Mozilla/5.0 AppleWebKit/537.36 (KHTML, like Gecko; compatible; GPTBot/1.2; +https://openai.com/gptbot)"
178.16.53.98 - - [08/Sep/2025:22:57:23 +0700] "POST //xmlrpc.php HTTP/1.0" 200 954 "-" "Mozilla/5.0 (Windows NT 10.0; Win64; x64) AppleWebKit/537.36 (KHTML, like Gecko) Chrome/95.0.4638.69 Safari/537.36"
178.16.53.98 - - [08/Sep/2025:22:57:25 +0700] "POST //xmlrpc.php HTTP/1.0" 200 954 "-" "Mozilla/5.0 (Windows NT 10.0; Win64; x64) AppleWebKit/537.36 (KHTML, like Gecko) Chrome/95.0.4638.69 Safari/537.36"
178.16.53.98 - - [08/Sep/2025:22:57:26 +0700] "POST //xmlrpc.php HTTP/1.0" 200 954 "-" "Mozilla/5.0 (Windows NT 10.0; Win64; x64) AppleWebKit/537.36 (KHTML, like Gecko) Chrome/95.0.4638.69 Safari/537.36"
178.16.53.98 - - [08/Sep/2025:22:57:27 +0700] "POST //xmlrpc.php HTTP/1.0" 200 954 "-" "Mozilla/5.0 (Windows NT 10.0; Win64; x64) AppleWebKit/537.36 (KHTML, like Gecko) Chrome/95.0.4638.69 Safari/537.36"
178.16.53.98 - - [08/Sep/2025:22:57:29 +0700] "POST //xmlrpc.php HTTP/1.0" 200 954 "-" "Mozilla/5.0 (Windows NT 10.0; Win64; x64) AppleWebKit/537.36 (KHTML, like Gecko) Chrome/95.0.4638.69 Safari/537.36"
178.16.53.98 - - [08/Sep/2025:22:57:30 +0700] "POST //xmlrpc.php HTTP/1.0" 200 954 "-" "Mozilla/5.0 (Windows NT 10.0; Win64; x64) AppleWebKit/537.36 (KHTML, like Gecko) Chrome/95.0.4638.69 Safari/537.36"
178.16.53.98 - - [08/Sep/2025:22:57:32 +0700] "POST //xmlrpc.php HTTP/1.0" 200 954 "-" "Mozilla/5.0 (Windows NT 10.0; Win64; x64) AppleWebKit/537.36 (KHTML, like Gecko) Chrome/95.0.4638.69 Safari/537.36"
178.16.53.98 - - [08/Sep/2025:22:57:33 +0700] "POST //xmlrpc.php HTTP/1.0" 200 954 "-" "Mozilla/5.0 (Windows NT 10.0; Win64; x64) AppleWebKit/537.36 (KHTML, like Gecko) Chrome/95.0.4638.69 Safari/537.36"
178.16.53.98 - - [08/Sep/2025:22:57:35 +0700] "POST //xmlrpc.php HTTP/1.0" 200 954 "-" "Mozilla/5.0 (Windows NT 10.0; Win64; x64) AppleWebKit/537.36 (KHTML, like Gecko) Chrome/95.0.4638.69 Safari/537.36"
178.16.53.98 - - [08/Sep/2025:22:57:36 +0700] "POST //xmlrpc.php HTTP/1.0" 200 954 "-" "Mozilla/5.0 (Windows NT 10.0; Win64; x64) AppleWebKit/537.36 (KHTML, like Gecko) Chrome/95.0.4638.69 Safari/537.36"
178.16.53.98 - - [08/Sep/2025:22:57:38 +0700] "POST //xmlrpc.php HTTP/1.0" 200 954 "-" "Mozilla/5.0 (Windows NT 10.0; Win64; x64) AppleWebKit/537.36 (KHTML, like Gecko) Chrome/95.0.4638.69 Safari/537.36"
178.16.53.98 - - [08/Sep/2025:22:57:39 +0700] "POST //xmlrpc.php HTTP/1.0" 200 954 "-" "Mozilla/5.0 (Windows NT 10.0; Win64; x64) AppleWebKit/537.36 (KHTML, like Gecko) Chrome/95.0.4638.69 Safari/537.36"
178.16.53.98 - - [08/Sep/2025:22:57:41 +0700] "POST //xmlrpc.php HTTP/1.0" 200 954 "-" "Mozilla/5.0 (Windows NT 10.0; Win64; x64) AppleWebKit/537.36 (KHTML, like Gecko) Chrome/95.0.4638.69 Safari/537.36"
178.16.53.98 - - [08/Sep/2025:22:57:42 +0700] "POST //xmlrpc.php HTTP/1.0" 200 954 "-" "Mozilla/5.0 (Windows NT 10.0; Win64; x64) AppleWebKit/537.36 (KHTML, like Gecko) Chrome/95.0.4638.69 Safari/537.36"
178.16.53.98 - - [08/Sep/2025:22:57:44 +0700] "POST //xmlrpc.php HTTP/1.0" 200 954 "-" "Mozilla/5.0 (Windows NT 10.0; Win64; x64) AppleWebKit/537.36 (KHTML, like Gecko) Chrome/95.0.4638.69 Safari/537.36"
20.171.207.118 - - [08/Sep/2025:22:57:44 +0700] "GET /how-to-find-the-best-online-casino-reviews/ HTTP/1.0" 200 73937 "-" "Mozilla/5.0 AppleWebKit/537.36 (KHTML, like Gecko; compatible; GPTBot/1.2; +https://openai.com/gptbot)"
178.16.53.98 - - [08/Sep/2025:22:57:45 +0700] "POST //xmlrpc.php HTTP/1.0" 200 954 "-" "Mozilla/5.0 (Windows NT 10.0; Win64; x64) AppleWebKit/537.36 (KHTML, like Gecko) Chrome/95.0.4638.69 Safari/537.36"
178.16.53.98 - - [08/Sep/2025:22:57:46 +0700] "POST //xmlrpc.php HTTP/1.0" 200 954 "-" "Mozilla/5.0 (Windows NT 10.0; Win64; x64) AppleWebKit/537.36 (KHTML, like Gecko) Chrome/95.0.4638.69 Safari/537.36"
178.16.53.98 - - [08/Sep/2025:22:57:48 +0700] "POST //xmlrpc.php HTTP/1.0" 200 954 "-" "Mozilla/5.0 (Windows NT 10.0; Win64; x64) AppleWebKit/537.36 (KHTML, like Gecko) Chrome/95.0.4638.69 Safari/537.36"
178.16.53.98 - - [08/Sep/2025:22:57:49 +0700] "POST //xmlrpc.php HTTP/1.0" 200 954 "-" "Mozilla/5.0 (Windows NT 10.0; Win64; x64) AppleWebKit/537.36 (KHTML, like Gecko) Chrome/95.0.4638.69 Safari/537.36"
178.16.53.98 - - [08/Sep/2025:22:57:51 +0700] "POST //xmlrpc.php HTTP/1.0" 200 954 "-" "Mozilla/5.0 (Windows NT 10.0; Win64; x64) AppleWebKit/537.36 (KHTML, like Gecko) Chrome/95.0.4638.69 Safari/537.36"
178.16.53.98 - - [08/Sep/2025:22:57:52 +0700] "POST //xmlrpc.php HTTP/1.0" 200 954 "-" "Mozilla/5.0 (Windows NT 10.0; Win64; x64) AppleWebKit/537.36 (KHTML, like Gecko) Chrome/95.0.4638.69 Safari/537.36"
178.16.53.98 - - [08/Sep/2025:22:57:54 +0700] "POST //xmlrpc.php HTTP/1.0" 200 954 "-" "Mozilla/5.0 (Windows NT 10.0; Win64; x64) AppleWebKit/537.36 (KHTML, like Gecko) Chrome/95.0.4638.69 Safari/537.36"
51.222.95.115 - - [08/Sep/2025:22:57:55 +0700] "GET /unveiling-the-history-of-omegle-origins-and-milestones/ HTTP/1.0" 200 90048 "-" "Mozilla/5.0 (compatible; AhrefsBot/7.0; +http://ahrefs.com/robot/)"
178.16.53.98 - - [08/Sep/2025:22:57:55 +0700] "POST //xmlrpc.php HTTP/1.0" 200 954 "-" "Mozilla/5.0 (Windows NT 10.0; Win64; x64) AppleWebKit/537.36 (KHTML, like Gecko) Chrome/95.0.4638.69 Safari/537.36"
178.16.53.98 - - [08/Sep/2025:22:57:57 +0700] "POST //xmlrpc.php HTTP/1.0" 200 954 "-" "Mozilla/5.0 (Windows NT 10.0; Win64; x64) AppleWebKit/537.36 (KHTML, like Gecko) Chrome/95.0.4638.69 Safari/537.36"
178.16.53.98 - - [08/Sep/2025:22:57:58 +0700] "POST //xmlrpc.php HTTP/1.0" 200 954 "-" "Mozilla/5.0 (Windows NT 10.0; Win64; x64) AppleWebKit/537.36 (KHTML, like Gecko) Chrome/95.0.4638.69 Safari/537.36"
178.16.53.98 - - [08/Sep/2025:22:58:00 +0700] "POST //xmlrpc.php HTTP/1.0" 200 954 "-" "Mozilla/5.0 (Windows NT 10.0; Win64; x64) AppleWebKit/537.36 (KHTML, like Gecko) Chrome/95.0.4638.69 Safari/537.36"
178.16.53.98 - - [08/Sep/2025:22:58:01 +0700] "POST //xmlrpc.php HTTP/1.0" 200 954 "-" "Mozilla/5.0 (Windows NT 10.0; Win64; x64) AppleWebKit/537.36 (KHTML, like Gecko) Chrome/95.0.4638.69 Safari/537.36"
178.16.53.98 - - [08/Sep/2025:22:58:03 +0700] "POST //xmlrpc.php HTTP/1.0" 200 954 "-" "Mozilla/5.0 (Windows NT 10.0; Win64; x64) AppleWebKit/537.36 (KHTML, like Gecko) Chrome/95.0.4638.69 Safari/537.36"
178.16.53.98 - - [08/Sep/2025:22:58:04 +0700] "POST //xmlrpc.php HTTP/1.0" 200 954 "-" "Mozilla/5.0 (Windows NT 10.0; Win64; x64) AppleWebKit/537.36 (KHTML, like Gecko) Chrome/95.0.4638.69 Safari/537.36"
178.16.53.98 - - [08/Sep/2025:22:58:06 +0700] "POST //xmlrpc.php HTTP/1.0" 200 954 "-" "Mozilla/5.0 (Windows NT 10.0; Win64; x64) AppleWebKit/537.36 (KHTML, like Gecko) Chrome/95.0.4638.69 Safari/537.36"
178.16.53.98 - - [08/Sep/2025:22:58:07 +0700] "POST //xmlrpc.php HTTP/1.0" 200 954 "-" "Mozilla/5.0 (Windows NT 10.0; Win64; x64) AppleWebKit/537.36 (KHTML, like Gecko) Chrome/95.0.4638.69 Safari/537.36"
178.16.53.98 - - [08/Sep/2025:22:58:09 +0700] "POST //xmlrpc.php HTTP/1.0" 200 954 "-" "Mozilla/5.0 (Windows NT 10.0; Win64; x64) AppleWebKit/537.36 (KHTML, like Gecko) Chrome/95.0.4638.69 Safari/537.36"
178.16.53.98 - - [08/Sep/2025:22:58:10 +0700] "POST //xmlrpc.php HTTP/1.0" 200 954 "-" "Mozilla/5.0 (Windows NT 10.0; Win64; x64) AppleWebKit/537.36 (KHTML, like Gecko) Chrome/95.0.4638.69 Safari/537.36"
20.171.207.118 - - [08/Sep/2025:22:58:11 +0700] "GET /omegle-and-catfishing-identifying-fake-profiles-and-scammers/ HTTP/1.0" 200 90941 "-" "Mozilla/5.0 AppleWebKit/537.36 (KHTML, like Gecko; compatible; GPTBot/1.2; +https://openai.com/gptbot)"
178.16.53.98 - - [08/Sep/2025:22:58:11 +0700] "POST //xmlrpc.php HTTP/1.0" 200 954 "-" "Mozilla/5.0 (Windows NT 10.0; Win64; x64) AppleWebKit/537.36 (KHTML, like Gecko) Chrome/95.0.4638.69 Safari/537.36"
178.16.53.98 - - [08/Sep/2025:22:58:13 +0700] "POST //xmlrpc.php HTTP/1.0" 200 954 "-" "Mozilla/5.0 (Windows NT 10.0; Win64; x64) AppleWebKit/537.36 (KHTML, like Gecko) Chrome/95.0.4638.69 Safari/537.36"
178.16.53.98 - - [08/Sep/2025:22:58:14 +0700] "POST //xmlrpc.php HTTP/1.0" 200 954 "-" "Mozilla/5.0 (Windows NT 10.0; Win64; x64) AppleWebKit/537.36 (KHTML, like Gecko) Chrome/95.0.4638.69 Safari/537.36"
45.117.177.72 - - [08/Sep/2025:22:58:17 +0700] "POST /wp-cron.php?doing_wp_cron=1757347097.2025539875030517578125 HTTP/1.0" 200 416 "-" "WordPress/6.8.1; https://vattusacky.vn"
178.16.53.98 - - [08/Sep/2025:22:58:16 +0700] "POST //xmlrpc.php HTTP/1.0" 200 954 "-" "Mozilla/5.0 (Windows NT 10.0; Win64; x64) AppleWebKit/537.36 (KHTML, like Gecko) Chrome/95.0.4638.69 Safari/537.36"
178.16.53.98 - - [08/Sep/2025:22:58:17 +0700] "POST //xmlrpc.php HTTP/1.0" 200 954 "-" "Mozilla/5.0 (Windows NT 10.0; Win64; x64) AppleWebKit/537.36 (KHTML, like Gecko) Chrome/95.0.4638.69 Safari/537.36"
178.16.53.98 - - [08/Sep/2025:22:58:19 +0700] "POST //xmlrpc.php HTTP/1.0" 200 954 "-" "Mozilla/5.0 (Windows NT 10.0; Win64; x64) AppleWebKit/537.36 (KHTML, like Gecko) Chrome/95.0.4638.69 Safari/537.36"
178.16.53.98 - - [08/Sep/2025:22:58:20 +0700] "POST //xmlrpc.php HTTP/1.0" 200 954 "-" "Mozilla/5.0 (Windows NT 10.0; Win64; x64) AppleWebKit/537.36 (KHTML, like Gecko) Chrome/95.0.4638.69 Safari/537.36"
178.16.53.98 - - [08/Sep/2025:22:58:21 +0700] "POST //xmlrpc.php HTTP/1.0" 200 954 "-" "Mozilla/5.0 (Windows NT 10.0; Win64; x64) AppleWebKit/537.36 (KHTML, like Gecko) Chrome/95.0.4638.69 Safari/537.36"
178.16.53.98 - - [08/Sep/2025:22:58:23 +0700] "POST //xmlrpc.php HTTP/1.0" 200 954 "-" "Mozilla/5.0 (Windows NT 10.0; Win64; x64) AppleWebKit/537.36 (KHTML, like Gecko) Chrome/95.0.4638.69 Safari/537.36"
178.16.53.98 - - [08/Sep/2025:22:58:24 +0700] "POST //xmlrpc.php HTTP/1.0" 200 954 "-" "Mozilla/5.0 (Windows NT 10.0; Win64; x64) AppleWebKit/537.36 (KHTML, like Gecko) Chrome/95.0.4638.69 Safari/537.36"
178.16.53.98 - - [08/Sep/2025:22:58:26 +0700] "POST //xmlrpc.php HTTP/1.0" 200 954 "-" "Mozilla/5.0 (Windows NT 10.0; Win64; x64) AppleWebKit/537.36 (KHTML, like Gecko) Chrome/95.0.4638.69 Safari/537.36"
178.16.53.98 - - [08/Sep/2025:22:58:27 +0700] "POST //xmlrpc.php HTTP/1.0" 200 954 "-" "Mozilla/5.0 (Windows NT 10.0; Win64; x64) AppleWebKit/537.36 (KHTML, like Gecko) Chrome/95.0.4638.69 Safari/537.36"
178.16.53.98 - - [08/Sep/2025:22:58:29 +0700] "POST //xmlrpc.php HTTP/1.0" 200 954 "-" "Mozilla/5.0 (Windows NT 10.0; Win64; x64) AppleWebKit/537.36 (KHTML, like Gecko) Chrome/95.0.4638.69 Safari/537.36"
178.16.53.98 - - [08/Sep/2025:22:58:30 +0700] "POST //xmlrpc.php HTTP/1.0" 200 954 "-" "Mozilla/5.0 (Windows NT 10.0; Win64; x64) AppleWebKit/537.36 (KHTML, like Gecko) Chrome/95.0.4638.69 Safari/537.36"
178.16.53.98 - - [08/Sep/2025:22:58:31 +0700] "POST //xmlrpc.php HTTP/1.0" 200 954 "-" "Mozilla/5.0 (Windows NT 10.0; Win64; x64) AppleWebKit/537.36 (KHTML, like Gecko) Chrome/95.0.4638.69 Safari/537.36"
20.171.207.118 - - [08/Sep/2025:22:58:32 +0700] "GET /heartfelt-conversations-touching-moments-on-omegle-and-ometv/ HTTP/1.0" 200 93462 "-" "Mozilla/5.0 AppleWebKit/537.36 (KHTML, like Gecko; compatible; GPTBot/1.2; +https://openai.com/gptbot)"
178.16.53.98 - - [08/Sep/2025:22:58:33 +0700] "POST //xmlrpc.php HTTP/1.0" 200 954 "-" "Mozilla/5.0 (Windows NT 10.0; Win64; x64) AppleWebKit/537.36 (KHTML, like Gecko) Chrome/95.0.4638.69 Safari/537.36"
178.16.53.98 - - [08/Sep/2025:22:58:34 +0700] "POST //xmlrpc.php HTTP/1.0" 200 954 "-" "Mozilla/5.0 (Windows NT 10.0; Win64; x64) AppleWebKit/537.36 (KHTML, like Gecko) Chrome/95.0.4638.69 Safari/537.36"
178.16.53.98 - - [08/Sep/2025:22:58:36 +0700] "POST //xmlrpc.php HTTP/1.0" 200 954 "-" "Mozilla/5.0 (Windows NT 10.0; Win64; x64) AppleWebKit/537.36 (KHTML, like Gecko) Chrome/95.0.4638.69 Safari/537.36"
178.16.53.98 - - [08/Sep/2025:22:58:37 +0700] "POST //xmlrpc.php HTTP/1.0" 200 954 "-" "Mozilla/5.0 (Windows NT 10.0; Win64; x64) AppleWebKit/537.36 (KHTML, like Gecko) Chrome/95.0.4638.69 Safari/537.36"
178.16.53.98 - - [08/Sep/2025:22:58:39 +0700] "POST //xmlrpc.php HTTP/1.0" 200 954 "-" "Mozilla/5.0 (Windows NT 10.0; Win64; x64) AppleWebKit/537.36 (KHTML, like Gecko) Chrome/95.0.4638.69 Safari/537.36"
178.16.53.98 - - [08/Sep/2025:22:58:40 +0700] "POST //xmlrpc.php HTTP/1.0" 200 954 "-" "Mozilla/5.0 (Windows NT 10.0; Win64; x64) AppleWebKit/537.36 (KHTML, like Gecko) Chrome/95.0.4638.69 Safari/537.36"
178.16.53.98 - - [08/Sep/2025:22:58:42 +0700] "POST //xmlrpc.php HTTP/1.0" 200 954 "-" "Mozilla/5.0 (Windows NT 10.0; Win64; x64) AppleWebKit/537.36 (KHTML, like Gecko) Chrome/95.0.4638.69 Safari/537.36"
178.16.53.98 - - [08/Sep/2025:22:58:43 +0700] "POST //xmlrpc.php HTTP/1.0" 200 954 "-" "Mozilla/5.0 (Windows NT 10.0; Win64; x64) AppleWebKit/537.36 (KHTML, like Gecko) Chrome/95.0.4638.69 Safari/537.36"
178.16.53.98 - - [08/Sep/2025:22:58:44 +0700] "POST //xmlrpc.php HTTP/1.0" 200 954 "-" "Mozilla/5.0 (Windows NT 10.0; Win64; x64) AppleWebKit/537.36 (KHTML, like Gecko) Chrome/95.0.4638.69 Safari/537.36"
178.16.53.98 - - [08/Sep/2025:22:58:46 +0700] "POST //xmlrpc.php HTTP/1.0" 200 954 "-" "Mozilla/5.0 (Windows NT 10.0; Win64; x64) AppleWebKit/537.36 (KHTML, like Gecko) Chrome/95.0.4638.69 Safari/537.36"
178.16.53.98 - - [08/Sep/2025:22:58:47 +0700] "POST //xmlrpc.php HTTP/1.0" 200 954 "-" "Mozilla/5.0 (Windows NT 10.0; Win64; x64) AppleWebKit/537.36 (KHTML, like Gecko) Chrome/95.0.4638.69 Safari/537.36"
51.161.65.207 - - [08/Sep/2025:22:58:48 +0700] "GET /hello-world-5/ HTTP/1.0" 200 203028 "-" "Mozilla/5.0 (compatible; AhrefsBot/7.0; +http://ahrefs.com/robot/)"
178.16.53.98 - - [08/Sep/2025:22:58:49 +0700] "POST //xmlrpc.php HTTP/1.0" 200 954 "-" "Mozilla/5.0 (Windows NT 10.0; Win64; x64) AppleWebKit/537.36 (KHTML, like Gecko) Chrome/95.0.4638.69 Safari/537.36"
178.16.53.98 - - [08/Sep/2025:22:58:50 +0700] "POST //xmlrpc.php HTTP/1.0" 200 954 "-" "Mozilla/5.0 (Windows NT 10.0; Win64; x64) AppleWebKit/537.36 (KHTML, like Gecko) Chrome/95.0.4638.69 Safari/537.36"
178.16.53.98 - - [08/Sep/2025:22:58:52 +0700] "POST //xmlrpc.php HTTP/1.0" 200 954 "-" "Mozilla/5.0 (Windows NT 10.0; Win64; x64) AppleWebKit/537.36 (KHTML, like Gecko) Chrome/95.0.4638.69 Safari/537.36"
178.16.53.98 - - [08/Sep/2025:22:58:53 +0700] "POST //xmlrpc.php HTTP/1.0" 200 954 "-" "Mozilla/5.0 (Windows NT 10.0; Win64; x64) AppleWebKit/537.36 (KHTML, like Gecko) Chrome/95.0.4638.69 Safari/537.36"
178.16.53.98 - - [08/Sep/2025:22:58:55 +0700] "POST //xmlrpc.php HTTP/1.0" 200 954 "-" "Mozilla/5.0 (Windows NT 10.0; Win64; x64) AppleWebKit/537.36 (KHTML, like Gecko) Chrome/95.0.4638.69 Safari/537.36"
178.16.53.98 - - [08/Sep/2025:22:58:56 +0700] "POST //xmlrpc.php HTTP/1.0" 200 954 "-" "Mozilla/5.0 (Windows NT 10.0; Win64; x64) AppleWebKit/537.36 (KHTML, like Gecko) Chrome/95.0.4638.69 Safari/537.36"
178.16.53.98 - - [08/Sep/2025:22:58:57 +0700] "POST //xmlrpc.php HTTP/1.0" 200 954 "-" "Mozilla/5.0 (Windows NT 10.0; Win64; x64) AppleWebKit/537.36 (KHTML, like Gecko) Chrome/95.0.4638.69 Safari/537.36"
51.68.111.241 - - [08/Sep/2025:22:58:58 +0700] "GET /robots.txt HTTP/1.0" 200 984 "-" "Mozilla/5.0 (compatible; MJ12bot/v2.0.4; http://mj12bot.com/)"
20.171.207.118 - - [08/Sep/2025:22:58:58 +0700] "GET /the-role-of-accountability-in-anonymous-omegle-conversations/ HTTP/1.0" 200 90991 "-" "Mozilla/5.0 AppleWebKit/537.36 (KHTML, like Gecko; compatible; GPTBot/1.2; +https://openai.com/gptbot)"
178.16.53.98 - - [08/Sep/2025:22:58:59 +0700] "POST //xmlrpc.php HTTP/1.0" 200 954 "-" "Mozilla/5.0 (Windows NT 10.0; Win64; x64) AppleWebKit/537.36 (KHTML, like Gecko) Chrome/95.0.4638.69 Safari/537.36"
51.68.111.241 - - [08/Sep/2025:22:58:59 +0700] "GET / HTTP/1.0" 200 60070 "-" "Mozilla/5.0 (compatible; MJ12bot/v2.0.4; http://mj12bot.com/)"
178.16.53.98 - - [08/Sep/2025:22:59:00 +0700] "POST //xmlrpc.php HTTP/1.0" 200 954 "-" "Mozilla/5.0 (Windows NT 10.0; Win64; x64) AppleWebKit/537.36 (KHTML, like Gecko) Chrome/95.0.4638.69 Safari/537.36"
178.16.53.98 - - [08/Sep/2025:22:59:02 +0700] "POST //xmlrpc.php HTTP/1.0" 200 954 "-" "Mozilla/5.0 (Windows NT 10.0; Win64; x64) AppleWebKit/537.36 (KHTML, like Gecko) Chrome/95.0.4638.69 Safari/537.36"
178.16.53.98 - - [08/Sep/2025:22:59:03 +0700] "POST //xmlrpc.php HTTP/1.0" 200 954 "-" "Mozilla/5.0 (Windows NT 10.0; Win64; x64) AppleWebKit/537.36 (KHTML, like Gecko) Chrome/95.0.4638.69 Safari/537.36"
178.16.53.98 - - [08/Sep/2025:22:59:05 +0700] "POST //xmlrpc.php HTTP/1.0" 200 954 "-" "Mozilla/5.0 (Windows NT 10.0; Win64; x64) AppleWebKit/537.36 (KHTML, like Gecko) Chrome/95.0.4638.69 Safari/537.36"
178.16.53.98 - - [08/Sep/2025:22:59:06 +0700] "POST //xmlrpc.php HTTP/1.0" 200 954 "-" "Mozilla/5.0 (Windows NT 10.0; Win64; x64) AppleWebKit/537.36 (KHTML, like Gecko) Chrome/95.0.4638.69 Safari/537.36"
178.16.53.98 - - [08/Sep/2025:22:59:08 +0700] "POST //xmlrpc.php HTTP/1.0" 200 954 "-" "Mozilla/5.0 (Windows NT 10.0; Win64; x64) AppleWebKit/537.36 (KHTML, like Gecko) Chrome/95.0.4638.69 Safari/537.36"
178.16.53.98 - - [08/Sep/2025:22:59:09 +0700] "POST //xmlrpc.php HTTP/1.0" 200 954 "-" "Mozilla/5.0 (Windows NT 10.0; Win64; x64) AppleWebKit/537.36 (KHTML, like Gecko) Chrome/95.0.4638.69 Safari/537.36"
178.16.53.98 - - [08/Sep/2025:22:59:11 +0700] "POST //xmlrpc.php HTTP/1.0" 200 954 "-" "Mozilla/5.0 (Windows NT 10.0; Win64; x64) AppleWebKit/537.36 (KHTML, like Gecko) Chrome/95.0.4638.69 Safari/537.36"
178.16.53.98 - - [08/Sep/2025:22:59:12 +0700] "POST //xmlrpc.php HTTP/1.0" 200 954 "-" "Mozilla/5.0 (Windows NT 10.0; Win64; x64) AppleWebKit/537.36 (KHTML, like Gecko) Chrome/95.0.4638.69 Safari/537.36"
178.16.53.98 - - [08/Sep/2025:22:59:14 +0700] "POST //xmlrpc.php HTTP/1.0" 200 954 "-" "Mozilla/5.0 (Windows NT 10.0; Win64; x64) AppleWebKit/537.36 (KHTML, like Gecko) Chrome/95.0.4638.69 Safari/537.36"
178.16.53.98 - - [08/Sep/2025:22:59:15 +0700] "POST //xmlrpc.php HTTP/1.0" 200 954 "-" "Mozilla/5.0 (Windows NT 10.0; Win64; x64) AppleWebKit/537.36 (KHTML, like Gecko) Chrome/95.0.4638.69 Safari/537.36"
45.117.177.72 - - [08/Sep/2025:22:59:18 +0700] "POST /wp-cron.php?doing_wp_cron=1757347158.3576231002807617187500 HTTP/1.0" 200 416 "-" "WordPress/6.8.1; https://vattusacky.vn"
178.16.53.98 - - [08/Sep/2025:22:59:17 +0700] "POST //xmlrpc.php HTTP/1.0" 200 954 "-" "Mozilla/5.0 (Windows NT 10.0; Win64; x64) AppleWebKit/537.36 (KHTML, like Gecko) Chrome/95.0.4638.69 Safari/537.36"
20.171.207.118 - - [08/Sep/2025:22:59:18 +0700] "GET /?p=3358 HTTP/1.0" 301 487 "-" "Mozilla/5.0 AppleWebKit/537.36 (KHTML, like Gecko; compatible; GPTBot/1.2; +https://openai.com/gptbot)"
178.16.53.98 - - [08/Sep/2025:22:59:18 +0700] "POST //xmlrpc.php HTTP/1.0" 200 954 "-" "Mozilla/5.0 (Windows NT 10.0; Win64; x64) AppleWebKit/537.36 (KHTML, like Gecko) Chrome/95.0.4638.69 Safari/537.36"
20.171.207.118 - - [08/Sep/2025:22:59:20 +0700] "GET /how-to-teach-slots-better-than-anyone-else/ HTTP/1.0" 200 232760 "-" "Mozilla/5.0 AppleWebKit/537.36 (KHTML, like Gecko; compatible; GPTBot/1.2; +https://openai.com/gptbot)"
178.16.53.98 - - [08/Sep/2025:22:59:20 +0700] "POST //xmlrpc.php HTTP/1.0" 200 954 "-" "Mozilla/5.0 (Windows NT 10.0; Win64; x64) AppleWebKit/537.36 (KHTML, like Gecko) Chrome/95.0.4638.69 Safari/537.36"
178.16.53.98 - - [08/Sep/2025:22:59:22 +0700] "POST //xmlrpc.php HTTP/1.0" 200 954 "-" "Mozilla/5.0 (Windows NT 10.0; Win64; x64) AppleWebKit/537.36 (KHTML, like Gecko) Chrome/95.0.4638.69 Safari/537.36"
178.16.53.98 - - [08/Sep/2025:22:59:23 +0700] "POST //xmlrpc.php HTTP/1.0" 200 954 "-" "Mozilla/5.0 (Windows NT 10.0; Win64; x64) AppleWebKit/537.36 (KHTML, like Gecko) Chrome/95.0.4638.69 Safari/537.36"
178.16.53.98 - - [08/Sep/2025:22:59:24 +0700] "POST //xmlrpc.php HTTP/1.0" 200 954 "-" "Mozilla/5.0 (Windows NT 10.0; Win64; x64) AppleWebKit/537.36 (KHTML, like Gecko) Chrome/95.0.4638.69 Safari/537.36"
178.16.53.98 - - [08/Sep/2025:22:59:26 +0700] "POST //xmlrpc.php HTTP/1.0" 200 954 "-" "Mozilla/5.0 (Windows NT 10.0; Win64; x64) AppleWebKit/537.36 (KHTML, like Gecko) Chrome/95.0.4638.69 Safari/537.36"
178.16.53.98 - - [08/Sep/2025:22:59:27 +0700] "POST //xmlrpc.php HTTP/1.0" 200 954 "-" "Mozilla/5.0 (Windows NT 10.0; Win64; x64) AppleWebKit/537.36 (KHTML, like Gecko) Chrome/95.0.4638.69 Safari/537.36"
178.16.53.98 - - [08/Sep/2025:22:59:29 +0700] "POST //xmlrpc.php HTTP/1.0" 200 954 "-" "Mozilla/5.0 (Windows NT 10.0; Win64; x64) AppleWebKit/537.36 (KHTML, like Gecko) Chrome/95.0.4638.69 Safari/537.36"
178.16.53.98 - - [08/Sep/2025:22:59:30 +0700] "POST //xmlrpc.php HTTP/1.0" 200 954 "-" "Mozilla/5.0 (Windows NT 10.0; Win64; x64) AppleWebKit/537.36 (KHTML, like Gecko) Chrome/95.0.4638.69 Safari/537.36"
178.16.53.98 - - [08/Sep/2025:22:59:32 +0700] "POST //xmlrpc.php HTTP/1.0" 200 954 "-" "Mozilla/5.0 (Windows NT 10.0; Win64; x64) AppleWebKit/537.36 (KHTML, like Gecko) Chrome/95.0.4638.69 Safari/537.36"
178.16.53.98 - - [08/Sep/2025:22:59:33 +0700] "POST //xmlrpc.php HTTP/1.0" 200 954 "-" "Mozilla/5.0 (Windows NT 10.0; Win64; x64) AppleWebKit/537.36 (KHTML, like Gecko) Chrome/95.0.4638.69 Safari/537.36"
178.16.53.98 - - [08/Sep/2025:22:59:35 +0700] "POST //xmlrpc.php HTTP/1.0" 200 954 "-" "Mozilla/5.0 (Windows NT 10.0; Win64; x64) AppleWebKit/537.36 (KHTML, like Gecko) Chrome/95.0.4638.69 Safari/537.36"
178.16.53.98 - - [08/Sep/2025:22:59:36 +0700] "POST //xmlrpc.php HTTP/1.0" 200 954 "-" "Mozilla/5.0 (Windows NT 10.0; Win64; x64) AppleWebKit/537.36 (KHTML, like Gecko) Chrome/95.0.4638.69 Safari/537.36"
178.16.53.98 - - [08/Sep/2025:22:59:37 +0700] "POST //xmlrpc.php HTTP/1.0" 200 954 "-" "Mozilla/5.0 (Windows NT 10.0; Win64; x64) AppleWebKit/537.36 (KHTML, like Gecko) Chrome/95.0.4638.69 Safari/537.36"
178.16.53.98 - - [08/Sep/2025:22:59:39 +0700] "POST //xmlrpc.php HTTP/1.0" 200 954 "-" "Mozilla/5.0 (Windows NT 10.0; Win64; x64) AppleWebKit/537.36 (KHTML, like Gecko) Chrome/95.0.4638.69 Safari/537.36"
178.16.53.98 - - [08/Sep/2025:22:59:40 +0700] "POST //xmlrpc.php HTTP/1.0" 200 954 "-" "Mozilla/5.0 (Windows NT 10.0; Win64; x64) AppleWebKit/537.36 (KHTML, like Gecko) Chrome/95.0.4638.69 Safari/537.36"
178.16.53.98 - - [08/Sep/2025:22:59:42 +0700] "POST //xmlrpc.php HTTP/1.0" 200 954 "-" "Mozilla/5.0 (Windows NT 10.0; Win64; x64) AppleWebKit/537.36 (KHTML, like Gecko) Chrome/95.0.4638.69 Safari/537.36"
20.171.207.118 - - [08/Sep/2025:22:59:42 +0700] "GET /omegle-tales-heartwarming-stories-of-friendship-and-kindness/ HTTP/1.0" 200 92183 "-" "Mozilla/5.0 AppleWebKit/537.36 (KHTML, like Gecko; compatible; GPTBot/1.2; +https://openai.com/gptbot)"
142.44.220.229 - - [08/Sep/2025:22:59:57 +0700] "GET /jak-predejit-vycitkam-kupujiciho-pri-nakupu-novych-hodinek/ HTTP/1.0" 200 74984 "-" "Mozilla/5.0 (compatible; AhrefsBot/7.0; +http://ahrefs.com/robot/)"
20.171.207.118 - - [08/Sep/2025:23:00:01 +0700] "GET /omegle-and-digital-literacy-navigating-the-online-world-responsibly/ HTTP/1.0" 200 90804 "-" "Mozilla/5.0 AppleWebKit/537.36 (KHTML, like Gecko; compatible; GPTBot/1.2; +https://openai.com/gptbot)"
20.171.207.118 - - [08/Sep/2025:23:00:23 +0700] "GET /?p=7895 HTTP/1.0" 301 517 "-" "Mozilla/5.0 AppleWebKit/537.36 (KHTML, like Gecko; compatible; GPTBot/1.2; +https://openai.com/gptbot)"
45.117.177.72 - - [08/Sep/2025:23:00:25 +0700] "POST /wp-cron.php?doing_wp_cron=1757347224.8721580505371093750000 HTTP/1.0" 200 416 "-" "WordPress/6.8.1; https://vattusacky.vn"
185.191.171.17 - - [08/Sep/2025:23:00:23 +0700] "GET /77ups-24-15/ HTTP/1.0" 200 215336 "-" "Mozilla/5.0 (compatible; SemrushBot/7~bl; +http://www.semrush.com/bot.html)"
20.171.207.118 - - [08/Sep/2025:23:00:25 +0700] "GET /omegles-influence-on-the-representation-of-online-relationships-in-media/ HTTP/1.0" 200 90658 "-" "Mozilla/5.0 AppleWebKit/537.36 (KHTML, like Gecko; compatible; GPTBot/1.2; +https://openai.com/gptbot)"
20.171.207.118 - - [08/Sep/2025:23:00:49 +0700] "GET /?p=8499 HTTP/1.0" 301 516 "-" "Mozilla/5.0 AppleWebKit/537.36 (KHTML, like Gecko; compatible; GPTBot/1.2; +https://openai.com/gptbot)"
20.171.207.118 - - [08/Sep/2025:23:00:51 +0700] "GET /the-global-reach-of-omegle-artistry-connecting-artists-around-the-world/ HTTP/1.0" 200 91816 "-" "Mozilla/5.0 AppleWebKit/537.36 (KHTML, like Gecko; compatible; GPTBot/1.2; +https://openai.com/gptbot)"
45.117.177.72 - - [08/Sep/2025:23:01:14 +0700] "POST /wp-cron.php?doing_wp_cron=1757347273.7673180103302001953125 HTTP/1.0" 200 416 "-" "WordPress/6.8.1; https://vattusacky.vn"
51.161.37.82 - - [08/Sep/2025:23:01:12 +0700] "GET /hushlove-review-in-2020/ HTTP/1.0" 200 210170 "-" "Mozilla/5.0 (compatible; AhrefsBot/7.0; +http://ahrefs.com/robot/)"
20.171.207.118 - - [08/Sep/2025:23:01:14 +0700] "GET /omegle-and-parental-controls-monitoring-your-childs-online-activity/ HTTP/1.0" 200 85985 "-" "Mozilla/5.0 AppleWebKit/537.36 (KHTML, like Gecko; compatible; GPTBot/1.2; +https://openai.com/gptbot)"
45.117.177.72 - - [08/Sep/2025:23:01:51 +0700] "POST /wp-cron.php?doing_wp_cron=1757347311.2860109806060791015625 HTTP/1.0" 200 416 "-" "WordPress/6.8.1; https://vattusacky.vn"
20.171.207.118 - - [08/Sep/2025:23:01:50 +0700] "GET /?p=7589 HTTP/1.0" 301 505 "-" "Mozilla/5.0 AppleWebKit/537.36 (KHTML, like Gecko; compatible; GPTBot/1.2; +https://openai.com/gptbot)"
20.171.207.118 - - [08/Sep/2025:23:01:51 +0700] "GET /omegle-bots-identifying-and-interacting-with-automated-users/ HTTP/1.0" 200 90543 "-" "Mozilla/5.0 AppleWebKit/537.36 (KHTML, like Gecko; compatible; GPTBot/1.2; +https://openai.com/gptbot)"
216.244.66.237 - - [08/Sep/2025:23:01:55 +0700] "GET /robots.txt HTTP/1.0" 200 984 "-" "Mozilla/5.0 (compatible; DotBot/1.2; +https://opensiteexplorer.org/dotbot; help@moz.com)"
142.44.225.126 - - [08/Sep/2025:23:02:10 +0700] "GET /internet-dating-report-females-wish-the-younger-men/ HTTP/1.0" 200 206855 "-" "Mozilla/5.0 (compatible; AhrefsBot/7.0; +http://ahrefs.com/robot/)"
45.117.177.72 - - [08/Sep/2025:23:02:26 +0700] "POST /wp-cron.php?doing_wp_cron=1757347346.3682610988616943359375 HTTP/1.0" 200 416 "-" "WordPress/6.8.1; https://vattusacky.vn"
20.171.207.118 - - [08/Sep/2025:23:02:25 +0700] "GET /?p=2234 HTTP/1.0" 301 633 "-" "Mozilla/5.0 AppleWebKit/537.36 (KHTML, like Gecko; compatible; GPTBot/1.2; +https://openai.com/gptbot)"
