85.208.98.31 - - [08/Sep/2025:19:30:42 +0700] "GET /virginias-blue-ridge-offers-romantic-scenery-cultural-events-world-class-facilities/ HTTP/1.0" 200 214946 "-" "Mozilla/5.0 (compatible; SemrushBot-BA; +http://www.semrush.com/bot.html)"
85.208.98.20 - - [08/Sep/2025:19:30:42 +0700] "GET /lam-the-nao-de-tim-mot-truc-tuyen-vay-tien-online-nhanh-chong-tiet-lo-cho-ban-tien-do/ HTTP/1.0" 200 211307 "-" "Mozilla/5.0 (compatible; SemrushBot-BA; +http://www.semrush.com/bot.html)"
207.46.13.102 - - [08/Sep/2025:19:30:43 +0700] "GET /3951-2/ HTTP/1.0" 200 224035 "-" "Mozilla/5.0 AppleWebKit/537.36 (KHTML, like Gecko; compatible; bingbot/2.0; +http://www.bing.com/bingbot.htm) Chrome/116.0.1938.76 Safari/537.36"
20.171.207.118 - - [08/Sep/2025:19:30:44 +0700] "GET /?p=7551 HTTP/1.0" 301 508 "-" "Mozilla/5.0 AppleWebKit/537.36 (KHTML, like Gecko; compatible; GPTBot/1.2; +https://openai.com/gptbot)"
20.171.207.118 - - [08/Sep/2025:19:30:45 +0700] "GET /omegle-anomalies-strange-and-bizarre-encounters-in-the-chatroom/ HTTP/1.0" 200 91799 "-" "Mozilla/5.0 AppleWebKit/537.36 (KHTML, like Gecko; compatible; GPTBot/1.2; +https://openai.com/gptbot)"
85.208.98.19 - - [08/Sep/2025:19:30:53 +0700] "GET /exactly-what-is-a-mail-in-wife/ HTTP/1.0" 200 205172 "-" "Mozilla/5.0 (compatible; SemrushBot-BA; +http://www.semrush.com/bot.html)"
85.208.98.29 - - [08/Sep/2025:19:30:53 +0700] "GET /hello-world-5/ HTTP/1.0" 200 203028 "-" "Mozilla/5.0 (compatible; SemrushBot-BA; +http://www.semrush.com/bot.html)"
85.208.98.24 - - [08/Sep/2025:19:30:53 +0700] "GET /igra-luckyjet-2023-kak-rabotaet-taktika-igry/ HTTP/1.0" 200 222475 "-" "Mozilla/5.0 (compatible; SemrushBot-BA; +http://www.semrush.com/bot.html)"
85.208.98.31 - - [08/Sep/2025:19:31:31 +0700] "GET /du-doan-dieu-gi-tu-tien-vay-500k-trinh-500-nghin-truoc-do/ HTTP/1.0" 200 212957 "-" "Mozilla/5.0 (compatible; SemrushBot-BA; +http://www.semrush.com/bot.html)"
85.208.98.16 - - [08/Sep/2025:19:31:31 +0700] "GET /decoding-the-phenomenon-of-the-1xbet-mobile-app-45/ HTTP/1.0" 200 238742 "-" "Mozilla/5.0 (compatible; SemrushBot-BA; +http://www.semrush.com/bot.html)"
45.117.177.72 - - [08/Sep/2025:19:31:32 +0700] "POST /wp-cron.php?doing_wp_cron=1757334692.5984680652618408203125 HTTP/1.0" 200 416 "-" "WordPress/6.8.1; https://vattusacky.vn"
85.208.98.22 - - [08/Sep/2025:19:31:31 +0700] "GET /poker-games-list-ethics/ HTTP/1.0" 200 229370 "-" "Mozilla/5.0 (compatible; SemrushBot-BA; +http://www.semrush.com/bot.html)"
20.171.207.118 - - [08/Sep/2025:19:31:34 +0700] "GET /?p=7468 HTTP/1.0" 301 502 "-" "Mozilla/5.0 AppleWebKit/537.36 (KHTML, like Gecko; compatible; GPTBot/1.2; +https://openai.com/gptbot)"
20.171.207.118 - - [08/Sep/2025:19:31:36 +0700] "GET /omegle-and-online-harassment-fighting-back-against-trolls/ HTTP/1.0" 200 91463 "-" "Mozilla/5.0 AppleWebKit/537.36 (KHTML, like Gecko; compatible; GPTBot/1.2; +https://openai.com/gptbot)"
85.208.98.29 - - [08/Sep/2025:19:32:00 +0700] "GET /the-very-best-reasons-for-females-to-use-seeing-apps/ HTTP/1.0" 200 208937 "-" "Mozilla/5.0 (compatible; SemrushBot-BA; +http://www.semrush.com/bot.html)"
85.208.98.19 - - [08/Sep/2025:19:32:00 +0700] "GET /1xbet-zerkalo-dostupnye-frispiny-kazino-sloty/ HTTP/1.0" 200 218934 "-" "Mozilla/5.0 (compatible; SemrushBot-BA; +http://www.semrush.com/bot.html)"
85.208.98.20 - - [08/Sep/2025:19:32:00 +0700] "GET /vereinigung-held-startet-als-eine-vereinigung-training-firma-um-zu-helfen-zu-helfen-um-zu-helfen-um-einfach-zu-helfen-um-sehr-zu-helfen/ HTTP/1.0" 200 214702 "-" "Mozilla/5.0 (compatible; SemrushBot-BA; +http://www.semrush.com/bot.html)"
85.208.98.31 - - [08/Sep/2025:19:32:10 +0700] "GET /true-mail-buy-brides-discover-stunning-mail-order-sweetheart-online/ HTTP/1.0" 200 211457 "-" "Mozilla/5.0 (compatible; SemrushBot-BA; +http://www.semrush.com/bot.html)"
85.208.98.20 - - [08/Sep/2025:19:32:10 +0700] "GET /your-five-tips-to-a-prosperous-marriage/ HTTP/1.0" 200 208066 "-" "Mozilla/5.0 (compatible; SemrushBot-BA; +http://www.semrush.com/bot.html)"
85.208.98.22 - - [08/Sep/2025:19:32:10 +0700] "GET /50-mg-clomid-twins/ HTTP/1.0" 200 216584 "-" "Mozilla/5.0 (compatible; SemrushBot-BA; +http://www.semrush.com/bot.html)"
45.117.177.72 - - [08/Sep/2025:19:32:20 +0700] "POST /wp-cron.php?doing_wp_cron=1757334740.7449591159820556640625 HTTP/1.0" 200 416 "-" "WordPress/6.8.1; https://vattusacky.vn"
85.208.98.22 - - [08/Sep/2025:19:32:19 +0700] "GET /ung-dung-tien-do-cash24-https-tienapps-com-blog-cach-tim-da-mo-de-vay-nhanh-chong/ HTTP/1.0" 200 212549 "-" "Mozilla/5.0 (compatible; SemrushBot-BA; +http://www.semrush.com/bot.html)"
85.208.98.16 - - [08/Sep/2025:19:32:19 +0700] "GET /small-wedding-suggestions-to-make-your-working-day-memorable-and-special/ HTTP/1.0" 200 206620 "-" "Mozilla/5.0 (compatible; SemrushBot-BA; +http://www.semrush.com/bot.html)"
85.208.98.31 - - [08/Sep/2025:19:32:19 +0700] "GET /jogar-cassino-online-bonus-para-cassino-online/ HTTP/1.0" 200 212901 "-" "Mozilla/5.0 (compatible; SemrushBot-BA; +http://www.semrush.com/bot.html)"
85.208.98.19 - - [08/Sep/2025:19:32:35 +0700] "GET /4893-2/ HTTP/1.0" 200 206817 "-" "Mozilla/5.0 (compatible; SemrushBot-BA; +http://www.semrush.com/bot.html)"
85.208.98.31 - - [08/Sep/2025:19:32:35 +0700] "GET /result376/ HTTP/1.0" 200 203118 "-" "Mozilla/5.0 (compatible; SemrushBot-BA; +http://www.semrush.com/bot.html)"
85.208.98.20 - - [08/Sep/2025:19:32:35 +0700] "GET /tips-on-how-to-meet-a-girl-from-a-unique-country/ HTTP/1.0" 200 208444 "-" "Mozilla/5.0 (compatible; SemrushBot-BA; +http://www.semrush.com/bot.html)"
85.208.98.31 - - [08/Sep/2025:19:33:07 +0700] "GET /page-13778/ HTTP/1.0" 200 209079 "-" "Mozilla/5.0 (compatible; SemrushBot-BA; +http://www.semrush.com/bot.html)"
85.208.98.20 - - [08/Sep/2025:19:33:07 +0700] "GET /how-to-choose-an-official-web-design-for-your-administration/ HTTP/1.0" 200 205944 "-" "Mozilla/5.0 (compatible; SemrushBot-BA; +http://www.semrush.com/bot.html)"
85.208.98.22 - - [08/Sep/2025:19:33:07 +0700] "GET /how-to-get-an-asian-woman-to-marry/ HTTP/1.0" 200 207898 "-" "Mozilla/5.0 (compatible; SemrushBot-BA; +http://www.semrush.com/bot.html)"
45.117.177.72 - - [08/Sep/2025:19:33:24 +0700] "POST /wp-cron.php?doing_wp_cron=1757334804.0325169563293457031250 HTTP/1.0" 200 416 "-" "WordPress/6.8.1; https://vattusacky.vn"
85.208.98.23 - - [08/Sep/2025:19:33:22 +0700] "GET /robots.txt HTTP/1.0" 200 984 "http://vattusacky.vn/robots.txt" "Mozilla/5.0 (compatible; SemrushBot-BA; +http://www.semrush.com/bot.html)"
20.171.207.118 - - [08/Sep/2025:19:33:29 +0700] "GET /?p=8037 HTTP/1.0" 301 503 "-" "Mozilla/5.0 AppleWebKit/537.36 (KHTML, like Gecko; compatible; GPTBot/1.2; +https://openai.com/gptbot)"
20.171.207.118 - - [08/Sep/2025:19:33:30 +0700] "GET /overcoming-obstacles-in-omegle-therapy-tips-and-strategies/ HTTP/1.0" 200 93363 "-" "Mozilla/5.0 AppleWebKit/537.36 (KHTML, like Gecko; compatible; GPTBot/1.2; +https://openai.com/gptbot)"
20.171.207.118 - - [08/Sep/2025:19:33:54 +0700] "GET /?p=7258 HTTP/1.0" 301 661 "-" "Mozilla/5.0 AppleWebKit/537.36 (KHTML, like Gecko; compatible; GPTBot/1.2; +https://openai.com/gptbot)"
20.171.207.118 - - [08/Sep/2025:19:33:55 +0700] "GET /navigating-the-unknown-anonymity-and-authenticity-in-omegle-chat-rooms/ HTTP/1.0" 200 75785 "-" "Mozilla/5.0 AppleWebKit/537.36 (KHTML, like Gecko; compatible; GPTBot/1.2; +https://openai.com/gptbot)"
85.208.98.20 - - [08/Sep/2025:19:34:04 +0700] "GET /4947-2/ HTTP/1.0" 200 206496 "-" "Mozilla/5.0 (compatible; SemrushBot-BA; +http://www.semrush.com/bot.html)"
85.208.98.31 - - [08/Sep/2025:19:34:04 +0700] "GET /4411-2/ HTTP/1.0" 200 205839 "-" "Mozilla/5.0 (compatible; SemrushBot-BA; +http://www.semrush.com/bot.html)"
85.208.98.22 - - [08/Sep/2025:19:34:04 +0700] "GET /tips-on-how-to-plan-an-engagement-party/ HTTP/1.0" 200 207864 "-" "Mozilla/5.0 (compatible; SemrushBot-BA; +http://www.semrush.com/bot.html)"
20.171.207.118 - - [08/Sep/2025:19:34:13 +0700] "GET /?p=9137 HTTP/1.0" 301 510 "-" "Mozilla/5.0 AppleWebKit/537.36 (KHTML, like Gecko; compatible; GPTBot/1.2; +https://openai.com/gptbot)"
85.208.98.29 - - [08/Sep/2025:19:34:13 +0700] "GET /3-ways-you-can-reinvent-asian-bookies-asian-bookmakers-online-betting-malaysia-asian-betting-sites-best-asian-bookmakers-asian-sports-bookmakers-sports-betting-malaysia-online-sports-betting-malaysia/ HTTP/1.0" 200 245861 "-" "Mozilla/5.0 (compatible; SemrushBot-BA; +http://www.semrush.com/bot.html)"
85.208.98.16 - - [08/Sep/2025:19:34:13 +0700] "GET /mettler/ HTTP/1.0" 200 203594 "-" "Mozilla/5.0 (compatible; SemrushBot-BA; +http://www.semrush.com/bot.html)"
85.208.98.24 - - [08/Sep/2025:19:34:14 +0700] "GET /4606-2/ HTTP/1.0" 200 206673 "-" "Mozilla/5.0 (compatible; SemrushBot-BA; +http://www.semrush.com/bot.html)"
20.171.207.118 - - [08/Sep/2025:19:34:14 +0700] "GET /unmasking-the-secrets-of-omegle-insights-from-anonymous-explorers/ HTTP/1.0" 200 92805 "-" "Mozilla/5.0 AppleWebKit/537.36 (KHTML, like Gecko; compatible; GPTBot/1.2; +https://openai.com/gptbot)"
45.117.177.72 - - [08/Sep/2025:19:34:34 +0700] "POST /wp-cron.php?doing_wp_cron=1757334873.9911060333251953125000 HTTP/1.0" 200 416 "-" "WordPress/6.8.1; https://vattusacky.vn"
85.208.98.22 - - [08/Sep/2025:19:34:32 +0700] "GET /finding-an-afro-live-camshaft-girl/ HTTP/1.0" 200 207970 "-" "Mozilla/5.0 (compatible; SemrushBot-BA; +http://www.semrush.com/bot.html)"
85.208.98.31 - - [08/Sep/2025:19:34:32 +0700] "GET /getting-foreign-females-online/ HTTP/1.0" 200 208157 "-" "Mozilla/5.0 (compatible; SemrushBot-BA; +http://www.semrush.com/bot.html)"
85.208.98.16 - - [08/Sep/2025:19:34:32 +0700] "GET /what-responsibilities-does-a-latin-marital-relationship-agency-include/ HTTP/1.0" 200 209222 "-" "Mozilla/5.0 (compatible; SemrushBot-BA; +http://www.semrush.com/bot.html)"
85.208.98.31 - - [08/Sep/2025:19:34:43 +0700] "GET /important-features-of-deliver-order-birdes-to-be-websites/ HTTP/1.0" 200 206037 "-" "Mozilla/5.0 (compatible; SemrushBot-BA; +http://www.semrush.com/bot.html)"
85.208.98.16 - - [08/Sep/2025:19:34:43 +0700] "GET /cheap-online-essays-focused-on-professional-writers-for-your-academic-work/ HTTP/1.0" 200 207712 "-" "Mozilla/5.0 (compatible; SemrushBot-BA; +http://www.semrush.com/bot.html)"
85.208.98.22 - - [08/Sep/2025:19:34:43 +0700] "GET /advise-for-successful-sugars-daddies-and-babies-interactions/ HTTP/1.0" 200 209308 "-" "Mozilla/5.0 (compatible; SemrushBot-BA; +http://www.semrush.com/bot.html)"
20.171.207.118 - - [08/Sep/2025:19:34:43 +0700] "GET /?p=7274 HTTP/1.0" 301 515 "-" "Mozilla/5.0 AppleWebKit/537.36 (KHTML, like Gecko; compatible; GPTBot/1.2; +https://openai.com/gptbot)"
20.171.207.118 - - [08/Sep/2025:19:34:44 +0700] "GET /networking-for-social-and-professional-advancement-on-omegle-and-ometv/ HTTP/1.0" 200 93416 "-" "Mozilla/5.0 AppleWebKit/537.36 (KHTML, like Gecko; compatible; GPTBot/1.2; +https://openai.com/gptbot)"
20.171.207.118 - - [08/Sep/2025:19:35:14 +0700] "GET /?p=8487 HTTP/1.0" 301 503 "-" "Mozilla/5.0 AppleWebKit/537.36 (KHTML, like Gecko; compatible; GPTBot/1.2; +https://openai.com/gptbot)"
45.117.177.72 - - [08/Sep/2025:19:35:17 +0700] "POST /wp-cron.php?doing_wp_cron=1757334917.3850829601287841796875 HTTP/1.0" 200 416 "-" "WordPress/6.8.1; https://vattusacky.vn"
20.171.207.118 - - [08/Sep/2025:19:35:16 +0700] "GET /the-future-of-personal-connections-omegles-vision-unveiled/ HTTP/1.0" 200 91386 "-" "Mozilla/5.0 AppleWebKit/537.36 (KHTML, like Gecko; compatible; GPTBot/1.2; +https://openai.com/gptbot)"
85.208.98.19 - - [08/Sep/2025:19:35:22 +0700] "GET /parimatch-onboards-elli-avrram-as-its-new-model-34/ HTTP/1.0" 200 249501 "-" "Mozilla/5.0 (compatible; SemrushBot-BA; +http://www.semrush.com/bot.html)"
85.208.98.29 - - [08/Sep/2025:19:35:22 +0700] "GET /maksim-krippa-strategija-bystrogo-i-bezopasnogo-234/ HTTP/1.0" 200 231940 "-" "Mozilla/5.0 (compatible; SemrushBot-BA; +http://www.semrush.com/bot.html)"
85.208.98.24 - - [08/Sep/2025:19:35:22 +0700] "GET /ladies-the-human-brain-a-un-rendez-vous-romantique/ HTTP/1.0" 200 208819 "-" "Mozilla/5.0 (compatible; SemrushBot-BA; +http://www.semrush.com/bot.html)"
85.208.98.24 - - [08/Sep/2025:19:36:04 +0700] "GET /22bet-evaluation-cell-app-and-attractive-welcome-5-2/ HTTP/1.0" 200 242745 "-" "Mozilla/5.0 (compatible; SemrushBot-BA; +http://www.semrush.com/bot.html)"
85.208.98.16 - - [08/Sep/2025:19:36:05 +0700] "GET /how-exactly-to-manage-a-long-lasting-commitment/ HTTP/1.0" 200 217055 "-" "Mozilla/5.0 (compatible; SemrushBot-BA; +http://www.semrush.com/bot.html)"
85.208.98.29 - - [08/Sep/2025:19:36:05 +0700] "GET /canli-casino-glory-mobil-giri-bonus/ HTTP/1.0" 200 217908 "-" "Mozilla/5.0 (compatible; SemrushBot-BA; +http://www.semrush.com/bot.html)"
45.117.177.72 - - [08/Sep/2025:19:36:31 +0700] "POST /wp-cron.php?doing_wp_cron=1757334991.6109490394592285156250 HTTP/1.0" 200 416 "-" "WordPress/6.8.1; https://vattusacky.vn"
52.167.144.209 - - [08/Sep/2025:19:36:30 +0700] "GET /the/dau-lay-mau/ HTTP/1.0" 200 78951 "-" "Mozilla/5.0 AppleWebKit/537.36 (KHTML, like Gecko; compatible; bingbot/2.0; +http://www.bing.com/bingbot.htm) Chrome/116.0.1938.76 Safari/537.36"
20.171.207.118 - - [08/Sep/2025:19:36:32 +0700] "GET /omegles-influence-on-the-development-of-online-friendship-rituals/ HTTP/1.0" 200 93159 "-" "Mozilla/5.0 AppleWebKit/537.36 (KHTML, like Gecko; compatible; GPTBot/1.2; +https://openai.com/gptbot)"
20.171.207.118 - - [08/Sep/2025:19:36:54 +0700] "GET /?p=8056 HTTP/1.0" 301 504 "-" "Mozilla/5.0 AppleWebKit/537.36 (KHTML, like Gecko; compatible; GPTBot/1.2; +https://openai.com/gptbot)"
20.171.207.118 - - [08/Sep/2025:19:36:56 +0700] "GET /overcoming-stereotypes-and-biases-in-anonymous-omegle-chats/ HTTP/1.0" 200 90369 "-" "Mozilla/5.0 AppleWebKit/537.36 (KHTML, like Gecko; compatible; GPTBot/1.2; +https://openai.com/gptbot)"
45.117.177.72 - - [08/Sep/2025:19:37:25 +0700] "POST /wp-cron.php?doing_wp_cron=1757335045.6776030063629150390625 HTTP/1.0" 200 416 "-" "WordPress/6.8.1; https://vattusacky.vn"
85.208.98.29 - - [08/Sep/2025:19:37:24 +0700] "GET /page-13778/ HTTP/1.0" 200 209079 "-" "Mozilla/5.0 (compatible; SemrushBot-BA; +http://www.semrush.com/bot.html)"
85.208.98.19 - - [08/Sep/2025:19:37:24 +0700] "GET /i-want-on-another-date-together-is-actually-kissing-the-typical-training/ HTTP/1.0" 200 205313 "-" "Mozilla/5.0 (compatible; SemrushBot-BA; +http://www.semrush.com/bot.html)"
85.208.98.24 - - [08/Sep/2025:19:37:24 +0700] "GET /vereinigung-held-startet-als-eine-vereinigung-training-firma-um-zu-helfen-zu-helfen-um-zu-helfen-um-einfach-zu-helfen-um-sehr-zu-helfen/ HTTP/1.0" 200 214702 "-" "Mozilla/5.0 (compatible; SemrushBot-BA; +http://www.semrush.com/bot.html)"
20.171.207.118 - - [08/Sep/2025:19:37:26 +0700] "GET /?p=7167 HTTP/1.0" 301 510 "-" "Mozilla/5.0 AppleWebKit/537.36 (KHTML, like Gecko; compatible; GPTBot/1.2; +https://openai.com/gptbot)"
20.171.207.118 - - [08/Sep/2025:19:37:28 +0700] "GET /leaving-a-lasting-impression-following-up-on-omegle-conversations/ HTTP/1.0" 200 93601 "-" "Mozilla/5.0 AppleWebKit/537.36 (KHTML, like Gecko; compatible; GPTBot/1.2; +https://openai.com/gptbot)"
20.171.207.118 - - [08/Sep/2025:19:37:57 +0700] "GET /venturing-outside-comfort-zones-promoting-growth-on-omegle/ HTTP/1.0" 200 91022 "-" "Mozilla/5.0 AppleWebKit/537.36 (KHTML, like Gecko; compatible; GPTBot/1.2; +https://openai.com/gptbot)"
85.208.98.31 - - [08/Sep/2025:19:38:10 +0700] "GET /3951-2/ HTTP/1.0" 200 224035 "-" "Mozilla/5.0 (compatible; SemrushBot-BA; +http://www.semrush.com/bot.html)"
85.208.98.22 - - [08/Sep/2025:19:38:10 +0700] "GET /3823-2/ HTTP/1.0" 200 205822 "-" "Mozilla/5.0 (compatible; SemrushBot-BA; +http://www.semrush.com/bot.html)"
85.208.98.16 - - [08/Sep/2025:19:38:10 +0700] "GET /types-of-corporate-governance/ HTTP/1.0" 200 205481 "-" "Mozilla/5.0 (compatible; SemrushBot-BA; +http://www.semrush.com/bot.html)"
85.208.98.19 - - [08/Sep/2025:19:38:27 +0700] "GET /vulkan-kazino-vulkan-oficialnyj-sajt-zerkalo/ HTTP/1.0" 200 243498 "-" "Mozilla/5.0 (compatible; SemrushBot-BA; +http://www.semrush.com/bot.html)"
45.117.177.72 - - [08/Sep/2025:19:38:28 +0700] "POST /wp-cron.php?doing_wp_cron=1757335108.5089199542999267578125 HTTP/1.0" 200 416 "-" "WordPress/6.8.1; https://vattusacky.vn"
85.208.98.31 - - [08/Sep/2025:19:38:27 +0700] "GET /quantracmoitruongungquanh/ HTTP/1.0" 200 261520 "-" "Mozilla/5.0 (compatible; SemrushBot-BA; +http://www.semrush.com/bot.html)"
85.208.98.20 - - [08/Sep/2025:19:38:27 +0700] "GET /alcoholic-liver-disease-symptoms-treatment-and/ HTTP/1.0" 200 210761 "-" "Mozilla/5.0 (compatible; SemrushBot-BA; +http://www.semrush.com/bot.html)"
20.171.207.118 - - [08/Sep/2025:19:38:33 +0700] "GET /?p=8379 HTTP/1.0" 301 508 "-" "Mozilla/5.0 AppleWebKit/537.36 (KHTML, like Gecko; compatible; GPTBot/1.2; +https://openai.com/gptbot)"
20.171.207.118 - - [08/Sep/2025:19:38:35 +0700] "GET /the-dance-of-empathy-connecting-through-understanding-on-omegle/ HTTP/1.0" 200 91295 "-" "Mozilla/5.0 AppleWebKit/537.36 (KHTML, like Gecko; compatible; GPTBot/1.2; +https://openai.com/gptbot)"
85.208.98.16 - - [08/Sep/2025:19:38:49 +0700] "GET /zajmy-s-18-let-bez-otkazov-na-kartu-onlajn/ HTTP/1.0" 200 256056 "-" "Mozilla/5.0 (compatible; SemrushBot-BA; +http://www.semrush.com/bot.html)"
85.208.98.29 - - [08/Sep/2025:19:38:50 +0700] "GET /the-very-best-reasons-for-females-to-use-seeing-apps/ HTTP/1.0" 200 208937 "-" "Mozilla/5.0 (compatible; SemrushBot-BA; +http://www.semrush.com/bot.html)"
85.208.98.24 - - [08/Sep/2025:19:38:50 +0700] "GET /obzor-i-testirovanie-videokarty-nvidia-geforce-gtx/ HTTP/1.0" 200 261131 "-" "Mozilla/5.0 (compatible; SemrushBot-BA; +http://www.semrush.com/bot.html)"
20.171.207.118 - - [08/Sep/2025:19:39:08 +0700] "GET /the-future-of-omegle-potential-innovations-and-improvements/ HTTP/1.0" 200 92974 "-" "Mozilla/5.0 AppleWebKit/537.36 (KHTML, like Gecko; compatible; GPTBot/1.2; +https://openai.com/gptbot)"
85.208.98.16 - - [08/Sep/2025:19:39:10 +0700] "GET /tips-to-find-the-best-online-casino/ HTTP/1.0" 200 207288 "-" "Mozilla/5.0 (compatible; SemrushBot-BA; +http://www.semrush.com/bot.html)"
85.208.98.24 - - [08/Sep/2025:19:39:10 +0700] "GET /small-wedding-suggestions-to-make-your-working-day-memorable-and-special/ HTTP/1.0" 200 206620 "-" "Mozilla/5.0 (compatible; SemrushBot-BA; +http://www.semrush.com/bot.html)"
85.208.98.22 - - [08/Sep/2025:19:39:10 +0700] "GET /plinko-onlajn-igra-otzyvy-igrokov-o-zarabotke/ HTTP/1.0" 200 235811 "-" "Mozilla/5.0 (compatible; SemrushBot-BA; +http://www.semrush.com/bot.html)"
20.171.207.118 - - [08/Sep/2025:19:39:25 +0700] "GET /the-art-of-embracing-ambiguity-serendipity-in-online-interactions/ HTTP/1.0" 200 93315 "-" "Mozilla/5.0 AppleWebKit/537.36 (KHTML, like Gecko; compatible; GPTBot/1.2; +https://openai.com/gptbot)"
85.208.98.16 - - [08/Sep/2025:19:39:39 +0700] "GET /what-makes-a-free-casino-game-different-from-other-casino-games/ HTTP/1.0" 200 209156 "-" "Mozilla/5.0 (compatible; SemrushBot-BA; +http://www.semrush.com/bot.html)"
85.208.98.24 - - [08/Sep/2025:19:39:39 +0700] "GET /up-x-top-kazino-rabochee-zerkalo-sajta-kazino-2/ HTTP/1.0" 200 225873 "-" "Mozilla/5.0 (compatible; SemrushBot-BA; +http://www.semrush.com/bot.html)"
85.208.98.22 - - [08/Sep/2025:19:39:39 +0700] "GET /common-mistakes-to-avoid-when-buying-viagra-in/ HTTP/1.0" 200 238709 "-" "Mozilla/5.0 (compatible; SemrushBot-BA; +http://www.semrush.com/bot.html)"
85.208.98.16 - - [08/Sep/2025:19:39:48 +0700] "GET /cai-thien-nhanh-chong-cach-tim-da-mo-https-vaysite-com-nguoi-cho-vay-findo-nhu-mot-tien-bo-nhanh-chong-trong-nam-phut/ HTTP/1.0" 200 209883 "-" "Mozilla/5.0 (compatible; SemrushBot-BA; +http://www.semrush.com/bot.html)"
85.208.98.29 - - [08/Sep/2025:19:39:48 +0700] "GET /sources-of-tech-news/ HTTP/1.0" 200 205200 "-" "Mozilla/5.0 (compatible; SemrushBot-BA; +http://www.semrush.com/bot.html)"
85.208.98.24 - - [08/Sep/2025:19:39:48 +0700] "GET /glenjiko-6/ HTTP/1.0" 200 203269 "-" "Mozilla/5.0 (compatible; SemrushBot-BA; +http://www.semrush.com/bot.html)"
20.171.207.118 - - [08/Sep/2025:19:39:54 +0700] "GET /the-power-of-authenticity-building-genuine-connections-on-omegle/ HTTP/1.0" 200 91558 "-" "Mozilla/5.0 AppleWebKit/537.36 (KHTML, like Gecko; compatible; GPTBot/1.2; +https://openai.com/gptbot)"
85.208.96.205 - - [08/Sep/2025:19:40:18 +0700] "GET /celebrating-cultural-differences-on-omegle-connecting-people-globally/ HTTP/1.0" 200 91284 "-" "Mozilla/5.0 (compatible; SemrushBot/7~bl; +http://www.semrush.com/bot.html)"
20.171.207.118 - - [08/Sep/2025:19:40:21 +0700] "GET /the-ethical-dilemma-of-anonymity-and-digital-responsibility-on-omegle/ HTTP/1.0" 200 92587 "-" "Mozilla/5.0 AppleWebKit/537.36 (KHTML, like Gecko; compatible; GPTBot/1.2; +https://openai.com/gptbot)"
45.117.177.72 - - [08/Sep/2025:19:40:53 +0700] "POST /wp-cron.php?doing_wp_cron=1757335253.4069700241088867187500 HTTP/1.0" 200 416 "-" "WordPress/6.8.1; https://vattusacky.vn"
45.117.177.72 - - [08/Sep/2025:19:40:53 +0700] "POST /wp-cron.php?doing_wp_cron=1757335253.4379479885101318359375 HTTP/1.0" 200 416 "-" "WordPress/6.8.1; https://vattusacky.vn"
45.117.177.72 - - [08/Sep/2025:19:40:53 +0700] "POST /wp-cron.php?doing_wp_cron=1757335253.4446280002593994140625 HTTP/1.0" 200 416 "-" "WordPress/6.8.1; https://vattusacky.vn"
85.208.98.31 - - [08/Sep/2025:19:40:52 +0700] "GET /true-mail-buy-brides-discover-stunning-mail-order-sweetheart-online/ HTTP/1.0" 200 211457 "-" "Mozilla/5.0 (compatible; SemrushBot-BA; +http://www.semrush.com/bot.html)"
85.208.98.19 - - [08/Sep/2025:19:40:52 +0700] "GET /euro-ladies-world-wide-dating-company/ HTTP/1.0" 200 206809 "-" "Mozilla/5.0 (compatible; SemrushBot-BA; +http://www.semrush.com/bot.html)"
85.208.98.20 - - [08/Sep/2025:19:40:52 +0700] "GET /4893-2/ HTTP/1.0" 200 206817 "-" "Mozilla/5.0 (compatible; SemrushBot-BA; +http://www.semrush.com/bot.html)"
20.171.207.118 - - [08/Sep/2025:19:40:55 +0700] "GET /omegles-role-in-breaking-social-barriers-and-embracing-diversity/ HTTP/1.0" 200 90991 "-" "Mozilla/5.0 AppleWebKit/537.36 (KHTML, like Gecko; compatible; GPTBot/1.2; +https://openai.com/gptbot)"
85.208.98.31 - - [08/Sep/2025:19:41:08 +0700] "GET /poker-games-list-ethics/ HTTP/1.0" 200 229370 "-" "Mozilla/5.0 (compatible; SemrushBot-BA; +http://www.semrush.com/bot.html)"
85.208.98.16 - - [08/Sep/2025:19:41:09 +0700] "GET /jogar-cassino-online-bonus-para-cassino-online/ HTTP/1.0" 200 212901 "-" "Mozilla/5.0 (compatible; SemrushBot-BA; +http://www.semrush.com/bot.html)"
85.208.98.22 - - [08/Sep/2025:19:41:09 +0700] "GET /how-to-get-an-asian-woman-to-marry/ HTTP/1.0" 200 207898 "-" "Mozilla/5.0 (compatible; SemrushBot-BA; +http://www.semrush.com/bot.html)"
45.117.177.72 - - [08/Sep/2025:19:41:32 +0700] "POST /wp-cron.php?doing_wp_cron=1757335291.8205258846282958984375 HTTP/1.0" 200 416 "-" "WordPress/6.8.1; https://vattusacky.vn"
20.171.207.118 - - [08/Sep/2025:19:41:30 +0700] "GET /how-to-make-interesting-conversations-on-chatroulette-and-omegle/ HTTP/1.0" 200 90360 "-" "Mozilla/5.0 AppleWebKit/537.36 (KHTML, like Gecko; compatible; GPTBot/1.2; +https://openai.com/gptbot)"
85.208.98.19 - - [08/Sep/2025:19:41:51 +0700] "GET /lam-the-nao-de-tim-mot-truc-tuyen-vay-tien-online-nhanh-chong-tiet-lo-cho-ban-tien-do/ HTTP/1.0" 200 211307 "-" "Mozilla/5.0 (compatible; SemrushBot-BA; +http://www.semrush.com/bot.html)"
85.208.98.29 - - [08/Sep/2025:19:41:52 +0700] "GET /is-normally-cbd-secure/ HTTP/1.0" 200 205326 "-" "Mozilla/5.0 (compatible; SemrushBot-BA; +http://www.semrush.com/bot.html)"
85.208.98.24 - - [08/Sep/2025:19:41:52 +0700] "GET /hiq/ HTTP/1.0" 200 203459 "-" "Mozilla/5.0 (compatible; SemrushBot-BA; +http://www.semrush.com/bot.html)"
20.171.207.118 - - [08/Sep/2025:19:42:00 +0700] "GET /anonymity-authenticity-and-the-future-of-social-interaction-on-omegle/ HTTP/1.0" 200 78033 "-" "Mozilla/5.0 AppleWebKit/537.36 (KHTML, like Gecko; compatible; GPTBot/1.2; +https://openai.com/gptbot)"
85.208.98.19 - - [08/Sep/2025:19:42:13 +0700] "GET /zajm-sms-zajm-ot-finterra/ HTTP/1.0" 200 223695 "-" "Mozilla/5.0 (compatible; SemrushBot-BA; +http://www.semrush.com/bot.html)"
85.208.98.31 - - [08/Sep/2025:19:42:13 +0700] "GET /your-five-tips-to-a-prosperous-marriage/ HTTP/1.0" 200 208066 "-" "Mozilla/5.0 (compatible; SemrushBot-BA; +http://www.semrush.com/bot.html)"
85.208.98.20 - - [08/Sep/2025:19:42:14 +0700] "GET /pin-ap-zerkalo-casino-onlajn-realnye-promokody-4/ HTTP/1.0" 200 241964 "-" "Mozilla/5.0 (compatible; SemrushBot-BA; +http://www.semrush.com/bot.html)"
45.117.177.72 - - [08/Sep/2025:19:42:26 +0700] "POST /wp-cron.php?doing_wp_cron=1757335346.5847370624542236328125 HTTP/1.0" 200 416 "-" "WordPress/6.8.1; https://vattusacky.vn"
85.208.98.24 - - [08/Sep/2025:19:42:25 +0700] "GET /how-to-choose-an-official-web-design-for-your-administration/ HTTP/1.0" 200 205944 "-" "Mozilla/5.0 (compatible; SemrushBot-BA; +http://www.semrush.com/bot.html)"
85.208.98.16 - - [08/Sep/2025:19:42:25 +0700] "GET /chto-za-igra-dragon-money-besproigryshnaja/ HTTP/1.0" 200 222512 "-" "Mozilla/5.0 (compatible; SemrushBot-BA; +http://www.semrush.com/bot.html)"
85.208.98.22 - - [08/Sep/2025:19:42:26 +0700] "GET /hello-world-5/ HTTP/1.0" 200 203028 "-" "Mozilla/5.0 (compatible; SemrushBot-BA; +http://www.semrush.com/bot.html)"
85.208.98.31 - - [08/Sep/2025:19:42:33 +0700] "GET /cell-modern-casino-activities-play/ HTTP/1.0" 200 208579 "-" "Mozilla/5.0 (compatible; SemrushBot-BA; +http://www.semrush.com/bot.html)"
85.208.98.20 - - [08/Sep/2025:19:42:33 +0700] "GET /ideal-virus-protection-for-mac/ HTTP/1.0" 200 205351 "-" "Mozilla/5.0 (compatible; SemrushBot-BA; +http://www.semrush.com/bot.html)"
85.208.98.22 - - [08/Sep/2025:19:42:33 +0700] "GET /melbet-apk-obtain-for-android-apk-and-ios-in-india-20/ HTTP/1.0" 200 228328 "-" "Mozilla/5.0 (compatible; SemrushBot-BA; +http://www.semrush.com/bot.html)"
85.208.98.20 - - [08/Sep/2025:19:42:46 +0700] "GET /top-5-things-to-do-over-a-first-night-out/ HTTP/1.0" 200 207036 "-" "Mozilla/5.0 (compatible; SemrushBot-BA; +http://www.semrush.com/bot.html)"
85.208.98.31 - - [08/Sep/2025:19:42:46 +0700] "GET /online-casino-real-money-no-deposit-what-are-they/ HTTP/1.0" 200 208050 "-" "Mozilla/5.0 (compatible; SemrushBot-BA; +http://www.semrush.com/bot.html)"
85.208.98.19 - - [08/Sep/2025:19:42:46 +0700] "GET /findo-progress-cai-vaygap-tien-te-bao-co-su-khac-biet/ HTTP/1.0" 200 207412 "-" "Mozilla/5.0 (compatible; SemrushBot-BA; +http://www.semrush.com/bot.html)"
20.171.207.118 - - [08/Sep/2025:19:42:57 +0700] "GET /?p=9196 HTTP/1.0" 301 503 "-" "Mozilla/5.0 AppleWebKit/537.36 (KHTML, like Gecko; compatible; GPTBot/1.2; +https://openai.com/gptbot)"
85.208.98.29 - - [08/Sep/2025:19:42:58 +0700] "GET /dd%C2%B9d%C2%BD-dodd-d%C2%B8d%C2%BDd%C2%BE-ddonedd%C2%B8d%C2%BDn-n%C6%92donedd%C2%B8d%C2%BDn%C2%81dod%C2%B8d%C2%B5-gambling-den-d%C2%BDd-ned%C2%B5d/ HTTP/1.0" 200 212356 "-" "Mozilla/5.0 (compatible; SemrushBot-BA; +http://www.semrush.com/bot.html)"
85.208.98.16 - - [08/Sep/2025:19:42:58 +0700] "GET /leovegas-reviews-go-through-customer-support-reviews-of-leovegas-com-12-15-of-89/ HTTP/1.0" 200 221799 "-" "Mozilla/5.0 (compatible; SemrushBot-BA; +http://www.semrush.com/bot.html)"
85.208.98.24 - - [08/Sep/2025:19:42:58 +0700] "GET /cach-do-luong-chi-vay-gap-online-phi-thiet-lap-lop-truoc/ HTTP/1.0" 200 210152 "-" "Mozilla/5.0 (compatible; SemrushBot-BA; +http://www.semrush.com/bot.html)"
20.171.207.118 - - [08/Sep/2025:19:42:58 +0700] "GET /venturing-outside-comfort-zones-promoting-growth-on-omegle/ HTTP/1.0" 200 91022 "-" "Mozilla/5.0 AppleWebKit/537.36 (KHTML, like Gecko; compatible; GPTBot/1.2; +https://openai.com/gptbot)"
85.208.98.24 - - [08/Sep/2025:19:43:11 +0700] "GET /result376/ HTTP/1.0" 200 203118 "-" "Mozilla/5.0 (compatible; SemrushBot-BA; +http://www.semrush.com/bot.html)"
85.208.98.16 - - [08/Sep/2025:19:43:11 +0700] "GET /advantages-of-data-computer-software/ HTTP/1.0" 200 205935 "-" "Mozilla/5.0 (compatible; SemrushBot-BA; +http://www.semrush.com/bot.html)"
85.208.98.22 - - [08/Sep/2025:19:43:11 +0700] "GET /web-based-antivirus-scan-for-android-mobile/ HTTP/1.0" 200 205706 "-" "Mozilla/5.0 (compatible; SemrushBot-BA; +http://www.semrush.com/bot.html)"
45.117.177.72 - - [08/Sep/2025:19:43:29 +0700] "POST /wp-cron.php?doing_wp_cron=1757335409.1792459487915039062500 HTTP/1.0" 200 416 "-" "WordPress/6.8.1; https://vattusacky.vn"
85.208.98.22 - - [08/Sep/2025:19:43:27 +0700] "GET /set-up-a-1xbet-modern-software-with-no-deposit-on/ HTTP/1.0" 200 229119 "-" "Mozilla/5.0 (compatible; SemrushBot-BA; +http://www.semrush.com/bot.html)"
85.208.98.31 - - [08/Sep/2025:19:43:27 +0700] "GET /fun88-unveils-a-recent-search-for-its-web-site-13/ HTTP/1.0" 200 246297 "-" "Mozilla/5.0 (compatible; SemrushBot-BA; +http://www.semrush.com/bot.html)"
85.208.98.16 - - [08/Sep/2025:19:43:27 +0700] "GET /aviator-predictor-v1-ninety-four-apk-mod-2023-free-45/ HTTP/1.0" 200 244571 "-" "Mozilla/5.0 (compatible; SemrushBot-BA; +http://www.semrush.com/bot.html)"
20.171.207.118 - - [08/Sep/2025:19:43:33 +0700] "GET /the-educational-potential-of-omegle-learning-from-strangers/ HTTP/1.0" 200 90501 "-" "Mozilla/5.0 AppleWebKit/537.36 (KHTML, like Gecko; compatible; GPTBot/1.2; +https://openai.com/gptbot)"
20.171.207.118 - - [08/Sep/2025:19:43:52 +0700] "GET /omegle-and-ometv-an-anthropological-study-of-digital-interaction/ HTTP/1.0" 200 93416 "-" "Mozilla/5.0 AppleWebKit/537.36 (KHTML, like Gecko; compatible; GPTBot/1.2; +https://openai.com/gptbot)"
85.208.98.29 - - [08/Sep/2025:19:44:04 +0700] "GET /1xbet-zerkalo-dostupnye-frispiny-kazino-sloty/ HTTP/1.0" 200 218934 "-" "Mozilla/5.0 (compatible; SemrushBot-BA; +http://www.semrush.com/bot.html)"
85.208.98.19 - - [08/Sep/2025:19:44:05 +0700] "GET /tips-on-how-to-meet-a-girl-from-a-unique-country/ HTTP/1.0" 200 208444 "-" "Mozilla/5.0 (compatible; SemrushBot-BA; +http://www.semrush.com/bot.html)"
85.208.98.20 - - [08/Sep/2025:19:44:05 +0700] "GET /50-mg-clomid-twins/ HTTP/1.0" 200 216584 "-" "Mozilla/5.0 (compatible; SemrushBot-BA; +http://www.semrush.com/bot.html)"
17.241.227.106 - - [08/Sep/2025:19:44:12 +0700] "GET /the-rise-of-alternative-random-video-chat-platforms/ HTTP/1.0" 200 92615 "-" "Mozilla/5.0 (Macintosh; Intel Mac OS X 10_15_7) AppleWebKit/605.1.15 (KHTML, like Gecko) Version/17.4 Safari/605.1.15 (Applebot/0.1; +http://www.apple.com/go/applebot)"
85.208.98.20 - - [08/Sep/2025:19:44:21 +0700] "GET /sustanon-250-steroid-tutto-cio-che-devi-sapere-2/ HTTP/1.0" 200 204202 "-" "Mozilla/5.0 (compatible; SemrushBot-BA; +http://www.semrush.com/bot.html)"
45.117.177.72 - - [08/Sep/2025:19:44:22 +0700] "POST /wp-cron.php?doing_wp_cron=1757335462.4973990917205810546875 HTTP/1.0" 200 416 "-" "WordPress/6.8.1; https://vattusacky.vn"
85.208.98.19 - - [08/Sep/2025:19:44:21 +0700] "GET /the-right-way-to-be-a-better-husband-emotionally-several-ways-to-strengthen-your-marriage/ HTTP/1.0" 200 209552 "-" "Mozilla/5.0 (compatible; SemrushBot-BA; +http://www.semrush.com/bot.html)"
85.208.98.29 - - [08/Sep/2025:19:44:21 +0700] "GET /truc-tuyen-nhanh-chong-https-vaysite-com-app-vay-tien-cash24-app-chuyen-tiep-lua-chon-nhanh/ HTTP/1.0" 200 211280 "-" "Mozilla/5.0 (compatible; SemrushBot-BA; +http://www.semrush.com/bot.html)"
20.171.207.118 - - [08/Sep/2025:19:44:22 +0700] "GET /?p=8688 HTTP/1.0" 301 655 "-" "Mozilla/5.0 AppleWebKit/537.36 (KHTML, like Gecko; compatible; GPTBot/1.2; +https://openai.com/gptbot)"
20.171.207.118 - - [08/Sep/2025:19:44:24 +0700] "GET /the-power-of-authenticity-building-genuine-connections-on-omegle/ HTTP/1.0" 200 91558 "-" "Mozilla/5.0 AppleWebKit/537.36 (KHTML, like Gecko; compatible; GPTBot/1.2; +https://openai.com/gptbot)"
85.208.98.19 - - [08/Sep/2025:19:44:41 +0700] "GET /how-to-convert-pdf-to-notepad-with-two-methods-10/ HTTP/1.0" 200 207952 "-" "Mozilla/5.0 (compatible; SemrushBot-BA; +http://www.semrush.com/bot.html)"
85.208.98.29 - - [08/Sep/2025:19:44:41 +0700] "GET /1win-casino-luchshie-onlajn-avtomaty-igrovye-demo/ HTTP/1.0" 200 224110 "-" "Mozilla/5.0 (compatible; SemrushBot-BA; +http://www.semrush.com/bot.html)"
85.208.98.20 - - [08/Sep/2025:19:44:41 +0700] "GET /ung-dung-tien-do-cash24-https-tienapps-com-blog-cach-tim-da-mo-de-vay-nhanh-chong/ HTTP/1.0" 200 212549 "-" "Mozilla/5.0 (compatible; SemrushBot-BA; +http://www.semrush.com/bot.html)"
85.208.98.22 - - [08/Sep/2025:19:44:56 +0700] "GET /points-to-know-about-asian-women/ HTTP/1.0" 200 209833 "-" "Mozilla/5.0 (compatible; SemrushBot-BA; +http://www.semrush.com/bot.html)"
85.208.98.31 - - [08/Sep/2025:19:44:56 +0700] "GET /golubye-ozera-otdyh-2022-ceny-otzyvy-bazy-otdyha-121/ HTTP/1.0" 200 240436 "-" "Mozilla/5.0 (compatible; SemrushBot-BA; +http://www.semrush.com/bot.html)"
85.208.98.16 - - [08/Sep/2025:19:44:56 +0700] "GET /du-doan-dieu-gi-tu-tien-vay-500k-trinh-500-nghin-truoc-do/ HTTP/1.0" 200 212957 "-" "Mozilla/5.0 (compatible; SemrushBot-BA; +http://www.semrush.com/bot.html)"
185.191.171.6 - - [08/Sep/2025:19:44:58 +0700] "GET /a-closer-look-at-omegle-understanding-its-enduring-popularity/ HTTP/1.0" 200 90950 "-" "Mozilla/5.0 (compatible; SemrushBot/7~bl; +http://www.semrush.com/bot.html)"
20.171.207.118 - - [08/Sep/2025:19:45:05 +0700] "GET /?p=7923 HTTP/1.0" 301 509 "-" "Mozilla/5.0 AppleWebKit/537.36 (KHTML, like Gecko; compatible; GPTBot/1.2; +https://openai.com/gptbot)"
20.171.207.118 - - [08/Sep/2025:19:45:07 +0700] "GET /omegles-role-in-breaking-social-barriers-and-embracing-diversity/ HTTP/1.0" 200 92403 "-" "Mozilla/5.0 AppleWebKit/537.36 (KHTML, like Gecko; compatible; GPTBot/1.2; +https://openai.com/gptbot)"
85.208.98.19 - - [08/Sep/2025:19:45:08 +0700] "GET /exactly-what-is-a-mail-in-wife/ HTTP/1.0" 200 205172 "-" "Mozilla/5.0 (compatible; SemrushBot-BA; +http://www.semrush.com/bot.html)"
85.208.98.31 - - [08/Sep/2025:19:45:08 +0700] "GET /luchshie-onlajn-kazino-top-igrovye-avtomaty-2/ HTTP/1.0" 200 234636 "-" "Mozilla/5.0 (compatible; SemrushBot-BA; +http://www.semrush.com/bot.html)"
85.208.98.20 - - [08/Sep/2025:19:45:08 +0700] "GET /igra-luckyjet-2023-kak-rabotaet-taktika-igry/ HTTP/1.0" 200 222475 "-" "Mozilla/5.0 (compatible; SemrushBot-BA; +http://www.semrush.com/bot.html)"
85.208.98.31 - - [08/Sep/2025:19:45:20 +0700] "GET /killer-sudoku/ HTTP/1.0" 200 204169 "-" "Mozilla/5.0 (compatible; SemrushBot-BA; +http://www.semrush.com/bot.html)"
85.208.98.16 - - [08/Sep/2025:19:45:20 +0700] "GET /via-the-internet-board-managing-features/ HTTP/1.0" 200 205598 "-" "Mozilla/5.0 (compatible; SemrushBot-BA; +http://www.semrush.com/bot.html)"
45.117.177.72 - - [08/Sep/2025:19:45:21 +0700] "POST /wp-cron.php?doing_wp_cron=1757335521.1952741146087646484375 HTTP/1.0" 200 416 "-" "WordPress/6.8.1; https://vattusacky.vn"
85.208.98.22 - - [08/Sep/2025:19:45:20 +0700] "GET /evermed/ HTTP/1.0" 200 203595 "-" "Mozilla/5.0 (compatible; SemrushBot-BA; +http://www.semrush.com/bot.html)"
20.171.207.118 - - [08/Sep/2025:19:45:28 +0700] "GET /latina-wimen-one-of-the-most-exhaustive-guide-on-online-dating-irresistible-latina-brides/ HTTP/1.0" 200 98638 "-" "Mozilla/5.0 AppleWebKit/537.36 (KHTML, like Gecko; compatible; GPTBot/1.2; +https://openai.com/gptbot)"
85.208.98.31 - - [08/Sep/2025:19:45:44 +0700] "GET /4123-2/ HTTP/1.0" 200 216378 "-" "Mozilla/5.0 (compatible; SemrushBot-BA; +http://www.semrush.com/bot.html)"
85.208.98.20 - - [08/Sep/2025:19:45:44 +0700] "GET /when-to-take-viagra-20-mg/ HTTP/1.0" 200 215657 "-" "Mozilla/5.0 (compatible; SemrushBot-BA; +http://www.semrush.com/bot.html)"
85.208.98.22 - - [08/Sep/2025:19:45:44 +0700] "GET /is-tristyn-lee-natural-or-on-steroids-truth-exposed-bodyly/ HTTP/1.0" 200 209098 "-" "Mozilla/5.0 (compatible; SemrushBot-BA; +http://www.semrush.com/bot.html)"
20.171.207.118 - - [08/Sep/2025:19:45:46 +0700] "GET /?p=8475 HTTP/1.0" 301 504 "-" "Mozilla/5.0 AppleWebKit/537.36 (KHTML, like Gecko; compatible; GPTBot/1.2; +https://openai.com/gptbot)"
20.171.207.118 - - [08/Sep/2025:19:45:48 +0700] "GET /the-future-of-omegle-potential-innovations-and-improvements/ HTTP/1.0" 200 92828 "-" "Mozilla/5.0 AppleWebKit/537.36 (KHTML, like Gecko; compatible; GPTBot/1.2; +https://openai.com/gptbot)"
85.208.98.22 - - [08/Sep/2025:19:45:53 +0700] "GET /lhistoire-de-match-com-de-1993-a-ces-jours/ HTTP/1.0" 200 212647 "-" "Mozilla/5.0 (compatible; SemrushBot-BA; +http://www.semrush.com/bot.html)"
85.208.98.16 - - [08/Sep/2025:19:45:53 +0700] "GET /virginias-blue-ridge-offers-romantic-scenery-cultural-events-world-class-facilities/ HTTP/1.0" 200 214946 "-" "Mozilla/5.0 (compatible; SemrushBot-BA; +http://www.semrush.com/bot.html)"
85.208.98.24 - - [08/Sep/2025:19:45:54 +0700] "GET /lam-the-nao-ban-co-the-nhan-vaygap-duoc-mot-khoan-ung-truoc-tra-gop/ HTTP/1.0" 200 210160 "-" "Mozilla/5.0 (compatible; SemrushBot-BA; +http://www.semrush.com/bot.html)"
45.117.177.72 - - [08/Sep/2025:19:46:18 +0700] "POST /wp-cron.php?doing_wp_cron=1757335578.2182810306549072265625 HTTP/1.0" 200 416 "-" "WordPress/6.8.1; https://vattusacky.vn"
20.171.207.118 - - [08/Sep/2025:19:46:17 +0700] "GET /?p=8322 HTTP/1.0" 301 510 "-" "Mozilla/5.0 AppleWebKit/537.36 (KHTML, like Gecko; compatible; GPTBot/1.2; +https://openai.com/gptbot)"
20.171.207.118 - - [08/Sep/2025:19:46:18 +0700] "GET /the-art-of-embracing-ambiguity-serendipity-in-online-interactions/ HTTP/1.0" 200 93315 "-" "Mozilla/5.0 AppleWebKit/537.36 (KHTML, like Gecko; compatible; GPTBot/1.2; +https://openai.com/gptbot)"
45.117.177.72 - - [08/Sep/2025:19:46:59 +0700] "POST /wp-cron.php?doing_wp_cron=1757335619.7843639850616455078125 HTTP/1.0" 200 416 "-" "WordPress/6.8.1; https://vattusacky.vn"
20.171.207.118 - - [08/Sep/2025:19:46:58 +0700] "GET /?p=7076 HTTP/1.0" 301 509 "-" "Mozilla/5.0 AppleWebKit/537.36 (KHTML, like Gecko; compatible; GPTBot/1.2; +https://openai.com/gptbot)"
20.171.207.118 - - [08/Sep/2025:19:47:00 +0700] "GET /how-to-make-interesting-conversations-on-chatroulette-and-omegle/ HTTP/1.0" 200 90360 "-" "Mozilla/5.0 AppleWebKit/537.36 (KHTML, like Gecko; compatible; GPTBot/1.2; +https://openai.com/gptbot)"
192.99.37.132 - - [08/Sep/2025:19:47:01 +0700] "GET /robots.txt HTTP/1.0" 200 984 "-" "Mozilla/5.0 (compatible; MJ12bot/v1.4.8; http://mj12bot.com/)"
192.99.37.132 - - [08/Sep/2025:19:47:04 +0700] "GET /mr-bet-bauernfaengerei-und-ueberhaupt-mr-bet-bonusbedingungen-auf-keinen-fall-nachfolgende-union-erfahrungen-2022/feed/ HTTP/1.0" 200 1947 "-" "Mozilla/5.0 (compatible; MJ12bot/v1.4.8; http://mj12bot.com/)"
85.208.98.20 - - [08/Sep/2025:19:47:11 +0700] "GET /decoding-the-phenomenon-of-the-1xbet-mobile-app-45/ HTTP/1.0" 200 238742 "-" "Mozilla/5.0 (compatible; SemrushBot-BA; +http://www.semrush.com/bot.html)"
85.208.98.31 - - [08/Sep/2025:19:47:11 +0700] "GET /quan-trac-moi-truong-lao-dong/ HTTP/1.0" 200 219174 "-" "Mozilla/5.0 (compatible; SemrushBot-BA; +http://www.semrush.com/bot.html)"
85.208.98.22 - - [08/Sep/2025:19:47:11 +0700] "GET /a-few-ways-to-experience-an-ideal-1st-date/ HTTP/1.0" 200 206637 "-" "Mozilla/5.0 (compatible; SemrushBot-BA; +http://www.semrush.com/bot.html)"
45.117.177.72 - - [08/Sep/2025:19:47:30 +0700] "POST /wp-cron.php?doing_wp_cron=1757335650.5883860588073730468750 HTTP/1.0" 200 416 "-" "WordPress/6.8.1; https://vattusacky.vn"
85.208.98.20 - - [08/Sep/2025:19:47:29 +0700] "GET /secrets-about-bc-game-bonus/ HTTP/1.0" 200 234771 "-" "Mozilla/5.0 (compatible; SemrushBot-BA; +http://www.semrush.com/bot.html)"
45.117.177.72 - - [08/Sep/2025:19:48:39 +0700] "POST /wp-cron.php?doing_wp_cron=1757335719.2220480442047119140625 HTTP/1.0" 200 416 "-" "WordPress/6.8.1; https://vattusacky.vn"
20.171.207.118 - - [08/Sep/2025:19:48:38 +0700] "GET /navigating-omegles-community-tips-for-a-positive-experience/ HTTP/1.0" 200 89283 "-" "Mozilla/5.0 AppleWebKit/537.36 (KHTML, like Gecko; compatible; GPTBot/1.2; +https://openai.com/gptbot)"
89.44.58.112 - - [08/Sep/2025:19:49:09 +0700] "GET /wp-json/wp/v2/posts?slug=/how-you-can-date-delightful-single-latina-women/ HTTP/1.0" 200 183295 "-" "-"
89.44.58.112 - - [08/Sep/2025:19:49:09 +0700] "GET /wp-json/wp/v2/posts?slug=/how-you-can-date-delightful-single-latina-women/ HTTP/1.0" 200 183295 "-" "-"
89.44.58.112 - - [08/Sep/2025:19:49:12 +0700] "POST /wp-comments-post.php HTTP/1.0" 429 3223 "-" "-"
89.44.58.112 - - [08/Sep/2025:19:49:12 +0700] "POST /wp-comments-post.php HTTP/1.0" 302 1149 "-" "-"
45.117.177.72 - - [08/Sep/2025:19:49:21 +0700] "POST /wp-cron.php?doing_wp_cron=1757335761.4571518898010253906250 HTTP/1.0" 200 416 "-" "WordPress/6.8.1; https://vattusacky.vn"
89.44.58.112 - - [08/Sep/2025:19:49:20 +0700] "GET /how-you-can-date-delightful-single-latina-women/?unapproved=1500&moderation-hash=56b8afcab328e859d43493dcbc7e28a8 HTTP/1.0" 200 208543 "-" "-"
20.171.207.118 - - [08/Sep/2025:19:49:49 +0700] "GET /?p=6161 HTTP/1.0" 301 660 "-" "Mozilla/5.0 AppleWebKit/537.36 (KHTML, like Gecko; compatible; GPTBot/1.2; +https://openai.com/gptbot)"
20.171.207.118 - - [08/Sep/2025:19:49:50 +0700] "GET /anonymity-authenticity-and-the-future-of-social-interaction-on-omegle/ HTTP/1.0" 200 78033 "-" "Mozilla/5.0 AppleWebKit/537.36 (KHTML, like Gecko; compatible; GPTBot/1.2; +https://openai.com/gptbot)"
45.117.177.72 - - [08/Sep/2025:19:50:45 +0700] "POST /wp-cron.php?doing_wp_cron=1757335845.5755100250244140625000 HTTP/1.0" 200 416 "-" "WordPress/6.8.1; https://vattusacky.vn"
20.171.207.118 - - [08/Sep/2025:19:50:44 +0700] "GET /?p=8405 HTTP/1.0" 301 504 "-" "Mozilla/5.0 AppleWebKit/537.36 (KHTML, like Gecko; compatible; GPTBot/1.2; +https://openai.com/gptbot)"
20.171.207.118 - - [08/Sep/2025:19:50:46 +0700] "GET /the-educational-potential-of-omegle-learning-from-strangers/ HTTP/1.0" 200 90501 "-" "Mozilla/5.0 AppleWebKit/537.36 (KHTML, like Gecko; compatible; GPTBot/1.2; +https://openai.com/gptbot)"
45.117.177.72 - - [08/Sep/2025:19:51:26 +0700] "POST /wp-cron.php?doing_wp_cron=1757335886.6236429214477539062500 HTTP/1.0" 200 416 "-" "WordPress/6.8.1; https://vattusacky.vn"
20.171.207.118 - - [08/Sep/2025:19:51:25 +0700] "GET /?p=8420 HTTP/1.0" 301 514 "-" "Mozilla/5.0 AppleWebKit/537.36 (KHTML, like Gecko; compatible; GPTBot/1.2; +https://openai.com/gptbot)"
20.171.207.118 - - [08/Sep/2025:19:51:27 +0700] "GET /the-ethical-dilemma-of-anonymity-and-digital-responsibility-on-omegle/ HTTP/1.0" 200 92587 "-" "Mozilla/5.0 AppleWebKit/537.36 (KHTML, like Gecko; compatible; GPTBot/1.2; +https://openai.com/gptbot)"
20.171.207.118 - - [08/Sep/2025:19:51:56 +0700] "GET /?p=7384 HTTP/1.0" 301 509 "-" "Mozilla/5.0 AppleWebKit/537.36 (KHTML, like Gecko; compatible; GPTBot/1.2; +https://openai.com/gptbot)"
20.171.207.118 - - [08/Sep/2025:19:51:58 +0700] "GET /omegle-and-ometv-an-anthropological-study-of-digital-interaction/ HTTP/1.0" 200 93416 "-" "Mozilla/5.0 AppleWebKit/537.36 (KHTML, like Gecko; compatible; GPTBot/1.2; +https://openai.com/gptbot)"
45.117.177.72 - - [08/Sep/2025:19:52:20 +0700] "POST /wp-cron.php?doing_wp_cron=1757335940.0564749240875244140625 HTTP/1.0" 200 416 "-" "WordPress/6.8.1; https://vattusacky.vn"
20.171.207.118 - - [08/Sep/2025:19:52:18 +0700] "GET /the-evolution-of-omegle-collaborative-art-trends-and-future-directions/ HTTP/1.0" 200 92554 "-" "Mozilla/5.0 AppleWebKit/537.36 (KHTML, like Gecko; compatible; GPTBot/1.2; +https://openai.com/gptbot)"
20.171.207.118 - - [08/Sep/2025:19:52:41 +0700] "GET /omegle-trolls-dealing-with-negative-and-inappropriate-users/ HTTP/1.0" 200 92475 "-" "Mozilla/5.0 AppleWebKit/537.36 (KHTML, like Gecko; compatible; GPTBot/1.2; +https://openai.com/gptbot)"
17.241.227.54 - - [08/Sep/2025:19:53:00 +0700] "GET /breaking-cultural-stereotypes-through-omegles-cross-cultural-experiences/ HTTP/1.0" 200 92496 "-" "Mozilla/5.0 (Macintosh; Intel Mac OS X 10_15_7) AppleWebKit/605.1.15 (KHTML, like Gecko) Version/17.4 Safari/605.1.15 (Applebot/0.1; +http://www.apple.com/go/applebot)"
45.117.177.72 - - [08/Sep/2025:19:54:47 +0700] "POST /wp-cron.php?doing_wp_cron=1757336086.8913691043853759765625 HTTP/1.0" 200 416 "-" "WordPress/6.8.1; https://vattusacky.vn"
20.171.207.118 - - [08/Sep/2025:19:54:45 +0700] "GET /the-curiosity-of-omegle-embracing-the-unknown-in-online-conversations/ HTTP/1.0" 200 93137 "-" "Mozilla/5.0 AppleWebKit/537.36 (KHTML, like Gecko; compatible; GPTBot/1.2; +https://openai.com/gptbot)"
45.117.177.72 - - [08/Sep/2025:19:55:33 +0700] "POST /wp-cron.php?doing_wp_cron=1757336133.0664598941802978515625 HTTP/1.0" 200 416 "-" "WordPress/6.8.1; https://vattusacky.vn"
20.171.207.118 - - [08/Sep/2025:19:55:31 +0700] "GET /?p=7240 HTTP/1.0" 301 650 "-" "Mozilla/5.0 AppleWebKit/537.36 (KHTML, like Gecko; compatible; GPTBot/1.2; +https://openai.com/gptbot)"
20.171.207.118 - - [08/Sep/2025:19:55:33 +0700] "GET /navigating-omegles-community-tips-for-a-positive-experience/ HTTP/1.0" 200 89283 "-" "Mozilla/5.0 AppleWebKit/537.36 (KHTML, like Gecko; compatible; GPTBot/1.2; +https://openai.com/gptbot)"
45.117.177.72 - - [08/Sep/2025:19:56:37 +0700] "POST /wp-cron.php?doing_wp_cron=1757336197.7280011177062988281250 HTTP/1.0" 200 416 "-" "WordPress/6.8.1; https://vattusacky.vn"
20.171.207.118 - - [08/Sep/2025:19:56:36 +0700] "GET /omegle-and-self-expression-embracing-individuality-in-a-digital-space/ HTTP/1.0" 200 91217 "-" "Mozilla/5.0 AppleWebKit/537.36 (KHTML, like Gecko; compatible; GPTBot/1.2; +https://openai.com/gptbot)"
20.171.207.118 - - [08/Sep/2025:19:57:08 +0700] "GET /?p=10204 HTTP/1.0" 301 534 "-" "Mozilla/5.0 AppleWebKit/537.36 (KHTML, like Gecko; compatible; GPTBot/1.2; +https://openai.com/gptbot)"
20.171.207.118 - - [08/Sep/2025:19:57:10 +0700] "GET /latina-wimen-one-of-the-most-exhaustive-guide-on-online-dating-irresistible-latina-brides/ HTTP/1.0" 200 98638 "-" "Mozilla/5.0 AppleWebKit/537.36 (KHTML, like Gecko; compatible; GPTBot/1.2; +https://openai.com/gptbot)"
45.117.177.72 - - [08/Sep/2025:19:57:36 +0700] "POST /wp-cron.php?doing_wp_cron=1757336256.3891539573669433593750 HTTP/1.0" 200 416 "-" "WordPress/6.8.1; https://vattusacky.vn"
85.208.96.196 - - [08/Sep/2025:19:57:35 +0700] "GET /bettilt-yeni-adresi-bettilt-185-giri-yeni-adresi/ HTTP/1.0" 200 210715 "-" "Mozilla/5.0 (compatible; SemrushBot/7~bl; +http://www.semrush.com/bot.html)"
20.171.207.118 - - [08/Sep/2025:19:57:36 +0700] "GET /the-impact-of-language-and-cultural-differences-on-online-interactions/ HTTP/1.0" 200 93310 "-" "Mozilla/5.0 AppleWebKit/537.36 (KHTML, like Gecko; compatible; GPTBot/1.2; +https://openai.com/gptbot)"
20.171.207.118 - - [08/Sep/2025:19:58:02 +0700] "GET /understanding-the-importance-of-first-impressions-on-omegle/ HTTP/1.0" 200 90506 "-" "Mozilla/5.0 AppleWebKit/537.36 (KHTML, like Gecko; compatible; GPTBot/1.2; +https://openai.com/gptbot)"
45.117.177.72 - - [08/Sep/2025:19:58:31 +0700] "POST /wp-cron.php?doing_wp_cron=1757336311.6330161094665527343750 HTTP/1.0" 200 416 "-" "WordPress/6.8.1; https://vattusacky.vn"
20.171.207.118 - - [08/Sep/2025:19:58:30 +0700] "GET /talented-individuals-showcasing-skills-on-omegle-and-ometv/ HTTP/1.0" 200 90009 "-" "Mozilla/5.0 AppleWebKit/537.36 (KHTML, like Gecko; compatible; GPTBot/1.2; +https://openai.com/gptbot)"
20.171.207.118 - - [08/Sep/2025:19:58:55 +0700] "GET /the-role-of-personal-boundaries-in-maintaining-authenticity-on-omegle/ HTTP/1.0" 200 91963 "-" "Mozilla/5.0 AppleWebKit/537.36 (KHTML, like Gecko; compatible; GPTBot/1.2; +https://openai.com/gptbot)"
20.171.207.118 - - [08/Sep/2025:19:59:13 +0700] "GET /unlocking-the-secrets-of-omegle-stories-from-anonymous-explorers/ HTTP/1.0" 200 91180 "-" "Mozilla/5.0 AppleWebKit/537.36 (KHTML, like Gecko; compatible; GPTBot/1.2; +https://openai.com/gptbot)"
45.117.177.72 - - [08/Sep/2025:19:59:39 +0700] "POST /wp-cron.php?doing_wp_cron=1757336379.7534909248352050781250 HTTP/1.0" 200 416 "-" "WordPress/6.8.1; https://vattusacky.vn"
20.171.207.118 - - [08/Sep/2025:19:59:38 +0700] "GET /understanding-the-quest-for-authentic-connections-in-omegle/ HTTP/1.0" 200 91162 "-" "Mozilla/5.0 AppleWebKit/537.36 (KHTML, like Gecko; compatible; GPTBot/1.2; +https://openai.com/gptbot)"
20.171.207.118 - - [08/Sep/2025:19:59:48 +0700] "GET /?p=7494 HTTP/1.0" 301 514 "-" "Mozilla/5.0 AppleWebKit/537.36 (KHTML, like Gecko; compatible; GPTBot/1.2; +https://openai.com/gptbot)"
20.171.207.118 - - [08/Sep/2025:19:59:50 +0700] "GET /omegle-and-self-expression-embracing-individuality-in-a-digital-space/ HTTP/1.0" 200 91217 "-" "Mozilla/5.0 AppleWebKit/537.36 (KHTML, like Gecko; compatible; GPTBot/1.2; +https://openai.com/gptbot)"
45.117.177.72 - - [08/Sep/2025:20:01:44 +0700] "POST /wp-cron.php?doing_wp_cron=1757336504.7010180950164794921875 HTTP/1.0" 200 416 "-" "WordPress/6.8.1; https://vattusacky.vn"
20.171.207.118 - - [08/Sep/2025:20:01:43 +0700] "GET /?p=8533 HTTP/1.0" 301 661 "-" "Mozilla/5.0 AppleWebKit/537.36 (KHTML, like Gecko; compatible; GPTBot/1.2; +https://openai.com/gptbot)"
20.171.207.118 - - [08/Sep/2025:20:01:46 +0700] "GET /the-impact-of-language-and-cultural-differences-on-online-interactions/ HTTP/1.0" 200 93310 "-" "Mozilla/5.0 AppleWebKit/537.36 (KHTML, like Gecko; compatible; GPTBot/1.2; +https://openai.com/gptbot)"
152.32.215.244 - - [08/Sep/2025:20:02:39 +0700] "GET / HTTP/1.1" 400 248 "-" "curl/7.29.0"
45.117.177.72 - - [08/Sep/2025:20:02:50 +0700] "POST /wp-cron.php?doing_wp_cron=1757336569.8199489116668701171875 HTTP/1.0" 200 416 "-" "WordPress/6.8.1; https://vattusacky.vn"
152.32.215.244 - - [08/Sep/2025:20:02:48 +0700] "GET / HTTP/1.0" 301 598 "-" "curl/7.29.0"
152.32.128.214 - - [08/Sep/2025:20:02:53 +0700] "GET /favicon.ico HTTP/1.0" 302 667 "-" "Go-http-client/1.1"
152.32.128.214 - - [08/Sep/2025:20:02:55 +0700] "GET /wp-content/uploads/2016/09/cropped-logo-vietnguyen2-32x32.png HTTP/1.0" 200 437 "https://www.vattusacky.vn/favicon.ico" "Go-http-client/1.1"
152.32.128.214 - - [08/Sep/2025:20:02:55 +0700] "GET /robots.txt HTTP/1.0" 301 562 "-" "Go-http-client/1.1"
152.32.128.214 - - [08/Sep/2025:20:02:55 +0700] "GET /sitemap.xml HTTP/1.0" 404 70759 "-" "Go-http-client/1.1"
