20.171.207.118 - - [08/Sep/2025:15:23:15 +0700] "GET /play-online-casino-games-for-free-and-lower-the-risk-of-losing/ HTTP/1.0" 200 206443 "-" "Mozilla/5.0 AppleWebKit/537.36 (KHTML, like Gecko; compatible; GPTBot/1.2; +https://openai.com/gptbot)"
45.117.177.72 - - [08/Sep/2025:15:23:18 +0700] "POST /wp-cron.php?doing_wp_cron=1757319798.3886549472808837890625 HTTP/1.0" 200 416 "-" "WordPress/6.8.1; https://vattusacky.vn"
5.135.131.86 - - [08/Sep/2025:15:23:17 +0700] "GET /danh-muc/co-ba%CC%89n-thi-nghie%CC%A3m/kinh-hien-vi/ HTTP/1.0" 200 60021 "-" "Mozilla/5.0 (compatible; MJ12bot/v1.4.8; http://mj12bot.com/)"
5.135.131.86 - - [08/Sep/2025:15:23:21 +0700] "GET /danh-muc/co-ba%CC%89n-thi-nghie%CC%A3m/lo-nung/ HTTP/1.0" 200 74157 "-" "Mozilla/5.0 (compatible; MJ12bot/v1.4.8; http://mj12bot.com/)"
5.135.131.86 - - [08/Sep/2025:15:23:25 +0700] "GET /danh-muc/co-ba%CC%89n-thi-nghie%CC%A3m/may-cat-nuoc/ HTTP/1.0" 200 60052 "-" "Mozilla/5.0 (compatible; MJ12bot/v1.4.8; http://mj12bot.com/)"
5.135.131.86 - - [08/Sep/2025:15:23:29 +0700] "GET /danh-muc/co-ba%CC%89n-thi-nghie%CC%A3m/may-cay-dia-petri/ HTTP/1.0" 200 60135 "-" "Mozilla/5.0 (compatible; MJ12bot/v1.4.8; http://mj12bot.com/)"
5.135.131.86 - - [08/Sep/2025:15:23:33 +0700] "GET /danh-muc/co-ba%CC%89n-thi-nghie%CC%A3m/may-co-quay-chan-khong/ HTTP/1.0" 200 60218 "-" "Mozilla/5.0 (compatible; MJ12bot/v1.4.8; http://mj12bot.com/)"
5.135.131.86 - - [08/Sep/2025:15:23:37 +0700] "GET /danh-muc/co-ba%CC%89n-thi-nghie%CC%A3m/may-dap-mau-vi-sinh/ HTTP/1.0" 200 60166 "-" "Mozilla/5.0 (compatible; MJ12bot/v1.4.8; http://mj12bot.com/)"
87.250.224.94 - - [08/Sep/2025:15:23:38 +0700] "GET /showcasing-collaborative-creations-omegle-artistrys-hidden-gems/ HTTP/1.0" 200 92226 "-" "Mozilla/5.0 (compatible; YandexBot/3.0; +http://yandex.com/bots)"
5.135.131.86 - - [08/Sep/2025:15:23:40 +0700] "GET /danh-muc/co-ba%CC%89n-thi-nghie%CC%A3m/may-dem-khuan-lac/ HTTP/1.0" 200 60161 "-" "Mozilla/5.0 (compatible; MJ12bot/v1.4.8; http://mj12bot.com/)"
5.135.131.86 - - [08/Sep/2025:15:23:45 +0700] "GET /danh-muc/co-ba%CC%89n-thi-nghie%CC%A3m/may-do-do-nhot/ HTTP/1.0" 200 60100 "-" "Mozilla/5.0 (compatible; MJ12bot/v1.4.8; http://mj12bot.com/)"
5.135.131.86 - - [08/Sep/2025:15:23:49 +0700] "GET /danh-muc/co-ba%CC%89n-thi-nghie%CC%A3m/may-dong-hoa-mau/ HTTP/1.0" 200 100398 "-" "Mozilla/5.0 (compatible; MJ12bot/v1.4.8; http://mj12bot.com/)"
5.135.131.86 - - [08/Sep/2025:15:23:53 +0700] "GET /danh-muc/co-ba%CC%89n-thi-nghie%CC%A3m/may-dong-kho/ HTTP/1.0" 200 60038 "-" "Mozilla/5.0 (compatible; MJ12bot/v1.4.8; http://mj12bot.com/)"
5.135.131.86 - - [08/Sep/2025:15:23:57 +0700] "GET /danh-muc/co-ba%CC%89n-thi-nghie%CC%A3m/may-khuay-dua/ HTTP/1.0" 200 60063 "-" "Mozilla/5.0 (compatible; MJ12bot/v1.4.8; http://mj12bot.com/)"
5.135.131.86 - - [08/Sep/2025:15:24:01 +0700] "GET /danh-muc/co-ba%CC%89n-thi-nghie%CC%A3m/may-khuay-tu-gia-nhiet-va-lam-lanh/ HTTP/1.0" 200 60506 "-" "Mozilla/5.0 (compatible; MJ12bot/v1.4.8; http://mj12bot.com/)"
5.135.131.86 - - [08/Sep/2025:15:24:06 +0700] "GET /danh-muc/co-ba%CC%89n-thi-nghie%CC%A3m/may-lac-lac-vortex/ HTTP/1.0" 200 60196 "-" "Mozilla/5.0 (compatible; MJ12bot/v1.4.8; http://mj12bot.com/)"
5.135.131.86 - - [08/Sep/2025:15:24:10 +0700] "GET /danh-muc/co-ba%CC%89n-thi-nghie%CC%A3m/may-loc-nuoc-sieu-sach/ HTTP/1.0" 200 60263 "-" "Mozilla/5.0 (compatible; MJ12bot/v1.4.8; http://mj12bot.com/)"
45.117.177.72 - - [08/Sep/2025:15:24:17 +0700] "POST /wp-cron.php?doing_wp_cron=1757319857.5865769386291503906250 HTTP/1.0" 200 416 "-" "WordPress/6.8.1; https://vattusacky.vn"
5.135.131.86 - - [08/Sep/2025:15:24:16 +0700] "GET /danh-muc/co-ba%CC%89n-thi-nghie%CC%A3m/may-ly-tam/ HTTP/1.0" 200 59978 "-" "Mozilla/5.0 (compatible; MJ12bot/v1.4.8; http://mj12bot.com/)"
114.23.54.133 - - [08/Sep/2025:15:24:17 +0700] "POST /xmlrpc.php HTTP/1.0" 200 956 "https://vattusacky.vn" "Mozilla/5.0 (Macintosh; Intel Mac OS X 10.15; rv:126.0) Gecko/20100101 Firefox/126.0"
5.135.131.86 - - [08/Sep/2025:15:24:22 +0700] "GET /danh-muc/co-ba%CC%89n-thi-nghie%CC%A3m/may-nghien-ma%CC%83u/ HTTP/1.0" 200 60156 "-" "Mozilla/5.0 (compatible; MJ12bot/v1.4.8; http://mj12bot.com/)"
5.135.131.86 - - [08/Sep/2025:15:24:28 +0700] "GET /danh-muc/co-ba%CC%89n-thi-nghie%CC%A3m/may-pha-loang-mau-trong-luong/ HTTP/1.0" 200 60389 "-" "Mozilla/5.0 (compatible; MJ12bot/v1.4.8; http://mj12bot.com/)"
5.135.131.86 - - [08/Sep/2025:15:24:34 +0700] "GET /danh-muc/co-ba%CC%89n-thi-nghie%CC%A3m/noi-hap-tiet-trung/ HTTP/1.0" 200 96725 "-" "Mozilla/5.0 (compatible; MJ12bot/v1.4.8; http://mj12bot.com/)"
5.135.131.86 - - [08/Sep/2025:15:24:40 +0700] "GET /danh-muc/co-ba%CC%89n-thi-nghie%CC%A3m/page/2/ HTTP/1.0" 200 154607 "-" "Mozilla/5.0 (compatible; MJ12bot/v1.4.8; http://mj12bot.com/)"
5.135.131.86 - - [08/Sep/2025:15:24:46 +0700] "GET /danh-muc/co-ba%CC%89n-thi-nghie%CC%A3m/phan-cu%CC%A3c-ke/ HTTP/1.0" 200 60094 "-" "Mozilla/5.0 (compatible; MJ12bot/v1.4.8; http://mj12bot.com/)"
5.135.131.86 - - [08/Sep/2025:15:24:51 +0700] "GET /danh-muc/co-ba%CC%89n-thi-nghie%CC%A3m/sang-ray/ HTTP/1.0" 200 59938 "-" "Mozilla/5.0 (compatible; MJ12bot/v1.4.8; http://mj12bot.com/)"
5.135.131.86 - - [08/Sep/2025:15:24:55 +0700] "GET /danh-muc/moi-truong-dat/du%CC%A3ng-cu%CC%A3-lay-ma%CC%83u-dat-moi-truong-dat/feed/ HTTP/1.0" 200 1749544 "-" "Mozilla/5.0 (compatible; MJ12bot/v1.4.8; http://mj12bot.com/)"
20.171.207.118 - - [08/Sep/2025:15:25:09 +0700] "GET /receive-an-essay-next-day-tips-for-better-results HTTP/1.0" 301 594 "-" "Mozilla/5.0 AppleWebKit/537.36 (KHTML, like Gecko; compatible; GPTBot/1.2; +https://openai.com/gptbot)"
5.135.131.86 - - [08/Sep/2025:15:25:09 +0700] "GET /danh-muc/phan-tich-thi-nghie%CC%A3m/feed/ HTTP/1.0" 200 1367073 "-" "Mozilla/5.0 (compatible; MJ12bot/v1.4.8; http://mj12bot.com/)"
20.171.207.118 - - [08/Sep/2025:15:25:11 +0700] "GET /receive-an-essay-next-day-tips-for-better-results/ HTTP/1.0" 200 205700 "-" "Mozilla/5.0 AppleWebKit/537.36 (KHTML, like Gecko; compatible; GPTBot/1.2; +https://openai.com/gptbot)"
5.135.131.86 - - [08/Sep/2025:15:25:15 +0700] "GET /danh-muc/phan-tich-thi-nghie%CC%A3m/he-thong-chung-cat-dam-kjeldahl/feed/ HTTP/1.0" 200 1035841 "-" "Mozilla/5.0 (compatible; MJ12bot/v1.4.8; http://mj12bot.com/)"
5.135.131.86 - - [08/Sep/2025:15:25:27 +0700] "GET /danh-muc/phan-tich-thi-nghie%CC%A3m/may-quang-pho-tu-ngoai-kha-kien-uv-vis/feed/ HTTP/1.0" 200 1763203 "-" "Mozilla/5.0 (compatible; MJ12bot/v1.4.8; http://mj12bot.com/)"
5.135.131.86 - - [08/Sep/2025:15:25:34 +0700] "GET /danh-muc/thiet-bi%CC%A3-do-luong/feed/ HTTP/1.0" 200 1612787 "-" "Mozilla/5.0 (compatible; MJ12bot/v1.4.8; http://mj12bot.com/)"
5.135.131.86 - - [08/Sep/2025:15:25:40 +0700] "GET /danh-muc/thiet-bi%CC%A3-do-luong/do-chat-luong-khi-trong-phong-iaq/ HTTP/1.0" 200 60371 "-" "Mozilla/5.0 (compatible; MJ12bot/v1.4.8; http://mj12bot.com/)"
5.135.131.86 - - [08/Sep/2025:15:25:44 +0700] "GET /danh-muc/thiet-bi%CC%A3-do-luong/do-phong-xa-dien-tu-truong/ HTTP/1.0" 200 98160 "-" "Mozilla/5.0 (compatible; MJ12bot/v1.4.8; http://mj12bot.com/)"
5.135.131.86 - - [08/Sep/2025:15:25:47 +0700] "GET /danh-muc/thiet-bi%CC%A3-do-luong/khuc-xa-ke-do-do-man/ HTTP/1.0" 200 60179 "-" "Mozilla/5.0 (compatible; MJ12bot/v1.4.8; http://mj12bot.com/)"
5.135.131.86 - - [08/Sep/2025:15:25:51 +0700] "GET /danh-muc/thiet-bi%CC%A3-do-luong/kiem-tra-bang-hat-tu/ HTTP/1.0" 200 60127 "-" "Mozilla/5.0 (compatible; MJ12bot/v1.4.8; http://mj12bot.com/)"
20.171.207.118 - - [08/Sep/2025:15:25:54 +0700] "GET /producing-a-sample-profile-for-online-dating-site HTTP/1.0" 301 494 "-" "Mozilla/5.0 AppleWebKit/537.36 (KHTML, like Gecko; compatible; GPTBot/1.2; +https://openai.com/gptbot)"
5.135.131.86 - - [08/Sep/2025:15:25:54 +0700] "GET /danh-muc/thiet-bi%CC%A3-do-luong/kiem-tra-khuyet-tat-bang-x-ray/ HTTP/1.0" 200 60307 "-" "Mozilla/5.0 (compatible; MJ12bot/v1.4.8; http://mj12bot.com/)"
20.171.207.118 - - [08/Sep/2025:15:25:56 +0700] "GET /producing-a-sample-profile-for-online-dating-site/ HTTP/1.0" 200 206384 "-" "Mozilla/5.0 AppleWebKit/537.36 (KHTML, like Gecko; compatible; GPTBot/1.2; +https://openai.com/gptbot)"
5.135.131.86 - - [08/Sep/2025:15:25:58 +0700] "GET /danh-muc/thiet-bi%CC%A3-do-luong/kiem-tra-khuyet-tat-sieu-am/ HTTP/1.0" 200 60258 "-" "Mozilla/5.0 (compatible; MJ12bot/v1.4.8; http://mj12bot.com/)"
5.135.131.86 - - [08/Sep/2025:15:26:01 +0700] "GET /danh-muc/thiet-bi%CC%A3-do-luong/may-do-buc-xa-nhiet/ HTTP/1.0" 200 60114 "-" "Mozilla/5.0 (compatible; MJ12bot/v1.4.8; http://mj12bot.com/)"
5.135.131.86 - - [08/Sep/2025:15:26:04 +0700] "GET /danh-muc/thiet-bi%CC%A3-do-luong/may-do-do-bong/ HTTP/1.0" 200 60010 "-" "Mozilla/5.0 (compatible; MJ12bot/v1.4.8; http://mj12bot.com/)"
5.135.131.86 - - [08/Sep/2025:15:26:08 +0700] "GET /danh-muc/thiet-bi%CC%A3-do-luong/may-do-do-cung-cam-tay/ HTTP/1.0" 200 60180 "-" "Mozilla/5.0 (compatible; MJ12bot/v1.4.8; http://mj12bot.com/)"
5.135.131.86 - - [08/Sep/2025:15:26:11 +0700] "GET /danh-muc/thiet-bi%CC%A3-do-luong/may-do-do-day-bang-sieu-am/ HTTP/1.0" 200 60269 "-" "Mozilla/5.0 (compatible; MJ12bot/v1.4.8; http://mj12bot.com/)"
5.135.131.86 - - [08/Sep/2025:15:26:14 +0700] "GET /danh-muc/thiet-bi%CC%A3-do-luong/may-do-do-day-lop-phu/ HTTP/1.0" 200 60174 "-" "Mozilla/5.0 (compatible; MJ12bot/v1.4.8; http://mj12bot.com/)"
45.117.177.72 - - [08/Sep/2025:15:26:19 +0700] "POST /wp-cron.php?doing_wp_cron=1757319978.9016449451446533203125 HTTP/1.0" 200 416 "-" "WordPress/6.8.1; https://vattusacky.vn"
5.135.131.86 - - [08/Sep/2025:15:26:17 +0700] "GET /danh-muc/thiet-bi%CC%A3-do-luong/may-do-do-nham-be-mat/ HTTP/1.0" 200 60174 "-" "Mozilla/5.0 (compatible; MJ12bot/v1.4.8; http://mj12bot.com/)"
5.135.131.86 - - [08/Sep/2025:15:26:21 +0700] "GET /danh-muc/thiet-bi%CC%A3-do-luong/may-do-do-on/ HTTP/1.0" 200 110024 "-" "Mozilla/5.0 (compatible; MJ12bot/v1.4.8; http://mj12bot.com/)"
5.135.131.86 - - [08/Sep/2025:15:26:24 +0700] "GET /danh-muc/thiet-bi%CC%A3-do-luong/may-do-do-rung/ HTTP/1.0" 200 74665 "-" "Mozilla/5.0 (compatible; MJ12bot/v1.4.8; http://mj12bot.com/)"
34.231.159.9 - - [08/Sep/2025:15:26:26 +0700] "POST /xmlrpc.php HTTP/1.0" 200 956 "https://vattusacky.vn" "Mozilla/5.0 (Macintosh; Intel Mac OS X 10_15_7; rv:129.0) Gecko/20100101 Firefox/129.0"
5.135.131.86 - - [08/Sep/2025:15:26:28 +0700] "GET /danh-muc/thiet-bi%CC%A3-do-luong/may-do-khuyet-tat-lop-son/ HTTP/1.0" 200 60234 "-" "Mozilla/5.0 (compatible; MJ12bot/v1.4.8; http://mj12bot.com/)"
5.135.131.86 - - [08/Sep/2025:15:26:31 +0700] "GET /danh-muc/thiet-bi%CC%A3-do-luong/may-do-kiem-tra-do-cung/ HTTP/1.0" 200 60233 "-" "Mozilla/5.0 (compatible; MJ12bot/v1.4.8; http://mj12bot.com/)"
20.171.207.118 - - [08/Sep/2025:15:26:31 +0700] "GET /xac-dinh-tien-do-https-vaysite-com-nguoi-cho-vay-findo-quy-nhanh-nhat-cung/ HTTP/1.0" 200 210622 "-" "Mozilla/5.0 AppleWebKit/537.36 (KHTML, like Gecko; compatible; GPTBot/1.2; +https://openai.com/gptbot)"
5.135.131.86 - - [08/Sep/2025:15:26:35 +0700] "GET /danh-muc/thiet-bi%CC%A3-do-luong/may-do-nhiet-do-do-am/ HTTP/1.0" 200 69476 "-" "Mozilla/5.0 (compatible; MJ12bot/v1.4.8; http://mj12bot.com/)"
5.135.131.86 - - [08/Sep/2025:15:26:39 +0700] "GET /danh-muc/thiet-bi%CC%A3-do-luong/may-do-toc-do-gio/ HTTP/1.0" 200 60083 "-" "Mozilla/5.0 (compatible; MJ12bot/v1.4.8; http://mj12bot.com/)"
5.135.131.86 - - [08/Sep/2025:15:26:43 +0700] "GET /danh-muc/thiet-bi%CC%A3-do-luong/may-do-vi-khi-hau/ HTTP/1.0" 200 60052 "-" "Mozilla/5.0 (compatible; MJ12bot/v1.4.8; http://mj12bot.com/)"
5.135.131.86 - - [08/Sep/2025:15:26:48 +0700] "GET /danh-muc/thiet-bi%CC%A3-do-luong/nhiet-ke-hong-ngoai/ HTTP/1.0" 200 60109 "-" "Mozilla/5.0 (compatible; MJ12bot/v1.4.8; http://mj12bot.com/)"
5.135.131.86 - - [08/Sep/2025:15:26:54 +0700] "GET /danh-muc/thiet-bi%CC%A3-do-luong/sung-ban-be-tong-sung-bat-nay/ HTTP/1.0" 200 60353 "-" "Mozilla/5.0 (compatible; MJ12bot/v1.4.8; http://mj12bot.com/)"
5.135.131.86 - - [08/Sep/2025:15:26:58 +0700] "GET /indikatory-billa-vil%D1%8Cjamsa-indikatory-indikatory-i/ HTTP/1.0" 200 261954 "-" "Mozilla/5.0 (compatible; MJ12bot/v1.4.8; http://mj12bot.com/)"
185.191.171.14 - - [08/Sep/2025:15:27:03 +0700] "GET /888-nj-on-line-casino-13/ HTTP/1.0" 200 230212 "-" "Mozilla/5.0 (compatible; SemrushBot/7~bl; +http://www.semrush.com/bot.html)"
20.171.207.118 - - [08/Sep/2025:15:27:05 +0700] "GET /how-to-win-when-you-can-play-online-for-free-casino-games/ HTTP/1.0" 200 207364 "-" "Mozilla/5.0 AppleWebKit/537.36 (KHTML, like Gecko; compatible; GPTBot/1.2; +https://openai.com/gptbot)"
5.135.131.86 - - [08/Sep/2025:15:27:06 +0700] "GET /kak-snjat%D1%8C-den%D1%8Cgi-s-vklada-v-sberbanke-i-mozhno-li/ HTTP/1.0" 200 232634 "-" "Mozilla/5.0 (compatible; MJ12bot/v1.4.8; http://mj12bot.com/)"
5.135.131.86 - - [08/Sep/2025:15:27:10 +0700] "GET /kak-sozdat%D1%8C-ideal%D1%8Cnoe-cv-dlja-it-specialista/ HTTP/1.0" 200 351624 "-" "Mozilla/5.0 (compatible; MJ12bot/v1.4.8; http://mj12bot.com/)"
45.117.177.72 - - [08/Sep/2025:15:27:18 +0700] "POST /wp-cron.php?doing_wp_cron=1757320038.2530210018157958984375 HTTP/1.0" 200 416 "-" "WordPress/6.8.1; https://vattusacky.vn"
5.135.131.86 - - [08/Sep/2025:15:27:17 +0700] "GET /ll-codigo-promocional-1xbet-%EF%B8%8F-bono-de-bienvenida-1xbet-2023-17/ HTTP/1.0" 200 88859 "-" "Mozilla/5.0 (compatible; MJ12bot/v1.4.8; http://mj12bot.com/)"
5.135.131.86 - - [08/Sep/2025:15:27:20 +0700] "GET /missija-kompanii-kak-ejo-sozdat%D1%8C-primery-izvestnyh/ HTTP/1.0" 200 282739 "-" "Mozilla/5.0 (compatible; MJ12bot/v1.4.8; http://mj12bot.com/)"
5.135.131.86 - - [08/Sep/2025:15:27:25 +0700] "GET /mobil%D1%8Cnye-kriptokoshel%D1%8Cki-top-10-luchshih/ HTTP/1.0" 200 216618 "-" "Mozilla/5.0 (compatible; MJ12bot/v1.4.8; http://mj12bot.com/)"
5.135.131.86 - - [08/Sep/2025:15:27:28 +0700] "GET /refused-by-every-lady-tips-change-situations-arounda%C2%80%C2%A6/ HTTP/1.0" 200 211636 "-" "Mozilla/5.0 (compatible; MJ12bot/v1.4.8; http://mj12bot.com/)"
5.135.131.86 - - [08/Sep/2025:15:27:32 +0700] "GET /san-pham/bo-dung-cu-lay-mau-dat-2%C2%BC-co-ky-hieu-signature-soil-sampler-kit/ HTTP/1.0" 200 329817 "-" "Mozilla/5.0 (compatible; MJ12bot/v1.4.8; http://mj12bot.com/)"
5.135.131.86 - - [08/Sep/2025:15:27:36 +0700] "GET /san-pham/bo-dung-cu-lay-mau-dat-3%C2%BC-soil-sampler-kit/ HTTP/1.0" 200 329148 "-" "Mozilla/5.0 (compatible; MJ12bot/v1.4.8; http://mj12bot.com/)"
5.135.131.86 - - [08/Sep/2025:15:27:39 +0700] "GET /san-pham/thiet-bi-lay-mau-bui-pm10-pm2-5-pm1-0-1-5-%C3%B7-5-5-m3h/ HTTP/1.0" 200 516796 "-" "Mozilla/5.0 (compatible; MJ12bot/v1.4.8; http://mj12bot.com/)"
5.135.131.86 - - [08/Sep/2025:15:27:44 +0700] "GET /san-pham/thiet-bi-lay-mau-bui-pm10-pm2-5-pm1-0-1-5-%C3%B7-5-5-m3h-2/ HTTP/1.0" 200 509108 "-" "Mozilla/5.0 (compatible; MJ12bot/v1.4.8; http://mj12bot.com/)"
5.135.131.86 - - [08/Sep/2025:15:27:48 +0700] "GET /skil%D1%8Cki-zarobljae-programist-v-ukraini/ HTTP/1.0" 200 180216 "-" "Mozilla/5.0 (compatible; MJ12bot/v1.4.8; http://mj12bot.com/)"
5.135.131.86 - - [08/Sep/2025:15:27:52 +0700] "GET /svechnye-patterny-kak-povysit%D1%8C-tochnost%D1%8C-svechnyh/ HTTP/1.0" 200 228241 "-" "Mozilla/5.0 (compatible; MJ12bot/v1.4.8; http://mj12bot.com/)"
20.171.207.118 - - [08/Sep/2025:15:27:54 +0700] "GET /drip-casino-igraj-na-aktualnom-zerkale-kazino/ HTTP/1.0" 200 222848 "-" "Mozilla/5.0 AppleWebKit/537.36 (KHTML, like Gecko; compatible; GPTBot/1.2; +https://openai.com/gptbot)"
5.135.131.86 - - [08/Sep/2025:15:27:56 +0700] "GET /trader-perevod-na-russkij-slovar%D1%8C-ital%D1%8Cjanskij/ HTTP/1.0" 200 227964 "-" "Mozilla/5.0 (compatible; MJ12bot/v1.4.8; http://mj12bot.com/)"
5.135.131.86 - - [08/Sep/2025:15:27:59 +0700] "GET /%D0%B0%D0%BF%D0%BF%D0%B0%D1%80%D0%B0%D1%82-%D1%81-%D0%B2%D1%8B%D0%B4%D0%B0%D1%87%D0%B5%D0%B9-%D0%BF%D1%80%D0%B8%D0%B7%D0%BE%D0%B2-lucky-streak-unis-%D0%BA%D0%B8%D1%82%D0%B0%D0%B9-%D0%BA%D1%83%D0%BF/ HTTP/1.0" 200 224772 "-" "Mozilla/5.0 (compatible; MJ12bot/v1.4.8; http://mj12bot.com/)"
5.135.131.86 - - [08/Sep/2025:15:28:03 +0700] "GET /%D0%BF%D1%80%D0%BE%D0%B5%D0%BA%D1%82%D1%8B-%D0%B4%D0%B5%D1%80%D0%B5%D0%B2%D1%8F%D0%BD%D0%BD%D1%8B%D1%85-%D0%B4%D0%BE%D0%BC%D0%BE%D0%B2-%D0%B7%D0%B0%D0%B3%D0%BE%D1%80%D0%BE%D0%B4%D0%BD%D1%8B%D0%B5/ HTTP/1.0" 200 167031 "-" "Mozilla/5.0 (compatible; MJ12bot/v1.4.8; http://mj12bot.com/)"
5.135.131.86 - - [08/Sep/2025:15:28:07 +0700] "GET /%D1%81%D0%BA%D0%B0%D1%87%D0%B0%D1%82%D1%8C-1xbet-kz-%D0%BC%D0%BE%D0%B1%D0%B8%D0%BB%D1%8C%D0%BD%D0%B0%D1%8F-%D0%B2%D0%B5%D1%80%D1%81%D0%B8%D1%8F-1%D1%85%D0%B1%D0%B5%D1%82-%D0%BD%D0%B0-%D0%B0%D0%BD/ HTTP/1.0" 200 114086 "-" "Mozilla/5.0 (compatible; MJ12bot/v1.4.8; http://mj12bot.com/)"
5.135.131.86 - - [08/Sep/2025:15:28:10 +0700] "GET /%F0%9F%8E%B0-situs-slot-hari-ini-terbaik-terpercaya-2025-gampang-menang-besar-selalu-update-game-terbaru/ HTTP/1.0" 200 70119 "-" "Mozilla/5.0 (compatible; MJ12bot/v1.4.8; http://mj12bot.com/)"
45.117.177.72 - - [08/Sep/2025:15:28:22 +0700] "POST /wp-cron.php?doing_wp_cron=1757320102.8526790142059326171875 HTTP/1.0" 200 416 "-" "WordPress/6.8.1; https://vattusacky.vn"
20.171.207.118 - - [08/Sep/2025:15:28:21 +0700] "GET /finding-a-good-absolutely-free-foreign-wedding-brides-site/ HTTP/1.0" 200 205659 "-" "Mozilla/5.0 AppleWebKit/537.36 (KHTML, like Gecko; compatible; GPTBot/1.2; +https://openai.com/gptbot)"
162.240.101.166 - - [08/Sep/2025:15:28:36 +0700] "POST /xmlrpc.php HTTP/1.0" 200 956 "https://vattusacky.vn" "Mozilla/5.0 (Windows NT 10.0; Win64; x64) AppleWebKit/537.36 (KHTML, like Gecko) Chrome/115.0.5790.102 Safari/537.36"
20.171.207.118 - - [08/Sep/2025:15:28:39 +0700] "GET /how-to-spot-a-reliable-online-source-for-anabolic/ HTTP/1.0" 200 79772 "-" "Mozilla/5.0 AppleWebKit/537.36 (KHTML, like Gecko; compatible; GPTBot/1.2; +https://openai.com/gptbot)"
20.171.207.118 - - [08/Sep/2025:15:29:00 +0700] "GET /how-to-increase-your-free-cash-in-online-casinos HTTP/1.0" 301 447 "-" "Mozilla/5.0 AppleWebKit/537.36 (KHTML, like Gecko; compatible; GPTBot/1.2; +https://openai.com/gptbot)"
20.171.207.118 - - [08/Sep/2025:15:29:01 +0700] "GET /how-to-increase-your-free-cash-in-online-casinos/ HTTP/1.0" 200 73478 "-" "Mozilla/5.0 AppleWebKit/537.36 (KHTML, like Gecko; compatible; GPTBot/1.2; +https://openai.com/gptbot)"
45.117.177.72 - - [08/Sep/2025:15:29:20 +0700] "POST /wp-cron.php?doing_wp_cron=1757320160.7645139694213867187500 HTTP/1.0" 200 416 "-" "WordPress/6.8.1; https://vattusacky.vn"
20.171.207.118 - - [08/Sep/2025:15:29:19 +0700] "GET /canl-slot-siteleri-handikap-canl-bahis-nedir-nasl/ HTTP/1.0" 200 267522 "-" "Mozilla/5.0 AppleWebKit/537.36 (KHTML, like Gecko; compatible; GPTBot/1.2; +https://openai.com/gptbot)"
20.171.207.118 - - [08/Sep/2025:15:29:30 +0700] "GET /how-to-find-the-best-adult-cam-to-cam-sites HTTP/1.0" 301 488 "-" "Mozilla/5.0 AppleWebKit/537.36 (KHTML, like Gecko; compatible; GPTBot/1.2; +https://openai.com/gptbot)"
20.171.207.118 - - [08/Sep/2025:15:29:31 +0700] "GET /how-to-find-the-best-adult-cam-to-cam-sites/ HTTP/1.0" 200 208148 "-" "Mozilla/5.0 AppleWebKit/537.36 (KHTML, like Gecko; compatible; GPTBot/1.2; +https://openai.com/gptbot)"
20.171.207.118 - - [08/Sep/2025:15:29:46 +0700] "GET /findo-progress-cai-vaygap-tien-te-bao-co-su-khac-biet/ HTTP/1.0" 200 207266 "-" "Mozilla/5.0 AppleWebKit/537.36 (KHTML, like Gecko; compatible; GPTBot/1.2; +https://openai.com/gptbot)"
85.208.98.23 - - [08/Sep/2025:15:29:52 +0700] "GET /robots.txt HTTP/1.0" 200 984 "http://vattusacky.vn/robots.txt" "Mozilla/5.0 (compatible; SemrushBot-BA; +http://www.semrush.com/bot.html)"
20.171.207.118 - - [08/Sep/2025:15:30:04 +0700] "GET /online-slots-why-you-should-have-a-look-a-look/ HTTP/1.0" 200 74077 "-" "Mozilla/5.0 AppleWebKit/537.36 (KHTML, like Gecko; compatible; GPTBot/1.2; +https://openai.com/gptbot)"
45.117.177.72 - - [08/Sep/2025:15:30:17 +0700] "POST /wp-cron.php?doing_wp_cron=1757320217.6832830905914306640625 HTTP/1.0" 200 416 "-" "WordPress/6.8.1; https://vattusacky.vn"
85.208.98.24 - - [08/Sep/2025:15:30:16 +0700] "GET /exactly-where-is-best-place-to-meet-women/ HTTP/1.0" 200 209059 "-" "Mozilla/5.0 (compatible; SemrushBot-BA; +http://www.semrush.com/bot.html)"
20.171.207.118 - - [08/Sep/2025:15:30:53 +0700] "GET /how-to-hire-the-best-term-paper-writer-for-your-research-paper HTTP/1.0" 301 607 "-" "Mozilla/5.0 AppleWebKit/537.36 (KHTML, like Gecko; compatible; GPTBot/1.2; +https://openai.com/gptbot)"
20.171.207.118 - - [08/Sep/2025:15:30:54 +0700] "GET /how-to-hire-the-best-term-paper-writer-for-your-research-paper/ HTTP/1.0" 200 206947 "-" "Mozilla/5.0 AppleWebKit/537.36 (KHTML, like Gecko; compatible; GPTBot/1.2; +https://openai.com/gptbot)"
45.117.177.72 - - [08/Sep/2025:15:31:51 +0700] "POST /wp-cron.php?doing_wp_cron=1757320311.4325189590454101562500 HTTP/1.0" 200 416 "-" "WordPress/6.8.1; https://vattusacky.vn"
20.171.207.118 - - [08/Sep/2025:15:31:50 +0700] "GET /essay-writing-made-easy-learn-how-to-write-an-essay-online HTTP/1.0" 301 457 "-" "Mozilla/5.0 AppleWebKit/537.36 (KHTML, like Gecko; compatible; GPTBot/1.2; +https://openai.com/gptbot)"
20.171.207.118 - - [08/Sep/2025:15:31:53 +0700] "GET /essay-writing-made-easy-learn-how-to-write-an-essay-online/ HTTP/1.0" 200 206538 "-" "Mozilla/5.0 AppleWebKit/537.36 (KHTML, like Gecko; compatible; GPTBot/1.2; +https://openai.com/gptbot)"
20.171.207.118 - - [08/Sep/2025:15:32:05 +0700] "GET /free-slot-machines-get-the-top-known-slots-online HTTP/1.0" 301 448 "-" "Mozilla/5.0 AppleWebKit/537.36 (KHTML, like Gecko; compatible; GPTBot/1.2; +https://openai.com/gptbot)"
20.171.207.118 - - [08/Sep/2025:15:32:06 +0700] "GET /free-slot-machines-get-the-top-known-slots-online/ HTTP/1.0" 200 208323 "-" "Mozilla/5.0 AppleWebKit/537.36 (KHTML, like Gecko; compatible; GPTBot/1.2; +https://openai.com/gptbot)"
52.167.144.146 - - [08/Sep/2025:15:32:08 +0700] "GET /the-influence-of-social-norms-on-anonymity-and-authenticity-on-omegle/feed/ HTTP/1.0" 200 1804 "-" "Mozilla/5.0 AppleWebKit/537.36 (KHTML, like Gecko; compatible; bingbot/2.0; +http://www.bing.com/bingbot.htm) Chrome/116.0.1938.76 Safari/537.36"
45.117.177.72 - - [08/Sep/2025:15:32:19 +0700] "POST /wp-cron.php?doing_wp_cron=1757320339.0135529041290283203125 HTTP/1.0" 200 416 "-" "WordPress/6.8.1; https://vattusacky.vn"
20.171.207.118 - - [08/Sep/2025:15:32:17 +0700] "GET /?p=2618 HTTP/1.0" 301 519 "-" "Mozilla/5.0 AppleWebKit/537.36 (KHTML, like Gecko; compatible; GPTBot/1.2; +https://openai.com/gptbot)"
20.171.207.118 - - [08/Sep/2025:15:32:19 +0700] "GET /xac-dinh-tien-do-https-vaysite-com-nguoi-cho-vay-findo-quy-nhanh-nhat-cung/ HTTP/1.0" 200 210622 "-" "Mozilla/5.0 AppleWebKit/537.36 (KHTML, like Gecko; compatible; GPTBot/1.2; +https://openai.com/gptbot)"
20.171.207.118 - - [08/Sep/2025:15:32:39 +0700] "GET /?p=10627 HTTP/1.0" 301 445 "-" "Mozilla/5.0 AppleWebKit/537.36 (KHTML, like Gecko; compatible; GPTBot/1.2; +https://openai.com/gptbot)"
20.171.207.118 - - [08/Sep/2025:15:32:40 +0700] "GET /online-slots-why-you-should-have-a-look-a-look/ HTTP/1.0" 200 74077 "-" "Mozilla/5.0 AppleWebKit/537.36 (KHTML, like Gecko; compatible; GPTBot/1.2; +https://openai.com/gptbot)"
58.252.14.108 - - [08/Sep/2025:15:32:54 +0700] "GET /pin-ap-opustimsya-v-mir-azarta-i-razvlecheniy-sredi-peredovykh-saytov-dlya-igry-na-realnye-dengi-i-pari-s-ispolzovaniem-depozita-i-bonusov/ HTTP/1.0" 200 117644 "-" "Mozilla/5.0 (Windows NT 10.0; Win64; x64) AppleWebKit/537.36 (KHTML, like Gecko) Chrome/91.0.4472.124 Safari/537.36"
209.38.229.30 - - [08/Sep/2025:15:32:57 +0700] "POST /xmlrpc.php HTTP/1.0" 200 956 "https://vattusacky.vn" "Mozilla/5.0 (Macintosh; Intel Mac OS X 10_15_7; rv:126.0) Gecko/20100101 Firefox/126.0"
20.171.207.118 - - [08/Sep/2025:15:33:00 +0700] "GET /?p=3011 HTTP/1.0" 301 456 "-" "Mozilla/5.0 AppleWebKit/537.36 (KHTML, like Gecko; compatible; GPTBot/1.2; +https://openai.com/gptbot)"
20.171.207.118 - - [08/Sep/2025:15:33:01 +0700] "GET /how-to-win-when-you-can-play-online-for-free-casino-games/ HTTP/1.0" 200 207364 "-" "Mozilla/5.0 AppleWebKit/537.36 (KHTML, like Gecko; compatible; GPTBot/1.2; +https://openai.com/gptbot)"
45.117.177.72 - - [08/Sep/2025:15:33:20 +0700] "POST /wp-cron.php?doing_wp_cron=1757320399.7252819538116455078125 HTTP/1.0" 200 416 "-" "WordPress/6.8.1; https://vattusacky.vn"
20.171.207.118 - - [08/Sep/2025:15:33:18 +0700] "GET /?p=2230 HTTP/1.0" 301 494 "-" "Mozilla/5.0 AppleWebKit/537.36 (KHTML, like Gecko; compatible; GPTBot/1.2; +https://openai.com/gptbot)"
20.171.207.118 - - [08/Sep/2025:15:33:20 +0700] "GET /canl-slot-siteleri-handikap-canl-bahis-nedir-nasl/ HTTP/1.0" 200 267522 "-" "Mozilla/5.0 AppleWebKit/537.36 (KHTML, like Gecko; compatible; GPTBot/1.2; +https://openai.com/gptbot)"
20.171.207.118 - - [08/Sep/2025:15:33:39 +0700] "GET /?p=2294 HTTP/1.0" 301 498 "-" "Mozilla/5.0 AppleWebKit/537.36 (KHTML, like Gecko; compatible; GPTBot/1.2; +https://openai.com/gptbot)"
20.171.207.118 - - [08/Sep/2025:15:33:43 +0700] "GET /findo-progress-cai-vaygap-tien-te-bao-co-su-khac-biet/ HTTP/1.0" 200 207266 "-" "Mozilla/5.0 AppleWebKit/537.36 (KHTML, like Gecko; compatible; GPTBot/1.2; +https://openai.com/gptbot)"
20.171.207.118 - - [08/Sep/2025:15:33:55 +0700] "GET /how-to-spot-a-reliable-online-source-for-anabolic HTTP/1.0" 301 494 "-" "Mozilla/5.0 AppleWebKit/537.36 (KHTML, like Gecko; compatible; GPTBot/1.2; +https://openai.com/gptbot)"
20.171.207.118 - - [08/Sep/2025:15:33:56 +0700] "GET /how-to-spot-a-reliable-online-source-for-anabolic/ HTTP/1.0" 200 79772 "-" "Mozilla/5.0 AppleWebKit/537.36 (KHTML, like Gecko; compatible; GPTBot/1.2; +https://openai.com/gptbot)"
52.167.144.146 - - [08/Sep/2025:15:34:05 +0700] "GET /wp-content/uploads/2019/03/gau-ponar-06x06cm.jpg HTTP/1.0" 200 425 "-" "Mozilla/5.0 AppleWebKit/537.36 (KHTML, like Gecko; compatible; bingbot/2.0; +http://www.bing.com/bingbot.htm) Chrome/116.0.1938.76 Safari/537.36"
52.167.144.146 - - [08/Sep/2025:15:34:05 +0700] "GET /wp-content/uploads/2019/03/gau-ponar-06x06cm.jpg HTTP/2.0" 200 61213 "-" "Mozilla/5.0 AppleWebKit/537.36 (KHTML, like Gecko; compatible; bingbot/2.0; +http://www.bing.com/bingbot.htm) Chrome/116.0.1938.76 Safari/537.36"
45.117.177.72 - - [08/Sep/2025:15:34:40 +0700] "POST /wp-cron.php?doing_wp_cron=1757320479.9818520545959472656250 HTTP/1.0" 200 416 "-" "WordPress/6.8.1; https://vattusacky.vn"
20.171.207.118 - - [08/Sep/2025:15:34:38 +0700] "GET /figuring-out-what-you-want-the-relationship-to-look-like/ HTTP/1.0" 200 208409 "-" "Mozilla/5.0 AppleWebKit/537.36 (KHTML, like Gecko; compatible; GPTBot/1.2; +https://openai.com/gptbot)"
18.139.65.20 - - [08/Sep/2025:15:35:03 +0700] "POST /xmlrpc.php HTTP/1.0" 200 956 "https://vattusacky.vn" "Mozilla/5.0 (Windows NT 10.0; Win64; x64) AppleWebKit/537.36 (KHTML, like Gecko) Chrome/114.0.5735.134 Safari/537.36"
20.171.207.118 - - [08/Sep/2025:15:35:07 +0700] "GET /dont-be-fooled-by-best-online-betting-sites-singapore/ HTTP/1.0" 200 226153 "-" "Mozilla/5.0 AppleWebKit/537.36 (KHTML, like Gecko; compatible; GPTBot/1.2; +https://openai.com/gptbot)"
45.117.177.72 - - [08/Sep/2025:15:35:53 +0700] "POST /wp-cron.php?doing_wp_cron=1757320553.2198390960693359375000 HTTP/1.0" 200 416 "-" "WordPress/6.8.1; https://vattusacky.vn"
20.171.207.118 - - [08/Sep/2025:15:35:51 +0700] "GET /meet-argentinian-mail-order-brides-for-marriage-and-love/ HTTP/1.0" 200 210677 "-" "Mozilla/5.0 AppleWebKit/537.36 (KHTML, like Gecko; compatible; GPTBot/1.2; +https://openai.com/gptbot)"
45.117.177.72 - - [08/Sep/2025:15:36:24 +0700] "POST /wp-cron.php?doing_wp_cron=1757320584.5184669494628906250000 HTTP/1.0" 200 416 "-" "WordPress/6.8.1; https://vattusacky.vn"
20.171.207.118 - - [08/Sep/2025:15:36:23 +0700] "GET /how-to-find-a-wedding-dress-thats-right-suitable-for-you/ HTTP/1.0" 200 208965 "-" "Mozilla/5.0 AppleWebKit/537.36 (KHTML, like Gecko; compatible; GPTBot/1.2; +https://openai.com/gptbot)"
216.73.216.162 - - [08/Sep/2025:15:36:43 +0700] "GET /robots.txt HTTP/1.0" 200 984 "-" "Mozilla/5.0 AppleWebKit/537.36 (KHTML, like Gecko; compatible; ClaudeBot/1.0; +claudebot@anthropic.com)"
216.73.216.162 - - [08/Sep/2025:15:36:45 +0700] "GET /comprehending-the-relationship-among-culture-and-relationships HTTP/1.0" 301 507 "-" "Mozilla/5.0 AppleWebKit/537.36 (KHTML, like Gecko; compatible; ClaudeBot/1.0; +claudebot@anthropic.com)"
216.73.216.162 - - [08/Sep/2025:15:36:45 +0700] "GET /deepening-conversations-strategies-for-moving-beyond-small-talk-on-omegle HTTP/1.0" 301 518 "-" "Mozilla/5.0 AppleWebKit/537.36 (KHTML, like Gecko; compatible; ClaudeBot/1.0; +claudebot@anthropic.com)"
216.73.216.162 - - [08/Sep/2025:15:36:46 +0700] "GET /comprehending-the-relationship-among-culture-and-relationships/ HTTP/1.0" 200 208950 "https://vattusacky.vn/comprehending-the-relationship-among-culture-and-relationships" "Mozilla/5.0 AppleWebKit/537.36 (KHTML, like Gecko; compatible; ClaudeBot/1.0; +claudebot@anthropic.com)"
216.73.216.162 - - [08/Sep/2025:15:36:47 +0700] "GET /deepening-conversations-strategies-for-moving-beyond-small-talk-on-omegle/ HTTP/1.0" 200 92679 "https://vattusacky.vn/deepening-conversations-strategies-for-moving-beyond-small-talk-on-omegle" "Mozilla/5.0 AppleWebKit/537.36 (KHTML, like Gecko; compatible; ClaudeBot/1.0; +claudebot@anthropic.com)"
20.171.207.118 - - [08/Sep/2025:15:36:47 +0700] "GET /online-dating-services-questions-to-request-a-guy/ HTTP/1.0" 200 208486 "-" "Mozilla/5.0 AppleWebKit/537.36 (KHTML, like Gecko; compatible; GPTBot/1.2; +https://openai.com/gptbot)"
203.209.212.46 - - [08/Sep/2025:15:37:12 +0700] "POST /xmlrpc.php HTTP/1.0" 200 956 "https://vattusacky.vn" "Mozilla/5.0 (Macintosh; Intel Mac OS X 13_3) AppleWebKit/537.36 (KHTML, like Gecko) Chrome/126.0.0.0 Safari/537.36"
45.117.177.72 - - [08/Sep/2025:15:37:27 +0700] "POST /wp-cron.php?doing_wp_cron=1757320647.5703639984130859375000 HTTP/1.0" 200 416 "-" "WordPress/6.8.1; https://vattusacky.vn"
20.171.207.118 - - [08/Sep/2025:15:37:26 +0700] "GET /is-definitely-dating-a-splenda-daddy-right-for-you/ HTTP/1.0" 200 205672 "-" "Mozilla/5.0 AppleWebKit/537.36 (KHTML, like Gecko; compatible; GPTBot/1.2; +https://openai.com/gptbot)"
20.171.207.118 - - [08/Sep/2025:15:37:51 +0700] "GET /benefits-of-connecting-with-others-on-omegle-and-ometv/ HTTP/1.0" 200 94011 "-" "Mozilla/5.0 AppleWebKit/537.36 (KHTML, like Gecko; compatible; GPTBot/1.2; +https://openai.com/gptbot)"
45.117.177.72 - - [08/Sep/2025:15:38:26 +0700] "POST /wp-cron.php?doing_wp_cron=1757320705.8982629776000976562500 HTTP/1.0" 200 416 "-" "WordPress/6.8.1; https://vattusacky.vn"
20.171.207.118 - - [08/Sep/2025:15:38:24 +0700] "GET /what-are-the-fundamentals-of-a-no-deposit-casino/ HTTP/1.0" 200 206803 "-" "Mozilla/5.0 AppleWebKit/537.36 (KHTML, like Gecko; compatible; GPTBot/1.2; +https://openai.com/gptbot)"
45.117.177.72 - - [08/Sep/2025:15:38:52 +0700] "POST /wp-cron.php?doing_wp_cron=1757320731.8223299980163574218750 HTTP/1.0" 200 416 "-" "WordPress/6.8.1; https://vattusacky.vn"
216.73.216.162 - - [08/Sep/2025:15:38:50 +0700] "GET /defying-societal-stigmas-embracing-non-traditional-relationships-on-omegle/feed HTTP/1.0" 301 768 "-" "Mozilla/5.0 AppleWebKit/537.36 (KHTML, like Gecko; compatible; ClaudeBot/1.0; +claudebot@anthropic.com)"
216.73.216.162 - - [08/Sep/2025:15:38:52 +0700] "GET /defying-societal-stigmas-embracing-non-traditional-relationships-on-omegle/feed/ HTTP/1.0" 200 1673 "https://vattusacky.vn/defying-societal-stigmas-embracing-non-traditional-relationships-on-omegle/feed" "Mozilla/5.0 AppleWebKit/537.36 (KHTML, like Gecko; compatible; ClaudeBot/1.0; +claudebot@anthropic.com)"
20.171.207.118 - - [08/Sep/2025:15:38:57 +0700] "GET /play-mega-mallah-slot-machines-enhance-your-slots/ HTTP/1.0" 200 207366 "-" "Mozilla/5.0 AppleWebKit/537.36 (KHTML, like Gecko; compatible; GPTBot/1.2; +https://openai.com/gptbot)"
185.191.171.14 - - [08/Sep/2025:15:39:09 +0700] "GET /robots.txt HTTP/1.0" 200 984 "-" "Mozilla/5.0 (compatible; SemrushBot/7~bl; +http://www.semrush.com/bot.html)"
85.208.96.202 - - [08/Sep/2025:15:39:11 +0700] "GET /author/yanz/page/425/ HTTP/1.0" 200 77910 "-" "Mozilla/5.0 (compatible; SemrushBot/7~bl; +http://www.semrush.com/bot.html)"
45.117.177.72 - - [08/Sep/2025:15:39:18 +0700] "POST /wp-cron.php?doing_wp_cron=1757320758.2869689464569091796875 HTTP/1.0" 200 416 "-" "WordPress/6.8.1; https://vattusacky.vn"
20.171.207.118 - - [08/Sep/2025:15:39:17 +0700] "GET /how-to-recognize-and-avoid-online-scams-on-omegle HTTP/1.0" 301 494 "-" "Mozilla/5.0 AppleWebKit/537.36 (KHTML, like Gecko; compatible; GPTBot/1.2; +https://openai.com/gptbot)"
20.171.207.118 - - [08/Sep/2025:15:39:18 +0700] "GET /how-to-recognize-and-avoid-online-scams-on-omegle/ HTTP/1.0" 200 92323 "-" "Mozilla/5.0 AppleWebKit/537.36 (KHTML, like Gecko; compatible; GPTBot/1.2; +https://openai.com/gptbot)"
128.199.207.13 - - [08/Sep/2025:15:39:22 +0700] "POST /xmlrpc.php HTTP/1.0" 200 956 "https://vattusacky.vn" "Mozilla/5.0 (Windows NT 11.0; Win64; x64) AppleWebKit/537.36 (KHTML, like Gecko) Chrome/126.0.0.0 Safari/537.36 Edg/126.0.0.0"
20.171.207.118 - - [08/Sep/2025:15:39:36 +0700] "GET /how-to-get-free-cash-by-playing-at-an-online-casino HTTP/1.0" 301 450 "-" "Mozilla/5.0 AppleWebKit/537.36 (KHTML, like Gecko; compatible; GPTBot/1.2; +https://openai.com/gptbot)"
20.171.207.118 - - [08/Sep/2025:15:39:37 +0700] "GET /how-to-get-free-cash-by-playing-at-an-online-casino/ HTTP/1.0" 200 207441 "-" "Mozilla/5.0 AppleWebKit/537.36 (KHTML, like Gecko; compatible; GPTBot/1.2; +https://openai.com/gptbot)"
20.171.207.118 - - [08/Sep/2025:15:39:56 +0700] "GET /how-to-get-free-cash-by-playing-at-an-online-casino/ HTTP/1.0" 200 207441 "-" "Mozilla/5.0 AppleWebKit/537.36 (KHTML, like Gecko; compatible; GPTBot/1.2; +https://openai.com/gptbot)"
45.117.177.72 - - [08/Sep/2025:15:40:18 +0700] "POST /wp-cron.php?doing_wp_cron=1757320817.9494249820709228515625 HTTP/1.0" 200 416 "-" "WordPress/6.8.1; https://vattusacky.vn"
20.171.207.118 - - [08/Sep/2025:15:40:16 +0700] "GET /can-omegle-be-a-tool-for-social-change-and-activism/ HTTP/1.0" 200 90181 "-" "Mozilla/5.0 AppleWebKit/537.36 (KHTML, like Gecko; compatible; GPTBot/1.2; +https://openai.com/gptbot)"
20.171.207.118 - - [08/Sep/2025:15:40:38 +0700] "GET /pin-up-resmi-bahis-sitesi-hakknda-genel-bilgiler/ HTTP/1.0" 200 112540 "-" "Mozilla/5.0 AppleWebKit/537.36 (KHTML, like Gecko; compatible; GPTBot/1.2; +https://openai.com/gptbot)"
85.208.96.193 - - [08/Sep/2025:15:40:54 +0700] "GET /can-you-bring-viagra-back-from-mexico/ HTTP/1.0" 200 81359 "-" "Mozilla/5.0 (compatible; SemrushBot/7~bl; +http://www.semrush.com/bot.html)"
20.171.207.118 - - [08/Sep/2025:15:41:02 +0700] "GET /tips-for-choosing-the-best-online-gambling-sites/ HTTP/1.0" 200 206944 "-" "Mozilla/5.0 AppleWebKit/537.36 (KHTML, like Gecko; compatible; GPTBot/1.2; +https://openai.com/gptbot)"
45.117.177.72 - - [08/Sep/2025:15:41:25 +0700] "POST /wp-cron.php?doing_wp_cron=1757320885.0061490535736083984375 HTTP/1.0" 200 416 "-" "WordPress/6.8.1; https://vattusacky.vn"
20.171.207.118 - - [08/Sep/2025:15:41:23 +0700] "GET /tren-web-muc-dich-chinh-sach-bao-mat-tien-do-tin-dung/ HTTP/1.0" 200 211780 "-" "Mozilla/5.0 AppleWebKit/537.36 (KHTML, like Gecko; compatible; GPTBot/1.2; +https://openai.com/gptbot)"
217.195.181.18 - - [08/Sep/2025:15:41:34 +0700] "POST /xmlrpc.php HTTP/1.0" 200 956 "https://vattusacky.vn" "Mozilla/5.0 (Macintosh; Intel Mac OS X 10_15_7; rv:129.0) Gecko/20100101 Firefox/129.0"
20.171.207.118 - - [08/Sep/2025:15:41:35 +0700] "GET /behind-the-scenes-the-technology-driving-omegle-and-ometv/ HTTP/1.0" 200 92103 "-" "Mozilla/5.0 AppleWebKit/537.36 (KHTML, like Gecko; compatible; GPTBot/1.2; +https://openai.com/gptbot)"
45.117.177.72 - - [08/Sep/2025:15:42:20 +0700] "POST /wp-cron.php?doing_wp_cron=1757320940.6251978874206542968750 HTTP/1.0" 200 416 "-" "WordPress/6.8.1; https://vattusacky.vn"
216.73.216.162 - - [08/Sep/2025:15:42:19 +0700] "GET /author/yanz/page/409 HTTP/1.0" 301 565 "-" "Mozilla/5.0 AppleWebKit/537.36 (KHTML, like Gecko; compatible; ClaudeBot/1.0; +claudebot@anthropic.com)"
185.191.171.13 - - [08/Sep/2025:15:42:19 +0700] "GET /skil%D1%8Cki-zarobljae-programist-v-ukraini/ HTTP/1.0" 200 180216 "-" "Mozilla/5.0 (compatible; SemrushBot/7~bl; +http://www.semrush.com/bot.html)"
216.73.216.162 - - [08/Sep/2025:15:42:21 +0700] "GET /author/yanz/page/409/ HTTP/1.0" 200 76688 "https://vattusacky.vn/author/yanz/page/409" "Mozilla/5.0 AppleWebKit/537.36 (KHTML, like Gecko; compatible; ClaudeBot/1.0; +claudebot@anthropic.com)"
85.208.96.195 - - [08/Sep/2025:15:42:26 +0700] "GET /organising-flawless-mother-board-meetings/ HTTP/1.0" 200 205344 "-" "Mozilla/5.0 (compatible; SemrushBot/7~bl; +http://www.semrush.com/bot.html)"
20.171.207.118 - - [08/Sep/2025:15:42:48 +0700] "GET /pomogu-poluchit-kredit-v-dnepropetrovskoj-obl-v/feed/ HTTP/1.0" 200 1802 "-" "Mozilla/5.0 AppleWebKit/537.36 (KHTML, like Gecko; compatible; GPTBot/1.2; +https://openai.com/gptbot)"
216.73.216.162 - - [08/Sep/2025:15:42:53 +0700] "GET /?p=6470 HTTP/1.0" 301 665 "-" "Mozilla/5.0 AppleWebKit/537.36 (KHTML, like Gecko; compatible; ClaudeBot/1.0; +claudebot@anthropic.com)"
216.73.216.162 - - [08/Sep/2025:15:42:55 +0700] "GET /defying-societal-stigmas-embracing-non-traditional-relationships-on-omegle/ HTTP/1.0" 200 93044 "https://vattusacky.vn/?p=6470" "Mozilla/5.0 AppleWebKit/537.36 (KHTML, like Gecko; compatible; ClaudeBot/1.0; +claudebot@anthropic.com)"
45.117.177.72 - - [08/Sep/2025:15:43:21 +0700] "POST /wp-cron.php?doing_wp_cron=1757321001.5649919509887695312500 HTTP/1.0" 200 416 "-" "WordPress/6.8.1; https://vattusacky.vn"
20.171.207.118 - - [08/Sep/2025:15:43:20 +0700] "GET /?p=6303 HTTP/1.0" 301 496 "-" "Mozilla/5.0 AppleWebKit/537.36 (KHTML, like Gecko; compatible; GPTBot/1.2; +https://openai.com/gptbot)"
20.171.207.118 - - [08/Sep/2025:15:43:21 +0700] "GET /can-omegle-be-a-tool-for-social-change-and-activism/ HTTP/1.0" 200 90181 "-" "Mozilla/5.0 AppleWebKit/537.36 (KHTML, like Gecko; compatible; GPTBot/1.2; +https://openai.com/gptbot)"
20.171.207.118 - - [08/Sep/2025:15:43:44 +0700] "GET /?p=10433 HTTP/1.0" 301 493 "-" "Mozilla/5.0 AppleWebKit/537.36 (KHTML, like Gecko; compatible; GPTBot/1.2; +https://openai.com/gptbot)"
20.171.207.118 - - [08/Sep/2025:15:43:45 +0700] "GET /pin-up-resmi-bahis-sitesi-hakknda-genel-bilgiler/ HTTP/1.0" 200 112540 "-" "Mozilla/5.0 AppleWebKit/537.36 (KHTML, like Gecko; compatible; GPTBot/1.2; +https://openai.com/gptbot)"
20.171.207.118 - - [08/Sep/2025:15:44:06 +0700] "GET /?p=4612 HTTP/1.0" 301 450 "-" "Mozilla/5.0 AppleWebKit/537.36 (KHTML, like Gecko; compatible; GPTBot/1.2; +https://openai.com/gptbot)"
20.171.207.118 - - [08/Sep/2025:15:44:08 +0700] "GET /how-to-get-free-cash-by-playing-at-an-online-casino/ HTTP/1.0" 200 207441 "-" "Mozilla/5.0 AppleWebKit/537.36 (KHTML, like Gecko; compatible; GPTBot/1.2; +https://openai.com/gptbot)"
45.117.177.72 - - [08/Sep/2025:15:44:21 +0700] "POST /wp-cron.php?doing_wp_cron=1757321061.0227088928222656250000 HTTP/1.0" 200 416 "-" "WordPress/6.8.1; https://vattusacky.vn"
185.191.171.9 - - [08/Sep/2025:15:44:19 +0700] "GET /pin-up-casino-luchshie-onlajn-avtomaty-demo/ HTTP/1.0" 200 96226 "-" "Mozilla/5.0 (compatible; SemrushBot/7~bl; +http://www.semrush.com/bot.html)"
20.171.207.118 - - [08/Sep/2025:15:44:36 +0700] "GET /breaking-down-omegles-next-phase-what-to-expect/ HTTP/1.0" 200 91452 "-" "Mozilla/5.0 AppleWebKit/537.36 (KHTML, like Gecko; compatible; GPTBot/1.2; +https://openai.com/gptbot)"
213.180.203.66 - - [08/Sep/2025:15:45:09 +0700] "GET /safe-and-engaging-omegle-alternatives-for-chatting/ HTTP/1.0" 200 90418 "-" "Mozilla/5.0 (compatible; YandexBot/3.0; +http://yandex.com/bots)"
20.171.207.118 - - [08/Sep/2025:15:45:32 +0700] "GET /oriental-dating-apps-and-sites-for-expats-living-in-china HTTP/1.0" 301 502 "-" "Mozilla/5.0 AppleWebKit/537.36 (KHTML, like Gecko; compatible; GPTBot/1.2; +https://openai.com/gptbot)"
20.171.207.118 - - [08/Sep/2025:15:45:38 +0700] "GET /oriental-dating-apps-and-sites-for-expats-living-in-china/ HTTP/1.0" 200 206728 "-" "Mozilla/5.0 AppleWebKit/537.36 (KHTML, like Gecko; compatible; GPTBot/1.2; +https://openai.com/gptbot)"
20.171.207.118 - - [08/Sep/2025:15:46:01 +0700] "GET /local-women-close-to-me-satisfy-single-girls-seeking-guys HTTP/1.0" 301 502 "-" "Mozilla/5.0 AppleWebKit/537.36 (KHTML, like Gecko; compatible; GPTBot/1.2; +https://openai.com/gptbot)"
20.171.207.118 - - [08/Sep/2025:15:46:02 +0700] "GET /local-women-close-to-me-satisfy-single-girls-seeking-guys/ HTTP/1.0" 200 124199 "-" "Mozilla/5.0 AppleWebKit/537.36 (KHTML, like Gecko; compatible; GPTBot/1.2; +https://openai.com/gptbot)"
85.208.96.206 - - [08/Sep/2025:15:46:14 +0700] "GET /pascual-codere-network-orientata-alle-esigenze-dei-gestori-lancia-giornata-dedicata/ HTTP/1.0" 200 228038 "-" "Mozilla/5.0 (compatible; SemrushBot/7~bl; +http://www.semrush.com/bot.html)"
20.171.207.118 - - [08/Sep/2025:15:46:27 +0700] "GET /important-factors-to-consider-when-looking-for-latinos-for-marital-life/ HTTP/1.0" 200 208332 "-" "Mozilla/5.0 AppleWebKit/537.36 (KHTML, like Gecko; compatible; GPTBot/1.2; +https://openai.com/gptbot)"
20.171.207.118 - - [08/Sep/2025:15:46:55 +0700] "GET /?p=2610 HTTP/1.0" 301 644 "-" "Mozilla/5.0 AppleWebKit/537.36 (KHTML, like Gecko; compatible; GPTBot/1.2; +https://openai.com/gptbot)"
20.171.207.118 - - [08/Sep/2025:15:47:01 +0700] "GET /tren-web-muc-dich-chinh-sach-bao-mat-tien-do-tin-dung/ HTTP/1.0" 200 211780 "-" "Mozilla/5.0 AppleWebKit/537.36 (KHTML, like Gecko; compatible; GPTBot/1.2; +https://openai.com/gptbot)"
20.171.207.118 - - [08/Sep/2025:15:47:48 +0700] "GET /?p=4221 HTTP/1.0" 301 447 "-" "Mozilla/5.0 AppleWebKit/537.36 (KHTML, like Gecko; compatible; GPTBot/1.2; +https://openai.com/gptbot)"
20.171.207.118 - - [08/Sep/2025:15:47:50 +0700] "GET /tips-for-choosing-the-best-online-gambling-sites/ HTTP/1.0" 200 206944 "-" "Mozilla/5.0 AppleWebKit/537.36 (KHTML, like Gecko; compatible; GPTBot/1.2; +https://openai.com/gptbot)"
45.117.177.72 - - [08/Sep/2025:15:48:09 +0700] "POST /wp-cron.php?doing_wp_cron=1757321289.3753890991210937500000 HTTP/1.0" 200 416 "-" "WordPress/6.8.1; https://vattusacky.vn"
218.255.162.2 - - [08/Sep/2025:15:48:02 +0700] "POST /xmlrpc.php HTTP/1.0" 200 956 "https://vattusacky.vn" "Mozilla/5.0 (Windows NT 11.0; Win64; x64; rv:126.0) Gecko/20100101 Firefox/126.0"
45.117.177.72 - - [08/Sep/2025:15:48:19 +0700] "POST /wp-cron.php?doing_wp_cron=1757321299.5318009853363037109375 HTTP/1.0" 200 416 "-" "WordPress/6.8.1; https://vattusacky.vn"
20.171.207.118 - - [08/Sep/2025:15:48:18 +0700] "GET /?p=3151 HTTP/1.0" 301 516 "-" "Mozilla/5.0 AppleWebKit/537.36 (KHTML, like Gecko; compatible; GPTBot/1.2; +https://openai.com/gptbot)"
20.171.207.118 - - [08/Sep/2025:15:48:19 +0700] "GET /important-factors-to-consider-when-looking-for-latinos-for-marital-life/ HTTP/1.0" 200 208332 "-" "Mozilla/5.0 AppleWebKit/537.36 (KHTML, like Gecko; compatible; GPTBot/1.2; +https://openai.com/gptbot)"
20.171.207.118 - - [08/Sep/2025:15:48:57 +0700] "GET /?p=6195 HTTP/1.0" 301 502 "-" "Mozilla/5.0 AppleWebKit/537.36 (KHTML, like Gecko; compatible; GPTBot/1.2; +https://openai.com/gptbot)"
20.171.207.118 - - [08/Sep/2025:15:48:58 +0700] "GET /behind-the-scenes-the-technology-driving-omegle-and-ometv/ HTTP/1.0" 200 91957 "-" "Mozilla/5.0 AppleWebKit/537.36 (KHTML, like Gecko; compatible; GPTBot/1.2; +https://openai.com/gptbot)"
45.117.177.72 - - [08/Sep/2025:15:49:34 +0700] "POST /wp-cron.php?doing_wp_cron=1757321374.7829360961914062500000 HTTP/1.0" 200 416 "-" "WordPress/6.8.1; https://vattusacky.vn"
20.171.207.118 - - [08/Sep/2025:15:49:33 +0700] "GET /what-you-should-expect-in-a-vdr-review/ HTTP/1.0" 200 205202 "-" "Mozilla/5.0 AppleWebKit/537.36 (KHTML, like Gecko; compatible; GPTBot/1.2; +https://openai.com/gptbot)"
51.68.236.59 - - [08/Sep/2025:15:49:44 +0700] "GET /robots.txt HTTP/1.0" 200 984 "-" "Mozilla/5.0 (compatible; MJ12bot/v2.0.4; http://mj12bot.com/)"
51.68.236.59 - - [08/Sep/2025:15:49:45 +0700] "GET / HTTP/1.0" 200 60070 "-" "Mozilla/5.0 (compatible; MJ12bot/v2.0.4; http://mj12bot.com/)"
98.84.131.195 - - [08/Sep/2025:15:49:53 +0700] "GET /cheap-essays-how-to-get-the-most-out-of-your-education-using-cheap-essay-writing-services/ HTTP/1.0" 200 208324 "-" "Mozilla/5.0 AppleWebKit/537.36 (KHTML, like Gecko; compatible; Amazonbot/0.1; +https://developer.amazon.com/support/amazonbot) Chrome/119.0.6045.214 Safari/537.36"
34.202.88.37 - - [08/Sep/2025:15:49:57 +0700] "GET /how-to-mine-ethereum-step-by-step-guide-updated/eth%20exchange HTTP/1.0" 404 70812 "-" "Mozilla/5.0 AppleWebKit/537.36 (KHTML, like Gecko; compatible; Amazonbot/0.1; +https://developer.amazon.com/support/amazonbot) Chrome/119.0.6045.214 Safari/537.36"
44.221.105.234 - - [08/Sep/2025:15:50:02 +0700] "GET /methods-to-navigate-online-dating-services-with-confidence/ HTTP/1.0" 200 208623 "-" "Mozilla/5.0 AppleWebKit/537.36 (KHTML, like Gecko; compatible; Amazonbot/0.1; +https://developer.amazon.com/support/amazonbot) Chrome/119.0.6045.214 Safari/537.36"
18.206.47.187 - - [08/Sep/2025:15:50:05 +0700] "GET /category/uncategorized/page/185/ HTTP/1.0" 200 76436 "-" "Mozilla/5.0 AppleWebKit/537.36 (KHTML, like Gecko; compatible; Amazonbot/0.1; +https://developer.amazon.com/support/amazonbot) Chrome/119.0.6045.214 Safari/537.36"
162.240.101.166 - - [08/Sep/2025:15:50:11 +0700] "POST /xmlrpc.php HTTP/1.0" 200 956 "https://vattusacky.vn" "Mozilla/5.0 (Windows NT 10.0; Win64; x64) AppleWebKit/537.36 (KHTML, like Gecko) Chrome/113.0.5672.126 Safari/537.36 Edg/113.0.1774.50"
45.117.177.72 - - [08/Sep/2025:15:50:24 +0700] "POST /wp-cron.php?doing_wp_cron=1757321423.9584259986877441406250 HTTP/1.0" 200 416 "-" "WordPress/6.8.1; https://vattusacky.vn"
20.171.207.118 - - [08/Sep/2025:15:50:22 +0700] "GET /?p=2272 HTTP/1.0" 301 501 "-" "Mozilla/5.0 AppleWebKit/537.36 (KHTML, like Gecko; compatible; GPTBot/1.2; +https://openai.com/gptbot)"
20.171.207.118 - - [08/Sep/2025:15:50:24 +0700] "GET /meet-argentinian-mail-order-brides-for-marriage-and-love/ HTTP/1.0" 200 210677 "-" "Mozilla/5.0 AppleWebKit/537.36 (KHTML, like Gecko; compatible; GPTBot/1.2; +https://openai.com/gptbot)"
85.208.96.211 - - [08/Sep/2025:15:50:51 +0700] "GET /euskonews-media-gaiak-esteroides-anabolizantes-ii-efectos-secundarios-conocimientos-del-riesgo-y-respuesta-al-problema/ HTTP/1.0" 200 213833 "-" "Mozilla/5.0 (compatible; SemrushBot/7~bl; +http://www.semrush.com/bot.html)"
45.117.177.72 - - [08/Sep/2025:15:51:26 +0700] "POST /wp-cron.php?doing_wp_cron=1757321486.2688350677490234375000 HTTP/1.0" 200 416 "-" "WordPress/6.8.1; https://vattusacky.vn"
20.171.207.118 - - [08/Sep/2025:15:51:25 +0700] "GET /?p=3559 HTTP/1.0" 301 501 "-" "Mozilla/5.0 AppleWebKit/537.36 (KHTML, like Gecko; compatible; GPTBot/1.2; +https://openai.com/gptbot)"
20.171.207.118 - - [08/Sep/2025:15:51:26 +0700] "GET /figuring-out-what-you-want-the-relationship-to-look-like/ HTTP/1.0" 200 208467 "-" "Mozilla/5.0 AppleWebKit/537.36 (KHTML, like Gecko; compatible; GPTBot/1.2; +https://openai.com/gptbot)"
85.208.96.205 - - [08/Sep/2025:15:51:34 +0700] "GET /empowering-artists-worldwide-omegle-as-a-catalyst-for-creative-growth/ HTTP/1.0" 200 91935 "-" "Mozilla/5.0 (compatible; SemrushBot/7~bl; +http://www.semrush.com/bot.html)"
45.117.177.72 - - [08/Sep/2025:15:52:21 +0700] "POST /wp-cron.php?doing_wp_cron=1757321541.1833920478820800781250 HTTP/1.0" 200 416 "-" "WordPress/6.8.1; https://vattusacky.vn"
185.231.115.91 - - [08/Sep/2025:15:52:19 +0700] "POST /xmlrpc.php HTTP/1.0" 200 956 "https://vattusacky.vn" "Mozilla/5.0 (Windows NT 10.0; Win64; x64) AppleWebKit/537.36 (KHTML, like Gecko) Chrome/114.0.5735.134 Safari/537.36"
20.171.207.118 - - [08/Sep/2025:15:52:23 +0700] "GET /?p=4205 HTTP/1.0" 301 593 "-" "Mozilla/5.0 AppleWebKit/537.36 (KHTML, like Gecko; compatible; GPTBot/1.2; +https://openai.com/gptbot)"
20.171.207.118 - - [08/Sep/2025:15:52:24 +0700] "GET /what-are-the-fundamentals-of-a-no-deposit-casino/ HTTP/1.0" 200 206803 "-" "Mozilla/5.0 AppleWebKit/537.36 (KHTML, like Gecko; compatible; GPTBot/1.2; +https://openai.com/gptbot)"
141.98.11.168 - - [08/Sep/2025:15:53:15 +0700] "GET / HTTP/1.0" 301 598 "-" "Mozilla/5.0 (Windows NT 10.0; Win64; x64) AppleWebKit/537.36 (KHTML, like Gecko) Chrome/101.0.4951.61 Safari/537.36"
45.117.177.72 - - [08/Sep/2025:15:53:17 +0700] "POST /wp-cron.php?doing_wp_cron=1757321597.5632059574127197265625 HTTP/1.0" 200 416 "-" "WordPress/6.8.1; https://vattusacky.vn"
141.98.11.168 - - [08/Sep/2025:15:53:16 +0700] "GET / HTTP/1.0" 301 598 "http://www.vattusacky.vn" "Mozilla/5.0 (Windows NT 10.0; Win64; x64) AppleWebKit/537.36 (KHTML, like Gecko) Chrome/101.0.4951.61 Safari/537.36"
20.171.207.118 - - [08/Sep/2025:15:53:21 +0700] "GET /how-to-get-fabulous-betwinner-fast-games-on-a-tight-budget/ HTTP/1.0" 200 99523 "-" "Mozilla/5.0 AppleWebKit/537.36 (KHTML, like Gecko; compatible; GPTBot/1.2; +https://openai.com/gptbot)"
45.117.177.72 - - [08/Sep/2025:15:54:29 +0700] "POST /wp-cron.php?doing_wp_cron=1757321668.8830780982971191406250 HTTP/1.0" 200 416 "-" "WordPress/6.8.1; https://vattusacky.vn"
161.248.188.29 - - [08/Sep/2025:15:54:26 +0700] "POST /xmlrpc.php HTTP/1.0" 200 956 "https://vattusacky.vn" "Mozilla/5.0 (Windows NT 10.0; Win64; x64; rv:128.0) Gecko/20100101 Firefox/128.0"
20.171.207.118 - - [08/Sep/2025:15:54:32 +0700] "GET /?p=3725 HTTP/1.0" 301 498 "-" "Mozilla/5.0 AppleWebKit/537.36 (KHTML, like Gecko; compatible; GPTBot/1.2; +https://openai.com/gptbot)"
20.171.207.118 - - [08/Sep/2025:15:54:34 +0700] "GET /dont-be-fooled-by-best-online-betting-sites-singapore/ HTTP/1.0" 200 226153 "-" "Mozilla/5.0 AppleWebKit/537.36 (KHTML, like Gecko; compatible; GPTBot/1.2; +https://openai.com/gptbot)"
45.117.177.72 - - [08/Sep/2025:15:55:29 +0700] "POST /wp-cron.php?doing_wp_cron=1757321728.8160889148712158203125 HTTP/1.0" 200 416 "-" "WordPress/6.8.1; https://vattusacky.vn"
20.171.207.118 - - [08/Sep/2025:15:55:27 +0700] "GET /?p=6233 HTTP/1.0" 301 492 "-" "Mozilla/5.0 AppleWebKit/537.36 (KHTML, like Gecko; compatible; GPTBot/1.2; +https://openai.com/gptbot)"
