20.171.207.118 - - [08/Sep/2025:21:26:29 +0700] "GET /navigating-language-challenges-on-omegle-and-ometv/ HTTP/1.0" 200 92623 "-" "Mozilla/5.0 AppleWebKit/537.36 (KHTML, like Gecko; compatible; GPTBot/1.2; +https://openai.com/gptbot)"
20.171.207.118 - - [08/Sep/2025:21:26:52 +0700] "GET /the-dawn-and-value-of-online-internet-casino/ HTTP/1.0" 200 208449 "-" "Mozilla/5.0 AppleWebKit/537.36 (KHTML, like Gecko; compatible; GPTBot/1.2; +https://openai.com/gptbot)"
20.171.207.118 - - [08/Sep/2025:21:27:07 +0700] "GET /asian-dating-day-chat-and-match-totally-free/ HTTP/1.0" 200 90457 "-" "Mozilla/5.0 AppleWebKit/537.36 (KHTML, like Gecko; compatible; GPTBot/1.2; +https://openai.com/gptbot)"
45.117.177.72 - - [08/Sep/2025:21:27:20 +0700] "POST /wp-cron.php?doing_wp_cron=1757341640.2901310920715332031250 HTTP/1.0" 200 416 "-" "WordPress/6.8.1; https://vattusacky.vn"
40.77.167.48 - - [08/Sep/2025:21:27:19 +0700] "GET /guarding-against-the-dark-side-of-omegle-empowering-online-safety-measures/ HTTP/1.0" 200 90813 "-" "Mozilla/5.0 AppleWebKit/537.36 (KHTML, like Gecko; compatible; bingbot/2.0; +http://www.bing.com/bingbot.htm) Chrome/116.0.1938.76 Safari/537.36"
20.171.207.118 - - [08/Sep/2025:21:27:35 +0700] "GET /find-the-best-online-slots-machines-for-free/ HTTP/1.0" 200 74782 "-" "Mozilla/5.0 AppleWebKit/537.36 (KHTML, like Gecko; compatible; GPTBot/1.2; +https://openai.com/gptbot)"
20.171.207.118 - - [08/Sep/2025:21:27:52 +0700] "GET /?p=7587 HTTP/1.0" 301 488 "-" "Mozilla/5.0 AppleWebKit/537.36 (KHTML, like Gecko; compatible; GPTBot/1.2; +https://openai.com/gptbot)"
20.171.207.118 - - [08/Sep/2025:21:27:54 +0700] "GET /omegle-bans-and-how-to-avoid-getting-banned/ HTTP/1.0" 200 88944 "-" "Mozilla/5.0 AppleWebKit/537.36 (KHTML, like Gecko; compatible; GPTBot/1.2; +https://openai.com/gptbot)"
20.171.207.118 - - [08/Sep/2025:21:28:14 +0700] "GET /where-to-find-a-good-western-european-woman/ HTTP/1.0" 200 208039 "-" "Mozilla/5.0 AppleWebKit/537.36 (KHTML, like Gecko; compatible; GPTBot/1.2; +https://openai.com/gptbot)"
45.117.177.72 - - [08/Sep/2025:21:28:45 +0700] "POST /wp-cron.php?doing_wp_cron=1757341725.0886828899383544921875 HTTP/1.0" 200 416 "-" "WordPress/6.8.1; https://vattusacky.vn"
20.171.207.118 - - [08/Sep/2025:21:28:43 +0700] "GET /stranger-danger-navigating-safety-on-omegle-chats/ HTTP/1.0" 200 89431 "-" "Mozilla/5.0 AppleWebKit/537.36 (KHTML, like Gecko; compatible; GPTBot/1.2; +https://openai.com/gptbot)"
20.171.207.118 - - [08/Sep/2025:21:29:03 +0700] "GET /?p=3168 HTTP/1.0" 301 488 "-" "Mozilla/5.0 AppleWebKit/537.36 (KHTML, like Gecko; compatible; GPTBot/1.2; +https://openai.com/gptbot)"
20.171.207.118 - - [08/Sep/2025:21:29:04 +0700] "GET /where-to-find-a-good-western-european-woman/ HTTP/1.0" 200 207893 "-" "Mozilla/5.0 AppleWebKit/537.36 (KHTML, like Gecko; compatible; GPTBot/1.2; +https://openai.com/gptbot)"
45.117.177.72 - - [08/Sep/2025:21:29:20 +0700] "POST /wp-cron.php?doing_wp_cron=1757341760.0272159576416015625000 HTTP/1.0" 200 416 "-" "WordPress/6.8.1; https://vattusacky.vn"
20.171.207.118 - - [08/Sep/2025:21:29:18 +0700] "GET /the-paradox-of-authenticity-in-an-anonymous-environment-like-omegle/ HTTP/1.0" 200 91823 "-" "Mozilla/5.0 AppleWebKit/537.36 (KHTML, like Gecko; compatible; GPTBot/1.2; +https://openai.com/gptbot)"
20.171.207.118 - - [08/Sep/2025:21:29:28 +0700] "GET /?p=7917 HTTP/1.0" 301 489 "-" "Mozilla/5.0 AppleWebKit/537.36 (KHTML, like Gecko; compatible; GPTBot/1.2; +https://openai.com/gptbot)"
20.171.207.118 - - [08/Sep/2025:21:29:29 +0700] "GET /omegles-relevance-in-the-age-of-social-media/ HTTP/1.0" 200 90248 "-" "Mozilla/5.0 AppleWebKit/537.36 (KHTML, like Gecko; compatible; GPTBot/1.2; +https://openai.com/gptbot)"
20.171.207.118 - - [08/Sep/2025:21:29:44 +0700] "GET /how-omegle-fosters-empathy-and-compassion-in-unexpected-ways/ HTTP/1.0" 200 92490 "-" "Mozilla/5.0 AppleWebKit/537.36 (KHTML, like Gecko; compatible; GPTBot/1.2; +https://openai.com/gptbot)"
20.171.207.118 - - [08/Sep/2025:21:30:11 +0700] "GET /the-impact-of-cultural-diversity-in-omegles-social-experiment/ HTTP/1.0" 200 90421 "-" "Mozilla/5.0 AppleWebKit/537.36 (KHTML, like Gecko; compatible; GPTBot/1.2; +https://openai.com/gptbot)"
45.117.177.72 - - [08/Sep/2025:21:30:37 +0700] "POST /wp-cron.php?doing_wp_cron=1757341837.2453460693359375000000 HTTP/1.0" 200 416 "-" "WordPress/6.8.1; https://vattusacky.vn"
20.171.207.118 - - [08/Sep/2025:21:30:35 +0700] "GET /the-potential-for-virtual-empathy-to-bridge-societal-divides/ HTTP/1.0" 200 93727 "-" "Mozilla/5.0 AppleWebKit/537.36 (KHTML, like Gecko; compatible; GPTBot/1.2; +https://openai.com/gptbot)"
20.171.207.118 - - [08/Sep/2025:21:31:01 +0700] "GET /usa-online-casino-bonuses-how-to-find-the-best-bonuses-online HTTP/1.0" 301 460 "-" "Mozilla/5.0 AppleWebKit/537.36 (KHTML, like Gecko; compatible; GPTBot/1.2; +https://openai.com/gptbot)"
20.171.207.118 - - [08/Sep/2025:21:31:03 +0700] "GET /usa-online-casino-bonuses-how-to-find-the-best-bonuses-online/ HTTP/1.0" 200 74841 "-" "Mozilla/5.0 AppleWebKit/537.36 (KHTML, like Gecko; compatible; GPTBot/1.2; +https://openai.com/gptbot)"
45.117.177.72 - - [08/Sep/2025:21:31:28 +0700] "POST /wp-cron.php?doing_wp_cron=1757341887.8956151008605957031250 HTTP/1.0" 200 416 "-" "WordPress/6.8.1; https://vattusacky.vn"
20.171.207.118 - - [08/Sep/2025:21:31:26 +0700] "GET /?p=4483 HTTP/1.0" 301 489 "-" "Mozilla/5.0 AppleWebKit/537.36 (KHTML, like Gecko; compatible; GPTBot/1.2; +https://openai.com/gptbot)"
20.171.207.118 - - [08/Sep/2025:21:31:28 +0700] "GET /the-dawn-and-value-of-online-internet-casino/ HTTP/1.0" 200 208449 "-" "Mozilla/5.0 AppleWebKit/537.36 (KHTML, like Gecko; compatible; GPTBot/1.2; +https://openai.com/gptbot)"
20.171.207.118 - - [08/Sep/2025:21:31:46 +0700] "GET /leveraging-online-platforms-for-networking-on-omegle-and-ometv/ HTTP/1.0" 200 92952 "-" "Mozilla/5.0 AppleWebKit/537.36 (KHTML, like Gecko; compatible; GPTBot/1.2; +https://openai.com/gptbot)"
20.171.207.118 - - [08/Sep/2025:21:32:09 +0700] "GET /usa-online-casino-bonuses-how-to-find-the-best-bonuses-online/ HTTP/1.0" 200 74841 "-" "Mozilla/5.0 AppleWebKit/537.36 (KHTML, like Gecko; compatible; GPTBot/1.2; +https://openai.com/gptbot)"
45.117.177.72 - - [08/Sep/2025:21:32:49 +0700] "POST /wp-cron.php?doing_wp_cron=1757341968.6979889869689941406250 HTTP/1.0" 200 416 "-" "WordPress/6.8.1; https://vattusacky.vn"
20.171.207.118 - - [08/Sep/2025:21:32:46 +0700] "GET /omegle-vs-ometv-which-chat-platform-uses-superior-technology/ HTTP/1.0" 200 91487 "-" "Mozilla/5.0 AppleWebKit/537.36 (KHTML, like Gecko; compatible; GPTBot/1.2; +https://openai.com/gptbot)"
20.171.207.118 - - [08/Sep/2025:21:33:11 +0700] "GET /?p=8524 HTTP/1.0" 301 506 "-" "Mozilla/5.0 AppleWebKit/537.36 (KHTML, like Gecko; compatible; GPTBot/1.2; +https://openai.com/gptbot)"
20.171.207.118 - - [08/Sep/2025:21:33:13 +0700] "GET /the-impact-of-cultural-diversity-in-omegles-social-experiment/ HTTP/1.0" 200 90421 "-" "Mozilla/5.0 AppleWebKit/537.36 (KHTML, like Gecko; compatible; GPTBot/1.2; +https://openai.com/gptbot)"
45.117.177.72 - - [08/Sep/2025:21:33:28 +0700] "POST /wp-cron.php?doing_wp_cron=1757342008.5336849689483642578125 HTTP/1.0" 200 416 "-" "WordPress/6.8.1; https://vattusacky.vn"
20.171.207.118 - - [08/Sep/2025:21:33:27 +0700] "GET /shaping-the-future-of-random-chats-omegles-strategy-revealed/ HTTP/1.0" 200 91707 "-" "Mozilla/5.0 AppleWebKit/537.36 (KHTML, like Gecko; compatible; GPTBot/1.2; +https://openai.com/gptbot)"
20.171.207.118 - - [08/Sep/2025:21:33:48 +0700] "GET /omegle-and-ometv-bridging-the-gap-between-different-cultures/ HTTP/1.0" 200 93033 "-" "Mozilla/5.0 AppleWebKit/537.36 (KHTML, like Gecko; compatible; GPTBot/1.2; +https://openai.com/gptbot)"
20.171.207.118 - - [08/Sep/2025:21:34:03 +0700] "GET /?p=8685 HTTP/1.0" 301 505 "-" "Mozilla/5.0 AppleWebKit/537.36 (KHTML, like Gecko; compatible; GPTBot/1.2; +https://openai.com/gptbot)"
20.171.207.118 - - [08/Sep/2025:21:34:05 +0700] "GET /the-potential-for-virtual-empathy-to-bridge-societal-divides/ HTTP/1.0" 200 93727 "-" "Mozilla/5.0 AppleWebKit/537.36 (KHTML, like Gecko; compatible; GPTBot/1.2; +https://openai.com/gptbot)"
45.117.177.72 - - [08/Sep/2025:21:34:25 +0700] "POST /wp-cron.php?doing_wp_cron=1757342065.6219561100006103515625 HTTP/1.0" 200 416 "-" "WordPress/6.8.1; https://vattusacky.vn"
20.171.207.118 - - [08/Sep/2025:21:34:24 +0700] "GET /?p=7029 HTTP/1.0" 301 505 "-" "Mozilla/5.0 AppleWebKit/537.36 (KHTML, like Gecko; compatible; GPTBot/1.2; +https://openai.com/gptbot)"
20.171.207.118 - - [08/Sep/2025:21:34:26 +0700] "GET /how-omegle-fosters-empathy-and-compassion-in-unexpected-ways/ HTTP/1.0" 200 92490 "-" "Mozilla/5.0 AppleWebKit/537.36 (KHTML, like Gecko; compatible; GPTBot/1.2; +https://openai.com/gptbot)"
20.171.207.118 - - [08/Sep/2025:21:34:42 +0700] "GET /the-joy-of-discovery-unveiling-new-artistic-talents-through-omegle/ HTTP/1.0" 200 92430 "-" "Mozilla/5.0 AppleWebKit/537.36 (KHTML, like Gecko; compatible; GPTBot/1.2; +https://openai.com/gptbot)"
20.171.207.118 - - [08/Sep/2025:21:35:01 +0700] "GET /?p=8674 HTTP/1.0" 301 512 "-" "Mozilla/5.0 AppleWebKit/537.36 (KHTML, like Gecko; compatible; GPTBot/1.2; +https://openai.com/gptbot)"
20.171.207.118 - - [08/Sep/2025:21:35:03 +0700] "GET /the-paradox-of-authenticity-in-an-anonymous-environment-like-omegle/ HTTP/1.0" 200 91823 "-" "Mozilla/5.0 AppleWebKit/537.36 (KHTML, like Gecko; compatible; GPTBot/1.2; +https://openai.com/gptbot)"
45.117.177.72 - - [08/Sep/2025:21:35:25 +0700] "POST /wp-cron.php?doing_wp_cron=1757342125.4892768859863281250000 HTTP/1.0" 200 416 "-" "WordPress/6.8.1; https://vattusacky.vn"
20.171.207.118 - - [08/Sep/2025:21:35:24 +0700] "GET /?p=7173 HTTP/1.0" 301 507 "-" "Mozilla/5.0 AppleWebKit/537.36 (KHTML, like Gecko; compatible; GPTBot/1.2; +https://openai.com/gptbot)"
20.171.207.118 - - [08/Sep/2025:21:35:25 +0700] "GET /leveraging-online-platforms-for-networking-on-omegle-and-ometv/ HTTP/1.0" 200 92952 "-" "Mozilla/5.0 AppleWebKit/537.36 (KHTML, like Gecko; compatible; GPTBot/1.2; +https://openai.com/gptbot)"
52.167.144.158 - - [08/Sep/2025:21:36:11 +0700] "GET /san-pham/thiet-bi-lay-mau-nuoc-beta-van-dorn-loai-ngang-nhan-hang-wildco/feed/ HTTP/1.0" 200 1776 "-" "Mozilla/5.0 AppleWebKit/537.36 (KHTML, like Gecko; compatible; bingbot/2.0; +http://www.bing.com/bingbot.htm) Chrome/116.0.1938.76 Safari/537.36"
45.117.177.72 - - [08/Sep/2025:21:36:39 +0700] "POST /wp-cron.php?doing_wp_cron=1757342199.3952300548553466796875 HTTP/1.0" 200 416 "-" "WordPress/6.8.1; https://vattusacky.vn"
20.171.207.118 - - [08/Sep/2025:21:36:38 +0700] "GET /?p=8249 HTTP/1.0" 301 494 "-" "Mozilla/5.0 AppleWebKit/537.36 (KHTML, like Gecko; compatible; GPTBot/1.2; +https://openai.com/gptbot)"
20.171.207.118 - - [08/Sep/2025:21:36:39 +0700] "GET /stranger-danger-navigating-safety-on-omegle-chats/ HTTP/1.0" 200 89431 "-" "Mozilla/5.0 AppleWebKit/537.36 (KHTML, like Gecko; compatible; GPTBot/1.2; +https://openai.com/gptbot)"
20.171.207.118 - - [08/Sep/2025:21:36:53 +0700] "GET /omegle-for-travelers-connecting-with-locals-and-exploring-the-world/ HTTP/1.0" 200 91518 "-" "Mozilla/5.0 AppleWebKit/537.36 (KHTML, like Gecko; compatible; GPTBot/1.2; +https://openai.com/gptbot)"
20.171.207.118 - - [08/Sep/2025:21:37:13 +0700] "GET /how-does-omegle-promote-empathy-and-compassion/ HTTP/1.0" 200 93495 "-" "Mozilla/5.0 AppleWebKit/537.36 (KHTML, like Gecko; compatible; GPTBot/1.2; +https://openai.com/gptbot)"
45.117.177.72 - - [08/Sep/2025:21:37:37 +0700] "POST /wp-cron.php?doing_wp_cron=1757342257.0501921176910400390625 HTTP/1.0" 200 416 "-" "WordPress/6.8.1; https://vattusacky.vn"
20.171.207.118 - - [08/Sep/2025:21:37:35 +0700] "GET /?p=7773 HTTP/1.0" 301 505 "-" "Mozilla/5.0 AppleWebKit/537.36 (KHTML, like Gecko; compatible; GPTBot/1.2; +https://openai.com/gptbot)"
20.171.207.118 - - [08/Sep/2025:21:37:37 +0700] "GET /omegle-vs-ometv-which-chat-platform-uses-superior-technology/ HTTP/1.0" 200 91487 "-" "Mozilla/5.0 AppleWebKit/537.36 (KHTML, like Gecko; compatible; GPTBot/1.2; +https://openai.com/gptbot)"
20.171.207.118 - - [08/Sep/2025:21:37:54 +0700] "GET /the-impact-of-connection-on-mental-well-being-through-omegles-social-experiment/ HTTP/1.0" 200 91898 "-" "Mozilla/5.0 AppleWebKit/537.36 (KHTML, like Gecko; compatible; GPTBot/1.2; +https://openai.com/gptbot)"
20.171.207.118 - - [08/Sep/2025:21:38:12 +0700] "GET /?p=7391 HTTP/1.0" 301 505 "-" "Mozilla/5.0 AppleWebKit/537.36 (KHTML, like Gecko; compatible; GPTBot/1.2; +https://openai.com/gptbot)"
20.171.207.118 - - [08/Sep/2025:21:38:14 +0700] "GET /omegle-and-ometv-bridging-the-gap-between-different-cultures/ HTTP/1.0" 200 93033 "-" "Mozilla/5.0 AppleWebKit/537.36 (KHTML, like Gecko; compatible; GPTBot/1.2; +https://openai.com/gptbot)"
87.250.224.35 - - [08/Sep/2025:21:38:15 +0700] "GET /robots.txt HTTP/1.0" 200 984 "-" "Mozilla/5.0 (compatible; YandexBot/3.0; +http://yandex.com/bots)"
45.117.177.72 - - [08/Sep/2025:21:38:18 +0700] "POST /wp-cron.php?doing_wp_cron=1757342298.1589579582214355468750 HTTP/1.0" 200 416 "-" "WordPress/6.8.1; https://vattusacky.vn"
5.255.231.23 - - [08/Sep/2025:21:38:17 +0700] "GET /selecting-the-best-casino-game/ HTTP/1.0" 200 73842 "-" "Mozilla/5.0 (compatible; YandexBot/3.0; +http://yandex.com/bots)"
20.171.207.118 - - [08/Sep/2025:21:38:26 +0700] "GET /?p=8647 HTTP/1.0" 301 511 "-" "Mozilla/5.0 AppleWebKit/537.36 (KHTML, like Gecko; compatible; GPTBot/1.2; +https://openai.com/gptbot)"
20.171.207.118 - - [08/Sep/2025:21:38:28 +0700] "GET /the-joy-of-discovery-unveiling-new-artistic-talents-through-omegle/ HTTP/1.0" 200 92430 "-" "Mozilla/5.0 AppleWebKit/537.36 (KHTML, like Gecko; compatible; GPTBot/1.2; +https://openai.com/gptbot)"
20.171.207.118 - - [08/Sep/2025:21:38:37 +0700] "GET /the-impact-of-technology-examining-the-changing-landscape-of-intimacy-on-omegle/ HTTP/1.0" 200 92471 "-" "Mozilla/5.0 AppleWebKit/537.36 (KHTML, like Gecko; compatible; GPTBot/1.2; +https://openai.com/gptbot)"
20.171.207.118 - - [08/Sep/2025:21:38:48 +0700] "GET /omegle-and-the-changing-dynamics-of-friendship/ HTTP/1.0" 200 90933 "-" "Mozilla/5.0 AppleWebKit/537.36 (KHTML, like Gecko; compatible; GPTBot/1.2; +https://openai.com/gptbot)"
20.171.207.118 - - [08/Sep/2025:21:39:01 +0700] "GET /omegle-and-ometv-for-discussing-current-events/ HTTP/1.0" 200 91292 "-" "Mozilla/5.0 AppleWebKit/537.36 (KHTML, like Gecko; compatible; GPTBot/1.2; +https://openai.com/gptbot)"
20.171.207.118 - - [08/Sep/2025:21:39:13 +0700] "GET /?p=8215 HTTP/1.0" 301 505 "-" "Mozilla/5.0 AppleWebKit/537.36 (KHTML, like Gecko; compatible; GPTBot/1.2; +https://openai.com/gptbot)"
20.171.207.118 - - [08/Sep/2025:21:39:14 +0700] "GET /shaping-the-future-of-random-chats-omegles-strategy-revealed/ HTTP/1.0" 200 91561 "-" "Mozilla/5.0 AppleWebKit/537.36 (KHTML, like Gecko; compatible; GPTBot/1.2; +https://openai.com/gptbot)"
45.117.177.72 - - [08/Sep/2025:21:39:34 +0700] "POST /wp-cron.php?doing_wp_cron=1757342374.1417059898376464843750 HTTP/1.0" 200 416 "-" "WordPress/6.8.1; https://vattusacky.vn"
20.171.207.118 - - [08/Sep/2025:21:39:32 +0700] "GET /omegles-influence-on-self-confidence-and-self-expression/ HTTP/1.0" 200 91801 "-" "Mozilla/5.0 AppleWebKit/537.36 (KHTML, like Gecko; compatible; GPTBot/1.2; +https://openai.com/gptbot)"
20.171.207.118 - - [08/Sep/2025:21:39:46 +0700] "GET /the-power-of-nonverbal-communication-on-omegle/ HTTP/1.0" 503 8456 "-" "Mozilla/5.0 AppleWebKit/537.36 (KHTML, like Gecko; compatible; GPTBot/1.2; +https://openai.com/gptbot)"
45.117.177.72 - - [08/Sep/2025:21:40:27 +0700] "POST /wp-cron.php?doing_wp_cron=1757342426.8695089817047119140625 HTTP/1.0" 200 416 "-" "WordPress/6.8.1; https://vattusacky.vn"
20.171.207.118 - - [08/Sep/2025:21:40:25 +0700] "GET /daddy-casino-onlajn-kazino-bonusy-demo-bystryj/ HTTP/1.0" 200 96479 "-" "Mozilla/5.0 AppleWebKit/537.36 (KHTML, like Gecko; compatible; GPTBot/1.2; +https://openai.com/gptbot)"
52.205.113.104 - - [08/Sep/2025:21:40:28 +0700] "GET /category/uncategorized/page/197/ HTTP/1.0" 200 76640 "-" "Mozilla/5.0 AppleWebKit/537.36 (KHTML, like Gecko; compatible; Amazonbot/0.1; +https://developer.amazon.com/support/amazonbot) Chrome/119.0.6045.214 Safari/537.36"
23.21.148.226 - - [08/Sep/2025:21:40:32 +0700] "GET /category/uncategorized/page/238/ HTTP/1.0" 200 76630 "-" "Mozilla/5.0 AppleWebKit/537.36 (KHTML, like Gecko; compatible; Amazonbot/0.1; +https://developer.amazon.com/support/amazonbot) Chrome/119.0.6045.214 Safari/537.36"
20.171.207.118 - - [08/Sep/2025:21:40:35 +0700] "GET /omegle-tales-adventures-in-the-digital-abyss/ HTTP/1.0" 200 90702 "-" "Mozilla/5.0 AppleWebKit/537.36 (KHTML, like Gecko; compatible; GPTBot/1.2; +https://openai.com/gptbot)"
20.171.207.118 - - [08/Sep/2025:21:40:44 +0700] "GET /?p=7402 HTTP/1.0" 301 491 "-" "Mozilla/5.0 AppleWebKit/537.36 (KHTML, like Gecko; compatible; GPTBot/1.2; +https://openai.com/gptbot)"
20.171.207.118 - - [08/Sep/2025:21:40:46 +0700] "GET /omegle-and-ometv-for-discussing-current-events/ HTTP/1.0" 200 91292 "-" "Mozilla/5.0 AppleWebKit/537.36 (KHTML, like Gecko; compatible; GPTBot/1.2; +https://openai.com/gptbot)"
20.171.207.118 - - [08/Sep/2025:21:40:54 +0700] "GET /history-of-omegle-from-inception-to-popularity/ HTTP/1.0" 200 88499 "-" "Mozilla/5.0 AppleWebKit/537.36 (KHTML, like Gecko; compatible; GPTBot/1.2; +https://openai.com/gptbot)"
45.117.177.72 - - [08/Sep/2025:21:41:08 +0700] "POST /wp-cron.php?doing_wp_cron=1757342468.7306139469146728515625 HTTP/1.0" 200 416 "-" "WordPress/6.8.1; https://vattusacky.vn"
20.171.207.118 - - [08/Sep/2025:21:41:07 +0700] "GET /?p=7504 HTTP/1.0" 301 491 "-" "Mozilla/5.0 AppleWebKit/537.36 (KHTML, like Gecko; compatible; GPTBot/1.2; +https://openai.com/gptbot)"
20.171.207.118 - - [08/Sep/2025:21:41:09 +0700] "GET /omegle-and-the-changing-dynamics-of-friendship/ HTTP/1.0" 200 90933 "-" "Mozilla/5.0 AppleWebKit/537.36 (KHTML, like Gecko; compatible; GPTBot/1.2; +https://openai.com/gptbot)"
20.171.207.118 - - [08/Sep/2025:21:41:20 +0700] "GET /?p=7665 HTTP/1.0" 301 512 "-" "Mozilla/5.0 AppleWebKit/537.36 (KHTML, like Gecko; compatible; GPTBot/1.2; +https://openai.com/gptbot)"
45.117.177.72 - - [08/Sep/2025:21:41:21 +0700] "POST /wp-cron.php?doing_wp_cron=1757342481.3835310935974121093750 HTTP/1.0" 200 416 "-" "WordPress/6.8.1; https://vattusacky.vn"
20.171.207.118 - - [08/Sep/2025:21:41:22 +0700] "GET /omegle-for-travelers-connecting-with-locals-and-exploring-the-world/ HTTP/1.0" 200 91518 "-" "Mozilla/5.0 AppleWebKit/537.36 (KHTML, like Gecko; compatible; GPTBot/1.2; +https://openai.com/gptbot)"
20.171.207.118 - - [08/Sep/2025:21:41:32 +0700] "GET /?p=7011 HTTP/1.0" 301 491 "-" "Mozilla/5.0 AppleWebKit/537.36 (KHTML, like Gecko; compatible; GPTBot/1.2; +https://openai.com/gptbot)"
20.171.207.118 - - [08/Sep/2025:21:41:33 +0700] "GET /how-does-omegle-promote-empathy-and-compassion/ HTTP/1.0" 200 93495 "-" "Mozilla/5.0 AppleWebKit/537.36 (KHTML, like Gecko; compatible; GPTBot/1.2; +https://openai.com/gptbot)"
20.171.207.118 - - [08/Sep/2025:21:41:58 +0700] "GET /?p=8522 HTTP/1.0" 301 524 "-" "Mozilla/5.0 AppleWebKit/537.36 (KHTML, like Gecko; compatible; GPTBot/1.2; +https://openai.com/gptbot)"
20.171.207.118 - - [08/Sep/2025:21:41:59 +0700] "GET /the-impact-of-connection-on-mental-well-being-through-omegles-social-experiment/ HTTP/1.0" 200 91898 "-" "Mozilla/5.0 AppleWebKit/537.36 (KHTML, like Gecko; compatible; GPTBot/1.2; +https://openai.com/gptbot)"
52.167.144.158 - - [08/Sep/2025:21:42:11 +0700] "GET /omegle-anonymous-chat-pros-and-cons-of-anonymous-interaction/ HTTP/1.0" 200 90643 "-" "Mozilla/5.0 AppleWebKit/537.36 (KHTML, like Gecko; compatible; bingbot/2.0; +http://www.bing.com/bingbot.htm) Chrome/116.0.1938.76 Safari/537.36"
45.117.177.72 - - [08/Sep/2025:21:42:19 +0700] "POST /wp-cron.php?doing_wp_cron=1757342539.5254969596862792968750 HTTP/1.0" 200 416 "-" "WordPress/6.8.1; https://vattusacky.vn"
20.171.207.118 - - [08/Sep/2025:21:42:18 +0700] "GET /?p=8576 HTTP/1.0" 301 524 "-" "Mozilla/5.0 AppleWebKit/537.36 (KHTML, like Gecko; compatible; GPTBot/1.2; +https://openai.com/gptbot)"
20.171.207.118 - - [08/Sep/2025:21:42:19 +0700] "GET /the-impact-of-technology-examining-the-changing-landscape-of-intimacy-on-omegle/ HTTP/1.0" 200 92325 "-" "Mozilla/5.0 AppleWebKit/537.36 (KHTML, like Gecko; compatible; GPTBot/1.2; +https://openai.com/gptbot)"
20.171.207.118 - - [08/Sep/2025:21:42:31 +0700] "GET /navigating-the-risks-and-precautions-on-omegle/ HTTP/1.0" 200 90431 "-" "Mozilla/5.0 AppleWebKit/537.36 (KHTML, like Gecko; compatible; GPTBot/1.2; +https://openai.com/gptbot)"
20.171.207.118 - - [08/Sep/2025:21:42:42 +0700] "GET /omegles-impact-on-society-a-global-perspective/ HTTP/1.0" 200 92229 "-" "Mozilla/5.0 AppleWebKit/537.36 (KHTML, like Gecko; compatible; GPTBot/1.2; +https://openai.com/gptbot)"
20.171.207.118 - - [08/Sep/2025:21:42:54 +0700] "GET /?p=7706 HTTP/1.0" 301 489 "-" "Mozilla/5.0 AppleWebKit/537.36 (KHTML, like Gecko; compatible; GPTBot/1.2; +https://openai.com/gptbot)"
20.171.207.118 - - [08/Sep/2025:21:42:55 +0700] "GET /omegle-tales-adventures-in-the-digital-abyss/ HTTP/1.0" 200 90702 "-" "Mozilla/5.0 AppleWebKit/537.36 (KHTML, like Gecko; compatible; GPTBot/1.2; +https://openai.com/gptbot)"
20.171.207.118 - - [08/Sep/2025:21:43:09 +0700] "GET /?p=7001 HTTP/1.0" 301 491 "-" "Mozilla/5.0 AppleWebKit/537.36 (KHTML, like Gecko; compatible; GPTBot/1.2; +https://openai.com/gptbot)"
20.171.207.118 - - [08/Sep/2025:21:43:11 +0700] "GET /history-of-omegle-from-inception-to-popularity/ HTTP/1.0" 200 88499 "-" "Mozilla/5.0 AppleWebKit/537.36 (KHTML, like Gecko; compatible; GPTBot/1.2; +https://openai.com/gptbot)"
45.117.177.72 - - [08/Sep/2025:21:44:00 +0700] "POST /wp-cron.php?doing_wp_cron=1757342640.4626948833465576171875 HTTP/1.0" 200 416 "-" "WordPress/6.8.1; https://vattusacky.vn"
20.171.207.118 - - [08/Sep/2025:21:43:59 +0700] "GET /how-to-construct-a-mutually-beneficial-romance/ HTTP/1.0" 200 208099 "-" "Mozilla/5.0 AppleWebKit/537.36 (KHTML, like Gecko; compatible; GPTBot/1.2; +https://openai.com/gptbot)"
45.117.177.72 - - [08/Sep/2025:21:44:22 +0700] "POST /wp-cron.php?doing_wp_cron=1757342661.9047520160675048828125 HTTP/1.0" 200 416 "-" "WordPress/6.8.1; https://vattusacky.vn"
20.171.207.118 - - [08/Sep/2025:21:44:20 +0700] "GET /omegle-and-ometv-for-long-distance-friendships/ HTTP/1.0" 200 91274 "-" "Mozilla/5.0 AppleWebKit/537.36 (KHTML, like Gecko; compatible; GPTBot/1.2; +https://openai.com/gptbot)"
20.171.207.118 - - [08/Sep/2025:21:44:41 +0700] "GET /is-omegle-really-anonymous-debunking-the-myths/ HTTP/1.0" 200 85859 "-" "Mozilla/5.0 AppleWebKit/537.36 (KHTML, like Gecko; compatible; GPTBot/1.2; +https://openai.com/gptbot)"
45.117.177.72 - - [08/Sep/2025:21:45:17 +0700] "POST /wp-cron.php?doing_wp_cron=1757342717.6276049613952636718750 HTTP/1.0" 200 416 "-" "WordPress/6.8.1; https://vattusacky.vn"
20.171.207.118 - - [08/Sep/2025:21:45:16 +0700] "GET /?p=7884 HTTP/1.0" 301 501 "-" "Mozilla/5.0 AppleWebKit/537.36 (KHTML, like Gecko; compatible; GPTBot/1.2; +https://openai.com/gptbot)"
20.171.207.118 - - [08/Sep/2025:21:45:18 +0700] "GET /omegles-influence-on-self-confidence-and-self-expression/ HTTP/1.0" 200 91801 "-" "Mozilla/5.0 AppleWebKit/537.36 (KHTML, like Gecko; compatible; GPTBot/1.2; +https://openai.com/gptbot)"
20.171.207.118 - - [08/Sep/2025:21:45:38 +0700] "GET /omegles-future-transforming-the-way-we-connect/ HTTP/1.0" 200 90805 "-" "Mozilla/5.0 AppleWebKit/537.36 (KHTML, like Gecko; compatible; GPTBot/1.2; +https://openai.com/gptbot)"
20.171.207.118 - - [08/Sep/2025:21:45:51 +0700] "GET /a-comprehensive-comparison-of-omegle-and-ometv/ HTTP/1.0" 200 91196 "-" "Mozilla/5.0 AppleWebKit/537.36 (KHTML, like Gecko; compatible; GPTBot/1.2; +https://openai.com/gptbot)"
20.171.207.118 - - [08/Sep/2025:21:46:03 +0700] "GET /pin-up-aviator-game-review-9 HTTP/1.0" 301 473 "-" "Mozilla/5.0 AppleWebKit/537.36 (KHTML, like Gecko; compatible; GPTBot/1.2; +https://openai.com/gptbot)"
20.171.207.118 - - [08/Sep/2025:21:46:04 +0700] "GET /pin-up-aviator-game-review-9/ HTTP/1.0" 200 248930 "-" "Mozilla/5.0 AppleWebKit/537.36 (KHTML, like Gecko; compatible; GPTBot/1.2; +https://openai.com/gptbot)"
45.117.177.72 - - [08/Sep/2025:21:46:19 +0700] "POST /wp-cron.php?doing_wp_cron=1757342779.4393820762634277343750 HTTP/1.0" 200 416 "-" "WordPress/6.8.1; https://vattusacky.vn"
20.171.207.118 - - [08/Sep/2025:21:46:18 +0700] "GET /spotlight-on-omegle-artists-showcasing-their-unique-collaborations/ HTTP/1.0" 200 93120 "-" "Mozilla/5.0 AppleWebKit/537.36 (KHTML, like Gecko; compatible; GPTBot/1.2; +https://openai.com/gptbot)"
45.117.177.72 - - [08/Sep/2025:21:46:30 +0700] "POST /wp-cron.php?doing_wp_cron=1757342790.0677850246429443359375 HTTP/1.0" 200 416 "-" "WordPress/6.8.1; https://vattusacky.vn"
20.171.207.118 - - [08/Sep/2025:21:46:28 +0700] "GET /?p=7855 HTTP/1.0" 301 491 "-" "Mozilla/5.0 AppleWebKit/537.36 (KHTML, like Gecko; compatible; GPTBot/1.2; +https://openai.com/gptbot)"
20.171.207.118 - - [08/Sep/2025:21:46:30 +0700] "GET /omegles-impact-on-society-a-global-perspective/ HTTP/1.0" 200 92229 "-" "Mozilla/5.0 AppleWebKit/537.36 (KHTML, like Gecko; compatible; GPTBot/1.2; +https://openai.com/gptbot)"
20.171.207.118 - - [08/Sep/2025:21:46:57 +0700] "GET /?p=7254 HTTP/1.0" 301 491 "-" "Mozilla/5.0 AppleWebKit/537.36 (KHTML, like Gecko; compatible; GPTBot/1.2; +https://openai.com/gptbot)"
20.171.207.118 - - [08/Sep/2025:21:46:59 +0700] "GET /navigating-the-risks-and-precautions-on-omegle/ HTTP/1.0" 200 90431 "-" "Mozilla/5.0 AppleWebKit/537.36 (KHTML, like Gecko; compatible; GPTBot/1.2; +https://openai.com/gptbot)"
142.44.228.175 - - [08/Sep/2025:21:47:10 +0700] "GET /unleashing-creativity-how-omegle-inspires-artistic-collaborations/ HTTP/1.0" 200 92974 "-" "Mozilla/5.0 (compatible; AhrefsBot/7.0; +http://ahrefs.com/robot/)"
20.171.207.118 - - [08/Sep/2025:21:47:11 +0700] "GET /the-role-of-intuition-in-omegle-conversations-trusting-your-gut-in-online-interactions/ HTTP/1.0" 200 91946 "-" "Mozilla/5.0 AppleWebKit/537.36 (KHTML, like Gecko; compatible; GPTBot/1.2; +https://openai.com/gptbot)"
51.161.37.54 - - [08/Sep/2025:21:47:14 +0700] "GET /wp-content/uploads/2018/06/mettler-logo.png HTTP/1.0" 200 419 "-" "Mozilla/5.0 (compatible; AhrefsBot/7.0; +http://ahrefs.com/robot/)"
51.161.37.54 - - [08/Sep/2025:21:47:14 +0700] "GET /wp-content/uploads/2018/06/mettler-logo.png HTTP/2.0" 200 17240 "-" "Mozilla/5.0 (compatible; AhrefsBot/7.0; +http://ahrefs.com/robot/)"
167.114.139.216 - - [08/Sep/2025:21:47:16 +0700] "GET /wp-content/uploads/2018/06/evermed-logo.jpg HTTP/2.0" 200 15548 "-" "Mozilla/5.0 (compatible; AhrefsBot/7.0; +http://ahrefs.com/robot/)"
167.114.139.216 - - [08/Sep/2025:21:47:16 +0700] "GET /wp-content/uploads/2018/06/evermed-logo.jpg HTTP/1.0" 200 420 "-" "Mozilla/5.0 (compatible; AhrefsBot/7.0; +http://ahrefs.com/robot/)"
51.222.95.79 - - [08/Sep/2025:21:47:18 +0700] "GET /wp-content/uploads/2018/06/logo-aco.gif HTTP/1.0" 200 415 "-" "Mozilla/5.0 (compatible; AhrefsBot/7.0; +http://ahrefs.com/robot/)"
51.222.95.79 - - [08/Sep/2025:21:47:18 +0700] "GET /wp-content/uploads/2018/06/logo-aco.gif HTTP/2.0" 200 13156 "-" "Mozilla/5.0 (compatible; AhrefsBot/7.0; +http://ahrefs.com/robot/)"
45.117.177.72 - - [08/Sep/2025:21:47:23 +0700] "POST /wp-cron.php?doing_wp_cron=1757342843.1986439228057861328125 HTTP/1.0" 200 416 "-" "WordPress/6.8.1; https://vattusacky.vn"
20.171.207.118 - - [08/Sep/2025:21:47:21 +0700] "GET /?p=7425 HTTP/1.0" 301 491 "-" "Mozilla/5.0 AppleWebKit/537.36 (KHTML, like Gecko; compatible; GPTBot/1.2; +https://openai.com/gptbot)"
20.171.207.118 - - [08/Sep/2025:21:47:23 +0700] "GET /omegle-and-ometv-for-long-distance-friendships/ HTTP/1.0" 200 91274 "-" "Mozilla/5.0 AppleWebKit/537.36 (KHTML, like Gecko; compatible; GPTBot/1.2; +https://openai.com/gptbot)"
20.171.207.118 - - [08/Sep/2025:21:47:34 +0700] "GET /?p=7140 HTTP/1.0" 301 491 "-" "Mozilla/5.0 AppleWebKit/537.36 (KHTML, like Gecko; compatible; GPTBot/1.2; +https://openai.com/gptbot)"
20.171.207.118 - - [08/Sep/2025:21:47:35 +0700] "GET /is-omegle-really-anonymous-debunking-the-myths/ HTTP/1.0" 200 85859 "-" "Mozilla/5.0 AppleWebKit/537.36 (KHTML, like Gecko; compatible; GPTBot/1.2; +https://openai.com/gptbot)"
20.171.207.118 - - [08/Sep/2025:21:47:51 +0700] "GET /can-virtual-empathy-be-as-effective-as-face-to-face-empathy/ HTTP/1.0" 200 92331 "-" "Mozilla/5.0 AppleWebKit/537.36 (KHTML, like Gecko; compatible; GPTBot/1.2; +https://openai.com/gptbot)"
20.171.207.118 - - [08/Sep/2025:21:48:04 +0700] "GET /how-to-locate-an-essay-helper-for-the-job/ HTTP/1.0" 200 206123 "-" "Mozilla/5.0 AppleWebKit/537.36 (KHTML, like Gecko; compatible; GPTBot/1.2; +https://openai.com/gptbot)"
45.117.177.72 - - [08/Sep/2025:21:48:25 +0700] "POST /wp-cron.php?doing_wp_cron=1757342905.6165421009063720703125 HTTP/1.0" 200 416 "-" "WordPress/6.8.1; https://vattusacky.vn"
15.235.96.105 - - [08/Sep/2025:21:48:24 +0700] "GET /aviator-video-games-and-best-aviator-betting-25/ HTTP/1.0" 200 239086 "-" "Mozilla/5.0 (compatible; AhrefsBot/7.0; +http://ahrefs.com/robot/)"
20.171.207.118 - - [08/Sep/2025:21:48:25 +0700] "GET /?p=7817 HTTP/1.0" 301 491 "-" "Mozilla/5.0 AppleWebKit/537.36 (KHTML, like Gecko; compatible; GPTBot/1.2; +https://openai.com/gptbot)"
20.171.207.118 - - [08/Sep/2025:21:48:26 +0700] "GET /omegles-future-transforming-the-way-we-connect/ HTTP/1.0" 200 90805 "-" "Mozilla/5.0 AppleWebKit/537.36 (KHTML, like Gecko; compatible; GPTBot/1.2; +https://openai.com/gptbot)"
20.171.207.118 - - [08/Sep/2025:21:48:54 +0700] "GET /?p=8238 HTTP/1.0" 301 511 "-" "Mozilla/5.0 AppleWebKit/537.36 (KHTML, like Gecko; compatible; GPTBot/1.2; +https://openai.com/gptbot)"
20.171.207.118 - - [08/Sep/2025:21:48:55 +0700] "GET /spotlight-on-omegle-artists-showcasing-their-unique-collaborations/ HTTP/1.0" 200 93120 "-" "Mozilla/5.0 AppleWebKit/537.36 (KHTML, like Gecko; compatible; GPTBot/1.2; +https://openai.com/gptbot)"
45.117.177.72 - - [08/Sep/2025:21:49:19 +0700] "POST /wp-cron.php?doing_wp_cron=1757342959.2521419525146484375000 HTTP/1.0" 200 416 "-" "WordPress/6.8.1; https://vattusacky.vn"
20.171.207.118 - - [08/Sep/2025:21:49:18 +0700] "GET /unraveling-the-mysteries-of-friendship-in-omelove-stories/ HTTP/1.0" 200 90792 "-" "Mozilla/5.0 AppleWebKit/537.36 (KHTML, like Gecko; compatible; GPTBot/1.2; +https://openai.com/gptbot)"
51.161.65.123 - - [08/Sep/2025:21:49:24 +0700] "GET /tips-for-finding-interesting-conversations-on-ometv/ HTTP/1.0" 200 90895 "-" "Mozilla/5.0 (compatible; AhrefsBot/7.0; +http://ahrefs.com/robot/)"
20.171.207.118 - - [08/Sep/2025:21:49:51 +0700] "GET /omegles-impact-on-long-distance-relationships-and-virtual-intimacy/ HTTP/1.0" 200 94105 "-" "Mozilla/5.0 AppleWebKit/537.36 (KHTML, like Gecko; compatible; GPTBot/1.2; +https://openai.com/gptbot)"
45.117.177.72 - - [08/Sep/2025:21:50:20 +0700] "POST /wp-cron.php?doing_wp_cron=1757343019.9522640705108642578125 HTTP/1.0" 200 416 "-" "WordPress/6.8.1; https://vattusacky.vn"
20.171.207.118 - - [08/Sep/2025:21:50:18 +0700] "GET /?p=8869 HTTP/1.0" 301 531 "-" "Mozilla/5.0 AppleWebKit/537.36 (KHTML, like Gecko; compatible; GPTBot/1.2; +https://openai.com/gptbot)"
20.171.207.118 - - [08/Sep/2025:21:50:20 +0700] "GET /the-role-of-intuition-in-omegle-conversations-trusting-your-gut-in-online-interactions/ HTTP/1.0" 200 91946 "-" "Mozilla/5.0 AppleWebKit/537.36 (KHTML, like Gecko; compatible; GPTBot/1.2; +https://openai.com/gptbot)"
51.161.37.108 - - [08/Sep/2025:21:50:24 +0700] "GET /unveiling-omegle-artistry-a-look-into-the-collaborative-process/ HTTP/1.0" 200 93150 "-" "Mozilla/5.0 (compatible; AhrefsBot/7.0; +http://ahrefs.com/robot/)"
20.171.207.118 - - [08/Sep/2025:21:50:43 +0700] "GET /the-role-of-age-restrictions-and-verification-in-omegle-and-ometv-protecting-minors-online/ HTTP/1.0" 200 91504 "-" "Mozilla/5.0 AppleWebKit/537.36 (KHTML, like Gecko; compatible; GPTBot/1.2; +https://openai.com/gptbot)"
20.171.207.118 - - [08/Sep/2025:21:51:03 +0700] "GET /the-addictive-nature-of-omegles-random-encounters/ HTTP/1.0" 200 91684 "-" "Mozilla/5.0 AppleWebKit/537.36 (KHTML, like Gecko; compatible; GPTBot/1.2; +https://openai.com/gptbot)"
45.117.177.72 - - [08/Sep/2025:21:51:19 +0700] "POST /wp-cron.php?doing_wp_cron=1757343079.0036079883575439453125 HTTP/1.0" 200 416 "-" "WordPress/6.8.1; https://vattusacky.vn"
54.39.203.227 - - [08/Sep/2025:21:51:17 +0700] "GET /quantracmoitruongbien/ HTTP/1.0" 200 239115 "-" "Mozilla/5.0 (compatible; AhrefsBot/7.0; +http://ahrefs.com/robot/)"
20.171.207.118 - - [08/Sep/2025:21:51:19 +0700] "GET /cach-nhanh-chong-tien-len-truc-tuyen-oncredit-vn-co-the-giup-noi-ve-hoa-don-dot-ngot/ HTTP/1.0" 200 241619 "-" "Mozilla/5.0 AppleWebKit/537.36 (KHTML, like Gecko; compatible; GPTBot/1.2; +https://openai.com/gptbot)"
20.171.207.118 - - [08/Sep/2025:21:51:35 +0700] "GET /strategies-for-building-meaningful-connections-on-omegle-and-ometv/ HTTP/1.0" 200 84959 "-" "Mozilla/5.0 AppleWebKit/537.36 (KHTML, like Gecko; compatible; GPTBot/1.2; +https://openai.com/gptbot)"
20.171.207.118 - - [08/Sep/2025:21:51:52 +0700] "GET /tien-do-tra-vay-oncredit-gop-gan-day-cmnd/ HTTP/1.0" 200 209893 "-" "Mozilla/5.0 AppleWebKit/537.36 (KHTML, like Gecko; compatible; GPTBot/1.2; +https://openai.com/gptbot)"
142.44.225.235 - - [08/Sep/2025:21:52:10 +0700] "GET /the-unique-features-of-omegle-anonymous-chatting-and-video-calls/ HTTP/1.0" 200 87114 "-" "Mozilla/5.0 (compatible; AhrefsBot/7.0; +http://ahrefs.com/robot/)"
20.171.207.118 - - [08/Sep/2025:21:52:12 +0700] "GET /omegles-impact-on-social-connections-and-loneliness/ HTTP/1.0" 200 91236 "-" "Mozilla/5.0 AppleWebKit/537.36 (KHTML, like Gecko; compatible; GPTBot/1.2; +https://openai.com/gptbot)"
45.117.177.72 - - [08/Sep/2025:21:52:31 +0700] "POST /wp-cron.php?doing_wp_cron=1757343151.6108798980712890625000 HTTP/1.0" 200 416 "-" "WordPress/6.8.1; https://vattusacky.vn"
20.171.207.118 - - [08/Sep/2025:21:52:30 +0700] "GET /?p=2406 HTTP/1.0" 301 491 "-" "Mozilla/5.0 AppleWebKit/537.36 (KHTML, like Gecko; compatible; GPTBot/1.2; +https://openai.com/gptbot)"
20.171.207.118 - - [08/Sep/2025:21:52:32 +0700] "GET /how-to-construct-a-mutually-beneficial-romance/ HTTP/1.0" 200 207953 "-" "Mozilla/5.0 AppleWebKit/537.36 (KHTML, like Gecko; compatible; GPTBot/1.2; +https://openai.com/gptbot)"
20.171.207.118 - - [08/Sep/2025:21:52:46 +0700] "GET /?p=9145 HTTP/1.0" 301 502 "-" "Mozilla/5.0 AppleWebKit/537.36 (KHTML, like Gecko; compatible; GPTBot/1.2; +https://openai.com/gptbot)"
20.171.207.118 - - [08/Sep/2025:21:52:47 +0700] "GET /unraveling-the-mysteries-of-friendship-in-omelove-stories/ HTTP/1.0" 200 90646 "-" "Mozilla/5.0 AppleWebKit/537.36 (KHTML, like Gecko; compatible; GPTBot/1.2; +https://openai.com/gptbot)"
20.171.207.118 - - [08/Sep/2025:21:53:06 +0700] "GET /a-guide-to-hiring-professional-custom-essay-writers/ HTTP/1.0" 200 207319 "-" "Mozilla/5.0 AppleWebKit/537.36 (KHTML, like Gecko; compatible; GPTBot/1.2; +https://openai.com/gptbot)"
51.222.95.213 - - [08/Sep/2025:21:53:12 +0700] "GET /quantracmoitruongnuocngam/ HTTP/1.0" 200 263050 "-" "Mozilla/5.0 (compatible; AhrefsBot/7.0; +http://ahrefs.com/robot/)"
54.39.6.194 - - [08/Sep/2025:21:53:18 +0700] "GET /wp-content/uploads/2018/04/giay-phep-khai-thac-nuoc-duoi-dat1.jpg HTTP/1.0" 200 442 "-" "Mozilla/5.0 (compatible; AhrefsBot/7.0; +http://ahrefs.com/robot/)"
54.39.6.194 - - [08/Sep/2025:21:53:18 +0700] "GET /wp-content/uploads/2018/04/giay-phep-khai-thac-nuoc-duoi-dat1.jpg HTTP/2.0" 200 8590 "-" "Mozilla/5.0 (compatible; AhrefsBot/7.0; +http://ahrefs.com/robot/)"
54.39.0.5 - - [08/Sep/2025:21:53:20 +0700] "GET /wp-content/uploads/2018/04/nuoc-ngam.jpg HTTP/2.0" 200 79365 "-" "Mozilla/5.0 (compatible; AhrefsBot/7.0; +http://ahrefs.com/robot/)"
54.39.0.5 - - [08/Sep/2025:21:53:20 +0700] "GET /wp-content/uploads/2018/04/nuoc-ngam.jpg HTTP/1.0" 200 417 "-" "Mozilla/5.0 (compatible; AhrefsBot/7.0; +http://ahrefs.com/robot/)"
45.117.177.72 - - [08/Sep/2025:21:53:52 +0700] "POST /wp-cron.php?doing_wp_cron=1757343232.6924190521240234375000 HTTP/1.0" 200 416 "-" "WordPress/6.8.1; https://vattusacky.vn"
20.171.207.118 - - [08/Sep/2025:21:53:51 +0700] "GET /?p=8301 HTTP/1.0" 301 494 "-" "Mozilla/5.0 AppleWebKit/537.36 (KHTML, like Gecko; compatible; GPTBot/1.2; +https://openai.com/gptbot)"
20.171.207.118 - - [08/Sep/2025:21:53:53 +0700] "GET /the-addictive-nature-of-omegles-random-encounters/ HTTP/1.0" 200 91684 "-" "Mozilla/5.0 AppleWebKit/537.36 (KHTML, like Gecko; compatible; GPTBot/1.2; +https://openai.com/gptbot)"
15.235.98.170 - - [08/Sep/2025:21:53:56 +0700] "GET /the-unexpected-joy-of-random-connections-on-omegle/ HTTP/1.0" 200 90863 "-" "Mozilla/5.0 (compatible; AhrefsBot/7.0; +http://ahrefs.com/robot/)"
45.117.177.72 - - [08/Sep/2025:21:54:27 +0700] "POST /wp-cron.php?doing_wp_cron=1757343267.1014089584350585937500 HTTP/1.0" 200 416 "-" "WordPress/6.8.1; https://vattusacky.vn"
20.171.207.118 - - [08/Sep/2025:21:54:25 +0700] "GET /?p=8255 HTTP/1.0" 301 657 "-" "Mozilla/5.0 AppleWebKit/537.36 (KHTML, like Gecko; compatible; GPTBot/1.2; +https://openai.com/gptbot)"
20.171.207.118 - - [08/Sep/2025:21:54:43 +0700] "GET /strategies-for-building-meaningful-connections-on-omegle-and-ometv/ HTTP/1.0" 200 84959 "-" "Mozilla/5.0 AppleWebKit/537.36 (KHTML, like Gecko; compatible; GPTBot/1.2; +https://openai.com/gptbot)"
15.235.98.193 - - [08/Sep/2025:21:54:47 +0700] "GET /tips-for-parents-to-keep-their-children-safe-on-omegle/ HTTP/1.0" 200 90726 "-" "Mozilla/5.0 (compatible; AhrefsBot/7.0; +http://ahrefs.com/robot/)"
20.171.207.118 - - [08/Sep/2025:21:55:00 +0700] "GET /?p=4175 HTTP/1.0" 301 473 "-" "Mozilla/5.0 AppleWebKit/537.36 (KHTML, like Gecko; compatible; GPTBot/1.2; +https://openai.com/gptbot)"
20.171.207.118 - - [08/Sep/2025:21:55:02 +0700] "GET /pin-up-aviator-game-review-9/ HTTP/1.0" 200 248930 "-" "Mozilla/5.0 AppleWebKit/537.36 (KHTML, like Gecko; compatible; GPTBot/1.2; +https://openai.com/gptbot)"
45.117.177.72 - - [08/Sep/2025:21:55:40 +0700] "POST /wp-cron.php?doing_wp_cron=1757343339.8793818950653076171875 HTTP/1.0" 200 416 "-" "WordPress/6.8.1; https://vattusacky.vn"
20.171.207.118 - - [08/Sep/2025:21:55:38 +0700] "GET /?p=7831 HTTP/1.0" 301 511 "-" "Mozilla/5.0 AppleWebKit/537.36 (KHTML, like Gecko; compatible; GPTBot/1.2; +https://openai.com/gptbot)"
54.39.203.198 - - [08/Sep/2025:21:55:39 +0700] "GET /thong-tu-24/ HTTP/1.0" 200 248678 "-" "Mozilla/5.0 (compatible; AhrefsBot/7.0; +http://ahrefs.com/robot/)"
20.171.207.118 - - [08/Sep/2025:21:55:40 +0700] "GET /omegles-impact-on-long-distance-relationships-and-virtual-intimacy/ HTTP/1.0" 200 94105 "-" "Mozilla/5.0 AppleWebKit/537.36 (KHTML, like Gecko; compatible; GPTBot/1.2; +https://openai.com/gptbot)"
15.235.98.191 - - [08/Sep/2025:21:56:03 +0700] "GET /wp-includes/js/wp-embed.min.js?ver=6.8.1 HTTP/1.0" 200 419 "-" "Mozilla/5.0 (compatible; AhrefsBot/7.0; +http://ahrefs.com/robot/)"
15.235.98.191 - - [08/Sep/2025:21:56:03 +0700] "GET /wp-includes/js/wp-embed.min.js?ver=6.8.1 HTTP/2.0" 200 616 "-" "Mozilla/5.0 (compatible; AhrefsBot/7.0; +http://ahrefs.com/robot/)"
51.222.95.11 - - [08/Sep/2025:21:56:04 +0700] "GET /wp-content/uploads/2018/04/download.jpg HTTP/2.0" 200 9423 "-" "Mozilla/5.0 (compatible; AhrefsBot/7.0; +http://ahrefs.com/robot/)"
51.222.95.11 - - [08/Sep/2025:21:56:04 +0700] "GET /wp-content/uploads/2018/04/download.jpg HTTP/1.0" 200 416 "-" "Mozilla/5.0 (compatible; AhrefsBot/7.0; +http://ahrefs.com/robot/)"
20.171.207.118 - - [08/Sep/2025:21:56:10 +0700] "GET /?p=2851 HTTP/1.0" 301 440 "-" "Mozilla/5.0 AppleWebKit/537.36 (KHTML, like Gecko; compatible; GPTBot/1.2; +https://openai.com/gptbot)"
20.171.207.118 - - [08/Sep/2025:21:56:11 +0700] "GET /how-to-locate-an-essay-helper-for-the-job/ HTTP/1.0" 200 206123 "-" "Mozilla/5.0 AppleWebKit/537.36 (KHTML, like Gecko; compatible; GPTBot/1.2; +https://openai.com/gptbot)"
45.117.177.72 - - [08/Sep/2025:21:56:28 +0700] "POST /wp-cron.php?doing_wp_cron=1757343387.7721390724182128906250 HTTP/1.0" 200 416 "-" "WordPress/6.8.1; https://vattusacky.vn"
142.44.228.91 - - [08/Sep/2025:21:56:26 +0700] "GET /free-online-slots-how-to-play-free-slots-on-the-internet/ HTTP/1.0" 200 209233 "-" "Mozilla/5.0 (compatible; AhrefsBot/7.0; +http://ahrefs.com/robot/)"
85.208.96.195 - - [08/Sep/2025:21:56:37 +0700] "GET /bet9ja-casino-sport-pyramids-of-anubis-june-2023-31/ HTTP/1.0" 200 238512 "-" "Mozilla/5.0 (compatible; SemrushBot/7~bl; +http://www.semrush.com/bot.html)"
20.171.207.118 - - [08/Sep/2025:21:56:39 +0700] "GET /?p=8804 HTTP/1.0" 301 535 "-" "Mozilla/5.0 AppleWebKit/537.36 (KHTML, like Gecko; compatible; GPTBot/1.2; +https://openai.com/gptbot)"
20.171.207.118 - - [08/Sep/2025:21:56:40 +0700] "GET /the-role-of-age-restrictions-and-verification-in-omegle-and-ometv-protecting-minors-online/ HTTP/1.0" 200 91504 "-" "Mozilla/5.0 AppleWebKit/537.36 (KHTML, like Gecko; compatible; GPTBot/1.2; +https://openai.com/gptbot)"
142.44.228.198 - - [08/Sep/2025:21:56:48 +0700] "GET /free-online-slots-how-to-play-free-slots-on-the-internet/ HTTP/1.0" 200 209233 "-" "Mozilla/5.0 (compatible; AhrefsBot/7.0; +http://ahrefs.com/robot/)"
142.44.220.81 - - [08/Sep/2025:21:57:10 +0700] "GET /tips-for-making-the-most-out-of-your-omegle-and-ometv-experiences/ HTTP/1.0" 200 93091 "-" "Mozilla/5.0 (compatible; AhrefsBot/7.0; +http://ahrefs.com/robot/)"
45.117.177.72 - - [08/Sep/2025:21:57:43 +0700] "POST /wp-cron.php?doing_wp_cron=1757343463.7846159934997558593750 HTTP/1.0" 200 416 "-" "WordPress/6.8.1; https://vattusacky.vn"
20.171.207.118 - - [08/Sep/2025:21:57:42 +0700] "GET /?p=2646 HTTP/1.0" 301 529 "-" "Mozilla/5.0 AppleWebKit/537.36 (KHTML, like Gecko; compatible; GPTBot/1.2; +https://openai.com/gptbot)"
20.171.207.118 - - [08/Sep/2025:21:57:44 +0700] "GET /cach-nhanh-chong-tien-len-truc-tuyen-oncredit-vn-co-the-giup-noi-ve-hoa-don-dot-ngot/ HTTP/1.0" 200 241619 "-" "Mozilla/5.0 AppleWebKit/537.36 (KHTML, like Gecko; compatible; GPTBot/1.2; +https://openai.com/gptbot)"
54.39.89.119 - - [08/Sep/2025:21:57:58 +0700] "GET /unveiling-cultural-nuances-on-omegles-cross-cultural-platform/ HTTP/1.0" 200 82177 "-" "Mozilla/5.0 (compatible; AhrefsBot/7.0; +http://ahrefs.com/robot/)"
20.171.207.118 - - [08/Sep/2025:21:58:12 +0700] "GET /?p=7847 HTTP/1.0" 301 496 "-" "Mozilla/5.0 AppleWebKit/537.36 (KHTML, like Gecko; compatible; GPTBot/1.2; +https://openai.com/gptbot)"
45.117.177.72 - - [08/Sep/2025:21:58:18 +0700] "POST /wp-cron.php?doing_wp_cron=1757343498.0827710628509521484375 HTTP/1.0" 200 416 "-" "WordPress/6.8.1; https://vattusacky.vn"
20.171.207.118 - - [08/Sep/2025:21:58:16 +0700] "GET /omegles-impact-on-social-connections-and-loneliness/ HTTP/1.0" 200 91236 "-" "Mozilla/5.0 AppleWebKit/537.36 (KHTML, like Gecko; compatible; GPTBot/1.2; +https://openai.com/gptbot)"
51.222.95.40 - - [08/Sep/2025:21:58:37 +0700] "GET /unleashing-creativity-artistic-expression-on-omegle-chats/ HTTP/1.0" 200 94138 "-" "Mozilla/5.0 (compatible; AhrefsBot/7.0; +http://ahrefs.com/robot/)"
20.171.207.118 - - [08/Sep/2025:21:58:38 +0700] "GET /omegles-role-in-fostering-empathy-and-understanding-across-borders/ HTTP/1.0" 200 92079 "-" "Mozilla/5.0 AppleWebKit/537.36 (KHTML, like Gecko; compatible; GPTBot/1.2; +https://openai.com/gptbot)"
20.171.207.118 - - [08/Sep/2025:21:59:08 +0700] "GET /pin-up-aviator-game-review-9/ HTTP/1.0" 200 248930 "-" "Mozilla/5.0 AppleWebKit/537.36 (KHTML, like Gecko; compatible; GPTBot/1.2; +https://openai.com/gptbot)"
45.117.177.72 - - [08/Sep/2025:21:59:18 +0700] "POST /wp-cron.php?doing_wp_cron=1757343557.7233910560607910156250 HTTP/1.0" 200 416 "-" "WordPress/6.8.1; https://vattusacky.vn"
54.39.0.253 - - [08/Sep/2025:21:59:16 +0700] "GET /the-role-of-intention-in-creating-cosmic-connections-on-omegle/ HTTP/1.0" 200 93963 "-" "Mozilla/5.0 (compatible; AhrefsBot/7.0; +http://ahrefs.com/robot/)"
20.171.207.118 - - [08/Sep/2025:21:59:24 +0700] "GET /?p=2858 HTTP/1.0" 301 450 "-" "Mozilla/5.0 AppleWebKit/537.36 (KHTML, like Gecko; compatible; GPTBot/1.2; +https://openai.com/gptbot)"
20.171.207.118 - - [08/Sep/2025:21:59:31 +0700] "GET /a-guide-to-hiring-professional-custom-essay-writers/ HTTP/1.0" 200 207465 "-" "Mozilla/5.0 AppleWebKit/537.36 (KHTML, like Gecko; compatible; GPTBot/1.2; +https://openai.com/gptbot)"
20.171.207.118 - - [08/Sep/2025:21:59:54 +0700] "GET /omegles-role-in-building-empathy-and-understanding-among-strangers/ HTTP/1.0" 200 93980 "-" "Mozilla/5.0 AppleWebKit/537.36 (KHTML, like Gecko; compatible; GPTBot/1.2; +https://openai.com/gptbot)"
142.44.228.241 - - [08/Sep/2025:22:00:05 +0700] "GET /user-testimonials-and-reviews-on-omegle/ HTTP/1.0" 200 78898 "-" "Mozilla/5.0 (compatible; AhrefsBot/7.0; +http://ahrefs.com/robot/)"
20.171.207.118 - - [08/Sep/2025:22:00:14 +0700] "GET /the-educational-potential-of-omegle-learning-outside-the-classroom/ HTTP/1.0" 200 90150 "-" "Mozilla/5.0 AppleWebKit/537.36 (KHTML, like Gecko; compatible; GPTBot/1.2; +https://openai.com/gptbot)"
45.117.177.72 - - [08/Sep/2025:22:00:32 +0700] "POST /wp-cron.php?doing_wp_cron=1757343632.4835340976715087890625 HTTP/1.0" 200 416 "-" "WordPress/6.8.1; https://vattusacky.vn"
20.171.207.118 - - [08/Sep/2025:22:00:31 +0700] "GET /omegle-long-distance-connections-bridging-the-gap-between-cultures/ HTTP/1.0" 200 75427 "-" "Mozilla/5.0 AppleWebKit/537.36 (KHTML, like Gecko; compatible; GPTBot/1.2; +https://openai.com/gptbot)"
54.39.6.27 - - [08/Sep/2025:22:00:48 +0700] "GET /troubleshoot-and-fix-device-driver-problems-for/ HTTP/1.0" 200 225055 "-" "Mozilla/5.0 (compatible; AhrefsBot/7.0; +http://ahrefs.com/robot/)"
20.171.207.118 - - [08/Sep/2025:22:00:51 +0700] "GET /omegles-role-in-bridging-cultural-gaps-and-promoting-understanding/ HTTP/1.0" 200 91717 "-" "Mozilla/5.0 AppleWebKit/537.36 (KHTML, like Gecko; compatible; GPTBot/1.2; +https://openai.com/gptbot)"
45.117.177.72 - - [08/Sep/2025:22:01:14 +0700] "POST /wp-cron.php?doing_wp_cron=1757343674.2120559215545654296875 HTTP/1.0" 200 416 "-" "WordPress/6.8.1; https://vattusacky.vn"
20.171.207.118 - - [08/Sep/2025:22:01:13 +0700] "GET /journey-into-the-unknown-anonymous-explorers-experiences-on-omegle/ HTTP/1.0" 200 90607 "-" "Mozilla/5.0 AppleWebKit/537.36 (KHTML, like Gecko; compatible; GPTBot/1.2; +https://openai.com/gptbot)"
45.117.177.72 - - [08/Sep/2025:22:01:33 +0700] "POST /wp-cron.php?doing_wp_cron=1757343693.6920440196990966796875 HTTP/1.0" 200 416 "-" "WordPress/6.8.1; https://vattusacky.vn"
20.171.207.118 - - [08/Sep/2025:22:01:32 +0700] "GET /lights-camera-action-entertaining-performances-on-omegle-and-ometv/ HTTP/1.0" 200 91304 "-" "Mozilla/5.0 AppleWebKit/537.36 (KHTML, like Gecko; compatible; GPTBot/1.2; +https://openai.com/gptbot)"
142.44.225.105 - - [08/Sep/2025:22:01:37 +0700] "GET /the-role-of-omegle-in-virtual-events-and-conferences/ HTTP/1.0" 200 81954 "-" "Mozilla/5.0 (compatible; AhrefsBot/7.0; +http://ahrefs.com/robot/)"
20.171.207.118 - - [08/Sep/2025:22:01:49 +0700] "GET /leveraging-technology-for-effective-networking-on-omegle-and-ometv/ HTTP/1.0" 200 90594 "-" "Mozilla/5.0 AppleWebKit/537.36 (KHTML, like Gecko; compatible; GPTBot/1.2; +https://openai.com/gptbot)"
45.117.177.72 - - [08/Sep/2025:22:02:19 +0700] "POST /wp-cron.php?doing_wp_cron=1757343739.6015748977661132812500 HTTP/1.0" 200 416 "-" "WordPress/6.8.1; https://vattusacky.vn"
20.171.207.118 - - [08/Sep/2025:22:02:18 +0700] "GET /letting-your-creativity-shine-using-omegle-for-artistic-expression/ HTTP/1.0" 200 91734 "-" "Mozilla/5.0 AppleWebKit/537.36 (KHTML, like Gecko; compatible; GPTBot/1.2; +https://openai.com/gptbot)"
148.113.128.221 - - [08/Sep/2025:22:02:31 +0700] "GET /category/blog/page/3/ HTTP/1.0" 200 74368 "-" "Mozilla/5.0 (compatible; AhrefsBot/7.0; +http://ahrefs.com/robot/)"
20.171.207.118 - - [08/Sep/2025:22:02:47 +0700] "GET /?p=7176 HTTP/1.0" 301 511 "-" "Mozilla/5.0 AppleWebKit/537.36 (KHTML, like Gecko; compatible; GPTBot/1.2; +https://openai.com/gptbot)"
20.171.207.118 - - [08/Sep/2025:22:02:48 +0700] "GET /lights-camera-action-entertaining-performances-on-omegle-and-ometv/ HTTP/1.0" 200 91304 "-" "Mozilla/5.0 AppleWebKit/537.36 (KHTML, like Gecko; compatible; GPTBot/1.2; +https://openai.com/gptbot)"
54.39.89.214 - - [08/Sep/2025:22:03:05 +0700] "GET /category/blog/page/3/ HTTP/1.0" 200 74368 "-" "Mozilla/5.0 (compatible; AhrefsBot/7.0; +http://ahrefs.com/robot/)"
45.117.177.72 - - [08/Sep/2025:22:03:23 +0700] "POST /wp-cron.php?doing_wp_cron=1757343803.1986129283905029296875 HTTP/1.0" 200 416 "-" "WordPress/6.8.1; https://vattusacky.vn"
20.171.207.118 - - [08/Sep/2025:22:03:21 +0700] "GET /?p=7925 HTTP/1.0" 301 511 "-" "Mozilla/5.0 AppleWebKit/537.36 (KHTML, like Gecko; compatible; GPTBot/1.2; +https://openai.com/gptbot)"
20.171.207.118 - - [08/Sep/2025:22:03:23 +0700] "GET /omegles-role-in-bridging-cultural-gaps-and-promoting-understanding/ HTTP/1.0" 200 91717 "-" "Mozilla/5.0 AppleWebKit/537.36 (KHTML, like Gecko; compatible; GPTBot/1.2; +https://openai.com/gptbot)"
148.113.130.28 - - [08/Sep/2025:22:03:32 +0700] "GET /tag/mostbet/ HTTP/1.0" 200 76608 "-" "Mozilla/5.0 (compatible; AhrefsBot/7.0; +http://ahrefs.com/robot/)"
20.171.207.118 - - [08/Sep/2025:22:03:45 +0700] "GET /omegles-influence-on-the-development-of-online-friendship-networks/ HTTP/1.0" 200 94158 "-" "Mozilla/5.0 AppleWebKit/537.36 (KHTML, like Gecko; compatible; GPTBot/1.2; +https://openai.com/gptbot)"
20.171.207.118 - - [08/Sep/2025:22:04:06 +0700] "GET /?p=7926 HTTP/1.0" 301 511 "-" "Mozilla/5.0 AppleWebKit/537.36 (KHTML, like Gecko; compatible; GPTBot/1.2; +https://openai.com/gptbot)"
20.171.207.118 - - [08/Sep/2025:22:04:07 +0700] "GET /omegles-role-in-building-empathy-and-understanding-among-strangers/ HTTP/1.0" 200 93980 "-" "Mozilla/5.0 AppleWebKit/537.36 (KHTML, like Gecko; compatible; GPTBot/1.2; +https://openai.com/gptbot)"
