20.171.207.118 - - [08/Sep/2025:14:11:47 +0700] "GET /how-to-stay-safe-and-protect-your-privacy-while-using-omegle-and-ometv HTTP/1.0" 301 515 "-" "Mozilla/5.0 AppleWebKit/537.36 (KHTML, like Gecko; compatible; GPTBot/1.2; +https://openai.com/gptbot)"
20.171.207.118 - - [08/Sep/2025:14:11:49 +0700] "GET /how-to-stay-safe-and-protect-your-privacy-while-using-omegle-and-ometv/ HTTP/1.0" 200 81034 "-" "Mozilla/5.0 AppleWebKit/537.36 (KHTML, like Gecko; compatible; GPTBot/1.2; +https://openai.com/gptbot)"
207.154.247.73 - - [08/Sep/2025:14:12:21 +0700] "POST /xmlrpc.php HTTP/1.0" 200 933 "https://vattusacky.vn" "Mozilla/5.0 (Macintosh; Intel Mac OS X 10_15_7) AppleWebKit/537.36 (KHTML, like Gecko) Chrome/113.0.5672.93 Safari/537.36"
45.117.177.72 - - [08/Sep/2025:14:12:23 +0700] "POST /wp-cron.php?doing_wp_cron=1757315542.7876300811767578125000 HTTP/1.0" 200 416 "-" "WordPress/6.8.1; https://vattusacky.vn"
20.171.207.118 - - [08/Sep/2025:14:12:21 +0700] "GET /avg-vpn-vpn-review-does-it-work-with-netflix/ HTTP/1.0" 200 205452 "-" "Mozilla/5.0 AppleWebKit/537.36 (KHTML, like Gecko; compatible; GPTBot/1.2; +https://openai.com/gptbot)"
20.171.207.118 - - [08/Sep/2025:14:12:56 +0700] "GET /wp-json/oembed/1.0/embed?url=https%3A%2F%2Fvattusacky.vn%2Fserendipity-and-the-power-of-curiosity-in-expanding-our-horizons-online%2F HTTP/1.0" 200 3560 "-" "Mozilla/5.0 AppleWebKit/537.36 (KHTML, like Gecko; compatible; GPTBot/1.2; +https://openai.com/gptbot)"
45.117.177.72 - - [08/Sep/2025:14:13:33 +0700] "POST /wp-cron.php?doing_wp_cron=1757315613.3665549755096435546875 HTTP/1.0" 200 416 "-" "WordPress/6.8.1; https://vattusacky.vn"
87.250.224.94 - - [08/Sep/2025:14:13:32 +0700] "GET /the/do-rung-aco/ HTTP/1.0" 200 73799 "-" "Mozilla/5.0 (compatible; YandexBot/3.0; +http://yandex.com/bots)"
82.223.70.74 - - [08/Sep/2025:14:13:50 +0700] "POST /xmlrpc.php HTTP/1.0" 200 933 "https://vattusacky.vn" "Mozilla/5.0 (Windows NT 10.0; Win64; x64; rv:128.0) Gecko/20100101 Firefox/128.0"
20.171.207.118 - - [08/Sep/2025:14:14:09 +0700] "GET /?p=6090 HTTP/1.0" 301 622 "-" "Mozilla/5.0 AppleWebKit/537.36 (KHTML, like Gecko; compatible; GPTBot/1.2; +https://openai.com/gptbot)"
45.117.177.72 - - [08/Sep/2025:14:15:18 +0700] "POST /wp-cron.php?doing_wp_cron=1757315717.9674339294433593750000 HTTP/1.0" 200 416 "-" "WordPress/6.8.1; https://vattusacky.vn"
66.249.70.193 - - [08/Sep/2025:14:15:16 +0700] "GET /robots.txt HTTP/1.0" 200 984 "-" "Mozilla/5.0 (compatible; Googlebot/2.1; +http://www.google.com/bot.html)"
20.171.207.118 - - [08/Sep/2025:14:15:17 +0700] "GET /a-deep-dive-into-ometv-features/ HTTP/1.0" 200 90040 "-" "Mozilla/5.0 AppleWebKit/537.36 (KHTML, like Gecko; compatible; GPTBot/1.2; +https://openai.com/gptbot)"
110.4.45.184 - - [08/Sep/2025:14:15:29 +0700] "POST /xmlrpc.php HTTP/1.0" 200 956 "https://vattusacky.vn" "Mozilla/5.0 (Windows NT 10.0; Win64; x64) AppleWebKit/537.36 (KHTML, like Gecko) Chrome/116.0.5845.96 Safari/537.36 Edg/116.0.1938.62"
66.249.70.192 - - [08/Sep/2025:14:15:36 +0700] "GET / HTTP/1.0" 200 60070 "-" "Mozilla/5.0 (compatible; Googlebot/2.1; +http://www.google.com/bot.html)"
20.171.207.118 - - [08/Sep/2025:14:15:51 +0700] "GET /a-comparison-of-privacy-features-on-omegle-vs-ometv/ HTTP/1.0" 200 91055 "-" "Mozilla/5.0 AppleWebKit/537.36 (KHTML, like Gecko; compatible; GPTBot/1.2; +https://openai.com/gptbot)"
20.171.207.118 - - [08/Sep/2025:14:16:15 +0700] "GET /how-to-locate-sugar-romantic-relationships-online/ HTTP/1.0" 200 208380 "-" "Mozilla/5.0 AppleWebKit/537.36 (KHTML, like Gecko; compatible; GPTBot/1.2; +https://openai.com/gptbot)"
45.117.177.72 - - [08/Sep/2025:14:16:43 +0700] "POST /wp-cron.php?doing_wp_cron=1757315803.2182340621948242187500 HTTP/1.0" 200 416 "-" "WordPress/6.8.1; https://vattusacky.vn"
20.171.207.118 - - [08/Sep/2025:14:16:42 +0700] "GET /lam-the-nao-ban-co-the-vay-vaytienvn-com-tien-mat-truc-tuyen-xxiv-hai-chuc/ HTTP/1.0" 200 212610 "-" "Mozilla/5.0 AppleWebKit/537.36 (KHTML, like Gecko; compatible; GPTBot/1.2; +https://openai.com/gptbot)"
66.249.70.194 - - [08/Sep/2025:14:16:43 +0700] "GET /wp-includes/css/dist/block-library/style.min.css?ver=6.8.1 HTTP/1.0" 200 423 "https://vattusacky.vn/" "Mozilla/5.0 AppleWebKit/537.36 (KHTML, like Gecko; compatible; Googlebot/2.1; +http://www.google.com/bot.html) Chrome/139.0.7258.127 Safari/537.36"
66.249.70.194 - - [08/Sep/2025:14:16:43 +0700] "GET /wp-includes/css/dist/block-library/style.min.css?ver=6.8.1 HTTP/1.1" 200 14022 "https://vattusacky.vn/" "Mozilla/5.0 AppleWebKit/537.36 (KHTML, like Gecko; compatible; Googlebot/2.1; +http://www.google.com/bot.html) Chrome/139.0.7258.127 Safari/537.36"
66.249.70.193 - - [08/Sep/2025:14:16:47 +0700] "GET /wp-content/plugins/devvn-stickytooltip/stickytooltip.css?ver=1.0.0 HTTP/1.1" 200 349 "https://vattusacky.vn/" "Mozilla/5.0 AppleWebKit/537.36 (KHTML, like Gecko; compatible; Googlebot/2.1; +http://www.google.com/bot.html) Chrome/139.0.7258.127 Safari/537.36"
66.249.70.193 - - [08/Sep/2025:14:16:47 +0700] "GET /wp-content/plugins/devvn-stickytooltip/stickytooltip.css?ver=1.0.0 HTTP/1.0" 200 431 "https://vattusacky.vn/" "Mozilla/5.0 AppleWebKit/537.36 (KHTML, like Gecko; compatible; Googlebot/2.1; +http://www.google.com/bot.html) Chrome/139.0.7258.127 Safari/537.36"
66.249.70.193 - - [08/Sep/2025:14:16:50 +0700] "GET /wp-content/plugins/yith-woocommerce-category-accordion-premium/cache/ywcca_dynamics.css?ver=6.8.1 HTTP/1.0" 200 462 "https://vattusacky.vn/" "Mozilla/5.0 AppleWebKit/537.36 (KHTML, like Gecko; compatible; Googlebot/2.1; +http://www.google.com/bot.html) Chrome/139.0.7258.127 Safari/537.36"
66.249.70.193 - - [08/Sep/2025:14:16:50 +0700] "GET /wp-content/plugins/yith-woocommerce-category-accordion-premium/cache/ywcca_dynamics.css?ver=6.8.1 HTTP/1.1" 200 465 "https://vattusacky.vn/" "Mozilla/5.0 AppleWebKit/537.36 (KHTML, like Gecko; compatible; Googlebot/2.1; +http://www.google.com/bot.html) Chrome/139.0.7258.127 Safari/537.36"
66.249.70.193 - - [08/Sep/2025:14:16:53 +0700] "GET /wp-content/plugins/woocommerce/assets/js/frontend/add-to-cart.min.js?ver=9.8.3 HTTP/1.1" 200 1237 "https://vattusacky.vn/" "Mozilla/5.0 AppleWebKit/537.36 (KHTML, like Gecko; compatible; Googlebot/2.1; +http://www.google.com/bot.html) Chrome/139.0.7258.127 Safari/537.36"
66.249.70.193 - - [08/Sep/2025:14:16:53 +0700] "GET /wp-content/plugins/woocommerce/assets/js/frontend/add-to-cart.min.js?ver=9.8.3 HTTP/1.0" 200 457 "https://vattusacky.vn/" "Mozilla/5.0 AppleWebKit/537.36 (KHTML, like Gecko; compatible; Googlebot/2.1; +http://www.google.com/bot.html) Chrome/139.0.7258.127 Safari/537.36"
20.171.207.118 - - [08/Sep/2025:14:17:03 +0700] "GET /tien-bo-phan-mem-nhanh-chong-tienapps-com-chung-co-phu-hop-voi-ban-khong/ HTTP/1.0" 200 210897 "-" "Mozilla/5.0 AppleWebKit/537.36 (KHTML, like Gecko; compatible; GPTBot/1.2; +https://openai.com/gptbot)"
66.249.70.192 - - [08/Sep/2025:14:17:13 +0700] "GET /images/image005.jpg HTTP/1.0" 404 70812 "-" "Googlebot-Image/1.0"
45.117.177.72 - - [08/Sep/2025:14:17:19 +0700] "POST /wp-cron.php?doing_wp_cron=1757315839.0480649471282958984375 HTTP/1.0" 200 416 "-" "WordPress/6.8.1; https://vattusacky.vn"
66.249.70.192 - - [08/Sep/2025:14:17:17 +0700] "GET /images/image003.jpg HTTP/1.0" 404 70812 "-" "Googlebot-Image/1.0"
198.186.130.214 - - [08/Sep/2025:14:17:26 +0700] "POST /xmlrpc.php HTTP/1.0" 200 956 "https://vattusacky.vn" "Mozilla/5.0 (Windows NT 10.0; Win64; x64) AppleWebKit/537.36 (KHTML, like Gecko) Chrome/114.0.5735.199 Safari/537.36 Edg/114.0.1823.67"
20.171.207.118 - - [08/Sep/2025:14:17:27 +0700] "GET /how-to-begin-your-blog-not-having-investment/ HTTP/1.0" 200 71863 "-" "Mozilla/5.0 AppleWebKit/537.36 (KHTML, like Gecko; compatible; GPTBot/1.2; +https://openai.com/gptbot)"
66.249.70.193 - - [08/Sep/2025:14:17:28 +0700] "GET /images/logo-vietnguyen.png HTTP/1.0" 404 70812 "-" "Googlebot-Image/1.0"
66.249.70.192 - - [08/Sep/2025:14:17:33 +0700] "GET /images/image002.jpg HTTP/1.0" 404 70812 "-" "Googlebot-Image/1.0"
20.171.207.118 - - [08/Sep/2025:14:17:51 +0700] "GET /wp-json/oembed/1.0/embed?format=xml&url=https%3A%2F%2Fvattusacky.vn%2Fhow-do-free-online-casino-bonuses-work%2F HTTP/1.0" 200 3515 "-" "Mozilla/5.0 AppleWebKit/537.36 (KHTML, like Gecko; compatible; GPTBot/1.2; +https://openai.com/gptbot)"
66.249.70.192 - - [08/Sep/2025:14:17:56 +0700] "GET /images/image004.jpg HTTP/1.0" 404 70812 "-" "Googlebot-Image/1.0"
20.171.207.118 - - [08/Sep/2025:14:18:09 +0700] "GET /wp-content/uploads/2023/07/ggbet1.jpg HTTP/1.0" 200 414 "-" "Mozilla/5.0 AppleWebKit/537.36 (KHTML, like Gecko; compatible; GPTBot/1.2; +https://openai.com/gptbot)"
20.171.207.118 - - [08/Sep/2025:14:18:09 +0700] "GET /wp-content/uploads/2023/07/ggbet1.jpg HTTP/2.0" 200 60210 "-" "Mozilla/5.0 AppleWebKit/537.36 (KHTML, like Gecko; compatible; GPTBot/1.2; +https://openai.com/gptbot)"
45.117.177.72 - - [08/Sep/2025:14:18:45 +0700] "POST /wp-cron.php?doing_wp_cron=1757315924.8280980587005615234375 HTTP/1.0" 200 416 "-" "WordPress/6.8.1; https://vattusacky.vn"
20.171.207.118 - - [08/Sep/2025:14:18:43 +0700] "GET /the-facts-about-1xbet-com-betting-firm-online-6 HTTP/1.0" 301 492 "-" "Mozilla/5.0 AppleWebKit/537.36 (KHTML, like Gecko; compatible; GPTBot/1.2; +https://openai.com/gptbot)"
20.171.207.118 - - [08/Sep/2025:14:18:45 +0700] "GET /the-facts-about-1xbet-com-betting-firm-online-6/ HTTP/1.0" 200 96036 "-" "Mozilla/5.0 AppleWebKit/537.36 (KHTML, like Gecko; compatible; GPTBot/1.2; +https://openai.com/gptbot)"
85.208.96.212 - - [08/Sep/2025:14:18:49 +0700] "GET /tim-ung-truoc-app-cash24-nhanh-moi-ngay-o-dau/ HTTP/1.0" 200 207652 "-" "Mozilla/5.0 (compatible; SemrushBot/7~bl; +http://www.semrush.com/bot.html)"
4.227.36.97 - - [08/Sep/2025:14:18:49 +0700] "GET /robots.txt HTTP/1.0" 200 984 "http://vattusacky.vn/robots.txt" "Mozilla/5.0 AppleWebKit/537.36 (KHTML, like Gecko; compatible; GPTBot/1.2; +https://openai.com/gptbot)"
45.117.177.72 - - [08/Sep/2025:14:19:27 +0700] "POST /wp-cron.php?doing_wp_cron=1757315966.6936531066894531250000 HTTP/1.0" 200 416 "-" "WordPress/6.8.1; https://vattusacky.vn"
108.167.151.85 - - [08/Sep/2025:14:19:24 +0700] "POST /xmlrpc.php HTTP/1.0" 200 956 "https://vattusacky.vn" "Mozilla/5.0 (Macintosh; Intel Mac OS X 10_15_7; rv:127.0) Gecko/20100101 Firefox/127.0"
20.171.207.118 - - [08/Sep/2025:14:19:44 +0700] "GET /folders-sharing-support-review/ HTTP/1.0" 200 205198 "-" "Mozilla/5.0 AppleWebKit/537.36 (KHTML, like Gecko; compatible; GPTBot/1.2; +https://openai.com/gptbot)"
20.171.207.118 - - [08/Sep/2025:14:20:13 +0700] "GET /mass-media-relationship-suggestions-how-to-build-strong-mutually-beneficial-interactions-with-media-and-videos-agencies/ HTTP/1.0" 200 210074 "-" "Mozilla/5.0 AppleWebKit/537.36 (KHTML, like Gecko; compatible; GPTBot/1.2; +https://openai.com/gptbot)"
45.117.177.72 - - [08/Sep/2025:14:20:47 +0700] "POST /wp-cron.php?doing_wp_cron=1757316046.7512450218200683593750 HTTP/1.0" 200 416 "-" "WordPress/6.8.1; https://vattusacky.vn"
20.171.207.118 - - [08/Sep/2025:14:20:45 +0700] "GET /?p=2348 HTTP/1.0" 301 519 "-" "Mozilla/5.0 AppleWebKit/537.36 (KHTML, like Gecko; compatible; GPTBot/1.2; +https://openai.com/gptbot)"
20.171.207.118 - - [08/Sep/2025:14:20:48 +0700] "GET /lam-the-nao-ban-co-the-vay-vaytienvn-com-tien-mat-truc-tuyen-xxiv-hai-chuc/ HTTP/1.0" 200 212610 "-" "Mozilla/5.0 AppleWebKit/537.36 (KHTML, like Gecko; compatible; GPTBot/1.2; +https://openai.com/gptbot)"
45.117.177.72 - - [08/Sep/2025:14:21:19 +0700] "POST /wp-cron.php?doing_wp_cron=1757316079.0480690002441406250000 HTTP/1.0" 200 416 "-" "WordPress/6.8.1; https://vattusacky.vn"
20.171.207.118 - - [08/Sep/2025:14:21:17 +0700] "GET /?p=2898 HTTP/1.0" 301 494 "-" "Mozilla/5.0 AppleWebKit/537.36 (KHTML, like Gecko; compatible; GPTBot/1.2; +https://openai.com/gptbot)"
20.171.207.118 - - [08/Sep/2025:14:21:19 +0700] "GET /how-to-locate-sugar-romantic-relationships-online/ HTTP/1.0" 200 208380 "-" "Mozilla/5.0 AppleWebKit/537.36 (KHTML, like Gecko; compatible; GPTBot/1.2; +https://openai.com/gptbot)"
144.91.68.44 - - [08/Sep/2025:14:21:22 +0700] "POST /xmlrpc.php HTTP/1.0" 200 956 "https://vattusacky.vn" "Mozilla/5.0 (Macintosh; Intel Mac OS X 10_15_7; rv:125.0.1) Gecko/20100101 Firefox/125.0.1"
20.171.207.118 - - [08/Sep/2025:14:21:33 +0700] "GET /avg-vpn-vpn-review-does-it-work-with-netflix HTTP/1.0" 301 489 "-" "Mozilla/5.0 AppleWebKit/537.36 (KHTML, like Gecko; compatible; GPTBot/1.2; +https://openai.com/gptbot)"
20.171.207.118 - - [08/Sep/2025:14:21:34 +0700] "GET /avg-vpn-vpn-review-does-it-work-with-netflix/ HTTP/1.0" 200 205452 "-" "Mozilla/5.0 AppleWebKit/537.36 (KHTML, like Gecko; compatible; GPTBot/1.2; +https://openai.com/gptbot)"
20.171.207.118 - - [08/Sep/2025:14:22:01 +0700] "GET /wp-content/uploads/2023/07/ggbet2.jpg HTTP/1.0" 200 414 "-" "Mozilla/5.0 AppleWebKit/537.36 (KHTML, like Gecko; compatible; GPTBot/1.2; +https://openai.com/gptbot)"
20.171.207.118 - - [08/Sep/2025:14:22:01 +0700] "GET /wp-content/uploads/2023/07/ggbet2.jpg HTTP/2.0" 200 53868 "-" "Mozilla/5.0 AppleWebKit/537.36 (KHTML, like Gecko; compatible; GPTBot/1.2; +https://openai.com/gptbot)"
45.117.177.72 - - [08/Sep/2025:14:22:26 +0700] "POST /wp-cron.php?doing_wp_cron=1757316145.8053779602050781250000 HTTP/1.0" 200 416 "-" "WordPress/6.8.1; https://vattusacky.vn"
20.171.207.118 - - [08/Sep/2025:14:22:24 +0700] "GET /?p=3254 HTTP/1.0" 301 517 "-" "Mozilla/5.0 AppleWebKit/537.36 (KHTML, like Gecko; compatible; GPTBot/1.2; +https://openai.com/gptbot)"
20.171.207.118 - - [08/Sep/2025:14:22:26 +0700] "GET /tien-bo-phan-mem-nhanh-chong-tienapps-com-chung-co-phu-hop-voi-ban-khong/ HTTP/1.0" 200 210897 "-" "Mozilla/5.0 AppleWebKit/537.36 (KHTML, like Gecko; compatible; GPTBot/1.2; +https://openai.com/gptbot)"
20.171.207.118 - - [08/Sep/2025:14:22:39 +0700] "GET /?p=10484 HTTP/1.0" 301 489 "-" "Mozilla/5.0 AppleWebKit/537.36 (KHTML, like Gecko; compatible; GPTBot/1.2; +https://openai.com/gptbot)"
20.171.207.118 - - [08/Sep/2025:14:22:41 +0700] "GET /how-to-begin-your-blog-not-having-investment/ HTTP/1.0" 200 71863 "-" "Mozilla/5.0 AppleWebKit/537.36 (KHTML, like Gecko; compatible; GPTBot/1.2; +https://openai.com/gptbot)"
20.171.207.118 - - [08/Sep/2025:14:23:06 +0700] "GET /que-hace-un-sindicato-funcione/ HTTP/1.0" 200 206181 "-" "Mozilla/5.0 AppleWebKit/537.36 (KHTML, like Gecko; compatible; GPTBot/1.2; +https://openai.com/gptbot)"
45.117.177.72 - - [08/Sep/2025:14:23:18 +0700] "POST /wp-cron.php?doing_wp_cron=1757316198.1446421146392822265625 HTTP/1.0" 200 416 "-" "WordPress/6.8.1; https://vattusacky.vn"
125.253.121.223 - - [08/Sep/2025:14:23:16 +0700] "POST /xmlrpc.php HTTP/1.0" 200 956 "https://vattusacky.vn" "Mozilla/5.0 (Windows NT 10.0; Win64; x64) AppleWebKit/537.36 (KHTML, like Gecko) Chrome/126.0.0.0 Safari/537.36"
216.73.216.162 - - [08/Sep/2025:14:23:17 +0700] "GET /sitemap_index.xml HTTP/1.0" 200 2426 "-" "Mozilla/5.0 AppleWebKit/537.36 (KHTML, like Gecko; compatible; ClaudeBot/1.0; +claudebot@anthropic.com)"
20.171.207.118 - - [08/Sep/2025:14:23:29 +0700] "GET / HTTP/1.0" 200 59924 "-" "Mozilla/5.0 AppleWebKit/537.36 (KHTML, like Gecko; compatible; GPTBot/1.2; +https://openai.com/gptbot)"
20.171.207.118 - - [08/Sep/2025:14:23:55 +0700] "GET /where-can-i-buy-viagra-over-the-counter-in-the-usa HTTP/1.0" 301 495 "-" "Mozilla/5.0 AppleWebKit/537.36 (KHTML, like Gecko; compatible; GPTBot/1.2; +https://openai.com/gptbot)"
20.171.207.118 - - [08/Sep/2025:14:23:56 +0700] "GET /where-can-i-buy-viagra-over-the-counter-in-the-usa/ HTTP/1.0" 200 224944 "-" "Mozilla/5.0 AppleWebKit/537.36 (KHTML, like Gecko; compatible; GPTBot/1.2; +https://openai.com/gptbot)"
45.117.177.72 - - [08/Sep/2025:14:24:34 +0700] "POST /wp-cron.php?doing_wp_cron=1757316274.7681720256805419921875 HTTP/1.0" 200 416 "-" "WordPress/6.8.1; https://vattusacky.vn"
20.171.207.118 - - [08/Sep/2025:14:24:33 +0700] "GET /a-parents-guide-to-omegle-and-ometv-how-to-monitor-and-protect-your-childs-online-activity/ HTTP/1.0" 200 92902 "-" "Mozilla/5.0 AppleWebKit/537.36 (KHTML, like Gecko; compatible; GPTBot/1.2; +https://openai.com/gptbot)"
20.171.207.118 - - [08/Sep/2025:14:24:47 +0700] "GET /?p=3716 HTTP/1.0" 301 710 "-" "Mozilla/5.0 AppleWebKit/537.36 (KHTML, like Gecko; compatible; GPTBot/1.2; +https://openai.com/gptbot)"
20.171.207.118 - - [08/Sep/2025:14:24:48 +0700] "GET /mass-media-relationship-suggestions-how-to-build-strong-mutually-beneficial-interactions-with-media-and-videos-agencies/ HTTP/1.0" 200 210074 "-" "Mozilla/5.0 AppleWebKit/537.36 (KHTML, like Gecko; compatible; GPTBot/1.2; +https://openai.com/gptbot)"
20.171.207.118 - - [08/Sep/2025:14:25:11 +0700] "GET /?p=3372 HTTP/1.0" 301 475 "-" "Mozilla/5.0 AppleWebKit/537.36 (KHTML, like Gecko; compatible; GPTBot/1.2; +https://openai.com/gptbot)"
20.171.207.118 - - [08/Sep/2025:14:25:12 +0700] "GET /que-hace-un-sindicato-funcione/ HTTP/1.0" 200 206181 "-" "Mozilla/5.0 AppleWebKit/537.36 (KHTML, like Gecko; compatible; GPTBot/1.2; +https://openai.com/gptbot)"
173.249.35.186 - - [08/Sep/2025:14:25:12 +0700] "POST /xmlrpc.php HTTP/1.0" 200 956 "https://vattusacky.vn" "Mozilla/5.0 (Macintosh; Intel Mac OS X 10_15_7) AppleWebKit/537.36 (KHTML, like Gecko) Chrome/116.0.5845.96 Safari/537.36"
45.117.177.72 - - [08/Sep/2025:14:25:43 +0700] "POST /wp-cron.php?doing_wp_cron=1757316343.3957009315490722656250 HTTP/1.0" 200 416 "-" "WordPress/6.8.1; https://vattusacky.vn"
20.171.207.118 - - [08/Sep/2025:14:25:42 +0700] "GET /so-tien-co-the-la-mot-chuyen-tiep-khoang-https-vaysite-com-vay-tien-nhanh-mot-tram-trieu-thang-nay-sang-thang-khac HTTP/1.0" 301 559 "-" "Mozilla/5.0 AppleWebKit/537.36 (KHTML, like Gecko; compatible; GPTBot/1.2; +https://openai.com/gptbot)"
20.171.207.118 - - [08/Sep/2025:14:25:45 +0700] "GET /so-tien-co-the-la-mot-chuyen-tiep-khoang-https-vaysite-com-vay-tien-nhanh-mot-tram-trieu-thang-nay-sang-thang-khac/ HTTP/1.0" 200 209465 "-" "Mozilla/5.0 AppleWebKit/537.36 (KHTML, like Gecko; compatible; GPTBot/1.2; +https://openai.com/gptbot)"
45.117.177.72 - - [08/Sep/2025:14:26:30 +0700] "POST /wp-cron.php?doing_wp_cron=1757316390.7361280918121337890625 HTTP/1.0" 200 416 "-" "WordPress/6.8.1; https://vattusacky.vn"
20.171.207.118 - - [08/Sep/2025:14:26:29 +0700] "GET /benefits-of-cybertherapy-finding-support-and-sharing-burdens/ HTTP/1.0" 200 91197 "-" "Mozilla/5.0 AppleWebKit/537.36 (KHTML, like Gecko; compatible; GPTBot/1.2; +https://openai.com/gptbot)"
20.171.207.118 - - [08/Sep/2025:14:27:03 +0700] "GET /how-to-begin-omegle-therapy-a-step-by-step-guide HTTP/1.0" 301 493 "-" "Mozilla/5.0 AppleWebKit/537.36 (KHTML, like Gecko; compatible; GPTBot/1.2; +https://openai.com/gptbot)"
20.171.207.118 - - [08/Sep/2025:14:27:04 +0700] "GET /how-to-begin-omegle-therapy-a-step-by-step-guide/ HTTP/1.0" 200 92681 "-" "Mozilla/5.0 AppleWebKit/537.36 (KHTML, like Gecko; compatible; GPTBot/1.2; +https://openai.com/gptbot)"
103.166.182.115 - - [08/Sep/2025:14:27:05 +0700] "POST /xmlrpc.php HTTP/1.0" 200 956 "https://vattusacky.vn" "Mozilla/5.0 (Windows NT 10.0; Win64; x64) AppleWebKit/537.36 (KHTML, like Gecko) Chrome/126.0.0.0 Safari/537.36"
45.117.177.72 - - [08/Sep/2025:14:27:39 +0700] "POST /wp-cron.php?doing_wp_cron=1757316459.7082979679107666015625 HTTP/1.0" 200 416 "-" "WordPress/6.8.1; https://vattusacky.vn"
20.171.207.118 - - [08/Sep/2025:14:27:38 +0700] "GET /raging-bull-casino-review-au-and-us-pokies-players-accepted HTTP/1.0" 301 504 "-" "Mozilla/5.0 AppleWebKit/537.36 (KHTML, like Gecko; compatible; GPTBot/1.2; +https://openai.com/gptbot)"
20.171.207.118 - - [08/Sep/2025:14:27:41 +0700] "GET /raging-bull-casino-review-au-and-us-pokies-players-accepted/ HTTP/1.0" 200 94267 "-" "Mozilla/5.0 AppleWebKit/537.36 (KHTML, like Gecko; compatible; GPTBot/1.2; +https://openai.com/gptbot)"
20.171.207.118 - - [08/Sep/2025:14:28:12 +0700] "GET /where-can-i-buy-viagra-over-the-counter-in-the-usa/ HTTP/1.0" 200 224944 "-" "Mozilla/5.0 AppleWebKit/537.36 (KHTML, like Gecko; compatible; GPTBot/1.2; +https://openai.com/gptbot)"
45.117.177.72 - - [08/Sep/2025:14:28:54 +0700] "POST /wp-cron.php?doing_wp_cron=1757316534.5706639289855957031250 HTTP/1.0" 200 416 "-" "WordPress/6.8.1; https://vattusacky.vn"
20.171.207.118 - - [08/Sep/2025:14:28:53 +0700] "GET /the-very-best-virtual-info-room-computer-software/ HTTP/1.0" 200 205717 "-" "Mozilla/5.0 AppleWebKit/537.36 (KHTML, like Gecko; compatible; GPTBot/1.2; +https://openai.com/gptbot)"
85.208.96.195 - - [08/Sep/2025:14:29:04 +0700] "GET /robots.txt HTTP/1.0" 200 984 "-" "Mozilla/5.0 (compatible; SemrushBot/7~bl; +http://www.semrush.com/bot.html)"
185.191.171.13 - - [08/Sep/2025:14:29:07 +0700] "GET /codigo-promocional-codere-mexico-abril-2023-hasta-3-500-en-freebet/ HTTP/1.0" 200 91013 "-" "Mozilla/5.0 (compatible; SemrushBot/7~bl; +http://www.semrush.com/bot.html)"
94.23.2.125 - - [08/Sep/2025:14:28:59 +0700] "POST /xmlrpc.php HTTP/1.0" 200 956 "https://vattusacky.vn" "Mozilla/5.0 (Macintosh; Intel Mac OS X 13_3) AppleWebKit/537.36 (KHTML, like Gecko) Chrome/126.0.0.0 Safari/537.36"
45.117.177.72 - - [08/Sep/2025:14:29:33 +0700] "POST /wp-cron.php?doing_wp_cron=1757316572.9464309215545654296875 HTTP/1.0" 200 416 "-" "WordPress/6.8.1; https://vattusacky.vn"
20.171.207.118 - - [08/Sep/2025:14:29:31 +0700] "GET /anonymity-and-vulnerability-on-omegle-finding-support-in-unexpected-places/ HTTP/1.0" 200 75624 "-" "Mozilla/5.0 AppleWebKit/537.36 (KHTML, like Gecko; compatible; GPTBot/1.2; +https://openai.com/gptbot)"
45.117.177.72 - - [08/Sep/2025:14:30:24 +0700] "POST /wp-cron.php?doing_wp_cron=1757316624.0846149921417236328125 HTTP/1.0" 200 416 "-" "WordPress/6.8.1; https://vattusacky.vn"
20.171.207.118 - - [08/Sep/2025:14:30:22 +0700] "GET /chto-za-igra-aviator-igrat-onlajn-na-oficialnom/ HTTP/1.0" 200 243914 "-" "Mozilla/5.0 AppleWebKit/537.36 (KHTML, like Gecko; compatible; GPTBot/1.2; +https://openai.com/gptbot)"
207.46.238.224 - - [08/Sep/2025:14:30:32 +0700] "GET /wp-content/plugins/hellopress/wp_filemanager.php HTTP/1.0" 404 70812 "-" "-"
207.46.238.224 - - [08/Sep/2025:14:30:34 +0700] "GET /abcd.php HTTP/1.0" 403 569 "-" "-"
207.46.238.224 - - [08/Sep/2025:14:30:34 +0700] "GET /nc4.php HTTP/1.0" 403 568 "-" "-"
207.46.238.224 - - [08/Sep/2025:14:30:34 +0700] "GET /we.php HTTP/1.0" 403 567 "-" "-"
207.46.238.224 - - [08/Sep/2025:14:30:34 +0700] "GET /lock360.php HTTP/1.0" 403 572 "-" "-"
207.46.238.224 - - [08/Sep/2025:14:30:34 +0700] "GET /class.php HTTP/1.0" 403 570 "-" "-"
207.46.238.224 - - [08/Sep/2025:14:30:34 +0700] "GET /d.php HTTP/1.0" 403 566 "-" "-"
207.46.238.224 - - [08/Sep/2025:14:30:34 +0700] "GET /file15.php HTTP/1.0" 403 571 "-" "-"
207.46.238.224 - - [08/Sep/2025:14:30:35 +0700] "GET /php.php HTTP/1.0" 403 568 "-" "-"
207.46.238.224 - - [08/Sep/2025:14:30:35 +0700] "GET /W.php HTTP/1.0" 403 566 "-" "-"
207.46.238.224 - - [08/Sep/2025:14:30:35 +0700] "GET /ar.php HTTP/1.0" 403 567 "-" "-"
207.46.238.224 - - [08/Sep/2025:14:30:35 +0700] "GET /file.php? HTTP/1.0" 403 569 "-" "-"
207.46.238.224 - - [08/Sep/2025:14:30:35 +0700] "GET /item.php HTTP/1.0" 403 569 "-" "-"
207.46.238.224 - - [08/Sep/2025:14:30:35 +0700] "GET /admin.php?p= HTTP/1.0" 301 665 "-" "-"
207.46.238.224 - - [08/Sep/2025:14:30:36 +0700] "GET /admin.php HTTP/1.0" 404 70666 "-" "-"
207.46.238.224 - - [08/Sep/2025:14:30:38 +0700] "GET /cache.php HTTP/1.0" 403 570 "-" "-"
207.46.238.224 - - [08/Sep/2025:14:30:38 +0700] "GET /buy.php HTTP/1.0" 403 568 "-" "-"
207.46.238.224 - - [08/Sep/2025:14:30:38 +0700] "GET /lv.php HTTP/1.0" 403 567 "-" "-"
207.46.238.224 - - [08/Sep/2025:14:30:39 +0700] "GET /cong.php HTTP/1.0" 403 569 "-" "-"
207.46.238.224 - - [08/Sep/2025:14:30:39 +0700] "GET /about.php?p= HTTP/1.0" 403 570 "-" "-"
207.46.238.224 - - [08/Sep/2025:14:30:39 +0700] "GET /repair.php HTTP/1.0" 403 571 "-" "-"
207.46.238.224 - - [08/Sep/2025:14:30:39 +0700] "GET /wp-admin/maint/about.php7 HTTP/1.0" 404 70666 "-" "-"
207.46.238.224 - - [08/Sep/2025:14:30:41 +0700] "GET /js.php HTTP/1.0" 403 567 "-" "-"
207.46.238.224 - - [08/Sep/2025:14:30:41 +0700] "GET /wso.php HTTP/1.0" 403 568 "-" "-"
207.46.238.224 - - [08/Sep/2025:14:30:41 +0700] "GET /view.php HTTP/1.0" 403 569 "-" "-"
207.46.238.224 - - [08/Sep/2025:14:30:41 +0700] "GET /goods.php HTTP/1.0" 403 570 "-" "-"
207.46.238.224 - - [08/Sep/2025:14:30:41 +0700] "GET /admin.php HTTP/1.0" 404 70666 "-" "-"
207.46.238.224 - - [08/Sep/2025:14:30:43 +0700] "GET /jlc14ng3.php HTTP/1.0" 403 573 "-" "-"
207.46.238.224 - - [08/Sep/2025:14:30:43 +0700] "GET /num.php HTTP/1.0" 403 568 "-" "-"
207.46.238.224 - - [08/Sep/2025:14:30:43 +0700] "GET /makeasmtp.php?p= HTTP/1.0" 403 574 "-" "-"
207.46.238.224 - - [08/Sep/2025:14:30:43 +0700] "GET /moon.php?p= HTTP/1.0" 403 569 "-" "-"
207.46.238.224 - - [08/Sep/2025:14:30:44 +0700] "GET /simple.php HTTP/1.0" 403 571 "-" "-"
207.46.238.224 - - [08/Sep/2025:14:30:44 +0700] "GET /atomlib.php HTTP/1.0" 403 572 "-" "-"
207.46.238.224 - - [08/Sep/2025:14:30:44 +0700] "GET /karak.php HTTP/1.0" 403 570 "-" "-"
207.46.238.224 - - [08/Sep/2025:14:30:44 +0700] "GET /function.php HTTP/1.0" 403 573 "-" "-"
207.46.238.224 - - [08/Sep/2025:14:30:44 +0700] "GET /classwithtostring.php HTTP/1.0" 403 582 "-" "-"
207.46.238.224 - - [08/Sep/2025:14:30:44 +0700] "GET /wp-activate.php HTTP/1.0" 302 526 "-" "-"
207.46.238.224 - - [08/Sep/2025:14:30:44 +0700] "GET /wp-login.php?action=register HTTP/1.0" 302 692 "-" "-"
207.46.238.224 - - [08/Sep/2025:14:30:46 +0700] "GET /wp-login.php?registration=disabled HTTP/1.0" 200 11447 "-" "-"
207.46.238.224 - - [08/Sep/2025:14:30:47 +0700] "GET /f.php HTTP/1.0" 403 566 "-" "-"
207.46.238.224 - - [08/Sep/2025:14:30:47 +0700] "GET /autoload_classmap.php?p= HTTP/1.0" 403 582 "-" "-"
207.46.238.224 - - [08/Sep/2025:14:30:47 +0700] "GET /uhddppix.php HTTP/1.0" 403 573 "-" "-"
207.46.238.224 - - [08/Sep/2025:14:30:47 +0700] "GET /qwturjyu.php HTTP/1.0" 403 573 "-" "-"
207.46.238.224 - - [08/Sep/2025:14:30:47 +0700] "GET /index.php0 HTTP/1.0" 404 70666 "-" "-"
207.46.238.224 - - [08/Sep/2025:14:30:49 +0700] "GET /gqksqsxc.php HTTP/1.0" 403 573 "-" "-"
207.46.238.224 - - [08/Sep/2025:14:30:49 +0700] "GET /radio.php HTTP/1.0" 403 570 "-" "-"
207.46.238.224 - - [08/Sep/2025:14:30:49 +0700] "GET /as.php HTTP/1.0" 403 567 "-" "-"
207.46.238.224 - - [08/Sep/2025:14:30:50 +0700] "GET /0.php HTTP/1.0" 403 566 "-" "-"
207.46.238.224 - - [08/Sep/2025:14:30:50 +0700] "GET /alfa.php HTTP/1.0" 403 569 "-" "-"
207.46.238.224 - - [08/Sep/2025:14:30:50 +0700] "GET /inputs.php?p= HTTP/1.0" 301 520 "-" "-"
207.46.238.224 - - [08/Sep/2025:14:30:51 +0700] "GET /inputs.php HTTP/1.0" 404 70666 "-" "-"
207.46.238.224 - - [08/Sep/2025:14:30:52 +0700] "GET /ty.php?p= HTTP/1.0" 403 567 "-" "-"
207.46.238.224 - - [08/Sep/2025:14:30:52 +0700] "GET /content.php HTTP/1.0" 403 572 "-" "-"
207.46.238.224 - - [08/Sep/2025:14:30:52 +0700] "GET /v2.php HTTP/1.0" 403 567 "-" "-"
207.46.238.224 - - [08/Sep/2025:14:30:53 +0700] "GET /403.php HTTP/1.0" 403 568 "-" "-"
207.46.238.224 - - [08/Sep/2025:14:30:53 +0700] "GET /.htaccess.php HTTP/1.0" 403 574 "-" "-"
207.46.238.224 - - [08/Sep/2025:14:30:53 +0700] "GET /shell.php HTTP/1.0" 403 570 "-" "-"
207.46.238.224 - - [08/Sep/2025:14:30:53 +0700] "GET /admin836.php HTTP/1.0" 403 573 "-" "-"
207.46.238.224 - - [08/Sep/2025:14:30:53 +0700] "GET /3.php HTTP/1.0" 403 566 "-" "-"
207.46.238.224 - - [08/Sep/2025:14:30:53 +0700] "GET /I3zu2h.php HTTP/1.0" 403 571 "-" "-"
207.46.238.224 - - [08/Sep/2025:14:30:53 +0700] "GET /pu1.php HTTP/1.0" 403 568 "-" "-"
207.46.238.224 - - [08/Sep/2025:14:30:53 +0700] "GET /data532.php HTTP/1.0" 403 572 "-" "-"
207.46.238.224 - - [08/Sep/2025:14:30:54 +0700] "GET /helper043.php HTTP/1.0" 403 574 "-" "-"
207.46.238.224 - - [08/Sep/2025:14:30:54 +0700] "GET /core885.php HTTP/1.0" 403 572 "-" "-"
207.46.238.224 - - [08/Sep/2025:14:30:54 +0700] "GET /wp.php HTTP/1.0" 403 567 "-" "-"
207.46.238.224 - - [08/Sep/2025:14:30:54 +0700] "GET /xx.php HTTP/1.0" 403 567 "-" "-"
95.143.172.176 - - [08/Sep/2025:14:30:52 +0700] "POST /xmlrpc.php HTTP/1.0" 200 956 "https://vattusacky.vn" "Mozilla/5.0 (Windows NT 10.0; Win64; x64) AppleWebKit/537.36 (KHTML, like Gecko) Chrome/112.0.5615.138 Safari/537.36"
207.46.238.224 - - [08/Sep/2025:14:30:54 +0700] "GET /rss.php HTTP/1.0" 403 568 "-" "-"
207.46.238.224 - - [08/Sep/2025:14:30:54 +0700] "GET /mar.php HTTP/1.0" 403 568 "-" "-"
20.171.207.118 - - [08/Sep/2025:14:30:53 +0700] "GET /el-prestamo-participativo-como-forma-de/ HTTP/1.0" 200 450104 "-" "Mozilla/5.0 AppleWebKit/537.36 (KHTML, like Gecko; compatible; GPTBot/1.2; +https://openai.com/gptbot)"
207.46.238.224 - - [08/Sep/2025:14:30:54 +0700] "GET /themes.php HTTP/1.0" 404 70666 "-" "-"
207.46.238.224 - - [08/Sep/2025:14:30:56 +0700] "GET /warm.PhP7 HTTP/1.0" 404 70666 "-" "-"
207.46.238.224 - - [08/Sep/2025:14:30:57 +0700] "GET /ava.php HTTP/1.0" 403 568 "-" "-"
207.46.238.224 - - [08/Sep/2025:14:30:57 +0700] "GET /hugo.php HTTP/1.0" 403 569 "-" "-"
207.46.238.224 - - [08/Sep/2025:14:30:57 +0700] "GET /406.php HTTP/1.0" 403 568 "-" "-"
207.46.238.224 - - [08/Sep/2025:14:30:57 +0700] "GET /xmrlpc.php?p= HTTP/1.0" 403 571 "-" "-"
207.46.238.224 - - [08/Sep/2025:14:30:57 +0700] "GET /about.php HTTP/1.0" 403 570 "-" "-"
207.46.238.224 - - [08/Sep/2025:14:30:57 +0700] "GET /00.php HTTP/1.0" 403 567 "-" "-"
207.46.238.224 - - [08/Sep/2025:14:30:58 +0700] "GET /11.php HTTP/1.0" 403 567 "-" "-"
207.46.238.224 - - [08/Sep/2025:14:30:58 +0700] "GET /byp.php HTTP/1.0" 403 568 "-" "-"
207.46.238.224 - - [08/Sep/2025:14:30:58 +0700] "GET /chosen.php?p= HTTP/1.0" 403 571 "-" "-"
207.46.238.224 - - [08/Sep/2025:14:30:58 +0700] "GET /error.php HTTP/1.0" 403 570 "-" "-"
207.46.238.224 - - [08/Sep/2025:14:30:58 +0700] "GET /asasx.php?p= HTTP/1.0" 403 570 "-" "-"
207.46.238.224 - - [08/Sep/2025:14:30:58 +0700] "GET /1.php HTTP/1.0" 403 566 "-" "-"
207.46.238.224 - - [08/Sep/2025:14:30:58 +0700] "GET /elp.php HTTP/1.0" 403 568 "-" "-"
207.46.238.224 - - [08/Sep/2025:14:30:58 +0700] "GET /mini.php HTTP/1.0" 403 569 "-" "-"
207.46.238.224 - - [08/Sep/2025:14:30:58 +0700] "GET /adminfuns.php HTTP/1.0" 404 70666 "-" "-"
207.46.238.224 - - [08/Sep/2025:14:31:00 +0700] "GET /asd67.php HTTP/1.0" 403 570 "-" "-"
207.46.238.224 - - [08/Sep/2025:14:31:00 +0700] "GET /lc.php HTTP/1.0" 403 567 "-" "-"
207.46.238.224 - - [08/Sep/2025:14:31:00 +0700] "GET /222.php?p= HTTP/1.0" 403 568 "-" "-"
207.46.238.224 - - [08/Sep/2025:14:31:00 +0700] "GET /wp-22.php HTTP/1.0" 403 570 "-" "-"
207.46.238.224 - - [08/Sep/2025:14:31:00 +0700] "GET /sts.php HTTP/1.0" 403 568 "-" "-"
207.46.238.224 - - [08/Sep/2025:14:31:00 +0700] "GET /sa.php7 HTTP/1.0" 404 70666 "-" "-"
207.46.238.224 - - [08/Sep/2025:14:31:02 +0700] "GET /shell_wso.php7 HTTP/1.0" 404 70666 "-" "-"
207.46.238.224 - - [08/Sep/2025:14:31:03 +0700] "GET /gh.php HTTP/1.0" 403 567 "-" "-"
207.46.238.224 - - [08/Sep/2025:14:31:03 +0700] "GET /red.php HTTP/1.0" 403 568 "-" "-"
207.46.238.224 - - [08/Sep/2025:14:31:03 +0700] "GET /shellv3.php HTTP/1.0" 403 572 "-" "-"
207.46.238.224 - - [08/Sep/2025:14:31:03 +0700] "GET /mah.php HTTP/1.0" 403 568 "-" "-"
207.46.238.224 - - [08/Sep/2025:14:31:04 +0700] "GET /ee8.php HTTP/1.0" 403 568 "-" "-"
207.46.238.224 - - [08/Sep/2025:14:31:04 +0700] "GET /up.php HTTP/1.0" 403 567 "-" "-"
207.46.238.224 - - [08/Sep/2025:14:31:04 +0700] "GET /success.php HTTP/1.0" 403 572 "-" "-"
207.46.238.224 - - [08/Sep/2025:14:31:04 +0700] "GET /atombil.php HTTP/1.0" 403 572 "-" "-"
207.46.238.224 - - [08/Sep/2025:14:31:04 +0700] "GET /sxo.php HTTP/1.0" 403 568 "-" "-"
207.46.238.224 - - [08/Sep/2025:14:31:04 +0700] "GET /fox.php HTTP/1.0" 403 568 "-" "-"
207.46.238.224 - - [08/Sep/2025:14:31:04 +0700] "GET /g3.php HTTP/1.0" 403 567 "-" "-"
207.46.238.224 - - [08/Sep/2025:14:31:04 +0700] "GET /too.php HTTP/1.0" 403 568 "-" "-"
207.46.238.224 - - [08/Sep/2025:14:31:04 +0700] "GET /NewFile.php HTTP/1.0" 403 572 "-" "-"
207.46.238.224 - - [08/Sep/2025:14:31:05 +0700] "GET /akc.php HTTP/1.0" 403 568 "-" "-"
207.46.238.224 - - [08/Sep/2025:14:31:05 +0700] "GET /themes.php HTTP/1.0" 404 70666 "-" "-"
207.46.238.224 - - [08/Sep/2025:14:31:06 +0700] "GET /phpfox.php HTTP/1.0" 403 571 "-" "-"
207.46.238.224 - - [08/Sep/2025:14:31:06 +0700] "GET /yanz.php HTTP/1.0" 403 569 "-" "-"
207.46.238.224 - - [08/Sep/2025:14:31:06 +0700] "GET /c.php HTTP/1.0" 403 566 "-" "-"
45.117.177.72 - - [08/Sep/2025:14:31:25 +0700] "POST /wp-cron.php?doing_wp_cron=1757316685.3593750000000000000000 HTTP/1.0" 200 416 "-" "WordPress/6.8.1; https://vattusacky.vn"
20.171.207.118 - - [08/Sep/2025:14:31:24 +0700] "GET /important-features-of-deliver-order-birdes-to-be-websites/ HTTP/1.0" 200 205891 "-" "Mozilla/5.0 AppleWebKit/537.36 (KHTML, like Gecko; compatible; GPTBot/1.2; +https://openai.com/gptbot)"
20.171.207.118 - - [08/Sep/2025:14:31:54 +0700] "GET /?p=6158 HTTP/1.0" 301 519 "-" "Mozilla/5.0 AppleWebKit/537.36 (KHTML, like Gecko; compatible; GPTBot/1.2; +https://openai.com/gptbot)"
20.171.207.118 - - [08/Sep/2025:14:31:56 +0700] "GET /anonymity-and-vulnerability-on-omegle-finding-support-in-unexpected-places/ HTTP/1.0" 200 75624 "-" "Mozilla/5.0 AppleWebKit/537.36 (KHTML, like Gecko; compatible; GPTBot/1.2; +https://openai.com/gptbot)"
52.167.144.19 - - [08/Sep/2025:14:32:16 +0700] "GET /san-pham/do-duc-cam-tay-humas-turby-1000/ HTTP/1.0" 200 162500 "-" "Mozilla/5.0 AppleWebKit/537.36 (KHTML, like Gecko; compatible; bingbot/2.0; +http://www.bing.com/bingbot.htm) Chrome/116.0.1938.76 Safari/537.36"
20.171.207.118 - - [08/Sep/2025:14:32:34 +0700] "GET /khoan-tra-truoc-tra-gop-vaysite-com-tot-la-cai-quai-gi-vay/ HTTP/1.0" 200 217845 "-" "Mozilla/5.0 AppleWebKit/537.36 (KHTML, like Gecko; compatible; GPTBot/1.2; +https://openai.com/gptbot)"
207.154.247.73 - - [08/Sep/2025:14:32:44 +0700] "POST /xmlrpc.php HTTP/1.0" 200 956 "https://vattusacky.vn" "Mozilla/5.0 (Windows NT 10.0; Win64; x64) AppleWebKit/537.36 (KHTML, like Gecko) Chrome/126.0.0.0 Safari/537.36 Edg/126.0.0.0"
40.77.167.41 - - [08/Sep/2025:14:33:10 +0700] "GET /san-pham/may-quang-pho-tu-ngoai-kha-kien/ HTTP/1.0" 200 260287 "-" "Mozilla/5.0 AppleWebKit/537.36 (KHTML, like Gecko; compatible; bingbot/2.0; +http://www.bing.com/bingbot.htm) Chrome/116.0.1938.76 Safari/537.36"
20.171.207.118 - - [08/Sep/2025:14:33:14 +0700] "GET /chinh-xac-thi-ung-truoc-senmo-truc-tuyen-qua-internet-la-gi/ HTTP/1.0" 200 210281 "-" "Mozilla/5.0 AppleWebKit/537.36 (KHTML, like Gecko; compatible; GPTBot/1.2; +https://openai.com/gptbot)"
45.117.177.72 - - [08/Sep/2025:14:33:40 +0700] "POST /wp-cron.php?doing_wp_cron=1757316820.0164449214935302734375 HTTP/1.0" 200 416 "-" "WordPress/6.8.1; https://vattusacky.vn"
45.117.177.72 - - [08/Sep/2025:14:33:40 +0700] "POST /wp-cron.php?doing_wp_cron=1757316820.0932059288024902343750 HTTP/1.0" 200 416 "-" "WordPress/6.8.1; https://vattusacky.vn"
20.171.207.118 - - [08/Sep/2025:14:33:38 +0700] "GET /dragon-money-igra-onlajn-kak-igrat-na-dengi-i HTTP/1.0" 301 490 "-" "Mozilla/5.0 AppleWebKit/537.36 (KHTML, like Gecko; compatible; GPTBot/1.2; +https://openai.com/gptbot)"
85.208.96.195 - - [08/Sep/2025:14:33:38 +0700] "GET /1xbet-india-96-2/ HTTP/1.0" 200 113767 "-" "Mozilla/5.0 (compatible; SemrushBot/7~bl; +http://www.semrush.com/bot.html)"
20.171.207.118 - - [08/Sep/2025:14:33:40 +0700] "GET /dragon-money-igra-onlajn-kak-igrat-na-dengi-i/ HTTP/1.0" 200 247270 "-" "Mozilla/5.0 AppleWebKit/537.36 (KHTML, like Gecko; compatible; GPTBot/1.2; +https://openai.com/gptbot)"
20.171.207.118 - - [08/Sep/2025:14:34:08 +0700] "GET /dragon-money-igra-onlajn-kak-igrat-na-dengi-i/ HTTP/1.0" 200 247270 "-" "Mozilla/5.0 AppleWebKit/537.36 (KHTML, like Gecko; compatible; GPTBot/1.2; +https://openai.com/gptbot)"
45.117.177.72 - - [08/Sep/2025:14:34:38 +0700] "POST /wp-cron.php?doing_wp_cron=1757316878.1436018943786621093750 HTTP/1.0" 200 416 "-" "WordPress/6.8.1; https://vattusacky.vn"
20.171.207.118 - - [08/Sep/2025:14:34:36 +0700] "GET /raging-bull-casino-review-au-and-us-pokies-players-accepted/ HTTP/1.0" 200 94267 "-" "Mozilla/5.0 AppleWebKit/537.36 (KHTML, like Gecko; compatible; GPTBot/1.2; +https://openai.com/gptbot)"
160.30.113.79 - - [08/Sep/2025:14:34:37 +0700] "POST /xmlrpc.php HTTP/1.0" 200 956 "https://vattusacky.vn" "Mozilla/5.0 (Macintosh; Intel Mac OS X 13.3; rv:126.0) Gecko/20100101 Firefox/126.0"
45.117.177.72 - - [08/Sep/2025:14:35:34 +0700] "POST /wp-cron.php?doing_wp_cron=1757316933.8675169944763183593750 HTTP/1.0" 200 416 "-" "WordPress/6.8.1; https://vattusacky.vn"
20.171.207.118 - - [08/Sep/2025:14:35:32 +0700] "GET /arheologicheskoe-issledovanie-slot-book-of-ra/ HTTP/1.0" 200 93644 "-" "Mozilla/5.0 AppleWebKit/537.36 (KHTML, like Gecko; compatible; GPTBot/1.2; +https://openai.com/gptbot)"
185.191.171.15 - - [08/Sep/2025:14:36:12 +0700] "GET /melbet-app-download-for-android-apk-ios-in-3/ HTTP/1.0" 200 98732 "-" "Mozilla/5.0 (compatible; SemrushBot/7~bl; +http://www.semrush.com/bot.html)"
5.255.231.61 - - [08/Sep/2025:14:36:15 +0700] "GET /online-friendships-on-omegle/ HTTP/1.0" 200 90066 "-" "Mozilla/5.0 (compatible; YandexBot/3.0; +http://yandex.com/bots)"
45.117.177.72 - - [08/Sep/2025:14:36:25 +0700] "POST /wp-cron.php?doing_wp_cron=1757316984.7773089408874511718750 HTTP/1.0" 200 416 "-" "WordPress/6.8.1; https://vattusacky.vn"
20.171.207.118 - - [08/Sep/2025:14:36:23 +0700] "GET /chinh-xac-thi-ung-truoc-senmo-truc-tuyen-qua-internet-la-gi HTTP/1.0" 301 504 "-" "Mozilla/5.0 AppleWebKit/537.36 (KHTML, like Gecko; compatible; GPTBot/1.2; +https://openai.com/gptbot)"
20.171.207.118 - - [08/Sep/2025:14:36:25 +0700] "GET /chinh-xac-thi-ung-truoc-senmo-truc-tuyen-qua-internet-la-gi/ HTTP/1.0" 200 210281 "-" "Mozilla/5.0 AppleWebKit/537.36 (KHTML, like Gecko; compatible; GPTBot/1.2; +https://openai.com/gptbot)"
20.171.207.118 - - [08/Sep/2025:14:37:13 +0700] "GET /methods-to-navigate-online-dating-services-with-confidence/feed/ HTTP/1.0" 200 1625 "-" "Mozilla/5.0 AppleWebKit/537.36 (KHTML, like Gecko; compatible; GPTBot/1.2; +https://openai.com/gptbot)"
45.117.177.72 - - [08/Sep/2025:14:37:55 +0700] "POST /wp-cron.php?doing_wp_cron=1757317075.6098470687866210937500 HTTP/1.0" 200 416 "-" "WordPress/6.8.1; https://vattusacky.vn"
45.116.79.41 - - [08/Sep/2025:14:37:53 +0700] "POST /wp-login.php HTTP/1.0" 302 1519 "https://vattusacky.vn/wp-admin/" "Mozilla/5.0 (Windows NT 10.0; Win64; x64) AppleWebKit/537.36 (KHTML, like Gecko) Chrome/90.0.4430.85 Safari/537.36"
45.116.79.41 - - [08/Sep/2025:14:37:55 +0700] "GET /wp-admin/profile.php HTTP/1.0" 302 509 "https://vattusacky.vn/wp-admin/" "Mozilla/5.0 (Windows NT 10.0; Win64; x64) AppleWebKit/537.36 (KHTML, like Gecko) Chrome/90.0.4430.85 Safari/537.36"
45.116.79.41 - - [08/Sep/2025:14:37:57 +0700] "GET /my-account/ HTTP/1.0" 200 60422 "https://vattusacky.vn/wp-admin/" "Mozilla/5.0 (Windows NT 10.0; Win64; x64) AppleWebKit/537.36 (KHTML, like Gecko) Chrome/90.0.4430.85 Safari/537.36"
20.171.207.118 - - [08/Sep/2025:14:37:58 +0700] "GET /earning-a-six-figure-income-from-bilet-na-avtobus/ HTTP/1.0" 200 108594 "-" "Mozilla/5.0 AppleWebKit/537.36 (KHTML, like Gecko; compatible; GPTBot/1.2; +https://openai.com/gptbot)"
45.116.79.41 - - [08/Sep/2025:14:37:58 +0700] "GET /wp-admin/ HTTP/1.0" 302 509 "-" "Mozilla/5.0 (Windows NT 10.0; Win64; x64) AppleWebKit/537.36 (KHTML, like Gecko) Chrome/112.0.0.0 Safari/537.36"
45.116.79.41 - - [08/Sep/2025:14:38:00 +0700] "GET /my-account/ HTTP/1.0" 200 60422 "-" "Mozilla/5.0 (Windows NT 10.0; Win64; x64) AppleWebKit/537.36 (KHTML, like Gecko) Chrome/112.0.0.0 Safari/537.36"
45.117.177.72 - - [08/Sep/2025:14:38:29 +0700] "POST /wp-cron.php?doing_wp_cron=1757317109.4084200859069824218750 HTTP/1.0" 200 416 "-" "WordPress/6.8.1; https://vattusacky.vn"
103.163.214.43 - - [08/Sep/2025:14:38:27 +0700] "POST /xmlrpc.php HTTP/1.0" 200 956 "https://vattusacky.vn" "Mozilla/5.0 (Macintosh; Intel Mac OS X 10_15_7) AppleWebKit/537.36 (KHTML, like Gecko) Chrome/126.0.0.0 Safari/537.36"
85.208.96.193 - - [08/Sep/2025:14:38:56 +0700] "GET /tag/phan-tich-nuoc-bien/ HTTP/1.0" 200 59686 "-" "Mozilla/5.0 (compatible; SemrushBot/7~bl; +http://www.semrush.com/bot.html)"
20.171.207.118 - - [08/Sep/2025:14:39:12 +0700] "GET /?p=4497 HTTP/1.0" 301 492 "-" "Mozilla/5.0 AppleWebKit/537.36 (KHTML, like Gecko; compatible; GPTBot/1.2; +https://openai.com/gptbot)"
20.171.207.118 - - [08/Sep/2025:14:39:14 +0700] "GET /chto-za-igra-aviator-igrat-onlajn-na-oficialnom/ HTTP/1.0" 200 243768 "-" "Mozilla/5.0 AppleWebKit/537.36 (KHTML, like Gecko; compatible; GPTBot/1.2; +https://openai.com/gptbot)"
45.117.177.72 - - [08/Sep/2025:14:39:45 +0700] "POST /wp-cron.php?doing_wp_cron=1757317185.7733170986175537109375 HTTP/1.0" 200 416 "-" "WordPress/6.8.1; https://vattusacky.vn"
20.171.207.118 - - [08/Sep/2025:14:39:44 +0700] "GET /?p=3645 HTTP/1.0" 301 484 "-" "Mozilla/5.0 AppleWebKit/537.36 (KHTML, like Gecko; compatible; GPTBot/1.2; +https://openai.com/gptbot)"
20.171.207.118 - - [08/Sep/2025:14:39:46 +0700] "GET /el-prestamo-participativo-como-forma-de/ HTTP/1.0" 200 450104 "-" "Mozilla/5.0 AppleWebKit/537.36 (KHTML, like Gecko; compatible; GPTBot/1.2; +https://openai.com/gptbot)"
20.171.207.118 - - [08/Sep/2025:14:39:52 +0700] "GET /wp-json/wp/v2/posts/10324 HTTP/1.0" 200 122637 "-" "Mozilla/5.0 AppleWebKit/537.36 (KHTML, like Gecko; compatible; GPTBot/1.2; +https://openai.com/gptbot)"
20.171.207.118 - - [08/Sep/2025:14:39:58 +0700] "GET /earning-a-six-figure-income-from-bilet-na-avtobus/feed/ HTTP/1.0" 200 1614 "-" "Mozilla/5.0 AppleWebKit/537.36 (KHTML, like Gecko; compatible; GPTBot/1.2; +https://openai.com/gptbot)"
20.171.207.118 - - [08/Sep/2025:14:40:06 +0700] "GET /wp-json/oembed/1.0/embed?format=xml&url=https%3A%2F%2Fvattusacky.vn%2Fearning-a-six-figure-income-from-bilet-na-avtobus%2F HTTP/1.0" 200 6244 "-" "Mozilla/5.0 AppleWebKit/537.36 (KHTML, like Gecko; compatible; GPTBot/1.2; +https://openai.com/gptbot)"
20.171.207.118 - - [08/Sep/2025:14:40:11 +0700] "GET /wp-json/oembed/1.0/embed?url=https%3A%2F%2Fvattusacky.vn%2Fearning-a-six-figure-income-from-bilet-na-avtobus%2F HTTP/1.0" 200 5675 "-" "Mozilla/5.0 AppleWebKit/537.36 (KHTML, like Gecko; compatible; GPTBot/1.2; +https://openai.com/gptbot)"
45.117.177.72 - - [08/Sep/2025:14:40:26 +0700] "POST /wp-cron.php?doing_wp_cron=1757317225.7639160156250000000000 HTTP/1.0" 200 416 "-" "WordPress/6.8.1; https://vattusacky.vn"
89.45.83.89 - - [08/Sep/2025:14:40:23 +0700] "POST /xmlrpc.php HTTP/1.0" 200 956 "https://vattusacky.vn" "Mozilla/5.0 (Windows NT 10.0; Win64; x64) AppleWebKit/537.36 (KHTML, like Gecko) Chrome/114.0.5735.134 Safari/537.36"
20.171.207.118 - - [08/Sep/2025:14:40:53 +0700] "GET /producing-a-sample-profile-for-online-dating-site/ HTTP/1.0" 200 206530 "-" "Mozilla/5.0 AppleWebKit/537.36 (KHTML, like Gecko; compatible; GPTBot/1.2; +https://openai.com/gptbot)"
45.117.177.72 - - [08/Sep/2025:14:41:45 +0700] "POST /wp-cron.php?doing_wp_cron=1757317304.8635520935058593750000 HTTP/1.0" 200 416 "-" "WordPress/6.8.1; https://vattusacky.vn"
20.171.207.118 - - [08/Sep/2025:14:41:43 +0700] "GET /?p=9382 HTTP/1.0" 301 490 "-" "Mozilla/5.0 AppleWebKit/537.36 (KHTML, like Gecko; compatible; GPTBot/1.2; +https://openai.com/gptbot)"
20.171.207.118 - - [08/Sep/2025:14:41:47 +0700] "GET /arheologicheskoe-issledovanie-slot-book-of-ra/ HTTP/1.0" 200 93498 "-" "Mozilla/5.0 AppleWebKit/537.36 (KHTML, like Gecko; compatible; GPTBot/1.2; +https://openai.com/gptbot)"
18.205.213.231 - - [08/Sep/2025:14:41:57 +0700] "GET /category/uncategorized/page/249/ HTTP/1.0" 200 77444 "-" "Mozilla/5.0 AppleWebKit/537.36 (KHTML, like Gecko; compatible; Amazonbot/0.1; +https://developer.amazon.com/support/amazonbot) Chrome/119.0.6045.214 Safari/537.36"
45.117.177.72 - - [08/Sep/2025:14:42:19 +0700] "POST /wp-cron.php?doing_wp_cron=1757317339.0319120883941650390625 HTTP/1.0" 200 416 "-" "WordPress/6.8.1; https://vattusacky.vn"
217.131.14.13 - - [08/Sep/2025:14:42:17 +0700] "POST /xmlrpc.php HTTP/1.0" 200 956 "https://vattusacky.vn" "Mozilla/5.0 (Macintosh; Intel Mac OS X 10_15_7; rv:127.0) Gecko/20100101 Firefox/127.0"
20.171.207.118 - - [08/Sep/2025:14:43:14 +0700] "GET /earning-a-six-figure-income-from-bilet-na-avtobus HTTP/1.0" 301 494 "-" "Mozilla/5.0 AppleWebKit/537.36 (KHTML, like Gecko; compatible; GPTBot/1.2; +https://openai.com/gptbot)"
45.117.177.72 - - [08/Sep/2025:14:43:17 +0700] "POST /wp-cron.php?doing_wp_cron=1757317397.2536699771881103515625 HTTP/1.0" 200 416 "-" "WordPress/6.8.1; https://vattusacky.vn"
20.171.207.118 - - [08/Sep/2025:14:43:16 +0700] "GET /earning-a-six-figure-income-from-bilet-na-avtobus/ HTTP/1.0" 200 108623 "-" "Mozilla/5.0 AppleWebKit/537.36 (KHTML, like Gecko; compatible; GPTBot/1.2; +https://openai.com/gptbot)"
165.232.60.151 - - [08/Sep/2025:14:44:11 +0700] "POST /xmlrpc.php HTTP/1.0" 200 956 "https://vattusacky.vn" "Mozilla/5.0 (Macintosh; Intel Mac OS X 14_4_1) AppleWebKit/605.1.15 (KHTML, like Gecko) Version/17.3.1 Safari/605.1.15"
45.117.177.72 - - [08/Sep/2025:14:44:17 +0700] "POST /wp-cron.php?doing_wp_cron=1757317457.6332280635833740234375 HTTP/1.0" 200 416 "-" "WordPress/6.8.1; https://vattusacky.vn"
20.171.207.118 - - [08/Sep/2025:14:44:16 +0700] "GET /lynn-escort-forum-lynn-largest-hooker-director/ HTTP/1.0" 200 213043 "-" "Mozilla/5.0 AppleWebKit/537.36 (KHTML, like Gecko; compatible; GPTBot/1.2; +https://openai.com/gptbot)"
20.171.207.118 - - [08/Sep/2025:14:45:12 +0700] "GET /the-features-that-make-a-casino-site-the-best-online-slots-site/ HTTP/1.0" 200 206725 "-" "Mozilla/5.0 AppleWebKit/537.36 (KHTML, like Gecko; compatible; GPTBot/1.2; +https://openai.com/gptbot)"
45.117.177.72 - - [08/Sep/2025:14:45:46 +0700] "POST /wp-cron.php?doing_wp_cron=1757317546.6447389125823974609375 HTTP/1.0" 200 416 "-" "WordPress/6.8.1; https://vattusacky.vn"
20.171.207.118 - - [08/Sep/2025:14:45:45 +0700] "GET /laki-dzhet-luchshaja-igra-na-dengi-analiz-novoj/ HTTP/1.0" 200 222675 "-" "Mozilla/5.0 AppleWebKit/537.36 (KHTML, like Gecko; compatible; GPTBot/1.2; +https://openai.com/gptbot)"
185.191.171.3 - - [08/Sep/2025:14:45:59 +0700] "GET /dive-into-the-world-of-online-video-chat-omegle-vs-ometv/ HTTP/1.0" 200 93136 "-" "Mozilla/5.0 (compatible; SemrushBot/7~bl; +http://www.semrush.com/bot.html)"
89.44.58.112 - - [08/Sep/2025:14:46:00 +0700] "GET /wp-json/wp/v2/posts?slug=/how-you-can-date-delightful-single-latina-women/ HTTP/1.0" 200 183295 "-" "-"
89.44.58.112 - - [08/Sep/2025:14:46:01 +0700] "GET /wp-json/wp/v2/posts?slug=/how-you-can-date-delightful-single-latina-women/ HTTP/1.0" 200 183295 "-" "-"
89.44.58.112 - - [08/Sep/2025:14:46:04 +0700] "POST /wp-comments-post.php HTTP/1.0" 302 1149 "-" "-"
89.44.58.112 - - [08/Sep/2025:14:46:04 +0700] "POST /wp-comments-post.php HTTP/1.0" 429 3223 "-" "-"
89.44.58.112 - - [08/Sep/2025:14:46:06 +0700] "GET /how-you-can-date-delightful-single-latina-women/?unapproved=1487&moderation-hash=967e66cf27fb20eadb70f2d7c9f45af6 HTTP/1.0" 200 208543 "-" "-"
91.134.7.130 - - [08/Sep/2025:14:46:06 +0700] "POST /xmlrpc.php HTTP/1.0" 200 956 "https://vattusacky.vn" "Mozilla/5.0 (Windows NT 11.0; Win64; x64) AppleWebKit/537.36 (KHTML, like Gecko) Chrome/126.0.0.0 Safari/537.36 Edg/126.0.0.0"
20.171.207.118 - - [08/Sep/2025:14:46:14 +0700] "GET /steps-to-create-a-woman-as-if-you-main-tricks-to-get-her-attention/ HTTP/1.0" 200 208704 "-" "Mozilla/5.0 AppleWebKit/537.36 (KHTML, like Gecko; compatible; GPTBot/1.2; +https://openai.com/gptbot)"
45.117.177.72 - - [08/Sep/2025:14:46:38 +0700] "POST /wp-cron.php?doing_wp_cron=1757317598.4994699954986572265625 HTTP/1.0" 200 416 "-" "WordPress/6.8.1; https://vattusacky.vn"
20.171.207.118 - - [08/Sep/2025:14:46:37 +0700] "GET /a-laughter-riot-the-funniest-encounters-on-omegle-and-ometv/ HTTP/1.0" 200 87866 "-" "Mozilla/5.0 AppleWebKit/537.36 (KHTML, like Gecko; compatible; GPTBot/1.2; +https://openai.com/gptbot)"
45.117.177.72 - - [08/Sep/2025:14:47:17 +0700] "POST /wp-cron.php?doing_wp_cron=1757317637.7432110309600830078125 HTTP/1.0" 200 416 "-" "WordPress/6.8.1; https://vattusacky.vn"
20.171.207.118 - - [08/Sep/2025:14:47:16 +0700] "GET /?p=3997 HTTP/1.0" 301 491 "-" "Mozilla/5.0 AppleWebKit/537.36 (KHTML, like Gecko; compatible; GPTBot/1.2; +https://openai.com/gptbot)"
20.171.207.118 - - [08/Sep/2025:14:47:18 +0700] "GET /lynn-escort-forum-lynn-largest-hooker-director/ HTTP/1.0" 200 213043 "-" "Mozilla/5.0 AppleWebKit/537.36 (KHTML, like Gecko; compatible; GPTBot/1.2; +https://openai.com/gptbot)"
178.172.165.16 - - [08/Sep/2025:14:47:58 +0700] "POST /xmlrpc.php HTTP/1.0" 200 956 "https://vattusacky.vn" "Mozilla/5.0 (Windows NT 10.0; Win64; x64; rv:127.0) Gecko/20100101 Firefox/127.0"
87.250.224.221 - - [08/Sep/2025:14:48:04 +0700] "GET /robots.txt HTTP/1.0" 200 984 "-" "Mozilla/5.0 (compatible; YandexBot/3.0; +http://yandex.com/bots)"
20.171.207.118 - - [08/Sep/2025:14:48:15 +0700] "GET /top-rated-first-day-topics-to-get-to-know-your-night-out-better/ HTTP/1.0" 200 208510 "-" "Mozilla/5.0 AppleWebKit/537.36 (KHTML, like Gecko; compatible; GPTBot/1.2; +https://openai.com/gptbot)"
45.117.177.72 - - [08/Sep/2025:14:49:18 +0700] "POST /wp-cron.php?doing_wp_cron=1757317758.1019630432128906250000 HTTP/1.0" 200 416 "-" "WordPress/6.8.1; https://vattusacky.vn"
20.171.207.118 - - [08/Sep/2025:14:49:16 +0700] "GET /?p=4227 HTTP/1.0" 301 462 "-" "Mozilla/5.0 AppleWebKit/537.36 (KHTML, like Gecko; compatible; GPTBot/1.2; +https://openai.com/gptbot)"
20.171.207.118 - - [08/Sep/2025:14:49:18 +0700] "GET /the-features-that-make-a-casino-site-the-best-online-slots-site/ HTTP/1.0" 200 206725 "-" "Mozilla/5.0 AppleWebKit/537.36 (KHTML, like Gecko; compatible; GPTBot/1.2; +https://openai.com/gptbot)"
20.171.207.118 - - [08/Sep/2025:14:49:43 +0700] "GET /priznaki-togo-chto-vy-okazali-bolshoe-vliyanie-na-kak-vyvesti-dengi-s-dzhoker-kazino/ HTTP/1.0" 200 254228 "-" "Mozilla/5.0 AppleWebKit/537.36 (KHTML, like Gecko; compatible; GPTBot/1.2; +https://openai.com/gptbot)"
