40.77.167.17 - - [08/Sep/2025:22:04:08 +0700] "GET /the-role-of-omegle-in-fostering-creative-connections-and-collaborations/ HTTP/1.0" 200 91588 "-" "Mozilla/5.0 AppleWebKit/537.36 (KHTML, like Gecko; compatible; bingbot/2.0; +http://www.bing.com/bingbot.htm) Chrome/116.0.1938.76 Safari/537.36"
20.171.207.118 - - [08/Sep/2025:22:04:26 +0700] "GET /wp-content/uploads/2018/06/hiq-logo.png HTTP/1.0" 200 415 "-" "Mozilla/5.0 AppleWebKit/537.36 (KHTML, like Gecko; compatible; GPTBot/1.2; +https://openai.com/gptbot)"
20.171.207.118 - - [08/Sep/2025:22:04:26 +0700] "GET /wp-content/uploads/2018/06/hiq-logo.png HTTP/2.0" 200 29766 "-" "Mozilla/5.0 AppleWebKit/537.36 (KHTML, like Gecko; compatible; GPTBot/1.2; +https://openai.com/gptbot)"
45.117.177.72 - - [08/Sep/2025:22:04:31 +0700] "POST /wp-cron.php?doing_wp_cron=1757343871.0627970695495605468750 HTTP/1.0" 200 416 "-" "WordPress/6.8.1; https://vattusacky.vn"
167.114.139.100 - - [08/Sep/2025:22:04:29 +0700] "GET /the-role-of-omegle-in-combating-loneliness/ HTTP/1.0" 200 90011 "-" "Mozilla/5.0 (compatible; AhrefsBot/7.0; +http://ahrefs.com/robot/)"
20.171.207.118 - - [08/Sep/2025:22:04:44 +0700] "GET /?p=8406 HTTP/1.0" 301 657 "-" "Mozilla/5.0 AppleWebKit/537.36 (KHTML, like Gecko; compatible; GPTBot/1.2; +https://openai.com/gptbot)"
20.171.207.118 - - [08/Sep/2025:22:04:45 +0700] "GET /the-educational-potential-of-omegle-learning-outside-the-classroom/ HTTP/1.0" 200 90150 "-" "Mozilla/5.0 AppleWebKit/537.36 (KHTML, like Gecko; compatible; GPTBot/1.2; +https://openai.com/gptbot)"
89.44.58.112 - - [08/Sep/2025:22:05:05 +0700] "GET /wp-json/wp/v2/posts?slug=/how-you-can-date-delightful-single-latina-women/ HTTP/1.0" 200 183295 "-" "-"
89.44.58.112 - - [08/Sep/2025:22:05:05 +0700] "GET /wp-json/wp/v2/posts?slug=/how-you-can-date-delightful-single-latina-women/ HTTP/1.0" 200 183295 "-" "-"
89.44.58.112 - - [08/Sep/2025:22:05:08 +0700] "POST /wp-comments-post.php HTTP/1.0" 429 3223 "-" "-"
89.44.58.112 - - [08/Sep/2025:22:05:08 +0700] "POST /wp-comments-post.php HTTP/1.0" 302 1149 "-" "-"
20.171.207.118 - - [08/Sep/2025:22:05:10 +0700] "GET /?p=7678 HTTP/1.0" 301 511 "-" "Mozilla/5.0 AppleWebKit/537.36 (KHTML, like Gecko; compatible; GPTBot/1.2; +https://openai.com/gptbot)"
89.44.58.112 - - [08/Sep/2025:22:05:10 +0700] "GET /how-you-can-date-delightful-single-latina-women/?unapproved=1501&moderation-hash=c0fa8e1c4ba4600e2d1428e39c3e8c82 HTTP/1.0" 200 208543 "-" "-"
142.44.233.238 - - [08/Sep/2025:22:05:14 +0700] "GET /tips-for-maximizing-the-empathy-experience-on-omegle/ HTTP/1.0" 200 89577 "-" "Mozilla/5.0 (compatible; AhrefsBot/7.0; +http://ahrefs.com/robot/)"
45.117.177.72 - - [08/Sep/2025:22:05:30 +0700] "POST /wp-cron.php?doing_wp_cron=1757343930.6534171104431152343750 HTTP/1.0" 200 416 "-" "WordPress/6.8.1; https://vattusacky.vn"
20.171.207.118 - - [08/Sep/2025:22:05:29 +0700] "GET /omegle-long-distance-connections-bridging-the-gap-between-cultures/ HTTP/1.0" 200 75427 "-" "Mozilla/5.0 AppleWebKit/537.36 (KHTML, like Gecko; compatible; GPTBot/1.2; +https://openai.com/gptbot)"
20.171.207.118 - - [08/Sep/2025:22:05:51 +0700] "GET /?p=7955 HTTP/1.0" 301 511 "-" "Mozilla/5.0 AppleWebKit/537.36 (KHTML, like Gecko; compatible; GPTBot/1.2; +https://openai.com/gptbot)"
20.171.207.118 - - [08/Sep/2025:22:05:52 +0700] "GET /omegles-role-in-fostering-empathy-and-understanding-across-borders/ HTTP/1.0" 200 92079 "-" "Mozilla/5.0 AppleWebKit/537.36 (KHTML, like Gecko; compatible; GPTBot/1.2; +https://openai.com/gptbot)"
15.235.96.87 - - [08/Sep/2025:22:06:03 +0700] "GET /what-is-being-in-love/ HTTP/1.0" 200 207417 "-" "Mozilla/5.0 (compatible; AhrefsBot/7.0; +http://ahrefs.com/robot/)"
20.171.207.118 - - [08/Sep/2025:22:06:12 +0700] "GET /the-impact-of-language-overcoming-communication-barriers-on-omegle/ HTTP/1.0" 200 91570 "-" "Mozilla/5.0 AppleWebKit/537.36 (KHTML, like Gecko; compatible; GPTBot/1.2; +https://openai.com/gptbot)"
45.117.177.72 - - [08/Sep/2025:22:06:27 +0700] "POST /wp-cron.php?doing_wp_cron=1757343987.2444300651550292968750 HTTP/1.0" 200 416 "-" "WordPress/6.8.1; https://vattusacky.vn"
20.171.207.118 - - [08/Sep/2025:22:06:25 +0700] "GET /?p=7150 HTTP/1.0" 301 511 "-" "Mozilla/5.0 AppleWebKit/537.36 (KHTML, like Gecko; compatible; GPTBot/1.2; +https://openai.com/gptbot)"
20.171.207.118 - - [08/Sep/2025:22:06:35 +0700] "GET /journey-into-the-unknown-anonymous-explorers-experiences-on-omegle/ HTTP/1.0" 200 90607 "-" "Mozilla/5.0 AppleWebKit/537.36 (KHTML, like Gecko; compatible; GPTBot/1.2; +https://openai.com/gptbot)"
54.39.89.168 - - [08/Sep/2025:22:06:50 +0700] "GET /author/yanz/page/432/ HTTP/1.0" 200 278745 "-" "Mozilla/5.0 (compatible; AhrefsBot/7.0; +http://ahrefs.com/robot/)"
20.171.207.118 - - [08/Sep/2025:22:06:58 +0700] "GET /?p=7171 HTTP/1.0" 301 511 "-" "Mozilla/5.0 AppleWebKit/537.36 (KHTML, like Gecko; compatible; GPTBot/1.2; +https://openai.com/gptbot)"
20.171.207.118 - - [08/Sep/2025:22:07:00 +0700] "GET /letting-your-creativity-shine-using-omegle-for-artistic-expression/ HTTP/1.0" 200 91734 "-" "Mozilla/5.0 AppleWebKit/537.36 (KHTML, like Gecko; compatible; GPTBot/1.2; +https://openai.com/gptbot)"
45.117.177.72 - - [08/Sep/2025:22:07:18 +0700] "POST /wp-cron.php?doing_wp_cron=1757344038.2948510646820068359375 HTTP/1.0" 200 416 "-" "WordPress/6.8.1; https://vattusacky.vn"
20.171.207.118 - - [08/Sep/2025:22:07:17 +0700] "GET /?p=7890 HTTP/1.0" 301 511 "-" "Mozilla/5.0 AppleWebKit/537.36 (KHTML, like Gecko; compatible; GPTBot/1.2; +https://openai.com/gptbot)"
20.171.207.118 - - [08/Sep/2025:22:07:18 +0700] "GET /omegles-influence-on-the-development-of-online-friendship-networks/ HTTP/1.0" 200 94158 "-" "Mozilla/5.0 AppleWebKit/537.36 (KHTML, like Gecko; compatible; GPTBot/1.2; +https://openai.com/gptbot)"
20.171.207.118 - - [08/Sep/2025:22:07:36 +0700] "GET /?p=8537 HTTP/1.0" 301 511 "-" "Mozilla/5.0 AppleWebKit/537.36 (KHTML, like Gecko; compatible; GPTBot/1.2; +https://openai.com/gptbot)"
20.171.207.118 - - [08/Sep/2025:22:07:37 +0700] "GET /the-impact-of-language-overcoming-communication-barriers-on-omegle/ HTTP/1.0" 200 91570 "-" "Mozilla/5.0 AppleWebKit/537.36 (KHTML, like Gecko; compatible; GPTBot/1.2; +https://openai.com/gptbot)"
54.39.203.48 - - [08/Sep/2025:22:07:42 +0700] "GET /tips-for-having-a-positive-experience-on-chatroulette-and-omegle/ HTTP/1.0" 200 90736 "-" "Mozilla/5.0 (compatible; AhrefsBot/7.0; +http://ahrefs.com/robot/)"
45.117.177.72 - - [08/Sep/2025:22:08:19 +0700] "POST /wp-cron.php?doing_wp_cron=1757344099.7154240608215332031250 HTTP/1.0" 200 416 "-" "WordPress/6.8.1; https://vattusacky.vn"
20.171.207.118 - - [08/Sep/2025:22:08:18 +0700] "GET /?p=7174 HTTP/1.0" 301 511 "-" "Mozilla/5.0 AppleWebKit/537.36 (KHTML, like Gecko; compatible; GPTBot/1.2; +https://openai.com/gptbot)"
20.171.207.118 - - [08/Sep/2025:22:08:20 +0700] "GET /leveraging-technology-for-effective-networking-on-omegle-and-ometv/ HTTP/1.0" 200 90594 "-" "Mozilla/5.0 AppleWebKit/537.36 (KHTML, like Gecko; compatible; GPTBot/1.2; +https://openai.com/gptbot)"
52.167.144.137 - - [08/Sep/2025:22:08:24 +0700] "GET /the-transformative-potential-of-cosmic-connections-on-personal-growth/ HTTP/1.0" 200 92875 "-" "Mozilla/5.0 AppleWebKit/537.36 (KHTML, like Gecko; compatible; bingbot/2.0; +http://www.bing.com/bingbot.htm) Chrome/116.0.1938.76 Safari/537.36"
142.44.233.63 - - [08/Sep/2025:22:08:32 +0700] "GET /entertaining-blunders-and-mistakes-on-omegle/ HTTP/1.0" 200 89863 "-" "Mozilla/5.0 (compatible; AhrefsBot/7.0; +http://ahrefs.com/robot/)"
20.171.207.118 - - [08/Sep/2025:22:08:40 +0700] "GET /omegles-impact-on-personal-growth-and-self-discovery/ HTTP/1.0" 200 89286 "-" "Mozilla/5.0 AppleWebKit/537.36 (KHTML, like Gecko; compatible; GPTBot/1.2; +https://openai.com/gptbot)"
45.117.177.72 - - [08/Sep/2025:22:09:01 +0700] "POST /wp-cron.php?doing_wp_cron=1757344140.9440340995788574218750 HTTP/1.0" 200 416 "-" "WordPress/6.8.1; https://vattusacky.vn"
20.171.207.118 - - [08/Sep/2025:22:08:59 +0700] "GET /navigating-the-omegle-community-tips-for-new-users/ HTTP/1.0" 200 91481 "-" "Mozilla/5.0 AppleWebKit/537.36 (KHTML, like Gecko; compatible; GPTBot/1.2; +https://openai.com/gptbot)"
54.39.0.129 - - [08/Sep/2025:22:09:10 +0700] "GET /virtual-connections-omegles-video-chat-potential/ HTTP/1.0" 200 89450 "-" "Mozilla/5.0 (compatible; AhrefsBot/7.0; +http://ahrefs.com/robot/)"
45.117.177.72 - - [08/Sep/2025:22:09:18 +0700] "POST /wp-cron.php?doing_wp_cron=1757344158.2241280078887939453125 HTTP/1.0" 200 416 "-" "WordPress/6.8.1; https://vattusacky.vn"
20.171.207.118 - - [08/Sep/2025:22:09:17 +0700] "GET /omegle-conversations-a-window-into-the-human-psyche/ HTTP/1.0" 200 87722 "-" "Mozilla/5.0 AppleWebKit/537.36 (KHTML, like Gecko; compatible; GPTBot/1.2; +https://openai.com/gptbot)"
20.171.207.118 - - [08/Sep/2025:22:09:38 +0700] "GET /omg-moments-ridiculous-omegle-chats-and-funny-pranks/ HTTP/1.0" 200 90498 "-" "Mozilla/5.0 AppleWebKit/537.36 (KHTML, like Gecko; compatible; GPTBot/1.2; +https://openai.com/gptbot)"
20.171.207.118 - - [08/Sep/2025:22:09:50 +0700] "GET /wp-content/uploads/2018/06/logo-aco.gif HTTP/1.0" 200 415 "-" "Mozilla/5.0 AppleWebKit/537.36 (KHTML, like Gecko; compatible; GPTBot/1.2; +https://openai.com/gptbot)"
20.171.207.118 - - [08/Sep/2025:22:09:50 +0700] "GET /wp-content/uploads/2018/06/logo-aco.gif HTTP/2.0" 200 13156 "-" "Mozilla/5.0 AppleWebKit/537.36 (KHTML, like Gecko; compatible; GPTBot/1.2; +https://openai.com/gptbot)"
51.161.37.179 - - [08/Sep/2025:22:09:51 +0700] "GET /embracing-the-unknown-omegles-future-exploration/ HTTP/1.0" 200 89992 "-" "Mozilla/5.0 (compatible; AhrefsBot/7.0; +http://ahrefs.com/robot/)"
20.171.207.118 - - [08/Sep/2025:22:10:08 +0700] "GET /building-a-supportive-community-on-omegle-and-ometv/ HTTP/1.0" 200 91764 "-" "Mozilla/5.0 AppleWebKit/537.36 (KHTML, like Gecko; compatible; GPTBot/1.2; +https://openai.com/gptbot)"
45.117.177.72 - - [08/Sep/2025:22:10:36 +0700] "POST /wp-cron.php?doing_wp_cron=1757344235.7951350212097167968750 HTTP/1.0" 200 416 "-" "WordPress/6.8.1; https://vattusacky.vn"
167.114.139.118 - - [08/Sep/2025:22:10:34 +0700] "GET /unveiling-the-stories-of-success-in-omegle-chronicles/ HTTP/1.0" 200 90461 "-" "Mozilla/5.0 (compatible; AhrefsBot/7.0; +http://ahrefs.com/robot/)"
20.171.207.118 - - [08/Sep/2025:22:10:38 +0700] "GET /risks-and-rewards-the-anonymous-experience-of-omegle/ HTTP/1.0" 200 89687 "-" "Mozilla/5.0 AppleWebKit/537.36 (KHTML, like Gecko; compatible; GPTBot/1.2; +https://openai.com/gptbot)"
20.171.207.118 - - [08/Sep/2025:22:10:59 +0700] "GET /omegle-for-travelers-connecting-with-locals-while-abroad/ HTTP/1.0" 200 91678 "-" "Mozilla/5.0 AppleWebKit/537.36 (KHTML, like Gecko; compatible; GPTBot/1.2; +https://openai.com/gptbot)"
45.117.177.72 - - [08/Sep/2025:22:11:22 +0700] "POST /wp-cron.php?doing_wp_cron=1757344281.9595999717712402343750 HTTP/1.0" 200 416 "-" "WordPress/6.8.1; https://vattusacky.vn"
20.171.207.118 - - [08/Sep/2025:22:11:20 +0700] "GET /?p=7252 HTTP/1.0" 301 495 "-" "Mozilla/5.0 AppleWebKit/537.36 (KHTML, like Gecko; compatible; GPTBot/1.2; +https://openai.com/gptbot)"
20.171.207.118 - - [08/Sep/2025:22:11:22 +0700] "GET /navigating-the-omegle-community-tips-for-new-users/ HTTP/1.0" 200 91481 "-" "Mozilla/5.0 AppleWebKit/537.36 (KHTML, like Gecko; compatible; GPTBot/1.2; +https://openai.com/gptbot)"
54.39.89.61 - - [08/Sep/2025:22:11:26 +0700] "GET /unveiling-the-mysteries-of-omegles-algorithms/ HTTP/1.0" 200 88828 "-" "Mozilla/5.0 (compatible; AhrefsBot/7.0; +http://ahrefs.com/robot/)"
20.171.207.118 - - [08/Sep/2025:22:11:36 +0700] "GET /?p=7604 HTTP/1.0" 301 496 "-" "Mozilla/5.0 AppleWebKit/537.36 (KHTML, like Gecko; compatible; GPTBot/1.2; +https://openai.com/gptbot)"
20.171.207.118 - - [08/Sep/2025:22:11:42 +0700] "GET /omegle-conversations-a-window-into-the-human-psyche/ HTTP/1.0" 200 87722 "-" "Mozilla/5.0 AppleWebKit/537.36 (KHTML, like Gecko; compatible; GPTBot/1.2; +https://openai.com/gptbot)"
20.171.207.118 - - [08/Sep/2025:22:11:58 +0700] "GET /the-global-community-on-omegle-connecting-beyond-borders/ HTTP/1.0" 200 89393 "-" "Mozilla/5.0 AppleWebKit/537.36 (KHTML, like Gecko; compatible; GPTBot/1.2; +https://openai.com/gptbot)"
148.113.130.204 - - [08/Sep/2025:22:12:13 +0700] "GET /unveiling-the-secrets-of-successful-encounters-on-omegle/ HTTP/1.0" 200 94026 "-" "Mozilla/5.0 (compatible; AhrefsBot/7.0; +http://ahrefs.com/robot/)"
20.171.207.118 - - [08/Sep/2025:22:12:13 +0700] "GET /unforgettable-laughter-funny-moments-on-omegle-and-ometv/ HTTP/1.0" 200 90238 "-" "Mozilla/5.0 AppleWebKit/537.36 (KHTML, like Gecko; compatible; GPTBot/1.2; +https://openai.com/gptbot)"
45.117.177.72 - - [08/Sep/2025:22:12:40 +0700] "POST /wp-cron.php?doing_wp_cron=1757344360.1432099342346191406250 HTTP/1.0" 200 416 "-" "WordPress/6.8.1; https://vattusacky.vn"
20.171.207.118 - - [08/Sep/2025:22:12:38 +0700] "GET /unmasking-the-psychological-thrills-mind-games-on-omegle/ HTTP/1.0" 200 89466 "-" "Mozilla/5.0 AppleWebKit/537.36 (KHTML, like Gecko; compatible; GPTBot/1.2; +https://openai.com/gptbot)"
20.171.207.118 - - [08/Sep/2025:22:13:01 +0700] "GET /serendipity-and-personal-fulfillment-on-omegle-and-ometv/ HTTP/1.0" 200 90103 "-" "Mozilla/5.0 AppleWebKit/537.36 (KHTML, like Gecko; compatible; GPTBot/1.2; +https://openai.com/gptbot)"
51.161.65.170 - - [08/Sep/2025:22:13:03 +0700] "GET /slot-thailand-mengenal-jenis-jenis-permainan-yang-ditawarkan/ HTTP/1.0" 200 65681 "-" "Mozilla/5.0 (compatible; AhrefsBot/7.0; +http://ahrefs.com/robot/)"
45.117.177.72 - - [08/Sep/2025:22:13:26 +0700] "POST /wp-cron.php?doing_wp_cron=1757344406.1961390972137451171875 HTTP/1.0" 200 416 "-" "WordPress/6.8.1; https://vattusacky.vn"
20.171.207.118 - - [08/Sep/2025:22:13:25 +0700] "GET /?p=8000 HTTP/1.0" 301 497 "-" "Mozilla/5.0 AppleWebKit/537.36 (KHTML, like Gecko; compatible; GPTBot/1.2; +https://openai.com/gptbot)"
20.171.207.118 - - [08/Sep/2025:22:13:26 +0700] "GET /omg-moments-ridiculous-omegle-chats-and-funny-pranks/ HTTP/1.0" 200 90498 "-" "Mozilla/5.0 AppleWebKit/537.36 (KHTML, like Gecko; compatible; GPTBot/1.2; +https://openai.com/gptbot)"
51.161.65.73 - - [08/Sep/2025:22:13:33 +0700] "GET /slot-thailand-mengenal-jenis-jenis-permainan-yang-ditawarkan/ HTTP/1.0" 200 65681 "-" "Mozilla/5.0 (compatible; AhrefsBot/7.0; +http://ahrefs.com/robot/)"
20.171.207.118 - - [08/Sep/2025:22:13:46 +0700] "GET /?p=7843 HTTP/1.0" 301 497 "-" "Mozilla/5.0 AppleWebKit/537.36 (KHTML, like Gecko; compatible; GPTBot/1.2; +https://openai.com/gptbot)"
20.171.207.118 - - [08/Sep/2025:22:13:47 +0700] "GET /omegles-impact-on-personal-growth-and-self-discovery/ HTTP/1.0" 200 89286 "-" "Mozilla/5.0 AppleWebKit/537.36 (KHTML, like Gecko; compatible; GPTBot/1.2; +https://openai.com/gptbot)"
54.39.210.84 - - [08/Sep/2025:22:13:54 +0700] "GET /author/yanz/page/8/ HTTP/1.0" 200 77181 "-" "Mozilla/5.0 (compatible; AhrefsBot/7.0; +http://ahrefs.com/robot/)"
20.171.207.118 - - [08/Sep/2025:22:14:12 +0700] "GET /tackling-online-harassment-and-safety-concerns-on-omegle/ HTTP/1.0" 200 90379 "-" "Mozilla/5.0 AppleWebKit/537.36 (KHTML, like Gecko; compatible; GPTBot/1.2; +https://openai.com/gptbot)"
45.117.177.72 - - [08/Sep/2025:22:14:31 +0700] "POST /wp-cron.php?doing_wp_cron=1757344471.3532459735870361328125 HTTP/1.0" 200 416 "-" "WordPress/6.8.1; https://vattusacky.vn"
40.84.221.234 - - [08/Sep/2025:22:14:30 +0700] "GET / HTTP/1.0" 503 8085 "-" "Mozilla/5.0 AppleWebKit/537.36 (KHTML, like Gecko); compatible; ChatGPT-User/1.0; +https://openai.com/bot"
20.171.207.118 - - [08/Sep/2025:22:14:39 +0700] "GET /playing-free-slots-in-online-casinos-without-downloading/ HTTP/1.0" 200 207679 "-" "Mozilla/5.0 AppleWebKit/537.36 (KHTML, like Gecko; compatible; GPTBot/1.2; +https://openai.com/gptbot)"
15.235.96.198 - - [08/Sep/2025:22:14:48 +0700] "GET /what-makes-a-free-casino-game-different-from-other-casino-games/ HTTP/1.0" 200 209156 "-" "Mozilla/5.0 (compatible; AhrefsBot/7.0; +http://ahrefs.com/robot/)"
20.171.207.118 - - [08/Sep/2025:22:15:12 +0700] "GET /068c3b173bdfe0f097ca05038b9f42f0-4/ HTTP/1.0" 200 69208 "-" "Mozilla/5.0 AppleWebKit/537.36 (KHTML, like Gecko; compatible; GPTBot/1.2; +https://openai.com/gptbot)"
45.117.177.72 - - [08/Sep/2025:22:15:34 +0700] "POST /wp-cron.php?doing_wp_cron=1757344533.8973259925842285156250 HTTP/1.0" 200 416 "-" "WordPress/6.8.1; https://vattusacky.vn"
20.171.207.118 - - [08/Sep/2025:22:15:32 +0700] "GET /?p=9101 HTTP/1.0" 301 501 "-" "Mozilla/5.0 AppleWebKit/537.36 (KHTML, like Gecko; compatible; GPTBot/1.2; +https://openai.com/gptbot)"
20.171.207.118 - - [08/Sep/2025:22:15:34 +0700] "GET /unforgettable-laughter-funny-moments-on-omegle-and-ometv/ HTTP/1.0" 200 90238 "-" "Mozilla/5.0 AppleWebKit/537.36 (KHTML, like Gecko; compatible; GPTBot/1.2; +https://openai.com/gptbot)"
15.235.27.245 - - [08/Sep/2025:22:15:36 +0700] "GET /author/yanz/page/21/ HTTP/1.0" 200 76919 "-" "Mozilla/5.0 (compatible; AhrefsBot/7.0; +http://ahrefs.com/robot/)"
20.171.207.118 - - [08/Sep/2025:22:15:51 +0700] "GET /omegle-and-ometv-for-exploring-fashion-and-style/ HTTP/1.0" 200 88781 "-" "Mozilla/5.0 AppleWebKit/537.36 (KHTML, like Gecko; compatible; GPTBot/1.2; +https://openai.com/gptbot)"
45.117.177.72 - - [08/Sep/2025:22:16:23 +0700] "POST /wp-cron.php?doing_wp_cron=1757344583.2185089588165283203125 HTTP/1.0" 200 416 "-" "WordPress/6.8.1; https://vattusacky.vn"
54.39.203.34 - - [08/Sep/2025:22:16:22 +0700] "GET /tips-for-making-meaningful-connections-on-omegle/ HTTP/1.0" 200 89674 "-" "Mozilla/5.0 (compatible; AhrefsBot/7.0; +http://ahrefs.com/robot/)"
20.171.207.118 - - [08/Sep/2025:22:16:26 +0700] "GET /?p=8280 HTTP/1.0" 301 501 "-" "Mozilla/5.0 AppleWebKit/537.36 (KHTML, like Gecko; compatible; GPTBot/1.2; +https://openai.com/gptbot)"
43.167.239.66 - - [08/Sep/2025:22:16:28 +0700] "GET / HTTP/1.0" 301 598 "http://www.vattusacky.vn" "Mozilla/5.0 (iPhone; CPU iPhone OS 13_2_3 like Mac OS X) AppleWebKit/605.1.15 (KHTML, like Gecko) Version/13.0.3 Mobile/15E148 Safari/604.1"
20.171.207.118 - - [08/Sep/2025:22:16:30 +0700] "GET /tackling-online-harassment-and-safety-concerns-on-omegle/ HTTP/1.0" 200 90379 "-" "Mozilla/5.0 AppleWebKit/537.36 (KHTML, like Gecko; compatible; GPTBot/1.2; +https://openai.com/gptbot)"
43.167.239.66 - - [08/Sep/2025:22:16:31 +0700] "GET / HTTP/1.0" 200 60071 "https://www.vattusacky.vn/" "Mozilla/5.0 (iPhone; CPU iPhone OS 13_2_3 like Mac OS X) AppleWebKit/605.1.15 (KHTML, like Gecko) Version/13.0.3 Mobile/15E148 Safari/604.1"
20.171.207.118 - - [08/Sep/2025:22:16:46 +0700] "GET /?p=8189 HTTP/1.0" 301 501 "-" "Mozilla/5.0 AppleWebKit/537.36 (KHTML, like Gecko; compatible; GPTBot/1.2; +https://openai.com/gptbot)"
20.171.207.118 - - [08/Sep/2025:22:16:47 +0700] "GET /serendipity-and-personal-fulfillment-on-omegle-and-ometv/ HTTP/1.0" 200 90103 "-" "Mozilla/5.0 AppleWebKit/537.36 (KHTML, like Gecko; compatible; GPTBot/1.2; +https://openai.com/gptbot)"
17.241.227.48 - - [08/Sep/2025:22:17:01 +0700] "GET /the-future-of-online-connections-omegles-innovations/ HTTP/1.0" 200 91991 "-" "Mozilla/5.0 (Macintosh; Intel Mac OS X 10_15_7) AppleWebKit/605.1.15 (KHTML, like Gecko) Version/17.4 Safari/605.1.15 (Applebot/0.1; +http://www.apple.com/go/applebot)"
20.171.207.118 - - [08/Sep/2025:22:17:02 +0700] "GET /?p=8150 HTTP/1.0" 301 497 "-" "Mozilla/5.0 AppleWebKit/537.36 (KHTML, like Gecko; compatible; GPTBot/1.2; +https://openai.com/gptbot)"
20.171.207.118 - - [08/Sep/2025:22:17:04 +0700] "GET /risks-and-rewards-the-anonymous-experience-of-omegle/ HTTP/1.0" 200 89687 "-" "Mozilla/5.0 AppleWebKit/537.36 (KHTML, like Gecko; compatible; GPTBot/1.2; +https://openai.com/gptbot)"
45.117.177.72 - - [08/Sep/2025:22:17:23 +0700] "POST /wp-cron.php?doing_wp_cron=1757344643.0238599777221679687500 HTTP/1.0" 200 416 "-" "WordPress/6.8.1; https://vattusacky.vn"
142.44.225.77 - - [08/Sep/2025:22:17:21 +0700] "GET /author/yanz/page/22/ HTTP/1.0" 200 77028 "-" "Mozilla/5.0 (compatible; AhrefsBot/7.0; +http://ahrefs.com/robot/)"
20.171.207.118 - - [08/Sep/2025:22:17:37 +0700] "GET /?p=8497 HTTP/1.0" 301 501 "-" "Mozilla/5.0 AppleWebKit/537.36 (KHTML, like Gecko; compatible; GPTBot/1.2; +https://openai.com/gptbot)"
20.171.207.118 - - [08/Sep/2025:22:17:42 +0700] "GET /the-global-community-on-omegle-connecting-beyond-borders/ HTTP/1.0" 200 89393 "-" "Mozilla/5.0 AppleWebKit/537.36 (KHTML, like Gecko; compatible; GPTBot/1.2; +https://openai.com/gptbot)"
20.171.207.118 - - [08/Sep/2025:22:17:57 +0700] "GET /?p=7666 HTTP/1.0" 301 501 "-" "Mozilla/5.0 AppleWebKit/537.36 (KHTML, like Gecko; compatible; GPTBot/1.2; +https://openai.com/gptbot)"
20.171.207.118 - - [08/Sep/2025:22:17:58 +0700] "GET /omegle-for-travelers-connecting-with-locals-while-abroad/ HTTP/1.0" 200 91678 "-" "Mozilla/5.0 AppleWebKit/537.36 (KHTML, like Gecko; compatible; GPTBot/1.2; +https://openai.com/gptbot)"
15.235.96.0 - - [08/Sep/2025:22:18:04 +0700] "GET /user-feedback-and-reviews-on-omegle-and-ometv-privacy/ HTTP/1.0" 200 86156 "-" "Mozilla/5.0 (compatible; AhrefsBot/7.0; +http://ahrefs.com/robot/)"
45.117.177.72 - - [08/Sep/2025:22:18:23 +0700] "POST /wp-cron.php?doing_wp_cron=1757344703.4107770919799804687500 HTTP/1.0" 200 416 "-" "WordPress/6.8.1; https://vattusacky.vn"
20.171.207.118 - - [08/Sep/2025:22:18:22 +0700] "GET /is-certainly-avg-rider-updater-worth-your-money/ HTTP/1.0" 200 205656 "-" "Mozilla/5.0 AppleWebKit/537.36 (KHTML, like Gecko; compatible; GPTBot/1.2; +https://openai.com/gptbot)"
20.171.207.118 - - [08/Sep/2025:22:18:47 +0700] "GET /?p=9136 HTTP/1.0" 301 501 "-" "Mozilla/5.0 AppleWebKit/537.36 (KHTML, like Gecko; compatible; GPTBot/1.2; +https://openai.com/gptbot)"
142.44.220.162 - - [08/Sep/2025:22:18:47 +0700] "GET /san-pham/thiet-bi-lay-mau-bui-isokinetic-epa-5-thu-cong-2/ HTTP/1.0" 200 270548 "-" "Mozilla/5.0 (compatible; AhrefsBot/7.0; +http://ahrefs.com/robot/)"
20.171.207.118 - - [08/Sep/2025:22:18:49 +0700] "GET /unmasking-the-psychological-thrills-mind-games-on-omegle/ HTTP/1.0" 200 89466 "-" "Mozilla/5.0 AppleWebKit/537.36 (KHTML, like Gecko; compatible; GPTBot/1.2; +https://openai.com/gptbot)"
45.117.177.72 - - [08/Sep/2025:22:19:26 +0700] "POST /wp-cron.php?doing_wp_cron=1757344765.9712569713592529296875 HTTP/1.0" 200 416 "-" "WordPress/6.8.1; https://vattusacky.vn"
20.171.207.118 - - [08/Sep/2025:22:19:24 +0700] "GET /?p=4413 HTTP/1.0" 301 455 "-" "Mozilla/5.0 AppleWebKit/537.36 (KHTML, like Gecko; compatible; GPTBot/1.2; +https://openai.com/gptbot)"
20.171.207.118 - - [08/Sep/2025:22:19:26 +0700] "GET /playing-free-slots-in-online-casinos-without-downloading/ HTTP/1.0" 200 207679 "-" "Mozilla/5.0 AppleWebKit/537.36 (KHTML, like Gecko; compatible; GPTBot/1.2; +https://openai.com/gptbot)"
51.222.168.146 - - [08/Sep/2025:22:19:28 +0700] "GET /category/forex-trading-3/ HTTP/1.0" 200 121732 "-" "Mozilla/5.0 (compatible; AhrefsBot/7.0; +http://ahrefs.com/robot/)"
20.171.207.118 - - [08/Sep/2025:22:19:45 +0700] "GET /networking-for-personal-fulfillment-on-omegle-and-ometv/ HTTP/1.0" 200 93514 "-" "Mozilla/5.0 AppleWebKit/537.36 (KHTML, like Gecko; compatible; GPTBot/1.2; +https://openai.com/gptbot)"
20.171.207.118 - - [08/Sep/2025:22:20:07 +0700] "GET /how-to-obtain-the-best-real-money-online-casino-gambling/ HTTP/1.0" 200 74790 "-" "Mozilla/5.0 AppleWebKit/537.36 (KHTML, like Gecko; compatible; GPTBot/1.2; +https://openai.com/gptbot)"
45.117.177.72 - - [08/Sep/2025:22:20:18 +0700] "POST /wp-cron.php?doing_wp_cron=1757344818.0703289508819580078125 HTTP/1.0" 200 416 "-" "WordPress/6.8.1; https://vattusacky.vn"
51.222.168.214 - - [08/Sep/2025:22:20:16 +0700] "GET /understanding-the-limitations-of-omegles-social-experiment/ HTTP/1.0" 200 88800 "-" "Mozilla/5.0 (compatible; AhrefsBot/7.0; +http://ahrefs.com/robot/)"
20.171.207.118 - - [08/Sep/2025:22:20:30 +0700] "GET /the-omegle-phenomenon-exploring-its-popularity-and-draw/ HTTP/1.0" 200 91026 "-" "Mozilla/5.0 AppleWebKit/537.36 (KHTML, like Gecko; compatible; GPTBot/1.2; +https://openai.com/gptbot)"
54.39.136.142 - - [08/Sep/2025:22:20:54 +0700] "GET /virtual-discoveries-exciting-adventures-on-omegle-and-ometv/ HTTP/1.0" 200 91851 "-" "Mozilla/5.0 (compatible; AhrefsBot/7.0; +http://ahrefs.com/robot/)"
20.171.207.118 - - [08/Sep/2025:22:21:15 +0700] "GET /?p=5526 HTTP/1.0" 301 479 "-" "Mozilla/5.0 AppleWebKit/537.36 (KHTML, like Gecko; compatible; GPTBot/1.2; +https://openai.com/gptbot)"
45.117.177.72 - - [08/Sep/2025:22:21:18 +0700] "POST /wp-cron.php?doing_wp_cron=1757344877.8704679012298583984375 HTTP/1.0" 200 416 "-" "WordPress/6.8.1; https://vattusacky.vn"
20.171.207.118 - - [08/Sep/2025:22:21:16 +0700] "GET /068c3b173bdfe0f097ca05038b9f42f0-4/ HTTP/1.0" 200 69062 "-" "Mozilla/5.0 AppleWebKit/537.36 (KHTML, like Gecko; compatible; GPTBot/1.2; +https://openai.com/gptbot)"
20.171.207.118 - - [08/Sep/2025:22:21:37 +0700] "GET /unraveling-the-secrets-of-friendship-in-omelove-stories/ HTTP/1.0" 200 78567 "-" "Mozilla/5.0 AppleWebKit/537.36 (KHTML, like Gecko; compatible; GPTBot/1.2; +https://openai.com/gptbot)"
54.39.136.21 - - [08/Sep/2025:22:21:40 +0700] "GET /understanding-the-motivations-for-seeking-anonymity-on-omegle/ HTTP/1.0" 200 92815 "-" "Mozilla/5.0 (compatible; AhrefsBot/7.0; +http://ahrefs.com/robot/)"
20.171.207.118 - - [08/Sep/2025:22:22:01 +0700] "GET /the-power-of-online-communities-omegle-and-ometv/ HTTP/1.0" 200 90050 "-" "Mozilla/5.0 AppleWebKit/537.36 (KHTML, like Gecko; compatible; GPTBot/1.2; +https://openai.com/gptbot)"
45.117.177.72 - - [08/Sep/2025:22:22:25 +0700] "POST /wp-cron.php?doing_wp_cron=1757344945.3702869415283203125000 HTTP/1.0" 200 416 "-" "WordPress/6.8.1; https://vattusacky.vn"
20.171.207.118 - - [08/Sep/2025:22:22:24 +0700] "GET /igra-dragon-money-pravila-v-chem-preimushhestva-i/ HTTP/1.0" 200 244550 "-" "Mozilla/5.0 AppleWebKit/537.36 (KHTML, like Gecko; compatible; GPTBot/1.2; +https://openai.com/gptbot)"
142.44.228.7 - - [08/Sep/2025:22:22:31 +0700] "GET /understanding-the-omegle-chat-interface/ HTTP/1.0" 200 89931 "-" "Mozilla/5.0 (compatible; AhrefsBot/7.0; +http://ahrefs.com/robot/)"
20.171.207.118 - - [08/Sep/2025:22:22:46 +0700] "GET /068c3b173bdfe0f097ca05038b9f42f0-3/ HTTP/1.0" 200 69101 "-" "Mozilla/5.0 AppleWebKit/537.36 (KHTML, like Gecko; compatible; GPTBot/1.2; +https://openai.com/gptbot)"
20.171.207.118 - - [08/Sep/2025:22:23:11 +0700] "GET /?p=7406 HTTP/1.0" 301 493 "-" "Mozilla/5.0 AppleWebKit/537.36 (KHTML, like Gecko; compatible; GPTBot/1.2; +https://openai.com/gptbot)"
45.117.177.72 - - [08/Sep/2025:22:23:17 +0700] "POST /wp-cron.php?doing_wp_cron=1757344997.6185040473937988281250 HTTP/1.0" 200 416 "-" "WordPress/6.8.1; https://vattusacky.vn"
148.113.128.108 - - [08/Sep/2025:22:23:16 +0700] "GET /understanding-the-pairing-process-on-omegle-and-ometv/ HTTP/1.0" 200 89828 "-" "Mozilla/5.0 (compatible; AhrefsBot/7.0; +http://ahrefs.com/robot/)"
51.68.111.218 - - [08/Sep/2025:22:23:17 +0700] "GET /robots.txt HTTP/1.0" 200 984 "-" "Mozilla/5.0 (compatible; MJ12bot/v2.0.4; http://mj12bot.com/)"
51.68.111.218 - - [08/Sep/2025:22:23:19 +0700] "GET / HTTP/1.0" 200 60070 "-" "Mozilla/5.0 (compatible; MJ12bot/v2.0.4; http://mj12bot.com/)"
20.171.207.118 - - [08/Sep/2025:22:23:24 +0700] "GET /omegle-and-ometv-for-exploring-fashion-and-style/ HTTP/1.0" 200 88781 "-" "Mozilla/5.0 AppleWebKit/537.36 (KHTML, like Gecko; compatible; GPTBot/1.2; +https://openai.com/gptbot)"
157.230.24.5 - - [08/Sep/2025:22:23:43 +0700] "POST /xmlrpc.php HTTP/1.0" 200 956 "-" "Mozilla/5.0 (Windows NT 10.0; Win64; x64; rv:40.0) Gecko/20100101 Firefox/40.0"
20.171.207.118 - - [08/Sep/2025:22:23:49 +0700] "GET /omegles-social-etiquette-proper-conduct-on-the-platform/ HTTP/1.0" 200 90601 "-" "Mozilla/5.0 AppleWebKit/537.36 (KHTML, like Gecko; compatible; GPTBot/1.2; +https://openai.com/gptbot)"
54.39.210.104 - - [08/Sep/2025:22:23:56 +0700] "GET /understanding-the-potential-risks-of-cybertherapy/ HTTP/1.0" 403 611 "-" "Mozilla/5.0 (compatible; AhrefsBot/7.0; +http://ahrefs.com/robot/)"
20.171.207.118 - - [08/Sep/2025:22:24:10 +0700] "GET /?p=5524 HTTP/1.0" 301 479 "-" "Mozilla/5.0 AppleWebKit/537.36 (KHTML, like Gecko; compatible; GPTBot/1.2; +https://openai.com/gptbot)"
20.171.207.118 - - [08/Sep/2025:22:24:12 +0700] "GET /068c3b173bdfe0f097ca05038b9f42f0-3/ HTTP/1.0" 200 69101 "-" "Mozilla/5.0 AppleWebKit/537.36 (KHTML, like Gecko; compatible; GPTBot/1.2; +https://openai.com/gptbot)"
45.117.177.72 - - [08/Sep/2025:22:24:35 +0700] "POST /wp-cron.php?doing_wp_cron=1757345075.6790840625762939453125 HTTP/1.0" 200 416 "-" "WordPress/6.8.1; https://vattusacky.vn"
20.171.207.118 - - [08/Sep/2025:22:24:34 +0700] "GET /?p=5700 HTTP/1.0" 301 455 "-" "Mozilla/5.0 AppleWebKit/537.36 (KHTML, like Gecko; compatible; GPTBot/1.2; +https://openai.com/gptbot)"
52.167.144.201 - - [08/Sep/2025:22:24:36 +0700] "GET /the-risks-of-sharing-personal-information-on-omegle/ HTTP/1.0" 200 89899 "-" "Mozilla/5.0 AppleWebKit/537.36 (KHTML, like Gecko; compatible; bingbot/2.0; +http://www.bing.com/bingbot.htm) Chrome/116.0.1938.76 Safari/537.36"
148.113.130.114 - - [08/Sep/2025:22:24:37 +0700] "GET /using-visuals-to-communicate-across-languages-on-omegle-and-ometv/ HTTP/1.0" 200 88524 "-" "Mozilla/5.0 (compatible; AhrefsBot/7.0; +http://ahrefs.com/robot/)"
20.171.207.118 - - [08/Sep/2025:22:24:47 +0700] "GET /how-to-obtain-the-best-real-money-online-casino-gambling/ HTTP/1.0" 200 74790 "-" "Mozilla/5.0 AppleWebKit/537.36 (KHTML, like Gecko; compatible; GPTBot/1.2; +https://openai.com/gptbot)"
45.117.177.72 - - [08/Sep/2025:22:25:14 +0700] "POST /wp-cron.php?doing_wp_cron=1757345114.3759169578552246093750 HTTP/1.0" 200 416 "-" "WordPress/6.8.1; https://vattusacky.vn"
20.171.207.118 - - [08/Sep/2025:22:25:13 +0700] "GET /xem-tien-trinh-cai-gapvay-dat-phu-hop-voi-ban/ HTTP/1.0" 200 208612 "-" "Mozilla/5.0 AppleWebKit/537.36 (KHTML, like Gecko; compatible; GPTBot/1.2; +https://openai.com/gptbot)"
45.117.177.72 - - [08/Sep/2025:22:25:32 +0700] "POST /wp-cron.php?doing_wp_cron=1757345132.2385089397430419921875 HTTP/1.0" 200 416 "-" "WordPress/6.8.1; https://vattusacky.vn"
20.171.207.118 - - [08/Sep/2025:22:25:31 +0700] "GET /wp-json/oembed/1.0/embed?url=https%3A%2F%2Fvattusacky.vn%2Fnetworking-for-personal-fulfillment-on-omegle-and-ometv%2F HTTP/1.0" 200 3486 "-" "Mozilla/5.0 AppleWebKit/537.36 (KHTML, like Gecko; compatible; GPTBot/1.2; +https://openai.com/gptbot)"
20.171.207.118 - - [08/Sep/2025:22:25:47 +0700] "GET /is-omegle-suitable-for-minors-parental-guidance-advised/ HTTP/1.0" 200 89504 "-" "Mozilla/5.0 AppleWebKit/537.36 (KHTML, like Gecko; compatible; GPTBot/1.2; +https://openai.com/gptbot)"
20.171.207.118 - - [08/Sep/2025:22:26:02 +0700] "GET /?p=9146 HTTP/1.0" 301 500 "-" "Mozilla/5.0 AppleWebKit/537.36 (KHTML, like Gecko; compatible; GPTBot/1.2; +https://openai.com/gptbot)"
20.171.207.118 - - [08/Sep/2025:22:26:03 +0700] "GET /unraveling-the-secrets-of-friendship-in-omelove-stories/ HTTP/1.0" 200 78567 "-" "Mozilla/5.0 AppleWebKit/537.36 (KHTML, like Gecko; compatible; GPTBot/1.2; +https://openai.com/gptbot)"
54.39.210.248 - - [08/Sep/2025:22:26:06 +0700] "GET /utilizing-technology-to-overcome-barriers-to-empathy-on-omegle/ HTTP/1.0" 200 91546 "-" "Mozilla/5.0 (compatible; AhrefsBot/7.0; +http://ahrefs.com/robot/)"
45.117.177.72 - - [08/Sep/2025:22:26:31 +0700] "POST /wp-cron.php?doing_wp_cron=1757345191.4542539119720458984375 HTTP/1.0" 200 416 "-" "WordPress/6.8.1; https://vattusacky.vn"
20.171.207.118 - - [08/Sep/2025:22:26:30 +0700] "GET /the-power-of-nonverbal-communication-on-omegle/ HTTP/1.0" 200 90085 "-" "Mozilla/5.0 AppleWebKit/537.36 (KHTML, like Gecko; compatible; GPTBot/1.2; +https://openai.com/gptbot)"
45.117.177.72 - - [08/Sep/2025:22:26:57 +0700] "POST /wp-cron.php?doing_wp_cron=1757345217.0629169940948486328125 HTTP/1.0" 200 416 "-" "WordPress/6.8.1; https://vattusacky.vn"
20.171.207.118 - - [08/Sep/2025:22:26:55 +0700] "GET /?p=7272 HTTP/1.0" 301 500 "-" "Mozilla/5.0 AppleWebKit/537.36 (KHTML, like Gecko; compatible; GPTBot/1.2; +https://openai.com/gptbot)"
20.171.207.118 - - [08/Sep/2025:22:27:04 +0700] "GET /networking-for-personal-fulfillment-on-omegle-and-ometv/ HTTP/1.0" 200 93514 "-" "Mozilla/5.0 AppleWebKit/537.36 (KHTML, like Gecko; compatible; GPTBot/1.2; +https://openai.com/gptbot)"
45.117.177.72 - - [08/Sep/2025:22:27:32 +0700] "POST /wp-cron.php?doing_wp_cron=1757345252.2733800411224365234375 HTTP/1.0" 200 416 "-" "WordPress/6.8.1; https://vattusacky.vn"
185.191.171.1 - - [08/Sep/2025:22:27:31 +0700] "GET /robots.txt HTTP/1.0" 200 984 "-" "Mozilla/5.0 (compatible; SemrushBot/7~bl; +http://www.semrush.com/bot.html)"
85.208.96.200 - - [08/Sep/2025:22:27:35 +0700] "GET /cultural-exchange-and-personal-development-on-omegle/ HTTP/1.0" 200 91640 "-" "Mozilla/5.0 (compatible; SemrushBot/7~bl; +http://www.semrush.com/bot.html)"
20.171.207.118 - - [08/Sep/2025:22:27:39 +0700] "GET /?p=8672 HTTP/1.0" 301 500 "-" "Mozilla/5.0 AppleWebKit/537.36 (KHTML, like Gecko; compatible; GPTBot/1.2; +https://openai.com/gptbot)"
20.171.207.118 - - [08/Sep/2025:22:27:41 +0700] "GET /the-omegle-phenomenon-exploring-its-popularity-and-draw/ HTTP/1.0" 200 90880 "-" "Mozilla/5.0 AppleWebKit/537.36 (KHTML, like Gecko; compatible; GPTBot/1.2; +https://openai.com/gptbot)"
54.39.89.225 - - [08/Sep/2025:22:27:48 +0700] "GET /reviewing-the-best-real-money-online-casino-bonuses/ HTTP/1.0" 200 207532 "-" "Mozilla/5.0 (compatible; AhrefsBot/7.0; +http://ahrefs.com/robot/)"
20.171.207.118 - - [08/Sep/2025:22:28:08 +0700] "GET /?p=8700 HTTP/1.0" 301 493 "-" "Mozilla/5.0 AppleWebKit/537.36 (KHTML, like Gecko; compatible; GPTBot/1.2; +https://openai.com/gptbot)"
20.171.207.118 - - [08/Sep/2025:22:28:12 +0700] "GET /the-power-of-online-communities-omegle-and-ometv/ HTTP/1.0" 200 90050 "-" "Mozilla/5.0 AppleWebKit/537.36 (KHTML, like Gecko; compatible; GPTBot/1.2; +https://openai.com/gptbot)"
45.117.177.72 - - [08/Sep/2025:22:28:41 +0700] "POST /wp-cron.php?doing_wp_cron=1757345320.9055049419403076171875 HTTP/1.0" 200 416 "-" "WordPress/6.8.1; https://vattusacky.vn"
20.171.207.118 - - [08/Sep/2025:22:28:39 +0700] "GET /online-dating-on-omegle-and-ometv-exploring-love-and-relationships-in-the-digital-age/ HTTP/1.0" 200 93712 "-" "Mozilla/5.0 AppleWebKit/537.36 (KHTML, like Gecko; compatible; GPTBot/1.2; +https://openai.com/gptbot)"
20.171.207.118 - - [08/Sep/2025:22:28:59 +0700] "GET /?p=2300 HTTP/1.0" 301 490 "-" "Mozilla/5.0 AppleWebKit/537.36 (KHTML, like Gecko; compatible; GPTBot/1.2; +https://openai.com/gptbot)"
20.171.207.118 - - [08/Sep/2025:22:29:00 +0700] "GET /xem-tien-trinh-cai-gapvay-dat-phu-hop-voi-ban/ HTTP/1.0" 200 208612 "-" "Mozilla/5.0 AppleWebKit/537.36 (KHTML, like Gecko; compatible; GPTBot/1.2; +https://openai.com/gptbot)"
45.117.177.72 - - [08/Sep/2025:22:29:20 +0700] "POST /wp-cron.php?doing_wp_cron=1757345360.1522400379180908203125 HTTP/1.0" 200 416 "-" "WordPress/6.8.1; https://vattusacky.vn"
20.171.207.118 - - [08/Sep/2025:22:29:18 +0700] "GET /omegles-link-to-technology-addiction-finding-balance/ HTTP/1.0" 200 83400 "-" "Mozilla/5.0 AppleWebKit/537.36 (KHTML, like Gecko; compatible; GPTBot/1.2; +https://openai.com/gptbot)"
51.161.65.159 - - [08/Sep/2025:22:29:26 +0700] "GET /understanding-the-psychology-of-online-connections/ HTTP/1.0" 200 92015 "-" "Mozilla/5.0 (compatible; AhrefsBot/7.0; +http://ahrefs.com/robot/)"
20.171.207.118 - - [08/Sep/2025:22:29:36 +0700] "GET /unmasking-the-hidden-dangers-of-omegle-strategies-for-a-secure-online-experience/ HTTP/1.0" 200 90308 "-" "Mozilla/5.0 AppleWebKit/537.36 (KHTML, like Gecko; compatible; GPTBot/1.2; +https://openai.com/gptbot)"
20.171.207.118 - - [08/Sep/2025:22:29:58 +0700] "GET /?p=8699 HTTP/1.0" 301 491 "-" "Mozilla/5.0 AppleWebKit/537.36 (KHTML, like Gecko; compatible; GPTBot/1.2; +https://openai.com/gptbot)"
20.171.207.118 - - [08/Sep/2025:22:29:59 +0700] "GET /the-power-of-nonverbal-communication-on-omegle/ HTTP/1.0" 200 90085 "-" "Mozilla/5.0 AppleWebKit/537.36 (KHTML, like Gecko; compatible; GPTBot/1.2; +https://openai.com/gptbot)"
45.117.177.72 - - [08/Sep/2025:22:30:23 +0700] "POST /wp-cron.php?doing_wp_cron=1757345423.3106119632720947265625 HTTP/1.0" 200 416 "-" "WordPress/6.8.1; https://vattusacky.vn"
20.171.207.118 - - [08/Sep/2025:22:30:21 +0700] "GET /?p=7980 HTTP/1.0" 301 500 "-" "Mozilla/5.0 AppleWebKit/537.36 (KHTML, like Gecko; compatible; GPTBot/1.2; +https://openai.com/gptbot)"
20.171.207.118 - - [08/Sep/2025:22:30:23 +0700] "GET /omegles-social-etiquette-proper-conduct-on-the-platform/ HTTP/1.0" 200 90601 "-" "Mozilla/5.0 AppleWebKit/537.36 (KHTML, like Gecko; compatible; GPTBot/1.2; +https://openai.com/gptbot)"
216.73.216.162 - - [08/Sep/2025:22:30:39 +0700] "GET /robots.txt HTTP/1.0" 200 984 "-" "Mozilla/5.0 AppleWebKit/537.36 (KHTML, like Gecko; compatible; ClaudeBot/1.0; +claudebot@anthropic.com)"
20.171.207.118 - - [08/Sep/2025:22:30:40 +0700] "GET /genuine-mailorder-star-of-the-event-sites/ HTTP/1.0" 200 205457 "-" "Mozilla/5.0 AppleWebKit/537.36 (KHTML, like Gecko; compatible; GPTBot/1.2; +https://openai.com/gptbot)"
216.73.216.162 - - [08/Sep/2025:22:30:41 +0700] "GET /sitemap_index.xml HTTP/1.0" 200 2280 "-" "Mozilla/5.0 AppleWebKit/537.36 (KHTML, like Gecko; compatible; ClaudeBot/1.0; +claudebot@anthropic.com)"
52.167.144.19 - - [08/Sep/2025:22:30:55 +0700] "GET /path/to/default.png HTTP/1.0" 404 70812 "-" "Mozilla/5.0 AppleWebKit/537.36 (KHTML, like Gecko; compatible; bingbot/2.0; +http://www.bing.com/bingbot.htm) Chrome/116.0.1938.76 Safari/537.36"
20.171.207.118 - - [08/Sep/2025:22:30:59 +0700] "GET /?p=7144 HTTP/1.0" 301 646 "-" "Mozilla/5.0 AppleWebKit/537.36 (KHTML, like Gecko; compatible; GPTBot/1.2; +https://openai.com/gptbot)"
20.171.207.118 - - [08/Sep/2025:22:31:00 +0700] "GET /is-omegle-suitable-for-minors-parental-guidance-advised/ HTTP/1.0" 200 89358 "-" "Mozilla/5.0 AppleWebKit/537.36 (KHTML, like Gecko; compatible; GPTBot/1.2; +https://openai.com/gptbot)"
85.208.96.193 - - [08/Sep/2025:22:31:07 +0700] "GET /mobicel-r1-flash-file-mt6580-android-7-0-stock-3/ HTTP/1.0" 200 208333 "-" "Mozilla/5.0 (compatible; SemrushBot/7~bl; +http://www.semrush.com/bot.html)"
45.117.177.72 - - [08/Sep/2025:22:31:18 +0700] "POST /wp-cron.php?doing_wp_cron=1757345477.7984669208526611328125 HTTP/1.0" 200 416 "-" "WordPress/6.8.1; https://vattusacky.vn"
54.39.210.180 - - [08/Sep/2025:22:31:16 +0700] "GET /understanding-the-quest-for-authentic-connections-in-omegle/ HTTP/1.0" 200 91308 "-" "Mozilla/5.0 (compatible; AhrefsBot/7.0; +http://ahrefs.com/robot/)"
20.171.207.118 - - [08/Sep/2025:22:31:28 +0700] "GET /memorable-encounters-on-omegle-stories-from-users/ HTTP/1.0" 200 88473 "-" "Mozilla/5.0 AppleWebKit/537.36 (KHTML, like Gecko; compatible; GPTBot/1.2; +https://openai.com/gptbot)"
20.171.207.118 - - [08/Sep/2025:22:31:46 +0700] "GET /how-omegles-social-experiment-brings-people-together/ HTTP/1.0" 200 90486 "-" "Mozilla/5.0 AppleWebKit/537.36 (KHTML, like Gecko; compatible; GPTBot/1.2; +https://openai.com/gptbot)"
20.171.207.118 - - [08/Sep/2025:22:32:06 +0700] "GET /the-authenticity-paradox-balancing-honesty-and-self-presentation-in-anonymous-omegle-chats/ HTTP/1.0" 200 83067 "-" "Mozilla/5.0 AppleWebKit/537.36 (KHTML, like Gecko; compatible; GPTBot/1.2; +https://openai.com/gptbot)"
20.171.207.118 - - [08/Sep/2025:22:32:27 +0700] "GET /?p=9132 HTTP/1.0" 301 525 "-" "Mozilla/5.0 AppleWebKit/537.36 (KHTML, like Gecko; compatible; GPTBot/1.2; +https://openai.com/gptbot)"
20.171.207.118 - - [08/Sep/2025:22:32:33 +0700] "GET /unmasking-the-hidden-dangers-of-omegle-strategies-for-a-secure-online-experience/ HTTP/1.0" 200 90308 "-" "Mozilla/5.0 AppleWebKit/537.36 (KHTML, like Gecko; compatible; GPTBot/1.2; +https://openai.com/gptbot)"
20.171.207.118 - - [08/Sep/2025:22:32:53 +0700] "GET /omegle-and-online-ghosting-coping-with-disconnection-and-rejection/ HTTP/1.0" 200 91369 "-" "Mozilla/5.0 AppleWebKit/537.36 (KHTML, like Gecko; compatible; GPTBot/1.2; +https://openai.com/gptbot)"
142.44.233.81 - - [08/Sep/2025:22:33:12 +0700] "GET /tips-for-making-meaningful-connections-on-omegles-social-experiment/ HTTP/1.0" 200 93661 "-" "Mozilla/5.0 (compatible; AhrefsBot/7.0; +http://ahrefs.com/robot/)"
20.171.207.118 - - [08/Sep/2025:22:33:15 +0700] "GET /?p=7901 HTTP/1.0" 301 497 "-" "Mozilla/5.0 AppleWebKit/537.36 (KHTML, like Gecko; compatible; GPTBot/1.2; +https://openai.com/gptbot)"
20.171.207.118 - - [08/Sep/2025:22:33:17 +0700] "GET /omegles-link-to-technology-addiction-finding-balance/ HTTP/1.0" 200 83400 "-" "Mozilla/5.0 AppleWebKit/537.36 (KHTML, like Gecko; compatible; GPTBot/1.2; +https://openai.com/gptbot)"
45.117.177.72 - - [08/Sep/2025:22:33:36 +0700] "POST /wp-cron.php?doing_wp_cron=1757345615.9055569171905517578125 HTTP/1.0" 200 416 "-" "WordPress/6.8.1; https://vattusacky.vn"
20.171.207.118 - - [08/Sep/2025:22:33:34 +0700] "GET /?p=7211 HTTP/1.0" 301 494 "-" "Mozilla/5.0 AppleWebKit/537.36 (KHTML, like Gecko; compatible; GPTBot/1.2; +https://openai.com/gptbot)"
20.171.207.118 - - [08/Sep/2025:22:33:36 +0700] "GET /memorable-encounters-on-omegle-stories-from-users/ HTTP/1.0" 200 88473 "-" "Mozilla/5.0 AppleWebKit/537.36 (KHTML, like Gecko; compatible; GPTBot/1.2; +https://openai.com/gptbot)"
20.171.207.118 - - [08/Sep/2025:22:34:04 +0700] "GET /?p=3639 HTTP/1.0" 301 486 "-" "Mozilla/5.0 AppleWebKit/537.36 (KHTML, like Gecko; compatible; GPTBot/1.2; +https://openai.com/gptbot)"
20.171.207.118 - - [08/Sep/2025:22:34:06 +0700] "GET /genuine-mailorder-star-of-the-event-sites/ HTTP/1.0" 200 205457 "-" "Mozilla/5.0 AppleWebKit/537.36 (KHTML, like Gecko; compatible; GPTBot/1.2; +https://openai.com/gptbot)"
74.7.35.116 - - [08/Sep/2025:22:34:08 +0700] "GET / HTTP/1.0" 200 60070 "-" "Mozilla/5.0 AppleWebKit/537.36 (KHTML, like Gecko); compatible; ChatGPT-User/1.0; +https://openai.com/bot"
45.117.177.72 - - [08/Sep/2025:22:34:35 +0700] "POST /wp-cron.php?doing_wp_cron=1757345675.5462849140167236328125 HTTP/1.0" 200 416 "-" "WordPress/6.8.1; https://vattusacky.vn"
20.171.207.118 - - [08/Sep/2025:22:34:34 +0700] "GET /the-future-of-omegle-predictions-and-possibilities/ HTTP/1.0" 200 91267 "-" "Mozilla/5.0 AppleWebKit/537.36 (KHTML, like Gecko; compatible; GPTBot/1.2; +https://openai.com/gptbot)"
54.39.6.111 - - [08/Sep/2025:22:34:46 +0700] "GET /bahsegel-canl-casino-bahsegel-canl-casino-canl/ HTTP/1.0" 200 302824 "-" "Mozilla/5.0 (compatible; AhrefsBot/7.0; +http://ahrefs.com/robot/)"
20.171.207.118 - - [08/Sep/2025:22:35:02 +0700] "GET /lam-the-nao-ban-co-the-kiem-vay-tien-online-nhanh-tra-thoi-gian-nghi-truc-tuyen HTTP/1.0" 301 524 "-" "Mozilla/5.0 AppleWebKit/537.36 (KHTML, like Gecko; compatible; GPTBot/1.2; +https://openai.com/gptbot)"
20.171.207.118 - - [08/Sep/2025:22:35:04 +0700] "GET /lam-the-nao-ban-co-the-kiem-vay-tien-online-nhanh-tra-thoi-gian-nghi-truc-tuyen/ HTTP/1.0" 200 211579 "-" "Mozilla/5.0 AppleWebKit/537.36 (KHTML, like Gecko; compatible; GPTBot/1.2; +https://openai.com/gptbot)"
45.117.177.72 - - [08/Sep/2025:22:35:24 +0700] "POST /wp-cron.php?doing_wp_cron=1757345724.5716130733489990234375 HTTP/1.0" 200 416 "-" "WordPress/6.8.1; https://vattusacky.vn"
20.171.207.118 - - [08/Sep/2025:22:35:23 +0700] "GET /lam-the-nao-ban-co-the-kiem-vay-tien-online-nhanh-tra-thoi-gian-nghi-truc-tuyen/ HTTP/1.0" 200 211579 "-" "Mozilla/5.0 AppleWebKit/537.36 (KHTML, like Gecko; compatible; GPTBot/1.2; +https://openai.com/gptbot)"
20.171.207.118 - - [08/Sep/2025:22:35:43 +0700] "GET /omegles-role-in-fostering-cross-cultural-friendships/ HTTP/1.0" 200 90974 "-" "Mozilla/5.0 AppleWebKit/537.36 (KHTML, like Gecko; compatible; GPTBot/1.2; +https://openai.com/gptbot)"
20.171.207.118 - - [08/Sep/2025:22:36:04 +0700] "GET /?p=8004 HTTP/1.0" 301 676 "-" "Mozilla/5.0 AppleWebKit/537.36 (KHTML, like Gecko; compatible; GPTBot/1.2; +https://openai.com/gptbot)"
20.171.207.118 - - [08/Sep/2025:22:36:06 +0700] "GET /online-dating-on-omegle-and-ometv-exploring-love-and-relationships-in-the-digital-age/ HTTP/1.0" 200 93712 "-" "Mozilla/5.0 AppleWebKit/537.36 (KHTML, like Gecko; compatible; GPTBot/1.2; +https://openai.com/gptbot)"
45.117.177.72 - - [08/Sep/2025:22:36:18 +0700] "POST /wp-cron.php?doing_wp_cron=1757345778.2037880420684814453125 HTTP/1.0" 200 416 "-" "WordPress/6.8.1; https://vattusacky.vn"
51.222.95.65 - - [08/Sep/2025:22:36:17 +0700] "GET /the-between-criteria-and-expected-values-in-connections/ HTTP/1.0" 200 208931 "-" "Mozilla/5.0 (compatible; AhrefsBot/7.0; +http://ahrefs.com/robot/)"
20.171.207.118 - - [08/Sep/2025:22:36:36 +0700] "GET /?p=7043 HTTP/1.0" 301 497 "-" "Mozilla/5.0 AppleWebKit/537.36 (KHTML, like Gecko; compatible; GPTBot/1.2; +https://openai.com/gptbot)"
20.171.207.118 - - [08/Sep/2025:22:36:39 +0700] "GET /how-omegles-social-experiment-brings-people-together/ HTTP/1.0" 200 90486 "-" "Mozilla/5.0 AppleWebKit/537.36 (KHTML, like Gecko; compatible; GPTBot/1.2; +https://openai.com/gptbot)"
20.171.207.118 - - [08/Sep/2025:22:37:12 +0700] "GET /?p=8476 HTTP/1.0" 301 495 "-" "Mozilla/5.0 AppleWebKit/537.36 (KHTML, like Gecko; compatible; GPTBot/1.2; +https://openai.com/gptbot)"
20.171.207.118 - - [08/Sep/2025:22:37:14 +0700] "GET /the-future-of-omegle-predictions-and-possibilities/ HTTP/1.0" 200 91267 "-" "Mozilla/5.0 AppleWebKit/537.36 (KHTML, like Gecko; compatible; GPTBot/1.2; +https://openai.com/gptbot)"
45.117.177.72 - - [08/Sep/2025:22:37:36 +0700] "POST /wp-cron.php?doing_wp_cron=1757345855.8710169792175292968750 HTTP/1.0" 200 416 "-" "WordPress/6.8.1; https://vattusacky.vn"
15.235.98.144 - - [08/Sep/2025:22:37:34 +0700] "GET /utilizing-omegle-and-ometv-for-business-networking/ HTTP/1.0" 200 93718 "-" "Mozilla/5.0 (compatible; AhrefsBot/7.0; +http://ahrefs.com/robot/)"
20.171.207.118 - - [08/Sep/2025:22:37:41 +0700] "GET /recognizing-signs-of-flirtation-on-omegle/ HTTP/1.0" 200 89191 "-" "Mozilla/5.0 AppleWebKit/537.36 (KHTML, like Gecko; compatible; GPTBot/1.2; +https://openai.com/gptbot)"
20.171.207.118 - - [08/Sep/2025:22:38:03 +0700] "GET /omegles-impact-on-the-lgbtq-community-creating-safe-spaces-for-connection/ HTTP/1.0" 200 92826 "-" "Mozilla/5.0 AppleWebKit/537.36 (KHTML, like Gecko; compatible; GPTBot/1.2; +https://openai.com/gptbot)"
45.117.177.72 - - [08/Sep/2025:22:38:25 +0700] "POST /wp-cron.php?doing_wp_cron=1757345905.1365370750427246093750 HTTP/1.0" 200 416 "-" "WordPress/6.8.1; https://vattusacky.vn"
20.171.207.118 - - [08/Sep/2025:22:38:23 +0700] "GET /?p=8334 HTTP/1.0" 301 535 "-" "Mozilla/5.0 AppleWebKit/537.36 (KHTML, like Gecko; compatible; GPTBot/1.2; +https://openai.com/gptbot)"
20.171.207.118 - - [08/Sep/2025:22:38:25 +0700] "GET /the-authenticity-paradox-balancing-honesty-and-self-presentation-in-anonymous-omegle-chats/ HTTP/1.0" 200 83067 "-" "Mozilla/5.0 AppleWebKit/537.36 (KHTML, like Gecko; compatible; GPTBot/1.2; +https://openai.com/gptbot)"
20.171.207.118 - - [08/Sep/2025:22:38:49 +0700] "GET /?p=7466 HTTP/1.0" 301 511 "-" "Mozilla/5.0 AppleWebKit/537.36 (KHTML, like Gecko; compatible; GPTBot/1.2; +https://openai.com/gptbot)"
20.171.207.118 - - [08/Sep/2025:22:39:00 +0700] "GET /omegle-and-online-ghosting-coping-with-disconnection-and-rejection/ HTTP/1.0" 200 91369 "-" "Mozilla/5.0 AppleWebKit/537.36 (KHTML, like Gecko; compatible; GPTBot/1.2; +https://openai.com/gptbot)"
54.39.136.117 - - [08/Sep/2025:22:39:09 +0700] "GET /cach-tim-yeu-cau-vay-tra-gop-chi-can-cmnd-ung-truoc-nhanh-chong/ HTTP/1.0" 200 210343 "-" "Mozilla/5.0 (compatible; AhrefsBot/7.0; +http://ahrefs.com/robot/)"
45.117.177.72 - - [08/Sep/2025:22:39:29 +0700] "POST /wp-cron.php?doing_wp_cron=1757345968.8619420528411865234375 HTTP/1.0" 200 416 "-" "WordPress/6.8.1; https://vattusacky.vn"
20.171.207.118 - - [08/Sep/2025:22:39:27 +0700] "GET /serendipity-and-collective-wisdom-in-online-communities-on-omegle-and-ometv/ HTTP/1.0" 200 94736 "-" "Mozilla/5.0 AppleWebKit/537.36 (KHTML, like Gecko; compatible; GPTBot/1.2; +https://openai.com/gptbot)"
20.171.207.118 - - [08/Sep/2025:22:40:01 +0700] "GET /the-convenience-of-text-chat-ometvs-text-chat-benefits/ HTTP/1.0" 200 91337 "-" "Mozilla/5.0 AppleWebKit/537.36 (KHTML, like Gecko; compatible; GPTBot/1.2; +https://openai.com/gptbot)"
45.117.177.72 - - [08/Sep/2025:22:40:33 +0700] "POST /wp-cron.php?doing_wp_cron=1757346032.9162359237670898437500 HTTP/1.0" 200 416 "-" "WordPress/6.8.1; https://vattusacky.vn"
20.171.207.118 - - [08/Sep/2025:22:40:31 +0700] "GET /the-ethical-implications-of-using-omegle-for-research-and-data-collection/ HTTP/1.0" 200 91394 "-" "Mozilla/5.0 AppleWebKit/537.36 (KHTML, like Gecko; compatible; GPTBot/1.2; +https://openai.com/gptbot)"
15.235.96.178 - - [08/Sep/2025:22:40:45 +0700] "GET /tips-for-making-the-most-out-of-omegle/ HTTP/1.0" 200 88544 "-" "Mozilla/5.0 (compatible; AhrefsBot/7.0; +http://ahrefs.com/robot/)"
20.171.207.118 - - [08/Sep/2025:22:40:52 +0700] "GET /sonunda-mostbet-sign-inun-sirri-aciklandi/ HTTP/1.0" 200 235421 "-" "Mozilla/5.0 AppleWebKit/537.36 (KHTML, like Gecko; compatible; GPTBot/1.2; +https://openai.com/gptbot)"
20.171.207.118 - - [08/Sep/2025:22:41:18 +0700] "GET /the-role-of-schema-therapy-in-omegle-therapy/ HTTP/1.0" 403 606 "-" "Mozilla/5.0 AppleWebKit/537.36 (KHTML, like Gecko; compatible; GPTBot/1.2; +https://openai.com/gptbot)"
45.117.177.72 - - [08/Sep/2025:22:41:33 +0700] "POST /wp-cron.php?doing_wp_cron=1757346093.3064179420471191406250 HTTP/1.0" 200 416 "-" "WordPress/6.8.1; https://vattusacky.vn"
142.44.225.150 - - [08/Sep/2025:22:41:32 +0700] "GET /unveiling-the-human-experience-of-anonymity-on-omegle/ HTTP/1.0" 200 91155 "-" "Mozilla/5.0 (compatible; AhrefsBot/7.0; +http://ahrefs.com/robot/)"
20.171.207.118 - - [08/Sep/2025:22:41:33 +0700] "GET /?p=8372 HTTP/1.0" 301 645 "-" "Mozilla/5.0 AppleWebKit/537.36 (KHTML, like Gecko; compatible; GPTBot/1.2; +https://openai.com/gptbot)"
