20.171.207.118 - - [08/Sep/2025:12:07:57 +0700] "GET /dating-someone-right-from-a-different-region/ HTTP/1.0" 200 72156 "-" "Mozilla/5.0 AppleWebKit/537.36 (KHTML, like Gecko; compatible; GPTBot/1.2; +https://openai.com/gptbot)"
45.117.177.72 - - [08/Sep/2025:12:10:28 +0700] "POST /wp-cron.php?doing_wp_cron=1757308228.4687640666961669921875 HTTP/1.0" 200 416 "-" "WordPress/6.8.1; https://vattusacky.vn"
20.171.207.118 - - [08/Sep/2025:12:10:27 +0700] "GET /?p=9960 HTTP/1.0" 301 646 "-" "Mozilla/5.0 AppleWebKit/537.36 (KHTML, like Gecko; compatible; GPTBot/1.2; +https://openai.com/gptbot)"
20.171.207.118 - - [08/Sep/2025:12:10:28 +0700] "GET /1xslots-1hslots-otzyvy-igrokov-i-podrobnyj-obzor-kazino/ HTTP/1.0" 200 85359 "-" "Mozilla/5.0 AppleWebKit/537.36 (KHTML, like Gecko; compatible; GPTBot/1.2; +https://openai.com/gptbot)"
213.180.203.230 - - [08/Sep/2025:12:10:59 +0700] "GET /quan-trac-khi-thai-theo-thong-tu-24/ HTTP/1.0" 200 287415 "-" "Mozilla/5.0 (compatible; YandexBot/3.0; +http://yandex.com/bots)"
45.117.177.72 - - [08/Sep/2025:12:11:28 +0700] "POST /wp-cron.php?doing_wp_cron=1757308287.8758370876312255859375 HTTP/1.0" 200 416 "-" "WordPress/6.8.1; https://vattusacky.vn"
20.171.207.118 - - [08/Sep/2025:12:11:26 +0700] "GET /?p=3770 HTTP/1.0" 301 455 "-" "Mozilla/5.0 AppleWebKit/537.36 (KHTML, like Gecko; compatible; GPTBot/1.2; +https://openai.com/gptbot)"
20.171.207.118 - - [08/Sep/2025:12:11:28 +0700] "GET /free-online-slots-how-to-play-free-slots-on-the-internet/ HTTP/1.0" 200 209087 "-" "Mozilla/5.0 AppleWebKit/537.36 (KHTML, like Gecko; compatible; GPTBot/1.2; +https://openai.com/gptbot)"
95.108.213.157 - - [08/Sep/2025:12:11:29 +0700] "GET /the/do-quang/ HTTP/1.0" 200 67808 "-" "Mozilla/5.0 (compatible; YandexBot/3.0; +http://yandex.com/bots)"
45.117.177.72 - - [08/Sep/2025:12:12:45 +0700] "POST /wp-cron.php?doing_wp_cron=1757308364.8123888969421386718750 HTTP/1.0" 200 416 "-" "WordPress/6.8.1; https://vattusacky.vn"
20.171.207.118 - - [08/Sep/2025:12:12:43 +0700] "GET /?p=5400 HTTP/1.0" 301 492 "-" "Mozilla/5.0 AppleWebKit/537.36 (KHTML, like Gecko; compatible; GPTBot/1.2; +https://openai.com/gptbot)"
20.171.207.118 - - [08/Sep/2025:12:12:45 +0700] "GET /1xbet-bonuses-and-promotions-for-india-2023-196/ HTTP/1.0" 200 86983 "-" "Mozilla/5.0 AppleWebKit/537.36 (KHTML, like Gecko; compatible; GPTBot/1.2; +https://openai.com/gptbot)"
45.117.177.72 - - [08/Sep/2025:12:14:13 +0700] "POST /wp-cron.php?doing_wp_cron=1757308453.2922070026397705078125 HTTP/1.0" 200 416 "-" "WordPress/6.8.1; https://vattusacky.vn"
20.171.207.118 - - [08/Sep/2025:12:14:12 +0700] "GET /?p=3050 HTTP/1.0" 301 496 "-" "Mozilla/5.0 AppleWebKit/537.36 (KHTML, like Gecko; compatible; GPTBot/1.2; +https://openai.com/gptbot)"
20.171.207.118 - - [08/Sep/2025:12:14:13 +0700] "GET /the-8-best-dating-sites-and-apps-for-people-over-40/ HTTP/1.0" 200 213005 "-" "Mozilla/5.0 AppleWebKit/537.36 (KHTML, like Gecko; compatible; GPTBot/1.2; +https://openai.com/gptbot)"
45.117.177.72 - - [08/Sep/2025:12:15:59 +0700] "POST /wp-cron.php?doing_wp_cron=1757308559.0121510028839111328125 HTTP/1.0" 200 416 "-" "WordPress/6.8.1; https://vattusacky.vn"
20.171.207.118 - - [08/Sep/2025:12:15:57 +0700] "GET /?p=4336 HTTP/1.0" 301 634 "-" "Mozilla/5.0 AppleWebKit/537.36 (KHTML, like Gecko; compatible; GPTBot/1.2; +https://openai.com/gptbot)"
20.171.207.118 - - [08/Sep/2025:12:15:59 +0700] "GET /bahis-siteleri-guvenilir-casino-bonuslar-ve/ HTTP/1.0" 200 217745 "-" "Mozilla/5.0 AppleWebKit/537.36 (KHTML, like Gecko; compatible; GPTBot/1.2; +https://openai.com/gptbot)"
45.117.177.72 - - [08/Sep/2025:12:16:17 +0700] "POST /wp-cron.php?doing_wp_cron=1757308577.1794939041137695312500 HTTP/1.0" 200 416 "-" "WordPress/6.8.1; https://vattusacky.vn"
85.208.96.210 - - [08/Sep/2025:12:16:15 +0700] "GET /author/yanz/page/45/ HTTP/1.0" 200 77421 "-" "Mozilla/5.0 (compatible; SemrushBot/7~bl; +http://www.semrush.com/bot.html)"
45.117.177.72 - - [08/Sep/2025:12:17:32 +0700] "POST /wp-cron.php?doing_wp_cron=1757308652.4899249076843261718750 HTTP/1.0" 200 416 "-" "WordPress/6.8.1; https://vattusacky.vn"
20.171.207.118 - - [08/Sep/2025:12:17:31 +0700] "GET /?p=2114 HTTP/1.0" 301 487 "-" "Mozilla/5.0 AppleWebKit/537.36 (KHTML, like Gecko; compatible; GPTBot/1.2; +https://openai.com/gptbot)"
20.171.207.118 - - [08/Sep/2025:12:17:32 +0700] "GET /best-foreign-country-to-find-a-better-half/ HTTP/1.0" 200 206451 "-" "Mozilla/5.0 AppleWebKit/537.36 (KHTML, like Gecko; compatible; GPTBot/1.2; +https://openai.com/gptbot)"
45.117.177.72 - - [08/Sep/2025:12:18:45 +0700] "POST /wp-cron.php?doing_wp_cron=1757308725.0799279212951660156250 HTTP/1.0" 200 416 "-" "WordPress/6.8.1; https://vattusacky.vn"
20.171.207.118 - - [08/Sep/2025:12:18:43 +0700] "GET /?p=4533 HTTP/1.0" 301 539 "-" "Mozilla/5.0 AppleWebKit/537.36 (KHTML, like Gecko; compatible; GPTBot/1.2; +https://openai.com/gptbot)"
20.171.207.118 - - [08/Sep/2025:12:18:45 +0700] "GET /13-top-sugar-daddy-dating-sites-that-actually-work-successful-dating-2023-paid-content-detroit/ HTTP/1.0" 200 209594 "-" "Mozilla/5.0 AppleWebKit/537.36 (KHTML, like Gecko; compatible; GPTBot/1.2; +https://openai.com/gptbot)"
213.180.203.235 - - [08/Sep/2025:12:19:02 +0700] "GET /tenmien/cam_nang_ten_mien_final.pdf HTTP/1.0" 404 70812 "-" "Mozilla/5.0 (compatible; YandexBot/3.0; +http://yandex.com/bots)"
45.117.177.72 - - [08/Sep/2025:12:19:49 +0700] "POST /wp-cron.php?doing_wp_cron=1757308789.3439209461212158203125 HTTP/1.0" 200 416 "-" "WordPress/6.8.1; https://vattusacky.vn"
20.171.207.118 - - [08/Sep/2025:12:19:48 +0700] "GET /?p=9577 HTTP/1.0" 301 480 "-" "Mozilla/5.0 AppleWebKit/537.36 (KHTML, like Gecko; compatible; GPTBot/1.2; +https://openai.com/gptbot)"
20.171.207.118 - - [08/Sep/2025:12:19:49 +0700] "GET /american-men-marrying-foreign-women/ HTTP/1.0" 200 71786 "-" "Mozilla/5.0 AppleWebKit/537.36 (KHTML, like Gecko; compatible; GPTBot/1.2; +https://openai.com/gptbot)"
141.98.11.168 - - [08/Sep/2025:12:19:53 +0700] "GET / HTTP/1.0" 301 598 "http://www.vattusacky.vn" "Mozilla/5.0 (Windows NT 10.0; Win64; x64) AppleWebKit/537.36 (KHTML, like Gecko) Chrome/101.0.4951.61 Safari/537.36"
141.98.11.168 - - [08/Sep/2025:12:19:53 +0700] "GET / HTTP/1.0" 301 598 "-" "Mozilla/5.0 (Windows NT 10.0; Win64; x64) AppleWebKit/537.36 (KHTML, like Gecko) Chrome/101.0.4951.61 Safari/537.36"
45.117.177.72 - - [08/Sep/2025:12:20:58 +0700] "POST /wp-cron.php?doing_wp_cron=1757308857.7705359458923339843750 HTTP/1.0" 200 416 "-" "WordPress/6.8.1; https://vattusacky.vn"
20.171.207.118 - - [08/Sep/2025:12:20:56 +0700] "GET /?p=3515 HTTP/1.0" 301 464 "-" "Mozilla/5.0 AppleWebKit/537.36 (KHTML, like Gecko; compatible; GPTBot/1.2; +https://openai.com/gptbot)"
20.171.207.118 - - [08/Sep/2025:12:20:58 +0700] "GET /how-to-choose-a-bed/ HTTP/1.0" 200 207220 "-" "Mozilla/5.0 AppleWebKit/537.36 (KHTML, like Gecko; compatible; GPTBot/1.2; +https://openai.com/gptbot)"
52.167.144.150 - - [08/Sep/2025:12:21:05 +0700] "GET /?attachment_id=1744 HTTP/1.0" 200 195116 "-" "Mozilla/5.0 AppleWebKit/537.36 (KHTML, like Gecko; compatible; bingbot/2.0; +http://www.bing.com/bingbot.htm) Chrome/116.0.1938.76 Safari/537.36"
45.117.177.72 - - [08/Sep/2025:12:22:33 +0700] "POST /wp-cron.php?doing_wp_cron=1757308953.0218639373779296875000 HTTP/1.0" 200 416 "-" "WordPress/6.8.1; https://vattusacky.vn"
20.171.207.118 - - [08/Sep/2025:12:22:31 +0700] "GET /?p=6331 HTTP/1.0" 301 646 "-" "Mozilla/5.0 AppleWebKit/537.36 (KHTML, like Gecko; compatible; GPTBot/1.2; +https://openai.com/gptbot)"
20.171.207.118 - - [08/Sep/2025:12:22:33 +0700] "GET /celebrating-the-power-of-connections-in-omelove-stories/ HTTP/1.0" 200 92087 "-" "Mozilla/5.0 AppleWebKit/537.36 (KHTML, like Gecko; compatible; GPTBot/1.2; +https://openai.com/gptbot)"
34.192.67.98 - - [08/Sep/2025:12:22:37 +0700] "GET /the-right-way-to-tell-if-a-man-is-interested-in-getting-into-a-relationship/ HTTP/1.0" 200 207996 "-" "Mozilla/5.0 AppleWebKit/537.36 (KHTML, like Gecko; compatible; Amazonbot/0.1; +https://developer.amazon.com/support/amazonbot) Chrome/119.0.6045.214 Safari/537.36"
89.44.58.112 - - [08/Sep/2025:12:22:39 +0700] "GET /wp-json/wp/v2/posts?slug=/how-you-can-date-delightful-single-latina-women/ HTTP/1.0" 200 183295 "-" "-"
89.44.58.112 - - [08/Sep/2025:12:22:39 +0700] "GET /wp-json/wp/v2/posts?slug=/how-you-can-date-delightful-single-latina-women/ HTTP/1.0" 200 183295 "-" "-"
98.84.60.17 - - [08/Sep/2025:12:22:41 +0700] "GET /exactly-what-is-a-wedding-garter/ HTTP/1.0" 200 206227 "-" "Mozilla/5.0 AppleWebKit/537.36 (KHTML, like Gecko; compatible; Amazonbot/0.1; +https://developer.amazon.com/support/amazonbot) Chrome/119.0.6045.214 Safari/537.36"
89.44.58.112 - - [08/Sep/2025:12:22:42 +0700] "POST /wp-comments-post.php HTTP/1.0" 429 3223 "-" "-"
89.44.58.112 - - [08/Sep/2025:12:22:42 +0700] "POST /wp-comments-post.php HTTP/1.0" 302 1149 "-" "-"
89.44.58.112 - - [08/Sep/2025:12:22:44 +0700] "GET /how-you-can-date-delightful-single-latina-women/?unapproved=1486&moderation-hash=611691eade15a1bab46e49c860108602 HTTP/1.0" 200 208543 "-" "-"
44.216.172.204 - - [08/Sep/2025:12:22:45 +0700] "GET /attractive-ways-to-inquire-someone-to-be-your-girlfriend/ HTTP/1.0" 200 208816 "-" "Mozilla/5.0 AppleWebKit/537.36 (KHTML, like Gecko; compatible; Amazonbot/0.1; +https://developer.amazon.com/support/amazonbot) Chrome/119.0.6045.214 Safari/537.36"
52.22.64.232 - - [08/Sep/2025:12:22:51 +0700] "GET /category/uncategorized/page/214/ HTTP/1.0" 200 76799 "-" "Mozilla/5.0 AppleWebKit/537.36 (KHTML, like Gecko; compatible; Amazonbot/0.1; +https://developer.amazon.com/support/amazonbot) Chrome/119.0.6045.214 Safari/537.36"
45.117.177.72 - - [08/Sep/2025:12:24:15 +0700] "POST /wp-cron.php?doing_wp_cron=1757309055.4388608932495117187500 HTTP/1.0" 200 416 "-" "WordPress/6.8.1; https://vattusacky.vn"
20.171.207.118 - - [08/Sep/2025:12:24:14 +0700] "GET /?p=6261 HTTP/1.0" 301 496 "-" "Mozilla/5.0 AppleWebKit/537.36 (KHTML, like Gecko; compatible; GPTBot/1.2; +https://openai.com/gptbot)"
20.171.207.118 - - [08/Sep/2025:12:24:15 +0700] "GET /building-a-supportive-community-on-omegle-and-ometv/ HTTP/1.0" 200 91618 "-" "Mozilla/5.0 AppleWebKit/537.36 (KHTML, like Gecko; compatible; GPTBot/1.2; +https://openai.com/gptbot)"
45.117.177.72 - - [08/Sep/2025:12:24:20 +0700] "POST /wp-cron.php?doing_wp_cron=1757309059.8178260326385498046875 HTTP/1.0" 200 416 "-" "WordPress/6.8.1; https://vattusacky.vn"
216.244.66.237 - - [08/Sep/2025:12:24:18 +0700] "GET /exploring-the-role-of-chance-encounters-in-online-communities/feed/ HTTP/1.0" 200 1780 "-" "Mozilla/5.0 (compatible; DotBot/1.2; +https://opensiteexplorer.org/dotbot; help@moz.com)"
45.117.177.72 - - [08/Sep/2025:12:25:25 +0700] "POST /wp-cron.php?doing_wp_cron=1757309124.9370191097259521484375 HTTP/1.0" 200 416 "-" "WordPress/6.8.1; https://vattusacky.vn"
20.171.207.118 - - [08/Sep/2025:12:25:23 +0700] "GET /?p=3135 HTTP/1.0" 301 485 "-" "Mozilla/5.0 AppleWebKit/537.36 (KHTML, like Gecko; compatible; GPTBot/1.2; +https://openai.com/gptbot)"
20.171.207.118 - - [08/Sep/2025:12:25:25 +0700] "GET /limefx-obzor-2022-o-limefx-forex-rossija/ HTTP/1.0" 200 353459 "-" "Mozilla/5.0 AppleWebKit/537.36 (KHTML, like Gecko; compatible; GPTBot/1.2; +https://openai.com/gptbot)"
45.117.177.72 - - [08/Sep/2025:12:26:59 +0700] "POST /wp-cron.php?doing_wp_cron=1757309219.6558799743652343750000 HTTP/1.0" 200 416 "-" "WordPress/6.8.1; https://vattusacky.vn"
20.171.207.118 - - [08/Sep/2025:12:26:58 +0700] "GET /?p=6100 HTTP/1.0" 301 535 "-" "Mozilla/5.0 AppleWebKit/537.36 (KHTML, like Gecko; compatible; GPTBot/1.2; +https://openai.com/gptbot)"
20.171.207.118 - - [08/Sep/2025:12:27:00 +0700] "GET /a-parents-guide-to-omegle-and-ometv-how-to-monitor-and-protect-your-childs-online-activity/ HTTP/1.0" 200 92902 "-" "Mozilla/5.0 AppleWebKit/537.36 (KHTML, like Gecko; compatible; GPTBot/1.2; +https://openai.com/gptbot)"
45.117.177.72 - - [08/Sep/2025:12:28:06 +0700] "POST /wp-cron.php?doing_wp_cron=1757309285.9701631069183349609375 HTTP/1.0" 200 416 "-" "WordPress/6.8.1; https://vattusacky.vn"
20.171.207.118 - - [08/Sep/2025:12:28:04 +0700] "GET /?p=2672 HTTP/1.0" 301 627 "-" "Mozilla/5.0 AppleWebKit/537.36 (KHTML, like Gecko; compatible; GPTBot/1.2; +https://openai.com/gptbot)"
20.171.207.118 - - [08/Sep/2025:12:28:06 +0700] "GET /tin-dung-24-tienoi-gio-tren-internet/ HTTP/1.0" 200 211868 "-" "Mozilla/5.0 AppleWebKit/537.36 (KHTML, like Gecko; compatible; GPTBot/1.2; +https://openai.com/gptbot)"
45.117.177.72 - - [08/Sep/2025:12:28:22 +0700] "POST /wp-cron.php?doing_wp_cron=1757309302.4332890510559082031250 HTTP/1.0" 200 416 "-" "WordPress/6.8.1; https://vattusacky.vn"
66.249.70.194 - - [08/Sep/2025:12:28:21 +0700] "GET /danh-muc/tram-quan-trac-tu-dong/tram-quan-trac-coliform/feed/ HTTP/1.0" 200 2222 "-" "Mozilla/5.0 (Linux; Android 6.0.1; Nexus 5X Build/MMB29P) AppleWebKit/537.36 (KHTML, like Gecko) Chrome/138.0.7204.183 Mobile Safari/537.36 (compatible; Googlebot/2.1; +http://www.google.com/bot.html)"
45.117.177.72 - - [08/Sep/2025:12:29:26 +0700] "POST /wp-cron.php?doing_wp_cron=1757309366.0196070671081542968750 HTTP/1.0" 200 416 "-" "WordPress/6.8.1; https://vattusacky.vn"
20.171.207.118 - - [08/Sep/2025:12:29:24 +0700] "GET /?p=4181 HTTP/1.0" 301 495 "-" "Mozilla/5.0 AppleWebKit/537.36 (KHTML, like Gecko; compatible; GPTBot/1.2; +https://openai.com/gptbot)"
20.171.207.118 - - [08/Sep/2025:12:29:26 +0700] "GET /we-try-to-help-niche-corporations-in-india-develop/ HTTP/1.0" 200 249376 "-" "Mozilla/5.0 AppleWebKit/537.36 (KHTML, like Gecko; compatible; GPTBot/1.2; +https://openai.com/gptbot)"
45.117.177.72 - - [08/Sep/2025:12:30:19 +0700] "POST /wp-cron.php?doing_wp_cron=1757309419.0318250656127929687500 HTTP/1.0" 200 416 "-" "WordPress/6.8.1; https://vattusacky.vn"
20.171.207.118 - - [08/Sep/2025:12:30:17 +0700] "GET /?p=3513 HTTP/1.0" 301 494 "-" "Mozilla/5.0 AppleWebKit/537.36 (KHTML, like Gecko; compatible; GPTBot/1.2; +https://openai.com/gptbot)"
20.171.207.118 - - [08/Sep/2025:12:30:19 +0700] "GET /producing-a-sample-profile-for-online-dating-site/ HTTP/1.0" 200 206384 "-" "Mozilla/5.0 AppleWebKit/537.36 (KHTML, like Gecko; compatible; GPTBot/1.2; +https://openai.com/gptbot)"
15.235.96.180 - - [08/Sep/2025:12:30:32 +0700] "GET /sitemap_index.xml HTTP/1.0" 200 2426 "-" "Mozilla/5.0 (compatible; AhrefsBot/7.0; +http://ahrefs.com/robot/)"
54.39.203.16 - - [08/Sep/2025:12:30:35 +0700] "GET /post-sitemap.xml HTTP/1.0" 500 3278 "-" "Mozilla/5.0 (compatible; AhrefsBot/7.0; +http://ahrefs.com/robot/)"
142.44.233.154 - - [08/Sep/2025:12:30:43 +0700] "GET /post-sitemap2.xml HTTP/1.0" 200 158032 "-" "Mozilla/5.0 (compatible; AhrefsBot/7.0; +http://ahrefs.com/robot/)"
142.44.233.41 - - [08/Sep/2025:12:30:50 +0700] "GET /post-sitemap3.xml HTTP/1.0" 200 155802 "-" "Mozilla/5.0 (compatible; AhrefsBot/7.0; +http://ahrefs.com/robot/)"
54.39.6.70 - - [08/Sep/2025:12:30:55 +0700] "GET /post-sitemap4.xml HTTP/1.0" 200 157863 "-" "Mozilla/5.0 (compatible; AhrefsBot/7.0; +http://ahrefs.com/robot/)"
51.161.65.196 - - [08/Sep/2025:12:31:00 +0700] "GET /post-sitemap5.xml HTTP/1.0" 200 159938 "-" "Mozilla/5.0 (compatible; AhrefsBot/7.0; +http://ahrefs.com/robot/)"
51.222.95.78 - - [08/Sep/2025:12:31:04 +0700] "GET /post-sitemap6.xml HTTP/1.0" 200 42210 "-" "Mozilla/5.0 (compatible; AhrefsBot/7.0; +http://ahrefs.com/robot/)"
54.39.136.253 - - [08/Sep/2025:12:31:08 +0700] "GET /page-sitemap.xml HTTP/1.0" 200 1873 "-" "Mozilla/5.0 (compatible; AhrefsBot/7.0; +http://ahrefs.com/robot/)"
20.171.207.118 - - [08/Sep/2025:12:31:14 +0700] "GET /?p=4314 HTTP/1.0" 301 474 "-" "Mozilla/5.0 AppleWebKit/537.36 (KHTML, like Gecko; compatible; GPTBot/1.2; +https://openai.com/gptbot)"
20.171.207.118 - - [08/Sep/2025:12:31:15 +0700] "GET /premier-guess-casino-slots-57/ HTTP/1.0" 200 226519 "-" "Mozilla/5.0 AppleWebKit/537.36 (KHTML, like Gecko; compatible; GPTBot/1.2; +https://openai.com/gptbot)"
54.39.6.116 - - [08/Sep/2025:12:31:11 +0700] "GET /attachment-sitemap.xml HTTP/1.0" 200 72345 "-" "Mozilla/5.0 (compatible; AhrefsBot/7.0; +http://ahrefs.com/robot/)"
45.117.177.72 - - [08/Sep/2025:12:31:21 +0700] "POST /wp-cron.php?doing_wp_cron=1757309480.8228249549865722656250 HTTP/1.0" 200 416 "-" "WordPress/6.8.1; https://vattusacky.vn"
54.39.6.118 - - [08/Sep/2025:12:31:19 +0700] "GET /product-sitemap.xml HTTP/1.0" 200 51048 "-" "Mozilla/5.0 (compatible; AhrefsBot/7.0; +http://ahrefs.com/robot/)"
142.44.225.6 - - [08/Sep/2025:12:31:25 +0700] "GET /category-sitemap.xml HTTP/1.0" 200 24564 "-" "Mozilla/5.0 (compatible; AhrefsBot/7.0; +http://ahrefs.com/robot/)"
54.39.6.27 - - [08/Sep/2025:12:31:28 +0700] "GET /post_tag-sitemap.xml HTTP/1.0" 200 12903 "-" "Mozilla/5.0 (compatible; AhrefsBot/7.0; +http://ahrefs.com/robot/)"
51.161.65.179 - - [08/Sep/2025:12:31:31 +0700] "GET /product_cat-sitemap.xml HTTP/1.0" 200 8595 "-" "Mozilla/5.0 (compatible; AhrefsBot/7.0; +http://ahrefs.com/robot/)"
142.44.225.228 - - [08/Sep/2025:12:31:34 +0700] "GET /product_tag-sitemap.xml HTTP/1.0" 200 28520 "-" "Mozilla/5.0 (compatible; AhrefsBot/7.0; +http://ahrefs.com/robot/)"
20.171.207.118 - - [08/Sep/2025:12:32:00 +0700] "GET /?p=6256 HTTP/1.0" 301 480 "-" "Mozilla/5.0 AppleWebKit/537.36 (KHTML, like Gecko; compatible; GPTBot/1.2; +https://openai.com/gptbot)"
20.171.207.118 - - [08/Sep/2025:12:32:01 +0700] "GET /building-a-global-network-on-omegle/ HTTP/1.0" 200 88760 "-" "Mozilla/5.0 AppleWebKit/537.36 (KHTML, like Gecko; compatible; GPTBot/1.2; +https://openai.com/gptbot)"
45.117.177.72 - - [08/Sep/2025:12:32:52 +0700] "POST /wp-cron.php?doing_wp_cron=1757309572.7321400642395019531250 HTTP/1.0" 200 416 "-" "WordPress/6.8.1; https://vattusacky.vn"
20.171.207.118 - - [08/Sep/2025:12:32:51 +0700] "GET /?p=6330 HTTP/1.0" 301 483 "-" "Mozilla/5.0 AppleWebKit/537.36 (KHTML, like Gecko; compatible; GPTBot/1.2; +https://openai.com/gptbot)"
20.171.207.118 - - [08/Sep/2025:12:32:53 +0700] "GET /celebrating-the-joy-of-love-in-omelove/ HTTP/1.0" 200 87823 "-" "Mozilla/5.0 AppleWebKit/537.36 (KHTML, like Gecko; compatible; GPTBot/1.2; +https://openai.com/gptbot)"
45.117.177.72 - - [08/Sep/2025:12:34:04 +0700] "POST /wp-cron.php?doing_wp_cron=1757309644.2558848857879638671875 HTTP/1.0" 200 416 "-" "WordPress/6.8.1; https://vattusacky.vn"
20.171.207.118 - - [08/Sep/2025:12:34:03 +0700] "GET /?p=4800 HTTP/1.0" 301 637 "-" "Mozilla/5.0 AppleWebKit/537.36 (KHTML, like Gecko; compatible; GPTBot/1.2; +https://openai.com/gptbot)"
20.171.207.118 - - [08/Sep/2025:12:34:04 +0700] "GET /techniques-persons-gain-a-advantage-at-casinos/ HTTP/1.0" 200 210167 "-" "Mozilla/5.0 AppleWebKit/537.36 (KHTML, like Gecko; compatible; GPTBot/1.2; +https://openai.com/gptbot)"
45.117.177.72 - - [08/Sep/2025:12:35:33 +0700] "POST /wp-cron.php?doing_wp_cron=1757309733.0354750156402587890625 HTTP/1.0" 200 416 "-" "WordPress/6.8.1; https://vattusacky.vn"
20.171.207.118 - - [08/Sep/2025:12:35:31 +0700] "GET /?p=7030 HTTP/1.0" 301 495 "-" "Mozilla/5.0 AppleWebKit/537.36 (KHTML, like Gecko; compatible; GPTBot/1.2; +https://openai.com/gptbot)"
20.171.207.118 - - [08/Sep/2025:12:35:33 +0700] "GET /how-omegle-has-impacted-online-social-interactions/ HTTP/1.0" 200 90644 "-" "Mozilla/5.0 AppleWebKit/537.36 (KHTML, like Gecko; compatible; GPTBot/1.2; +https://openai.com/gptbot)"
185.191.171.13 - - [08/Sep/2025:12:35:49 +0700] "GET /unveiling-the-mystery-understanding-the-psychology-of-omegle-chats/ HTTP/1.0" 200 92014 "-" "Mozilla/5.0 (compatible; SemrushBot/7~bl; +http://www.semrush.com/bot.html)"
45.117.177.72 - - [08/Sep/2025:12:36:52 +0700] "POST /wp-cron.php?doing_wp_cron=1757309812.0394759178161621093750 HTTP/1.0" 200 416 "-" "WordPress/6.8.1; https://vattusacky.vn"
20.171.207.118 - - [08/Sep/2025:12:36:50 +0700] "GET /?p=4511 HTTP/1.0" 301 494 "-" "Mozilla/5.0 AppleWebKit/537.36 (KHTML, like Gecko; compatible; GPTBot/1.2; +https://openai.com/gptbot)"
20.171.207.118 - - [08/Sep/2025:12:36:52 +0700] "GET /igra-dragon-money-pravila-v-chem-preimushhestva-i/ HTTP/1.0" 200 244550 "-" "Mozilla/5.0 AppleWebKit/537.36 (KHTML, like Gecko; compatible; GPTBot/1.2; +https://openai.com/gptbot)"
45.117.177.72 - - [08/Sep/2025:12:37:36 +0700] "POST /wp-cron.php?doing_wp_cron=1757309856.5232009887695312500000 HTTP/1.0" 200 416 "-" "WordPress/6.8.1; https://vattusacky.vn"
185.191.171.2 - - [08/Sep/2025:12:37:35 +0700] "GET /all-about-casino-slots/ HTTP/1.0" 200 73194 "-" "Mozilla/5.0 (compatible; SemrushBot/7~bl; +http://www.semrush.com/bot.html)"
20.171.207.118 - - [08/Sep/2025:12:38:05 +0700] "GET /?p=3414 HTTP/1.0" 301 488 "-" "Mozilla/5.0 AppleWebKit/537.36 (KHTML, like Gecko; compatible; GPTBot/1.2; +https://openai.com/gptbot)"
20.171.207.118 - - [08/Sep/2025:12:38:07 +0700] "GET /where-to-get-the-best-online-dating-service/ HTTP/1.0" 200 206192 "-" "Mozilla/5.0 AppleWebKit/537.36 (KHTML, like Gecko; compatible; GPTBot/1.2; +https://openai.com/gptbot)"
45.117.177.72 - - [08/Sep/2025:12:39:29 +0700] "POST /wp-cron.php?doing_wp_cron=1757309968.8154869079589843750000 HTTP/1.0" 200 416 "-" "WordPress/6.8.1; https://vattusacky.vn"
20.171.207.118 - - [08/Sep/2025:12:39:27 +0700] "GET /?p=4394 HTTP/1.0" 301 624 "-" "Mozilla/5.0 AppleWebKit/537.36 (KHTML, like Gecko; compatible; GPTBot/1.2; +https://openai.com/gptbot)"
20.171.207.118 - - [08/Sep/2025:12:39:29 +0700] "GET /photo-product-specifications-91-2/ HTTP/1.0" 200 255237 "-" "Mozilla/5.0 AppleWebKit/537.36 (KHTML, like Gecko; compatible; GPTBot/1.2; +https://openai.com/gptbot)"
45.117.177.72 - - [08/Sep/2025:12:40:38 +0700] "POST /wp-cron.php?doing_wp_cron=1757310038.1152451038360595703125 HTTP/1.0" 200 416 "-" "WordPress/6.8.1; https://vattusacky.vn"
20.171.207.118 - - [08/Sep/2025:12:40:36 +0700] "GET /?p=3432 HTTP/1.0" 301 497 "-" "Mozilla/5.0 AppleWebKit/537.36 (KHTML, like Gecko; compatible; GPTBot/1.2; +https://openai.com/gptbot)"
20.171.207.118 - - [08/Sep/2025:12:40:38 +0700] "GET /maksim-krippa-strategija-bystrogo-i-bezopasnogo-1445/ HTTP/1.0" 200 263578 "-" "Mozilla/5.0 AppleWebKit/537.36 (KHTML, like Gecko; compatible; GPTBot/1.2; +https://openai.com/gptbot)"
85.208.96.201 - - [08/Sep/2025:12:41:28 +0700] "GET /luchshie-onlajn-kazino-top-igrovye-avtomaty-3/ HTTP/1.0" 200 234700 "-" "Mozilla/5.0 (compatible; SemrushBot/7~bl; +http://www.semrush.com/bot.html)"
20.171.207.118 - - [08/Sep/2025:12:41:35 +0700] "GET /?p=4364 HTTP/1.0" 301 497 "-" "Mozilla/5.0 AppleWebKit/537.36 (KHTML, like Gecko; compatible; GPTBot/1.2; +https://openai.com/gptbot)"
20.171.207.118 - - [08/Sep/2025:12:41:37 +0700] "GET /vavada-casino-onlajn-top-kazino-v-internete-kazino-3/ HTTP/1.0" 200 221383 "-" "Mozilla/5.0 AppleWebKit/537.36 (KHTML, like Gecko; compatible; GPTBot/1.2; +https://openai.com/gptbot)"
45.117.177.72 - - [08/Sep/2025:12:42:50 +0700] "POST /wp-cron.php?doing_wp_cron=1757310170.3587269783020019531250 HTTP/1.0" 200 416 "-" "WordPress/6.8.1; https://vattusacky.vn"
20.171.207.118 - - [08/Sep/2025:12:42:49 +0700] "GET /?p=5993 HTTP/1.0" 301 484 "-" "Mozilla/5.0 AppleWebKit/537.36 (KHTML, like Gecko; compatible; GPTBot/1.2; +https://openai.com/gptbot)"
20.171.207.118 - - [08/Sep/2025:12:42:50 +0700] "GET /predstavlyaem-prostoy-sposob-ket-kazino/ HTTP/1.0" 200 109499 "-" "Mozilla/5.0 AppleWebKit/537.36 (KHTML, like Gecko; compatible; GPTBot/1.2; +https://openai.com/gptbot)"
85.208.96.206 - - [08/Sep/2025:12:42:56 +0700] "GET /mostbet-kazino-i-bukmekerskaja-kontora-mostbet-kz-igrat-onlajn/ HTTP/1.0" 200 94385 "-" "Mozilla/5.0 (compatible; SemrushBot/7~bl; +http://www.semrush.com/bot.html)"
196.251.85.132 - - [08/Sep/2025:12:43:01 +0700] "GET /wp-admin/css/ HTTP/1.0" 403 574 "binance.com" "Mozilla/5.0 (Windows NT 10.0; Win64; x64) AppleWebKit/537.36 (KHTML, like Gecko) Chrome/90.0.4430.85 Safari/537.36"
45.117.177.72 - - [08/Sep/2025:12:43:59 +0700] "POST /wp-cron.php?doing_wp_cron=1757310239.2553670406341552734375 HTTP/1.0" 200 416 "-" "WordPress/6.8.1; https://vattusacky.vn"
20.171.207.118 - - [08/Sep/2025:12:43:58 +0700] "GET /?p=4626 HTTP/1.0" 301 490 "-" "Mozilla/5.0 AppleWebKit/537.36 (KHTML, like Gecko; compatible; GPTBot/1.2; +https://openai.com/gptbot)"
20.171.207.118 - - [08/Sep/2025:12:43:59 +0700] "GET /luchshie-onlajn-kazino-top-igrovye-avtomaty-2/ HTTP/1.0" 200 234490 "-" "Mozilla/5.0 AppleWebKit/537.36 (KHTML, like Gecko; compatible; GPTBot/1.2; +https://openai.com/gptbot)"
45.117.177.72 - - [08/Sep/2025:12:45:16 +0700] "POST /wp-cron.php?doing_wp_cron=1757310316.1880660057067871093750 HTTP/1.0" 200 416 "-" "WordPress/6.8.1; https://vattusacky.vn"
20.171.207.118 - - [08/Sep/2025:12:45:15 +0700] "GET /?p=2884 HTTP/1.0" 301 666 "-" "Mozilla/5.0 AppleWebKit/537.36 (KHTML, like Gecko; compatible; GPTBot/1.2; +https://openai.com/gptbot)"
20.171.207.118 - - [08/Sep/2025:12:45:16 +0700] "GET /how-to-cope-with-the-quick-break-up-of-your-long-term-romantic-relationship/ HTTP/1.0" 200 207339 "-" "Mozilla/5.0 AppleWebKit/537.36 (KHTML, like Gecko; compatible; GPTBot/1.2; +https://openai.com/gptbot)"
45.117.177.72 - - [08/Sep/2025:12:46:17 +0700] "POST /wp-cron.php?doing_wp_cron=1757310377.6496539115905761718750 HTTP/1.0" 200 416 "-" "WordPress/6.8.1; https://vattusacky.vn"
20.171.207.118 - - [08/Sep/2025:12:46:16 +0700] "GET /?p=3228 HTTP/1.0" 301 496 "-" "Mozilla/5.0 AppleWebKit/537.36 (KHTML, like Gecko; compatible; GPTBot/1.2; +https://openai.com/gptbot)"
20.171.207.118 - - [08/Sep/2025:12:46:18 +0700] "GET /adorable-wedding-suggestions-to-inspire-the-big-day/ HTTP/1.0" 200 208107 "-" "Mozilla/5.0 AppleWebKit/537.36 (KHTML, like Gecko; compatible; GPTBot/1.2; +https://openai.com/gptbot)"
45.117.177.72 - - [08/Sep/2025:12:47:20 +0700] "POST /wp-cron.php?doing_wp_cron=1757310440.0308930873870849609375 HTTP/1.0" 200 416 "-" "WordPress/6.8.1; https://vattusacky.vn"
20.171.207.118 - - [08/Sep/2025:12:47:18 +0700] "GET /?p=3141 HTTP/1.0" 301 525 "-" "Mozilla/5.0 AppleWebKit/537.36 (KHTML, like Gecko; compatible; GPTBot/1.2; +https://openai.com/gptbot)"
20.171.207.118 - - [08/Sep/2025:12:47:20 +0700] "GET /jolly-me-is-actually-performing-overtime-to-swindle-anybody-who-joins-their-site/ HTTP/1.0" 200 215158 "-" "Mozilla/5.0 AppleWebKit/537.36 (KHTML, like Gecko; compatible; GPTBot/1.2; +https://openai.com/gptbot)"
40.77.167.61 - - [08/Sep/2025:12:48:08 +0700] "GET /danh-muc/moi-truong-khi/bom-lay-mau-khi-ca-nhan-iaq/feed/ HTTP/1.0" 200 87081 "-" "Mozilla/5.0 AppleWebKit/537.36 (KHTML, like Gecko; compatible; bingbot/2.0; +http://www.bing.com/bingbot.htm) Chrome/116.0.1938.76 Safari/537.36"
45.117.177.72 - - [08/Sep/2025:12:48:20 +0700] "POST /wp-cron.php?doing_wp_cron=1757310500.0468649864196777343750 HTTP/1.0" 200 416 "-" "WordPress/6.8.1; https://vattusacky.vn"
20.171.207.118 - - [08/Sep/2025:12:48:18 +0700] "GET /?p=3637 HTTP/1.0" 301 502 "-" "Mozilla/5.0 AppleWebKit/537.36 (KHTML, like Gecko; compatible; GPTBot/1.2; +https://openai.com/gptbot)"
20.171.207.118 - - [08/Sep/2025:12:48:20 +0700] "GET /important-features-of-deliver-order-birdes-to-be-websites/ HTTP/1.0" 200 205891 "-" "Mozilla/5.0 AppleWebKit/537.36 (KHTML, like Gecko; compatible; GPTBot/1.2; +https://openai.com/gptbot)"
52.203.152.231 - - [08/Sep/2025:12:49:05 +0700] "GET /category/uncategorized/page/217/ HTTP/1.0" 200 77120 "-" "Mozilla/5.0 AppleWebKit/537.36 (KHTML, like Gecko; compatible; Amazonbot/0.1; +https://developer.amazon.com/support/amazonbot) Chrome/119.0.6045.214 Safari/537.36"
45.117.177.72 - - [08/Sep/2025:12:49:33 +0700] "POST /wp-cron.php?doing_wp_cron=1757310572.9318990707397460937500 HTTP/1.0" 200 416 "-" "WordPress/6.8.1; https://vattusacky.vn"
20.171.207.118 - - [08/Sep/2025:12:49:31 +0700] "GET /?p=2747 HTTP/1.0" 301 426 "-" "Mozilla/5.0 AppleWebKit/537.36 (KHTML, like Gecko; compatible; GPTBot/1.2; +https://openai.com/gptbot)"
20.171.207.118 - - [08/Sep/2025:12:49:33 +0700] "GET /how-to-write-a-custom-essay/ HTTP/1.0" 200 205496 "-" "Mozilla/5.0 AppleWebKit/537.36 (KHTML, like Gecko; compatible; GPTBot/1.2; +https://openai.com/gptbot)"
216.73.216.162 - - [08/Sep/2025:12:50:09 +0700] "GET /robots.txt HTTP/1.0" 200 984 "-" "Mozilla/5.0 AppleWebKit/537.36 (KHTML, like Gecko; compatible; ClaudeBot/1.0; +claudebot@anthropic.com)"
216.73.216.162 - - [08/Sep/2025:12:50:11 +0700] "GET /category/bukmacherzy-legalni/feed HTTP/1.0" 301 530 "-" "Mozilla/5.0 AppleWebKit/537.36 (KHTML, like Gecko; compatible; ClaudeBot/1.0; +claudebot@anthropic.com)"
216.73.216.162 - - [08/Sep/2025:12:50:12 +0700] "GET /category/bukmacherzy-legalni/feed/ HTTP/1.0" 200 17823 "https://vattusacky.vn/category/bukmacherzy-legalni/feed" "Mozilla/5.0 AppleWebKit/537.36 (KHTML, like Gecko; compatible; ClaudeBot/1.0; +claudebot@anthropic.com)"
45.117.177.72 - - [08/Sep/2025:12:50:20 +0700] "POST /wp-cron.php?doing_wp_cron=1757310620.6013960838317871093750 HTTP/1.0" 200 416 "-" "WordPress/6.8.1; https://vattusacky.vn"
20.171.207.118 - - [08/Sep/2025:12:50:19 +0700] "GET /?p=4599 HTTP/1.0" 301 607 "-" "Mozilla/5.0 AppleWebKit/537.36 (KHTML, like Gecko; compatible; GPTBot/1.2; +https://openai.com/gptbot)"
20.171.207.118 - - [08/Sep/2025:12:50:21 +0700] "GET /play-online-casino-games-for-free-and-lower-the-risk-of-losing/ HTTP/1.0" 200 206443 "-" "Mozilla/5.0 AppleWebKit/537.36 (KHTML, like Gecko; compatible; GPTBot/1.2; +https://openai.com/gptbot)"
20.171.207.118 - - [08/Sep/2025:12:50:56 +0700] "GET /?p=4423 HTTP/1.0" 301 422 "-" "Mozilla/5.0 AppleWebKit/537.36 (KHTML, like Gecko; compatible; GPTBot/1.2; +https://openai.com/gptbot)"
20.171.207.118 - - [08/Sep/2025:12:50:58 +0700] "GET /free-casino-video-slots/ HTTP/1.0" 200 207273 "-" "Mozilla/5.0 AppleWebKit/537.36 (KHTML, like Gecko; compatible; GPTBot/1.2; +https://openai.com/gptbot)"
216.73.216.162 - - [08/Sep/2025:12:51:05 +0700] "GET /?p=9695 HTTP/1.0" 301 656 "-" "Mozilla/5.0 AppleWebKit/537.36 (KHTML, like Gecko; compatible; ClaudeBot/1.0; +claudebot@anthropic.com)"
216.73.216.162 - - [08/Sep/2025:12:51:06 +0700] "GET /legalni-bukmacherzyzaklady-sposrod-licencja-ministerstwa-finansow/ HTTP/1.0" 200 78804 "https://vattusacky.vn/?p=9695" "Mozilla/5.0 AppleWebKit/537.36 (KHTML, like Gecko; compatible; ClaudeBot/1.0; +claudebot@anthropic.com)"
45.117.177.72 - - [08/Sep/2025:12:51:40 +0700] "POST /wp-cron.php?doing_wp_cron=1757310699.9341509342193603515625 HTTP/1.0" 200 416 "-" "WordPress/6.8.1; https://vattusacky.vn"
87.250.224.221 - - [08/Sep/2025:12:51:38 +0700] "GET /the-rise-of-online-chat-platforms/ HTTP/1.0" 200 89213 "-" "Mozilla/5.0 (compatible; YandexBot/3.0; +http://yandex.com/bots)"
20.171.207.118 - - [08/Sep/2025:12:51:39 +0700] "GET /?p=4232 HTTP/1.0" 301 461 "-" "Mozilla/5.0 AppleWebKit/537.36 (KHTML, like Gecko; compatible; GPTBot/1.2; +https://openai.com/gptbot)"
20.171.207.118 - - [08/Sep/2025:12:51:41 +0700] "GET /how-to-hire-the-best-term-paper-writer-for-your-research-paper/ HTTP/1.0" 200 206947 "-" "Mozilla/5.0 AppleWebKit/537.36 (KHTML, like Gecko; compatible; GPTBot/1.2; +https://openai.com/gptbot)"
85.208.96.202 - - [08/Sep/2025:12:51:45 +0700] "GET /making-an-cookware-woman-feel-great/ HTTP/1.0" 200 208583 "-" "Mozilla/5.0 (compatible; SemrushBot/7~bl; +http://www.semrush.com/bot.html)"
216.73.216.162 - - [08/Sep/2025:12:51:53 +0700] "GET /legalni-bukmacherzyzaklady-sposrod-licencja-ministerstwa-finansow/feed HTTP/1.0" 301 759 "-" "Mozilla/5.0 AppleWebKit/537.36 (KHTML, like Gecko; compatible; ClaudeBot/1.0; +claudebot@anthropic.com)"
216.73.216.162 - - [08/Sep/2025:12:51:54 +0700] "GET /legalni-bukmacherzyzaklady-sposrod-licencja-ministerstwa-finansow/feed/ HTTP/1.0" 200 1651 "https://vattusacky.vn/legalni-bukmacherzyzaklady-sposrod-licencja-ministerstwa-finansow/feed" "Mozilla/5.0 AppleWebKit/537.36 (KHTML, like Gecko; compatible; ClaudeBot/1.0; +claudebot@anthropic.com)"
45.117.177.72 - - [08/Sep/2025:12:52:25 +0700] "POST /wp-cron.php?doing_wp_cron=1757310745.4901471138000488281250 HTTP/1.0" 200 416 "-" "WordPress/6.8.1; https://vattusacky.vn"
20.171.207.118 - - [08/Sep/2025:12:52:24 +0700] "GET /?p=4101 HTTP/1.0" 301 494 "-" "Mozilla/5.0 AppleWebKit/537.36 (KHTML, like Gecko; compatible; GPTBot/1.2; +https://openai.com/gptbot)"
20.171.207.118 - - [08/Sep/2025:12:52:25 +0700] "GET /22bet-s-short-withdrawal-time-makes-it-india-s-31/ HTTP/1.0" 200 242028 "-" "Mozilla/5.0 AppleWebKit/537.36 (KHTML, like Gecko; compatible; GPTBot/1.2; +https://openai.com/gptbot)"
20.171.207.118 - - [08/Sep/2025:12:53:07 +0700] "GET /?p=5657 HTTP/1.0" 301 494 "-" "Mozilla/5.0 AppleWebKit/537.36 (KHTML, like Gecko; compatible; GPTBot/1.2; +https://openai.com/gptbot)"
20.171.207.118 - - [08/Sep/2025:12:53:09 +0700] "GET /how-to-spot-a-reliable-online-source-for-anabolic/ HTTP/1.0" 200 79772 "-" "Mozilla/5.0 AppleWebKit/537.36 (KHTML, like Gecko; compatible; GPTBot/1.2; +https://openai.com/gptbot)"
45.117.177.72 - - [08/Sep/2025:12:53:53 +0700] "POST /wp-cron.php?doing_wp_cron=1757310832.9527449607849121093750 HTTP/1.0" 200 416 "-" "WordPress/6.8.1; https://vattusacky.vn"
20.171.207.118 - - [08/Sep/2025:12:53:51 +0700] "GET /?p=4941 HTTP/1.0" 301 436 "-" "Mozilla/5.0 AppleWebKit/537.36 (KHTML, like Gecko; compatible; GPTBot/1.2; +https://openai.com/gptbot)"
20.171.207.118 - - [08/Sep/2025:12:53:53 +0700] "GET /online-mobile-casino-gambling-systems/ HTTP/1.0" 200 208401 "-" "Mozilla/5.0 AppleWebKit/537.36 (KHTML, like Gecko; compatible; GPTBot/1.2; +https://openai.com/gptbot)"
45.117.177.72 - - [08/Sep/2025:12:54:24 +0700] "POST /wp-cron.php?doing_wp_cron=1757310864.2512979507446289062500 HTTP/1.0" 200 416 "-" "WordPress/6.8.1; https://vattusacky.vn"
87.250.224.94 - - [08/Sep/2025:12:54:22 +0700] "GET /exploring-the-emotional-dimensions-of-anonymous-chatting-on-omegle/ HTTP/1.0" 200 92793 "-" "Mozilla/5.0 (compatible; YandexBot/3.0; +http://yandex.com/bots)"
20.171.207.118 - - [08/Sep/2025:12:54:40 +0700] "GET /?p=4553 HTTP/1.0" 301 458 "-" "Mozilla/5.0 AppleWebKit/537.36 (KHTML, like Gecko; compatible; GPTBot/1.2; +https://openai.com/gptbot)"
20.171.207.118 - - [08/Sep/2025:12:54:42 +0700] "GET /hello-world-9/ HTTP/1.0" 200 202917 "-" "Mozilla/5.0 AppleWebKit/537.36 (KHTML, like Gecko; compatible; GPTBot/1.2; +https://openai.com/gptbot)"
45.117.177.72 - - [08/Sep/2025:12:55:18 +0700] "POST /wp-cron.php?doing_wp_cron=1757310918.2264029979705810546875 HTTP/1.0" 200 416 "-" "WordPress/6.8.1; https://vattusacky.vn"
20.171.207.118 - - [08/Sep/2025:12:55:17 +0700] "GET /?p=3474 HTTP/1.0" 301 507 "-" "Mozilla/5.0 AppleWebKit/537.36 (KHTML, like Gecko; compatible; GPTBot/1.2; +https://openai.com/gptbot)"
20.171.207.118 - - [08/Sep/2025:12:55:18 +0700] "GET /understanding-the-relationship-among-culture-and-relationships/ HTTP/1.0" 200 209074 "-" "Mozilla/5.0 AppleWebKit/537.36 (KHTML, like Gecko; compatible; GPTBot/1.2; +https://openai.com/gptbot)"
20.171.207.118 - - [08/Sep/2025:12:55:43 +0700] "GET /?p=2788 HTTP/1.0" 301 636 "-" "Mozilla/5.0 AppleWebKit/537.36 (KHTML, like Gecko; compatible; GPTBot/1.2; +https://openai.com/gptbot)"
20.171.207.118 - - [08/Sep/2025:12:55:45 +0700] "GET /sweet-bonanza-sweet-bonanza-oyna-bedava-sweet/ HTTP/1.0" 200 233199 "-" "Mozilla/5.0 AppleWebKit/537.36 (KHTML, like Gecko; compatible; GPTBot/1.2; +https://openai.com/gptbot)"
20.171.207.118 - - [08/Sep/2025:12:56:08 +0700] "GET /?p=9388 HTTP/1.0" 301 492 "-" "Mozilla/5.0 AppleWebKit/537.36 (KHTML, like Gecko; compatible; GPTBot/1.2; +https://openai.com/gptbot)"
20.171.207.118 - - [08/Sep/2025:12:56:09 +0700] "GET /play-crazy-time-live-and-win-big-in-real-time-2/ HTTP/1.0" 200 84677 "-" "Mozilla/5.0 AppleWebKit/537.36 (KHTML, like Gecko; compatible; GPTBot/1.2; +https://openai.com/gptbot)"
45.117.177.72 - - [08/Sep/2025:12:56:50 +0700] "POST /wp-cron.php?doing_wp_cron=1757311010.6467928886413574218750 HTTP/1.0" 200 416 "-" "WordPress/6.8.1; https://vattusacky.vn"
20.171.207.118 - - [08/Sep/2025:12:56:49 +0700] "GET /?p=3823 HTTP/1.0" 301 405 "-" "Mozilla/5.0 AppleWebKit/537.36 (KHTML, like Gecko; compatible; GPTBot/1.2; +https://openai.com/gptbot)"
20.171.207.118 - - [08/Sep/2025:12:56:51 +0700] "GET /3823-2/ HTTP/1.0" 200 205676 "-" "Mozilla/5.0 AppleWebKit/537.36 (KHTML, like Gecko; compatible; GPTBot/1.2; +https://openai.com/gptbot)"
45.117.177.72 - - [08/Sep/2025:12:57:20 +0700] "POST /wp-cron.php?doing_wp_cron=1757311040.6411399841308593750000 HTTP/1.0" 200 416 "-" "WordPress/6.8.1; https://vattusacky.vn"
85.208.96.196 - - [08/Sep/2025:12:57:19 +0700] "GET /connect-with-strangers-omegle-replacements/ HTTP/1.0" 200 89453 "-" "Mozilla/5.0 (compatible; SemrushBot/7~bl; +http://www.semrush.com/bot.html)"
20.171.207.118 - - [08/Sep/2025:12:57:28 +0700] "GET /?p=5458 HTTP/1.0" 301 554 "-" "Mozilla/5.0 AppleWebKit/537.36 (KHTML, like Gecko; compatible; GPTBot/1.2; +https://openai.com/gptbot)"
20.171.207.118 - - [08/Sep/2025:12:57:30 +0700] "GET /pretend-sugar-daddy-scams-goal-people-left-financially-insecure-by-covid-19-pandemic-south-china-morning-post/ HTTP/1.0" 200 78967 "-" "Mozilla/5.0 AppleWebKit/537.36 (KHTML, like Gecko; compatible; GPTBot/1.2; +https://openai.com/gptbot)"
20.171.207.118 - - [08/Sep/2025:12:57:49 +0700] "GET /?p=3778 HTTP/1.0" 301 434 "-" "Mozilla/5.0 AppleWebKit/537.36 (KHTML, like Gecko; compatible; GPTBot/1.2; +https://openai.com/gptbot)"
20.171.207.118 - - [08/Sep/2025:12:57:50 +0700] "GET /tips-to-find-the-best-online-casino/ HTTP/1.0" 200 207142 "-" "Mozilla/5.0 AppleWebKit/537.36 (KHTML, like Gecko; compatible; GPTBot/1.2; +https://openai.com/gptbot)"
45.117.177.72 - - [08/Sep/2025:12:58:52 +0700] "POST /wp-cron.php?doing_wp_cron=1757311132.5580050945281982421875 HTTP/1.0" 200 416 "-" "WordPress/6.8.1; https://vattusacky.vn"
20.171.207.118 - - [08/Sep/2025:12:58:51 +0700] "GET /?p=4878 HTTP/1.0" 301 556 "-" "Mozilla/5.0 AppleWebKit/537.36 (KHTML, like Gecko; compatible; GPTBot/1.2; +https://openai.com/gptbot)"
20.171.207.118 - - [08/Sep/2025:12:58:53 +0700] "GET /how-to-erase-leovegas-account-most-recent-news-movies-photos-about-just-how-to-delete-leovegas-account-page-one/ HTTP/1.0" 200 223022 "-" "Mozilla/5.0 AppleWebKit/537.36 (KHTML, like Gecko; compatible; GPTBot/1.2; +https://openai.com/gptbot)"
45.117.177.72 - - [08/Sep/2025:12:59:32 +0700] "POST /wp-cron.php?doing_wp_cron=1757311172.5170750617980957031250 HTTP/1.0" 200 416 "-" "WordPress/6.8.1; https://vattusacky.vn"
176.226.178.181 - - [08/Sep/2025:12:59:30 +0700] "GET /benefits-of-using-testosterone-cypionate/ HTTP/1.0" 200 102116 "https://vattusacky.vn/benefits-of-using-testosterone-cypionate/" "Mozilla/5.0 (Windows NT 10.0; Win64; x64) AppleWebKit/537.36 (KHTML, like Gecko) Chrome/129.0.0.0 Safari/537.36"
45.117.177.72 - - [08/Sep/2025:13:02:08 +0700] "POST /wp-cron.php?doing_wp_cron=1757311328.0373170375823974609375 HTTP/1.0" 200 416 "-" "WordPress/6.8.1; https://vattusacky.vn"
185.191.171.7 - - [08/Sep/2025:13:02:06 +0700] "GET /ecb-clears-brendon-mccullum-of-corruption-over-his-166/ HTTP/1.0" 200 257624 "-" "Mozilla/5.0 (compatible; SemrushBot/7~bl; +http://www.semrush.com/bot.html)"
216.73.216.162 - - [08/Sep/2025:13:02:19 +0700] "GET /how-omegle-fosters-a-sense-of-belonging-in-marginalized-communities HTTP/1.0" 301 658 "-" "Mozilla/5.0 AppleWebKit/537.36 (KHTML, like Gecko; compatible; ClaudeBot/1.0; +claudebot@anthropic.com)"
45.117.177.72 - - [08/Sep/2025:13:02:20 +0700] "POST /wp-cron.php?doing_wp_cron=1757311340.4424319267272949218750 HTTP/1.0" 200 416 "-" "WordPress/6.8.1; https://vattusacky.vn"
216.73.216.162 - - [08/Sep/2025:13:02:19 +0700] "GET /?p=7029 HTTP/1.0" 301 651 "-" "Mozilla/5.0 AppleWebKit/537.36 (KHTML, like Gecko; compatible; ClaudeBot/1.0; +claudebot@anthropic.com)"
216.73.216.162 - - [08/Sep/2025:13:02:20 +0700] "GET /how-omegle-fosters-a-sense-of-belonging-in-marginalized-communities/ HTTP/1.0" 200 91449 "https://vattusacky.vn/how-omegle-fosters-a-sense-of-belonging-in-marginalized-communities" "Mozilla/5.0 AppleWebKit/537.36 (KHTML, like Gecko; compatible; ClaudeBot/1.0; +claudebot@anthropic.com)"
216.73.216.162 - - [08/Sep/2025:13:02:20 +0700] "GET /how-omegle-fosters-empathy-and-compassion-in-unexpected-ways/ HTTP/1.0" 200 92490 "https://vattusacky.vn/?p=7029" "Mozilla/5.0 AppleWebKit/537.36 (KHTML, like Gecko; compatible; ClaudeBot/1.0; +claudebot@anthropic.com)"
216.73.216.162 - - [08/Sep/2025:13:03:00 +0700] "GET /how-omegle-fosters-empathy-and-compassion-in-unexpected-ways/feed HTTP/1.0" 301 754 "-" "Mozilla/5.0 AppleWebKit/537.36 (KHTML, like Gecko; compatible; ClaudeBot/1.0; +claudebot@anthropic.com)"
20.171.207.118 - - [08/Sep/2025:13:03:02 +0700] "GET /?p=4616 HTTP/1.0" 301 581 "-" "Mozilla/5.0 AppleWebKit/537.36 (KHTML, like Gecko; compatible; GPTBot/1.2; +https://openai.com/gptbot)"
216.73.216.162 - - [08/Sep/2025:13:03:02 +0700] "GET /how-omegle-fosters-empathy-and-compassion-in-unexpected-ways/feed/ HTTP/1.0" 200 1631 "https://vattusacky.vn/how-omegle-fosters-empathy-and-compassion-in-unexpected-ways/feed" "Mozilla/5.0 AppleWebKit/537.36 (KHTML, like Gecko; compatible; ClaudeBot/1.0; +claudebot@anthropic.com)"
20.171.207.118 - - [08/Sep/2025:13:03:08 +0700] "GET /how-to-find-free-casino-games-online/ HTTP/1.0" 200 207525 "-" "Mozilla/5.0 AppleWebKit/537.36 (KHTML, like Gecko; compatible; GPTBot/1.2; +https://openai.com/gptbot)"
45.117.177.72 - - [08/Sep/2025:13:03:41 +0700] "POST /wp-cron.php?doing_wp_cron=1757311421.1605620384216308593750 HTTP/1.0" 200 416 "-" "WordPress/6.8.1; https://vattusacky.vn"
95.108.213.157 - - [08/Sep/2025:13:03:39 +0700] "GET /what-types-of-documents-ought-to-be-housed-in-data-rooms/ HTTP/1.0" 200 72682 "-" "Mozilla/5.0 (compatible; YandexBot/3.0; +http://yandex.com/bots)"
20.171.207.118 - - [08/Sep/2025:13:03:55 +0700] "GET /?p=3669 HTTP/1.0" 301 458 "-" "Mozilla/5.0 AppleWebKit/537.36 (KHTML, like Gecko; compatible; GPTBot/1.2; +https://openai.com/gptbot)"
20.171.207.118 - - [08/Sep/2025:13:03:56 +0700] "GET /hello-world-7/ HTTP/1.0" 200 203109 "-" "Mozilla/5.0 AppleWebKit/537.36 (KHTML, like Gecko; compatible; GPTBot/1.2; +https://openai.com/gptbot)"
45.117.177.72 - - [08/Sep/2025:13:04:30 +0700] "POST /wp-cron.php?doing_wp_cron=1757311470.5468409061431884765625 HTTP/1.0" 200 416 "-" "WordPress/6.8.1; https://vattusacky.vn"
20.171.207.118 - - [08/Sep/2025:13:04:29 +0700] "GET /?p=2477 HTTP/1.0" 301 494 "-" "Mozilla/5.0 AppleWebKit/537.36 (KHTML, like Gecko; compatible; GPTBot/1.2; +https://openai.com/gptbot)"
20.171.207.118 - - [08/Sep/2025:13:04:31 +0700] "GET /online-dating-services-questions-to-request-a-guy/ HTTP/1.0" 200 208486 "-" "Mozilla/5.0 AppleWebKit/537.36 (KHTML, like Gecko; compatible; GPTBot/1.2; +https://openai.com/gptbot)"
95.108.213.157 - - [08/Sep/2025:13:05:03 +0700] "GET /aviator-por-dinheiro-quais-sao-os-beneficios-e-5/ HTTP/1.0" 200 82309 "-" "Mozilla/5.0 (compatible; YandexBot/3.0; +http://yandex.com/bots)"
45.117.177.72 - - [08/Sep/2025:13:05:48 +0700] "POST /wp-cron.php?doing_wp_cron=1757311548.3058509826660156250000 HTTP/1.0" 200 416 "-" "WordPress/6.8.1; https://vattusacky.vn"
216.73.216.162 - - [08/Sep/2025:13:05:47 +0700] "GET /betwinner-523 HTTP/1.0" 301 604 "-" "Mozilla/5.0 AppleWebKit/537.36 (KHTML, like Gecko; compatible; ClaudeBot/1.0; +claudebot@anthropic.com)"
216.73.216.162 - - [08/Sep/2025:13:05:48 +0700] "GET /betwinner-523/ HTTP/1.0" 200 78483 "https://vattusacky.vn/betwinner-523" "Mozilla/5.0 AppleWebKit/537.36 (KHTML, like Gecko; compatible; ClaudeBot/1.0; +claudebot@anthropic.com)"
45.117.177.72 - - [08/Sep/2025:13:07:42 +0700] "POST /wp-cron.php?doing_wp_cron=1757311662.6411290168762207031250 HTTP/1.0" 200 416 "-" "WordPress/6.8.1; https://vattusacky.vn"
20.171.207.118 - - [08/Sep/2025:13:07:41 +0700] "GET /?p=2523 HTTP/1.0" 301 493 "-" "Mozilla/5.0 AppleWebKit/537.36 (KHTML, like Gecko; compatible; GPTBot/1.2; +https://openai.com/gptbot)"
20.171.207.118 - - [08/Sep/2025:13:07:43 +0700] "GET /poker-gratuit-poker-en-ligne-gratuit-jouer-au-15/ HTTP/1.0" 200 264820 "-" "Mozilla/5.0 AppleWebKit/537.36 (KHTML, like Gecko; compatible; GPTBot/1.2; +https://openai.com/gptbot)"
45.117.177.72 - - [08/Sep/2025:13:08:23 +0700] "POST /wp-cron.php?doing_wp_cron=1757311702.8524670600891113281250 HTTP/1.0" 200 416 "-" "WordPress/6.8.1; https://vattusacky.vn"
20.171.207.118 - - [08/Sep/2025:13:08:21 +0700] "GET /?p=4384 HTTP/1.0" 301 622 "-" "Mozilla/5.0 AppleWebKit/537.36 (KHTML, like Gecko; compatible; GPTBot/1.2; +https://openai.com/gptbot)"
20.171.207.118 - - [08/Sep/2025:13:08:23 +0700] "GET /photo-product-specifications-91/ HTTP/1.0" 200 255205 "-" "Mozilla/5.0 AppleWebKit/537.36 (KHTML, like Gecko; compatible; GPTBot/1.2; +https://openai.com/gptbot)"
216.73.216.162 - - [08/Sep/2025:13:08:31 +0700] "GET /betwinner-619/feed HTTP/1.0" 301 707 "-" "Mozilla/5.0 AppleWebKit/537.36 (KHTML, like Gecko; compatible; ClaudeBot/1.0; +claudebot@anthropic.com)"
216.73.216.162 - - [08/Sep/2025:13:08:33 +0700] "GET /betwinner-619/feed/ HTTP/1.0" 200 1486 "https://vattusacky.vn/betwinner-619/feed" "Mozilla/5.0 AppleWebKit/537.36 (KHTML, like Gecko; compatible; ClaudeBot/1.0; +claudebot@anthropic.com)"
216.73.216.162 - - [08/Sep/2025:13:09:02 +0700] "GET /?p=6002 HTTP/1.0" 301 604 "-" "Mozilla/5.0 AppleWebKit/537.36 (KHTML, like Gecko; compatible; ClaudeBot/1.0; +claudebot@anthropic.com)"
216.73.216.162 - - [08/Sep/2025:13:09:09 +0700] "GET /betwinner-619/ HTTP/1.0" 200 78248 "https://vattusacky.vn/?p=6002" "Mozilla/5.0 AppleWebKit/537.36 (KHTML, like Gecko; compatible; ClaudeBot/1.0; +claudebot@anthropic.com)"
20.171.207.118 - - [08/Sep/2025:13:09:13 +0700] "GET /?p=5254 HTTP/1.0" 301 492 "-" "Mozilla/5.0 AppleWebKit/537.36 (KHTML, like Gecko; compatible; GPTBot/1.2; +https://openai.com/gptbot)"
20.171.207.118 - - [08/Sep/2025:13:09:14 +0700] "GET /the-facts-about-1xbet-com-betting-firm-online-6/ HTTP/1.0" 200 96036 "-" "Mozilla/5.0 AppleWebKit/537.36 (KHTML, like Gecko; compatible; GPTBot/1.2; +https://openai.com/gptbot)"
20.171.207.118 - - [08/Sep/2025:13:09:28 +0700] "GET /?p=3116 HTTP/1.0" 301 455 "-" "Mozilla/5.0 AppleWebKit/537.36 (KHTML, like Gecko; compatible; GPTBot/1.2; +https://openai.com/gptbot)"
20.171.207.118 - - [08/Sep/2025:13:09:30 +0700] "GET /glenjiko-6/ HTTP/1.0" 200 203123 "-" "Mozilla/5.0 AppleWebKit/537.36 (KHTML, like Gecko; compatible; GPTBot/1.2; +https://openai.com/gptbot)"
20.171.207.118 - - [08/Sep/2025:13:09:58 +0700] "GET /?p=2720 HTTP/1.0" 301 522 "-" "Mozilla/5.0 AppleWebKit/537.36 (KHTML, like Gecko; compatible; GPTBot/1.2; +https://openai.com/gptbot)"
20.171.207.118 - - [08/Sep/2025:13:10:00 +0700] "GET /since-1985-red-butte-backyard-has-provided-a-serene-escape-for-daters-in-utah/ HTTP/1.0" 200 215752 "-" "Mozilla/5.0 AppleWebKit/537.36 (KHTML, like Gecko; compatible; GPTBot/1.2; +https://openai.com/gptbot)"
45.117.177.72 - - [08/Sep/2025:13:10:19 +0700] "POST /wp-cron.php?doing_wp_cron=1757311818.8511080741882324218750 HTTP/1.0" 200 416 "-" "WordPress/6.8.1; https://vattusacky.vn"
20.171.207.118 - - [08/Sep/2025:13:10:17 +0700] "GET /?p=3305 HTTP/1.0" 301 487 "-" "Mozilla/5.0 AppleWebKit/537.36 (KHTML, like Gecko; compatible; GPTBot/1.2; +https://openai.com/gptbot)"
20.171.207.118 - - [08/Sep/2025:13:10:29 +0700] "GET /obzor-sovetnika-foreks-wsb-wall-street-bot/ HTTP/1.0" 200 221327 "-" "Mozilla/5.0 AppleWebKit/537.36 (KHTML, like Gecko; compatible; GPTBot/1.2; +https://openai.com/gptbot)"
45.117.177.72 - - [08/Sep/2025:13:11:59 +0700] "POST /wp-cron.php?doing_wp_cron=1757311919.1303350925445556640625 HTTP/1.0" 200 416 "-" "WordPress/6.8.1; https://vattusacky.vn"
20.171.207.118 - - [08/Sep/2025:13:11:57 +0700] "GET /?p=3239 HTTP/1.0" 301 458 "-" "Mozilla/5.0 AppleWebKit/537.36 (KHTML, like Gecko; compatible; GPTBot/1.2; +https://openai.com/gptbot)"
20.171.207.118 - - [08/Sep/2025:13:12:00 +0700] "GET /hello-world-3/ HTTP/1.0" 200 203146 "-" "Mozilla/5.0 AppleWebKit/537.36 (KHTML, like Gecko; compatible; GPTBot/1.2; +https://openai.com/gptbot)"
45.117.177.72 - - [08/Sep/2025:13:12:38 +0700] "POST /wp-cron.php?doing_wp_cron=1757311958.6840579509735107421875 HTTP/1.0" 200 416 "-" "WordPress/6.8.1; https://vattusacky.vn"
185.174.103.11 - - [08/Sep/2025:13:12:26 +0700] "GET /wp-login.php HTTP/1.0" 200 11388 "-" "Mozilla/5.0 (Windows NT 6.1; Win64; x64; rv:80.0) Gecko/20100101 Firefox/80.0"
185.174.103.11 - - [08/Sep/2025:13:12:41 +0700] "GET /wp-includes/js/jquery/jquery.min.js?ver=3.7.1 HTTP/1.0" 200 424 "https://vattusacky.vn/wp-login.php" "Mozilla/5.0 (Windows NT 6.1; Win64; x64; rv:80.0) Gecko/20100101 Firefox/80.0"
185.174.103.11 - - [08/Sep/2025:13:12:41 +0700] "GET /wp-includes/js/jquery/jquery.min.js?ver=3.7.1 HTTP/1.1" 200 87553 "https://vattusacky.vn/wp-login.php" "Mozilla/5.0 (Windows NT 6.1; Win64; x64; rv:80.0) Gecko/20100101 Firefox/80.0"
185.174.103.11 - - [08/Sep/2025:13:12:42 +0700] "GET /wp-includes/js/jquery/jquery-migrate.min.js?ver=3.4.1 HTTP/1.1" 200 13577 "https://vattusacky.vn/wp-login.php" "Mozilla/5.0 (Windows NT 6.1; Win64; x64; rv:80.0) Gecko/20100101 Firefox/80.0"
185.174.103.11 - - [08/Sep/2025:13:12:42 +0700] "GET /wp-content/plugins/gridlist-view-for-woocommerce/berocket/assets/css/font-awesome.min.css?ver=6.8.1 HTTP/1.1" 200 30788 "https://vattusacky.vn/wp-login.php" "Mozilla/5.0 (Windows NT 6.1; Win64; x64; rv:80.0) Gecko/20100101 Firefox/80.0"
185.174.103.11 - - [08/Sep/2025:13:12:42 +0700] "GET /wp-content/plugins/gridlist-view-for-woocommerce/css/shop_lgv.css?ver=1.1.8 HTTP/1.1" 200 9700 "https://vattusacky.vn/wp-login.php" "Mozilla/5.0 (Windows NT 6.1; Win64; x64; rv:80.0) Gecko/20100101 Firefox/80.0"
185.174.103.11 - - [08/Sep/2025:13:12:42 +0700] "GET /wp-includes/css/dashicons.min.css?ver=6.8.1 HTTP/1.1" 200 59016 "https://vattusacky.vn/wp-login.php" "Mozilla/5.0 (Windows NT 6.1; Win64; x64; rv:80.0) Gecko/20100101 Firefox/80.0"
185.174.103.11 - - [08/Sep/2025:13:12:42 +0700] "GET /wp-includes/js/jquery/jquery-migrate.min.js?ver=3.4.1 HTTP/1.0" 200 432 "https://vattusacky.vn/wp-login.php" "Mozilla/5.0 (Windows NT 6.1; Win64; x64; rv:80.0) Gecko/20100101 Firefox/80.0"
