20.171.207.205 - - [08/Sep/2025:05:58:12 +0700] "GET /the-intricacies-of-omegle-decoding-its-irresistible-charm/ HTTP/1.0" 200 90017 "-" "Mozilla/5.0 AppleWebKit/537.36 (KHTML, like Gecko; compatible; GPTBot/1.2; +https://openai.com/gptbot)"
45.117.177.72 - - [08/Sep/2025:05:58:30 +0700] "POST /wp-cron.php?doing_wp_cron=1757285910.5277409553527832031250 HTTP/1.0" 200 416 "-" "WordPress/6.8.1; https://vattusacky.vn"
20.171.207.205 - - [08/Sep/2025:05:58:29 +0700] "GET /the-impact-of-online-friendships-on-offline-relationships/ HTTP/1.0" 200 93763 "-" "Mozilla/5.0 AppleWebKit/537.36 (KHTML, like Gecko; compatible; GPTBot/1.2; +https://openai.com/gptbot)"
20.171.207.205 - - [08/Sep/2025:05:58:47 +0700] "GET /?p=8766 HTTP/1.0" 301 502 "-" "Mozilla/5.0 AppleWebKit/537.36 (KHTML, like Gecko; compatible; GPTBot/1.2; +https://openai.com/gptbot)"
20.171.207.205 - - [08/Sep/2025:05:58:49 +0700] "GET /the-psychology-of-online-connections-insights-from-omegle/ HTTP/1.0" 200 92310 "-" "Mozilla/5.0 AppleWebKit/537.36 (KHTML, like Gecko; compatible; GPTBot/1.2; +https://openai.com/gptbot)"
20.171.207.205 - - [08/Sep/2025:05:59:06 +0700] "GET /?p=7554 HTTP/1.0" 301 502 "-" "Mozilla/5.0 AppleWebKit/537.36 (KHTML, like Gecko; compatible; GPTBot/1.2; +https://openai.com/gptbot)"
20.171.207.205 - - [08/Sep/2025:05:59:07 +0700] "GET /omegle-art-chat-discussing-and-sharing-artistic-creations/ HTTP/1.0" 200 90932 "-" "Mozilla/5.0 AppleWebKit/537.36 (KHTML, like Gecko; compatible; GPTBot/1.2; +https://openai.com/gptbot)"
45.117.177.72 - - [08/Sep/2025:05:59:35 +0700] "POST /wp-cron.php?doing_wp_cron=1757285974.8325469493865966796875 HTTP/1.0" 200 416 "-" "WordPress/6.8.1; https://vattusacky.vn"
20.171.207.205 - - [08/Sep/2025:05:59:33 +0700] "GET /?p=7614 HTTP/1.0" 301 504 "-" "Mozilla/5.0 AppleWebKit/537.36 (KHTML, like Gecko; compatible; GPTBot/1.2; +https://openai.com/gptbot)"
20.171.207.205 - - [08/Sep/2025:05:59:35 +0700] "GET /omegle-etiquette-navigating-the-unwritten-rules-of-chatting/ HTTP/1.0" 200 90678 "-" "Mozilla/5.0 AppleWebKit/537.36 (KHTML, like Gecko; compatible; GPTBot/1.2; +https://openai.com/gptbot)"
20.171.207.205 - - [08/Sep/2025:05:59:44 +0700] "GET /?p=8757 HTTP/1.0" 301 503 "-" "Mozilla/5.0 AppleWebKit/537.36 (KHTML, like Gecko; compatible; GPTBot/1.2; +https://openai.com/gptbot)"
20.171.207.205 - - [08/Sep/2025:05:59:46 +0700] "GET /the-psychology-of-attraction-in-omegles-cosmic-connections/ HTTP/1.0" 200 74707 "-" "Mozilla/5.0 AppleWebKit/537.36 (KHTML, like Gecko; compatible; GPTBot/1.2; +https://openai.com/gptbot)"
45.117.177.72 - - [08/Sep/2025:06:00:35 +0700] "POST /wp-cron.php?doing_wp_cron=1757286035.4264409542083740234375 HTTP/1.0" 200 416 "-" "WordPress/6.8.1; https://vattusacky.vn"
20.171.207.205 - - [08/Sep/2025:06:00:34 +0700] "GET /?p=7930 HTTP/1.0" 301 504 "-" "Mozilla/5.0 AppleWebKit/537.36 (KHTML, like Gecko; compatible; GPTBot/1.2; +https://openai.com/gptbot)"
20.171.207.205 - - [08/Sep/2025:06:00:35 +0700] "GET /omegles-role-in-challenging-societal-norms-and-expectations/ HTTP/1.0" 200 89954 "-" "Mozilla/5.0 AppleWebKit/537.36 (KHTML, like Gecko; compatible; GPTBot/1.2; +https://openai.com/gptbot)"
45.117.177.72 - - [08/Sep/2025:06:01:53 +0700] "POST /wp-cron.php?doing_wp_cron=1757286113.4966230392456054687500 HTTP/1.0" 200 416 "-" "WordPress/6.8.1; https://vattusacky.vn"
20.171.207.205 - - [08/Sep/2025:06:01:52 +0700] "GET /omegles-role-in-challenging-traditional-notions-of-identity/ HTTP/1.0" 200 90625 "-" "Mozilla/5.0 AppleWebKit/537.36 (KHTML, like Gecko; compatible; GPTBot/1.2; +https://openai.com/gptbot)"
45.117.177.72 - - [08/Sep/2025:06:03:51 +0700] "POST /wp-cron.php?doing_wp_cron=1757286231.3490800857543945312500 HTTP/1.0" 200 416 "-" "WordPress/6.8.1; https://vattusacky.vn"
20.171.207.205 - - [08/Sep/2025:06:03:50 +0700] "GET /tales-from-omegle-and-ometv-unforgettable-stories-of-random-encounters/ HTTP/1.0" 200 90873 "-" "Mozilla/5.0 AppleWebKit/537.36 (KHTML, like Gecko; compatible; GPTBot/1.2; +https://openai.com/gptbot)"
45.117.177.72 - - [08/Sep/2025:06:04:21 +0700] "POST /wp-cron.php?doing_wp_cron=1757286261.3725049495697021484375 HTTP/1.0" 200 416 "-" "WordPress/6.8.1; https://vattusacky.vn"
20.171.207.205 - - [08/Sep/2025:06:04:20 +0700] "GET /?p=8562 HTTP/1.0" 301 502 "-" "Mozilla/5.0 AppleWebKit/537.36 (KHTML, like Gecko; compatible; GPTBot/1.2; +https://openai.com/gptbot)"
20.171.207.205 - - [08/Sep/2025:06:04:21 +0700] "GET /the-impact-of-online-friendships-on-offline-relationships/ HTTP/1.0" 200 93763 "-" "Mozilla/5.0 AppleWebKit/537.36 (KHTML, like Gecko; compatible; GPTBot/1.2; +https://openai.com/gptbot)"
85.208.96.197 - - [08/Sep/2025:06:04:49 +0700] "GET /what-responsibilities-does-a-latin-marital-relationship-agency-include/ HTTP/1.0" 200 209222 "-" "Mozilla/5.0 (compatible; SemrushBot/7~bl; +http://www.semrush.com/bot.html)"
20.171.207.205 - - [08/Sep/2025:06:04:50 +0700] "GET /tips-for-making-meaningful-connections-on-omegle/ HTTP/1.0" 200 89528 "-" "Mozilla/5.0 AppleWebKit/537.36 (KHTML, like Gecko; compatible; GPTBot/1.2; +https://openai.com/gptbot)"
45.117.177.72 - - [08/Sep/2025:06:05:21 +0700] "POST /wp-cron.php?doing_wp_cron=1757286321.2014229297637939453125 HTTP/1.0" 200 416 "-" "WordPress/6.8.1; https://vattusacky.vn"
85.208.96.200 - - [08/Sep/2025:06:05:19 +0700] "GET /creating-an-effective-online-dating-services-profile-2/ HTTP/1.0" 200 208667 "-" "Mozilla/5.0 (compatible; SemrushBot/7~bl; +http://www.semrush.com/bot.html)"
45.117.177.72 - - [08/Sep/2025:06:06:36 +0700] "POST /wp-cron.php?doing_wp_cron=1757286396.3552210330963134765625 HTTP/1.0" 200 416 "-" "WordPress/6.8.1; https://vattusacky.vn"
17.241.75.46 - - [08/Sep/2025:06:06:35 +0700] "GET /exploring-the-collaborative-experience-on-omegle-artist-testimonials/ HTTP/1.0" 200 92731 "-" "Mozilla/5.0 (Macintosh; Intel Mac OS X 10_15_7) AppleWebKit/605.1.15 (KHTML, like Gecko) Version/17.4 Safari/605.1.15 (Applebot/0.1; +http://www.apple.com/go/applebot)"
20.171.207.205 - - [08/Sep/2025:06:06:37 +0700] "GET /rahasia-menang-besar-strategi-bermain-slot-gacor/ HTTP/1.0" 200 64960 "-" "Mozilla/5.0 AppleWebKit/537.36 (KHTML, like Gecko; compatible; GPTBot/1.2; +https://openai.com/gptbot)"
20.171.207.205 - - [08/Sep/2025:06:06:47 +0700] "GET /the-power-of-serendipity-on-omegles-cosmic-connections/ HTTP/1.0" 200 90949 "-" "Mozilla/5.0 AppleWebKit/537.36 (KHTML, like Gecko; compatible; GPTBot/1.2; +https://openai.com/gptbot)"
20.171.207.205 - - [08/Sep/2025:06:06:54 +0700] "GET /omegle-and-the-evolution-of-online-communication/ HTTP/1.0" 200 91743 "-" "Mozilla/5.0 AppleWebKit/537.36 (KHTML, like Gecko; compatible; GPTBot/1.2; +https://openai.com/gptbot)"
20.171.207.205 - - [08/Sep/2025:06:06:58 +0700] "GET /the-role-of-vulnerability-in-online-interactions/ HTTP/1.0" 200 88403 "-" "Mozilla/5.0 AppleWebKit/537.36 (KHTML, like Gecko; compatible; GPTBot/1.2; +https://openai.com/gptbot)"
20.171.207.205 - - [08/Sep/2025:06:07:01 +0700] "GET /?p=7210 HTTP/1.0" 301 502 "-" "Mozilla/5.0 AppleWebKit/537.36 (KHTML, like Gecko; compatible; GPTBot/1.2; +https://openai.com/gptbot)"
20.171.207.205 - - [08/Sep/2025:06:07:03 +0700] "GET /meeting-strangers-exciting-adventures-on-omegle-and-ometv/ HTTP/1.0" 200 92193 "-" "Mozilla/5.0 AppleWebKit/537.36 (KHTML, like Gecko; compatible; GPTBot/1.2; +https://openai.com/gptbot)"
45.117.177.72 - - [08/Sep/2025:06:07:24 +0700] "POST /wp-cron.php?doing_wp_cron=1757286444.2701900005340576171875 HTTP/1.0" 200 416 "-" "WordPress/6.8.1; https://vattusacky.vn"
20.171.207.205 - - [08/Sep/2025:06:07:22 +0700] "GET /networking-strategies-for-students-on-omegle-and-ometv/ HTTP/1.0" 200 93949 "-" "Mozilla/5.0 AppleWebKit/537.36 (KHTML, like Gecko; compatible; GPTBot/1.2; +https://openai.com/gptbot)"
20.171.207.205 - - [08/Sep/2025:06:07:39 +0700] "GET /omegle-as-a-platform-for-professional-networking/ HTTP/1.0" 200 92221 "-" "Mozilla/5.0 AppleWebKit/537.36 (KHTML, like Gecko; compatible; GPTBot/1.2; +https://openai.com/gptbot)"
20.171.207.205 - - [08/Sep/2025:06:08:05 +0700] "GET /?p=7931 HTTP/1.0" 301 504 "-" "Mozilla/5.0 AppleWebKit/537.36 (KHTML, like Gecko; compatible; GPTBot/1.2; +https://openai.com/gptbot)"
20.171.207.205 - - [08/Sep/2025:06:08:07 +0700] "GET /omegles-role-in-challenging-traditional-notions-of-identity/ HTTP/1.0" 200 90479 "-" "Mozilla/5.0 AppleWebKit/537.36 (KHTML, like Gecko; compatible; GPTBot/1.2; +https://openai.com/gptbot)"
45.117.177.72 - - [08/Sep/2025:06:08:47 +0700] "POST /wp-cron.php?doing_wp_cron=1757286527.3843810558319091796875 HTTP/1.0" 200 416 "-" "WordPress/6.8.1; https://vattusacky.vn"
20.171.207.205 - - [08/Sep/2025:06:08:46 +0700] "GET /?p=9024 HTTP/1.0" 301 493 "-" "Mozilla/5.0 AppleWebKit/537.36 (KHTML, like Gecko; compatible; GPTBot/1.2; +https://openai.com/gptbot)"
20.171.207.205 - - [08/Sep/2025:06:08:47 +0700] "GET /tips-for-making-meaningful-connections-on-omegle/ HTTP/1.0" 200 89528 "-" "Mozilla/5.0 AppleWebKit/537.36 (KHTML, like Gecko; compatible; GPTBot/1.2; +https://openai.com/gptbot)"
45.117.177.72 - - [08/Sep/2025:06:09:20 +0700] "POST /wp-cron.php?doing_wp_cron=1757286560.2078189849853515625000 HTTP/1.0" 200 416 "-" "WordPress/6.8.1; https://vattusacky.vn"
20.171.207.205 - - [08/Sep/2025:06:09:18 +0700] "GET /omegle-and-ometv-for-creating-online-communities/ HTTP/1.0" 200 93226 "-" "Mozilla/5.0 AppleWebKit/537.36 (KHTML, like Gecko; compatible; GPTBot/1.2; +https://openai.com/gptbot)"
207.46.13.31 - - [08/Sep/2025:06:09:21 +0700] "GET /wp-content/uploads/2018/04/untitled-1-2.png HTTP/1.0" 200 419 "-" "Mozilla/5.0 AppleWebKit/537.36 (KHTML, like Gecko; compatible; bingbot/2.0; +http://www.bing.com/bingbot.htm) Chrome/116.0.1938.76 Safari/537.36"
207.46.13.31 - - [08/Sep/2025:06:09:21 +0700] "GET /wp-content/uploads/2018/04/untitled-1-2.png HTTP/2.0" 200 127721 "-" "Mozilla/5.0 AppleWebKit/537.36 (KHTML, like Gecko; compatible; bingbot/2.0; +http://www.bing.com/bingbot.htm) Chrome/116.0.1938.76 Safari/537.36"
45.117.177.72 - - [08/Sep/2025:06:10:25 +0700] "POST /wp-cron.php?doing_wp_cron=1757286625.3188710212707519531250 HTTP/1.0" 200 416 "-" "WordPress/6.8.1; https://vattusacky.vn"
20.171.207.205 - - [08/Sep/2025:06:10:24 +0700] "GET /?p=7514 HTTP/1.0" 301 493 "-" "Mozilla/5.0 AppleWebKit/537.36 (KHTML, like Gecko; compatible; GPTBot/1.2; +https://openai.com/gptbot)"
20.171.207.205 - - [08/Sep/2025:06:10:25 +0700] "GET /omegle-and-the-evolution-of-online-communication/ HTTP/1.0" 200 91597 "-" "Mozilla/5.0 AppleWebKit/537.36 (KHTML, like Gecko; compatible; GPTBot/1.2; +https://openai.com/gptbot)"
20.171.207.205 - - [08/Sep/2025:06:11:14 +0700] "GET /omegle-for-socializing-making-new-friends-online/ HTTP/1.0" 200 91117 "-" "Mozilla/5.0 AppleWebKit/537.36 (KHTML, like Gecko; compatible; GPTBot/1.2; +https://openai.com/gptbot)"
45.117.177.72 - - [08/Sep/2025:06:11:56 +0700] "POST /wp-cron.php?doing_wp_cron=1757286716.5246000289916992187500 HTTP/1.0" 200 416 "-" "WordPress/6.8.1; https://vattusacky.vn"
20.171.207.205 - - [08/Sep/2025:06:11:55 +0700] "GET /the-connection-between-anonymity-and-empathy-on-omegle/ HTTP/1.0" 200 91234 "-" "Mozilla/5.0 AppleWebKit/537.36 (KHTML, like Gecko; compatible; GPTBot/1.2; +https://openai.com/gptbot)"
45.117.177.72 - - [08/Sep/2025:06:12:32 +0700] "POST /wp-cron.php?doing_wp_cron=1757286751.8825280666351318359375 HTTP/1.0" 200 416 "-" "WordPress/6.8.1; https://vattusacky.vn"
85.208.96.195 - - [08/Sep/2025:06:12:30 +0700] "GET /ecommerce-design-problems/ HTTP/1.0" 200 205342 "-" "Mozilla/5.0 (compatible; SemrushBot/7~bl; +http://www.semrush.com/bot.html)"
20.171.207.205 - - [08/Sep/2025:06:12:31 +0700] "GET /?p=7567 HTTP/1.0" 301 639 "-" "Mozilla/5.0 AppleWebKit/537.36 (KHTML, like Gecko; compatible; GPTBot/1.2; +https://openai.com/gptbot)"
20.171.207.205 - - [08/Sep/2025:06:12:33 +0700] "GET /omegle-as-a-platform-for-professional-networking/ HTTP/1.0" 200 92221 "-" "Mozilla/5.0 AppleWebKit/537.36 (KHTML, like Gecko; compatible; GPTBot/1.2; +https://openai.com/gptbot)"
20.171.207.205 - - [08/Sep/2025:06:12:51 +0700] "GET /?p=8708 HTTP/1.0" 301 499 "-" "Mozilla/5.0 AppleWebKit/537.36 (KHTML, like Gecko; compatible; GPTBot/1.2; +https://openai.com/gptbot)"
20.171.207.205 - - [08/Sep/2025:06:12:53 +0700] "GET /the-power-of-serendipity-on-omegles-cosmic-connections/ HTTP/1.0" 200 90949 "-" "Mozilla/5.0 AppleWebKit/537.36 (KHTML, like Gecko; compatible; GPTBot/1.2; +https://openai.com/gptbot)"
45.117.177.72 - - [08/Sep/2025:06:13:57 +0700] "POST /wp-cron.php?doing_wp_cron=1757286837.1193790435791015625000 HTTP/1.0" 200 416 "-" "WordPress/6.8.1; https://vattusacky.vn"
20.171.207.205 - - [08/Sep/2025:06:13:55 +0700] "GET /?p=7277 HTTP/1.0" 301 499 "-" "Mozilla/5.0 AppleWebKit/537.36 (KHTML, like Gecko; compatible; GPTBot/1.2; +https://openai.com/gptbot)"
20.171.207.205 - - [08/Sep/2025:06:13:57 +0700] "GET /networking-strategies-for-students-on-omegle-and-ometv/ HTTP/1.0" 200 93949 "-" "Mozilla/5.0 AppleWebKit/537.36 (KHTML, like Gecko; compatible; GPTBot/1.2; +https://openai.com/gptbot)"
85.208.96.201 - - [08/Sep/2025:06:14:07 +0700] "GET /pin-ap-kazino-oficialnyj-sajt-igrat-v-onlajn-5/ HTTP/1.0" 200 116899 "-" "Mozilla/5.0 (compatible; SemrushBot/7~bl; +http://www.semrush.com/bot.html)"
45.117.177.72 - - [08/Sep/2025:06:15:21 +0700] "POST /wp-cron.php?doing_wp_cron=1757286921.4041581153869628906250 HTTP/1.0" 200 416 "-" "WordPress/6.8.1; https://vattusacky.vn"
20.171.207.205 - - [08/Sep/2025:06:15:20 +0700] "GET /?p=11087 HTTP/1.0" 301 493 "-" "Mozilla/5.0 AppleWebKit/537.36 (KHTML, like Gecko; compatible; GPTBot/1.2; +https://openai.com/gptbot)"
20.171.207.205 - - [08/Sep/2025:06:15:21 +0700] "GET /rahasia-menang-besar-strategi-bermain-slot-gacor/ HTTP/1.0" 200 64960 "-" "Mozilla/5.0 AppleWebKit/537.36 (KHTML, like Gecko; compatible; GPTBot/1.2; +https://openai.com/gptbot)"
20.171.207.205 - - [08/Sep/2025:06:16:01 +0700] "GET /?p=8285 HTTP/1.0" 301 515 "-" "Mozilla/5.0 AppleWebKit/537.36 (KHTML, like Gecko; compatible; GPTBot/1.2; +https://openai.com/gptbot)"
20.171.207.205 - - [08/Sep/2025:06:16:03 +0700] "GET /tales-from-omegle-and-ometv-unforgettable-stories-of-random-encounters/ HTTP/1.0" 200 90873 "-" "Mozilla/5.0 AppleWebKit/537.36 (KHTML, like Gecko; compatible; GPTBot/1.2; +https://openai.com/gptbot)"
45.117.177.72 - - [08/Sep/2025:06:16:38 +0700] "POST /wp-cron.php?doing_wp_cron=1757286998.1758229732513427734375 HTTP/1.0" 200 416 "-" "WordPress/6.8.1; https://vattusacky.vn"
20.171.207.205 - - [08/Sep/2025:06:16:37 +0700] "GET /?p=8955 HTTP/1.0" 301 493 "-" "Mozilla/5.0 AppleWebKit/537.36 (KHTML, like Gecko; compatible; GPTBot/1.2; +https://openai.com/gptbot)"
20.171.207.205 - - [08/Sep/2025:06:16:38 +0700] "GET /the-role-of-vulnerability-in-online-interactions/ HTTP/1.0" 200 88403 "-" "Mozilla/5.0 AppleWebKit/537.36 (KHTML, like Gecko; compatible; GPTBot/1.2; +https://openai.com/gptbot)"
45.117.177.72 - - [08/Sep/2025:06:18:37 +0700] "POST /wp-cron.php?doing_wp_cron=1757287117.7104859352111816406250 HTTP/1.0" 200 416 "-" "WordPress/6.8.1; https://vattusacky.vn"
20.171.207.205 - - [08/Sep/2025:06:18:36 +0700] "GET /?p=8366 HTTP/1.0" 301 645 "-" "Mozilla/5.0 AppleWebKit/537.36 (KHTML, like Gecko; compatible; GPTBot/1.2; +https://openai.com/gptbot)"
20.171.207.205 - - [08/Sep/2025:06:18:38 +0700] "GET /the-connection-between-anonymity-and-empathy-on-omegle/ HTTP/1.0" 200 91234 "-" "Mozilla/5.0 AppleWebKit/537.36 (KHTML, like Gecko; compatible; GPTBot/1.2; +https://openai.com/gptbot)"
20.171.207.205 - - [08/Sep/2025:06:18:46 +0700] "GET /serendipity-and-cross-cultural-connections-on-omegle-and-ometv/ HTTP/1.0" 200 91651 "-" "Mozilla/5.0 AppleWebKit/537.36 (KHTML, like Gecko; compatible; GPTBot/1.2; +https://openai.com/gptbot)"
20.171.207.205 - - [08/Sep/2025:06:18:53 +0700] "GET /omegle-and-the-potential-risks-of-sharing-personal-information/ HTTP/1.0" 200 90684 "-" "Mozilla/5.0 AppleWebKit/537.36 (KHTML, like Gecko; compatible; GPTBot/1.2; +https://openai.com/gptbot)"
20.171.207.205 - - [08/Sep/2025:06:19:08 +0700] "GET /unlocking-the-essence-of-omegle-tales-from-anonymous-explorers/ HTTP/1.0" 200 89347 "-" "Mozilla/5.0 AppleWebKit/537.36 (KHTML, like Gecko; compatible; GPTBot/1.2; +https://openai.com/gptbot)"
45.117.177.72 - - [08/Sep/2025:06:19:35 +0700] "POST /wp-cron.php?doing_wp_cron=1757287175.5071260929107666015625 HTTP/1.0" 200 416 "-" "WordPress/6.8.1; https://vattusacky.vn"
20.171.207.205 - - [08/Sep/2025:06:19:34 +0700] "GET /omegle-and-the-quest-for-authenticity-finding-real-connections/ HTTP/1.0" 200 90795 "-" "Mozilla/5.0 AppleWebKit/537.36 (KHTML, like Gecko; compatible; GPTBot/1.2; +https://openai.com/gptbot)"
185.191.171.4 - - [08/Sep/2025:06:19:47 +0700] "GET /unfiltered-conversations-the-draw-of-omegles-authenticity/ HTTP/1.0" 200 91933 "-" "Mozilla/5.0 (compatible; SemrushBot/7~bl; +http://www.semrush.com/bot.html)"
20.171.207.205 - - [08/Sep/2025:06:20:07 +0700] "GET /the-role-of-omegle-in-combating-social-isolation-and-loneliness-among-seniors/ HTTP/1.0" 200 91033 "-" "Mozilla/5.0 AppleWebKit/537.36 (KHTML, like Gecko; compatible; GPTBot/1.2; +https://openai.com/gptbot)"
45.117.177.72 - - [08/Sep/2025:06:20:24 +0700] "POST /wp-cron.php?doing_wp_cron=1757287224.3087968826293945312500 HTTP/1.0" 200 416 "-" "WordPress/6.8.1; https://vattusacky.vn"
20.171.207.205 - - [08/Sep/2025:06:20:23 +0700] "GET /unlocking-the-potential-of-omegle-tales-of-anonymous-explorers/ HTTP/1.0" 200 91240 "-" "Mozilla/5.0 AppleWebKit/537.36 (KHTML, like Gecko; compatible; GPTBot/1.2; +https://openai.com/gptbot)"
20.171.207.205 - - [08/Sep/2025:06:20:48 +0700] "GET /omegle-and-mental-health-the-impact-of-anonymous-conversations/ HTTP/1.0" 200 93107 "-" "Mozilla/5.0 AppleWebKit/537.36 (KHTML, like Gecko; compatible; GPTBot/1.2; +https://openai.com/gptbot)"
20.171.207.205 - - [08/Sep/2025:06:21:08 +0700] "GET /?p=7531 HTTP/1.0" 301 507 "-" "Mozilla/5.0 AppleWebKit/537.36 (KHTML, like Gecko; compatible; GPTBot/1.2; +https://openai.com/gptbot)"
20.171.207.205 - - [08/Sep/2025:06:21:09 +0700] "GET /omegle-and-the-potential-risks-of-sharing-personal-information/ HTTP/1.0" 200 90684 "-" "Mozilla/5.0 AppleWebKit/537.36 (KHTML, like Gecko; compatible; GPTBot/1.2; +https://openai.com/gptbot)"
45.117.177.72 - - [08/Sep/2025:06:21:32 +0700] "POST /wp-cron.php?doing_wp_cron=1757287291.9547059535980224609375 HTTP/1.0" 200 416 "-" "WordPress/6.8.1; https://vattusacky.vn"
20.171.207.205 - - [08/Sep/2025:06:21:30 +0700] "GET /?p=7534 HTTP/1.0" 301 507 "-" "Mozilla/5.0 AppleWebKit/537.36 (KHTML, like Gecko; compatible; GPTBot/1.2; +https://openai.com/gptbot)"
20.171.207.205 - - [08/Sep/2025:06:21:32 +0700] "GET /omegle-and-the-quest-for-authenticity-finding-real-connections/ HTTP/1.0" 200 90795 "-" "Mozilla/5.0 AppleWebKit/537.36 (KHTML, like Gecko; compatible; GPTBot/1.2; +https://openai.com/gptbot)"
52.1.106.130 - - [08/Sep/2025:06:21:50 +0700] "GET /monsterxbet-6/ HTTP/1.0" 200 224722 "-" "Mozilla/5.0 AppleWebKit/537.36 (KHTML, like Gecko; compatible; Amazonbot/0.1; +https://developer.amazon.com/support/amazonbot) Chrome/119.0.6045.214 Safari/537.36"
98.82.66.172 - - [08/Sep/2025:06:21:53 +0700] "GET /heated-latin-females-dating-protection-tips/ HTTP/1.0" 200 206722 "-" "Mozilla/5.0 AppleWebKit/537.36 (KHTML, like Gecko; compatible; Amazonbot/0.1; +https://developer.amazon.com/support/amazonbot) Chrome/119.0.6045.214 Safari/537.36"
34.231.181.240 - - [08/Sep/2025:06:21:58 +0700] "GET /how-to-cope-with-the-quick-break-up-of-your-long-term-romantic-relationship/ HTTP/1.0" 200 207485 "-" "Mozilla/5.0 AppleWebKit/537.36 (KHTML, like Gecko; compatible; Amazonbot/0.1; +https://developer.amazon.com/support/amazonbot) Chrome/119.0.6045.214 Safari/537.36"
20.171.207.205 - - [08/Sep/2025:06:22:07 +0700] "GET /serendipity-and-emotional-connection-on-omegle-and-ometv/ HTTP/1.0" 200 92008 "-" "Mozilla/5.0 AppleWebKit/537.36 (KHTML, like Gecko; compatible; GPTBot/1.2; +https://openai.com/gptbot)"
45.117.177.72 - - [08/Sep/2025:06:22:25 +0700] "POST /wp-cron.php?doing_wp_cron=1757287344.8660600185394287109375 HTTP/1.0" 200 416 "-" "WordPress/6.8.1; https://vattusacky.vn"
17.241.227.225 - - [08/Sep/2025:06:22:23 +0700] "GET /how-to-begin-your-blog-not-having-investment/ HTTP/1.0" 200 72009 "-" "Mozilla/5.0 (Macintosh; Intel Mac OS X 10_15_7) AppleWebKit/605.1.15 (KHTML, like Gecko) Version/17.4 Safari/605.1.15 (Applebot/0.1; +http://www.apple.com/go/applebot)"
20.171.207.205 - - [08/Sep/2025:06:22:29 +0700] "GET /situs-slot-online-panduan-lengkap-untuk-pemain-indonesia/ HTTP/1.0" 200 66243 "-" "Mozilla/5.0 AppleWebKit/537.36 (KHTML, like Gecko; compatible; GPTBot/1.2; +https://openai.com/gptbot)"
20.171.207.205 - - [08/Sep/2025:06:22:43 +0700] "GET /omegle-stories-real-life-connections-made-through-the-platform/ HTTP/1.0" 200 92080 "-" "Mozilla/5.0 AppleWebKit/537.36 (KHTML, like Gecko; compatible; GPTBot/1.2; +https://openai.com/gptbot)"
45.117.177.72 - - [08/Sep/2025:06:23:17 +0700] "POST /wp-cron.php?doing_wp_cron=1757287397.5741310119628906250000 HTTP/1.0" 200 416 "-" "WordPress/6.8.1; https://vattusacky.vn"
20.171.207.205 - - [08/Sep/2025:06:23:16 +0700] "GET /utilizing-technology-to-overcome-barriers-to-empathy-on-omegle/ HTTP/1.0" 200 91400 "-" "Mozilla/5.0 AppleWebKit/537.36 (KHTML, like Gecko; compatible; GPTBot/1.2; +https://openai.com/gptbot)"
20.171.207.205 - - [08/Sep/2025:06:23:40 +0700] "GET /stories-of-serendipitous-connections-on-omegle-and-ometv/ HTTP/1.0" 200 93381 "-" "Mozilla/5.0 AppleWebKit/537.36 (KHTML, like Gecko; compatible; GPTBot/1.2; +https://openai.com/gptbot)"
20.171.207.205 - - [08/Sep/2025:06:24:11 +0700] "GET /?p=8186 HTTP/1.0" 301 507 "-" "Mozilla/5.0 AppleWebKit/537.36 (KHTML, like Gecko; compatible; GPTBot/1.2; +https://openai.com/gptbot)"
20.171.207.205 - - [08/Sep/2025:06:24:13 +0700] "GET /serendipity-and-cross-cultural-connections-on-omegle-and-ometv/ HTTP/1.0" 200 91651 "-" "Mozilla/5.0 AppleWebKit/537.36 (KHTML, like Gecko; compatible; GPTBot/1.2; +https://openai.com/gptbot)"
45.117.177.72 - - [08/Sep/2025:06:24:39 +0700] "POST /wp-cron.php?doing_wp_cron=1757287479.4230101108551025390625 HTTP/1.0" 200 416 "-" "WordPress/6.8.1; https://vattusacky.vn"
20.171.207.205 - - [08/Sep/2025:06:24:38 +0700] "GET /?p=9122 HTTP/1.0" 301 507 "-" "Mozilla/5.0 AppleWebKit/537.36 (KHTML, like Gecko; compatible; GPTBot/1.2; +https://openai.com/gptbot)"
20.171.207.205 - - [08/Sep/2025:06:24:39 +0700] "GET /unlocking-the-essence-of-omegle-tales-from-anonymous-explorers/ HTTP/1.0" 200 89347 "-" "Mozilla/5.0 AppleWebKit/537.36 (KHTML, like Gecko; compatible; GPTBot/1.2; +https://openai.com/gptbot)"
52.154.22.48 - - [08/Sep/2025:06:24:52 +0700] "GET / HTTP/1.0" 200 35265 "-" "Mozilla/5.0 AppleWebKit/537.36 (KHTML, like Gecko); compatible; ChatGPT-User/1.0; +https://openai.com/bot"
45.117.177.72 - - [08/Sep/2025:06:25:27 +0700] "POST /wp-cron.php?doing_wp_cron=1757287526.8816640377044677734375 HTTP/1.0" 200 416 "-" "WordPress/6.8.1; https://vattusacky.vn"
20.171.207.205 - - [08/Sep/2025:06:25:25 +0700] "GET /?p=7371 HTTP/1.0" 301 507 "-" "Mozilla/5.0 AppleWebKit/537.36 (KHTML, like Gecko; compatible; GPTBot/1.2; +https://openai.com/gptbot)"
20.171.207.205 - - [08/Sep/2025:06:25:27 +0700] "GET /omegle-and-mental-health-the-impact-of-anonymous-conversations/ HTTP/1.0" 200 93107 "-" "Mozilla/5.0 AppleWebKit/537.36 (KHTML, like Gecko; compatible; GPTBot/1.2; +https://openai.com/gptbot)"
185.191.171.16 - - [08/Sep/2025:06:25:34 +0700] "GET /celebrating-the-joy-of-love-in-omelove/ HTTP/1.0" 200 87969 "-" "Mozilla/5.0 (compatible; SemrushBot/7~bl; +http://www.semrush.com/bot.html)"
85.208.96.198 - - [08/Sep/2025:06:25:39 +0700] "GET /a-few-ways-to-experience-an-ideal-1st-date/ HTTP/1.0" 200 206637 "-" "Mozilla/5.0 (compatible; SemrushBot/7~bl; +http://www.semrush.com/bot.html)"
185.191.171.2 - - [08/Sep/2025:06:26:07 +0700] "GET /various-kinds-of-sugar-daddies/ HTTP/1.0" 200 207979 "-" "Mozilla/5.0 (compatible; SemrushBot/7~bl; +http://www.semrush.com/bot.html)"
45.117.177.72 - - [08/Sep/2025:06:26:19 +0700] "POST /wp-cron.php?doing_wp_cron=1757287579.5870909690856933593750 HTTP/1.0" 200 416 "-" "WordPress/6.8.1; https://vattusacky.vn"
20.171.207.205 - - [08/Sep/2025:06:26:18 +0700] "GET /unveiling-the-secrets-of-successful-encounters-on-omegle/ HTTP/1.0" 200 93880 "-" "Mozilla/5.0 AppleWebKit/537.36 (KHTML, like Gecko; compatible; GPTBot/1.2; +https://openai.com/gptbot)"
20.171.207.205 - - [08/Sep/2025:06:27:12 +0700] "GET /?p=11114 HTTP/1.0" 301 501 "-" "Mozilla/5.0 AppleWebKit/537.36 (KHTML, like Gecko; compatible; GPTBot/1.2; +https://openai.com/gptbot)"
20.171.207.205 - - [08/Sep/2025:06:27:13 +0700] "GET /situs-slot-online-panduan-lengkap-untuk-pemain-indonesia/ HTTP/1.0" 200 66243 "-" "Mozilla/5.0 AppleWebKit/537.36 (KHTML, like Gecko; compatible; GPTBot/1.2; +https://openai.com/gptbot)"
45.117.177.72 - - [08/Sep/2025:06:28:08 +0700] "POST /wp-cron.php?doing_wp_cron=1757287688.1589000225067138671875 HTTP/1.0" 200 416 "-" "WordPress/6.8.1; https://vattusacky.vn"
20.171.207.205 - - [08/Sep/2025:06:28:06 +0700] "GET /?p=9124 HTTP/1.0" 301 507 "-" "Mozilla/5.0 AppleWebKit/537.36 (KHTML, like Gecko; compatible; GPTBot/1.2; +https://openai.com/gptbot)"
20.171.207.205 - - [08/Sep/2025:06:28:08 +0700] "GET /unlocking-the-potential-of-omegle-tales-of-anonymous-explorers/ HTTP/1.0" 200 91240 "-" "Mozilla/5.0 AppleWebKit/537.36 (KHTML, like Gecko; compatible; GPTBot/1.2; +https://openai.com/gptbot)"
45.117.177.72 - - [08/Sep/2025:06:28:45 +0700] "POST /wp-cron.php?doing_wp_cron=1757287725.1085538864135742187500 HTTP/1.0" 200 416 "-" "WordPress/6.8.1; https://vattusacky.vn"
20.171.207.205 - - [08/Sep/2025:06:28:43 +0700] "GET /omegles-next-phase-advancements-in-random-chat-technology/ HTTP/1.0" 200 90432 "-" "Mozilla/5.0 AppleWebKit/537.36 (KHTML, like Gecko; compatible; GPTBot/1.2; +https://openai.com/gptbot)"
185.191.171.16 - - [08/Sep/2025:06:29:06 +0700] "GET /building-professional-networks-on-omegle-leveraging-the-platform-for-career-growth/ HTTP/1.0" 200 93628 "-" "Mozilla/5.0 (compatible; SemrushBot/7~bl; +http://www.semrush.com/bot.html)"
185.191.171.10 - - [08/Sep/2025:06:29:48 +0700] "GET /using-open-ended-questions-for-deeper-conversations-on-omegle/ HTTP/1.0" 200 89376 "-" "Mozilla/5.0 (compatible; SemrushBot/7~bl; +http://www.semrush.com/bot.html)"
20.171.207.205 - - [08/Sep/2025:06:30:14 +0700] "GET /?p=7701 HTTP/1.0" 301 507 "-" "Mozilla/5.0 AppleWebKit/537.36 (KHTML, like Gecko; compatible; GPTBot/1.2; +https://openai.com/gptbot)"
20.171.207.205 - - [08/Sep/2025:06:30:15 +0700] "GET /omegle-stories-real-life-connections-made-through-the-platform/ HTTP/1.0" 200 92080 "-" "Mozilla/5.0 AppleWebKit/537.36 (KHTML, like Gecko; compatible; GPTBot/1.2; +https://openai.com/gptbot)"
87.250.224.94 - - [08/Sep/2025:06:30:32 +0700] "GET /privacy-measures-in-omegle-a-comparative-analysis-of-similar-platforms/ HTTP/1.0" 200 91310 "-" "Mozilla/5.0 (compatible; YandexBot/3.0; +http://yandex.com/bots)"
45.117.177.72 - - [08/Sep/2025:06:31:58 +0700] "POST /wp-cron.php?doing_wp_cron=1757287917.8032159805297851562500 HTTP/1.0" 200 416 "-" "WordPress/6.8.1; https://vattusacky.vn"
20.171.207.205 - - [08/Sep/2025:06:31:56 +0700] "GET /?p=8187 HTTP/1.0" 301 501 "-" "Mozilla/5.0 AppleWebKit/537.36 (KHTML, like Gecko; compatible; GPTBot/1.2; +https://openai.com/gptbot)"
20.171.207.205 - - [08/Sep/2025:06:31:58 +0700] "GET /serendipity-and-emotional-connection-on-omegle-and-ometv/ HTTP/1.0" 200 92008 "-" "Mozilla/5.0 AppleWebKit/537.36 (KHTML, like Gecko; compatible; GPTBot/1.2; +https://openai.com/gptbot)"
45.117.177.72 - - [08/Sep/2025:06:32:44 +0700] "POST /wp-cron.php?doing_wp_cron=1757287964.3539710044860839843750 HTTP/1.0" 200 416 "-" "WordPress/6.8.1; https://vattusacky.vn"
40.77.167.17 - - [08/Sep/2025:06:32:42 +0700] "GET /omegle-for-personal-development-learning-from-diverse-perspectives/ HTTP/1.0" 200 93060 "-" "Mozilla/5.0 AppleWebKit/537.36 (KHTML, like Gecko; compatible; bingbot/2.0; +http://www.bing.com/bingbot.htm) Chrome/116.0.1938.76 Safari/537.36"
20.171.207.205 - - [08/Sep/2025:06:33:10 +0700] "GET /?p=9195 HTTP/1.0" 301 507 "-" "Mozilla/5.0 AppleWebKit/537.36 (KHTML, like Gecko; compatible; GPTBot/1.2; +https://openai.com/gptbot)"
20.171.207.205 - - [08/Sep/2025:06:33:11 +0700] "GET /utilizing-technology-to-overcome-barriers-to-empathy-on-omegle/ HTTP/1.0" 200 91400 "-" "Mozilla/5.0 AppleWebKit/537.36 (KHTML, like Gecko; compatible; GPTBot/1.2; +https://openai.com/gptbot)"
45.117.177.72 - - [08/Sep/2025:06:33:45 +0700] "POST /wp-cron.php?doing_wp_cron=1757288025.6476349830627441406250 HTTP/1.0" 200 416 "-" "WordPress/6.8.1; https://vattusacky.vn"
20.171.207.205 - - [08/Sep/2025:06:33:44 +0700] "GET /?p=8248 HTTP/1.0" 301 501 "-" "Mozilla/5.0 AppleWebKit/537.36 (KHTML, like Gecko; compatible; GPTBot/1.2; +https://openai.com/gptbot)"
20.171.207.205 - - [08/Sep/2025:06:33:46 +0700] "GET /stories-of-serendipitous-connections-on-omegle-and-ometv/ HTTP/1.0" 200 93381 "-" "Mozilla/5.0 AppleWebKit/537.36 (KHTML, like Gecko; compatible; GPTBot/1.2; +https://openai.com/gptbot)"
45.117.177.72 - - [08/Sep/2025:06:34:21 +0700] "POST /wp-cron.php?doing_wp_cron=1757288061.5568668842315673828125 HTTP/1.0" 200 416 "-" "WordPress/6.8.1; https://vattusacky.vn"
20.171.207.205 - - [08/Sep/2025:06:34:20 +0700] "GET /?p=8890 HTTP/1.0" 301 522 "-" "Mozilla/5.0 AppleWebKit/537.36 (KHTML, like Gecko; compatible; GPTBot/1.2; +https://openai.com/gptbot)"
20.171.207.205 - - [08/Sep/2025:06:34:21 +0700] "GET /the-role-of-omegle-in-combating-social-isolation-and-loneliness-among-seniors/ HTTP/1.0" 200 91033 "-" "Mozilla/5.0 AppleWebKit/537.36 (KHTML, like Gecko; compatible; GPTBot/1.2; +https://openai.com/gptbot)"
185.191.171.6 - - [08/Sep/2025:06:34:36 +0700] "GET /vulkan-insel-la-palma-wettet-auf-erneuerbare-energien/ HTTP/1.0" 200 224289 "-" "Mozilla/5.0 (compatible; SemrushBot/7~bl; +http://www.semrush.com/bot.html)"
20.171.207.205 - - [08/Sep/2025:06:34:44 +0700] "GET /tips-for-engaging-in-meaningful-conversations-on-omegle/ HTTP/1.0" 200 88166 "-" "Mozilla/5.0 AppleWebKit/537.36 (KHTML, like Gecko; compatible; GPTBot/1.2; +https://openai.com/gptbot)"
20.171.207.205 - - [08/Sep/2025:06:35:20 +0700] "GET /the-role-of-omegle-and-ometv-in-cybertherapy/ HTTP/1.0" 403 606 "-" "Mozilla/5.0 AppleWebKit/537.36 (KHTML, like Gecko; compatible; GPTBot/1.2; +https://openai.com/gptbot)"
45.117.177.72 - - [08/Sep/2025:06:35:44 +0700] "POST /wp-cron.php?doing_wp_cron=1757288144.3933780193328857421875 HTTP/1.0" 200 416 "-" "WordPress/6.8.1; https://vattusacky.vn"
20.171.207.205 - - [08/Sep/2025:06:35:43 +0700] "GET /?p=9173 HTTP/1.0" 301 501 "-" "Mozilla/5.0 AppleWebKit/537.36 (KHTML, like Gecko; compatible; GPTBot/1.2; +https://openai.com/gptbot)"
20.171.207.205 - - [08/Sep/2025:06:35:44 +0700] "GET /unveiling-the-secrets-of-successful-encounters-on-omegle/ HTTP/1.0" 200 93880 "-" "Mozilla/5.0 AppleWebKit/537.36 (KHTML, like Gecko; compatible; GPTBot/1.2; +https://openai.com/gptbot)"
40.77.167.6 - - [08/Sep/2025:06:35:51 +0700] "GET /san-pham/thiet-bi-lay-mau-nuoc-alpha-van-dorn-loai-doc-4-2-lit-nhan-hang-wildco-2/feed/ HTTP/1.0" 200 1805 "-" "Mozilla/5.0 AppleWebKit/537.36 (KHTML, like Gecko; compatible; bingbot/2.0; +http://www.bing.com/bingbot.htm) Chrome/116.0.1938.76 Safari/537.36"
20.171.207.205 - - [08/Sep/2025:06:36:13 +0700] "GET /omegles-future-redefining-connection-in-the-digital-age/ HTTP/1.0" 200 90396 "-" "Mozilla/5.0 AppleWebKit/537.36 (KHTML, like Gecko; compatible; GPTBot/1.2; +https://openai.com/gptbot)"
20.171.207.205 - - [08/Sep/2025:06:36:33 +0700] "GET /the-role-of-family-dynamics-in-omegle-therapy/ HTTP/1.0" 403 607 "-" "Mozilla/5.0 AppleWebKit/537.36 (KHTML, like Gecko; compatible; GPTBot/1.2; +https://openai.com/gptbot)"
45.117.177.72 - - [08/Sep/2025:06:36:49 +0700] "POST /wp-cron.php?doing_wp_cron=1757288208.8864479064941406250000 HTTP/1.0" 200 416 "-" "WordPress/6.8.1; https://vattusacky.vn"
20.171.207.205 - - [08/Sep/2025:06:36:47 +0700] "GET /navigating-controversial-topics-on-omegle-dos-and-donts/ HTTP/1.0" 200 82982 "-" "Mozilla/5.0 AppleWebKit/537.36 (KHTML, like Gecko; compatible; GPTBot/1.2; +https://openai.com/gptbot)"
45.117.177.72 - - [08/Sep/2025:06:37:41 +0700] "POST /wp-cron.php?doing_wp_cron=1757288261.2023770809173583984375 HTTP/1.0" 200 416 "-" "WordPress/6.8.1; https://vattusacky.vn"
138.3.242.176 - - [08/Sep/2025:06:37:39 +0700] "GET /wp-json/wp/v2/posts?per_page=1&_fields=id,slug,comment_status HTTP/1.0" 200 1018 "-" "-"
138.3.242.176 - - [08/Sep/2025:06:37:42 +0700] "POST /wp-comments-post.php HTTP/1.0" 302 1157 "-" "-"
20.171.207.205 - - [08/Sep/2025:06:37:43 +0700] "GET /the-future-of-omegle-predictions-and-trends-in-online-social-interaction/ HTTP/1.0" 200 93496 "-" "Mozilla/5.0 AppleWebKit/537.36 (KHTML, like Gecko; compatible; GPTBot/1.2; +https://openai.com/gptbot)"
138.3.242.176 - - [08/Sep/2025:06:37:44 +0700] "GET /slot-gacor-hari-ini-game-slot-dengan-volatilitas-tinggi/?unapproved=1472&moderation-hash=8ab6e56bd1e9ee4f0e2b42d986628140 HTTP/1.0" 200 65035 "https://vattusacky.vn/wp-comments-post.php" "-"
45.117.177.72 - - [08/Sep/2025:06:38:18 +0700] "POST /wp-cron.php?doing_wp_cron=1757288298.3195240497589111328125 HTTP/1.0" 200 416 "-" "WordPress/6.8.1; https://vattusacky.vn"
20.171.207.205 - - [08/Sep/2025:06:38:17 +0700] "GET /the-secrets-to-engaging-conversations-on-omegle/ HTTP/1.0" 200 89939 "-" "Mozilla/5.0 AppleWebKit/537.36 (KHTML, like Gecko; compatible; GPTBot/1.2; +https://openai.com/gptbot)"
95.108.213.179 - - [08/Sep/2025:06:38:48 +0700] "GET /ein-kontinuierlicher-geldfluss-garantiert/ HTTP/1.0" 200 77589 "-" "Mozilla/5.0 (compatible; YandexBot/3.0; +http://yandex.com/bots)"
45.117.177.72 - - [08/Sep/2025:06:39:52 +0700] "POST /wp-cron.php?doing_wp_cron=1757288392.6838340759277343750000 HTTP/1.0" 200 416 "-" "WordPress/6.8.1; https://vattusacky.vn"
107.189.30.241 - - [08/Sep/2025:06:39:51 +0700] "GET /wp-login.php HTTP/1.0" 200 11388 "-" "Mozilla/5.0 (Macintosh; Intel Mac OS X 10_9_4 AppleWebKit/537.36 (KHTML, like Gecko) Chrome/36.0.1985.125 Safari/537.36"
185.191.171.13 - - [08/Sep/2025:06:40:02 +0700] "GET /methods-to-talk-to-ladies-online/ HTTP/1.0" 200 207975 "-" "Mozilla/5.0 (compatible; SemrushBot/7~bl; +http://www.semrush.com/bot.html)"
45.117.177.72 - - [08/Sep/2025:06:40:37 +0700] "POST /wp-cron.php?doing_wp_cron=1757288437.2773969173431396484375 HTTP/1.0" 200 416 "-" "WordPress/6.8.1; https://vattusacky.vn"
51.75.236.146 - - [08/Sep/2025:06:40:36 +0700] "GET /robots.txt HTTP/1.0" 301 562 "-" "Mozilla/5.0 (compatible; AhrefsBot/7.0; +http://ahrefs.com/robot/)"
51.75.236.146 - - [08/Sep/2025:06:40:38 +0700] "GET /robots.txt HTTP/1.0" 200 984 "-" "Mozilla/5.0 (compatible; AhrefsBot/7.0; +http://ahrefs.com/robot/)"
45.117.177.72 - - [08/Sep/2025:06:42:32 +0700] "POST /wp-cron.php?doing_wp_cron=1757288552.0339748859405517578125 HTTP/1.0" 200 416 "-" "WordPress/6.8.1; https://vattusacky.vn"
188.68.54.120 - - [08/Sep/2025:06:42:30 +0700] "GET /tag/bui-tong/ HTTP/1.0" 200 59317 "-" "Mozilla/5.0 (Windows NT 10.0; Win64; x64) AppleWebKit/537.36 (KHTML, like Gecko) Chrome/100.0.4596.940 Safari/537.36"
185.191.171.13 - - [08/Sep/2025:06:42:40 +0700] "GET /author/yanz/page/108/ HTTP/1.0" 200 77588 "-" "Mozilla/5.0 (compatible; SemrushBot/7~bl; +http://www.semrush.com/bot.html)"
45.117.177.72 - - [08/Sep/2025:06:43:38 +0700] "POST /wp-cron.php?doing_wp_cron=1757288618.2541160583496093750000 HTTP/1.0" 200 416 "-" "WordPress/6.8.1; https://vattusacky.vn"
138.3.242.176 - - [08/Sep/2025:06:43:36 +0700] "GET /wp-json/wp/v2/posts?per_page=1&_fields=id,slug,comment_status HTTP/1.0" 200 1018 "-" "-"
138.3.242.176 - - [08/Sep/2025:06:43:41 +0700] "POST /wp-comments-post.php HTTP/1.0" 302 1157 "-" "-"
138.3.242.176 - - [08/Sep/2025:06:43:42 +0700] "GET /slot-gacor-hari-ini-game-slot-dengan-volatilitas-tinggi/?unapproved=1473&moderation-hash=b2091864464fb0b8b437ac9a48883542 HTTP/1.0" 200 65035 "https://vattusacky.vn/wp-comments-post.php" "-"
45.117.177.72 - - [08/Sep/2025:06:44:23 +0700] "POST /wp-cron.php?doing_wp_cron=1757288663.2365241050720214843750 HTTP/1.0" 200 416 "-" "WordPress/6.8.1; https://vattusacky.vn"
138.3.242.176 - - [08/Sep/2025:06:44:22 +0700] "GET /wp-json/wp/v2/posts?per_page=1&_fields=id,slug,comment_status HTTP/1.0" 200 1018 "-" "-"
138.3.242.176 - - [08/Sep/2025:06:44:27 +0700] "POST /wp-comments-post.php HTTP/1.0" 302 1157 "-" "-"
138.3.242.176 - - [08/Sep/2025:06:44:28 +0700] "GET /slot-gacor-hari-ini-game-slot-dengan-volatilitas-tinggi/?unapproved=1474&moderation-hash=f66775b62f9baec09b809f3339188220 HTTP/1.0" 200 65035 "https://vattusacky.vn/wp-comments-post.php" "-"
52.154.22.50 - - [08/Sep/2025:06:45:00 +0700] "GET / HTTP/1.0" 200 60070 "-" "Mozilla/5.0 AppleWebKit/537.36 (KHTML, like Gecko); compatible; ChatGPT-User/1.0; +https://openai.com/bot"
52.154.22.62 - - [08/Sep/2025:06:45:01 +0700] "GET /omegle-vs-ometv-a-closer-look-at-face-to-face-video-chat-options/ HTTP/1.0" 200 86202 "-" "Mozilla/5.0 AppleWebKit/537.36 (KHTML, like Gecko); compatible; ChatGPT-User/1.0; +https://openai.com/bot"
138.3.242.176 - - [08/Sep/2025:06:45:05 +0700] "GET /wp-json/wp/v2/posts?per_page=1&_fields=id,slug,comment_status HTTP/1.0" 200 1018 "-" "-"
138.3.242.176 - - [08/Sep/2025:06:45:11 +0700] "POST /wp-comments-post.php HTTP/1.0" 302 1157 "-" "-"
138.3.242.176 - - [08/Sep/2025:06:45:12 +0700] "GET /slot-gacor-hari-ini-game-slot-dengan-volatilitas-tinggi/?unapproved=1475&moderation-hash=ac9bdc76dcbf3e4d091661df38bd94b8 HTTP/1.0" 200 65035 "https://vattusacky.vn/wp-comments-post.php" "-"
45.117.177.72 - - [08/Sep/2025:06:45:19 +0700] "POST /wp-cron.php?doing_wp_cron=1757288719.2277009487152099609375 HTTP/1.0" 200 416 "-" "WordPress/6.8.1; https://vattusacky.vn"
85.208.96.210 - - [08/Sep/2025:06:45:18 +0700] "GET /robots.txt HTTP/1.0" 200 984 "-" "Mozilla/5.0 (compatible; SemrushBot/7~bl; +http://www.semrush.com/bot.html)"
85.208.96.202 - - [08/Sep/2025:06:45:20 +0700] "GET /ladies-the-human-brain-a-un-rendez-vous-romantique/ HTTP/1.0" 200 208819 "-" "Mozilla/5.0 (compatible; SemrushBot/7~bl; +http://www.semrush.com/bot.html)"
45.117.177.72 - - [08/Sep/2025:06:47:09 +0700] "POST /wp-cron.php?doing_wp_cron=1757288828.7612519264221191406250 HTTP/1.0" 200 416 "-" "WordPress/6.8.1; https://vattusacky.vn"
138.3.242.176 - - [08/Sep/2025:06:47:07 +0700] "GET /wp-json/wp/v2/posts?per_page=1&_fields=id,slug,comment_status HTTP/1.0" 200 1018 "-" "-"
138.3.242.176 - - [08/Sep/2025:06:47:12 +0700] "POST /wp-comments-post.php HTTP/1.0" 302 1157 "-" "-"
45.117.177.72 - - [08/Sep/2025:06:47:27 +0700] "POST /wp-cron.php?doing_wp_cron=1757288847.0864179134368896484375 HTTP/1.0" 200 416 "-" "WordPress/6.8.1; https://vattusacky.vn"
138.3.242.176 - - [08/Sep/2025:06:47:25 +0700] "GET /wp-json/wp/v2/posts?per_page=1&_fields=id,slug,comment_status HTTP/1.0" 200 1018 "-" "-"
138.3.242.176 - - [08/Sep/2025:06:47:30 +0700] "POST /wp-comments-post.php HTTP/1.0" 302 1157 "-" "-"
138.3.242.176 - - [08/Sep/2025:06:47:32 +0700] "GET /slot-gacor-hari-ini-game-slot-dengan-volatilitas-tinggi/?unapproved=1477&moderation-hash=0c105fa91c6a11fca514dd0f04358982 HTTP/1.0" 200 65035 "https://vattusacky.vn/wp-comments-post.php" "-"
213.180.203.230 - - [08/Sep/2025:06:48:04 +0700] "GET /robots.txt HTTP/1.0" 200 984 "-" "Mozilla/5.0 (compatible; YandexBot/3.0; +http://yandex.com/bots)"
45.117.177.72 - - [08/Sep/2025:06:48:45 +0700] "POST /wp-cron.php?doing_wp_cron=1757288925.0074329376220703125000 HTTP/1.0" 200 416 "-" "WordPress/6.8.1; https://vattusacky.vn"
138.3.242.176 - - [08/Sep/2025:06:48:43 +0700] "GET /wp-json/wp/v2/posts?per_page=1&_fields=id,slug,comment_status HTTP/1.0" 200 1018 "-" "-"
138.3.242.176 - - [08/Sep/2025:06:48:47 +0700] "POST /wp-comments-post.php HTTP/1.0" 302 1157 "-" "-"
138.3.242.176 - - [08/Sep/2025:06:48:49 +0700] "GET /slot-gacor-hari-ini-game-slot-dengan-volatilitas-tinggi/?unapproved=1478&moderation-hash=ea845f2c5308ac290943857aa046e164 HTTP/1.0" 200 65035 "https://vattusacky.vn/wp-comments-post.php" "-"
3.232.102.111 - - [08/Sep/2025:06:48:55 +0700] "GET /lam-the-nao-de-co-duoc-su-vay-tien-fast-fintech-tien-bo-nhanh-chong-ruc-ro/ HTTP/1.0" 200 213212 "-" "Mozilla/5.0 AppleWebKit/537.36 (KHTML, like Gecko; compatible; Amazonbot/0.1; +https://developer.amazon.com/support/amazonbot) Chrome/119.0.6045.214 Safari/537.36"
45.117.177.72 - - [08/Sep/2025:06:49:49 +0700] "POST /wp-cron.php?doing_wp_cron=1757288989.0722029209136962890625 HTTP/1.0" 200 416 "-" "WordPress/6.8.1; https://vattusacky.vn"
138.3.242.176 - - [08/Sep/2025:06:49:47 +0700] "GET /wp-json/wp/v2/posts?per_page=1&_fields=id,slug,comment_status HTTP/1.0" 200 1018 "-" "-"
138.3.242.176 - - [08/Sep/2025:06:49:48 +0700] "GET /wp-json/wp/v2/posts?per_page=1&_fields=id,slug,comment_status HTTP/1.0" 200 1018 "-" "-"
138.3.242.176 - - [08/Sep/2025:06:49:51 +0700] "POST /wp-comments-post.php HTTP/1.0" 302 1157 "-" "-"
138.3.242.176 - - [08/Sep/2025:06:49:53 +0700] "POST /wp-comments-post.php HTTP/1.0" 429 3223 "-" "-"
138.3.242.176 - - [08/Sep/2025:06:49:53 +0700] "GET /slot-gacor-hari-ini-game-slot-dengan-volatilitas-tinggi/?unapproved=1479&moderation-hash=e29586e0d4e7be82d9cd13d0c39f231a HTTP/1.0" 200 65035 "https://vattusacky.vn/wp-comments-post.php" "-"
45.117.177.72 - - [08/Sep/2025:06:50:47 +0700] "POST /wp-cron.php?doing_wp_cron=1757289047.6740269660949707031250 HTTP/1.0" 200 416 "-" "WordPress/6.8.1; https://vattusacky.vn"
138.3.242.176 - - [08/Sep/2025:06:50:46 +0700] "GET /wp-json/wp/v2/posts?per_page=1&_fields=id,slug,comment_status HTTP/1.0" 200 1018 "-" "-"
138.3.242.176 - - [08/Sep/2025:06:50:50 +0700] "POST /wp-comments-post.php HTTP/1.0" 302 1157 "-" "-"
138.3.242.176 - - [08/Sep/2025:06:50:52 +0700] "GET /slot-gacor-hari-ini-game-slot-dengan-volatilitas-tinggi/?unapproved=1480&moderation-hash=b6d4da3568c67c95fce3e3980c13bd89 HTTP/1.0" 200 65035 "https://vattusacky.vn/wp-comments-post.php" "-"
45.117.177.72 - - [08/Sep/2025:06:51:47 +0700] "POST /wp-cron.php?doing_wp_cron=1757289107.3444080352783203125000 HTTP/1.0" 200 416 "-" "WordPress/6.8.1; https://vattusacky.vn"
45.84.107.222 - - [08/Sep/2025:06:51:46 +0700] "POST /xmlrpc.php HTTP/1.0" 200 956 "https://www.google.com/" "Mozilla/5.0 (Windows NT 10.0; Win64; x64) AppleWebKit/537.36 (KHTML, like Gecko) Chrome/87.0.4280.141 Safari/537.36 Edg/87.0.664.75"
45.117.177.72 - - [08/Sep/2025:06:52:23 +0700] "POST /wp-cron.php?doing_wp_cron=1757289143.3161749839782714843750 HTTP/1.0" 200 416 "-" "WordPress/6.8.1; https://vattusacky.vn"
138.3.242.176 - - [08/Sep/2025:06:52:22 +0700] "GET /wp-json/wp/v2/posts?per_page=1&_fields=id,slug,comment_status HTTP/1.0" 200 1018 "-" "-"
138.3.242.176 - - [08/Sep/2025:06:52:27 +0700] "POST /wp-comments-post.php HTTP/1.0" 302 1157 "-" "-"
138.3.242.176 - - [08/Sep/2025:06:52:29 +0700] "GET /slot-gacor-hari-ini-game-slot-dengan-volatilitas-tinggi/?unapproved=1481&moderation-hash=2ec71e8272d14753a1463c733ce56e14 HTTP/1.0" 200 65035 "https://vattusacky.vn/wp-comments-post.php" "-"
216.244.66.237 - - [08/Sep/2025:06:52:33 +0700] "GET /robots.txt HTTP/1.0" 200 984 "-" "Mozilla/5.0 (compatible; DotBot/1.2; +https://opensiteexplorer.org/dotbot; help@moz.com)"
138.3.242.176 - - [08/Sep/2025:06:52:53 +0700] "GET /wp-json/wp/v2/posts?per_page=1&_fields=id,slug,comment_status HTTP/1.0" 200 1018 "-" "-"
138.3.242.176 - - [08/Sep/2025:06:52:57 +0700] "POST /wp-comments-post.php HTTP/1.0" 302 1157 "-" "-"
138.3.242.176 - - [08/Sep/2025:06:52:59 +0700] "GET /slot-gacor-hari-ini-game-slot-dengan-volatilitas-tinggi/?unapproved=1482&moderation-hash=f913651757a664f80c6cb0ef462670dc HTTP/1.0" 200 65035 "https://vattusacky.vn/wp-comments-post.php" "-"
45.117.177.72 - - [08/Sep/2025:06:57:21 +0700] "POST /wp-cron.php?doing_wp_cron=1757289441.3369669914245605468750 HTTP/1.0" 200 416 "-" "WordPress/6.8.1; https://vattusacky.vn"
216.244.66.237 - - [08/Sep/2025:06:57:19 +0700] "GET /filters-and-facades-an-examination-of-self-presentation-on-omegle/feed/ HTTP/1.0" 200 1792 "-" "Mozilla/5.0 (compatible; DotBot/1.2; +https://opensiteexplorer.org/dotbot; help@moz.com)"
216.244.66.237 - - [08/Sep/2025:06:58:15 +0700] "GET /omegle-and-the-changing-dynamics-of-friendship/ HTTP/1.0" 200 91079 "-" "Mozilla/5.0 (compatible; DotBot/1.2; +https://opensiteexplorer.org/dotbot; help@moz.com)"
45.117.177.72 - - [08/Sep/2025:06:59:10 +0700] "POST /wp-cron.php?doing_wp_cron=1757289550.3711750507354736328125 HTTP/1.0" 200 416 "-" "WordPress/6.8.1; https://vattusacky.vn"
216.244.66.237 - - [08/Sep/2025:06:59:09 +0700] "GET /introduction-to-omegle-artistry-exploring-creative-collaborations-online/ HTTP/1.0" 200 83039 "-" "Mozilla/5.0 (compatible; DotBot/1.2; +https://opensiteexplorer.org/dotbot; help@moz.com)"
45.117.177.72 - - [08/Sep/2025:07:00:19 +0700] "POST /wp-cron.php?doing_wp_cron=1757289619.0249679088592529296875 HTTP/1.0" 200 416 "-" "WordPress/6.8.1; https://vattusacky.vn"
185.191.171.16 - - [08/Sep/2025:07:00:17 +0700] "GET /raging-bull-movie-where-to-watch-stream-online/ HTTP/1.0" 200 96800 "-" "Mozilla/5.0 (compatible; SemrushBot/7~bl; +http://www.semrush.com/bot.html)"
45.117.177.72 - - [08/Sep/2025:07:02:29 +0700] "POST /wp-cron.php?doing_wp_cron=1757289749.7538590431213378906250 HTTP/1.0" 200 416 "-" "WordPress/6.8.1; https://vattusacky.vn"
216.73.216.162 - - [08/Sep/2025:07:02:28 +0700] "GET /robots.txt HTTP/1.0" 200 984 "-" "Mozilla/5.0 AppleWebKit/537.36 (KHTML, like Gecko; compatible; ClaudeBot/1.0; +claudebot@anthropic.com)"
216.73.216.162 - - [08/Sep/2025:07:02:30 +0700] "GET /sitemap_index.xml HTTP/1.0" 200 2280 "-" "Mozilla/5.0 AppleWebKit/537.36 (KHTML, like Gecko; compatible; ClaudeBot/1.0; +claudebot@anthropic.com)"
20.171.207.254 - - [08/Sep/2025:07:02:39 +0700] "GET /?p=7229 HTTP/1.0" 301 646 "-" "Mozilla/5.0 AppleWebKit/537.36 (KHTML, like Gecko; compatible; GPTBot/1.2; +https://openai.com/gptbot)"
20.171.207.254 - - [08/Sep/2025:07:02:41 +0700] "GET /navigating-controversial-topics-on-omegle-dos-and-donts/ HTTP/1.0" 200 82982 "-" "Mozilla/5.0 AppleWebKit/537.36 (KHTML, like Gecko; compatible; GPTBot/1.2; +https://openai.com/gptbot)"
20.171.207.254 - - [08/Sep/2025:07:02:56 +0700] "GET /?p=8961 HTTP/1.0" 301 492 "-" "Mozilla/5.0 AppleWebKit/537.36 (KHTML, like Gecko; compatible; GPTBot/1.2; +https://openai.com/gptbot)"
20.171.207.254 - - [08/Sep/2025:07:02:58 +0700] "GET /the-secrets-to-engaging-conversations-on-omegle/ HTTP/1.0" 200 89939 "-" "Mozilla/5.0 AppleWebKit/537.36 (KHTML, like Gecko; compatible; GPTBot/1.2; +https://openai.com/gptbot)"
20.171.207.254 - - [08/Sep/2025:07:03:06 +0700] "GET /wp-json/oembed/1.0/embed?url=https%3A%2F%2Fvattusacky.vn%2Fmaking-serendipity-part-of-your-online-routine-on-omegle-and-ometv%2F HTTP/1.0" 200 3570 "-" "Mozilla/5.0 AppleWebKit/537.36 (KHTML, like Gecko; compatible; GPTBot/1.2; +https://openai.com/gptbot)"
20.171.207.254 - - [08/Sep/2025:07:03:14 +0700] "GET /omegles-role-in-political-activism-and-social-movements/ HTTP/1.0" 200 90735 "-" "Mozilla/5.0 AppleWebKit/537.36 (KHTML, like Gecko; compatible; GPTBot/1.2; +https://openai.com/gptbot)"
45.117.177.72 - - [08/Sep/2025:07:03:24 +0700] "POST /wp-cron.php?doing_wp_cron=1757289804.4412779808044433593750 HTTP/1.0" 200 416 "-" "WordPress/6.8.1; https://vattusacky.vn"
20.171.207.254 - - [08/Sep/2025:07:03:22 +0700] "GET /?p=8479 HTTP/1.0" 301 517 "-" "Mozilla/5.0 AppleWebKit/537.36 (KHTML, like Gecko; compatible; GPTBot/1.2; +https://openai.com/gptbot)"
20.171.207.254 - - [08/Sep/2025:07:03:24 +0700] "GET /the-future-of-omegle-predictions-and-trends-in-online-social-interaction/ HTTP/1.0" 200 93496 "-" "Mozilla/5.0 AppleWebKit/537.36 (KHTML, like Gecko; compatible; GPTBot/1.2; +https://openai.com/gptbot)"
85.208.96.211 - - [08/Sep/2025:07:03:32 +0700] "GET /22bet-india-169/ HTTP/1.0" 200 112206 "-" "Mozilla/5.0 (compatible; SemrushBot/7~bl; +http://www.semrush.com/bot.html)"
20.171.207.254 - - [08/Sep/2025:07:03:39 +0700] "GET /wp-json/oembed/1.0/embed?format=xml&url=https%3A%2F%2Fvattusacky.vn%2Fthe-benefits-of-peer-support-on-omegle-and-ometv%2F HTTP/1.0" 200 3608 "-" "Mozilla/5.0 AppleWebKit/537.36 (KHTML, like Gecko; compatible; GPTBot/1.2; +https://openai.com/gptbot)"
20.171.207.254 - - [08/Sep/2025:07:03:52 +0700] "GET /?p=9019 HTTP/1.0" 301 500 "-" "Mozilla/5.0 AppleWebKit/537.36 (KHTML, like Gecko; compatible; GPTBot/1.2; +https://openai.com/gptbot)"
20.171.207.254 - - [08/Sep/2025:07:03:54 +0700] "GET /tips-for-engaging-in-meaningful-conversations-on-omegle/ HTTP/1.0" 200 88166 "-" "Mozilla/5.0 AppleWebKit/537.36 (KHTML, like Gecko; compatible; GPTBot/1.2; +https://openai.com/gptbot)"
17.241.75.121 - - [08/Sep/2025:07:03:55 +0700] "GET /omegle-and-virtual-tourism-discovering-new-places-through-online-conversations/ HTTP/1.0" 200 92911 "-" "Mozilla/5.0 (Macintosh; Intel Mac OS X 10_15_7) AppleWebKit/605.1.15 (KHTML, like Gecko) Version/17.4 Safari/605.1.15 (Applebot/0.1; +http://www.apple.com/go/applebot)"
20.171.207.254 - - [08/Sep/2025:07:04:14 +0700] "GET /?p=7816 HTTP/1.0" 301 500 "-" "Mozilla/5.0 AppleWebKit/537.36 (KHTML, like Gecko; compatible; GPTBot/1.2; +https://openai.com/gptbot)"
20.171.207.254 - - [08/Sep/2025:07:04:15 +0700] "GET /omegles-future-redefining-connection-in-the-digital-age/ HTTP/1.0" 200 90396 "-" "Mozilla/5.0 AppleWebKit/537.36 (KHTML, like Gecko; compatible; GPTBot/1.2; +https://openai.com/gptbot)"
45.117.177.72 - - [08/Sep/2025:07:04:24 +0700] "POST /wp-cron.php?doing_wp_cron=1757289864.2175049781799316406250 HTTP/1.0" 200 416 "-" "WordPress/6.8.1; https://vattusacky.vn"
185.191.171.11 - - [08/Sep/2025:07:04:22 +0700] "GET /category/uncategorized/page/343/ HTTP/1.0" 200 77497 "-" "Mozilla/5.0 (compatible; SemrushBot/7~bl; +http://www.semrush.com/bot.html)"
