20.171.207.118 - - [08/Sep/2025:23:38:05 +0700] "GET /?p=7754 HTTP/1.0" 301 495 "-" "Mozilla/5.0 AppleWebKit/537.36 (KHTML, like Gecko; compatible; GPTBot/1.2; +https://openai.com/gptbot)"
20.171.207.118 - - [08/Sep/2025:23:38:06 +0700] "GET /omegle-vs-ometv-scammers-and-fraudulent-activities/ HTTP/1.0" 200 90371 "-" "Mozilla/5.0 AppleWebKit/537.36 (KHTML, like Gecko; compatible; GPTBot/1.2; +https://openai.com/gptbot)"
45.117.177.72 - - [08/Sep/2025:23:38:21 +0700] "POST /wp-cron.php?doing_wp_cron=1757349500.7127599716186523437500 HTTP/1.0" 200 416 "-" "WordPress/6.8.1; https://vattusacky.vn"
148.113.128.100 - - [08/Sep/2025:23:38:19 +0700] "GET /playing-free-slots-in-online-casinos-without-downloading/ HTTP/1.0" 200 207825 "-" "Mozilla/5.0 (compatible; AhrefsBot/7.0; +http://ahrefs.com/robot/)"
20.171.207.118 - - [08/Sep/2025:23:38:42 +0700] "GET /?p=7305 HTTP/1.0" 301 497 "-" "Mozilla/5.0 AppleWebKit/537.36 (KHTML, like Gecko; compatible; GPTBot/1.2; +https://openai.com/gptbot)"
20.171.207.118 - - [08/Sep/2025:23:38:43 +0700] "GET /omegle-alternatives-safe-and-secure-online-platforms/ HTTP/1.0" 200 90417 "-" "Mozilla/5.0 AppleWebKit/537.36 (KHTML, like Gecko; compatible; GPTBot/1.2; +https://openai.com/gptbot)"
3.138.185.30 - - [08/Sep/2025:23:38:49 +0700] "GET / HTTP/1.0" 200 60070 "-" "Mozilla/5.0 zgrab/0.x"
142.44.228.115 - - [08/Sep/2025:23:38:58 +0700] "GET /crowdloans-the-new-way-to-finance-polkadot-and/ HTTP/1.0" 200 259843 "-" "Mozilla/5.0 (compatible; AhrefsBot/7.0; +http://ahrefs.com/robot/)"
20.171.207.118 - - [08/Sep/2025:23:39:03 +0700] "GET /?p=7145 HTTP/1.0" 301 641 "-" "Mozilla/5.0 AppleWebKit/537.36 (KHTML, like Gecko; compatible; GPTBot/1.2; +https://openai.com/gptbot)"
20.171.207.118 - - [08/Sep/2025:23:39:04 +0700] "GET /is-omegle-therapy-effective-examining-the-research/ HTTP/1.0" 200 92131 "-" "Mozilla/5.0 AppleWebKit/537.36 (KHTML, like Gecko; compatible; GPTBot/1.2; +https://openai.com/gptbot)"
15.235.96.43 - - [08/Sep/2025:23:39:06 +0700] "GET /sweet-bonanza-hilesi-taktik-para-kazanma-2023/ HTTP/1.0" 200 221430 "-" "Mozilla/5.0 (compatible; AhrefsBot/7.0; +http://ahrefs.com/robot/)"
3.138.185.30 - - [08/Sep/2025:23:39:12 +0700] "GET / HTTP/1.0" 200 60070 "http://vattusacky.vn/" "Mozilla/5.0 zgrab/0.x"
45.117.177.72 - - [08/Sep/2025:23:39:25 +0700] "POST /wp-cron.php?doing_wp_cron=1757349564.8120400905609130859375 HTTP/1.0" 200 416 "-" "WordPress/6.8.1; https://vattusacky.vn"
20.171.207.118 - - [08/Sep/2025:23:39:23 +0700] "GET /securing-your-conversations-best-practices-on-omegle/ HTTP/1.0" 200 78151 "-" "Mozilla/5.0 AppleWebKit/537.36 (KHTML, like Gecko; compatible; GPTBot/1.2; +https://openai.com/gptbot)"
142.44.220.147 - - [08/Sep/2025:23:39:25 +0700] "GET /the-role-of-feedback-in-enhancing-virtual-empathy-on-omegle/ HTTP/1.0" 200 92613 "-" "Mozilla/5.0 (compatible; AhrefsBot/7.0; +http://ahrefs.com/robot/)"
20.171.207.118 - - [08/Sep/2025:23:39:46 +0700] "GET /the-ultimate-strategy-to-obzor-onlaynkazino-bc-games HTTP/1.0" 301 497 "-" "Mozilla/5.0 AppleWebKit/537.36 (KHTML, like Gecko; compatible; GPTBot/1.2; +https://openai.com/gptbot)"
15.235.96.184 - - [08/Sep/2025:23:39:47 +0700] "GET /ways-to-report-abusive-behavior-on-omegle/ HTTP/1.0" 200 83001 "-" "Mozilla/5.0 (compatible; AhrefsBot/7.0; +http://ahrefs.com/robot/)"
20.171.207.118 - - [08/Sep/2025:23:39:48 +0700] "GET /the-ultimate-strategy-to-obzor-onlaynkazino-bc-games/ HTTP/1.0" 200 227370 "-" "Mozilla/5.0 AppleWebKit/537.36 (KHTML, like Gecko; compatible; GPTBot/1.2; +https://openai.com/gptbot)"
54.39.89.146 - - [08/Sep/2025:23:40:05 +0700] "GET /why-7-club-stocks-including-meta-were-able-to-beat/ HTTP/1.0" 200 216803 "-" "Mozilla/5.0 (compatible; AhrefsBot/7.0; +http://ahrefs.com/robot/)"
20.171.207.118 - - [08/Sep/2025:23:40:10 +0700] "GET /?p=8680 HTTP/1.0" 301 496 "-" "Mozilla/5.0 AppleWebKit/537.36 (KHTML, like Gecko; compatible; GPTBot/1.2; +https://openai.com/gptbot)"
20.171.207.118 - - [08/Sep/2025:23:40:11 +0700] "GET /the-potential-dangers-of-using-omegle-irresponsibly/ HTTP/1.0" 200 89836 "-" "Mozilla/5.0 AppleWebKit/537.36 (KHTML, like Gecko; compatible; GPTBot/1.2; +https://openai.com/gptbot)"
45.117.177.72 - - [08/Sep/2025:23:40:31 +0700] "POST /wp-cron.php?doing_wp_cron=1757349631.5414569377899169921875 HTTP/1.0" 200 416 "-" "WordPress/6.8.1; https://vattusacky.vn"
15.235.96.21 - - [08/Sep/2025:23:40:30 +0700] "GET /the-role-of-online-friendships-in-personal-growth/ HTTP/1.0" 200 93180 "-" "Mozilla/5.0 (compatible; AhrefsBot/7.0; +http://ahrefs.com/robot/)"
20.171.207.118 - - [08/Sep/2025:23:40:33 +0700] "GET /pri-raketnom-obstrele-dnepra-pogibli-tri-cheloveka/ HTTP/1.0" 200 401879 "-" "Mozilla/5.0 AppleWebKit/537.36 (KHTML, like Gecko; compatible; GPTBot/1.2; +https://openai.com/gptbot)"
87.250.224.215 - - [08/Sep/2025:23:40:43 +0700] "GET /robots.txt HTTP/1.0" 200 984 "-" "Mozilla/5.0 (compatible; YandexBot/3.0; +http://yandex.com/bots)"
95.108.213.133 - - [08/Sep/2025:23:40:46 +0700] "GET /ofitsialnyi-sait-registratsiia-i-vkhod-v-zerkalo-1khbet-826/ HTTP/1.0" 200 94923 "-" "Mozilla/5.0 (compatible; YandexBot/3.0; +http://yandex.com/bots)"
51.161.37.31 - - [08/Sep/2025:23:40:47 +0700] "GET /the-role-of-omegle-and-ometv-in-the-age-of-social-distancing/ HTTP/1.0" 200 89943 "-" "Mozilla/5.0 (compatible; AhrefsBot/7.0; +http://ahrefs.com/robot/)"
20.171.207.118 - - [08/Sep/2025:23:41:04 +0700] "GET /omegle-and-language-learning-benefits-and-drawbacks/ HTTP/1.0" 200 92391 "-" "Mozilla/5.0 AppleWebKit/537.36 (KHTML, like Gecko; compatible; GPTBot/1.2; +https://openai.com/gptbot)"
51.222.168.58 - - [08/Sep/2025:23:41:14 +0700] "GET /the-role-of-networking-in-social-change-on-omegle-and-ometv/ HTTP/1.0" 200 91175 "-" "Mozilla/5.0 (compatible; AhrefsBot/7.0; +http://ahrefs.com/robot/)"
167.114.139.196 - - [08/Sep/2025:23:41:38 +0700] "GET /the-role-of-family-dynamics-in-omegle-therapy/ HTTP/1.0" 403 607 "-" "Mozilla/5.0 (compatible; AhrefsBot/7.0; +http://ahrefs.com/robot/)"
45.117.177.72 - - [08/Sep/2025:23:41:41 +0700] "POST /wp-cron.php?doing_wp_cron=1757349700.8950519561767578125000 HTTP/1.0" 200 416 "-" "WordPress/6.8.1; https://vattusacky.vn"
20.171.207.118 - - [08/Sep/2025:23:41:39 +0700] "GET /omegle-and-the-importance-of-intercultural-exchange/ HTTP/1.0" 200 89851 "-" "Mozilla/5.0 AppleWebKit/537.36 (KHTML, like Gecko; compatible; GPTBot/1.2; +https://openai.com/gptbot)"
52.203.237.170 - - [08/Sep/2025:23:41:57 +0700] "GET /category/uncategorized/page/241/ HTTP/1.0" 200 77031 "-" "Mozilla/5.0 AppleWebKit/537.36 (KHTML, like Gecko; compatible; Amazonbot/0.1; +https://developer.amazon.com/support/amazonbot) Chrome/119.0.6045.214 Safari/537.36"
20.171.207.118 - - [08/Sep/2025:23:42:01 +0700] "GET /ways-to-negotiate-a-mutually-beneficial-relationship/ HTTP/1.0" 200 74869 "-" "Mozilla/5.0 AppleWebKit/537.36 (KHTML, like Gecko; compatible; GPTBot/1.2; +https://openai.com/gptbot)"
54.39.6.166 - - [08/Sep/2025:23:42:15 +0700] "GET /the-role-of-filters-and-algorithms-in-omegles-social-experiment/ HTTP/1.0" 200 84653 "-" "Mozilla/5.0 (compatible; AhrefsBot/7.0; +http://ahrefs.com/robot/)"
45.117.177.72 - - [08/Sep/2025:23:42:25 +0700] "POST /wp-cron.php?doing_wp_cron=1757349745.2638831138610839843750 HTTP/1.0" 200 416 "-" "WordPress/6.8.1; https://vattusacky.vn"
20.171.207.118 - - [08/Sep/2025:23:42:23 +0700] "GET /?p=8157 HTTP/1.0" 301 496 "-" "Mozilla/5.0 AppleWebKit/537.36 (KHTML, like Gecko; compatible; GPTBot/1.2; +https://openai.com/gptbot)"
20.171.207.118 - - [08/Sep/2025:23:42:26 +0700] "GET /safety-measures-for-vulnerable-individuals-on-ometv/ HTTP/1.0" 200 90014 "-" "Mozilla/5.0 AppleWebKit/537.36 (KHTML, like Gecko; compatible; GPTBot/1.2; +https://openai.com/gptbot)"
20.171.207.118 - - [08/Sep/2025:23:42:47 +0700] "GET /omegle-tales-chronicles-of-excitement-and-surprises/ HTTP/1.0" 200 92760 "-" "Mozilla/5.0 AppleWebKit/537.36 (KHTML, like Gecko; compatible; GPTBot/1.2; +https://openai.com/gptbot)"
15.235.96.0 - - [08/Sep/2025:23:42:50 +0700] "GET /dating-foreign-girls-how-to-get-a-foreign-partner/ HTTP/1.0" 200 206738 "-" "Mozilla/5.0 (compatible; AhrefsBot/7.0; +http://ahrefs.com/robot/)"
17.241.219.247 - - [08/Sep/2025:23:42:59 +0700] "GET /omegle-and-online-gaming-fostering-connections-in-virtual-worlds/ HTTP/1.0" 200 94736 "-" "Mozilla/5.0 (Macintosh; Intel Mac OS X 10_15_7) AppleWebKit/605.1.15 (KHTML, like Gecko) Version/17.4 Safari/605.1.15 (Applebot/0.1; +http://www.apple.com/go/applebot)"
20.171.207.118 - - [08/Sep/2025:23:43:05 +0700] "GET /choosing-online-slot-machines-for-your-favorite-games HTTP/1.0" 301 452 "-" "Mozilla/5.0 AppleWebKit/537.36 (KHTML, like Gecko; compatible; GPTBot/1.2; +https://openai.com/gptbot)"
20.171.207.118 - - [08/Sep/2025:23:43:06 +0700] "GET /choosing-online-slot-machines-for-your-favorite-games/ HTTP/1.0" 200 206962 "-" "Mozilla/5.0 AppleWebKit/537.36 (KHTML, like Gecko; compatible; GPTBot/1.2; +https://openai.com/gptbot)"
45.117.177.72 - - [08/Sep/2025:23:43:34 +0700] "POST /wp-cron.php?doing_wp_cron=1757349813.8848600387573242187500 HTTP/1.0" 200 416 "-" "WordPress/6.8.1; https://vattusacky.vn"
20.171.207.118 - - [08/Sep/2025:23:43:32 +0700] "GET /trust-and-vulnerability-nurturing-intimacy-on-omegle/ HTTP/1.0" 200 88929 "-" "Mozilla/5.0 AppleWebKit/537.36 (KHTML, like Gecko; compatible; GPTBot/1.2; +https://openai.com/gptbot)"
20.171.207.118 - - [08/Sep/2025:23:43:50 +0700] "GET /hilarious-omegle-moments-and-memorable-chat-blunders/ HTTP/1.0" 200 90893 "-" "Mozilla/5.0 AppleWebKit/537.36 (KHTML, like Gecko; compatible; GPTBot/1.2; +https://openai.com/gptbot)"
15.235.27.173 - - [08/Sep/2025:23:43:51 +0700] "GET /play-free-slot-machines/ HTTP/1.0" 200 206411 "-" "Mozilla/5.0 (compatible; AhrefsBot/7.0; +http://ahrefs.com/robot/)"
20.171.207.118 - - [08/Sep/2025:23:44:11 +0700] "GET /?p=8173 HTTP/1.0" 301 643 "-" "Mozilla/5.0 AppleWebKit/537.36 (KHTML, like Gecko; compatible; GPTBot/1.2; +https://openai.com/gptbot)"
20.171.207.118 - - [08/Sep/2025:23:44:12 +0700] "GET /securing-your-conversations-best-practices-on-omegle/ HTTP/1.0" 200 78151 "-" "Mozilla/5.0 AppleWebKit/537.36 (KHTML, like Gecko; compatible; GPTBot/1.2; +https://openai.com/gptbot)"
45.117.177.72 - - [08/Sep/2025:23:44:38 +0700] "POST /wp-cron.php?doing_wp_cron=1757349878.6945860385894775390625 HTTP/1.0" 200 416 "-" "WordPress/6.8.1; https://vattusacky.vn"
20.171.207.118 - - [08/Sep/2025:23:44:37 +0700] "GET /?p=7527 HTTP/1.0" 301 496 "-" "Mozilla/5.0 AppleWebKit/537.36 (KHTML, like Gecko; compatible; GPTBot/1.2; +https://openai.com/gptbot)"
20.171.207.118 - - [08/Sep/2025:23:44:39 +0700] "GET /omegle-and-the-importance-of-intercultural-exchange/ HTTP/1.0" 200 89851 "-" "Mozilla/5.0 AppleWebKit/537.36 (KHTML, like Gecko; compatible; GPTBot/1.2; +https://openai.com/gptbot)"
142.44.233.254 - - [08/Sep/2025:23:44:43 +0700] "GET /author/yanz/page/31/ HTTP/1.0" 200 76748 "-" "Mozilla/5.0 (compatible; AhrefsBot/7.0; +http://ahrefs.com/robot/)"
20.171.207.118 - - [08/Sep/2025:23:44:57 +0700] "GET /?p=7711 HTTP/1.0" 301 496 "-" "Mozilla/5.0 AppleWebKit/537.36 (KHTML, like Gecko; compatible; GPTBot/1.2; +https://openai.com/gptbot)"
20.171.207.118 - - [08/Sep/2025:23:44:58 +0700] "GET /omegle-tales-chronicles-of-excitement-and-surprises/ HTTP/1.0" 200 92760 "-" "Mozilla/5.0 AppleWebKit/537.36 (KHTML, like Gecko; compatible; GPTBot/1.2; +https://openai.com/gptbot)"
45.117.177.72 - - [08/Sep/2025:23:45:25 +0700] "POST /wp-cron.php?doing_wp_cron=1757349924.9987730979919433593750 HTTP/1.0" 200 416 "-" "WordPress/6.8.1; https://vattusacky.vn"
20.171.207.118 - - [08/Sep/2025:23:45:23 +0700] "GET /?p=10502 HTTP/1.0" 301 497 "-" "Mozilla/5.0 AppleWebKit/537.36 (KHTML, like Gecko; compatible; GPTBot/1.2; +https://openai.com/gptbot)"
20.171.207.118 - - [08/Sep/2025:23:45:37 +0700] "GET /ways-to-negotiate-a-mutually-beneficial-relationship/ HTTP/1.0" 200 74869 "-" "Mozilla/5.0 AppleWebKit/537.36 (KHTML, like Gecko; compatible; GPTBot/1.2; +https://openai.com/gptbot)"
54.39.136.48 - - [08/Sep/2025:23:45:54 +0700] "GET /the-role-of-parental-guidance-in-navigating-omegle-for-younger-users/ HTTP/1.0" 200 91504 "-" "Mozilla/5.0 (compatible; AhrefsBot/7.0; +http://ahrefs.com/robot/)"
45.117.177.72 - - [08/Sep/2025:23:46:24 +0700] "POST /wp-cron.php?doing_wp_cron=1757349984.5868649482727050781250 HTTP/1.0" 200 416 "-" "WordPress/6.8.1; https://vattusacky.vn"
216.244.66.237 - - [08/Sep/2025:23:46:23 +0700] "GET /robots.txt HTTP/1.0" 200 984 "-" "Mozilla/5.0 (compatible; DotBot/1.2; +https://opensiteexplorer.org/dotbot; help@moz.com)"
20.171.207.118 - - [08/Sep/2025:23:46:24 +0700] "GET /omegles-role-in-building-empathy-and-understanding/ HTTP/1.0" 200 83234 "-" "Mozilla/5.0 AppleWebKit/537.36 (KHTML, like Gecko; compatible; GPTBot/1.2; +https://openai.com/gptbot)"
45.117.177.72 - - [08/Sep/2025:23:46:51 +0700] "POST /wp-cron.php?doing_wp_cron=1757350010.9189319610595703125000 HTTP/1.0" 200 416 "-" "WordPress/6.8.1; https://vattusacky.vn"
20.171.207.118 - - [08/Sep/2025:23:46:49 +0700] "GET /?p=9041 HTTP/1.0" 301 497 "-" "Mozilla/5.0 AppleWebKit/537.36 (KHTML, like Gecko; compatible; GPTBot/1.2; +https://openai.com/gptbot)"
20.171.207.118 - - [08/Sep/2025:23:46:51 +0700] "GET /trust-and-vulnerability-nurturing-intimacy-on-omegle/ HTTP/1.0" 200 88929 "-" "Mozilla/5.0 AppleWebKit/537.36 (KHTML, like Gecko; compatible; GPTBot/1.2; +https://openai.com/gptbot)"
45.86.202.74 - - [08/Sep/2025:23:47:10 +0700] "GET /wp-json/wp/v2/posts?per_page=3&_fields=id,slug,comment_status HTTP/1.0" 200 1217 "-" "-"
20.171.207.118 - - [08/Sep/2025:23:47:14 +0700] "GET /safety-measures-for-vulnerable-individuals-on-omegle/ HTTP/1.0" 200 88877 "-" "Mozilla/5.0 AppleWebKit/537.36 (KHTML, like Gecko; compatible; GPTBot/1.2; +https://openai.com/gptbot)"
45.117.177.72 - - [08/Sep/2025:23:47:29 +0700] "POST /wp-cron.php?doing_wp_cron=1757350049.8010470867156982421875 HTTP/1.0" 200 416 "-" "WordPress/6.8.1; https://vattusacky.vn"
142.44.233.69 - - [08/Sep/2025:23:47:28 +0700] "GET /sitemap_index.xml HTTP/1.0" 200 2426 "-" "Mozilla/5.0 (compatible; AhrefsBot/7.0; +http://ahrefs.com/robot/)"
20.171.207.118 - - [08/Sep/2025:23:47:32 +0700] "GET /omegle-and-ometv-for-improving-communication-skills/ HTTP/1.0" 200 91493 "-" "Mozilla/5.0 AppleWebKit/537.36 (KHTML, like Gecko; compatible; GPTBot/1.2; +https://openai.com/gptbot)"
54.39.136.206 - - [08/Sep/2025:23:47:32 +0700] "GET /post-sitemap.xml HTTP/1.0" 500 3278 "-" "Mozilla/5.0 (compatible; AhrefsBot/7.0; +http://ahrefs.com/robot/)"
54.39.136.189 - - [08/Sep/2025:23:47:38 +0700] "GET /post-sitemap2.xml HTTP/1.0" 200 158032 "-" "Mozilla/5.0 (compatible; AhrefsBot/7.0; +http://ahrefs.com/robot/)"
54.39.203.217 - - [08/Sep/2025:23:47:47 +0700] "GET /post-sitemap3.xml HTTP/1.0" 200 155802 "-" "Mozilla/5.0 (compatible; AhrefsBot/7.0; +http://ahrefs.com/robot/)"
51.161.37.115 - - [08/Sep/2025:23:47:52 +0700] "GET /post-sitemap4.xml HTTP/1.0" 200 157863 "-" "Mozilla/5.0 (compatible; AhrefsBot/7.0; +http://ahrefs.com/robot/)"
20.171.207.118 - - [08/Sep/2025:23:47:57 +0700] "GET /omegle-and-beyond-an-anonymous-explorers-expedition/ HTTP/1.0" 200 86891 "-" "Mozilla/5.0 AppleWebKit/537.36 (KHTML, like Gecko; compatible; GPTBot/1.2; +https://openai.com/gptbot)"
148.113.128.227 - - [08/Sep/2025:23:47:57 +0700] "GET /post-sitemap5.xml HTTP/1.0" 200 159938 "-" "Mozilla/5.0 (compatible; AhrefsBot/7.0; +http://ahrefs.com/robot/)"
142.44.225.134 - - [08/Sep/2025:23:48:01 +0700] "GET /post-sitemap6.xml HTTP/1.0" 200 42210 "-" "Mozilla/5.0 (compatible; AhrefsBot/7.0; +http://ahrefs.com/robot/)"
54.39.210.15 - - [08/Sep/2025:23:48:05 +0700] "GET /page-sitemap.xml HTTP/1.0" 200 1873 "-" "Mozilla/5.0 (compatible; AhrefsBot/7.0; +http://ahrefs.com/robot/)"
142.44.220.204 - - [08/Sep/2025:23:48:08 +0700] "GET /attachment-sitemap.xml HTTP/1.0" 200 72345 "-" "Mozilla/5.0 (compatible; AhrefsBot/7.0; +http://ahrefs.com/robot/)"
45.117.177.72 - - [08/Sep/2025:23:48:19 +0700] "POST /wp-cron.php?doing_wp_cron=1757350099.2402029037475585937500 HTTP/1.0" 200 416 "-" "WordPress/6.8.1; https://vattusacky.vn"
142.44.220.165 - - [08/Sep/2025:23:48:18 +0700] "GET /product-sitemap.xml HTTP/1.0" 200 51048 "-" "Mozilla/5.0 (compatible; AhrefsBot/7.0; +http://ahrefs.com/robot/)"
54.39.136.144 - - [08/Sep/2025:23:48:23 +0700] "GET /category-sitemap.xml HTTP/1.0" 200 24564 "-" "Mozilla/5.0 (compatible; AhrefsBot/7.0; +http://ahrefs.com/robot/)"
51.222.95.228 - - [08/Sep/2025:23:48:26 +0700] "GET /post_tag-sitemap.xml HTTP/1.0" 200 12903 "-" "Mozilla/5.0 (compatible; AhrefsBot/7.0; +http://ahrefs.com/robot/)"
54.39.89.249 - - [08/Sep/2025:23:48:30 +0700] "GET /product_cat-sitemap.xml HTTP/1.0" 200 8595 "-" "Mozilla/5.0 (compatible; AhrefsBot/7.0; +http://ahrefs.com/robot/)"
54.39.210.213 - - [08/Sep/2025:23:48:33 +0700] "GET /product_tag-sitemap.xml HTTP/1.0" 200 28520 "-" "Mozilla/5.0 (compatible; AhrefsBot/7.0; +http://ahrefs.com/robot/)"
20.171.207.118 - - [08/Sep/2025:23:48:35 +0700] "GET /building-a-supportive-community-on-omegle-and-ometv HTTP/1.0" 301 496 "-" "Mozilla/5.0 AppleWebKit/537.36 (KHTML, like Gecko; compatible; GPTBot/1.2; +https://openai.com/gptbot)"
20.171.207.118 - - [08/Sep/2025:23:48:38 +0700] "GET /building-a-supportive-community-on-omegle-and-ometv/ HTTP/1.0" 200 91618 "-" "Mozilla/5.0 AppleWebKit/537.36 (KHTML, like Gecko; compatible; GPTBot/1.2; +https://openai.com/gptbot)"
216.244.66.237 - - [08/Sep/2025:23:48:45 +0700] "GET /exploring-the-tech-infrastructure-of-omegle-vs-ometv/feed/ HTTP/1.0" 200 1753 "-" "Mozilla/5.0 (compatible; DotBot/1.2; +https://opensiteexplorer.org/dotbot; help@moz.com)"
20.171.207.118 - - [08/Sep/2025:23:49:03 +0700] "GET /?p=7350 HTTP/1.0" 301 496 "-" "Mozilla/5.0 AppleWebKit/537.36 (KHTML, like Gecko; compatible; GPTBot/1.2; +https://openai.com/gptbot)"
20.171.207.118 - - [08/Sep/2025:23:49:04 +0700] "GET /omegle-and-language-learning-benefits-and-drawbacks/ HTTP/1.0" 200 92391 "-" "Mozilla/5.0 AppleWebKit/537.36 (KHTML, like Gecko; compatible; GPTBot/1.2; +https://openai.com/gptbot)"
45.117.177.72 - - [08/Sep/2025:23:49:49 +0700] "POST /wp-cron.php?doing_wp_cron=1757350188.9387760162353515625000 HTTP/1.0" 200 416 "-" "WordPress/6.8.1; https://vattusacky.vn"
20.171.207.118 - - [08/Sep/2025:23:49:47 +0700] "GET /omegle-and-online-grooming-protecting-children-from-predators/ HTTP/1.0" 200 92114 "-" "Mozilla/5.0 AppleWebKit/537.36 (KHTML, like Gecko; compatible; GPTBot/1.2; +https://openai.com/gptbot)"
51.161.65.228 - - [08/Sep/2025:23:50:10 +0700] "GET /how-you-can-not-always-be-jealous-within-a-relationship/ HTTP/1.0" 200 207140 "-" "Mozilla/5.0 (compatible; AhrefsBot/7.0; +http://ahrefs.com/robot/)"
20.171.207.118 - - [08/Sep/2025:23:50:14 +0700] "GET /?p=8156 HTTP/1.0" 301 497 "-" "Mozilla/5.0 AppleWebKit/537.36 (KHTML, like Gecko; compatible; GPTBot/1.2; +https://openai.com/gptbot)"
45.117.177.72 - - [08/Sep/2025:23:50:17 +0700] "POST /wp-cron.php?doing_wp_cron=1757350217.3424839973449707031250 HTTP/1.0" 200 416 "-" "WordPress/6.8.1; https://vattusacky.vn"
20.171.207.118 - - [08/Sep/2025:23:50:16 +0700] "GET /safety-measures-for-vulnerable-individuals-on-omegle/ HTTP/1.0" 200 88877 "-" "Mozilla/5.0 AppleWebKit/537.36 (KHTML, like Gecko; compatible; GPTBot/1.2; +https://openai.com/gptbot)"
20.171.207.118 - - [08/Sep/2025:23:50:47 +0700] "GET /omegle-and-its-connection-to-adolescent-development-and-socialization/ HTTP/1.0" 200 91895 "-" "Mozilla/5.0 AppleWebKit/537.36 (KHTML, like Gecko; compatible; GPTBot/1.2; +https://openai.com/gptbot)"
45.117.177.72 - - [08/Sep/2025:23:51:24 +0700] "POST /wp-cron.php?doing_wp_cron=1757350284.5201680660247802734375 HTTP/1.0" 200 416 "-" "WordPress/6.8.1; https://vattusacky.vn"
20.171.207.118 - - [08/Sep/2025:23:51:23 +0700] "GET /how-omegle-has-impacted-online-social-interactions/ HTTP/1.0" 200 90644 "-" "Mozilla/5.0 AppleWebKit/537.36 (KHTML, like Gecko; compatible; GPTBot/1.2; +https://openai.com/gptbot)"
20.171.207.118 - - [08/Sep/2025:23:51:58 +0700] "GET /?p=7927 HTTP/1.0" 301 495 "-" "Mozilla/5.0 AppleWebKit/537.36 (KHTML, like Gecko; compatible; GPTBot/1.2; +https://openai.com/gptbot)"
20.171.207.118 - - [08/Sep/2025:23:52:04 +0700] "GET /omegles-role-in-building-empathy-and-understanding/ HTTP/1.0" 200 83234 "-" "Mozilla/5.0 AppleWebKit/537.36 (KHTML, like Gecko; compatible; GPTBot/1.2; +https://openai.com/gptbot)"
45.117.177.72 - - [08/Sep/2025:23:52:28 +0700] "POST /wp-cron.php?doing_wp_cron=1757350348.2104940414428710937500 HTTP/1.0" 200 416 "-" "WordPress/6.8.1; https://vattusacky.vn"
185.191.171.2 - - [08/Sep/2025:23:52:27 +0700] "GET /the-key-benefits-of-the-data-area-fr/ HTTP/1.0" 200 205601 "-" "Mozilla/5.0 (compatible; SemrushBot/7~bl; +http://www.semrush.com/bot.html)"
20.171.207.118 - - [08/Sep/2025:23:52:30 +0700] "GET /?p=7312 HTTP/1.0" 301 496 "-" "Mozilla/5.0 AppleWebKit/537.36 (KHTML, like Gecko; compatible; GPTBot/1.2; +https://openai.com/gptbot)"
20.171.207.118 - - [08/Sep/2025:23:52:32 +0700] "GET /omegle-and-beyond-an-anonymous-explorers-expedition/ HTTP/1.0" 200 86891 "-" "Mozilla/5.0 AppleWebKit/537.36 (KHTML, like Gecko; compatible; GPTBot/1.2; +https://openai.com/gptbot)"
216.244.66.237 - - [08/Sep/2025:23:52:42 +0700] "GET /danh-muc/moi-truong-khi/tram-lay-mau-bui-tsppm10-pm2-5/?s=HIQ%20%E2%80%93%20%20M%E1%BB%B9 HTTP/1.0" 200 101597 "-" "Mozilla/5.0 (compatible; DotBot/1.2; +https://opensiteexplorer.org/dotbot; help@moz.com)"
15.235.27.53 - - [08/Sep/2025:23:52:49 +0700] "GET /author/yanz/page/11/ HTTP/1.0" 200 76809 "-" "Mozilla/5.0 (compatible; AhrefsBot/7.0; +http://ahrefs.com/robot/)"
20.171.207.118 - - [08/Sep/2025:23:52:54 +0700] "GET /?p=7417 HTTP/1.0" 301 496 "-" "Mozilla/5.0 AppleWebKit/537.36 (KHTML, like Gecko; compatible; GPTBot/1.2; +https://openai.com/gptbot)"
20.171.207.118 - - [08/Sep/2025:23:52:55 +0700] "GET /omegle-and-ometv-for-improving-communication-skills/ HTTP/1.0" 200 91493 "-" "Mozilla/5.0 AppleWebKit/537.36 (KHTML, like Gecko; compatible; GPTBot/1.2; +https://openai.com/gptbot)"
45.117.177.72 - - [08/Sep/2025:23:53:20 +0700] "POST /wp-cron.php?doing_wp_cron=1757350400.0439438819885253906250 HTTP/1.0" 200 416 "-" "WordPress/6.8.1; https://vattusacky.vn"
85.208.96.197 - - [08/Sep/2025:23:53:18 +0700] "GET /bet-with-glory-casino-casino-welcome-bonus-huge-2/ HTTP/1.0" 200 217524 "-" "Mozilla/5.0 (compatible; SemrushBot/7~bl; +http://www.semrush.com/bot.html)"
20.171.207.118 - - [08/Sep/2025:23:53:20 +0700] "GET /the-allure-of-uncertainty-omegles-cosmic-connections/ HTTP/1.0" 200 92019 "-" "Mozilla/5.0 AppleWebKit/537.36 (KHTML, like Gecko; compatible; GPTBot/1.2; +https://openai.com/gptbot)"
17.241.219.127 - - [08/Sep/2025:23:53:24 +0700] "GET /omegle-and-new-media-the-intersection-of-technology-and-society/ HTTP/1.0" 200 94772 "-" "Mozilla/5.0 (Macintosh; Intel Mac OS X 10_15_7) AppleWebKit/605.1.15 (KHTML, like Gecko) Version/17.4 Safari/605.1.15 (Applebot/0.1; +http://www.apple.com/go/applebot)"
20.171.207.118 - - [08/Sep/2025:23:53:40 +0700] "GET /?p=7000 HTTP/1.0" 301 497 "-" "Mozilla/5.0 AppleWebKit/537.36 (KHTML, like Gecko; compatible; GPTBot/1.2; +https://openai.com/gptbot)"
20.171.207.118 - - [08/Sep/2025:23:53:46 +0700] "GET /hilarious-omegle-moments-and-memorable-chat-blunders/ HTTP/1.0" 200 90893 "-" "Mozilla/5.0 AppleWebKit/537.36 (KHTML, like Gecko; compatible; GPTBot/1.2; +https://openai.com/gptbot)"
52.167.144.168 - - [08/Sep/2025:23:54:15 +0700] "GET /strategies-for-building-resilience-in-language-communication-on-omegle-and-ometv/ HTTP/1.0" 200 92409 "-" "Mozilla/5.0 AppleWebKit/537.36 (KHTML, like Gecko; compatible; bingbot/2.0; +http://www.bing.com/bingbot.htm) Chrome/116.0.1938.76 Safari/537.36"
45.117.177.72 - - [08/Sep/2025:23:54:28 +0700] "POST /wp-cron.php?doing_wp_cron=1757350468.4173240661621093750000 HTTP/1.0" 200 416 "-" "WordPress/6.8.1; https://vattusacky.vn"
20.171.207.118 - - [08/Sep/2025:23:54:27 +0700] "GET /improving-random-pairings-on-omegle-suggestions-and-solutions/ HTTP/1.0" 200 91700 "-" "Mozilla/5.0 AppleWebKit/537.36 (KHTML, like Gecko; compatible; GPTBot/1.2; +https://openai.com/gptbot)"
20.171.207.118 - - [08/Sep/2025:23:55:06 +0700] "GET /?p=7467 HTTP/1.0" 301 652 "-" "Mozilla/5.0 AppleWebKit/537.36 (KHTML, like Gecko; compatible; GPTBot/1.2; +https://openai.com/gptbot)"
20.171.207.118 - - [08/Sep/2025:23:55:07 +0700] "GET /omegle-and-online-grooming-protecting-children-from-predators/ HTTP/1.0" 200 91968 "-" "Mozilla/5.0 AppleWebKit/537.36 (KHTML, like Gecko; compatible; GPTBot/1.2; +https://openai.com/gptbot)"
45.117.177.72 - - [08/Sep/2025:23:55:45 +0700] "POST /wp-cron.php?doing_wp_cron=1757350545.0925869941711425781250 HTTP/1.0" 200 416 "-" "WordPress/6.8.1; https://vattusacky.vn"
20.171.207.118 - - [08/Sep/2025:23:55:43 +0700] "GET /strategies-for-building-trust-in-flirtatious-online-situations/ HTTP/1.0" 200 91723 "-" "Mozilla/5.0 AppleWebKit/537.36 (KHTML, like Gecko; compatible; GPTBot/1.2; +https://openai.com/gptbot)"
54.39.203.35 - - [08/Sep/2025:23:55:56 +0700] "GET /the-role-of-personal-growth-on-omegle-learning-and-evolving-through-conversations/ HTTP/1.0" 200 78421 "-" "Mozilla/5.0 (compatible; AhrefsBot/7.0; +http://ahrefs.com/robot/)"
20.171.207.118 - - [08/Sep/2025:23:56:14 +0700] "GET /the-importance-of-clear-communication-in-online-relationships/ HTTP/1.0" 200 91623 "-" "Mozilla/5.0 AppleWebKit/537.36 (KHTML, like Gecko; compatible; GPTBot/1.2; +https://openai.com/gptbot)"
45.117.177.72 - - [08/Sep/2025:23:56:21 +0700] "POST /wp-cron.php?doing_wp_cron=1757350581.1231949329376220703125 HTTP/1.0" 200 416 "-" "WordPress/6.8.1; https://vattusacky.vn"
40.77.167.70 - - [08/Sep/2025:23:56:20 +0700] "GET /omegle-and-ometv-the-pros-and-cons-of-random-chatting/ HTTP/1.0" 200 92252 "-" "Mozilla/5.0 AppleWebKit/537.36 (KHTML, like Gecko; compatible; bingbot/2.0; +http://www.bing.com/bingbot.htm) Chrome/116.0.1938.76 Safari/537.36"
20.171.207.118 - - [08/Sep/2025:23:56:38 +0700] "GET /omegle-anecdotes-lessons-in-communication-and-human-connection/ HTTP/1.0" 200 90231 "-" "Mozilla/5.0 AppleWebKit/537.36 (KHTML, like Gecko; compatible; GPTBot/1.2; +https://openai.com/gptbot)"
20.171.207.118 - - [08/Sep/2025:23:57:00 +0700] "GET /omegles-impact-on-online-social-interaction-and-communication/ HTTP/1.0" 200 90758 "-" "Mozilla/5.0 AppleWebKit/537.36 (KHTML, like Gecko; compatible; GPTBot/1.2; +https://openai.com/gptbot)"
185.191.171.1 - - [08/Sep/2025:23:57:03 +0700] "GET /1xbet-bonuses-and-promotions-for-india-2023-196/ HTTP/1.0" 200 87129 "-" "Mozilla/5.0 (compatible; SemrushBot/7~bl; +http://www.semrush.com/bot.html)"
45.117.177.72 - - [08/Sep/2025:23:57:33 +0700] "POST /wp-cron.php?doing_wp_cron=1757350653.6671528816223144531250 HTTP/1.0" 200 416 "-" "WordPress/6.8.1; https://vattusacky.vn"
20.171.207.118 - - [08/Sep/2025:23:57:32 +0700] "GET /omegles-impact-on-online-marketing-and-advertising-strategies/ HTTP/1.0" 200 92245 "-" "Mozilla/5.0 AppleWebKit/537.36 (KHTML, like Gecko; compatible; GPTBot/1.2; +https://openai.com/gptbot)"
20.171.207.118 - - [08/Sep/2025:23:57:55 +0700] "GET /?p=8310 HTTP/1.0" 301 497 "-" "Mozilla/5.0 AppleWebKit/537.36 (KHTML, like Gecko; compatible; GPTBot/1.2; +https://openai.com/gptbot)"
20.171.207.118 - - [08/Sep/2025:23:58:10 +0700] "GET /the-allure-of-uncertainty-omegles-cosmic-connections/ HTTP/1.0" 200 92019 "-" "Mozilla/5.0 AppleWebKit/537.36 (KHTML, like Gecko; compatible; GPTBot/1.2; +https://openai.com/gptbot)"
45.117.177.72 - - [08/Sep/2025:23:58:30 +0700] "POST /wp-cron.php?doing_wp_cron=1757350710.5356531143188476562500 HTTP/1.0" 200 416 "-" "WordPress/6.8.1; https://vattusacky.vn"
142.44.225.238 - - [08/Sep/2025:23:58:29 +0700] "GET /unveiling-the-essence-of-true-love-in-omelove/ HTTP/1.0" 200 90976 "-" "Mozilla/5.0 (compatible; AhrefsBot/7.0; +http://ahrefs.com/robot/)"
20.171.207.118 - - [08/Sep/2025:23:58:41 +0700] "GET /omegle-etiquette-navigating-social-norms-in-an-anonymous-environment/ HTTP/1.0" 200 91529 "-" "Mozilla/5.0 AppleWebKit/537.36 (KHTML, like Gecko; compatible; GPTBot/1.2; +https://openai.com/gptbot)"
95.108.213.133 - - [08/Sep/2025:23:58:48 +0700] "GET /how-to-get-free-cash-with-no-bonus-bonuses-for-depositing-at-poker-sites/ HTTP/1.0" 200 75640 "-" "Mozilla/5.0 (compatible; YandexBot/3.0; +http://yandex.com/bots)"
45.117.177.72 - - [08/Sep/2025:23:59:17 +0700] "POST /wp-cron.php?doing_wp_cron=1757350757.1226251125335693359375 HTTP/1.0" 200 416 "-" "WordPress/6.8.1; https://vattusacky.vn"
20.171.207.118 - - [08/Sep/2025:23:59:15 +0700] "GET /?p=7346 HTTP/1.0" 301 514 "-" "Mozilla/5.0 AppleWebKit/537.36 (KHTML, like Gecko; compatible; GPTBot/1.2; +https://openai.com/gptbot)"
20.171.207.118 - - [08/Sep/2025:23:59:18 +0700] "GET /omegle-and-its-connection-to-adolescent-development-and-socialization/ HTTP/1.0" 200 91895 "-" "Mozilla/5.0 AppleWebKit/537.36 (KHTML, like Gecko; compatible; GPTBot/1.2; +https://openai.com/gptbot)"
20.171.207.118 - - [08/Sep/2025:23:59:44 +0700] "GET /the-challenges-of-maintaining-authenticity-in-anonymous-omegle-chats/ HTTP/1.0" 200 92140 "-" "Mozilla/5.0 AppleWebKit/537.36 (KHTML, like Gecko; compatible; GPTBot/1.2; +https://openai.com/gptbot)"
45.117.177.72 - - [09/Sep/2025:00:00:18 +0700] "POST /wp-cron.php?doing_wp_cron=1757350818.2050120830535888671875 HTTP/1.0" 200 416 "-" "WordPress/6.8.1; https://vattusacky.vn"
20.171.207.118 - - [09/Sep/2025:00:00:16 +0700] "GET /mostbet-top-kazino-akcii-i-bonusy-ot-kazino-demo HTTP/1.0" 301 639 "-" "Mozilla/5.0 AppleWebKit/537.36 (KHTML, like Gecko; compatible; GPTBot/1.2; +https://openai.com/gptbot)"
20.171.207.118 - - [09/Sep/2025:00:00:18 +0700] "GET /mostbet-top-kazino-akcii-i-bonusy-ot-kazino-demo/ HTTP/1.0" 200 223638 "-" "Mozilla/5.0 AppleWebKit/537.36 (KHTML, like Gecko; compatible; GPTBot/1.2; +https://openai.com/gptbot)"
20.171.207.118 - - [09/Sep/2025:00:00:44 +0700] "GET /?p=8353 HTTP/1.0" 301 513 "-" "Mozilla/5.0 AppleWebKit/537.36 (KHTML, like Gecko; compatible; GPTBot/1.2; +https://openai.com/gptbot)"
45.117.177.72 - - [09/Sep/2025:00:01:02 +0700] "POST /wp-cron.php?doing_wp_cron=1757350862.1652050018310546875000 HTTP/1.0" 200 416 "-" "WordPress/6.8.1; https://vattusacky.vn"
20.171.207.118 - - [09/Sep/2025:00:01:00 +0700] "GET /the-challenges-of-maintaining-authenticity-in-anonymous-omegle-chats/ HTTP/1.0" 200 92140 "-" "Mozilla/5.0 AppleWebKit/537.36 (KHTML, like Gecko; compatible; GPTBot/1.2; +https://openai.com/gptbot)"
20.15.133.162 - - [09/Sep/2025:00:01:04 +0700] "GET /omegle-and-long-distance-relationships-maintaining-connection-through-anonymous-chats/ HTTP/1.0" 200 90834 "-" "Mozilla/5.0 AppleWebKit/537.36 (KHTML, like Gecko; compatible; bingbot/2.0; +http://www.bing.com/bingbot.htm) Chrome/116.0.1938.76 Safari/537.36"
45.117.177.72 - - [09/Sep/2025:00:01:27 +0700] "POST /wp-cron.php?doing_wp_cron=1757350887.3938460350036621093750 HTTP/1.0" 200 416 "-" "WordPress/6.8.1; https://vattusacky.vn"
20.171.207.118 - - [09/Sep/2025:00:01:26 +0700] "GET /omegles-impact-on-empathy-and-compassion/ HTTP/1.0" 200 92153 "-" "Mozilla/5.0 AppleWebKit/537.36 (KHTML, like Gecko; compatible; GPTBot/1.2; +https://openai.com/gptbot)"
54.39.89.2 - - [09/Sep/2025:00:01:32 +0700] "GET /user-control-and-privacy-settings-on-omegle-and-ometv/ HTTP/1.0" 200 90286 "-" "Mozilla/5.0 (compatible; AhrefsBot/7.0; +http://ahrefs.com/robot/)"
87.250.224.75 - - [09/Sep/2025:00:01:53 +0700] "GET /the-psychology-behind-random-video-chats-on-chatroulette-and-omegle/ HTTP/1.0" 200 92169 "-" "Mozilla/5.0 (compatible; YandexBot/3.0; +http://yandex.com/bots)"
20.171.207.118 - - [09/Sep/2025:00:01:56 +0700] "GET /?p=7842 HTTP/1.0" 301 506 "-" "Mozilla/5.0 AppleWebKit/537.36 (KHTML, like Gecko; compatible; GPTBot/1.2; +https://openai.com/gptbot)"
20.171.207.118 - - [09/Sep/2025:00:02:00 +0700] "GET /omegles-impact-on-online-social-interaction-and-communication/ HTTP/1.0" 200 90758 "-" "Mozilla/5.0 AppleWebKit/537.36 (KHTML, like Gecko; compatible; GPTBot/1.2; +https://openai.com/gptbot)"
185.191.171.17 - - [09/Sep/2025:00:02:03 +0700] "GET /coping-with-body-image-issues-through-omegle-therapy/ HTTP/1.0" 403 614 "-" "Mozilla/5.0 (compatible; SemrushBot/7~bl; +http://www.semrush.com/bot.html)"
45.117.177.72 - - [09/Sep/2025:00:02:29 +0700] "POST /wp-cron.php?doing_wp_cron=1757350949.3006439208984375000000 HTTP/1.0" 200 416 "-" "WordPress/6.8.1; https://vattusacky.vn"
20.171.207.118 - - [09/Sep/2025:00:02:28 +0700] "GET /?p=7613 HTTP/1.0" 301 513 "-" "Mozilla/5.0 AppleWebKit/537.36 (KHTML, like Gecko; compatible; GPTBot/1.2; +https://openai.com/gptbot)"
20.171.207.118 - - [09/Sep/2025:00:02:29 +0700] "GET /omegle-etiquette-navigating-social-norms-in-an-anonymous-environment/ HTTP/1.0" 200 91529 "-" "Mozilla/5.0 AppleWebKit/537.36 (KHTML, like Gecko; compatible; GPTBot/1.2; +https://openai.com/gptbot)"
20.171.207.118 - - [09/Sep/2025:00:02:59 +0700] "GET /?p=8599 HTTP/1.0" 301 506 "-" "Mozilla/5.0 AppleWebKit/537.36 (KHTML, like Gecko; compatible; GPTBot/1.2; +https://openai.com/gptbot)"
20.171.207.118 - - [09/Sep/2025:00:03:15 +0700] "GET /the-importance-of-clear-communication-in-online-relationships/ HTTP/1.0" 200 91623 "-" "Mozilla/5.0 AppleWebKit/537.36 (KHTML, like Gecko; compatible; GPTBot/1.2; +https://openai.com/gptbot)"
45.117.177.72 - - [09/Sep/2025:00:03:40 +0700] "POST /wp-cron.php?doing_wp_cron=1757351020.3090519905090332031250 HTTP/1.0" 200 416 "-" "WordPress/6.8.1; https://vattusacky.vn"
5.255.231.86 - - [09/Sep/2025:00:03:38 +0700] "GET /codere-apostando-lanza-su-version-pc-y-movedizo-permitiendo-acceder-s-mercado-online-y-presencial/ HTTP/1.0" 200 226134 "-" "Mozilla/5.0 (compatible; YandexBot/3.0; +http://yandex.com/bots)"
20.171.207.118 - - [09/Sep/2025:00:03:42 +0700] "GET /?p=7839 HTTP/1.0" 301 506 "-" "Mozilla/5.0 AppleWebKit/537.36 (KHTML, like Gecko; compatible; GPTBot/1.2; +https://openai.com/gptbot)"
20.171.207.118 - - [09/Sep/2025:00:03:44 +0700] "GET /omegles-impact-on-online-marketing-and-advertising-strategies/ HTTP/1.0" 200 92245 "-" "Mozilla/5.0 AppleWebKit/537.36 (KHTML, like Gecko; compatible; GPTBot/1.2; +https://openai.com/gptbot)"
20.171.207.118 - - [09/Sep/2025:00:04:15 +0700] "GET /?p=7109 HTTP/1.0" 301 506 "-" "Mozilla/5.0 AppleWebKit/537.36 (KHTML, like Gecko; compatible; GPTBot/1.2; +https://openai.com/gptbot)"
45.117.177.72 - - [09/Sep/2025:00:04:18 +0700] "POST /wp-cron.php?doing_wp_cron=1757351058.1385550498962402343750 HTTP/1.0" 200 416 "-" "WordPress/6.8.1; https://vattusacky.vn"
20.171.207.118 - - [09/Sep/2025:00:04:17 +0700] "GET /improving-random-pairings-on-omegle-suggestions-and-solutions/ HTTP/1.0" 200 91700 "-" "Mozilla/5.0 AppleWebKit/537.36 (KHTML, like Gecko; compatible; GPTBot/1.2; +https://openai.com/gptbot)"
54.39.210.213 - - [09/Sep/2025:00:04:29 +0700] "GET /the-role-of-omegle-and-ometv-in-cybertherapy/ HTTP/1.0" 403 606 "-" "Mozilla/5.0 (compatible; AhrefsBot/7.0; +http://ahrefs.com/robot/)"
20.171.207.118 - - [09/Sep/2025:00:04:46 +0700] "GET /online-slot-reviews-to-help-you-select-slots-for-online-casinos-gambling HTTP/1.0" 301 471 "-" "Mozilla/5.0 AppleWebKit/537.36 (KHTML, like Gecko; compatible; GPTBot/1.2; +https://openai.com/gptbot)"
20.171.207.118 - - [09/Sep/2025:00:04:48 +0700] "GET /online-slot-reviews-to-help-you-select-slots-for-online-casinos-gambling/ HTTP/1.0" 200 207561 "-" "Mozilla/5.0 AppleWebKit/537.36 (KHTML, like Gecko; compatible; GPTBot/1.2; +https://openai.com/gptbot)"
20.171.207.118 - - [09/Sep/2025:00:05:12 +0700] "GET /?p=8258 HTTP/1.0" 301 507 "-" "Mozilla/5.0 AppleWebKit/537.36 (KHTML, like Gecko; compatible; GPTBot/1.2; +https://openai.com/gptbot)"
45.117.177.72 - - [09/Sep/2025:00:05:25 +0700] "POST /wp-cron.php?doing_wp_cron=1757351125.5953590869903564453125 HTTP/1.0" 200 416 "-" "WordPress/6.8.1; https://vattusacky.vn"
20.171.207.118 - - [09/Sep/2025:00:05:24 +0700] "GET /strategies-for-building-trust-in-flirtatious-online-situations/ HTTP/1.0" 200 91869 "-" "Mozilla/5.0 AppleWebKit/537.36 (KHTML, like Gecko; compatible; GPTBot/1.2; +https://openai.com/gptbot)"
51.222.95.82 - - [09/Sep/2025:00:05:44 +0700] "GET /the-role-of-nuance-in-omegle-conversations-appreciating-the-complexity-of-human-experience/ HTTP/1.0" 200 93376 "-" "Mozilla/5.0 (compatible; AhrefsBot/7.0; +http://ahrefs.com/robot/)"
20.171.207.118 - - [09/Sep/2025:00:05:59 +0700] "GET /?p=4501 HTTP/1.0" 301 493 "-" "Mozilla/5.0 AppleWebKit/537.36 (KHTML, like Gecko; compatible; GPTBot/1.2; +https://openai.com/gptbot)"
20.171.207.118 - - [09/Sep/2025:00:06:12 +0700] "GET /mostbet-top-kazino-akcii-i-bonusy-ot-kazino-demo/ HTTP/1.0" 200 223638 "-" "Mozilla/5.0 AppleWebKit/537.36 (KHTML, like Gecko; compatible; GPTBot/1.2; +https://openai.com/gptbot)"
45.117.177.72 - - [09/Sep/2025:00:06:38 +0700] "POST /wp-cron.php?doing_wp_cron=1757351198.2424418926239013671875 HTTP/1.0" 200 416 "-" "WordPress/6.8.1; https://vattusacky.vn"
20.171.207.118 - - [09/Sep/2025:00:06:36 +0700] "GET /find-the-best-online-slots-machines-for-free HTTP/1.0" 301 443 "-" "Mozilla/5.0 AppleWebKit/537.36 (KHTML, like Gecko; compatible; GPTBot/1.2; +https://openai.com/gptbot)"
20.171.207.118 - - [09/Sep/2025:00:06:38 +0700] "GET /find-the-best-online-slots-machines-for-free/ HTTP/1.0" 200 74782 "-" "Mozilla/5.0 AppleWebKit/537.36 (KHTML, like Gecko; compatible; GPTBot/1.2; +https://openai.com/gptbot)"
51.68.236.91 - - [09/Sep/2025:00:07:00 +0700] "GET /robots.txt HTTP/1.0" 200 984 "-" "Mozilla/5.0 (compatible; MJ12bot/v2.0.4; http://mj12bot.com/)"
51.68.236.91 - - [09/Sep/2025:00:07:02 +0700] "GET / HTTP/1.0" 200 60070 "-" "Mozilla/5.0 (compatible; MJ12bot/v2.0.4; http://mj12bot.com/)"
45.117.177.72 - - [09/Sep/2025:00:07:21 +0700] "POST /wp-cron.php?doing_wp_cron=1757351241.3445780277252197265625 HTTP/1.0" 200 416 "-" "WordPress/6.8.1; https://vattusacky.vn"
20.171.207.118 - - [09/Sep/2025:00:07:20 +0700] "GET /unveiling-the-essence-of-true-love-in-omelove/ HTTP/1.0" 200 90830 "-" "Mozilla/5.0 AppleWebKit/537.36 (KHTML, like Gecko; compatible; GPTBot/1.2; +https://openai.com/gptbot)"
40.77.167.67 - - [09/Sep/2025:00:07:25 +0700] "GET /recognizing-signs-of-flirtation-on-omegle/ HTTP/1.0" 200 89337 "-" "Mozilla/5.0 AppleWebKit/537.36 (KHTML, like Gecko; compatible; bingbot/2.0; +http://www.bing.com/bingbot.htm) Chrome/116.0.1938.76 Safari/537.36"
20.171.207.118 - - [09/Sep/2025:00:07:51 +0700] "GET /omegle-and-the-evolution-of-online-chatting/ HTTP/1.0" 200 90435 "-" "Mozilla/5.0 AppleWebKit/537.36 (KHTML, like Gecko; compatible; GPTBot/1.2; +https://openai.com/gptbot)"
45.117.177.72 - - [09/Sep/2025:00:08:18 +0700] "POST /wp-cron.php?doing_wp_cron=1757351298.2861580848693847656250 HTTP/1.0" 200 416 "-" "WordPress/6.8.1; https://vattusacky.vn"
51.161.37.94 - - [09/Sep/2025:00:08:17 +0700] "GET /tips-for-staying-safe-on-omegle/ HTTP/1.0" 200 88309 "-" "Mozilla/5.0 (compatible; AhrefsBot/7.0; +http://ahrefs.com/robot/)"
20.171.207.118 - - [09/Sep/2025:00:08:26 +0700] "GET /pin-up-casino-online-free-spins-for-beginners/ HTTP/1.0" 200 86175 "-" "Mozilla/5.0 AppleWebKit/537.36 (KHTML, like Gecko; compatible; GPTBot/1.2; +https://openai.com/gptbot)"
52.167.144.196 - - [09/Sep/2025:00:08:29 +0700] "GET /overcoming-depression-through-omegle-therapy/ HTTP/1.0" 403 606 "-" "Mozilla/5.0 AppleWebKit/537.36 (KHTML, like Gecko; compatible; bingbot/2.0; +http://www.bing.com/bingbot.htm) Chrome/116.0.1938.76 Safari/537.36"
207.46.13.51 - - [09/Sep/2025:00:08:33 +0700] "GET /the-future-of-omegle-predictions-and-trends-in-online-social-interaction/ HTTP/1.0" 200 93642 "-" "Mozilla/5.0 AppleWebKit/537.36 (KHTML, like Gecko; compatible; bingbot/2.0; +http://www.bing.com/bingbot.htm) Chrome/116.0.1938.76 Safari/537.36"
45.117.177.72 - - [09/Sep/2025:00:09:09 +0700] "POST /wp-cron.php?doing_wp_cron=1757351349.3388481140136718750000 HTTP/1.0" 200 416 "-" "WordPress/6.8.1; https://vattusacky.vn"
20.171.207.118 - - [09/Sep/2025:00:09:08 +0700] "GET /?p=7828 HTTP/1.0" 301 485 "-" "Mozilla/5.0 AppleWebKit/537.36 (KHTML, like Gecko; compatible; GPTBot/1.2; +https://openai.com/gptbot)"
20.171.207.118 - - [09/Sep/2025:00:09:09 +0700] "GET /omegles-impact-on-empathy-and-compassion/ HTTP/1.0" 200 92153 "-" "Mozilla/5.0 AppleWebKit/537.36 (KHTML, like Gecko; compatible; GPTBot/1.2; +https://openai.com/gptbot)"
45.117.177.72 - - [09/Sep/2025:00:09:51 +0700] "POST /wp-cron.php?doing_wp_cron=1757351391.6567509174346923828125 HTTP/1.0" 200 416 "-" "WordPress/6.8.1; https://vattusacky.vn"
20.171.207.118 - - [09/Sep/2025:00:09:50 +0700] "GET /starda-casino-onlajn-igraj-v-sloty-i-avtomaty/ HTTP/1.0" 200 219838 "-" "Mozilla/5.0 AppleWebKit/537.36 (KHTML, like Gecko; compatible; GPTBot/1.2; +https://openai.com/gptbot)"
142.44.225.33 - - [09/Sep/2025:00:10:13 +0700] "GET /the-role-of-networking-in-expanding-opportunities-on-omegle-and-ometv/ HTTP/1.0" 200 93525 "-" "Mozilla/5.0 (compatible; AhrefsBot/7.0; +http://ahrefs.com/robot/)"
45.117.177.72 - - [09/Sep/2025:00:10:34 +0700] "POST /wp-cron.php?doing_wp_cron=1757351433.7844278812408447265625 HTTP/1.0" 200 416 "-" "WordPress/6.8.1; https://vattusacky.vn"
20.171.207.118 - - [09/Sep/2025:00:10:32 +0700] "GET /the-importance-of-consent-on-omegle-and-ometv/ HTTP/1.0" 200 89298 "-" "Mozilla/5.0 AppleWebKit/537.36 (KHTML, like Gecko; compatible; GPTBot/1.2; +https://openai.com/gptbot)"
40.77.167.42 - - [09/Sep/2025:00:10:59 +0700] "GET /overcoming-depression-through-omegle-therapy/ HTTP/1.0" 403 606 "-" "Mozilla/5.0 AppleWebKit/537.36 (KHTML, like Gecko; compatible; bingbot/2.0; +http://www.bing.com/bingbot.htm) Chrome/116.0.1938.76 Safari/537.36"
20.171.207.118 - - [09/Sep/2025:00:11:02 +0700] "GET /omegles-impact-on-online-dating-and-romance/ HTTP/1.0" 200 89129 "-" "Mozilla/5.0 AppleWebKit/537.36 (KHTML, like Gecko; compatible; GPTBot/1.2; +https://openai.com/gptbot)"
45.117.177.72 - - [09/Sep/2025:00:11:33 +0700] "POST /wp-cron.php?doing_wp_cron=1757351493.5299189090728759765625 HTTP/1.0" 200 416 "-" "WordPress/6.8.1; https://vattusacky.vn"
20.171.207.118 - - [09/Sep/2025:00:11:32 +0700] "GET /the-role-of-omegle-in-combating-loneliness/ HTTP/1.0" 200 89865 "-" "Mozilla/5.0 AppleWebKit/537.36 (KHTML, like Gecko; compatible; GPTBot/1.2; +https://openai.com/gptbot)"
3.226.34.98 - - [09/Sep/2025:00:11:33 +0700] "GET /category/uncategorized/page/232/ HTTP/1.0" 200 76575 "-" "Mozilla/5.0 AppleWebKit/537.36 (KHTML, like Gecko; compatible; Amazonbot/0.1; +https://developer.amazon.com/support/amazonbot) Chrome/119.0.6045.214 Safari/537.36"
142.44.220.28 - - [09/Sep/2025:00:11:56 +0700] "GET /exploring-the-role-of-chance-and-serendipity-on-omegle/ HTTP/1.0" 200 90866 "-" "Mozilla/5.0 (compatible; AhrefsBot/7.0; +http://ahrefs.com/robot/)"
20.171.207.118 - - [09/Sep/2025:00:12:04 +0700] "GET /the-role-of-empathy-in-online-relationships/ HTTP/1.0" 200 91742 "-" "Mozilla/5.0 AppleWebKit/537.36 (KHTML, like Gecko; compatible; GPTBot/1.2; +https://openai.com/gptbot)"
40.77.167.42 - - [09/Sep/2025:00:12:24 +0700] "GET /the-unexpected-joy-of-random-connections-on-omegle/ HTTP/1.0" 200 90863 "-" "Mozilla/5.0 AppleWebKit/537.36 (KHTML, like Gecko; compatible; bingbot/2.0; +http://www.bing.com/bingbot.htm) Chrome/116.0.1938.76 Safari/537.36"
20.171.207.118 - - [09/Sep/2025:00:12:39 +0700] "GET /tips-on-how-to-date-online-internationally/ HTTP/1.0" 200 76107 "-" "Mozilla/5.0 AppleWebKit/537.36 (KHTML, like Gecko; compatible; GPTBot/1.2; +https://openai.com/gptbot)"
20.171.207.118 - - [09/Sep/2025:00:13:10 +0700] "GET /best-online-casino-no-deposit-for-newcomers/ HTTP/1.0" 200 74459 "-" "Mozilla/5.0 AppleWebKit/537.36 (KHTML, like Gecko; compatible; GPTBot/1.2; +https://openai.com/gptbot)"
45.117.177.72 - - [09/Sep/2025:00:13:37 +0700] "POST /wp-cron.php?doing_wp_cron=1757351616.8088231086730957031250 HTTP/1.0" 200 416 "-" "WordPress/6.8.1; https://vattusacky.vn"
15.235.27.43 - - [09/Sep/2025:00:13:35 +0700] "GET /the-social-impact-of-omegle-and-ometv-connecting-people-worldwide/ HTTP/1.0" 200 94284 "-" "Mozilla/5.0 (compatible; AhrefsBot/7.0; +http://ahrefs.com/robot/)"
20.171.207.118 - - [09/Sep/2025:00:13:57 +0700] "GET /?p=5456 HTTP/1.0" 301 490 "-" "Mozilla/5.0 AppleWebKit/537.36 (KHTML, like Gecko; compatible; GPTBot/1.2; +https://openai.com/gptbot)"
20.171.207.118 - - [09/Sep/2025:00:14:00 +0700] "GET /pin-up-casino-online-free-spins-for-beginners/ HTTP/1.0" 200 86175 "-" "Mozilla/5.0 AppleWebKit/537.36 (KHTML, like Gecko; compatible; GPTBot/1.2; +https://openai.com/gptbot)"
45.117.177.72 - - [09/Sep/2025:00:14:27 +0700] "POST /wp-cron.php?doing_wp_cron=1757351666.8199100494384765625000 HTTP/1.0" 200 416 "-" "WordPress/6.8.1; https://vattusacky.vn"
20.171.207.118 - - [09/Sep/2025:00:14:25 +0700] "GET /?p=9158 HTTP/1.0" 301 490 "-" "Mozilla/5.0 AppleWebKit/537.36 (KHTML, like Gecko; compatible; GPTBot/1.2; +https://openai.com/gptbot)"
20.171.207.118 - - [09/Sep/2025:00:14:30 +0700] "GET /unveiling-the-essence-of-true-love-in-omelove/ HTTP/1.0" 200 90830 "-" "Mozilla/5.0 AppleWebKit/537.36 (KHTML, like Gecko; compatible; GPTBot/1.2; +https://openai.com/gptbot)"
20.171.207.118 - - [09/Sep/2025:00:15:15 +0700] "GET /?p=8602 HTTP/1.0" 301 490 "-" "Mozilla/5.0 AppleWebKit/537.36 (KHTML, like Gecko; compatible; GPTBot/1.2; +https://openai.com/gptbot)"
45.117.177.72 - - [09/Sep/2025:00:15:18 +0700] "POST /wp-cron.php?doing_wp_cron=1757351718.1511080265045166015625 HTTP/1.0" 200 416 "-" "WordPress/6.8.1; https://vattusacky.vn"
20.171.207.118 - - [09/Sep/2025:00:15:17 +0700] "GET /the-importance-of-consent-on-omegle-and-ometv/ HTTP/1.0" 200 89152 "-" "Mozilla/5.0 AppleWebKit/537.36 (KHTML, like Gecko; compatible; GPTBot/1.2; +https://openai.com/gptbot)"
20.171.207.118 - - [09/Sep/2025:00:15:41 +0700] "GET /?p=8854 HTTP/1.0" 301 634 "-" "Mozilla/5.0 AppleWebKit/537.36 (KHTML, like Gecko; compatible; GPTBot/1.2; +https://openai.com/gptbot)"
85.208.96.212 - - [09/Sep/2025:00:15:42 +0700] "GET /tips-on-how-to-claim-free-500-000-ugx-for-bets-112/ HTTP/1.0" 200 214109 "-" "Mozilla/5.0 (compatible; SemrushBot/7~bl; +http://www.semrush.com/bot.html)"
20.171.207.118 - - [09/Sep/2025:00:15:42 +0700] "GET /the-role-of-empathy-in-online-relationships/ HTTP/1.0" 200 91742 "-" "Mozilla/5.0 AppleWebKit/537.36 (KHTML, like Gecko; compatible; GPTBot/1.2; +https://openai.com/gptbot)"
54.39.89.166 - - [09/Sep/2025:00:15:48 +0700] "GET /category/uncategorized/page/40/ HTTP/1.0" 200 76227 "-" "Mozilla/5.0 (compatible; AhrefsBot/7.0; +http://ahrefs.com/robot/)"
20.171.207.118 - - [09/Sep/2025:00:16:05 +0700] "GET /?p=7838 HTTP/1.0" 301 488 "-" "Mozilla/5.0 AppleWebKit/537.36 (KHTML, like Gecko; compatible; GPTBot/1.2; +https://openai.com/gptbot)"
20.171.207.118 - - [09/Sep/2025:00:16:06 +0700] "GET /omegles-impact-on-online-dating-and-romance/ HTTP/1.0" 200 89129 "-" "Mozilla/5.0 AppleWebKit/537.36 (KHTML, like Gecko; compatible; GPTBot/1.2; +https://openai.com/gptbot)"
45.117.177.72 - - [09/Sep/2025:00:16:44 +0700] "POST /wp-cron.php?doing_wp_cron=1757351803.4081110954284667968750 HTTP/1.0" 200 416 "-" "WordPress/6.8.1; https://vattusacky.vn"
20.171.207.118 - - [09/Sep/2025:00:16:42 +0700] "GET /?p=7513 HTTP/1.0" 301 488 "-" "Mozilla/5.0 AppleWebKit/537.36 (KHTML, like Gecko; compatible; GPTBot/1.2; +https://openai.com/gptbot)"
20.171.207.118 - - [09/Sep/2025:00:16:46 +0700] "GET /omegle-and-the-evolution-of-online-chatting/ HTTP/1.0" 200 90435 "-" "Mozilla/5.0 AppleWebKit/537.36 (KHTML, like Gecko; compatible; GPTBot/1.2; +https://openai.com/gptbot)"
20.171.207.118 - - [09/Sep/2025:00:17:11 +0700] "GET /?p=9322 HTTP/1.0" 301 487 "-" "Mozilla/5.0 AppleWebKit/537.36 (KHTML, like Gecko; compatible; GPTBot/1.2; +https://openai.com/gptbot)"
45.117.177.72 - - [09/Sep/2025:00:17:24 +0700] "POST /wp-cron.php?doing_wp_cron=1757351843.9818079471588134765625 HTTP/1.0" 200 416 "-" "WordPress/6.8.1; https://vattusacky.vn"
20.171.207.118 - - [09/Sep/2025:00:17:22 +0700] "GET /tips-on-how-to-date-online-internationally/ HTTP/1.0" 200 76107 "-" "Mozilla/5.0 AppleWebKit/537.36 (KHTML, like Gecko; compatible; GPTBot/1.2; +https://openai.com/gptbot)"
20.171.207.118 - - [09/Sep/2025:00:17:50 +0700] "GET /bahis-siteleri-canl-casino-oyna-yeni-adresi/ HTTP/1.0" 200 83356 "-" "Mozilla/5.0 AppleWebKit/537.36 (KHTML, like Gecko; compatible; GPTBot/1.2; +https://openai.com/gptbot)"
45.117.177.72 - - [09/Sep/2025:00:18:19 +0700] "POST /wp-cron.php?doing_wp_cron=1757351899.1433091163635253906250 HTTP/1.0" 200 416 "-" "WordPress/6.8.1; https://vattusacky.vn"
142.44.233.65 - - [09/Sep/2025:00:18:17 +0700] "GET /exploring-the-role-of-anonymity-on-chatroulette-and-omegle/ HTTP/1.0" 200 91794 "-" "Mozilla/5.0 (compatible; AhrefsBot/7.0; +http://ahrefs.com/robot/)"
207.46.13.155 - - [09/Sep/2025:00:18:26 +0700] "GET /the-impact-of-omegle-on-social-interactions-a-cultural-perspective/ HTTP/1.0" 200 93573 "-" "Mozilla/5.0 AppleWebKit/537.36 (KHTML, like Gecko; compatible; bingbot/2.0; +http://www.bing.com/bingbot.htm) Chrome/116.0.1938.76 Safari/537.36"
20.171.207.118 - - [09/Sep/2025:00:18:28 +0700] "GET /omegle-and-the-impact-on-online-communities/ HTTP/1.0" 200 90112 "-" "Mozilla/5.0 AppleWebKit/537.36 (KHTML, like Gecko; compatible; GPTBot/1.2; +https://openai.com/gptbot)"
85.208.96.206 - - [09/Sep/2025:00:18:49 +0700] "GET /unmasking-the-hidden-dangers-of-omegle-strategies-for-a-secure-online-experience/ HTTP/1.0" 200 90454 "-" "Mozilla/5.0 (compatible; SemrushBot/7~bl; +http://www.semrush.com/bot.html)"
20.171.207.118 - - [09/Sep/2025:00:18:59 +0700] "GET /drip-casino-bonus-na-pervyj-depozit-rabochee/ HTTP/1.0" 200 92168 "-" "Mozilla/5.0 AppleWebKit/537.36 (KHTML, like Gecko; compatible; GPTBot/1.2; +https://openai.com/gptbot)"
45.117.177.72 - - [09/Sep/2025:00:19:42 +0700] "POST /wp-cron.php?doing_wp_cron=1757351982.6720070838928222656250 HTTP/1.0" 200 416 "-" "WordPress/6.8.1; https://vattusacky.vn"
20.171.207.118 - - [09/Sep/2025:00:19:41 +0700] "GET /?p=8887 HTTP/1.0" 301 487 "-" "Mozilla/5.0 AppleWebKit/537.36 (KHTML, like Gecko; compatible; GPTBot/1.2; +https://openai.com/gptbot)"
