85.208.96.204 - - [08/Sep/2025:07:46:20 +0700] "GET /robots.txt HTTP/1.0" 200 984 "-" "Mozilla/5.0 (compatible; SemrushBot/7~bl; +http://www.semrush.com/bot.html)"
85.208.96.193 - - [08/Sep/2025:07:46:22 +0700] "GET /category/uncategorized/page/73/ HTTP/1.0" 200 76909 "-" "Mozilla/5.0 (compatible; SemrushBot/7~bl; +http://www.semrush.com/bot.html)"
20.171.207.254 - - [08/Sep/2025:07:46:27 +0700] "GET /?p=8534 HTTP/1.0" 301 499 "-" "Mozilla/5.0 AppleWebKit/537.36 (KHTML, like Gecko; compatible; GPTBot/1.2; +https://openai.com/gptbot)"
20.171.207.254 - - [08/Sep/2025:07:46:28 +0700] "GET /the-impact-of-language-barrier-on-online-relationships/ HTTP/1.0" 200 92631 "-" "Mozilla/5.0 AppleWebKit/537.36 (KHTML, like Gecko; compatible; GPTBot/1.2; +https://openai.com/gptbot)"
45.117.177.72 - - [08/Sep/2025:07:46:52 +0700] "POST /wp-cron.php?doing_wp_cron=1757292412.5995700359344482421875 HTTP/1.0" 200 416 "-" "WordPress/6.8.1; https://vattusacky.vn"
20.171.207.254 - - [08/Sep/2025:07:46:51 +0700] "GET /?p=8965 HTTP/1.0" 301 499 "-" "Mozilla/5.0 AppleWebKit/537.36 (KHTML, like Gecko; compatible; GPTBot/1.2; +https://openai.com/gptbot)"
20.171.207.254 - - [08/Sep/2025:07:46:53 +0700] "GET /the-significance-of-trust-and-accountability-on-omegle/ HTTP/1.0" 200 90670 "-" "Mozilla/5.0 AppleWebKit/537.36 (KHTML, like Gecko; compatible; GPTBot/1.2; +https://openai.com/gptbot)"
45.117.177.72 - - [08/Sep/2025:07:47:18 +0700] "POST /wp-cron.php?doing_wp_cron=1757292437.8090300559997558593750 HTTP/1.0" 200 416 "-" "WordPress/6.8.1; https://vattusacky.vn"
20.171.207.254 - - [08/Sep/2025:07:47:16 +0700] "GET /omegle-vs-ometv-a-battle-of-anonymous-chat-apps/ HTTP/1.0" 200 92208 "-" "Mozilla/5.0 AppleWebKit/537.36 (KHTML, like Gecko; compatible; GPTBot/1.2; +https://openai.com/gptbot)"
20.171.207.254 - - [08/Sep/2025:07:47:29 +0700] "GET /?p=9015 HTTP/1.0" 301 499 "-" "Mozilla/5.0 AppleWebKit/537.36 (KHTML, like Gecko; compatible; GPTBot/1.2; +https://openai.com/gptbot)"
20.171.207.254 - - [08/Sep/2025:07:47:31 +0700] "GET /tips-for-avoiding-miscommunication-on-omegle-and-ometv/ HTTP/1.0" 200 92024 "-" "Mozilla/5.0 AppleWebKit/537.36 (KHTML, like Gecko; compatible; GPTBot/1.2; +https://openai.com/gptbot)"
20.171.207.254 - - [08/Sep/2025:07:48:07 +0700] "GET /the-unexpected-consequences-of-omegle-and-ometvs-success/ HTTP/1.0" 200 88141 "-" "Mozilla/5.0 AppleWebKit/537.36 (KHTML, like Gecko; compatible; GPTBot/1.2; +https://openai.com/gptbot)"
45.117.177.72 - - [08/Sep/2025:07:48:51 +0700] "POST /wp-cron.php?doing_wp_cron=1757292531.1064169406890869140625 HTTP/1.0" 200 416 "-" "WordPress/6.8.1; https://vattusacky.vn"
20.171.207.254 - - [08/Sep/2025:07:48:49 +0700] "GET /?p=8771 HTTP/1.0" 301 499 "-" "Mozilla/5.0 AppleWebKit/537.36 (KHTML, like Gecko; compatible; GPTBot/1.2; +https://openai.com/gptbot)"
20.171.207.254 - - [08/Sep/2025:07:48:51 +0700] "GET /the-psychology-of-trust-in-anonymous-omegle-encounters/ HTTP/1.0" 200 90304 "-" "Mozilla/5.0 AppleWebKit/537.36 (KHTML, like Gecko; compatible; GPTBot/1.2; +https://openai.com/gptbot)"
20.171.207.254 - - [08/Sep/2025:07:49:11 +0700] "GET /omegle-and-internet-addiction-recognizing-and-seeking-help/ HTTP/1.0" 200 92238 "-" "Mozilla/5.0 AppleWebKit/537.36 (KHTML, like Gecko; compatible; GPTBot/1.2; +https://openai.com/gptbot)"
45.117.177.72 - - [08/Sep/2025:07:49:42 +0700] "POST /wp-cron.php?doing_wp_cron=1757292581.9341199398040771484375 HTTP/1.0" 200 416 "-" "WordPress/6.8.1; https://vattusacky.vn"
20.171.207.254 - - [08/Sep/2025:07:49:40 +0700] "GET /?p=8231 HTTP/1.0" 301 499 "-" "Mozilla/5.0 AppleWebKit/537.36 (KHTML, like Gecko; compatible; GPTBot/1.2; +https://openai.com/gptbot)"
20.171.207.254 - - [08/Sep/2025:07:49:42 +0700] "GET /side-splitting-omegle-chat-fails-and-funny-experiences/ HTTP/1.0" 200 90357 "-" "Mozilla/5.0 AppleWebKit/537.36 (KHTML, like Gecko; compatible; GPTBot/1.2; +https://openai.com/gptbot)"
213.180.203.235 - - [08/Sep/2025:07:50:01 +0700] "GET /find-the-best-online-slots-machines-for-free/ HTTP/1.0" 200 74928 "-" "Mozilla/5.0 (compatible; YandexBot/3.0; +http://yandex.com/bots)"
20.171.207.254 - - [08/Sep/2025:07:50:12 +0700] "GET /the-changing-landscape-of-anonymity-how-omegle-keeps-up/ HTTP/1.0" 200 78529 "-" "Mozilla/5.0 AppleWebKit/537.36 (KHTML, like Gecko; compatible; GPTBot/1.2; +https://openai.com/gptbot)"
45.117.177.72 - - [08/Sep/2025:07:50:30 +0700] "POST /wp-cron.php?doing_wp_cron=1757292629.9728970527648925781250 HTTP/1.0" 200 416 "-" "WordPress/6.8.1; https://vattusacky.vn"
20.171.207.254 - - [08/Sep/2025:07:50:28 +0700] "GET /the-role-of-body-language-in-online-interactions/ HTTP/1.0" 200 93556 "-" "Mozilla/5.0 AppleWebKit/537.36 (KHTML, like Gecko; compatible; GPTBot/1.2; +https://openai.com/gptbot)"
20.171.207.254 - - [08/Sep/2025:07:50:53 +0700] "GET /?p=8832 HTTP/1.0" 301 499 "-" "Mozilla/5.0 AppleWebKit/537.36 (KHTML, like Gecko; compatible; GPTBot/1.2; +https://openai.com/gptbot)"
20.171.207.254 - - [08/Sep/2025:07:50:54 +0700] "GET /the-role-of-communication-in-omegles-social-experiment/ HTTP/1.0" 200 82669 "-" "Mozilla/5.0 AppleWebKit/537.36 (KHTML, like Gecko; compatible; GPTBot/1.2; +https://openai.com/gptbot)"
20.171.207.254 - - [08/Sep/2025:07:51:14 +0700] "GET /the-role-of-communication-styles-in-online-interactions/ HTTP/1.0" 200 88889 "-" "Mozilla/5.0 AppleWebKit/537.36 (KHTML, like Gecko; compatible; GPTBot/1.2; +https://openai.com/gptbot)"
45.117.177.72 - - [08/Sep/2025:07:51:33 +0700] "POST /wp-cron.php?doing_wp_cron=1757292693.7141170501708984375000 HTTP/1.0" 200 416 "-" "WordPress/6.8.1; https://vattusacky.vn"
20.171.207.254 - - [08/Sep/2025:07:51:32 +0700] "GET /the-psychological-effects-of-online-anonymity-on-omegle/ HTTP/1.0" 200 93339 "-" "Mozilla/5.0 AppleWebKit/537.36 (KHTML, like Gecko; compatible; GPTBot/1.2; +https://openai.com/gptbot)"
20.171.207.4 - - [08/Sep/2025:07:51:41 +0700] "GET /CHANGELOG.txt HTTP/1.0" 301 677 "-" "Mozilla/5.0 AppleWebKit/537.36 (KHTML, like Gecko; compatible; GPTBot/1.2; +https://openai.com/gptbot)"
85.208.96.198 - - [08/Sep/2025:07:51:44 +0700] "GET /ideal-virus-protection-for-mac/ HTTP/1.0" 200 205351 "-" "Mozilla/5.0 (compatible; SemrushBot/7~bl; +http://www.semrush.com/bot.html)"
20.171.207.254 - - [08/Sep/2025:07:51:49 +0700] "GET /omegles-role-in-digital-detox-disconnecting-in-a-connected-world/ HTTP/1.0" 200 94457 "-" "Mozilla/5.0 AppleWebKit/537.36 (KHTML, like Gecko; compatible; GPTBot/1.2; +https://openai.com/gptbot)"
20.171.207.4 - - [08/Sep/2025:07:52:00 +0700] "GET /Telerik.Web.UI.WebResource.axd?type=rau HTTP/1.0" 301 549 "-" "Mozilla/5.0 AppleWebKit/537.36 (KHTML, like Gecko; compatible; GPTBot/1.2; +https://openai.com/gptbot)"
20.171.207.254 - - [08/Sep/2025:07:52:08 +0700] "GET /the-magic-of-omegle-where-strangers-become-storytellers/ HTTP/1.0" 200 91798 "-" "Mozilla/5.0 AppleWebKit/537.36 (KHTML, like Gecko; compatible; GPTBot/1.2; +https://openai.com/gptbot)"
20.171.207.4 - - [08/Sep/2025:07:52:14 +0700] "GET /Telerik.Web.UI.WebResource.axd?type=rau HTTP/1.0" 301 549 "-" "Mozilla/5.0 AppleWebKit/537.36 (KHTML, like Gecko; compatible; GPTBot/1.2; +https://openai.com/gptbot)"
45.117.177.72 - - [08/Sep/2025:07:52:36 +0700] "POST /wp-cron.php?doing_wp_cron=1757292756.2494719028472900390625 HTTP/1.0" 200 416 "-" "WordPress/6.8.1; https://vattusacky.vn"
4.227.36.32 - - [08/Sep/2025:07:52:35 +0700] "GET /robots.txt HTTP/1.0" 200 984 "http://vattusacky.vn/robots.txt" "Mozilla/5.0 AppleWebKit/537.36 (KHTML, like Gecko; compatible; GPTBot/1.2; +https://openai.com/gptbot)"
20.171.207.4 - - [08/Sep/2025:07:52:35 +0700] "GET /laravel-filemanager HTTP/1.0" 301 529 "-" "Mozilla/5.0 AppleWebKit/537.36 (KHTML, like Gecko; compatible; GPTBot/1.2; +https://openai.com/gptbot)"
20.171.207.254 - - [08/Sep/2025:07:52:37 +0700] "GET /?p=8821 HTTP/1.0" 301 493 "-" "Mozilla/5.0 AppleWebKit/537.36 (KHTML, like Gecko; compatible; GPTBot/1.2; +https://openai.com/gptbot)"
20.171.207.254 - - [08/Sep/2025:07:52:38 +0700] "GET /the-role-of-body-language-in-online-interactions/ HTTP/1.0" 200 93556 "-" "Mozilla/5.0 AppleWebKit/537.36 (KHTML, like Gecko; compatible; GPTBot/1.2; +https://openai.com/gptbot)"
20.171.207.4 - - [08/Sep/2025:07:53:00 +0700] "GET /laravel-filemanager HTTP/1.0" 301 529 "-" "Mozilla/5.0 AppleWebKit/537.36 (KHTML, like Gecko; compatible; GPTBot/1.2; +https://openai.com/gptbot)"
20.171.207.4 - - [08/Sep/2025:07:53:25 +0700] "GET /etc/passwd HTTP/1.0" 301 520 "-" "Mozilla/5.0 AppleWebKit/537.36 (KHTML, like Gecko; compatible; GPTBot/1.2; +https://openai.com/gptbot)"
45.117.177.72 - - [08/Sep/2025:07:53:27 +0700] "POST /wp-cron.php?doing_wp_cron=1757292806.9945681095123291015625 HTTP/1.0" 200 416 "-" "WordPress/6.8.1; https://vattusacky.vn"
20.171.207.254 - - [08/Sep/2025:07:53:25 +0700] "GET /?p=8833 HTTP/1.0" 301 500 "-" "Mozilla/5.0 AppleWebKit/537.36 (KHTML, like Gecko; compatible; GPTBot/1.2; +https://openai.com/gptbot)"
20.171.207.254 - - [08/Sep/2025:07:53:27 +0700] "GET /the-role-of-communication-styles-in-online-interactions/ HTTP/1.0" 200 88889 "-" "Mozilla/5.0 AppleWebKit/537.36 (KHTML, like Gecko; compatible; GPTBot/1.2; +https://openai.com/gptbot)"
20.171.207.4 - - [08/Sep/2025:07:53:50 +0700] "GET /etc/passwd HTTP/1.0" 301 520 "-" "Mozilla/5.0 AppleWebKit/537.36 (KHTML, like Gecko; compatible; GPTBot/1.2; +https://openai.com/gptbot)"
20.171.207.254 - - [08/Sep/2025:07:53:56 +0700] "GET /omegle-alternatives-other-platforms-similar-to-omegle-to-try-out/ HTTP/1.0" 200 88291 "-" "Mozilla/5.0 AppleWebKit/537.36 (KHTML, like Gecko; compatible; GPTBot/1.2; +https://openai.com/gptbot)"
20.171.207.4 - - [08/Sep/2025:07:54:15 +0700] "GET /CHANGELOG.txt HTTP/1.0" 301 523 "-" "Mozilla/5.0 AppleWebKit/537.36 (KHTML, like Gecko; compatible; GPTBot/1.2; +https://openai.com/gptbot)"
45.117.177.72 - - [08/Sep/2025:07:54:18 +0700] "POST /wp-cron.php?doing_wp_cron=1757292858.5155611038208007812500 HTTP/1.0" 200 416 "-" "WordPress/6.8.1; https://vattusacky.vn"
20.171.207.254 - - [08/Sep/2025:07:54:17 +0700] "GET /?p=7344 HTTP/1.0" 301 503 "-" "Mozilla/5.0 AppleWebKit/537.36 (KHTML, like Gecko; compatible; GPTBot/1.2; +https://openai.com/gptbot)"
20.171.207.254 - - [08/Sep/2025:07:54:19 +0700] "GET /omegle-and-internet-addiction-recognizing-and-seeking-help/ HTTP/1.0" 200 92238 "-" "Mozilla/5.0 AppleWebKit/537.36 (KHTML, like Gecko; compatible; GPTBot/1.2; +https://openai.com/gptbot)"
20.171.207.4 - - [08/Sep/2025:07:54:41 +0700] "GET / HTTP/1.0" 301 444 "-" "Mozilla/5.0 AppleWebKit/537.36 (KHTML, like Gecko; compatible; GPTBot/1.2; +https://openai.com/gptbot)"
20.171.207.254 - - [08/Sep/2025:07:54:42 +0700] "GET /?p=7730 HTTP/1.0" 301 492 "-" "Mozilla/5.0 AppleWebKit/537.36 (KHTML, like Gecko; compatible; GPTBot/1.2; +https://openai.com/gptbot)"
20.171.207.254 - - [08/Sep/2025:07:54:44 +0700] "GET /omegle-vs-ometv-a-battle-of-anonymous-chat-apps/ HTTP/1.0" 200 92208 "-" "Mozilla/5.0 AppleWebKit/537.36 (KHTML, like Gecko; compatible; GPTBot/1.2; +https://openai.com/gptbot)"
20.171.207.254 - - [08/Sep/2025:07:54:57 +0700] "GET /?p=9002 HTTP/1.0" 301 501 "-" "Mozilla/5.0 AppleWebKit/537.36 (KHTML, like Gecko; compatible; GPTBot/1.2; +https://openai.com/gptbot)"
20.171.207.4 - - [08/Sep/2025:07:54:57 +0700] "GET /robots.txt HTTP/1.0" 301 408 "-" "Mozilla/5.0 AppleWebKit/537.36 (KHTML, like Gecko; compatible; GPTBot/1.2; +https://openai.com/gptbot)"
20.171.207.254 - - [08/Sep/2025:07:54:58 +0700] "GET /the-unexpected-consequences-of-omegle-and-ometvs-success/ HTTP/1.0" 200 88141 "-" "Mozilla/5.0 AppleWebKit/537.36 (KHTML, like Gecko; compatible; GPTBot/1.2; +https://openai.com/gptbot)"
20.171.207.254 - - [08/Sep/2025:07:55:15 +0700] "GET /?p=8356 HTTP/1.0" 301 646 "-" "Mozilla/5.0 AppleWebKit/537.36 (KHTML, like Gecko; compatible; GPTBot/1.2; +https://openai.com/gptbot)"
45.117.177.72 - - [08/Sep/2025:07:55:18 +0700] "POST /wp-cron.php?doing_wp_cron=1757292917.9474239349365234375000 HTTP/1.0" 200 416 "-" "WordPress/6.8.1; https://vattusacky.vn"
20.171.207.254 - - [08/Sep/2025:07:55:16 +0700] "GET /the-changing-landscape-of-anonymity-how-omegle-keeps-up/ HTTP/1.0" 200 78383 "-" "Mozilla/5.0 AppleWebKit/537.36 (KHTML, like Gecko; compatible; GPTBot/1.2; +https://openai.com/gptbot)"
20.171.207.4 - - [08/Sep/2025:07:55:17 +0700] "GET /wordpress/ HTTP/1.0" 301 520 "-" "Mozilla/5.0 AppleWebKit/537.36 (KHTML, like Gecko; compatible; GPTBot/1.2; +https://openai.com/gptbot)"
20.171.207.254 - - [08/Sep/2025:07:55:30 +0700] "GET /omegle-and-virtual-tourism-exploring-new-destinations-from-the-comfort-of-home/ HTTP/1.0" 200 91750 "-" "Mozilla/5.0 AppleWebKit/537.36 (KHTML, like Gecko; compatible; GPTBot/1.2; +https://openai.com/gptbot)"
20.171.207.4 - - [08/Sep/2025:07:55:32 +0700] "GET /robots.txt HTTP/1.0" 301 408 "-" "Mozilla/5.0 AppleWebKit/537.36 (KHTML, like Gecko; compatible; GPTBot/1.2; +https://openai.com/gptbot)"
20.171.207.254 - - [08/Sep/2025:07:55:43 +0700] "GET /krippa-maks-biografija-max-krippa-poplurnye-fakty-513 HTTP/1.0" 301 498 "-" "Mozilla/5.0 AppleWebKit/537.36 (KHTML, like Gecko; compatible; GPTBot/1.2; +https://openai.com/gptbot)"
20.171.207.254 - - [08/Sep/2025:07:55:45 +0700] "GET /krippa-maks-biografija-max-krippa-poplurnye-fakty-513/ HTTP/1.0" 200 230715 "-" "Mozilla/5.0 AppleWebKit/537.36 (KHTML, like Gecko; compatible; GPTBot/1.2; +https://openai.com/gptbot)"
20.171.207.4 - - [08/Sep/2025:07:55:53 +0700] "GET / HTTP/1.0" 301 444 "-" "Mozilla/5.0 AppleWebKit/537.36 (KHTML, like Gecko; compatible; GPTBot/1.2; +https://openai.com/gptbot)"
20.171.207.254 - - [08/Sep/2025:07:56:04 +0700] "GET /?p=4776 HTTP/1.0" 301 478 "-" "Mozilla/5.0 AppleWebKit/537.36 (KHTML, like Gecko; compatible; GPTBot/1.2; +https://openai.com/gptbot)"
20.171.207.254 - - [08/Sep/2025:07:56:05 +0700] "GET /choosing-a-top-plank-room-carrier/ HTTP/1.0" 200 205189 "-" "Mozilla/5.0 AppleWebKit/537.36 (KHTML, like Gecko; compatible; GPTBot/1.2; +https://openai.com/gptbot)"
45.117.177.72 - - [08/Sep/2025:07:56:36 +0700] "POST /wp-cron.php?doing_wp_cron=1757292996.0829598903656005859375 HTTP/1.0" 200 416 "-" "WordPress/6.8.1; https://vattusacky.vn"
20.171.207.254 - - [08/Sep/2025:07:56:34 +0700] "GET /?p=9771 HTTP/1.0" 301 583 "-" "Mozilla/5.0 AppleWebKit/537.36 (KHTML, like Gecko; compatible; GPTBot/1.2; +https://openai.com/gptbot)"
20.171.207.254 - - [08/Sep/2025:07:56:36 +0700] "GET /pin-ap-opustimsya-v-mir-azarta-i-razvlecheniy-sredi-peredovykh-saytov-dlya-igry-na-realnye-dengi-i-pari-s-ispolzovaniem-depozita-i-bonusov/ HTTP/1.0" 200 117498 "-" "Mozilla/5.0 AppleWebKit/537.36 (KHTML, like Gecko; compatible; GPTBot/1.2; +https://openai.com/gptbot)"
20.171.207.254 - - [08/Sep/2025:07:57:01 +0700] "GET /author/yanz/page/359 HTTP/1.0" 301 419 "-" "Mozilla/5.0 AppleWebKit/537.36 (KHTML, like Gecko; compatible; GPTBot/1.2; +https://openai.com/gptbot)"
20.171.207.254 - - [08/Sep/2025:07:57:03 +0700] "GET /author/yanz/page/359/ HTTP/1.0" 200 77687 "-" "Mozilla/5.0 AppleWebKit/537.36 (KHTML, like Gecko; compatible; GPTBot/1.2; +https://openai.com/gptbot)"
65.55.210.179 - - [08/Sep/2025:07:57:08 +0700] "GET /san-pham/tram-bom-mau-bui-tsp-khong-choi-than-3-cap-microsd-card/ HTTP/1.0" 200 374496 "-" "Mozilla/5.0 AppleWebKit/537.36 (KHTML, like Gecko; compatible; bingbot/2.0; +http://www.bing.com/bingbot.htm) Chrome/100.0.4896.127 Safari/537.36"
20.171.207.4 - - [08/Sep/2025:07:57:13 +0700] "GET /.well-known/acme-challenge/upfile.php HTTP/2.0" 404 88 "-" "Mozilla/5.0 AppleWebKit/537.36 (KHTML, like Gecko; compatible; GPTBot/1.2; +https://openai.com/gptbot)"
45.117.177.72 - - [08/Sep/2025:07:57:21 +0700] "POST /wp-cron.php?doing_wp_cron=1757293040.9529840946197509765625 HTTP/1.0" 200 416 "-" "WordPress/6.8.1; https://vattusacky.vn"
20.171.207.254 - - [08/Sep/2025:07:57:19 +0700] "GET /?p=4199 HTTP/1.0" 301 469 "-" "Mozilla/5.0 AppleWebKit/537.36 (KHTML, like Gecko; compatible; GPTBot/1.2; +https://openai.com/gptbot)"
20.171.207.254 - - [08/Sep/2025:07:57:21 +0700] "GET /7cric-on-line-casino-106/ HTTP/1.0" 200 241921 "-" "Mozilla/5.0 AppleWebKit/537.36 (KHTML, like Gecko; compatible; GPTBot/1.2; +https://openai.com/gptbot)"
20.171.207.4 - - [08/Sep/2025:07:57:44 +0700] "GET /.well-known/pki-validation/moon.php HTTP/2.0" 404 88 "-" "Mozilla/5.0 AppleWebKit/537.36 (KHTML, like Gecko; compatible; GPTBot/1.2; +https://openai.com/gptbot)"
20.171.207.254 - - [08/Sep/2025:07:57:45 +0700] "GET /?p=4917 HTTP/1.0" 301 490 "-" "Mozilla/5.0 AppleWebKit/537.36 (KHTML, like Gecko; compatible; GPTBot/1.2; +https://openai.com/gptbot)"
20.171.207.254 - - [08/Sep/2025:07:57:46 +0700] "GET /best-places-to-buy-cheap-viagra-online-in-usa/ HTTP/1.0" 200 229532 "-" "Mozilla/5.0 AppleWebKit/537.36 (KHTML, like Gecko; compatible; GPTBot/1.2; +https://openai.com/gptbot)"
20.171.207.254 - - [08/Sep/2025:07:58:06 +0700] "GET /?p=6064 HTTP/1.0" 301 459 "-" "Mozilla/5.0 AppleWebKit/537.36 (KHTML, like Gecko; compatible; GPTBot/1.2; +https://openai.com/gptbot)"
20.171.207.254 - - [08/Sep/2025:07:58:07 +0700] "GET /betwinner-1614/ HTTP/1.0" 200 78384 "-" "Mozilla/5.0 AppleWebKit/537.36 (KHTML, like Gecko; compatible; GPTBot/1.2; +https://openai.com/gptbot)"
20.171.207.4 - - [08/Sep/2025:07:58:19 +0700] "GET /.well-known/acme-challenge/index.php HTTP/2.0" 404 88 "-" "Mozilla/5.0 AppleWebKit/537.36 (KHTML, like Gecko; compatible; GPTBot/1.2; +https://openai.com/gptbot)"
45.117.177.72 - - [08/Sep/2025:07:58:30 +0700] "POST /wp-cron.php?doing_wp_cron=1757293110.6468451023101806640625 HTTP/1.0" 200 416 "-" "WordPress/6.8.1; https://vattusacky.vn"
20.171.207.254 - - [08/Sep/2025:07:58:29 +0700] "GET /?p=7946 HTTP/1.0" 301 509 "-" "Mozilla/5.0 AppleWebKit/537.36 (KHTML, like Gecko; compatible; GPTBot/1.2; +https://openai.com/gptbot)"
20.171.207.254 - - [08/Sep/2025:07:58:31 +0700] "GET /omegles-role-in-digital-detox-disconnecting-in-a-connected-world/ HTTP/1.0" 200 94457 "-" "Mozilla/5.0 AppleWebKit/537.36 (KHTML, like Gecko; compatible; GPTBot/1.2; +https://openai.com/gptbot)"
20.171.207.4 - - [08/Sep/2025:07:58:52 +0700] "GET /.well-known/pki-validation/index.php HTTP/2.0" 404 88 "-" "Mozilla/5.0 AppleWebKit/537.36 (KHTML, like Gecko; compatible; GPTBot/1.2; +https://openai.com/gptbot)"
20.171.207.254 - - [08/Sep/2025:07:58:53 +0700] "GET /?p=9903 HTTP/1.0" 301 494 "-" "Mozilla/5.0 AppleWebKit/537.36 (KHTML, like Gecko; compatible; GPTBot/1.2; +https://openai.com/gptbot)"
20.171.207.254 - - [08/Sep/2025:07:58:54 +0700] "GET /leovegas-kom-igaang-blixtsnabbt-med-mobilt-bankid/ HTTP/1.0" 200 87602 "-" "Mozilla/5.0 AppleWebKit/537.36 (KHTML, like Gecko; compatible; GPTBot/1.2; +https://openai.com/gptbot)"
20.171.207.254 - - [08/Sep/2025:07:59:06 +0700] "GET /?p=6254 HTTP/1.0" 301 497 "-" "Mozilla/5.0 AppleWebKit/537.36 (KHTML, like Gecko; compatible; GPTBot/1.2; +https://openai.com/gptbot)"
20.171.207.254 - - [08/Sep/2025:07:59:08 +0700] "GET /bridging-distances-video-vs-text-on-omegle-and-ometv/ HTTP/1.0" 200 93865 "-" "Mozilla/5.0 AppleWebKit/537.36 (KHTML, like Gecko; compatible; GPTBot/1.2; +https://openai.com/gptbot)"
20.171.207.4 - - [08/Sep/2025:07:59:14 +0700] "GET /.well-known/pki-validation/about.php HTTP/2.0" 404 88 "-" "Mozilla/5.0 AppleWebKit/537.36 (KHTML, like Gecko; compatible; GPTBot/1.2; +https://openai.com/gptbot)"
85.208.96.201 - - [08/Sep/2025:07:59:19 +0700] "GET /drip-casino-bystraja-versija-drip-kazino/ HTTP/1.0" 200 92169 "-" "Mozilla/5.0 (compatible; SemrushBot/7~bl; +http://www.semrush.com/bot.html)"
45.117.177.72 - - [08/Sep/2025:07:59:22 +0700] "POST /wp-cron.php?doing_wp_cron=1757293161.9750449657440185546875 HTTP/1.0" 200 416 "-" "WordPress/6.8.1; https://vattusacky.vn"
20.171.207.254 - - [08/Sep/2025:07:59:20 +0700] "GET /?p=10865 HTTP/1.0" 301 436 "-" "Mozilla/5.0 AppleWebKit/537.36 (KHTML, like Gecko; compatible; GPTBot/1.2; +https://openai.com/gptbot)"
20.171.207.254 - - [08/Sep/2025:07:59:23 +0700] "GET /the-strategy-behind-mahjong-solitaire/ HTTP/1.0" 200 71382 "-" "Mozilla/5.0 AppleWebKit/537.36 (KHTML, like Gecko; compatible; GPTBot/1.2; +https://openai.com/gptbot)"
20.171.207.4 - - [08/Sep/2025:07:59:31 +0700] "GET /.well-known/acme-challenge/about.php HTTP/2.0" 404 88 "-" "Mozilla/5.0 AppleWebKit/537.36 (KHTML, like Gecko; compatible; GPTBot/1.2; +https://openai.com/gptbot)"
20.171.207.254 - - [08/Sep/2025:07:59:41 +0700] "GET /?p=10842 HTTP/1.0" 301 452 "-" "Mozilla/5.0 AppleWebKit/537.36 (KHTML, like Gecko; compatible; GPTBot/1.2; +https://openai.com/gptbot)"
20.171.207.254 - - [08/Sep/2025:07:59:42 +0700] "GET /what-you-need-to-know-about-a-no-deposit-casino-bonus/ HTTP/1.0" 200 75985 "-" "Mozilla/5.0 AppleWebKit/537.36 (KHTML, like Gecko; compatible; GPTBot/1.2; +https://openai.com/gptbot)"
20.171.207.254 - - [08/Sep/2025:08:00:04 +0700] "GET /?p=10427 HTTP/1.0" 301 527 "-" "Mozilla/5.0 AppleWebKit/537.36 (KHTML, like Gecko; compatible; GPTBot/1.2; +https://openai.com/gptbot)"
20.171.207.254 - - [08/Sep/2025:08:00:05 +0700] "GET /just-how-adaptive-are-you-to-having-an-associate-from-a-unique-culture-to-your-own/ HTTP/1.0" 200 73193 "-" "Mozilla/5.0 AppleWebKit/537.36 (KHTML, like Gecko; compatible; GPTBot/1.2; +https://openai.com/gptbot)"
45.117.177.72 - - [08/Sep/2025:08:00:22 +0700] "POST /wp-cron.php?doing_wp_cron=1757293222.3274168968200683593750 HTTP/1.0" 200 416 "-" "WordPress/6.8.1; https://vattusacky.vn"
20.171.207.254 - - [08/Sep/2025:08:00:21 +0700] "GET /?p=10846 HTTP/1.0" 301 596 "-" "Mozilla/5.0 AppleWebKit/537.36 (KHTML, like Gecko; compatible; GPTBot/1.2; +https://openai.com/gptbot)"
20.171.207.254 - - [08/Sep/2025:08:00:22 +0700] "GET /play-for-free-slot-machines-online-slots-at-casinos/ HTTP/1.0" 200 74508 "-" "Mozilla/5.0 AppleWebKit/537.36 (KHTML, like Gecko; compatible; GPTBot/1.2; +https://openai.com/gptbot)"
20.171.207.254 - - [08/Sep/2025:08:00:36 +0700] "GET /?p=10827 HTTP/1.0" 301 406 "-" "Mozilla/5.0 AppleWebKit/537.36 (KHTML, like Gecko; compatible; GPTBot/1.2; +https://openai.com/gptbot)"
20.171.207.254 - - [08/Sep/2025:08:00:47 +0700] "GET /10827-2/ HTTP/1.0" 200 73196 "-" "Mozilla/5.0 AppleWebKit/537.36 (KHTML, like Gecko; compatible; GPTBot/1.2; +https://openai.com/gptbot)"
45.117.177.72 - - [08/Sep/2025:08:01:10 +0700] "POST /wp-cron.php?doing_wp_cron=1757293270.7256779670715332031250 HTTP/1.0" 200 416 "-" "WordPress/6.8.1; https://vattusacky.vn"
20.171.207.254 - - [08/Sep/2025:08:01:09 +0700] "GET /?p=10326 HTTP/1.0" 301 505 "-" "Mozilla/5.0 AppleWebKit/537.36 (KHTML, like Gecko; compatible; GPTBot/1.2; +https://openai.com/gptbot)"
20.171.207.254 - - [08/Sep/2025:08:01:11 +0700] "GET /1xbet-giri-1xbahis-canl-casino-1x-bet-bahis-yeni-adresi-2023/ HTTP/1.0" 200 98327 "-" "Mozilla/5.0 AppleWebKit/537.36 (KHTML, like Gecko; compatible; GPTBot/1.2; +https://openai.com/gptbot)"
45.117.177.72 - - [08/Sep/2025:08:01:32 +0700] "POST /wp-cron.php?doing_wp_cron=1757293292.1450989246368408203125 HTTP/1.0" 200 416 "-" "WordPress/6.8.1; https://vattusacky.vn"
20.171.207.254 - - [08/Sep/2025:08:01:30 +0700] "GET /betwinner-1351/ HTTP/1.0" 200 78505 "-" "Mozilla/5.0 AppleWebKit/537.36 (KHTML, like Gecko; compatible; GPTBot/1.2; +https://openai.com/gptbot)"
104.210.140.138 - - [08/Sep/2025:08:01:40 +0700] "GET /robots.txt HTTP/1.0" 200 984 "-" "Mozilla/5.0 (Macintosh; Intel Mac OS X 10_15_7) AppleWebKit/537.36 (KHTML, like Gecko) Chrome/131.0.0.0 Safari/537.36; compatible; OAI-SearchBot/1.0; +https://openai.com/searchbot"
20.171.207.254 - - [08/Sep/2025:08:01:43 +0700] "GET /?p=10524 HTTP/1.0" 301 461 "-" "Mozilla/5.0 AppleWebKit/537.36 (KHTML, like Gecko; compatible; GPTBot/1.2; +https://openai.com/gptbot)"
20.171.207.254 - - [08/Sep/2025:08:01:44 +0700] "GET /1xbet-india-96-2/ HTTP/1.0" 200 113621 "-" "Mozilla/5.0 AppleWebKit/537.36 (KHTML, like Gecko; compatible; GPTBot/1.2; +https://openai.com/gptbot)"
20.171.207.254 - - [08/Sep/2025:08:01:58 +0700] "GET /?p=10429 HTTP/1.0" 301 490 "-" "Mozilla/5.0 AppleWebKit/537.36 (KHTML, like Gecko; compatible; GPTBot/1.2; +https://openai.com/gptbot)"
20.171.207.254 - - [08/Sep/2025:08:02:00 +0700] "GET /1win-en-guvenilir-casino-sitesi-guncel-sitesi/ HTTP/1.0" 200 85421 "-" "Mozilla/5.0 AppleWebKit/537.36 (KHTML, like Gecko; compatible; GPTBot/1.2; +https://openai.com/gptbot)"
20.171.207.254 - - [08/Sep/2025:08:02:14 +0700] "GET /?p=10324 HTTP/1.0" 301 494 "-" "Mozilla/5.0 AppleWebKit/537.36 (KHTML, like Gecko; compatible; GPTBot/1.2; +https://openai.com/gptbot)"
20.171.207.254 - - [08/Sep/2025:08:02:15 +0700] "GET /earning-a-six-figure-income-from-bilet-na-avtobus/ HTTP/1.0" 200 108594 "-" "Mozilla/5.0 AppleWebKit/537.36 (KHTML, like Gecko; compatible; GPTBot/1.2; +https://openai.com/gptbot)"
20.171.207.254 - - [08/Sep/2025:08:02:29 +0700] "GET /?p=10465 HTTP/1.0" 301 481 "-" "Mozilla/5.0 AppleWebKit/537.36 (KHTML, like Gecko; compatible; GPTBot/1.2; +https://openai.com/gptbot)"
20.171.207.254 - - [08/Sep/2025:08:02:36 +0700] "GET /how-long-until-viagra-starts-working/ HTTP/1.0" 200 81761 "-" "Mozilla/5.0 AppleWebKit/537.36 (KHTML, like Gecko; compatible; GPTBot/1.2; +https://openai.com/gptbot)"
20.171.207.254 - - [08/Sep/2025:08:03:01 +0700] "GET /?p=10423 HTTP/1.0" 301 483 "-" "Mozilla/5.0 AppleWebKit/537.36 (KHTML, like Gecko; compatible; GPTBot/1.2; +https://openai.com/gptbot)"
20.171.207.254 - - [08/Sep/2025:08:03:03 +0700] "GET /getting-someone-in-a-different-country/ HTTP/1.0" 200 72015 "-" "Mozilla/5.0 AppleWebKit/537.36 (KHTML, like Gecko; compatible; GPTBot/1.2; +https://openai.com/gptbot)"
20.171.207.254 - - [08/Sep/2025:08:03:24 +0700] "GET /?p=10678 HTTP/1.0" 301 493 "-" "Mozilla/5.0 AppleWebKit/537.36 (KHTML, like Gecko; compatible; GPTBot/1.2; +https://openai.com/gptbot)"
20.171.207.254 - - [08/Sep/2025:08:03:26 +0700] "GET /gay-kopija-10-kopija-kopija-kopija-kopija-kopija/ HTTP/1.0" 200 73890 "-" "Mozilla/5.0 AppleWebKit/537.36 (KHTML, like Gecko; compatible; GPTBot/1.2; +https://openai.com/gptbot)"
45.117.177.72 - - [08/Sep/2025:08:03:47 +0700] "POST /wp-cron.php?doing_wp_cron=1757293426.8654530048370361328125 HTTP/1.0" 200 416 "-" "WordPress/6.8.1; https://vattusacky.vn"
20.171.207.254 - - [08/Sep/2025:08:03:45 +0700] "GET /?p=10482 HTTP/1.0" 301 483 "-" "Mozilla/5.0 AppleWebKit/537.36 (KHTML, like Gecko; compatible; GPTBot/1.2; +https://openai.com/gptbot)"
20.171.207.254 - - [08/Sep/2025:08:03:47 +0700] "GET /what-age-can-dogs-start-seresto-collar/ HTTP/1.0" 200 74688 "-" "Mozilla/5.0 AppleWebKit/537.36 (KHTML, like Gecko; compatible; GPTBot/1.2; +https://openai.com/gptbot)"
20.171.207.254 - - [08/Sep/2025:08:04:08 +0700] "GET /?p=10387 HTTP/1.0" 301 406 "-" "Mozilla/5.0 AppleWebKit/537.36 (KHTML, like Gecko; compatible; GPTBot/1.2; +https://openai.com/gptbot)"
20.171.207.254 - - [08/Sep/2025:08:04:10 +0700] "GET /10387-2/ HTTP/1.0" 200 72866 "-" "Mozilla/5.0 AppleWebKit/537.36 (KHTML, like Gecko; compatible; GPTBot/1.2; +https://openai.com/gptbot)"
45.117.177.72 - - [08/Sep/2025:08:04:54 +0700] "POST /wp-cron.php?doing_wp_cron=1757293494.4309639930725097656250 HTTP/1.0" 200 416 "-" "WordPress/6.8.1; https://vattusacky.vn"
20.171.207.254 - - [08/Sep/2025:08:04:53 +0700] "GET /?p=10265 HTTP/1.0" 301 491 "-" "Mozilla/5.0 AppleWebKit/537.36 (KHTML, like Gecko; compatible; GPTBot/1.2; +https://openai.com/gptbot)"
20.171.207.254 - - [08/Sep/2025:08:04:54 +0700] "GET /raging-bull-movie-where-to-watch-stream-online/ HTTP/1.0" 200 96654 "-" "Mozilla/5.0 AppleWebKit/537.36 (KHTML, like Gecko; compatible; GPTBot/1.2; +https://openai.com/gptbot)"
45.117.177.72 - - [08/Sep/2025:08:05:29 +0700] "POST /wp-cron.php?doing_wp_cron=1757293529.1176900863647460937500 HTTP/1.0" 200 416 "-" "WordPress/6.8.1; https://vattusacky.vn"
20.171.207.254 - - [08/Sep/2025:08:05:27 +0700] "GET /?p=10684 HTTP/1.0" 301 644 "-" "Mozilla/5.0 AppleWebKit/537.36 (KHTML, like Gecko; compatible; GPTBot/1.2; +https://openai.com/gptbot)"
20.171.207.254 - - [08/Sep/2025:08:05:29 +0700] "GET /playamo-on-line-casino-australia-finest-on-the-web-11/ HTTP/1.0" 200 75667 "-" "Mozilla/5.0 AppleWebKit/537.36 (KHTML, like Gecko; compatible; GPTBot/1.2; +https://openai.com/gptbot)"
20.171.207.254 - - [08/Sep/2025:08:05:58 +0700] "GET /?p=10674 HTTP/1.0" 301 462 "-" "Mozilla/5.0 AppleWebKit/537.36 (KHTML, like Gecko; compatible; GPTBot/1.2; +https://openai.com/gptbot)"
20.171.207.254 - - [08/Sep/2025:08:06:01 +0700] "GET /safe-fast-payouts/ HTTP/1.0" 200 129036 "-" "Mozilla/5.0 AppleWebKit/537.36 (KHTML, like Gecko; compatible; GPTBot/1.2; +https://openai.com/gptbot)"
20.171.207.254 - - [08/Sep/2025:08:06:12 +0700] "GET /?p=10492 HTTP/1.0" 301 459 "-" "Mozilla/5.0 AppleWebKit/537.36 (KHTML, like Gecko; compatible; GPTBot/1.2; +https://openai.com/gptbot)"
20.171.207.254 - - [08/Sep/2025:08:06:14 +0700] "GET /1xbet-india-96/ HTTP/1.0" 200 113589 "-" "Mozilla/5.0 AppleWebKit/537.36 (KHTML, like Gecko; compatible; GPTBot/1.2; +https://openai.com/gptbot)"
45.117.177.72 - - [08/Sep/2025:08:06:37 +0700] "POST /wp-cron.php?doing_wp_cron=1757293596.8346679210662841796875 HTTP/1.0" 200 416 "-" "WordPress/6.8.1; https://vattusacky.vn"
20.171.207.254 - - [08/Sep/2025:08:06:35 +0700] "GET /?p=10547 HTTP/1.0" 301 488 "-" "Mozilla/5.0 AppleWebKit/537.36 (KHTML, like Gecko; compatible; GPTBot/1.2; +https://openai.com/gptbot)"
20.171.207.254 - - [08/Sep/2025:08:06:37 +0700] "GET /getx-onlajn-igra-otzyvy-igrokov-o-zarabotke/ HTTP/1.0" 200 107471 "-" "Mozilla/5.0 AppleWebKit/537.36 (KHTML, like Gecko; compatible; GPTBot/1.2; +https://openai.com/gptbot)"
20.171.207.254 - - [08/Sep/2025:08:06:54 +0700] "GET /?p=10643 HTTP/1.0" 301 478 "-" "Mozilla/5.0 AppleWebKit/537.36 (KHTML, like Gecko; compatible; GPTBot/1.2; +https://openai.com/gptbot)"
20.171.207.254 - - [08/Sep/2025:08:06:55 +0700] "GET /piabet-bahis-analizleri-ve-puclar/ HTTP/1.0" 200 82129 "-" "Mozilla/5.0 AppleWebKit/537.36 (KHTML, like Gecko; compatible; GPTBot/1.2; +https://openai.com/gptbot)"
45.117.177.72 - - [08/Sep/2025:08:07:23 +0700] "POST /wp-cron.php?doing_wp_cron=1757293642.7839159965515136718750 HTTP/1.0" 200 416 "-" "WordPress/6.8.1; https://vattusacky.vn"
20.171.207.254 - - [08/Sep/2025:08:07:21 +0700] "GET /?p=10435 HTTP/1.0" 301 494 "-" "Mozilla/5.0 AppleWebKit/537.36 (KHTML, like Gecko; compatible; GPTBot/1.2; +https://openai.com/gptbot)"
20.171.207.254 - - [08/Sep/2025:08:07:23 +0700] "GET /difference-in-plavix-and-asprin-for-blood-thinner/ HTTP/1.0" 200 83168 "-" "Mozilla/5.0 AppleWebKit/537.36 (KHTML, like Gecko; compatible; GPTBot/1.2; +https://openai.com/gptbot)"
185.191.171.8 - - [08/Sep/2025:08:08:08 +0700] "GET /developing-emotional-intelligence-in-online-relationships/ HTTP/1.0" 200 93651 "-" "Mozilla/5.0 (compatible; SemrushBot/7~bl; +http://www.semrush.com/bot.html)"
45.117.177.72 - - [08/Sep/2025:08:08:46 +0700] "POST /wp-cron.php?doing_wp_cron=1757293726.1399810314178466796875 HTTP/1.0" 200 416 "-" "WordPress/6.8.1; https://vattusacky.vn"
20.171.207.254 - - [08/Sep/2025:08:08:44 +0700] "GET /?p=10717 HTTP/1.0" 301 494 "-" "Mozilla/5.0 AppleWebKit/537.36 (KHTML, like Gecko; compatible; GPTBot/1.2; +https://openai.com/gptbot)"
20.171.207.254 - - [08/Sep/2025:08:08:46 +0700] "GET /sustanon-250-steroid-tutto-cio-che-devi-sapere-11/ HTTP/1.0" 200 70151 "-" "Mozilla/5.0 AppleWebKit/537.36 (KHTML, like Gecko; compatible; GPTBot/1.2; +https://openai.com/gptbot)"
45.117.177.72 - - [08/Sep/2025:08:08:57 +0700] "POST /wp-cron.php?doing_wp_cron=1757293737.1488819122314453125000 HTTP/1.0" 200 416 "-" "WordPress/6.8.1; https://vattusacky.vn"
40.77.167.70 - - [08/Sep/2025:08:08:55 +0700] "GET /omegle-and-the-ethics-of-anonymity-balancing-privacy-and-accountability/ HTTP/1.0" 200 93388 "-" "Mozilla/5.0 AppleWebKit/537.36 (KHTML, like Gecko; compatible; bingbot/2.0; +http://www.bing.com/bingbot.htm) Chrome/116.0.1938.76 Safari/537.36"
20.171.207.254 - - [08/Sep/2025:08:09:09 +0700] "GET /?p=10690 HTTP/1.0" 301 487 "-" "Mozilla/5.0 AppleWebKit/537.36 (KHTML, like Gecko; compatible; GPTBot/1.2; +https://openai.com/gptbot)"
20.171.207.254 - - [08/Sep/2025:08:09:11 +0700] "GET /norske-nettcasino-opplev-glede-og-spenning/ HTTP/1.0" 200 94469 "-" "Mozilla/5.0 AppleWebKit/537.36 (KHTML, like Gecko; compatible; GPTBot/1.2; +https://openai.com/gptbot)"
45.117.177.72 - - [08/Sep/2025:08:09:32 +0700] "POST /wp-cron.php?doing_wp_cron=1757293772.2528340816497802734375 HTTP/1.0" 200 416 "-" "WordPress/6.8.1; https://vattusacky.vn"
20.171.207.254 - - [08/Sep/2025:08:09:30 +0700] "GET /?p=10086 HTTP/1.0" 301 502 "-" "Mozilla/5.0 AppleWebKit/537.36 (KHTML, like Gecko; compatible; GPTBot/1.2; +https://openai.com/gptbot)"
20.171.207.254 - - [08/Sep/2025:08:09:32 +0700] "GET /latina-mail-order-brides-data-websites-prices-suggestions/ HTTP/1.0" 200 76811 "-" "Mozilla/5.0 AppleWebKit/537.36 (KHTML, like Gecko; compatible; GPTBot/1.2; +https://openai.com/gptbot)"
20.171.207.254 - - [08/Sep/2025:08:09:49 +0700] "GET /?p=10820 HTTP/1.0" 301 446 "-" "Mozilla/5.0 AppleWebKit/537.36 (KHTML, like Gecko; compatible; GPTBot/1.2; +https://openai.com/gptbot)"
20.171.207.254 - - [08/Sep/2025:08:09:51 +0700] "GET /play-free-slot-machines-with-your-android-phone/ HTTP/1.0" 200 74751 "-" "Mozilla/5.0 AppleWebKit/537.36 (KHTML, like Gecko; compatible; GPTBot/1.2; +https://openai.com/gptbot)"
20.171.207.254 - - [08/Sep/2025:08:10:09 +0700] "GET /?p=10818 HTTP/1.0" 301 442 "-" "Mozilla/5.0 AppleWebKit/537.36 (KHTML, like Gecko; compatible; GPTBot/1.2; +https://openai.com/gptbot)"
20.171.207.254 - - [08/Sep/2025:08:10:11 +0700] "GET /best-online-casino-no-deposit-for-newcomers/ HTTP/1.0" 200 74459 "-" "Mozilla/5.0 AppleWebKit/537.36 (KHTML, like Gecko; compatible; GPTBot/1.2; +https://openai.com/gptbot)"
45.117.177.72 - - [08/Sep/2025:08:10:26 +0700] "POST /wp-cron.php?doing_wp_cron=1757293826.5278520584106445312500 HTTP/1.0" 200 416 "-" "WordPress/6.8.1; https://vattusacky.vn"
40.77.167.70 - - [08/Sep/2025:08:10:25 +0700] "GET /omegle-and-cross-generational-communication-bridging-the-gap-between-age-groups/feed/ HTTP/1.0" 200 1834 "-" "Mozilla/5.0 AppleWebKit/537.36 (KHTML, like Gecko; compatible; bingbot/2.0; +http://www.bing.com/bingbot.htm) Chrome/116.0.1938.76 Safari/537.36"
20.171.207.254 - - [08/Sep/2025:08:10:30 +0700] "GET /?p=10844 HTTP/1.0" 301 583 "-" "Mozilla/5.0 AppleWebKit/537.36 (KHTML, like Gecko; compatible; GPTBot/1.2; +https://openai.com/gptbot)"
20.171.207.254 - - [08/Sep/2025:08:10:32 +0700] "GET /how-do-free-online-casino-bonuses-work/ HTTP/1.0" 200 74574 "-" "Mozilla/5.0 AppleWebKit/537.36 (KHTML, like Gecko; compatible; GPTBot/1.2; +https://openai.com/gptbot)"
20.171.207.254 - - [08/Sep/2025:08:10:44 +0700] "GET /?p=10533 HTTP/1.0" 301 460 "-" "Mozilla/5.0 AppleWebKit/537.36 (KHTML, like Gecko; compatible; GPTBot/1.2; +https://openai.com/gptbot)"
20.171.207.254 - - [08/Sep/2025:08:10:46 +0700] "GET /1xbet-india-123/ HTTP/1.0" 200 108411 "-" "Mozilla/5.0 AppleWebKit/537.36 (KHTML, like Gecko; compatible; GPTBot/1.2; +https://openai.com/gptbot)"
85.208.96.193 - - [08/Sep/2025:08:11:00 +0700] "GET /best-live-cam-websites-inspectorcams-com/ HTTP/1.0" 200 219794 "-" "Mozilla/5.0 (compatible; SemrushBot/7~bl; +http://www.semrush.com/bot.html)"
213.180.203.66 - - [08/Sep/2025:08:11:06 +0700] "GET /the-impact-of-anonymity-on-self-esteem-psychological-consequences-of-omegle-experiences/ HTTP/1.0" 200 93076 "-" "Mozilla/5.0 (compatible; YandexBot/3.0; +http://yandex.com/bots)"
20.171.207.254 - - [08/Sep/2025:08:11:07 +0700] "GET /?p=10551 HTTP/1.0" 301 497 "-" "Mozilla/5.0 AppleWebKit/537.36 (KHTML, like Gecko; compatible; GPTBot/1.2; +https://openai.com/gptbot)"
20.171.207.254 - - [08/Sep/2025:08:11:09 +0700] "GET /1xbet-app-obtain-apk-for-android-ios-home-windows-35/ HTTP/1.0" 200 93922 "-" "Mozilla/5.0 AppleWebKit/537.36 (KHTML, like Gecko; compatible; GPTBot/1.2; +https://openai.com/gptbot)"
45.117.177.72 - - [08/Sep/2025:08:11:26 +0700] "POST /wp-cron.php?doing_wp_cron=1757293885.9892110824584960937500 HTTP/1.0" 200 416 "-" "WordPress/6.8.1; https://vattusacky.vn"
20.171.207.254 - - [08/Sep/2025:08:11:24 +0700] "GET /?p=10679 HTTP/1.0" 301 495 "-" "Mozilla/5.0 AppleWebKit/537.36 (KHTML, like Gecko; compatible; GPTBot/1.2; +https://openai.com/gptbot)"
20.171.207.254 - - [08/Sep/2025:08:11:26 +0700] "GET /gay-kopija-10-kopija-kopija-kopija-kopija-kopija-2/ HTTP/1.0" 200 73922 "-" "Mozilla/5.0 AppleWebKit/537.36 (KHTML, like Gecko; compatible; GPTBot/1.2; +https://openai.com/gptbot)"
20.171.207.254 - - [08/Sep/2025:08:11:51 +0700] "GET /?p=10568 HTTP/1.0" 301 495 "-" "Mozilla/5.0 AppleWebKit/537.36 (KHTML, like Gecko; compatible; GPTBot/1.2; +https://openai.com/gptbot)"
20.171.207.254 - - [08/Sep/2025:08:11:53 +0700] "GET /master-the-art-of-cs-id-obstawianie-i-zwiksz-swoje/ HTTP/1.0" 200 76702 "-" "Mozilla/5.0 AppleWebKit/537.36 (KHTML, like Gecko; compatible; GPTBot/1.2; +https://openai.com/gptbot)"
85.208.96.203 - - [08/Sep/2025:08:11:57 +0700] "GET /embracing-the-digital-revolution-omegles-future-path/ HTTP/1.0" 200 78951 "-" "Mozilla/5.0 (compatible; SemrushBot/7~bl; +http://www.semrush.com/bot.html)"
45.117.177.72 - - [08/Sep/2025:08:12:26 +0700] "POST /wp-cron.php?doing_wp_cron=1757293946.6929900646209716796875 HTTP/1.0" 200 416 "-" "WordPress/6.8.1; https://vattusacky.vn"
20.171.207.254 - - [08/Sep/2025:08:12:25 +0700] "GET /?p=10715 HTTP/1.0" 301 496 "-" "Mozilla/5.0 AppleWebKit/537.36 (KHTML, like Gecko; compatible; GPTBot/1.2; +https://openai.com/gptbot)"
20.171.207.254 - - [08/Sep/2025:08:12:27 +0700] "GET /daddy-casino-obzor-2023-i-bonusy-igrat-na-dengi-v-2/ HTTP/1.0" 200 97465 "-" "Mozilla/5.0 AppleWebKit/537.36 (KHTML, like Gecko; compatible; GPTBot/1.2; +https://openai.com/gptbot)"
20.171.207.254 - - [08/Sep/2025:08:13:00 +0700] "GET /?p=10421 HTTP/1.0" 301 491 "-" "Mozilla/5.0 AppleWebKit/537.36 (KHTML, like Gecko; compatible; GPTBot/1.2; +https://openai.com/gptbot)"
20.171.207.254 - - [08/Sep/2025:08:13:01 +0700] "GET /daddy-casino-akcii-i-bonusy-ot-kazino-rabochee/ HTTP/1.0" 200 97024 "-" "Mozilla/5.0 AppleWebKit/537.36 (KHTML, like Gecko; compatible; GPTBot/1.2; +https://openai.com/gptbot)"
45.117.177.72 - - [08/Sep/2025:08:13:37 +0700] "POST /wp-cron.php?doing_wp_cron=1757294016.8842179775238037109375 HTTP/1.0" 200 416 "-" "WordPress/6.8.1; https://vattusacky.vn"
20.171.207.254 - - [08/Sep/2025:08:13:35 +0700] "GET /?p=10621 HTTP/1.0" 301 479 "-" "Mozilla/5.0 AppleWebKit/537.36 (KHTML, like Gecko; compatible; GPTBot/1.2; +https://openai.com/gptbot)"
20.171.207.254 - - [08/Sep/2025:08:13:37 +0700] "GET /mostbet-kazinosu-the-computer-toda/ HTTP/1.0" 200 92241 "-" "Mozilla/5.0 AppleWebKit/537.36 (KHTML, like Gecko; compatible; GPTBot/1.2; +https://openai.com/gptbot)"
185.191.171.19 - - [08/Sep/2025:08:13:52 +0700] "GET /where-to-find-a-good-western-european-woman/ HTTP/1.0" 200 208039 "-" "Mozilla/5.0 (compatible; SemrushBot/7~bl; +http://www.semrush.com/bot.html)"
20.171.207.254 - - [08/Sep/2025:08:13:55 +0700] "GET /?p=10822 HTTP/1.0" 301 460 "-" "Mozilla/5.0 AppleWebKit/537.36 (KHTML, like Gecko; compatible; GPTBot/1.2; +https://openai.com/gptbot)"
20.171.207.254 - - [08/Sep/2025:08:13:57 +0700] "GET /usa-online-casino-bonuses-how-to-find-the-best-bonuses-online/ HTTP/1.0" 200 74841 "-" "Mozilla/5.0 AppleWebKit/537.36 (KHTML, like Gecko; compatible; GPTBot/1.2; +https://openai.com/gptbot)"
20.171.207.254 - - [08/Sep/2025:08:14:14 +0700] "GET /?p=10709 HTTP/1.0" 301 519 "-" "Mozilla/5.0 AppleWebKit/537.36 (KHTML, like Gecko; compatible; GPTBot/1.2; +https://openai.com/gptbot)"
45.117.177.72 - - [08/Sep/2025:08:14:17 +0700] "POST /wp-cron.php?doing_wp_cron=1757294057.3392028808593750000000 HTTP/1.0" 200 416 "-" "WordPress/6.8.1; https://vattusacky.vn"
20.171.207.254 - - [08/Sep/2025:08:14:16 +0700] "GET /malware-review-which-antivirus-security-software-software-if-you-undertake/ HTTP/1.0" 200 73275 "-" "Mozilla/5.0 AppleWebKit/537.36 (KHTML, like Gecko; compatible; GPTBot/1.2; +https://openai.com/gptbot)"
20.171.207.254 - - [08/Sep/2025:08:14:46 +0700] "GET /?p=10442 HTTP/1.0" 301 478 "-" "Mozilla/5.0 AppleWebKit/537.36 (KHTML, like Gecko; compatible; GPTBot/1.2; +https://openai.com/gptbot)"
20.171.207.254 - - [08/Sep/2025:08:14:48 +0700] "GET /5-things-people-hate-about-casino/ HTTP/1.0" 200 100020 "-" "Mozilla/5.0 AppleWebKit/537.36 (KHTML, like Gecko; compatible; GPTBot/1.2; +https://openai.com/gptbot)"
20.171.207.254 - - [08/Sep/2025:08:15:14 +0700] "GET /?p=10350 HTTP/1.0" 301 487 "-" "Mozilla/5.0 AppleWebKit/537.36 (KHTML, like Gecko; compatible; GPTBot/1.2; +https://openai.com/gptbot)"
20.171.207.254 - - [08/Sep/2025:08:15:15 +0700] "GET /big-titties-onlyfans-try-hot-onlyfanswatch/ HTTP/1.0" 200 88392 "-" "Mozilla/5.0 AppleWebKit/537.36 (KHTML, like Gecko; compatible; GPTBot/1.2; +https://openai.com/gptbot)"
45.117.177.72 - - [08/Sep/2025:08:15:54 +0700] "POST /wp-cron.php?doing_wp_cron=1757294154.4986290931701660156250 HTTP/1.0" 200 416 "-" "WordPress/6.8.1; https://vattusacky.vn"
20.171.207.254 - - [08/Sep/2025:08:15:53 +0700] "GET /?p=10816 HTTP/1.0" 301 574 "-" "Mozilla/5.0 AppleWebKit/537.36 (KHTML, like Gecko; compatible; GPTBot/1.2; +https://openai.com/gptbot)"
20.171.207.254 - - [08/Sep/2025:08:15:55 +0700] "GET /best-real-money-online-casino/ HTTP/1.0" 200 74814 "-" "Mozilla/5.0 AppleWebKit/537.36 (KHTML, like Gecko; compatible; GPTBot/1.2; +https://openai.com/gptbot)"
45.117.177.72 - - [08/Sep/2025:08:16:28 +0700] "POST /wp-cron.php?doing_wp_cron=1757294188.1063489913940429687500 HTTP/1.0" 200 416 "-" "WordPress/6.8.1; https://vattusacky.vn"
20.171.207.254 - - [08/Sep/2025:08:16:26 +0700] "GET /?p=10848 HTTP/1.0" 301 440 "-" "Mozilla/5.0 AppleWebKit/537.36 (KHTML, like Gecko; compatible; GPTBot/1.2; +https://openai.com/gptbot)"
20.171.207.254 - - [08/Sep/2025:08:16:28 +0700] "GET /an-overview-of-the-online-gambling-market/ HTTP/1.0" 200 73709 "-" "Mozilla/5.0 AppleWebKit/537.36 (KHTML, like Gecko; compatible; GPTBot/1.2; +https://openai.com/gptbot)"
20.171.207.254 - - [08/Sep/2025:08:17:01 +0700] "GET /?p=10408 HTTP/1.0" 301 496 "-" "Mozilla/5.0 AppleWebKit/537.36 (KHTML, like Gecko; compatible; GPTBot/1.2; +https://openai.com/gptbot)"
20.171.207.254 - - [08/Sep/2025:08:17:02 +0700] "GET /1xbet-app-download-xbet-login-and-promocode-2023-37/ HTTP/1.0" 200 97539 "-" "Mozilla/5.0 AppleWebKit/537.36 (KHTML, like Gecko; compatible; GPTBot/1.2; +https://openai.com/gptbot)"
85.208.96.206 - - [08/Sep/2025:08:17:07 +0700] "GET /1xbet-deposits-18/ HTTP/1.0" 200 227378 "-" "Mozilla/5.0 (compatible; SemrushBot/7~bl; +http://www.semrush.com/bot.html)"
45.117.177.72 - - [08/Sep/2025:08:17:24 +0700] "POST /wp-cron.php?doing_wp_cron=1757294244.7151141166687011718750 HTTP/1.0" 200 416 "-" "WordPress/6.8.1; https://vattusacky.vn"
20.171.207.254 - - [08/Sep/2025:08:17:23 +0700] "GET /?p=10696 HTTP/1.0" 301 501 "-" "Mozilla/5.0 AppleWebKit/537.36 (KHTML, like Gecko; compatible; GPTBot/1.2; +https://openai.com/gptbot)"
20.171.207.254 - - [08/Sep/2025:08:17:25 +0700] "GET /what-types-of-documents-ought-to-be-housed-in-data-rooms/ HTTP/1.0" 200 72536 "-" "Mozilla/5.0 AppleWebKit/537.36 (KHTML, like Gecko; compatible; GPTBot/1.2; +https://openai.com/gptbot)"
20.171.207.254 - - [08/Sep/2025:08:17:43 +0700] "GET /?p=10545 HTTP/1.0" 301 494 "-" "Mozilla/5.0 AppleWebKit/537.36 (KHTML, like Gecko; compatible; GPTBot/1.2; +https://openai.com/gptbot)"
20.171.207.254 - - [08/Sep/2025:08:17:44 +0700] "GET /vavada-android-apk-ios-internet-kazino-na-dengi-2/ HTTP/1.0" 200 93754 "-" "Mozilla/5.0 AppleWebKit/537.36 (KHTML, like Gecko; compatible; GPTBot/1.2; +https://openai.com/gptbot)"
45.117.177.72 - - [08/Sep/2025:08:19:00 +0700] "POST /wp-cron.php?doing_wp_cron=1757294340.7460069656372070312500 HTTP/1.0" 200 416 "-" "WordPress/6.8.1; https://vattusacky.vn"
20.171.207.254 - - [08/Sep/2025:08:18:59 +0700] "GET /?p=10155 HTTP/1.0" 301 504 "-" "Mozilla/5.0 AppleWebKit/537.36 (KHTML, like Gecko; compatible; GPTBot/1.2; +https://openai.com/gptbot)"
20.171.207.254 - - [08/Sep/2025:08:19:04 +0700] "GET /raging-bull-casino-review-au-and-us-pokies-players-accepted/ HTTP/1.0" 200 94267 "-" "Mozilla/5.0 AppleWebKit/537.36 (KHTML, like Gecko; compatible; GPTBot/1.2; +https://openai.com/gptbot)"
45.117.177.72 - - [08/Sep/2025:08:19:35 +0700] "POST /wp-cron.php?doing_wp_cron=1757294374.9284489154815673828125 HTTP/1.0" 200 416 "-" "WordPress/6.8.1; https://vattusacky.vn"
20.171.207.254 - - [08/Sep/2025:08:19:33 +0700] "GET /?p=10700 HTTP/1.0" 301 478 "-" "Mozilla/5.0 AppleWebKit/537.36 (KHTML, like Gecko; compatible; GPTBot/1.2; +https://openai.com/gptbot)"
20.171.207.254 - - [08/Sep/2025:08:19:35 +0700] "GET /types-of-organization-innovations/ HTTP/1.0" 200 72024 "-" "Mozilla/5.0 AppleWebKit/537.36 (KHTML, like Gecko; compatible; GPTBot/1.2; +https://openai.com/gptbot)"
20.171.207.254 - - [08/Sep/2025:08:20:02 +0700] "GET /?p=10232 HTTP/1.0" 301 485 "-" "Mozilla/5.0 AppleWebKit/537.36 (KHTML, like Gecko; compatible; GPTBot/1.2; +https://openai.com/gptbot)"
20.171.207.254 - - [08/Sep/2025:08:20:04 +0700] "GET /can-you-use-amoxicillin-for-insect-bites/ HTTP/1.0" 200 86696 "-" "Mozilla/5.0 AppleWebKit/537.36 (KHTML, like Gecko; compatible; GPTBot/1.2; +https://openai.com/gptbot)"
45.117.177.72 - - [08/Sep/2025:08:20:32 +0700] "POST /wp-cron.php?doing_wp_cron=1757294432.6967260837554931640625 HTTP/1.0" 200 416 "-" "WordPress/6.8.1; https://vattusacky.vn"
20.171.207.254 - - [08/Sep/2025:08:20:31 +0700] "GET /?p=10444 HTTP/1.0" 301 498 "-" "Mozilla/5.0 AppleWebKit/537.36 (KHTML, like Gecko; compatible; GPTBot/1.2; +https://openai.com/gptbot)"
20.171.207.254 - - [08/Sep/2025:08:20:33 +0700] "GET /1xbet-app-download-xbet-login-and-promocode-2023-37-2/ HTTP/1.0" 200 97571 "-" "Mozilla/5.0 AppleWebKit/537.36 (KHTML, like Gecko; compatible; GPTBot/1.2; +https://openai.com/gptbot)"
20.171.207.254 - - [08/Sep/2025:08:21:13 +0700] "GET /?p=10555 HTTP/1.0" 301 637 "-" "Mozilla/5.0 AppleWebKit/537.36 (KHTML, like Gecko; compatible; GPTBot/1.2; +https://openai.com/gptbot)"
20.171.207.254 - - [08/Sep/2025:08:21:14 +0700] "GET /daddy-casino-onlajn-kazino-bonusy-demo-bystryj/ HTTP/1.0" 200 96479 "-" "Mozilla/5.0 AppleWebKit/537.36 (KHTML, like Gecko; compatible; GPTBot/1.2; +https://openai.com/gptbot)"
45.117.177.72 - - [08/Sep/2025:08:21:38 +0700] "POST /wp-cron.php?doing_wp_cron=1757294498.4240961074829101562500 HTTP/1.0" 200 416 "-" "WordPress/6.8.1; https://vattusacky.vn"
20.171.207.254 - - [08/Sep/2025:08:21:37 +0700] "GET /?p=10448 HTTP/1.0" 301 493 "-" "Mozilla/5.0 AppleWebKit/537.36 (KHTML, like Gecko; compatible; GPTBot/1.2; +https://openai.com/gptbot)"
20.171.207.254 - - [08/Sep/2025:08:21:38 +0700] "GET /aqui-hay-un-metodo-que-esta-ayudando-a-olimpobet/ HTTP/1.0" 200 90528 "-" "Mozilla/5.0 AppleWebKit/537.36 (KHTML, like Gecko; compatible; GPTBot/1.2; +https://openai.com/gptbot)"
20.171.207.254 - - [08/Sep/2025:08:22:07 +0700] "GET /?p=10307 HTTP/1.0" 301 502 "-" "Mozilla/5.0 AppleWebKit/537.36 (KHTML, like Gecko; compatible; GPTBot/1.2; +https://openai.com/gptbot)"
20.171.207.254 - - [08/Sep/2025:08:22:09 +0700] "GET /local-women-close-to-me-satisfy-single-girls-seeking-guys/ HTTP/1.0" 200 124199 "-" "Mozilla/5.0 AppleWebKit/537.36 (KHTML, like Gecko; compatible; GPTBot/1.2; +https://openai.com/gptbot)"
45.117.177.72 - - [08/Sep/2025:08:22:36 +0700] "POST /wp-cron.php?doing_wp_cron=1757294556.0260150432586669921875 HTTP/1.0" 200 416 "-" "WordPress/6.8.1; https://vattusacky.vn"
20.171.207.254 - - [08/Sep/2025:08:22:34 +0700] "GET /?p=10850 HTTP/1.0" 301 438 "-" "Mozilla/5.0 AppleWebKit/537.36 (KHTML, like Gecko; compatible; GPTBot/1.2; +https://openai.com/gptbot)"
20.171.207.254 - - [08/Sep/2025:08:22:36 +0700] "GET /where-can-i-play-for-free-slot-machines/ HTTP/1.0" 200 73103 "-" "Mozilla/5.0 AppleWebKit/537.36 (KHTML, like Gecko; compatible; GPTBot/1.2; +https://openai.com/gptbot)"
20.171.207.254 - - [08/Sep/2025:08:22:58 +0700] "GET /1xbet-app-download-apk-for-android-ios-home-145 HTTP/1.0" 301 492 "-" "Mozilla/5.0 AppleWebKit/537.36 (KHTML, like Gecko; compatible; GPTBot/1.2; +https://openai.com/gptbot)"
20.171.207.254 - - [08/Sep/2025:08:22:59 +0700] "GET /1xbet-app-download-apk-for-android-ios-home-145/ HTTP/1.0" 200 97120 "-" "Mozilla/5.0 AppleWebKit/537.36 (KHTML, like Gecko; compatible; GPTBot/1.2; +https://openai.com/gptbot)"
45.117.177.72 - - [08/Sep/2025:08:23:24 +0700] "POST /wp-cron.php?doing_wp_cron=1757294603.7226319313049316406250 HTTP/1.0" 200 416 "-" "WordPress/6.8.1; https://vattusacky.vn"
20.171.207.254 - - [08/Sep/2025:08:23:22 +0700] "GET /?p=3104 HTTP/1.0" 301 474 "-" "Mozilla/5.0 AppleWebKit/537.36 (KHTML, like Gecko; compatible; GPTBot/1.2; +https://openai.com/gptbot)"
20.171.207.254 - - [08/Sep/2025:08:23:24 +0700] "GET /longer-distance-relationships/ HTTP/1.0" 200 208787 "-" "Mozilla/5.0 AppleWebKit/537.36 (KHTML, like Gecko; compatible; GPTBot/1.2; +https://openai.com/gptbot)"
5.255.231.15 - - [08/Sep/2025:08:23:29 +0700] "GET /wp-content/uploads/2016/09/cropped-logo-vietnguyen2-32x32.png HTTP/1.0" 200 437 "-" "Mozilla/5.0 (compatible; YandexFavicons/1.0; +http://yandex.com/bots)"
5.255.231.15 - - [08/Sep/2025:08:23:29 +0700] "GET /wp-content/uploads/2016/09/cropped-logo-vietnguyen2-32x32.png HTTP/1.1" 200 1993 "-" "Mozilla/5.0 (compatible; YandexFavicons/1.0; +http://yandex.com/bots)"
20.171.207.254 - - [08/Sep/2025:08:23:35 +0700] "GET /?p=5067 HTTP/1.0" 301 507 "-" "Mozilla/5.0 AppleWebKit/537.36 (KHTML, like Gecko; compatible; GPTBot/1.2; +https://openai.com/gptbot)"
20.171.207.254 - - [08/Sep/2025:08:23:36 +0700] "GET /discover-local-hookups-in-ny-city-on-high-informal-dating-site/ HTTP/1.0" 200 205855 "-" "Mozilla/5.0 AppleWebKit/537.36 (KHTML, like Gecko; compatible; GPTBot/1.2; +https://openai.com/gptbot)"
20.171.207.254 - - [08/Sep/2025:08:23:54 +0700] "GET /?p=6103 HTTP/1.0" 301 477 "-" "Mozilla/5.0 AppleWebKit/537.36 (KHTML, like Gecko; compatible; GPTBot/1.2; +https://openai.com/gptbot)"
