20.171.207.118 - - [08/Sep/2025:15:55:29 +0700] "GET /breaking-down-omegles-next-phase-what-to-expect/ HTTP/1.0" 200 91452 "-" "Mozilla/5.0 AppleWebKit/537.36 (KHTML, like Gecko; compatible; GPTBot/1.2; +https://openai.com/gptbot)"
23.184.48.201 - - [08/Sep/2025:15:56:03 +0700] "GET /wp-content/uploads/ HTTP/1.0" 403 580 "-" "-"
23.184.48.201 - - [08/Sep/2025:15:56:04 +0700] "GET /wp-includes/ HTTP/1.0" 403 573 "-" "-"
23.184.48.201 - - [08/Sep/2025:15:56:06 +0700] "GET /wp-includes/css/ HTTP/1.0" 403 577 "-" "-"
23.184.48.201 - - [08/Sep/2025:15:56:08 +0700] "GET /wp-includes/ID3/ HTTP/1.0" 403 577 "-" "-"
23.184.48.201 - - [08/Sep/2025:15:56:09 +0700] "GET /wp-includes/IXR/ HTTP/1.0" 403 577 "-" "-"
23.184.48.201 - - [08/Sep/2025:15:56:10 +0700] "GET /wp-includes/Requests/ HTTP/1.0" 403 582 "-" "-"
23.184.48.201 - - [08/Sep/2025:15:56:11 +0700] "GET /wp-includes/SimplePie/ HTTP/1.0" 403 583 "-" "-"
23.184.48.201 - - [08/Sep/2025:15:56:12 +0700] "GET /wp-includes/Text/ HTTP/1.0" 403 578 "-" "-"
23.184.48.201 - - [08/Sep/2025:15:56:13 +0700] "GET /wp-content/mu-plugins-old/ HTTP/1.0" 404 70812 "-" "-"
23.184.48.201 - - [08/Sep/2025:15:56:23 +0700] "GET /wp-content/themes/classic/inc/ HTTP/1.0" 404 70812 "-" "-"
20.171.207.118 - - [08/Sep/2025:15:56:33 +0700] "GET /adaware-review-does-adaware-really-job/ HTTP/1.0" 200 205371 "-" "Mozilla/5.0 AppleWebKit/537.36 (KHTML, like Gecko; compatible; GPTBot/1.2; +https://openai.com/gptbot)"
91.134.7.130 - - [08/Sep/2025:15:56:34 +0700] "POST /xmlrpc.php HTTP/1.0" 200 956 "https://vattusacky.vn" "Mozilla/5.0 (Macintosh; Intel Mac OS X 10_15_7; rv:127.0) Gecko/20100101 Firefox/127.0"
23.184.48.201 - - [08/Sep/2025:15:56:35 +0700] "GET /wp-content/plugins/ninja-forms/ HTTP/1.0" 404 70666 "-" "-"
23.184.48.201 - - [08/Sep/2025:15:56:39 +0700] "GET /wp-content/mu-plugins/ HTTP/1.0" 404 70666 "-" "-"
23.184.48.201 - - [08/Sep/2025:15:56:50 +0700] "GET /wp-includes/Text/Diff/Renderer/ HTTP/1.0" 403 592 "-" "-"
23.184.48.201 - - [08/Sep/2025:15:56:51 +0700] "GET /wp-includes/blocks/ HTTP/1.0" 200 354 "-" "-"
23.184.48.201 - - [08/Sep/2025:15:56:51 +0700] "GET /wp-includes/certificates/ HTTP/1.0" 403 586 "-" "-"
23.184.48.201 - - [08/Sep/2025:15:56:52 +0700] "GET /wp-includes/customize/ HTTP/1.0" 403 583 "-" "-"
23.184.48.201 - - [08/Sep/2025:15:56:53 +0700] "GET /wp-includes/fonts/ HTTP/1.0" 403 579 "-" "-"
23.184.48.201 - - [08/Sep/2025:15:56:53 +0700] "GET /wp-includes/images/ HTTP/1.0" 403 580 "-" "-"
23.184.48.201 - - [08/Sep/2025:15:56:54 +0700] "GET /.well-known/ HTTP/1.0" 403 573 "-" "-"
23.184.48.201 - - [08/Sep/2025:15:56:56 +0700] "GET /ALFA_DATA/ HTTP/1.0" 404 70666 "-" "-"
23.184.48.201 - - [08/Sep/2025:15:57:03 +0700] "GET /.well-knownold/ HTTP/1.0" 404 70666 "-" "-"
23.184.48.201 - - [08/Sep/2025:15:57:14 +0700] "GET /.well-known/acme-challenge/ HTTP/1.1" 403 146 "-" "-"
23.184.48.201 - - [08/Sep/2025:15:57:17 +0700] "GET /cgi-bin/ HTTP/1.0" 403 569 "-" "-"
23.184.48.201 - - [08/Sep/2025:15:57:17 +0700] "GET /index/ HTTP/1.0" 404 70666 "-" "-"
23.184.48.201 - - [08/Sep/2025:15:57:22 +0700] "GET /id/ HTTP/1.0" 301 575 "-" "-"
45.117.177.72 - - [08/Sep/2025:15:57:25 +0700] "POST /wp-cron.php?doing_wp_cron=1757321845.1971089839935302734375 HTTP/1.0" 200 416 "-" "WordPress/6.8.1; https://vattusacky.vn"
23.184.48.201 - - [08/Sep/2025:15:57:24 +0700] "GET /ideal-dating-sites-pertaining-to-older-men-top-ten-sites-in-2022/ HTTP/1.0" 200 322282 "-" "-"
20.171.207.118 - - [08/Sep/2025:15:57:25 +0700] "GET /?p=3745 HTTP/1.0" 301 629 "-" "Mozilla/5.0 AppleWebKit/537.36 (KHTML, like Gecko; compatible; GPTBot/1.2; +https://openai.com/gptbot)"
20.171.207.118 - - [08/Sep/2025:15:57:26 +0700] "GET /what-you-should-expect-in-a-vdr-review/ HTTP/1.0" 200 205202 "-" "Mozilla/5.0 AppleWebKit/537.36 (KHTML, like Gecko; compatible; GPTBot/1.2; +https://openai.com/gptbot)"
23.184.48.201 - - [08/Sep/2025:15:57:34 +0700] "GET /www/ HTTP/1.0" 404 70666 "-" "-"
23.184.48.201 - - [08/Sep/2025:15:57:38 +0700] "GET /web/ HTTP/1.0" 301 554 "-" "-"
23.184.48.201 - - [08/Sep/2025:15:57:39 +0700] "GET /web-based-antivirus-scan-for-android-mobile/ HTTP/1.0" 200 205560 "-" "-"
23.184.48.201 - - [08/Sep/2025:15:57:48 +0700] "GET /uploads/ HTTP/1.0" 404 70666 "-" "-"
85.208.96.199 - - [08/Sep/2025:15:57:53 +0700] "GET /category/codigo-promocional-1xbet-espana-guia-de-registro-y-apuestas-119/ HTTP/1.0" 200 61900 "-" "Mozilla/5.0 (compatible; SemrushBot/7~bl; +http://www.semrush.com/bot.html)"
23.184.48.201 - - [08/Sep/2025:15:57:57 +0700] "GET /upload/ HTTP/1.0" 404 70666 "-" "-"
23.184.48.201 - - [08/Sep/2025:15:58:08 +0700] "GET /admin/uploads/ HTTP/1.0" 404 70666 "-" "-"
45.117.177.72 - - [08/Sep/2025:15:58:17 +0700] "POST /wp-cron.php?doing_wp_cron=1757321897.6488189697265625000000 HTTP/1.0" 200 416 "-" "WordPress/6.8.1; https://vattusacky.vn"
23.184.48.201 - - [08/Sep/2025:15:58:16 +0700] "GET /Admin/uploads/ HTTP/1.0" 404 70666 "-" "-"
20.171.207.118 - - [08/Sep/2025:15:58:17 +0700] "GET /self-esteem-approaches-for-the-bashful-and-insecure-dater/ HTTP/1.0" 200 206335 "-" "Mozilla/5.0 AppleWebKit/537.36 (KHTML, like Gecko; compatible; GPTBot/1.2; +https://openai.com/gptbot)"
23.184.48.201 - - [08/Sep/2025:15:58:27 +0700] "GET /admin/ HTTP/1.0" 302 573 "-" "-"
23.184.48.201 - - [08/Sep/2025:15:58:28 +0700] "GET /wp-admin/ HTTP/1.0" 302 573 "-" "-"
23.184.48.201 - - [08/Sep/2025:15:58:29 +0700] "GET /wp-login.php?redirect_to=https%3A%2F%2Fvattusacky.vn%2Fwp-admin%2F&reauth=1 HTTP/1.0" 200 13395 "-" "-"
23.184.48.201 - - [08/Sep/2025:15:58:33 +0700] "GET /images/ HTTP/1.0" 404 70666 "-" "-"
23.184.48.201 - - [08/Sep/2025:15:58:41 +0700] "GET /assets/ HTTP/1.0" 403 568 "-" "-"
23.184.48.201 - - [08/Sep/2025:15:58:41 +0700] "GET /vendor/phpunit/phpunit/src/Util/PHP/ HTTP/1.0" 404 70666 "-" "-"
213.230.65.2 - - [08/Sep/2025:15:58:43 +0700] "POST /xmlrpc.php HTTP/1.0" 200 956 "https://vattusacky.vn" "Mozilla/5.0 (Windows NT 11.0; Win64; x64; rv:126.0) Gecko/20100101 Firefox/126.0"
23.184.48.201 - - [08/Sep/2025:15:58:52 +0700] "GET /upload/image/ HTTP/1.0" 404 70666 "-" "-"
23.184.48.201 - - [08/Sep/2025:15:58:59 +0700] "GET /assets/images/ HTTP/1.0" 403 575 "-" "-"
23.184.48.201 - - [08/Sep/2025:15:58:59 +0700] "GET /Public/ HTTP/1.0" 404 70666 "-" "-"
20.171.207.118 - - [08/Sep/2025:15:59:03 +0700] "GET /how-to-find-the-best-adult-cam-to-cam-sites/ HTTP/1.0" 200 208148 "-" "Mozilla/5.0 AppleWebKit/537.36 (KHTML, like Gecko; compatible; GPTBot/1.2; +https://openai.com/gptbot)"
23.184.48.201 - - [08/Sep/2025:15:59:07 +0700] "GET /vendor/ HTTP/1.0" 404 70666 "-" "-"
45.117.177.72 - - [08/Sep/2025:15:59:18 +0700] "POST /wp-cron.php?doing_wp_cron=1757321958.2178599834442138671875 HTTP/1.0" 200 416 "-" "WordPress/6.8.1; https://vattusacky.vn"
23.184.48.201 - - [08/Sep/2025:15:59:17 +0700] "GET /local/ HTTP/1.0" 301 568 "-" "-"
23.184.48.201 - - [08/Sep/2025:15:59:18 +0700] "GET /local-women-close-to-me-satisfy-single-girls-seeking-guys/ HTTP/1.0" 200 124199 "-" "-"
23.184.48.201 - - [08/Sep/2025:15:59:29 +0700] "GET /modules/ HTTP/1.0" 404 70666 "-" "-"
23.184.48.201 - - [08/Sep/2025:15:59:35 +0700] "GET /Site/ HTTP/1.0" 404 70666 "-" "-"
52.167.144.166 - - [08/Sep/2025:15:59:40 +0700] "GET /understanding-the-inner-mechanics-of-omegle-and-ometv/ HTTP/1.0" 200 92181 "-" "Mozilla/5.0 AppleWebKit/537.36 (KHTML, like Gecko; compatible; bingbot/2.0; +http://www.bing.com/bingbot.htm) Chrome/116.0.1938.76 Safari/537.36"
52.167.144.55 - - [08/Sep/2025:15:59:42 +0700] "GET /robots.txt HTTP/1.0" 200 984 "-" "Mozilla/5.0 AppleWebKit/537.36 (KHTML, like Gecko; compatible; bingbot/2.0; +http://www.bing.com/bingbot.htm) Chrome/116.0.1938.76 Safari/537.36"
23.184.48.201 - - [08/Sep/2025:15:59:43 +0700] "GET /system/ HTTP/1.0" 301 559 "-" "-"
23.184.48.201 - - [08/Sep/2025:15:59:45 +0700] "GET /systems-is-satans-manner-of-destroying-the-world/ HTTP/1.0" 200 210053 "-" "-"
23.184.48.201 - - [08/Sep/2025:15:59:54 +0700] "GET /template/ HTTP/1.0" 404 70666 "-" "-"
23.184.48.201 - - [08/Sep/2025:15:59:57 +0700] "GET /shop/ HTTP/1.0" 200 172273 "-" "-"
20.171.207.118 - - [08/Sep/2025:15:59:58 +0700] "GET /behind-the-screen-the-untold-stories-of-omegle-users/ HTTP/1.0" 200 89627 "-" "Mozilla/5.0 AppleWebKit/537.36 (KHTML, like Gecko; compatible; GPTBot/1.2; +https://openai.com/gptbot)"
23.184.48.201 - - [08/Sep/2025:16:00:09 +0700] "GET /files/ HTTP/1.0" 404 70666 "-" "-"
45.117.177.72 - - [08/Sep/2025:16:00:19 +0700] "POST /wp-cron.php?doing_wp_cron=1757322018.8520851135253906250000 HTTP/1.0" 200 416 "-" "WordPress/6.8.1; https://vattusacky.vn"
23.184.48.201 - - [08/Sep/2025:16:00:17 +0700] "GET /admin/editor/ HTTP/1.0" 301 601 "-" "-"
23.184.48.201 - - [08/Sep/2025:16:00:19 +0700] "GET /editors-choice-honor-lutsen-hotel-on-lake-better-is-a-charming-spot-for-a-romantic-getaway/ HTTP/1.0" 200 213896 "-" "-"
23.184.48.201 - - [08/Sep/2025:16:00:28 +0700] "GET /include/ HTTP/1.0" 404 70666 "-" "-"
23.184.48.201 - - [08/Sep/2025:16:00:34 +0700] "GET /Assets/ HTTP/1.0" 404 70666 "-" "-"
23.184.48.201 - - [08/Sep/2025:16:00:40 +0700] "GET /images/stories/ HTTP/1.0" 301 567 "-" "-"
23.184.48.201 - - [08/Sep/2025:16:00:41 +0700] "GET /stories-of-serendipitous-connections-on-omegle-and-ometv/ HTTP/1.0" 200 93235 "-" "-"
23.184.48.201 - - [08/Sep/2025:16:00:51 +0700] "GET /plugins/ HTTP/1.0" 404 70666 "-" "-"
45.117.177.72 - - [08/Sep/2025:16:00:57 +0700] "POST /wp-cron.php?doing_wp_cron=1757322057.5640211105346679687500 HTTP/1.0" 200 416 "-" "WordPress/6.8.1; https://vattusacky.vn"
23.184.48.201 - - [08/Sep/2025:16:00:56 +0700] "GET /php/ HTTP/1.0" 404 70666 "-" "-"
20.171.207.118 - - [08/Sep/2025:16:01:01 +0700] "GET /delving-into-diversity-a-comparative-study-of-omegle-and-ometv/ HTTP/1.0" 200 91816 "-" "Mozilla/5.0 AppleWebKit/537.36 (KHTML, like Gecko; compatible; GPTBot/1.2; +https://openai.com/gptbot)"
81.88.53.133 - - [08/Sep/2025:16:01:01 +0700] "POST /xmlrpc.php HTTP/1.0" 200 956 "https://vattusacky.vn" "Mozilla/5.0 (Windows NT 10.0; Win64; x64) AppleWebKit/537.36 (KHTML, like Gecko) Chrome/112.0.5615.138 Safari/537.36 Edg/112.0.1722.68"
23.184.48.201 - - [08/Sep/2025:16:01:08 +0700] "GET /wp-admin/css/ HTTP/1.0" 403 574 "-" "-"
23.184.48.201 - - [08/Sep/2025:16:01:09 +0700] "GET /wp-content/themes/twentytwenty/ HTTP/1.0" 500 342 "-" "-"
23.184.48.201 - - [08/Sep/2025:16:01:09 +0700] "GET /wp-content/cache/ HTTP/1.0" 404 70666 "-" "-"
23.184.48.201 - - [08/Sep/2025:16:01:18 +0700] "GET /wp-admin/maint/ HTTP/1.0" 403 576 "-" "-"
45.117.177.72 - - [08/Sep/2025:16:01:18 +0700] "POST /wp-cron.php?doing_wp_cron=1757322078.3530299663543701171875 HTTP/1.0" 200 416 "-" "WordPress/6.8.1; https://vattusacky.vn"
185.191.171.16 - - [08/Sep/2025:16:01:17 +0700] "GET /category/zaloguj-sie-na-formalnej-stronie-kasyna-906/ HTTP/1.0" 200 64192 "-" "Mozilla/5.0 (compatible; SemrushBot/7~bl; +http://www.semrush.com/bot.html)"
23.184.48.201 - - [08/Sep/2025:16:01:18 +0700] "GET /wp-content/plugins/akismet/ HTTP/1.0" 404 70666 "-" "-"
23.184.48.201 - - [08/Sep/2025:16:01:29 +0700] "GET /wp-includes/assets/ HTTP/1.0" 403 580 "-" "-"
23.184.48.201 - - [08/Sep/2025:16:01:29 +0700] "GET /wp-includes/block-patterns/ HTTP/1.0" 403 588 "-" "-"
23.184.48.201 - - [08/Sep/2025:16:01:30 +0700] "GET /wp-includes/block-supports/ HTTP/1.0" 403 588 "-" "-"
23.184.48.201 - - [08/Sep/2025:16:01:31 +0700] "GET /wp-includes/html-api/ HTTP/1.0" 403 582 "-" "-"
23.184.48.201 - - [08/Sep/2025:16:01:32 +0700] "GET /wp-includes/js/ HTTP/1.0" 403 576 "-" "-"
23.184.48.201 - - [08/Sep/2025:16:01:33 +0700] "GET /wp-includes/php-compat/ HTTP/1.0" 403 584 "-" "-"
23.184.48.201 - - [08/Sep/2025:16:01:33 +0700] "GET /wp-includes/PHPMailer/ HTTP/1.0" 403 583 "-" "-"
23.184.48.201 - - [08/Sep/2025:16:01:34 +0700] "GET /wp-includes/pomo/ HTTP/1.0" 403 578 "-" "-"
23.184.48.201 - - [08/Sep/2025:16:01:35 +0700] "GET /wp-includes/random_compat/ HTTP/1.0" 404 70666 "-" "-"
23.184.48.201 - - [08/Sep/2025:16:01:46 +0700] "GET /wp-includes/rest-api/ HTTP/1.0" 403 582 "-" "-"
23.184.48.201 - - [08/Sep/2025:16:01:47 +0700] "GET /wp-includes/sitemaps/ HTTP/1.0" 403 582 "-" "-"
23.184.48.201 - - [08/Sep/2025:16:01:47 +0700] "GET /wp-includes/sodium_compat/ HTTP/1.0" 403 587 "-" "-"
23.184.48.201 - - [08/Sep/2025:16:01:48 +0700] "GET /wp-includes/style-engine/ HTTP/1.0" 403 586 "-" "-"
23.184.48.201 - - [08/Sep/2025:16:01:49 +0700] "GET /wp-includes/theme-compat/ HTTP/1.0" 403 586 "-" "-"
23.184.48.201 - - [08/Sep/2025:16:01:50 +0700] "GET /wp-includes/widgets/ HTTP/1.0" 403 581 "-" "-"
23.184.48.201 - - [08/Sep/2025:16:01:51 +0700] "GET /wp-admin/css/colors/ectoplasm/ HTTP/1.0" 403 591 "-" "-"
23.184.48.201 - - [08/Sep/2025:16:01:52 +0700] "GET /wp-admin/css/colors/ HTTP/1.0" 403 581 "-" "-"
23.184.48.201 - - [08/Sep/2025:16:01:55 +0700] "GET /admin/images/slider/ HTTP/1.0" 404 70666 "-" "-"
20.171.207.118 - - [08/Sep/2025:16:01:56 +0700] "GET /?p=10244 HTTP/1.0" 301 503 "-" "Mozilla/5.0 AppleWebKit/537.36 (KHTML, like Gecko; compatible; GPTBot/1.2; +https://openai.com/gptbot)"
20.171.207.118 - - [08/Sep/2025:16:01:57 +0700] "GET /how-to-get-fabulous-betwinner-fast-games-on-a-tight-budget/ HTTP/1.0" 200 99523 "-" "Mozilla/5.0 AppleWebKit/537.36 (KHTML, like Gecko; compatible; GPTBot/1.2; +https://openai.com/gptbot)"
23.184.48.201 - - [08/Sep/2025:16:02:04 +0700] "GET /admin/fckeditor/editor/filemanager/ HTTP/1.0" 404 70666 "-" "-"
52.167.144.188 - - [08/Sep/2025:16:02:13 +0700] "GET /sitemap_index.xml HTTP/1.0" 200 2426 "-" "Mozilla/5.0 AppleWebKit/537.36 (KHTML, like Gecko; compatible; bingbot/2.0; +http://www.bing.com/bingbot.htm) Chrome/116.0.1938.76 Safari/537.36"
45.117.177.72 - - [08/Sep/2025:16:02:17 +0700] "POST /wp-cron.php?doing_wp_cron=1757322137.6404180526733398437500 HTTP/1.0" 200 416 "-" "WordPress/6.8.1; https://vattusacky.vn"
23.184.48.201 - - [08/Sep/2025:16:02:16 +0700] "GET /sites/default/files/ HTTP/1.0" 404 70666 "-" "-"
23.184.48.201 - - [08/Sep/2025:16:02:21 +0700] "GET /admin/controller/extension/extension/ HTTP/1.0" 404 70666 "-" "-"
23.184.48.201 - - [08/Sep/2025:16:02:26 +0700] "GET /modules/mod_simplefileuploadv1.3/elements/ HTTP/1.0" 404 70666 "-" "-"
23.184.48.201 - - [08/Sep/2025:16:02:35 +0700] "GET /components/ HTTP/1.0" 404 70666 "-" "-"
23.184.48.201 - - [08/Sep/2025:16:02:42 +0700] "GET /admin/uploads/images/ HTTP/1.0" 404 70666 "-" "-"
23.184.48.201 - - [08/Sep/2025:16:02:53 +0700] "GET /wp-content/plugins/classic-editor/ HTTP/1.0" 403 595 "-" "-"
23.184.48.201 - - [08/Sep/2025:16:02:55 +0700] "GET /wp-content/fonts/ HTTP/1.0" 404 70666 "-" "-"
72.167.102.233 - - [08/Sep/2025:16:03:01 +0700] "POST /xmlrpc.php HTTP/1.0" 200 956 "https://vattusacky.vn" "Mozilla/5.0 (Macintosh; Intel Mac OS X 10_15_7) AppleWebKit/537.36 (KHTML, like Gecko) Chrome/126.0.0.0 Safari/537.36"
23.184.48.201 - - [08/Sep/2025:16:03:03 +0700] "GET /wp-content/plugins/contact-form-7/admin/js/ HTTP/1.0" 404 70666 "-" "-"
23.184.48.201 - - [08/Sep/2025:16:03:12 +0700] "GET /wp-content/plugins/contact-form-7/ HTTP/1.0" 403 595 "-" "-"
20.171.207.118 - - [08/Sep/2025:16:03:13 +0700] "GET /oncredit-cai-thien-nha-cung-vay-tien-online-cap-tai-chinh-truc-tuyen-hop-phap/ HTTP/1.0" 200 211510 "-" "Mozilla/5.0 AppleWebKit/537.36 (KHTML, like Gecko; compatible; GPTBot/1.2; +https://openai.com/gptbot)"
23.184.48.201 - - [08/Sep/2025:16:03:13 +0700] "GET /wordpress/ HTTP/1.0" 404 70666 "-" "-"
23.184.48.201 - - [08/Sep/2025:16:03:29 +0700] "GET /wp-admin/images/ HTTP/1.0" 403 577 "-" "-"
23.184.48.201 - - [08/Sep/2025:16:03:29 +0700] "GET /wp-content/plugins/wordpress-seo/js/dist/ HTTP/1.0" 403 602 "-" "-"
23.184.48.201 - - [08/Sep/2025:16:03:30 +0700] "GET /wp-content/plugins/wordpress-seo/ HTTP/1.0" 200 323 "-" "-"
45.117.177.72 - - [08/Sep/2025:16:03:32 +0700] "POST /wp-cron.php?doing_wp_cron=1757322212.1010820865631103515625 HTTP/1.0" 200 416 "-" "WordPress/6.8.1; https://vattusacky.vn"
23.184.48.201 - - [08/Sep/2025:16:03:30 +0700] "GET /js/ HTTP/1.0" 404 70666 "-" "-"
23.184.48.201 - - [08/Sep/2025:16:03:36 +0700] "GET /wp-content/plugins/woocommerce/assets/js/ HTTP/1.0" 403 602 "-" "-"
23.184.48.201 - - [08/Sep/2025:16:03:38 +0700] "GET /wp-content/plugins/woocommerce/ HTTP/1.0" 403 592 "-" "-"
23.184.48.201 - - [08/Sep/2025:16:03:39 +0700] "GET /wp-admin/meta/ HTTP/1.0" 301 554 "-" "-"
23.184.48.201 - - [08/Sep/2025:16:03:40 +0700] "GET /san-pham/metalometer-do-kim-loai-trong-nuoc/ HTTP/1.0" 200 125606 "-" "-"
23.184.48.201 - - [08/Sep/2025:16:03:50 +0700] "GET /wp-admin/network/ HTTP/1.0" 302 583 "-" "-"
23.184.48.201 - - [08/Sep/2025:16:03:51 +0700] "GET /wp-login.php?redirect_to=https%3A%2F%2Fvattusacky.vn%2Fwp-admin%2Fnetwork%2F&reauth=1 HTTP/1.0" 200 13411 "-" "-"
23.184.48.201 - - [08/Sep/2025:16:03:53 +0700] "GET /wp-admin/user/ HTTP/1.0" 302 580 "-" "-"
23.184.48.201 - - [08/Sep/2025:16:03:55 +0700] "GET /wp-login.php?redirect_to=https%3A%2F%2Fvattusacky.vn%2Fwp-admin%2Fuser%2F&reauth=1 HTTP/1.0" 200 13405 "-" "-"
23.184.48.201 - - [08/Sep/2025:16:03:59 +0700] "GET /wp-content/ HTTP/1.0" 200 323 "-" "-"
23.184.48.201 - - [08/Sep/2025:16:04:01 +0700] "GET /wp-content/plugins/ HTTP/1.0" 200 323 "-" "-"
23.184.48.201 - - [08/Sep/2025:16:04:01 +0700] "GET /wp-content/themes/ HTTP/1.0" 200 323 "-" "-"
23.184.48.201 - - [08/Sep/2025:16:04:02 +0700] "GET /wp-admin/includes/ HTTP/1.0" 403 579 "-" "-"
23.184.48.201 - - [08/Sep/2025:16:04:03 +0700] "GET /wp-admin/ HTTP/1.0" 302 573 "-" "-"
23.184.48.201 - - [08/Sep/2025:16:04:04 +0700] "GET /wp-login.php?redirect_to=https%3A%2F%2Fvattusacky.vn%2Fwp-admin%2F&reauth=1 HTTP/1.0" 200 13395 "-" "-"
23.184.48.201 - - [08/Sep/2025:16:04:07 +0700] "GET /wp-content/upgrade/ HTTP/1.0" 403 580 "-" "-"
45.117.177.72 - - [08/Sep/2025:16:04:28 +0700] "POST /wp-cron.php?doing_wp_cron=1757322268.1528370380401611328125 HTTP/1.0" 200 416 "-" "WordPress/6.8.1; https://vattusacky.vn"
20.171.207.118 - - [08/Sep/2025:16:04:26 +0700] "GET /what-types-of-documents-ought-to-be-housed-in-data-rooms/ HTTP/1.0" 200 72536 "-" "Mozilla/5.0 AppleWebKit/537.36 (KHTML, like Gecko; compatible; GPTBot/1.2; +https://openai.com/gptbot)"
138.68.79.41 - - [08/Sep/2025:16:05:10 +0700] "POST /xmlrpc.php HTTP/1.0" 200 956 "https://vattusacky.vn" "Mozilla/5.0 (Windows NT 10.0; Win64; x64) AppleWebKit/537.36 (KHTML, like Gecko) Chrome/115.0.5790.171 Safari/537.36 Edg/115.0.1901.203"
45.117.177.72 - - [08/Sep/2025:16:05:30 +0700] "POST /wp-cron.php?doing_wp_cron=1757322330.0408110618591308593750 HTTP/1.0" 200 416 "-" "WordPress/6.8.1; https://vattusacky.vn"
20.171.207.118 - - [08/Sep/2025:16:05:28 +0700] "GET /your-five-ways-to-cope-with-first-time-frame-compliments/ HTTP/1.0" 200 73435 "-" "Mozilla/5.0 AppleWebKit/537.36 (KHTML, like Gecko; compatible; GPTBot/1.2; +https://openai.com/gptbot)"
20.171.207.118 - - [08/Sep/2025:16:06:43 +0700] "GET /a-users-guide-to-omegle-vs-ometv/ HTTP/1.0" 200 88681 "-" "Mozilla/5.0 AppleWebKit/537.36 (KHTML, like Gecko; compatible; GPTBot/1.2; +https://openai.com/gptbot)"
45.117.177.72 - - [08/Sep/2025:16:06:44 +0700] "POST /wp-cron.php?doing_wp_cron=1757322404.5347950458526611328125 HTTP/1.0" 200 416 "-" "WordPress/6.8.1; https://vattusacky.vn"
4.196.198.94 - - [08/Sep/2025:16:06:43 +0700] "GET / HTTP/1.0" 503 8085 "-" "Mozilla/5.0 AppleWebKit/537.36 (KHTML, like Gecko); compatible; ChatGPT-User/1.0; +https://openai.com/bot"
45.117.177.72 - - [08/Sep/2025:16:07:18 +0700] "POST /wp-cron.php?doing_wp_cron=1757322438.4899361133575439453125 HTTP/1.0" 200 416 "-" "WordPress/6.8.1; https://vattusacky.vn"
199.188.204.167 - - [08/Sep/2025:16:07:16 +0700] "POST /xmlrpc.php HTTP/1.0" 200 956 "https://vattusacky.vn" "Mozilla/5.0 (Macintosh; Intel Mac OS X 10_15_7; rv:125.0.1) Gecko/20100101 Firefox/125.0.1"
20.171.207.118 - - [08/Sep/2025:16:08:03 +0700] "GET /pin-ap-kazino-oficialnyj-sajt-pin-up-casino/ HTTP/1.0" 200 108676 "-" "Mozilla/5.0 AppleWebKit/537.36 (KHTML, like Gecko; compatible; GPTBot/1.2; +https://openai.com/gptbot)"
45.117.177.72 - - [08/Sep/2025:16:08:27 +0700] "POST /wp-cron.php?doing_wp_cron=1757322507.5130031108856201171875 HTTP/1.0" 200 416 "-" "WordPress/6.8.1; https://vattusacky.vn"
185.191.171.16 - - [08/Sep/2025:16:08:26 +0700] "GET /embracing-multiculturalism-omegles-cross-cultural-connections/ HTTP/1.0" 200 85315 "-" "Mozilla/5.0 (compatible; SemrushBot/7~bl; +http://www.semrush.com/bot.html)"
216.73.216.162 - - [08/Sep/2025:16:09:08 +0700] "GET /how-to-use-omegle-a-step-by-step-guide/feed HTTP/1.0" 301 732 "-" "Mozilla/5.0 AppleWebKit/537.36 (KHTML, like Gecko; compatible; ClaudeBot/1.0; +claudebot@anthropic.com)"
45.117.177.72 - - [08/Sep/2025:16:09:10 +0700] "POST /wp-cron.php?doing_wp_cron=1757322550.2030119895935058593750 HTTP/1.0" 200 416 "-" "WordPress/6.8.1; https://vattusacky.vn"
216.73.216.162 - - [08/Sep/2025:16:09:08 +0700] "GET /how-to-use-ometv-effectively/feed HTTP/1.0" 301 722 "-" "Mozilla/5.0 AppleWebKit/537.36 (KHTML, like Gecko; compatible; ClaudeBot/1.0; +claudebot@anthropic.com)"
216.73.216.162 - - [08/Sep/2025:16:09:10 +0700] "GET /how-to-use-omegle-a-step-by-step-guide/feed/ HTTP/1.0" 200 1565 "https://vattusacky.vn/how-to-use-omegle-a-step-by-step-guide/feed" "Mozilla/5.0 AppleWebKit/537.36 (KHTML, like Gecko; compatible; ClaudeBot/1.0; +claudebot@anthropic.com)"
216.73.216.162 - - [08/Sep/2025:16:09:10 +0700] "GET /how-to-use-ometv-effectively/feed/ HTTP/1.0" 200 1535 "https://vattusacky.vn/how-to-use-ometv-effectively/feed" "Mozilla/5.0 AppleWebKit/537.36 (KHTML, like Gecko; compatible; ClaudeBot/1.0; +claudebot@anthropic.com)"
45.117.177.72 - - [08/Sep/2025:16:09:21 +0700] "POST /wp-cron.php?doing_wp_cron=1757322561.6359291076660156250000 HTTP/1.0" 200 416 "-" "WordPress/6.8.1; https://vattusacky.vn"
20.171.207.118 - - [08/Sep/2025:16:09:20 +0700] "GET /serp-nang-cao-onredit-truc-tuyen-nhanh-nhat/ HTTP/1.0" 200 211309 "-" "Mozilla/5.0 AppleWebKit/537.36 (KHTML, like Gecko; compatible; GPTBot/1.2; +https://openai.com/gptbot)"
216.73.216.162 - - [08/Sep/2025:16:10:02 +0700] "GET /how-to-stay-safe-while-using-omegle/feed HTTP/1.0" 301 729 "-" "Mozilla/5.0 AppleWebKit/537.36 (KHTML, like Gecko; compatible; ClaudeBot/1.0; +claudebot@anthropic.com)"
216.73.216.162 - - [08/Sep/2025:16:10:04 +0700] "GET /how-to-stay-safe-while-using-omegle/feed/ HTTP/1.0" 200 1556 "https://vattusacky.vn/how-to-stay-safe-while-using-omegle/feed" "Mozilla/5.0 AppleWebKit/537.36 (KHTML, like Gecko; compatible; ClaudeBot/1.0; +claudebot@anthropic.com)"
45.117.177.72 - - [08/Sep/2025:16:10:42 +0700] "POST /wp-cron.php?doing_wp_cron=1757322642.2641561031341552734375 HTTP/1.0" 200 416 "-" "WordPress/6.8.1; https://vattusacky.vn"
20.171.207.118 - - [08/Sep/2025:16:10:41 +0700] "GET /?p=6198 HTTP/1.0" 301 497 "-" "Mozilla/5.0 AppleWebKit/537.36 (KHTML, like Gecko; compatible; GPTBot/1.2; +https://openai.com/gptbot)"
20.171.207.118 - - [08/Sep/2025:16:10:42 +0700] "GET /behind-the-screen-the-untold-stories-of-omegle-users/ HTTP/1.0" 200 89627 "-" "Mozilla/5.0 AppleWebKit/537.36 (KHTML, like Gecko; compatible; GPTBot/1.2; +https://openai.com/gptbot)"
45.117.177.72 - - [08/Sep/2025:16:11:42 +0700] "POST /wp-cron.php?doing_wp_cron=1757322702.3128139972686767578125 HTTP/1.0" 200 416 "-" "WordPress/6.8.1; https://vattusacky.vn"
216.73.216.162 - - [08/Sep/2025:16:11:41 +0700] "GET /identifying-and-avoiding-scams-on-omegle-a-privacy-perspective/feed HTTP/1.0" 301 756 "-" "Mozilla/5.0 AppleWebKit/537.36 (KHTML, like Gecko; compatible; ClaudeBot/1.0; +claudebot@anthropic.com)"
103.169.160.74 - - [08/Sep/2025:16:11:36 +0700] "POST /xmlrpc.php HTTP/1.0" 200 956 "https://vattusacky.vn" "Mozilla/5.0 (Windows NT 11.0; Win64; x64; rv:126.0) Gecko/20100101 Firefox/126.0"
216.73.216.162 - - [08/Sep/2025:16:11:42 +0700] "GET /identifying-and-avoiding-scams-on-omegle-a-privacy-perspective/feed/ HTTP/1.0" 200 1637 "https://vattusacky.vn/identifying-and-avoiding-scams-on-omegle-a-privacy-perspective/feed" "Mozilla/5.0 AppleWebKit/537.36 (KHTML, like Gecko; compatible; ClaudeBot/1.0; +claudebot@anthropic.com)"
20.171.207.118 - - [08/Sep/2025:16:11:57 +0700] "GET /?p=9819 HTTP/1.0" 301 501 "-" "Mozilla/5.0 AppleWebKit/537.36 (KHTML, like Gecko; compatible; GPTBot/1.2; +https://openai.com/gptbot)"
20.171.207.118 - - [08/Sep/2025:16:11:58 +0700] "GET /your-five-ways-to-cope-with-first-time-frame-compliments/ HTTP/1.0" 200 73435 "-" "Mozilla/5.0 AppleWebKit/537.36 (KHTML, like Gecko; compatible; GPTBot/1.2; +https://openai.com/gptbot)"
85.208.96.210 - - [08/Sep/2025:16:12:12 +0700] "GET /evermed/ HTTP/1.0" 200 203595 "-" "Mozilla/5.0 (compatible; SemrushBot/7~bl; +http://www.semrush.com/bot.html)"
45.117.177.72 - - [08/Sep/2025:16:12:27 +0700] "POST /wp-cron.php?doing_wp_cron=1757322746.9540140628814697265625 HTTP/1.0" 200 416 "-" "WordPress/6.8.1; https://vattusacky.vn"
216.73.216.162 - - [08/Sep/2025:16:12:25 +0700] "GET /?p=7095 HTTP/1.0" 301 626 "-" "Mozilla/5.0 AppleWebKit/537.36 (KHTML, like Gecko; compatible; ClaudeBot/1.0; +claudebot@anthropic.com)"
216.73.216.162 - - [08/Sep/2025:16:12:27 +0700] "GET /how-to-stay-safe-while-using-omegle/ HTTP/1.0" 200 89207 "https://vattusacky.vn/?p=7095" "Mozilla/5.0 AppleWebKit/537.36 (KHTML, like Gecko; compatible; ClaudeBot/1.0; +claudebot@anthropic.com)"
45.117.177.72 - - [08/Sep/2025:16:13:22 +0700] "POST /wp-cron.php?doing_wp_cron=1757322802.3826169967651367187500 HTTP/1.0" 200 416 "-" "WordPress/6.8.1; https://vattusacky.vn"
20.171.207.118 - - [08/Sep/2025:16:13:21 +0700] "GET /?p=2549 HTTP/1.0" 301 502 "-" "Mozilla/5.0 AppleWebKit/537.36 (KHTML, like Gecko; compatible; GPTBot/1.2; +https://openai.com/gptbot)"
20.171.207.118 - - [08/Sep/2025:16:13:22 +0700] "GET /self-esteem-approaches-for-the-bashful-and-insecure-dater/ HTTP/1.0" 200 206335 "-" "Mozilla/5.0 AppleWebKit/537.36 (KHTML, like Gecko; compatible; GPTBot/1.2; +https://openai.com/gptbot)"
91.224.92.24 - - [08/Sep/2025:16:13:40 +0700] "POST /vendor/phpunit/phpunit/src/Util/PHP/eval-stdin.php HTTP/1.0" 404 70871 "-" "Mozilla/5.0 (Windows NT 10.0; Win64; x64) AppleWebKit/537.36 (KHTML, like Gecko) Chrome/119.0.0.0 Safari/537.36"
134.209.118.102 - - [08/Sep/2025:16:13:45 +0700] "POST /xmlrpc.php HTTP/1.0" 200 956 "https://vattusacky.vn" "Mozilla/5.0 (Windows NT 10.0; Win64; x64; rv:126.0) Gecko/20100101 Firefox/126.0"
20.171.207.118 - - [08/Sep/2025:16:14:24 +0700] "GET /play-for-free-slot-machines-online-slots-at-casinos/ HTTP/1.0" 200 74654 "-" "Mozilla/5.0 AppleWebKit/537.36 (KHTML, like Gecko; compatible; GPTBot/1.2; +https://openai.com/gptbot)"
216.73.216.162 - - [08/Sep/2025:16:14:15 +0700] "GET /?p=7099 HTTP/1.0" 301 619 "-" "Mozilla/5.0 AppleWebKit/537.36 (KHTML, like Gecko; compatible; ClaudeBot/1.0; +claudebot@anthropic.com)"
216.73.216.162 - - [08/Sep/2025:16:14:51 +0700] "GET /?p=7096 HTTP/1.0" 301 629 "-" "Mozilla/5.0 AppleWebKit/537.36 (KHTML, like Gecko; compatible; ClaudeBot/1.0; +claudebot@anthropic.com)"
216.73.216.162 - - [08/Sep/2025:16:14:52 +0700] "GET /how-to-use-omegle-a-step-by-step-guide/ HTTP/1.0" 200 89932 "https://vattusacky.vn/?p=7096" "Mozilla/5.0 AppleWebKit/537.36 (KHTML, like Gecko; compatible; ClaudeBot/1.0; +claudebot@anthropic.com)"
45.117.177.72 - - [08/Sep/2025:16:15:18 +0700] "POST /wp-cron.php?doing_wp_cron=1757322918.1814370155334472656250 HTTP/1.0" 200 416 "-" "WordPress/6.8.1; https://vattusacky.vn"
82.94.184.129 - - [08/Sep/2025:16:15:16 +0700] "POST /xmlrpc.php HTTP/1.0" 200 956 "-" "Mozilla/5.0 (Windows NT 10.0; Win64; x64; rv:56.0) Gecko/20100101 Firefox/56.0"
20.171.207.118 - - [08/Sep/2025:16:15:40 +0700] "GET /?p=2296 HTTP/1.0" 301 522 "-" "Mozilla/5.0 AppleWebKit/537.36 (KHTML, like Gecko; compatible; GPTBot/1.2; +https://openai.com/gptbot)"
20.171.207.118 - - [08/Sep/2025:16:15:41 +0700] "GET /oncredit-cai-thien-nha-cung-vay-tien-online-cap-tai-chinh-truc-tuyen-hop-phap/ HTTP/1.0" 200 211364 "-" "Mozilla/5.0 AppleWebKit/537.36 (KHTML, like Gecko; compatible; GPTBot/1.2; +https://openai.com/gptbot)"
209.172.2.60 - - [08/Sep/2025:16:15:55 +0700] "POST /xmlrpc.php HTTP/1.0" 200 956 "https://vattusacky.vn" "Mozilla/5.0 (Windows NT 10.0; Win64; x64) AppleWebKit/537.36 (KHTML, like Gecko) Chrome/126.0.0.0 Safari/537.36 Edg/126.0.0.0"
185.191.171.14 - - [08/Sep/2025:16:15:59 +0700] "GET /what-are-the-fundamentals-of-a-no-deposit-casino/ HTTP/1.0" 200 206949 "-" "Mozilla/5.0 (compatible; SemrushBot/7~bl; +http://www.semrush.com/bot.html)"
185.191.171.6 - - [08/Sep/2025:16:16:11 +0700] "GET /loantienonl-review-https-vaysite-com-app-vay-tien-vamo-app/ HTTP/1.0" 200 206680 "-" "Mozilla/5.0 (compatible; SemrushBot/7~bl; +http://www.semrush.com/bot.html)"
216.73.216.162 - - [08/Sep/2025:16:16:13 +0700] "GET /?p=7101 HTTP/1.0" 301 653 "-" "Mozilla/5.0 AppleWebKit/537.36 (KHTML, like Gecko; compatible; ClaudeBot/1.0; +claudebot@anthropic.com)"
216.73.216.162 - - [08/Sep/2025:16:16:14 +0700] "GET /identifying-and-avoiding-scams-on-omegle-a-privacy-perspective/ HTTP/1.0" 200 91777 "https://vattusacky.vn/?p=7101" "Mozilla/5.0 AppleWebKit/537.36 (KHTML, like Gecko; compatible; ClaudeBot/1.0; +claudebot@anthropic.com)"
45.117.177.72 - - [08/Sep/2025:16:16:56 +0700] "POST /wp-cron.php?doing_wp_cron=1757323016.2824211120605468750000 HTTP/1.0" 200 416 "-" "WordPress/6.8.1; https://vattusacky.vn"
20.171.207.118 - - [08/Sep/2025:16:16:54 +0700] "GET /best-online-casino-with-the-most-popular-name-free-spins HTTP/1.0" 301 455 "-" "Mozilla/5.0 AppleWebKit/537.36 (KHTML, like Gecko; compatible; GPTBot/1.2; +https://openai.com/gptbot)"
20.171.207.118 - - [08/Sep/2025:16:16:56 +0700] "GET /best-online-casino-with-the-most-popular-name-free-spins/ HTTP/1.0" 200 73984 "-" "Mozilla/5.0 AppleWebKit/537.36 (KHTML, like Gecko; compatible; GPTBot/1.2; +https://openai.com/gptbot)"
45.117.177.72 - - [08/Sep/2025:16:18:03 +0700] "POST /wp-cron.php?doing_wp_cron=1757323083.6795198917388916015625 HTTP/1.0" 200 416 "-" "WordPress/6.8.1; https://vattusacky.vn"
107.20.181.148 - - [08/Sep/2025:16:18:02 +0700] "GET /how-will-you-make-an-extended-distance-relationship-work/ HTTP/1.0" 200 208303 "-" "Mozilla/5.0 AppleWebKit/537.36 (KHTML, like Gecko; compatible; Amazonbot/0.1; +https://developer.amazon.com/support/amazonbot) Chrome/119.0.6045.214 Safari/537.36"
35.169.240.53 - - [08/Sep/2025:16:18:05 +0700] "GET /category/uncategorized/page/195/ HTTP/1.0" 200 76886 "-" "Mozilla/5.0 AppleWebKit/537.36 (KHTML, like Gecko; compatible; Amazonbot/0.1; +https://developer.amazon.com/support/amazonbot) Chrome/119.0.6045.214 Safari/537.36"
192.250.229.38 - - [08/Sep/2025:16:18:07 +0700] "POST /xmlrpc.php HTTP/1.0" 200 956 "https://vattusacky.vn" "Mozilla/5.0 (Macintosh; Intel Mac OS X 13_3) AppleWebKit/537.36 (KHTML, like Gecko) Chrome/126.0.0.0 Safari/537.36"
98.84.60.17 - - [08/Sep/2025:16:18:09 +0700] "GET /category/uncategorized/page/280/ HTTP/1.0" 200 74128 "-" "Mozilla/5.0 AppleWebKit/537.36 (KHTML, like Gecko; compatible; Amazonbot/0.1; +https://developer.amazon.com/support/amazonbot) Chrome/119.0.6045.214 Safari/537.36"
20.171.207.118 - - [08/Sep/2025:16:18:10 +0700] "GET /master-the-art-of-cs-id-obstawianie-i-zwiksz-swoje/ HTTP/1.0" 200 76702 "-" "Mozilla/5.0 AppleWebKit/537.36 (KHTML, like Gecko; compatible; GPTBot/1.2; +https://openai.com/gptbot)"
45.117.177.72 - - [08/Sep/2025:16:19:47 +0700] "POST /wp-cron.php?doing_wp_cron=1757323187.1672110557556152343750 HTTP/1.0" 200 416 "-" "WordPress/6.8.1; https://vattusacky.vn"
4.217.168.239 - - [08/Sep/2025:16:19:40 +0700] "GET /wp-content/plugins/hellopress/wp_filemanager.php HTTP/1.0" 404 70812 "-" "-"
4.217.168.239 - - [08/Sep/2025:16:19:47 +0700] "GET /TX99gTdSBBFr.php HTTP/1.0" 403 577 "-" "-"
4.217.168.239 - - [08/Sep/2025:16:19:47 +0700] "GET /aa8.php HTTP/1.0" 403 568 "-" "-"
4.217.168.239 - - [08/Sep/2025:16:19:48 +0700] "GET /lock360.php HTTP/1.0" 403 572 "-" "-"
4.217.168.239 - - [08/Sep/2025:16:19:48 +0700] "GET /nxx.php HTTP/1.0" 403 568 "-" "-"
4.217.168.239 - - [08/Sep/2025:16:19:48 +0700] "GET /claa.php HTTP/1.0" 403 569 "-" "-"
4.217.168.239 - - [08/Sep/2025:16:19:48 +0700] "GET /zc.php HTTP/1.0" 403 567 "-" "-"
4.217.168.239 - - [08/Sep/2025:16:19:48 +0700] "GET /zt2.php HTTP/1.0" 403 568 "-" "-"
4.217.168.239 - - [08/Sep/2025:16:19:48 +0700] "GET /xojryvch.php HTTP/1.0" 403 573 "-" "-"
4.217.168.239 - - [08/Sep/2025:16:19:49 +0700] "GET /ioxi-o.php HTTP/1.0" 403 571 "-" "-"
20.171.207.118 - - [08/Sep/2025:16:20:08 +0700] "GET /we-try-to-help-niche-corporations-in-india-develop/ HTTP/1.0" 200 249522 "-" "Mozilla/5.0 AppleWebKit/537.36 (KHTML, like Gecko; compatible; GPTBot/1.2; +https://openai.com/gptbot)"
45.117.177.72 - - [08/Sep/2025:16:21:12 +0700] "POST /wp-cron.php?doing_wp_cron=1757323272.1482229232788085937500 HTTP/1.0" 200 416 "-" "WordPress/6.8.1; https://vattusacky.vn"
43.133.253.253 - - [08/Sep/2025:16:21:10 +0700] "GET / HTTP/1.0" 301 598 "http://www.vattusacky.vn" "Mozilla/5.0 (iPhone; CPU iPhone OS 13_2_3 like Mac OS X) AppleWebKit/605.1.15 (KHTML, like Gecko) Version/13.0.3 Mobile/15E148 Safari/604.1"
43.133.253.253 - - [08/Sep/2025:16:21:13 +0700] "GET / HTTP/1.0" 200 60071 "https://www.vattusacky.vn/" "Mozilla/5.0 (iPhone; CPU iPhone OS 13_2_3 like Mac OS X) AppleWebKit/605.1.15 (KHTML, like Gecko) Version/13.0.3 Mobile/15E148 Safari/604.1"
45.117.177.72 - - [08/Sep/2025:16:22:06 +0700] "POST /wp-cron.php?doing_wp_cron=1757323326.3586039543151855468750 HTTP/1.0" 200 416 "-" "WordPress/6.8.1; https://vattusacky.vn"
20.171.207.118 - - [08/Sep/2025:16:22:05 +0700] "GET /what-is-eos-eos-cryptocurrency-news-review-and/ HTTP/1.0" 200 376664 "-" "Mozilla/5.0 AppleWebKit/537.36 (KHTML, like Gecko; compatible; GPTBot/1.2; +https://openai.com/gptbot)"
45.117.177.72 - - [08/Sep/2025:16:22:30 +0700] "POST /wp-cron.php?doing_wp_cron=1757323350.0400500297546386718750 HTTP/1.0" 200 416 "-" "WordPress/6.8.1; https://vattusacky.vn"
93.89.232.2 - - [08/Sep/2025:16:22:27 +0700] "POST /xmlrpc.php HTTP/1.0" 200 956 "https://vattusacky.vn" "Mozilla/5.0 (Macintosh; Intel Mac OS X 13_3) AppleWebKit/537.36 (KHTML, like Gecko) Chrome/126.0.0.0 Safari/537.36 Edg/126.0.0.0"
45.117.177.72 - - [08/Sep/2025:16:23:17 +0700] "POST /wp-cron.php?doing_wp_cron=1757323397.4815449714660644531250 HTTP/1.0" 200 416 "-" "WordPress/6.8.1; https://vattusacky.vn"
85.208.96.198 - - [08/Sep/2025:16:23:15 +0700] "GET /3951-2/ HTTP/1.0" 200 224035 "-" "Mozilla/5.0 (compatible; SemrushBot/7~bl; +http://www.semrush.com/bot.html)"
20.171.207.118 - - [08/Sep/2025:16:23:56 +0700] "GET /best-online-casino-with-the-most-popular-name-free-spins/ HTTP/1.0" 200 73984 "-" "Mozilla/5.0 AppleWebKit/537.36 (KHTML, like Gecko; compatible; GPTBot/1.2; +https://openai.com/gptbot)"
45.117.177.72 - - [08/Sep/2025:16:24:44 +0700] "POST /wp-cron.php?doing_wp_cron=1757323483.7807350158691406250000 HTTP/1.0" 200 416 "-" "WordPress/6.8.1; https://vattusacky.vn"
145.239.93.122 - - [08/Sep/2025:16:24:41 +0700] "POST /xmlrpc.php HTTP/1.0" 200 1725 "https://vattusacky.vn" "Mozilla/5.0 (Windows NT 10.0; Win64; x64) AppleWebKit/537.36 (KHTML, like Gecko) Chrome/116.0.5845.96 Safari/537.36 Edg/116.0.1938.62"
20.171.207.118 - - [08/Sep/2025:16:25:13 +0700] "GET /?p=5562 HTTP/1.0" 301 601 "-" "Mozilla/5.0 AppleWebKit/537.36 (KHTML, like Gecko; compatible; GPTBot/1.2; +https://openai.com/gptbot)"
20.171.207.118 - - [08/Sep/2025:16:25:14 +0700] "GET /best-online-casino-with-the-most-popular-name-free-spins/ HTTP/1.0" 200 73984 "-" "Mozilla/5.0 AppleWebKit/537.36 (KHTML, like Gecko; compatible; GPTBot/1.2; +https://openai.com/gptbot)"
45.117.177.72 - - [08/Sep/2025:16:25:19 +0700] "POST /wp-cron.php?doing_wp_cron=1757323519.0184080600738525390625 HTTP/1.0" 200 416 "-" "WordPress/6.8.1; https://vattusacky.vn"
85.208.96.196 - - [08/Sep/2025:16:25:17 +0700] "GET /kaufen-mobic-preis-ohne-rezept/ HTTP/1.0" 200 144791 "-" "Mozilla/5.0 (compatible; SemrushBot/7~bl; +http://www.semrush.com/bot.html)"
216.244.66.237 - - [08/Sep/2025:16:26:05 +0700] "GET /robots.txt HTTP/1.0" 200 984 "-" "Mozilla/5.0 (compatible; DotBot/1.2; +https://opensiteexplorer.org/dotbot; help@moz.com)"
45.117.177.72 - - [08/Sep/2025:16:26:19 +0700] "POST /wp-cron.php?doing_wp_cron=1757323579.2235929965972900390625 HTTP/1.0" 200 416 "-" "WordPress/6.8.1; https://vattusacky.vn"
74.208.92.254 - - [08/Sep/2025:16:26:17 +0700] "POST /xmlrpc.php HTTP/1.0" 200 956 "-" "Mozilla/5.0 (Windows NT 10.0; Win64; x64; rv:68.0) Gecko/20100101 Firefox/68.0"
20.171.207.118 - - [08/Sep/2025:16:26:32 +0700] "GET /?p=10660 HTTP/1.0" 301 488 "-" "Mozilla/5.0 AppleWebKit/537.36 (KHTML, like Gecko; compatible; GPTBot/1.2; +https://openai.com/gptbot)"
20.171.207.118 - - [08/Sep/2025:16:26:34 +0700] "GET /pin-ap-kazino-oficialnyj-sajt-pin-up-casino/ HTTP/1.0" 200 108676 "-" "Mozilla/5.0 AppleWebKit/537.36 (KHTML, like Gecko; compatible; GPTBot/1.2; +https://openai.com/gptbot)"
167.71.56.214 - - [08/Sep/2025:16:26:50 +0700] "POST /xmlrpc.php HTTP/1.0" 200 956 "https://vattusacky.vn" "Mozilla/5.0 (Windows NT 11.0; Win64; x64; rv:126.0) Gecko/20100101 Firefox/126.0"
66.249.70.194 - - [08/Sep/2025:16:27:00 +0700] "GET /danh-muc/co-ba%CC%89n-thi-nghie%CC%A3m/tu-am/feed/ HTTP/1.0" 200 21946 "-" "Mozilla/5.0 (Linux; Android 6.0.1; Nexus 5X Build/MMB29P) AppleWebKit/537.36 (KHTML, like Gecko) Chrome/138.0.7204.183 Mobile Safari/537.36 (compatible; Googlebot/2.1; +http://www.google.com/bot.html)"
45.117.177.72 - - [08/Sep/2025:16:27:25 +0700] "POST /wp-cron.php?doing_wp_cron=1757323645.6226859092712402343750 HTTP/1.0" 200 416 "-" "WordPress/6.8.1; https://vattusacky.vn"
20.171.207.118 - - [08/Sep/2025:16:27:24 +0700] "GET /comparison-of-safety-measures-on-omegle-and-ometv/ HTTP/1.0" 200 91842 "-" "Mozilla/5.0 AppleWebKit/537.36 (KHTML, like Gecko; compatible; GPTBot/1.2; +https://openai.com/gptbot)"
45.117.177.72 - - [08/Sep/2025:16:28:23 +0700] "POST /wp-cron.php?doing_wp_cron=1757323703.4053900241851806640625 HTTP/1.0" 200 416 "-" "WordPress/6.8.1; https://vattusacky.vn"
20.171.207.118 - - [08/Sep/2025:16:28:22 +0700] "GET /?p=2330 HTTP/1.0" 301 488 "-" "Mozilla/5.0 AppleWebKit/537.36 (KHTML, like Gecko; compatible; GPTBot/1.2; +https://openai.com/gptbot)"
20.171.207.118 - - [08/Sep/2025:16:28:23 +0700] "GET /serp-nang-cao-onredit-truc-tuyen-nhanh-nhat/ HTTP/1.0" 200 211163 "-" "Mozilla/5.0 AppleWebKit/537.36 (KHTML, like Gecko; compatible; GPTBot/1.2; +https://openai.com/gptbot)"
20.171.207.118 - - [08/Sep/2025:16:28:59 +0700] "GET /behind-the-screens-interesting-stories-from-omegle-and-ometv/ HTTP/1.0" 200 90858 "-" "Mozilla/5.0 AppleWebKit/537.36 (KHTML, like Gecko; compatible; GPTBot/1.2; +https://openai.com/gptbot)"
45.117.177.72 - - [08/Sep/2025:16:29:51 +0700] "POST /wp-cron.php?doing_wp_cron=1757323790.9442260265350341796875 HTTP/1.0" 200 416 "-" "WordPress/6.8.1; https://vattusacky.vn"
20.171.207.118 - - [08/Sep/2025:16:29:48 +0700] "GET /how-to-play-bier-haus-slot-machines-online-for-free/ HTTP/1.0" 200 206482 "-" "Mozilla/5.0 AppleWebKit/537.36 (KHTML, like Gecko; compatible; GPTBot/1.2; +https://openai.com/gptbot)"
45.117.177.72 - - [08/Sep/2025:16:30:22 +0700] "POST /wp-cron.php?doing_wp_cron=1757323822.2889809608459472656250 HTTP/1.0" 200 416 "-" "WordPress/6.8.1; https://vattusacky.vn"
20.171.207.118 - - [08/Sep/2025:16:30:20 +0700] "GET /online-slot-machines-is-just-like-land-based-surgeons/ HTTP/1.0" 200 207156 "-" "Mozilla/5.0 AppleWebKit/537.36 (KHTML, like Gecko; compatible; GPTBot/1.2; +https://openai.com/gptbot)"
45.117.177.72 - - [08/Sep/2025:16:31:18 +0700] "POST /wp-cron.php?doing_wp_cron=1757323878.0466670989990234375000 HTTP/1.0" 200 416 "-" "WordPress/6.8.1; https://vattusacky.vn"
143.198.55.111 - - [08/Sep/2025:16:31:16 +0700] "POST /xmlrpc.php HTTP/1.0" 200 956 "https://vattusacky.vn" "Mozilla/5.0 (Macintosh; Intel Mac OS X 14.5) AppleWebKit/618.3.5 (KHTML, like Gecko) Version/17.4 Safari/618.3.5"
185.191.171.19 - - [08/Sep/2025:16:31:26 +0700] "GET /embracing-the-transformative-power-of-friendship-in-omelove-stories/ HTTP/1.0" 200 91573 "-" "Mozilla/5.0 (compatible; SemrushBot/7~bl; +http://www.semrush.com/bot.html)"
216.244.66.237 - - [08/Sep/2025:16:31:28 +0700] "GET /shaping-the-future-of-random-chats-omegles-bold-moves/ HTTP/1.0" 200 88605 "-" "Mozilla/5.0 (compatible; DotBot/1.2; +https://opensiteexplorer.org/dotbot; help@moz.com)"
213.180.203.66 - - [08/Sep/2025:16:31:39 +0700] "GET /unlocking-the-benefits-of-litecoin-casino-gaming/ HTTP/1.0" 200 99588 "-" "Mozilla/5.0 (compatible; YandexBot/3.0; +http://yandex.com/bots)"
185.191.171.13 - - [08/Sep/2025:16:32:07 +0700] "GET /unforgettable-omegle-fails-and-lol-worthy-conversations/ HTTP/1.0" 200 89771 "-" "Mozilla/5.0 (compatible; SemrushBot/7~bl; +http://www.semrush.com/bot.html)"
40.77.167.60 - - [08/Sep/2025:16:32:14 +0700] "GET /basic-attention-token-usd-bat-usd-price-value-news/ HTTP/1.0" 200 251688 "-" "Mozilla/5.0 AppleWebKit/537.36 (KHTML, like Gecko; compatible; bingbot/2.0; +http://www.bing.com/bingbot.htm) Chrome/116.0.1938.76 Safari/537.36"
20.171.207.118 - - [08/Sep/2025:16:32:15 +0700] "GET /vse-delo-v-pin-up-kazino-ofitsialnyy-sayt-zerkalo/ HTTP/1.0" 200 114874 "-" "Mozilla/5.0 AppleWebKit/537.36 (KHTML, like Gecko; compatible; GPTBot/1.2; +https://openai.com/gptbot)"
20.171.207.118 - - [08/Sep/2025:16:33:04 +0700] "GET /how-to-play-bier-haus-slot-machines-online-for-free HTTP/1.0" 301 450 "-" "Mozilla/5.0 AppleWebKit/537.36 (KHTML, like Gecko; compatible; GPTBot/1.2; +https://openai.com/gptbot)"
20.171.207.118 - - [08/Sep/2025:16:33:16 +0700] "GET /how-to-play-bier-haus-slot-machines-online-for-free/ HTTP/1.0" 200 206482 "-" "Mozilla/5.0 AppleWebKit/537.36 (KHTML, like Gecko; compatible; GPTBot/1.2; +https://openai.com/gptbot)"
103.173.66.134 - - [08/Sep/2025:16:33:27 +0700] "POST /xmlrpc.php HTTP/1.0" 200 956 "https://vattusacky.vn" "Mozilla/5.0 (Macintosh; Intel Mac OS X 10_15_7; rv:129.0) Gecko/20100101 Firefox/129.0"
20.171.207.118 - - [08/Sep/2025:16:34:16 +0700] "GET /?p=2268 HTTP/1.0" 301 491 "-" "Mozilla/5.0 AppleWebKit/537.36 (KHTML, like Gecko; compatible; GPTBot/1.2; +https://openai.com/gptbot)"
20.171.207.118 - - [08/Sep/2025:16:34:23 +0700] "GET /what-is-eos-eos-cryptocurrency-news-review-and/ HTTP/1.0" 200 376664 "-" "Mozilla/5.0 AppleWebKit/537.36 (KHTML, like Gecko; compatible; GPTBot/1.2; +https://openai.com/gptbot)"
20.171.207.118 - - [08/Sep/2025:16:34:34 +0700] "GET /?p=6068 HTTP/1.0" 301 494 "-" "Mozilla/5.0 AppleWebKit/537.36 (KHTML, like Gecko; compatible; GPTBot/1.2; +https://openai.com/gptbot)"
20.171.207.118 - - [08/Sep/2025:16:34:36 +0700] "GET /vse-delo-v-pin-up-kazino-ofitsialnyy-sayt-zerkalo/ HTTP/1.0" 200 114874 "-" "Mozilla/5.0 AppleWebKit/537.36 (KHTML, like Gecko; compatible; GPTBot/1.2; +https://openai.com/gptbot)"
20.171.207.118 - - [08/Sep/2025:16:34:48 +0700] "GET /wp-json/oembed/1.0/embed?url=https%3A%2F%2Fvattusacky.vn%2Fvse-delo-v-pin-up-kazino-ofitsialnyy-sayt-zerkalo%2F HTTP/1.0" 200 5685 "-" "Mozilla/5.0 AppleWebKit/537.36 (KHTML, like Gecko; compatible; GPTBot/1.2; +https://openai.com/gptbot)"
20.171.207.118 - - [08/Sep/2025:16:34:54 +0700] "GET /wp-json/wp/v2/posts/6068 HTTP/1.0" 200 141316 "-" "Mozilla/5.0 AppleWebKit/537.36 (KHTML, like Gecko; compatible; GPTBot/1.2; +https://openai.com/gptbot)"
20.171.207.118 - - [08/Sep/2025:16:34:59 +0700] "GET /vse-delo-v-pin-up-kazino-ofitsialnyy-sayt-zerkalo/feed/ HTTP/1.0" 200 1634 "-" "Mozilla/5.0 AppleWebKit/537.36 (KHTML, like Gecko; compatible; GPTBot/1.2; +https://openai.com/gptbot)"
20.171.207.118 - - [08/Sep/2025:16:35:04 +0700] "GET /wp-json/oembed/1.0/embed?format=xml&url=https%3A%2F%2Fvattusacky.vn%2Fvse-delo-v-pin-up-kazino-ofitsialnyy-sayt-zerkalo%2F HTTP/1.0" 200 6267 "-" "Mozilla/5.0 AppleWebKit/537.36 (KHTML, like Gecko; compatible; GPTBot/1.2; +https://openai.com/gptbot)"
45.117.177.72 - - [08/Sep/2025:16:35:26 +0700] "POST /wp-cron.php?doing_wp_cron=1757324126.4500920772552490234375 HTTP/1.0" 200 416 "-" "WordPress/6.8.1; https://vattusacky.vn"
20.171.207.118 - - [08/Sep/2025:16:35:25 +0700] "GET /how-to-solve-affordable-prices-for-custom-term-papers/ HTTP/1.0" 200 207459 "-" "Mozilla/5.0 AppleWebKit/537.36 (KHTML, like Gecko; compatible; GPTBot/1.2; +https://openai.com/gptbot)"
138.68.187.114 - - [08/Sep/2025:16:35:46 +0700] "POST /xmlrpc.php HTTP/1.0" 200 956 "https://vattusacky.vn" "Mozilla/5.0 (Windows NT 10.0; Win64; x64) AppleWebKit/537.36 (KHTML, like Gecko) Chrome/126.0.0.0 Safari/537.36 Edg/126.0.0.0"
20.171.207.118 - - [08/Sep/2025:16:35:50 +0700] "GET /?p=6199 HTTP/1.0" 301 505 "-" "Mozilla/5.0 AppleWebKit/537.36 (KHTML, like Gecko; compatible; GPTBot/1.2; +https://openai.com/gptbot)"
20.171.207.118 - - [08/Sep/2025:16:35:52 +0700] "GET /behind-the-screens-interesting-stories-from-omegle-and-ometv/ HTTP/1.0" 200 90858 "-" "Mozilla/5.0 AppleWebKit/537.36 (KHTML, like Gecko; compatible; GPTBot/1.2; +https://openai.com/gptbot)"
45.117.177.72 - - [08/Sep/2025:16:36:18 +0700] "POST /wp-cron.php?doing_wp_cron=1757324178.4333109855651855468750 HTTP/1.0" 200 416 "-" "WordPress/6.8.1; https://vattusacky.vn"
20.171.207.118 - - [08/Sep/2025:16:36:17 +0700] "GET /?p=4421 HTTP/1.0" 301 450 "-" "Mozilla/5.0 AppleWebKit/537.36 (KHTML, like Gecko; compatible; GPTBot/1.2; +https://openai.com/gptbot)"
20.171.207.118 - - [08/Sep/2025:16:36:18 +0700] "GET /how-to-play-bier-haus-slot-machines-online-for-free/ HTTP/1.0" 200 206482 "-" "Mozilla/5.0 AppleWebKit/537.36 (KHTML, like Gecko; compatible; GPTBot/1.2; +https://openai.com/gptbot)"
20.171.207.118 - - [08/Sep/2025:16:36:43 +0700] "GET /a-look-into-the-crystal-ball-omegles-future-unveiled/ HTTP/1.0" 200 89572 "-" "Mozilla/5.0 AppleWebKit/537.36 (KHTML, like Gecko; compatible; GPTBot/1.2; +https://openai.com/gptbot)"
20.171.207.118 - - [08/Sep/2025:16:37:03 +0700] "GET /?p=6383 HTTP/1.0" 301 494 "-" "Mozilla/5.0 AppleWebKit/537.36 (KHTML, like Gecko; compatible; GPTBot/1.2; +https://openai.com/gptbot)"
20.171.207.118 - - [08/Sep/2025:16:37:05 +0700] "GET /comparison-of-safety-measures-on-omegle-and-ometv/ HTTP/1.0" 200 91842 "-" "Mozilla/5.0 AppleWebKit/537.36 (KHTML, like Gecko; compatible; GPTBot/1.2; +https://openai.com/gptbot)"
45.117.177.72 - - [08/Sep/2025:16:37:55 +0700] "POST /wp-cron.php?doing_wp_cron=1757324275.3629701137542724609375 HTTP/1.0" 200 416 "-" "WordPress/6.8.1; https://vattusacky.vn"
172.210.68.47 - - [08/Sep/2025:16:37:53 +0700] "POST /xmlrpc.php HTTP/1.0" 200 956 "https://vattusacky.vn" "Mozilla/5.0 (Macintosh; Intel Mac OS X 10_15_7) AppleWebKit/537.36 (KHTML, like Gecko) Chrome/114.0.5735.134 Safari/537.36"
20.171.207.118 - - [08/Sep/2025:16:38:04 +0700] "GET /difference-in-plavix-and-asprin-for-blood-thinner/ HTTP/1.0" 200 83168 "-" "Mozilla/5.0 AppleWebKit/537.36 (KHTML, like Gecko; compatible; GPTBot/1.2; +https://openai.com/gptbot)"
45.117.177.72 - - [08/Sep/2025:16:38:37 +0700] "POST /wp-cron.php?doing_wp_cron=1757324316.9118421077728271484375 HTTP/1.0" 200 416 "-" "WordPress/6.8.1; https://vattusacky.vn"
216.73.216.162 - - [08/Sep/2025:16:38:35 +0700] "GET /robots.txt HTTP/1.0" 200 984 "-" "Mozilla/5.0 AppleWebKit/537.36 (KHTML, like Gecko; compatible; ClaudeBot/1.0; +claudebot@anthropic.com)"
216.73.216.162 - - [08/Sep/2025:16:38:37 +0700] "GET /sitemap_index.xml HTTP/1.0" 200 2280 "-" "Mozilla/5.0 AppleWebKit/537.36 (KHTML, like Gecko; compatible; ClaudeBot/1.0; +claudebot@anthropic.com)"
45.117.177.72 - - [08/Sep/2025:16:39:01 +0700] "POST /wp-cron.php?doing_wp_cron=1757324341.5902779102325439453125 HTTP/1.0" 200 416 "-" "WordPress/6.8.1; https://vattusacky.vn"
20.171.207.118 - - [08/Sep/2025:16:39:00 +0700] "GET /demystifying-omegle-and-ometv-how-do-they-really-work/ HTTP/1.0" 200 91225 "-" "Mozilla/5.0 AppleWebKit/537.36 (KHTML, like Gecko; compatible; GPTBot/1.2; +https://openai.com/gptbot)"
45.117.177.72 - - [08/Sep/2025:16:39:51 +0700] "POST /wp-cron.php?doing_wp_cron=1757324390.9373888969421386718750 HTTP/1.0" 200 416 "-" "WordPress/6.8.1; https://vattusacky.vn"
20.171.207.118 - - [08/Sep/2025:16:39:49 +0700] "GET /comparing-prices-where-to-get-the-best-value-for/ HTTP/1.0" 200 232209 "-" "Mozilla/5.0 AppleWebKit/537.36 (KHTML, like Gecko; compatible; GPTBot/1.2; +https://openai.com/gptbot)"
75.119.208.120 - - [08/Sep/2025:16:40:06 +0700] "POST /xmlrpc.php HTTP/1.0" 200 956 "https://vattusacky.vn" "Mozilla/5.0 (Macintosh; Intel Mac OS X 10_15_7) AppleWebKit/537.36 (KHTML, like Gecko) Chrome/114.0.5735.134 Safari/537.36"
45.117.177.72 - - [08/Sep/2025:16:40:25 +0700] "POST /wp-cron.php?doing_wp_cron=1757324424.9152441024780273437500 HTTP/1.0" 200 416 "-" "WordPress/6.8.1; https://vattusacky.vn"
20.171.207.118 - - [08/Sep/2025:16:40:23 +0700] "GET /turkish-guy-seeing-tips-be-affectionate-with-him/ HTTP/1.0" 200 207111 "-" "Mozilla/5.0 AppleWebKit/537.36 (KHTML, like Gecko; compatible; GPTBot/1.2; +https://openai.com/gptbot)"
20.171.207.118 - - [08/Sep/2025:16:40:59 +0700] "GET /how-you-can-date-delightful-single-latina-women/ HTTP/1.0" 200 208669 "-" "Mozilla/5.0 AppleWebKit/537.36 (KHTML, like Gecko; compatible; GPTBot/1.2; +https://openai.com/gptbot)"
45.117.177.72 - - [08/Sep/2025:16:41:52 +0700] "POST /wp-cron.php?doing_wp_cron=1757324512.1627600193023681640625 HTTP/1.0" 200 416 "-" "WordPress/6.8.1; https://vattusacky.vn"
20.171.207.118 - - [08/Sep/2025:16:41:50 +0700] "GET /skachat-dragon-mani-igra-novaja-taktika-s-chestnym/ HTTP/1.0" 200 217329 "-" "Mozilla/5.0 AppleWebKit/537.36 (KHTML, like Gecko; compatible; GPTBot/1.2; +https://openai.com/gptbot)"
45.117.177.72 - - [08/Sep/2025:16:42:20 +0700] "POST /wp-cron.php?doing_wp_cron=1757324539.9545910358428955078125 HTTP/1.0" 200 416 "-" "WordPress/6.8.1; https://vattusacky.vn"
144.91.68.44 - - [08/Sep/2025:16:42:18 +0700] "POST /xmlrpc.php HTTP/1.0" 200 956 "https://vattusacky.vn" "Mozilla/5.0 (Windows NT 10.0; Win64; x64) AppleWebKit/537.36 (KHTML, like Gecko) Chrome/116.0.5845.96 Safari/537.36 Edg/116.0.1938.62"
