172.190.142.176 - - [09/Sep/2025:05:28:41 +0700] "GET /fe5.php HTTP/1.0" 403 568 "-" "-"
172.190.142.176 - - [09/Sep/2025:05:28:41 +0700] "GET /gg.php HTTP/1.0" 403 567 "-" "-"
172.190.142.176 - - [09/Sep/2025:05:28:42 +0700] "GET /fresh3.php HTTP/1.0" 403 571 "-" "-"
172.190.142.176 - - [09/Sep/2025:05:28:42 +0700] "GET /mo.php HTTP/1.0" 403 567 "-" "-"
172.190.142.176 - - [09/Sep/2025:05:28:43 +0700] "GET /6erg.php HTTP/1.0" 403 569 "-" "-"
172.190.142.176 - - [09/Sep/2025:05:28:43 +0700] "GET /rsnu.php HTTP/1.0" 403 569 "-" "-"
172.190.142.176 - - [09/Sep/2025:05:28:44 +0700] "GET /card.php HTTP/1.0" 403 569 "-" "-"
172.190.142.176 - - [09/Sep/2025:05:28:44 +0700] "GET /aol7.php HTTP/1.0" 403 569 "-" "-"
172.190.142.176 - - [09/Sep/2025:05:28:45 +0700] "GET /admi.php HTTP/1.0" 403 569 "-" "-"
20.171.207.39 - - [09/Sep/2025:05:28:44 +0700] "GET /?p=3203 HTTP/1.0" 301 517 "-" "Mozilla/5.0 AppleWebKit/537.36 (KHTML, like Gecko; compatible; GPTBot/1.2; +https://openai.com/gptbot)"
172.190.142.176 - - [09/Sep/2025:05:28:45 +0700] "GET /not.php HTTP/1.0" 403 568 "-" "-"
172.190.142.176 - - [09/Sep/2025:05:28:46 +0700] "GET /abcd.php HTTP/1.0" 403 569 "-" "-"
172.190.142.176 - - [09/Sep/2025:05:28:46 +0700] "GET /cool.php HTTP/1.0" 403 569 "-" "-"
20.171.207.39 - - [09/Sep/2025:05:28:45 +0700] "GET /tiny-intimate-wedding-ceremonies-helping-your-ceremony-to-the-next-level/ HTTP/1.0" 200 208019 "-" "Mozilla/5.0 AppleWebKit/537.36 (KHTML, like Gecko; compatible; GPTBot/1.2; +https://openai.com/gptbot)"
172.190.142.176 - - [09/Sep/2025:05:28:47 +0700] "GET /CLA.php HTTP/1.0" 403 568 "-" "-"
172.190.142.176 - - [09/Sep/2025:05:28:47 +0700] "GET /a2.php HTTP/1.0" 403 567 "-" "-"
172.190.142.176 - - [09/Sep/2025:05:28:48 +0700] "GET /pp.php HTTP/1.0" 403 567 "-" "-"
172.190.142.176 - - [09/Sep/2025:05:28:48 +0700] "GET /89.php HTTP/1.0" 403 567 "-" "-"
172.190.142.176 - - [09/Sep/2025:05:28:49 +0700] "GET /past.php HTTP/1.0" 403 569 "-" "-"
172.190.142.176 - - [09/Sep/2025:05:28:49 +0700] "GET /skk.php HTTP/1.0" 403 568 "-" "-"
172.190.142.176 - - [09/Sep/2025:05:28:50 +0700] "GET /fs.php HTTP/1.0" 403 567 "-" "-"
172.190.142.176 - - [09/Sep/2025:05:28:50 +0700] "GET /nc.php HTTP/1.0" 403 567 "-" "-"
172.190.142.176 - - [09/Sep/2025:05:28:51 +0700] "GET /.an5.php HTTP/1.0" 403 569 "-" "-"
172.190.142.176 - - [09/Sep/2025:05:28:51 +0700] "GET /berm.php HTTP/1.0" 403 569 "-" "-"
172.190.142.176 - - [09/Sep/2025:05:28:52 +0700] "GET /2index.php HTTP/1.0" 403 571 "-" "-"
172.190.142.176 - - [09/Sep/2025:05:28:52 +0700] "GET /n1.php HTTP/1.0" 403 567 "-" "-"
172.190.142.176 - - [09/Sep/2025:05:28:53 +0700] "GET /pn.php HTTP/1.0" 403 567 "-" "-"
20.171.207.39 - - [09/Sep/2025:05:28:51 +0700] "GET /an-overview-of-the-online-gambling-market HTTP/1.0" 301 440 "-" "Mozilla/5.0 AppleWebKit/537.36 (KHTML, like Gecko; compatible; GPTBot/1.2; +https://openai.com/gptbot)"
172.190.142.176 - - [09/Sep/2025:05:28:53 +0700] "GET /app.php HTTP/1.0" 403 568 "-" "-"
172.190.142.176 - - [09/Sep/2025:05:28:53 +0700] "GET /re.php HTTP/1.0" 403 567 "-" "-"
172.190.142.176 - - [09/Sep/2025:05:28:54 +0700] "GET /Eva.php HTTP/1.0" 403 568 "-" "-"
172.190.142.176 - - [09/Sep/2025:05:28:54 +0700] "GET /bq.php HTTP/1.0" 403 567 "-" "-"
20.171.207.39 - - [09/Sep/2025:05:28:53 +0700] "GET /an-overview-of-the-online-gambling-market/ HTTP/1.0" 200 73709 "-" "Mozilla/5.0 AppleWebKit/537.36 (KHTML, like Gecko; compatible; GPTBot/1.2; +https://openai.com/gptbot)"
172.190.142.176 - - [09/Sep/2025:05:28:55 +0700] "GET /1a.php HTTP/1.0" 403 567 "-" "-"
20.171.207.39 - - [09/Sep/2025:05:29:02 +0700] "GET /online-casino-real-money-no-deposit-bonus HTTP/1.0" 301 440 "-" "Mozilla/5.0 AppleWebKit/537.36 (KHTML, like Gecko; compatible; GPTBot/1.2; +https://openai.com/gptbot)"
20.171.207.39 - - [09/Sep/2025:05:29:03 +0700] "GET /online-casino-real-money-no-deposit-bonus/ HTTP/1.0" 200 208626 "-" "Mozilla/5.0 AppleWebKit/537.36 (KHTML, like Gecko; compatible; GPTBot/1.2; +https://openai.com/gptbot)"
20.171.207.39 - - [09/Sep/2025:05:29:11 +0700] "GET /unveiling-the-mask-exploring-online-identities/ HTTP/1.0" 200 92583 "-" "Mozilla/5.0 AppleWebKit/537.36 (KHTML, like Gecko; compatible; GPTBot/1.2; +https://openai.com/gptbot)"
17.241.75.19 - - [09/Sep/2025:05:29:15 +0700] "GET /the-role-of-intention-in-creating-cosmic-connections-on-omegle/ HTTP/1.0" 200 93963 "-" "Mozilla/5.0 (Macintosh; Intel Mac OS X 10_15_7) AppleWebKit/605.1.15 (KHTML, like Gecko) Version/17.4 Safari/605.1.15 (Applebot/0.1; +http://www.apple.com/go/applebot)"
45.117.177.72 - - [09/Sep/2025:05:29:20 +0700] "POST /wp-cron.php?doing_wp_cron=1757370560.5666790008544921875000 HTTP/1.0" 200 416 "-" "WordPress/6.8.1; https://vattusacky.vn"
4.227.36.35 - - [09/Sep/2025:05:29:19 +0700] "GET /robots.txt HTTP/1.0" 200 984 "-" "Mozilla/5.0 AppleWebKit/537.36 (KHTML, like Gecko; compatible; GPTBot/1.2; +https://openai.com/gptbot)"
216.73.216.162 - - [09/Sep/2025:05:29:20 +0700] "GET /how-omegle-fosters-a-sense-of-belonging-in-marginalized-communities/feed HTTP/1.0" 301 761 "-" "Mozilla/5.0 AppleWebKit/537.36 (KHTML, like Gecko; compatible; ClaudeBot/1.0; +claudebot@anthropic.com)"
216.73.216.162 - - [09/Sep/2025:05:29:22 +0700] "GET /how-omegle-fosters-a-sense-of-belonging-in-marginalized-communities/feed/ HTTP/1.0" 200 1652 "https://vattusacky.vn/how-omegle-fosters-a-sense-of-belonging-in-marginalized-communities/feed" "Mozilla/5.0 AppleWebKit/537.36 (KHTML, like Gecko; compatible; ClaudeBot/1.0; +claudebot@anthropic.com)"
20.171.207.39 - - [09/Sep/2025:05:29:22 +0700] "GET /omegles-influence-on-the-representation-of-online-relationships-in-literature/ HTTP/1.0" 200 79131 "-" "Mozilla/5.0 AppleWebKit/537.36 (KHTML, like Gecko; compatible; GPTBot/1.2; +https://openai.com/gptbot)"
20.171.207.39 - - [09/Sep/2025:05:29:34 +0700] "GET /?p=8138 HTTP/1.0" 301 485 "-" "Mozilla/5.0 AppleWebKit/537.36 (KHTML, like Gecko; compatible; GPTBot/1.2; +https://openai.com/gptbot)"
20.171.207.39 - - [09/Sep/2025:05:29:35 +0700] "GET /reporting-and-blocking-options-on-omegle/ HTTP/1.0" 200 91348 "-" "Mozilla/5.0 AppleWebKit/537.36 (KHTML, like Gecko; compatible; GPTBot/1.2; +https://openai.com/gptbot)"
20.171.207.39 - - [09/Sep/2025:05:29:42 +0700] "GET /omegles-influence-on-social-skills-development/ HTTP/1.0" 200 90927 "-" "Mozilla/5.0 AppleWebKit/537.36 (KHTML, like Gecko; compatible; GPTBot/1.2; +https://openai.com/gptbot)"
20.171.207.39 - - [09/Sep/2025:05:29:50 +0700] "GET /omegles-impact-on-digital-communication-skills/ HTTP/1.0" 200 89302 "-" "Mozilla/5.0 AppleWebKit/537.36 (KHTML, like Gecko; compatible; GPTBot/1.2; +https://openai.com/gptbot)"
87.250.224.98 - - [09/Sep/2025:05:30:13 +0700] "GET /a-comparative-analysis-of-user-feedback-on-omegle-and-ometv/ HTTP/1.0" 200 91021 "-" "Mozilla/5.0 (compatible; YandexBot/3.0; +http://yandex.com/bots)"
20.171.207.39 - - [09/Sep/2025:05:30:15 +0700] "GET /?p=8274 HTTP/1.0" 301 637 "-" "Mozilla/5.0 AppleWebKit/537.36 (KHTML, like Gecko; compatible; GPTBot/1.2; +https://openai.com/gptbot)"
45.117.177.72 - - [09/Sep/2025:05:30:18 +0700] "POST /wp-cron.php?doing_wp_cron=1757370617.7319920063018798828125 HTTP/1.0" 200 416 "-" "WordPress/6.8.1; https://vattusacky.vn"
20.171.207.39 - - [09/Sep/2025:05:30:16 +0700] "GET /success-stories-from-omegles-social-experiment/ HTTP/1.0" 200 92286 "-" "Mozilla/5.0 AppleWebKit/537.36 (KHTML, like Gecko; compatible; GPTBot/1.2; +https://openai.com/gptbot)"
20.171.207.39 - - [09/Sep/2025:05:30:33 +0700] "GET /omegles-impact-on-digital-communication-trends/ HTTP/1.0" 200 91787 "-" "Mozilla/5.0 AppleWebKit/537.36 (KHTML, like Gecko; compatible; GPTBot/1.2; +https://openai.com/gptbot)"
20.171.207.39 - - [09/Sep/2025:05:30:42 +0700] "GET /?p=3232 HTTP/1.0" 301 484 "-" "Mozilla/5.0 AppleWebKit/537.36 (KHTML, like Gecko; compatible; GPTBot/1.2; +https://openai.com/gptbot)"
20.171.207.39 - - [09/Sep/2025:05:30:43 +0700] "GET /tips-on-how-to-plan-an-engagement-party/ HTTP/1.0" 200 207718 "-" "Mozilla/5.0 AppleWebKit/537.36 (KHTML, like Gecko; compatible; GPTBot/1.2; +https://openai.com/gptbot)"
20.171.207.39 - - [09/Sep/2025:05:30:51 +0700] "GET /omegle-moderators-understanding-their-role-in-maintaining-a-safe-environment/ HTTP/1.0" 200 90504 "-" "Mozilla/5.0 AppleWebKit/537.36 (KHTML, like Gecko; compatible; GPTBot/1.2; +https://openai.com/gptbot)"
20.171.207.39 - - [09/Sep/2025:05:30:59 +0700] "GET /guy-dating-points-ways-to-be-comfortable-in-your-like-life/ HTTP/1.0" 200 206786 "-" "Mozilla/5.0 AppleWebKit/537.36 (KHTML, like Gecko; compatible; GPTBot/1.2; +https://openai.com/gptbot)"
20.171.207.39 - - [09/Sep/2025:05:31:07 +0700] "GET /plank-management-software-meant-for-nonprofits/ HTTP/1.0" 200 205804 "-" "Mozilla/5.0 AppleWebKit/537.36 (KHTML, like Gecko; compatible; GPTBot/1.2; +https://openai.com/gptbot)"
45.117.177.72 - - [09/Sep/2025:05:31:23 +0700] "POST /wp-cron.php?doing_wp_cron=1757370683.0834939479827880859375 HTTP/1.0" 200 416 "-" "WordPress/6.8.1; https://vattusacky.vn"
20.171.207.39 - - [09/Sep/2025:05:31:21 +0700] "GET /?p=9163 HTTP/1.0" 301 491 "-" "Mozilla/5.0 AppleWebKit/537.36 (KHTML, like Gecko; compatible; GPTBot/1.2; +https://openai.com/gptbot)"
20.171.207.39 - - [09/Sep/2025:05:31:23 +0700] "GET /unveiling-the-mask-exploring-online-identities/ HTTP/1.0" 200 92583 "-" "Mozilla/5.0 AppleWebKit/537.36 (KHTML, like Gecko; compatible; GPTBot/1.2; +https://openai.com/gptbot)"
20.171.207.39 - - [09/Sep/2025:05:31:31 +0700] "GET /?p=7887 HTTP/1.0" 301 491 "-" "Mozilla/5.0 AppleWebKit/537.36 (KHTML, like Gecko; compatible; GPTBot/1.2; +https://openai.com/gptbot)"
20.171.207.39 - - [09/Sep/2025:05:31:32 +0700] "GET /omegles-influence-on-social-skills-development/ HTTP/1.0" 200 90927 "-" "Mozilla/5.0 AppleWebKit/537.36 (KHTML, like Gecko; compatible; GPTBot/1.2; +https://openai.com/gptbot)"
20.171.207.39 - - [09/Sep/2025:05:31:44 +0700] "GET /free-spiny-i-promocje-kasynowe-w-slotic/ HTTP/1.0" 200 92025 "-" "Mozilla/5.0 AppleWebKit/537.36 (KHTML, like Gecko; compatible; GPTBot/1.2; +https://openai.com/gptbot)"
20.171.207.39 - - [09/Sep/2025:05:31:53 +0700] "GET /?p=7894 HTTP/1.0" 301 522 "-" "Mozilla/5.0 AppleWebKit/537.36 (KHTML, like Gecko; compatible; GPTBot/1.2; +https://openai.com/gptbot)"
20.171.207.39 - - [09/Sep/2025:05:31:54 +0700] "GET /omegles-influence-on-the-representation-of-online-relationships-in-literature/ HTTP/1.0" 200 79131 "-" "Mozilla/5.0 AppleWebKit/537.36 (KHTML, like Gecko; compatible; GPTBot/1.2; +https://openai.com/gptbot)"
20.171.207.39 - - [09/Sep/2025:05:32:03 +0700] "GET /?p=3374 HTTP/1.0" 301 491 "-" "Mozilla/5.0 AppleWebKit/537.36 (KHTML, like Gecko; compatible; GPTBot/1.2; +https://openai.com/gptbot)"
20.171.207.39 - - [09/Sep/2025:05:32:04 +0700] "GET /plank-management-software-meant-for-nonprofits/ HTTP/1.0" 200 205804 "-" "Mozilla/5.0 AppleWebKit/537.36 (KHTML, like Gecko; compatible; GPTBot/1.2; +https://openai.com/gptbot)"
20.171.207.39 - - [09/Sep/2025:05:32:13 +0700] "GET /?p=7827 HTTP/1.0" 301 491 "-" "Mozilla/5.0 AppleWebKit/537.36 (KHTML, like Gecko; compatible; GPTBot/1.2; +https://openai.com/gptbot)"
20.171.207.39 - - [09/Sep/2025:05:32:14 +0700] "GET /omegles-impact-on-digital-communication-trends/ HTTP/1.0" 200 91787 "-" "Mozilla/5.0 AppleWebKit/537.36 (KHTML, like Gecko; compatible; GPTBot/1.2; +https://openai.com/gptbot)"
52.167.144.174 - - [09/Sep/2025:05:32:19 +0700] "GET /wp-content/uploads/2019/03/may-ion-hoa-chong-tinh-dien-300x300.png HTTP/1.0" 200 442 "-" "Mozilla/5.0 AppleWebKit/537.36 (KHTML, like Gecko; compatible; bingbot/2.0; +http://www.bing.com/bingbot.htm) Chrome/116.0.1938.76 Safari/537.36"
45.117.177.72 - - [09/Sep/2025:05:32:25 +0700] "POST /wp-cron.php?doing_wp_cron=1757370745.0843479633331298828125 HTTP/1.0" 200 416 "-" "WordPress/6.8.1; https://vattusacky.vn"
20.171.207.39 - - [09/Sep/2025:05:32:23 +0700] "GET /security-measures-on-omegle-and-ometv/ HTTP/1.0" 200 74831 "-" "Mozilla/5.0 AppleWebKit/537.36 (KHTML, like Gecko; compatible; GPTBot/1.2; +https://openai.com/gptbot)"
20.171.207.39 - - [09/Sep/2025:05:32:32 +0700] "GET /?p=2143 HTTP/1.0" 301 503 "-" "Mozilla/5.0 AppleWebKit/537.36 (KHTML, like Gecko; compatible; GPTBot/1.2; +https://openai.com/gptbot)"
20.171.207.39 - - [09/Sep/2025:05:32:34 +0700] "GET /guy-dating-points-ways-to-be-comfortable-in-your-like-life/ HTTP/1.0" 200 206786 "-" "Mozilla/5.0 AppleWebKit/537.36 (KHTML, like Gecko; compatible; GPTBot/1.2; +https://openai.com/gptbot)"
20.171.207.39 - - [09/Sep/2025:05:32:41 +0700] "GET /the-fascinating-world-of-omegle-anonymous-explorers-speak-out/ HTTP/1.0" 200 89412 "-" "Mozilla/5.0 AppleWebKit/537.36 (KHTML, like Gecko; compatible; GPTBot/1.2; +https://openai.com/gptbot)"
20.171.207.39 - - [09/Sep/2025:05:32:49 +0700] "GET /?p=7681 HTTP/1.0" 301 521 "-" "Mozilla/5.0 AppleWebKit/537.36 (KHTML, like Gecko; compatible; GPTBot/1.2; +https://openai.com/gptbot)"
20.171.207.39 - - [09/Sep/2025:05:32:51 +0700] "GET /omegle-moderators-understanding-their-role-in-maintaining-a-safe-environment/ HTTP/1.0" 200 90504 "-" "Mozilla/5.0 AppleWebKit/537.36 (KHTML, like Gecko; compatible; GPTBot/1.2; +https://openai.com/gptbot)"
20.171.207.39 - - [09/Sep/2025:05:32:57 +0700] "GET /randomize-your-world-the-exciting-possibilities-of-omegle-and-ometv/ HTTP/1.0" 200 78284 "-" "Mozilla/5.0 AppleWebKit/537.36 (KHTML, like Gecko; compatible; GPTBot/1.2; +https://openai.com/gptbot)"
20.171.207.39 - - [09/Sep/2025:05:33:02 +0700] "GET /?p=7826 HTTP/1.0" 301 491 "-" "Mozilla/5.0 AppleWebKit/537.36 (KHTML, like Gecko; compatible; GPTBot/1.2; +https://openai.com/gptbot)"
20.171.207.39 - - [09/Sep/2025:05:33:04 +0700] "GET /omegles-impact-on-digital-communication-skills/ HTTP/1.0" 200 89302 "-" "Mozilla/5.0 AppleWebKit/537.36 (KHTML, like Gecko; compatible; GPTBot/1.2; +https://openai.com/gptbot)"
216.73.216.162 - - [09/Sep/2025:05:33:11 +0700] "GET /betwinner-523/feed HTTP/1.0" 301 707 "-" "Mozilla/5.0 AppleWebKit/537.36 (KHTML, like Gecko; compatible; ClaudeBot/1.0; +claudebot@anthropic.com)"
20.171.207.39 - - [09/Sep/2025:05:33:12 +0700] "GET /?p=8174 HTTP/1.0" 301 482 "-" "Mozilla/5.0 AppleWebKit/537.36 (KHTML, like Gecko; compatible; GPTBot/1.2; +https://openai.com/gptbot)"
216.73.216.162 - - [09/Sep/2025:05:33:12 +0700] "GET /betwinner-523/feed/ HTTP/1.0" 200 1486 "https://vattusacky.vn/betwinner-523/feed" "Mozilla/5.0 AppleWebKit/537.36 (KHTML, like Gecko; compatible; ClaudeBot/1.0; +claudebot@anthropic.com)"
20.171.207.39 - - [09/Sep/2025:05:33:13 +0700] "GET /security-measures-on-omegle-and-ometv/ HTTP/1.0" 200 74831 "-" "Mozilla/5.0 AppleWebKit/537.36 (KHTML, like Gecko; compatible; GPTBot/1.2; +https://openai.com/gptbot)"
45.117.177.72 - - [09/Sep/2025:05:33:24 +0700] "POST /wp-cron.php?doing_wp_cron=1757370804.9245131015777587890625 HTTP/1.0" 200 416 "-" "WordPress/6.8.1; https://vattusacky.vn"
20.171.207.39 - - [09/Sep/2025:05:33:23 +0700] "GET /where-can-i-play-for-free-slot-machines HTTP/1.0" 301 438 "-" "Mozilla/5.0 AppleWebKit/537.36 (KHTML, like Gecko; compatible; GPTBot/1.2; +https://openai.com/gptbot)"
20.171.207.39 - - [09/Sep/2025:05:33:25 +0700] "GET /where-can-i-play-for-free-slot-machines/ HTTP/1.0" 200 73103 "-" "Mozilla/5.0 AppleWebKit/537.36 (KHTML, like Gecko; compatible; GPTBot/1.2; +https://openai.com/gptbot)"
157.55.39.53 - - [09/Sep/2025:05:33:26 +0700] "GET /cach-dat-tien-do-mo-tien-mat-nhanh-khoa-desire-thap-nhat/feed/ HTTP/1.0" 200 1785 "-" "Mozilla/5.0 AppleWebKit/537.36 (KHTML, like Gecko; compatible; bingbot/2.0; +http://www.bing.com/bingbot.htm) Chrome/116.0.1938.76 Safari/537.36"
216.244.66.237 - - [09/Sep/2025:05:33:31 +0700] "GET /the-future-of-online-privacy-on-omegle-and-ometv-balancing-security-and-freedom/ HTTP/1.0" 200 93250 "-" "Mozilla/5.0 (compatible; DotBot/1.2; +https://opensiteexplorer.org/dotbot; help@moz.com)"
20.171.207.39 - - [09/Sep/2025:05:33:35 +0700] "GET /?p=10725 HTTP/1.0" 301 484 "-" "Mozilla/5.0 AppleWebKit/537.36 (KHTML, like Gecko; compatible; GPTBot/1.2; +https://openai.com/gptbot)"
20.171.207.39 - - [09/Sep/2025:05:33:36 +0700] "GET /free-spiny-i-promocje-kasynowe-w-slotic/ HTTP/1.0" 200 92025 "-" "Mozilla/5.0 AppleWebKit/537.36 (KHTML, like Gecko; compatible; GPTBot/1.2; +https://openai.com/gptbot)"
20.171.207.39 - - [09/Sep/2025:05:33:44 +0700] "GET /tips-for-making-the-most-out-of-omegle/ HTTP/1.0" 200 88398 "-" "Mozilla/5.0 AppleWebKit/537.36 (KHTML, like Gecko; compatible; GPTBot/1.2; +https://openai.com/gptbot)"
20.171.207.39 - - [09/Sep/2025:05:33:53 +0700] "GET /what-is-a-mutually-useful-arrangement/ HTTP/1.0" 200 208515 "-" "Mozilla/5.0 AppleWebKit/537.36 (KHTML, like Gecko; compatible; GPTBot/1.2; +https://openai.com/gptbot)"
20.171.207.39 - - [09/Sep/2025:05:34:00 +0700] "GET /omegle-for-networking-and-professional-connections/ HTTP/1.0" 200 91036 "-" "Mozilla/5.0 AppleWebKit/537.36 (KHTML, like Gecko; compatible; GPTBot/1.2; +https://openai.com/gptbot)"
20.171.207.39 - - [09/Sep/2025:05:34:09 +0700] "GET /wp-json/oembed/1.0/embed?format=xml&url=https%3A%2F%2Fvattusacky.vn%2Frandomize-your-world-the-exciting-possibilities-of-omegle-and-ometv%2F HTTP/1.0" 200 3729 "-" "Mozilla/5.0 AppleWebKit/537.36 (KHTML, like Gecko; compatible; GPTBot/1.2; +https://openai.com/gptbot)"
45.117.177.72 - - [09/Sep/2025:05:34:19 +0700] "POST /wp-cron.php?doing_wp_cron=1757370859.5008840560913085937500 HTTP/1.0" 200 416 "-" "WordPress/6.8.1; https://vattusacky.vn"
20.171.207.39 - - [09/Sep/2025:05:34:18 +0700] "GET /omegle-disconnects-causes-and-troubleshooting-tips/ HTTP/1.0" 200 90958 "-" "Mozilla/5.0 AppleWebKit/537.36 (KHTML, like Gecko; compatible; GPTBot/1.2; +https://openai.com/gptbot)"
20.171.207.39 - - [09/Sep/2025:05:34:27 +0700] "GET /?p=8120 HTTP/1.0" 301 512 "-" "Mozilla/5.0 AppleWebKit/537.36 (KHTML, like Gecko; compatible; GPTBot/1.2; +https://openai.com/gptbot)"
20.171.207.39 - - [09/Sep/2025:05:34:29 +0700] "GET /randomize-your-world-the-exciting-possibilities-of-omegle-and-ometv/ HTTP/1.0" 200 78284 "-" "Mozilla/5.0 AppleWebKit/537.36 (KHTML, like Gecko; compatible; GPTBot/1.2; +https://openai.com/gptbot)"
216.244.66.237 - - [09/Sep/2025:05:34:30 +0700] "GET /the-educational-potential-of-omegle-learning-outside-the-classroom/feed/ HTTP/1.0" 200 1795 "-" "Mozilla/5.0 (compatible; DotBot/1.2; +https://opensiteexplorer.org/dotbot; help@moz.com)"
20.171.207.39 - - [09/Sep/2025:05:34:36 +0700] "GET /?p=8452 HTTP/1.0" 301 506 "-" "Mozilla/5.0 AppleWebKit/537.36 (KHTML, like Gecko; compatible; GPTBot/1.2; +https://openai.com/gptbot)"
20.171.207.39 - - [09/Sep/2025:05:34:38 +0700] "GET /the-fascinating-world-of-omegle-anonymous-explorers-speak-out/ HTTP/1.0" 200 89412 "-" "Mozilla/5.0 AppleWebKit/537.36 (KHTML, like Gecko; compatible; GPTBot/1.2; +https://openai.com/gptbot)"
20.171.207.39 - - [09/Sep/2025:05:34:45 +0700] "GET /celebrating-the-joy-of-love-in-omelove/ HTTP/1.0" 200 87823 "-" "Mozilla/5.0 AppleWebKit/537.36 (KHTML, like Gecko; compatible; GPTBot/1.2; +https://openai.com/gptbot)"
20.171.207.39 - - [09/Sep/2025:05:34:54 +0700] "GET /navigating-life-transitions-through-omegle-therapy/ HTTP/1.0" 403 612 "-" "Mozilla/5.0 AppleWebKit/537.36 (KHTML, like Gecko; compatible; GPTBot/1.2; +https://openai.com/gptbot)"
216.73.216.162 - - [09/Sep/2025:05:34:56 +0700] "GET /?p=5987 HTTP/1.0" 301 604 "-" "Mozilla/5.0 AppleWebKit/537.36 (KHTML, like Gecko; compatible; ClaudeBot/1.0; +claudebot@anthropic.com)"
216.73.216.162 - - [09/Sep/2025:05:34:58 +0700] "GET /betwinner-523/ HTTP/1.0" 200 78483 "https://vattusacky.vn/?p=5987" "Mozilla/5.0 AppleWebKit/537.36 (KHTML, like Gecko; compatible; ClaudeBot/1.0; +claudebot@anthropic.com)"
20.171.207.39 - - [09/Sep/2025:05:35:00 +0700] "GET /omegle-alternatives-exploring-similar-chat-platforms/ HTTP/1.0" 200 88607 "-" "Mozilla/5.0 AppleWebKit/537.36 (KHTML, like Gecko; compatible; GPTBot/1.2; +https://openai.com/gptbot)"
20.171.207.39 - - [09/Sep/2025:05:35:08 +0700] "GET /redefining-online-interactions-omegles-future-path/ HTTP/1.0" 200 90404 "-" "Mozilla/5.0 AppleWebKit/537.36 (KHTML, like Gecko; compatible; GPTBot/1.2; +https://openai.com/gptbot)"
20.171.207.39 - - [09/Sep/2025:05:35:15 +0700] "GET /?p=7649 HTTP/1.0" 301 495 "-" "Mozilla/5.0 AppleWebKit/537.36 (KHTML, like Gecko; compatible; GPTBot/1.2; +https://openai.com/gptbot)"
45.117.177.72 - - [09/Sep/2025:05:35:18 +0700] "POST /wp-cron.php?doing_wp_cron=1757370918.1902639865875244140625 HTTP/1.0" 200 416 "-" "WordPress/6.8.1; https://vattusacky.vn"
20.171.207.39 - - [09/Sep/2025:05:35:17 +0700] "GET /omegle-for-networking-and-professional-connections/ HTTP/1.0" 200 91182 "-" "Mozilla/5.0 AppleWebKit/537.36 (KHTML, like Gecko; compatible; GPTBot/1.2; +https://openai.com/gptbot)"
20.171.207.39 - - [09/Sep/2025:05:35:24 +0700] "GET /?p=7300 HTTP/1.0" 301 497 "-" "Mozilla/5.0 AppleWebKit/537.36 (KHTML, like Gecko; compatible; GPTBot/1.2; +https://openai.com/gptbot)"
20.171.207.39 - - [09/Sep/2025:05:35:25 +0700] "GET /omegle-alternatives-exploring-similar-chat-platforms/ HTTP/1.0" 200 88607 "-" "Mozilla/5.0 AppleWebKit/537.36 (KHTML, like Gecko; compatible; GPTBot/1.2; +https://openai.com/gptbot)"
20.171.207.39 - - [09/Sep/2025:05:35:33 +0700] "GET /mostbet-casino-realnye-promokody-chestnoe-internet/ HTTP/1.0" 200 95310 "-" "Mozilla/5.0 AppleWebKit/537.36 (KHTML, like Gecko; compatible; GPTBot/1.2; +https://openai.com/gptbot)"
216.244.66.237 - - [09/Sep/2025:05:35:34 +0700] "GET /omegle-and-online-grooming-protecting-children-from-predators/ HTTP/1.0" 200 92114 "-" "Mozilla/5.0 (compatible; DotBot/1.2; +https://opensiteexplorer.org/dotbot; help@moz.com)"
20.171.207.39 - - [09/Sep/2025:05:35:40 +0700] "GET /overcoming-social-anxiety-through-omegle-connections/ HTTP/1.0" 200 93341 "-" "Mozilla/5.0 AppleWebKit/537.36 (KHTML, like Gecko; compatible; GPTBot/1.2; +https://openai.com/gptbot)"
20.171.207.39 - - [09/Sep/2025:05:35:45 +0700] "GET /understanding-the-psychology-of-online-connections/ HTTP/1.0" 200 91869 "-" "Mozilla/5.0 AppleWebKit/537.36 (KHTML, like Gecko; compatible; GPTBot/1.2; +https://openai.com/gptbot)"
20.171.207.39 - - [09/Sep/2025:05:35:51 +0700] "GET /uncovering-hidden-gems-through-omegle-conversations/ HTTP/1.0" 200 91875 "-" "Mozilla/5.0 AppleWebKit/537.36 (KHTML, like Gecko; compatible; GPTBot/1.2; +https://openai.com/gptbot)"
20.171.207.39 - - [09/Sep/2025:05:36:00 +0700] "GET /?p=8128 HTTP/1.0" 301 495 "-" "Mozilla/5.0 AppleWebKit/537.36 (KHTML, like Gecko; compatible; GPTBot/1.2; +https://openai.com/gptbot)"
20.171.207.39 - - [09/Sep/2025:05:36:01 +0700] "GET /redefining-online-interactions-omegles-future-path/ HTTP/1.0" 200 90404 "-" "Mozilla/5.0 AppleWebKit/537.36 (KHTML, like Gecko; compatible; GPTBot/1.2; +https://openai.com/gptbot)"
20.171.207.39 - - [09/Sep/2025:05:36:07 +0700] "GET /?p=8049 HTTP/1.0" 301 497 "-" "Mozilla/5.0 AppleWebKit/537.36 (KHTML, like Gecko; compatible; GPTBot/1.2; +https://openai.com/gptbot)"
20.171.207.39 - - [09/Sep/2025:05:36:08 +0700] "GET /overcoming-social-anxiety-through-omegle-connections/ HTTP/1.0" 200 93341 "-" "Mozilla/5.0 AppleWebKit/537.36 (KHTML, like Gecko; compatible; GPTBot/1.2; +https://openai.com/gptbot)"
45.117.177.72 - - [09/Sep/2025:05:36:18 +0700] "POST /wp-cron.php?doing_wp_cron=1757370978.5038590431213378906250 HTTP/1.0" 200 416 "-" "WordPress/6.8.1; https://vattusacky.vn"
20.171.207.39 - - [09/Sep/2025:05:36:17 +0700] "GET /balancing-personal-boundaries-and-empathy-on-omegle/ HTTP/1.0" 200 89555 "-" "Mozilla/5.0 AppleWebKit/537.36 (KHTML, like Gecko; compatible; GPTBot/1.2; +https://openai.com/gptbot)"
20.171.207.39 - - [09/Sep/2025:05:36:25 +0700] "GET /?p=9026 HTTP/1.0" 301 483 "-" "Mozilla/5.0 AppleWebKit/537.36 (KHTML, like Gecko; compatible; GPTBot/1.2; +https://openai.com/gptbot)"
20.171.207.39 - - [09/Sep/2025:05:36:27 +0700] "GET /tips-for-making-the-most-out-of-omegle/ HTTP/1.0" 200 88398 "-" "Mozilla/5.0 AppleWebKit/537.36 (KHTML, like Gecko; compatible; GPTBot/1.2; +https://openai.com/gptbot)"
20.171.207.39 - - [09/Sep/2025:05:36:34 +0700] "GET /omegle-unveiled-exploring-the-anonymous-wilderness/ HTTP/1.0" 200 90065 "-" "Mozilla/5.0 AppleWebKit/537.36 (KHTML, like Gecko; compatible; GPTBot/1.2; +https://openai.com/gptbot)"
20.171.207.39 - - [09/Sep/2025:05:36:41 +0700] "GET /omegle-conversations-funny-and-memorable-encounters/ HTTP/1.0" 200 89553 "-" "Mozilla/5.0 AppleWebKit/537.36 (KHTML, like Gecko; compatible; GPTBot/1.2; +https://openai.com/gptbot)"
20.171.207.39 - - [09/Sep/2025:05:36:49 +0700] "GET /omegle-disconnects-causes-and-troubleshooting-tips/feed/ HTTP/1.0" 200 1601 "-" "Mozilla/5.0 AppleWebKit/537.36 (KHTML, like Gecko; compatible; GPTBot/1.2; +https://openai.com/gptbot)"
20.171.207.39 - - [09/Sep/2025:05:36:58 +0700] "GET /?p=10078 HTTP/1.0" 301 495 "-" "Mozilla/5.0 AppleWebKit/537.36 (KHTML, like Gecko; compatible; GPTBot/1.2; +https://openai.com/gptbot)"
20.171.207.39 - - [09/Sep/2025:05:36:59 +0700] "GET /mostbet-casino-realnye-promokody-chestnoe-internet/ HTTP/1.0" 200 95310 "-" "Mozilla/5.0 AppleWebKit/537.36 (KHTML, like Gecko; compatible; GPTBot/1.2; +https://openai.com/gptbot)"
20.171.207.39 - - [09/Sep/2025:05:37:08 +0700] "GET /?p=9042 HTTP/1.0" 301 496 "-" "Mozilla/5.0 AppleWebKit/537.36 (KHTML, like Gecko; compatible; GPTBot/1.2; +https://openai.com/gptbot)"
20.171.207.39 - - [09/Sep/2025:05:37:10 +0700] "GET /uncovering-hidden-gems-through-omegle-conversations/ HTTP/1.0" 200 91875 "-" "Mozilla/5.0 AppleWebKit/537.36 (KHTML, like Gecko; compatible; GPTBot/1.2; +https://openai.com/gptbot)"
17.246.23.139 - - [09/Sep/2025:05:37:14 +0700] "GET /wp-content/plugins/content-views-query-and-display-post-page/public/assets/css/cv.css?ver=4.1 HTTP/1.0" 200 460 "https://vattusacky.vn/learning-how-to-write-essays-online/" "Mozilla/5.0 (Macintosh; Intel Mac OS X 10_15_7) AppleWebKit/605.1.15 (KHTML, like Gecko) Version/17.4 Safari/605.1.15 (Applebot/0.1; +http://www.apple.com/go/applebot)"
17.246.19.249 - - [09/Sep/2025:05:37:15 +0700] "GET /wp-content/plugins/devvn-stickytooltip/stickytooltip.css?ver=1.0.0 HTTP/1.0" 200 431 "https://vattusacky.vn/learning-how-to-write-essays-online/" "Mozilla/5.0 (Macintosh; Intel Mac OS X 10_15_7) AppleWebKit/605.1.15 (KHTML, like Gecko) Version/17.4 Safari/605.1.15 (Applebot/0.1; +http://www.apple.com/go/applebot)"
17.246.23.198 - - [09/Sep/2025:05:37:15 +0700] "GET /wp-content/plugins/gridlist-view-for-woocommerce/css/shop_lgv.css?ver=1.1.8 HTTP/1.0" 200 440 "https://vattusacky.vn/learning-how-to-write-essays-online/" "Mozilla/5.0 (Macintosh; Intel Mac OS X 10_15_7) AppleWebKit/605.1.15 (KHTML, like Gecko) Version/17.4 Safari/605.1.15 (Applebot/0.1; +http://www.apple.com/go/applebot)"
17.246.23.206 - - [09/Sep/2025:05:37:16 +0700] "GET /wp-includes/css/dist/block-library/style.min.css?ver=6.8.1 HTTP/1.0" 200 423 "https://vattusacky.vn/learning-how-to-write-essays-online/" "Mozilla/5.0 (Macintosh; Intel Mac OS X 10_15_7) AppleWebKit/605.1.15 (KHTML, like Gecko) Version/17.4 Safari/605.1.15 (Applebot/0.1; +http://www.apple.com/go/applebot)"
17.246.23.165 - - [09/Sep/2025:05:37:16 +0700] "GET /wp-content/plugins/gridlist-view-for-woocommerce/berocket/assets/css/font-awesome.min.css?ver=6.8.1 HTTP/1.0" 200 464 "https://vattusacky.vn/learning-how-to-write-essays-online/" "Mozilla/5.0 (Macintosh; Intel Mac OS X 10_15_7) AppleWebKit/605.1.15 (KHTML, like Gecko) Version/17.4 Safari/605.1.15 (Applebot/0.1; +http://www.apple.com/go/applebot)"
17.246.15.217 - - [09/Sep/2025:05:37:17 +0700] "GET /wp-content/plugins/contact-form-7/includes/css/styles.css?ver=6.0.6 HTTP/1.0" 200 432 "https://vattusacky.vn/learning-how-to-write-essays-online/" "Mozilla/5.0 (Macintosh; Intel Mac OS X 10_15_7) AppleWebKit/605.1.15 (KHTML, like Gecko) Version/17.4 Safari/605.1.15 (Applebot/0.1; +http://www.apple.com/go/applebot)"
17.246.19.249 - - [09/Sep/2025:05:37:17 +0700] "GET /wp-content/plugins/woocommerce/assets/css/woocommerce.css?ver=9.8.3 HTTP/1.0" 200 432 "https://vattusacky.vn/learning-how-to-write-essays-online/" "Mozilla/5.0 (Macintosh; Intel Mac OS X 10_15_7) AppleWebKit/605.1.15 (KHTML, like Gecko) Version/17.4 Safari/605.1.15 (Applebot/0.1; +http://www.apple.com/go/applebot)"
17.246.23.213 - - [09/Sep/2025:05:37:17 +0700] "GET /wp-content/plugins/woocommerce/assets/css/woocommerce-layout.css?ver=9.8.3 HTTP/1.0" 200 439 "https://vattusacky.vn/learning-how-to-write-essays-online/" "Mozilla/5.0 (Macintosh; Intel Mac OS X 10_15_7) AppleWebKit/605.1.15 (KHTML, like Gecko) Version/17.4 Safari/605.1.15 (Applebot/0.1; +http://www.apple.com/go/applebot)"
17.246.23.130 - - [09/Sep/2025:05:37:18 +0700] "GET /wp-content/plugins/yith-woocommerce-category-accordion-premium/assets/css/ywcca_style.css?ver=1.0.12 HTTP/1.0" 200 464 "https://vattusacky.vn/learning-how-to-write-essays-online/" "Mozilla/5.0 (Macintosh; Intel Mac OS X 10_15_7) AppleWebKit/605.1.15 (KHTML, like Gecko) Version/17.4 Safari/605.1.15 (Applebot/0.1; +http://www.apple.com/go/applebot)"
17.246.15.17 - - [09/Sep/2025:05:37:19 +0700] "GET /wp-content/plugins/woocommerce/assets/css/brands.css?ver=9.8.3 HTTP/1.0" 200 427 "https://vattusacky.vn/learning-how-to-write-essays-online/" "Mozilla/5.0 (Macintosh; Intel Mac OS X 10_15_7) AppleWebKit/605.1.15 (KHTML, like Gecko) Version/17.4 Safari/605.1.15 (Applebot/0.1; +http://www.apple.com/go/applebot)"
17.246.23.15 - - [09/Sep/2025:05:37:19 +0700] "GET /wp-content/plugins/yith-woocommerce-category-accordion-premium/cache/ywcca_dynamics.css?ver=6.8.1 HTTP/1.0" 200 462 "https://vattusacky.vn/learning-how-to-write-essays-online/" "Mozilla/5.0 (Macintosh; Intel Mac OS X 10_15_7) AppleWebKit/605.1.15 (KHTML, like Gecko) Version/17.4 Safari/605.1.15 (Applebot/0.1; +http://www.apple.com/go/applebot)"
17.246.23.206 - - [09/Sep/2025:05:37:19 +0700] "GET /wp-content/themes/tem_techno_v2/inc/css/font-awesome.min.css?ver=6.8.1 HTTP/1.0" 200 435 "https://vattusacky.vn/learning-how-to-write-essays-online/" "Mozilla/5.0 (Macintosh; Intel Mac OS X 10_15_7) AppleWebKit/605.1.15 (KHTML, like Gecko) Version/17.4 Safari/605.1.15 (Applebot/0.1; +http://www.apple.com/go/applebot)"
45.117.177.72 - - [09/Sep/2025:05:37:20 +0700] "POST /wp-cron.php?doing_wp_cron=1757371040.1921179294586181640625 HTTP/1.0" 200 416 "-" "WordPress/6.8.1; https://vattusacky.vn"
20.171.207.39 - - [09/Sep/2025:05:37:18 +0700] "GET /?p=7608 HTTP/1.0" 301 495 "-" "Mozilla/5.0 AppleWebKit/537.36 (KHTML, like Gecko; compatible; GPTBot/1.2; +https://openai.com/gptbot)"
17.246.19.25 - - [09/Sep/2025:05:37:20 +0700] "GET /wp-content/themes/tem_techno_v2/inc/css/bootstrap.min.css?ver=6.8.1 HTTP/1.0" 200 432 "https://vattusacky.vn/learning-how-to-write-essays-online/" "Mozilla/5.0 (Macintosh; Intel Mac OS X 10_15_7) AppleWebKit/605.1.15 (KHTML, like Gecko) Version/17.4 Safari/605.1.15 (Applebot/0.1; +http://www.apple.com/go/applebot)"
17.246.19.249 - - [09/Sep/2025:05:37:20 +0700] "GET /wp-content/themes/tem_techno_v2/style.css?ver=6.8.1 HTTP/1.0" 200 416 "https://vattusacky.vn/learning-how-to-write-essays-online/" "Mozilla/5.0 (Macintosh; Intel Mac OS X 10_15_7) AppleWebKit/605.1.15 (KHTML, like Gecko) Version/17.4 Safari/605.1.15 (Applebot/0.1; +http://www.apple.com/go/applebot)"
17.246.23.130 - - [09/Sep/2025:05:37:20 +0700] "GET /wp-content/plugins/wp-pagenavi/pagenavi-css.css?ver=2.70 HTTP/1.0" 200 823 "https://vattusacky.vn/learning-how-to-write-essays-online/" "Mozilla/5.0 (Macintosh; Intel Mac OS X 10_15_7) AppleWebKit/605.1.15 (KHTML, like Gecko) Version/17.4 Safari/605.1.15 (Applebot/0.1; +http://www.apple.com/go/applebot)"
20.171.207.39 - - [09/Sep/2025:05:37:20 +0700] "GET /omegle-disconnects-causes-and-troubleshooting-tips/ HTTP/1.0" 200 90958 "-" "Mozilla/5.0 AppleWebKit/537.36 (KHTML, like Gecko; compatible; GPTBot/1.2; +https://openai.com/gptbot)"
17.246.23.125 - - [09/Sep/2025:05:37:22 +0700] "GET /wp-includes/js/jquery/jquery.min.js?ver=3.7.1 HTTP/1.0" 200 424 "https://vattusacky.vn/learning-how-to-write-essays-online/" "Mozilla/5.0 (Macintosh; Intel Mac OS X 10_15_7) AppleWebKit/605.1.15 (KHTML, like Gecko) Version/17.4 Safari/605.1.15 (Applebot/0.1; +http://www.apple.com/go/applebot)"
17.246.23.15 - - [09/Sep/2025:05:37:22 +0700] "GET /wp-content/plugins/gridlist-view-for-woocommerce/js/jquery.cookie.js?ver=1.1.8 HTTP/1.0" 200 457 "https://vattusacky.vn/learning-how-to-write-essays-online/" "Mozilla/5.0 (Macintosh; Intel Mac OS X 10_15_7) AppleWebKit/605.1.15 (KHTML, like Gecko) Version/17.4 Safari/605.1.15 (Applebot/0.1; +http://www.apple.com/go/applebot)"
17.246.19.165 - - [09/Sep/2025:05:37:22 +0700] "GET /wp-includes/js/jquery/jquery-migrate.min.js?ver=3.4.1 HTTP/1.0" 200 432 "https://vattusacky.vn/learning-how-to-write-essays-online/" "Mozilla/5.0 (Macintosh; Intel Mac OS X 10_15_7) AppleWebKit/605.1.15 (KHTML, like Gecko) Version/17.4 Safari/605.1.15 (Applebot/0.1; +http://www.apple.com/go/applebot)"
17.246.19.25 - - [09/Sep/2025:05:37:23 +0700] "GET /wp-content/plugins/woocommerce/assets/js/frontend/add-to-cart.min.js?ver=9.8.3 HTTP/1.0" 200 457 "https://vattusacky.vn/learning-how-to-write-essays-online/" "Mozilla/5.0 (Macintosh; Intel Mac OS X 10_15_7) AppleWebKit/605.1.15 (KHTML, like Gecko) Version/17.4 Safari/605.1.15 (Applebot/0.1; +http://www.apple.com/go/applebot)"
17.246.19.33 - - [09/Sep/2025:05:37:23 +0700] "GET /wp-content/plugins/woocommerce/assets/js/jquery-blockui/jquery.blockUI.min.js?ver=2.7.0-wc.9.8.3 HTTP/1.0" 200 466 "https://vattusacky.vn/learning-how-to-write-essays-online/" "Mozilla/5.0 (Macintosh; Intel Mac OS X 10_15_7) AppleWebKit/605.1.15 (KHTML, like Gecko) Version/17.4 Safari/605.1.15 (Applebot/0.1; +http://www.apple.com/go/applebot)"
17.246.15.160 - - [09/Sep/2025:05:37:24 +0700] "GET /wp-content/plugins/gridlist-view-for-woocommerce/js/grid_view.js?ver=1.1.8 HTTP/1.0" 200 453 "https://vattusacky.vn/learning-how-to-write-essays-online/" "Mozilla/5.0 (Macintosh; Intel Mac OS X 10_15_7) AppleWebKit/605.1.15 (KHTML, like Gecko) Version/17.4 Safari/605.1.15 (Applebot/0.1; +http://www.apple.com/go/applebot)"
17.246.15.176 - - [09/Sep/2025:05:37:25 +0700] "GET /wp-content/plugins/woocommerce/assets/js/frontend/woocommerce.min.js?ver=9.8.3 HTTP/1.0" 200 457 "https://vattusacky.vn/learning-how-to-write-essays-online/" "Mozilla/5.0 (Macintosh; Intel Mac OS X 10_15_7) AppleWebKit/605.1.15 (KHTML, like Gecko) Version/17.4 Safari/605.1.15 (Applebot/0.1; +http://www.apple.com/go/applebot)"
17.246.23.197 - - [09/Sep/2025:05:37:25 +0700] "GET /wp-content/plugins/woocommerce/assets/js/js-cookie/js.cookie.min.js?ver=2.1.4-wc.9.8.3 HTTP/1.0" 200 456 "https://vattusacky.vn/learning-how-to-write-essays-online/" "Mozilla/5.0 (Macintosh; Intel Mac OS X 10_15_7) AppleWebKit/605.1.15 (KHTML, like Gecko) Version/17.4 Safari/605.1.15 (Applebot/0.1; +http://www.apple.com/go/applebot)"
17.246.19.25 - - [09/Sep/2025:05:37:25 +0700] "GET /wp-content/themes/tem_techno_v2/inc/js/main.min.js?ver=6.8.1 HTTP/1.0" 200 439 "https://vattusacky.vn/learning-how-to-write-essays-online/" "Mozilla/5.0 (Macintosh; Intel Mac OS X 10_15_7) AppleWebKit/605.1.15 (KHTML, like Gecko) Version/17.4 Safari/605.1.15 (Applebot/0.1; +http://www.apple.com/go/applebot)"
17.246.15.41 - - [09/Sep/2025:05:37:26 +0700] "GET /wp-content/themes/tem_techno_v2/inc/js/bootstrap.min.js?ver=6.8.1 HTTP/1.0" 200 444 "https://vattusacky.vn/learning-how-to-write-essays-online/" "Mozilla/5.0 (Macintosh; Intel Mac OS X 10_15_7) AppleWebKit/605.1.15 (KHTML, like Gecko) Version/17.4 Safari/605.1.15 (Applebot/0.1; +http://www.apple.com/go/applebot)"
17.246.15.160 - - [09/Sep/2025:05:37:26 +0700] "GET /wp-content/themes/tem_techno_v2/js/jquerymenu.js HTTP/1.0" 200 437 "https://vattusacky.vn/learning-how-to-write-essays-online/" "Mozilla/5.0 (Macintosh; Intel Mac OS X 10_15_7) AppleWebKit/605.1.15 (KHTML, like Gecko) Version/17.4 Safari/605.1.15 (Applebot/0.1; +http://www.apple.com/go/applebot)"
17.246.23.59 - - [09/Sep/2025:05:37:27 +0700] "GET /wp-content/themes/tem_techno_v2/slmenu.css HTTP/1.0" 200 417 "https://vattusacky.vn/learning-how-to-write-essays-online/" "Mozilla/5.0 (Macintosh; Intel Mac OS X 10_15_7) AppleWebKit/605.1.15 (KHTML, like Gecko) Version/17.4 Safari/605.1.15 (Applebot/0.1; +http://www.apple.com/go/applebot)"
17.246.15.156 - - [09/Sep/2025:05:37:28 +0700] "GET /wp-content/themes/tem_techno_v2/js/jquery.simplyscroll.min.js HTTP/1.0" 200 450 "https://vattusacky.vn/learning-how-to-write-essays-online/" "Mozilla/5.0 (Macintosh; Intel Mac OS X 10_15_7) AppleWebKit/605.1.15 (KHTML, like Gecko) Version/17.4 Safari/605.1.15 (Applebot/0.1; +http://www.apple.com/go/applebot)"
17.246.23.125 - - [09/Sep/2025:05:37:28 +0700] "GET /wp-content/themes/tem_techno_v2/js/crawler.js HTTP/1.0" 200 434 "https://vattusacky.vn/learning-how-to-write-essays-online/" "Mozilla/5.0 (Macintosh; Intel Mac OS X 10_15_7) AppleWebKit/605.1.15 (KHTML, like Gecko) Version/17.4 Safari/605.1.15 (Applebot/0.1; +http://www.apple.com/go/applebot)"
17.246.19.233 - - [09/Sep/2025:05:37:28 +0700] "GET /wp-content/themes/tem_techno_v2/js/htg.js HTTP/1.0" 200 1342 "https://vattusacky.vn/learning-how-to-write-essays-online/" "Mozilla/5.0 (Macintosh; Intel Mac OS X 10_15_7) AppleWebKit/605.1.15 (KHTML, like Gecko) Version/17.4 Safari/605.1.15 (Applebot/0.1; +http://www.apple.com/go/applebot)"
20.171.207.39 - - [09/Sep/2025:05:37:27 +0700] "GET /unforgettable-omegle-fails-and-amusing-encounters/ HTTP/1.0" 200 88448 "-" "Mozilla/5.0 AppleWebKit/537.36 (KHTML, like Gecko; compatible; GPTBot/1.2; +https://openai.com/gptbot)"
17.246.23.198 - - [09/Sep/2025:05:37:28 +0700] "GET /wp-content/plugins/woocommerce/assets/client/blocks/wc-blocks.css?ver=wc-9.8.3 HTTP/1.0" 200 440 "https://vattusacky.vn/learning-how-to-write-essays-online/" "Mozilla/5.0 (Macintosh; Intel Mac OS X 10_15_7) AppleWebKit/605.1.15 (KHTML, like Gecko) Version/17.4 Safari/605.1.15 (Applebot/0.1; +http://www.apple.com/go/applebot)"
17.246.19.52 - - [09/Sep/2025:05:37:30 +0700] "GET /wp-includes/js/dist/hooks.min.js?ver=4d63a3d491d11ffd8ac6 HTTP/1.0" 200 421 "https://vattusacky.vn/learning-how-to-write-essays-online/" "Mozilla/5.0 (Macintosh; Intel Mac OS X 10_15_7) AppleWebKit/605.1.15 (KHTML, like Gecko) Version/17.4 Safari/605.1.15 (Applebot/0.1; +http://www.apple.com/go/applebot)"
17.246.23.165 - - [09/Sep/2025:05:37:30 +0700] "GET /wp-content/plugins/contact-form-7/includes/swv/js/index.js?ver=6.0.6 HTTP/1.0" 200 447 "https://vattusacky.vn/learning-how-to-write-essays-online/" "Mozilla/5.0 (Macintosh; Intel Mac OS X 10_15_7) AppleWebKit/605.1.15 (KHTML, like Gecko) Version/17.4 Safari/605.1.15 (Applebot/0.1; +http://www.apple.com/go/applebot)"
17.246.15.107 - - [09/Sep/2025:05:37:30 +0700] "GET /wp-includes/js/dist/i18n.min.js?ver=5e580eb46a90c2b997e6 HTTP/1.0" 200 420 "https://vattusacky.vn/learning-how-to-write-essays-online/" "Mozilla/5.0 (Macintosh; Intel Mac OS X 10_15_7) AppleWebKit/605.1.15 (KHTML, like Gecko) Version/17.4 Safari/605.1.15 (Applebot/0.1; +http://www.apple.com/go/applebot)"
17.246.19.33 - - [09/Sep/2025:05:37:31 +0700] "GET /wp-content/plugins/content-views-query-and-display-post-page/public/assets/js/cv.js?ver=4.1 HTTP/1.0" 200 472 "https://vattusacky.vn/learning-how-to-write-essays-online/" "Mozilla/5.0 (Macintosh; Intel Mac OS X 10_15_7) AppleWebKit/605.1.15 (KHTML, like Gecko) Version/17.4 Safari/605.1.15 (Applebot/0.1; +http://www.apple.com/go/applebot)"
17.246.19.100 - - [09/Sep/2025:05:37:31 +0700] "GET /wp-content/plugins/contact-form-7/includes/js/index.js?ver=6.0.6 HTTP/1.0" 200 443 "https://vattusacky.vn/learning-how-to-write-essays-online/" "Mozilla/5.0 (Macintosh; Intel Mac OS X 10_15_7) AppleWebKit/605.1.15 (KHTML, like Gecko) Version/17.4 Safari/605.1.15 (Applebot/0.1; +http://www.apple.com/go/applebot)"
17.246.23.198 - - [09/Sep/2025:05:37:31 +0700] "GET /wp-content/plugins/devvn-stickytooltip/stickytooltip.js?ver=1.0.0 HTTP/1.0" 200 444 "https://vattusacky.vn/learning-how-to-write-essays-online/" "Mozilla/5.0 (Macintosh; Intel Mac OS X 10_15_7) AppleWebKit/605.1.15 (KHTML, like Gecko) Version/17.4 Safari/605.1.15 (Applebot/0.1; +http://www.apple.com/go/applebot)"
17.246.19.52 - - [09/Sep/2025:05:37:32 +0700] "GET /wp-content/plugins/yith-woocommerce-category-accordion-premium/assets/js/ywcca_accordion.min.js?ver=1.0.12 HTTP/1.0" 200 484 "https://vattusacky.vn/learning-how-to-write-essays-online/" "Mozilla/5.0 (Macintosh; Intel Mac OS X 10_15_7) AppleWebKit/605.1.15 (KHTML, like Gecko) Version/17.4 Safari/605.1.15 (Applebot/0.1; +http://www.apple.com/go/applebot)"
17.246.23.165 - - [09/Sep/2025:05:37:32 +0700] "GET /wp-content/plugins/yith-woocommerce-category-accordion-premium/assets/js/jquery.hoverIntent.min.js?ver=1.0.12 HTTP/1.0" 200 487 "https://vattusacky.vn/learning-how-to-write-essays-online/" "Mozilla/5.0 (Macintosh; Intel Mac OS X 10_15_7) AppleWebKit/605.1.15 (KHTML, like Gecko) Version/17.4 Safari/605.1.15 (Applebot/0.1; +http://www.apple.com/go/applebot)"
17.246.15.156 - - [09/Sep/2025:05:37:33 +0700] "GET /wp-content/plugins/woocommerce/assets/js/frontend/order-attribution.min.js?ver=9.8.3 HTTP/1.0" 200 463 "https://vattusacky.vn/learning-how-to-write-essays-online/" "Mozilla/5.0 (Macintosh; Intel Mac OS X 10_15_7) AppleWebKit/605.1.15 (KHTML, like Gecko) Version/17.4 Safari/605.1.15 (Applebot/0.1; +http://www.apple.com/go/applebot)"
17.246.19.254 - - [09/Sep/2025:05:37:34 +0700] "GET /wp-content/plugins/woocommerce/assets/js/sourcebuster/sourcebuster.min.js?ver=9.8.3 HTTP/1.0" 200 462 "https://vattusacky.vn/learning-how-to-write-essays-online/" "Mozilla/5.0 (Macintosh; Intel Mac OS X 10_15_7) AppleWebKit/605.1.15 (KHTML, like Gecko) Version/17.4 Safari/605.1.15 (Applebot/0.1; +http://www.apple.com/go/applebot)"
17.246.15.217 - - [09/Sep/2025:05:37:34 +0700] "GET /wp-content/plugins/woocommerce/assets/css/woocommerce-smallscreen.css?ver=9.8.3 HTTP/1.0" 200 444 "https://vattusacky.vn/learning-how-to-write-essays-online/" "Mozilla/5.0 (Macintosh; Intel Mac OS X 10_15_7) AppleWebKit/605.1.15 (KHTML, like Gecko) Version/17.4 Safari/605.1.15 (Applebot/0.1; +http://www.apple.com/go/applebot)"
20.171.207.39 - - [09/Sep/2025:05:37:35 +0700] "GET /?p=9076 HTTP/1.0" 301 495 "-" "Mozilla/5.0 AppleWebKit/537.36 (KHTML, like Gecko; compatible; GPTBot/1.2; +https://openai.com/gptbot)"
20.171.207.39 - - [09/Sep/2025:05:37:37 +0700] "GET /understanding-the-psychology-of-online-connections/ HTTP/1.0" 200 91869 "-" "Mozilla/5.0 AppleWebKit/537.36 (KHTML, like Gecko; compatible; GPTBot/1.2; +https://openai.com/gptbot)"
20.171.207.39 - - [09/Sep/2025:05:37:46 +0700] "GET /humorous-omegle-moments-and-ridiculous-conversations/ HTTP/1.0" 200 89134 "-" "Mozilla/5.0 AppleWebKit/537.36 (KHTML, like Gecko; compatible; GPTBot/1.2; +https://openai.com/gptbot)"
20.171.207.39 - - [09/Sep/2025:05:37:54 +0700] "GET /?p=7721 HTTP/1.0" 301 495 "-" "Mozilla/5.0 AppleWebKit/537.36 (KHTML, like Gecko; compatible; GPTBot/1.2; +https://openai.com/gptbot)"
20.171.207.39 - - [09/Sep/2025:05:37:56 +0700] "GET /omegle-unveiled-exploring-the-anonymous-wilderness/ HTTP/1.0" 200 90065 "-" "Mozilla/5.0 AppleWebKit/537.36 (KHTML, like Gecko; compatible; GPTBot/1.2; +https://openai.com/gptbot)"
20.171.207.39 - - [09/Sep/2025:05:38:09 +0700] "GET /?p=6185 HTTP/1.0" 301 496 "-" "Mozilla/5.0 AppleWebKit/537.36 (KHTML, like Gecko; compatible; GPTBot/1.2; +https://openai.com/gptbot)"
20.171.207.39 - - [09/Sep/2025:05:38:11 +0700] "GET /balancing-personal-boundaries-and-empathy-on-omegle/ HTTP/1.0" 200 89555 "-" "Mozilla/5.0 AppleWebKit/537.36 (KHTML, like Gecko; compatible; GPTBot/1.2; +https://openai.com/gptbot)"
45.117.177.72 - - [09/Sep/2025:05:38:20 +0700] "POST /wp-cron.php?doing_wp_cron=1757371100.5183160305023193359375 HTTP/1.0" 200 416 "-" "WordPress/6.8.1; https://vattusacky.vn"
20.171.207.39 - - [09/Sep/2025:05:38:19 +0700] "GET /omegle-unleashed-the-anonymous-explorers-revolution/ HTTP/1.0" 200 91898 "-" "Mozilla/5.0 AppleWebKit/537.36 (KHTML, like Gecko; compatible; GPTBot/1.2; +https://openai.com/gptbot)"
20.171.207.39 - - [09/Sep/2025:05:38:26 +0700] "GET /omegle-and-the-phenomenon-of-catfishing/ HTTP/1.0" 200 87710 "-" "Mozilla/5.0 AppleWebKit/537.36 (KHTML, like Gecko; compatible; GPTBot/1.2; +https://openai.com/gptbot)"
20.171.207.39 - - [09/Sep/2025:05:38:34 +0700] "GET /?p=9103 HTTP/1.0" 301 494 "-" "Mozilla/5.0 AppleWebKit/537.36 (KHTML, like Gecko; compatible; GPTBot/1.2; +https://openai.com/gptbot)"
20.171.207.39 - - [09/Sep/2025:05:38:35 +0700] "GET /unforgettable-omegle-fails-and-amusing-encounters/ HTTP/1.0" 200 88448 "-" "Mozilla/5.0 AppleWebKit/537.36 (KHTML, like Gecko; compatible; GPTBot/1.2; +https://openai.com/gptbot)"
20.171.207.39 - - [09/Sep/2025:05:38:42 +0700] "GET /omegle-and-cyberbullying-addressing-online-harassment/ HTTP/1.0" 200 92569 "-" "Mozilla/5.0 AppleWebKit/537.36 (KHTML, like Gecko; compatible; GPTBot/1.2; +https://openai.com/gptbot)"
20.171.207.39 - - [09/Sep/2025:05:38:52 +0700] "GET /?p=7605 HTTP/1.0" 301 496 "-" "Mozilla/5.0 AppleWebKit/537.36 (KHTML, like Gecko; compatible; GPTBot/1.2; +https://openai.com/gptbot)"
20.171.207.39 - - [09/Sep/2025:05:38:54 +0700] "GET /omegle-conversations-funny-and-memorable-encounters/ HTTP/1.0" 200 89553 "-" "Mozilla/5.0 AppleWebKit/537.36 (KHTML, like Gecko; compatible; GPTBot/1.2; +https://openai.com/gptbot)"
20.171.207.39 - - [09/Sep/2025:05:39:02 +0700] "GET /tron-rejting-trx-opisanie-obzor-tron-vkljuchaet/ HTTP/1.0" 200 248338 "-" "Mozilla/5.0 AppleWebKit/537.36 (KHTML, like Gecko; compatible; GPTBot/1.2; +https://openai.com/gptbot)"
20.171.207.39 - - [09/Sep/2025:05:39:11 +0700] "GET /troubleshoot-and-fix-device-driver-problems-for/ HTTP/1.0" 200 224909 "-" "Mozilla/5.0 AppleWebKit/537.36 (KHTML, like Gecko; compatible; GPTBot/1.2; +https://openai.com/gptbot)"
45.117.177.72 - - [09/Sep/2025:05:39:23 +0700] "POST /wp-cron.php?doing_wp_cron=1757371163.0583939552307128906250 HTTP/1.0" 200 416 "-" "WordPress/6.8.1; https://vattusacky.vn"
20.171.207.39 - - [09/Sep/2025:05:39:21 +0700] "GET /banning-and-suspension-policies-on-omegle/ HTTP/1.0" 200 89465 "-" "Mozilla/5.0 AppleWebKit/537.36 (KHTML, like Gecko; compatible; GPTBot/1.2; +https://openai.com/gptbot)"
20.171.207.39 - - [09/Sep/2025:05:39:31 +0700] "GET /?p=7100 HTTP/1.0" 301 497 "-" "Mozilla/5.0 AppleWebKit/537.36 (KHTML, like Gecko; compatible; GPTBot/1.2; +https://openai.com/gptbot)"
20.171.207.39 - - [09/Sep/2025:05:39:32 +0700] "GET /humorous-omegle-moments-and-ridiculous-conversations/ HTTP/1.0" 200 89134 "-" "Mozilla/5.0 AppleWebKit/537.36 (KHTML, like Gecko; compatible; GPTBot/1.2; +https://openai.com/gptbot)"
20.171.207.39 - - [09/Sep/2025:05:39:42 +0700] "GET /the-thrill-of-discovery-unveiling-new-artists-through-omegle-collaborations/ HTTP/1.0" 200 93504 "-" "Mozilla/5.0 AppleWebKit/537.36 (KHTML, like Gecko; compatible; GPTBot/1.2; +https://openai.com/gptbot)"
20.171.207.39 - - [09/Sep/2025:05:39:51 +0700] "GET /?p=3491 HTTP/1.0" 301 492 "-" "Mozilla/5.0 AppleWebKit/537.36 (KHTML, like Gecko; compatible; GPTBot/1.2; +https://openai.com/gptbot)"
20.171.207.39 - - [09/Sep/2025:05:39:53 +0700] "GET /tron-rejting-trx-opisanie-obzor-tron-vkljuchaet/ HTTP/1.0" 200 248338 "-" "Mozilla/5.0 AppleWebKit/537.36 (KHTML, like Gecko; compatible; GPTBot/1.2; +https://openai.com/gptbot)"
20.171.207.39 - - [09/Sep/2025:05:40:01 +0700] "GET /serendipity-in-relationships-from-chance-meetings-to-lifelong-partners/ HTTP/1.0" 200 90984 "-" "Mozilla/5.0 AppleWebKit/537.36 (KHTML, like Gecko; compatible; GPTBot/1.2; +https://openai.com/gptbot)"
20.171.207.39 - - [09/Sep/2025:05:40:09 +0700] "GET /?p=6189 HTTP/1.0" 301 486 "-" "Mozilla/5.0 AppleWebKit/537.36 (KHTML, like Gecko; compatible; GPTBot/1.2; +https://openai.com/gptbot)"
20.171.207.39 - - [09/Sep/2025:05:40:11 +0700] "GET /banning-and-suspension-policies-on-omegle/ HTTP/1.0" 200 89465 "-" "Mozilla/5.0 AppleWebKit/537.36 (KHTML, like Gecko; compatible; GPTBot/1.2; +https://openai.com/gptbot)"
45.117.177.72 - - [09/Sep/2025:05:40:21 +0700] "POST /wp-cron.php?doing_wp_cron=1757371220.9439721107482910156250 HTTP/1.0" 200 416 "-" "WordPress/6.8.1; https://vattusacky.vn"
20.171.207.39 - - [09/Sep/2025:05:40:19 +0700] "GET /?p=4656 HTTP/1.0" 301 638 "-" "Mozilla/5.0 AppleWebKit/537.36 (KHTML, like Gecko; compatible; GPTBot/1.2; +https://openai.com/gptbot)"
20.171.207.39 - - [09/Sep/2025:05:40:21 +0700] "GET /troubleshoot-and-fix-device-driver-problems-for/ HTTP/1.0" 200 224909 "-" "Mozilla/5.0 AppleWebKit/537.36 (KHTML, like Gecko; compatible; GPTBot/1.2; +https://openai.com/gptbot)"
95.108.213.168 - - [09/Sep/2025:05:40:29 +0700] "GET /aviator-igra-otzyvy-taktika-igry-strategija/ HTTP/1.0" 200 113472 "-" "Mozilla/5.0 (compatible; YandexBot/3.0; +http://yandex.com/bots) AppleWebKit/537.36 (KHTML, like Gecko) Chrome/108.0.0.0"
20.171.207.39 - - [09/Sep/2025:05:40:30 +0700] "GET /?p=7528 HTTP/1.0" 301 484 "-" "Mozilla/5.0 AppleWebKit/537.36 (KHTML, like Gecko; compatible; GPTBot/1.2; +https://openai.com/gptbot)"
20.171.207.39 - - [09/Sep/2025:05:40:31 +0700] "GET /omegle-and-the-phenomenon-of-catfishing/ HTTP/1.0" 200 87710 "-" "Mozilla/5.0 AppleWebKit/537.36 (KHTML, like Gecko; compatible; GPTBot/1.2; +https://openai.com/gptbot)"
87.250.224.98 - - [09/Sep/2025:05:40:34 +0700] "GET /wp-includes/js/jquery/jquery.min.js?ver=3.7.1 HTTP/1.0" 200 424 "https://vattusacky.vn/aviator-igra-otzyvy-taktika-igry-strategija/" "Mozilla/5.0 (compatible; YandexRenderResourcesBot/1.0; +http://yandex.com/bots) AppleWebKit/537.36 (KHTML, like Gecko) Chrome/108.0.0.0"
95.108.213.217 - - [09/Sep/2025:05:40:35 +0700] "GET /wp-includes/js/jquery/jquery-migrate.min.js?ver=3.4.1 HTTP/1.0" 200 432 "https://vattusacky.vn/aviator-igra-otzyvy-taktika-igry-strategija/" "Mozilla/5.0 (compatible; YandexRenderResourcesBot/1.0; +http://yandex.com/bots) AppleWebKit/537.36 (KHTML, like Gecko) Chrome/108.0.0.0"
