20.171.207.51 - - [09/Sep/2025:04:04:37 +0700] "GET /perspectives-on-anonymity-and-authenticity-voices-from-omegle-users/ HTTP/1.0" 200 90569 "-" "Mozilla/5.0 AppleWebKit/537.36 (KHTML, like Gecko; compatible; GPTBot/1.2; +https://openai.com/gptbot)"
20.171.207.51 - - [09/Sep/2025:04:04:45 +0700] "GET /?p=8625 HTTP/1.0" 301 518 "-" "Mozilla/5.0 AppleWebKit/537.36 (KHTML, like Gecko; compatible; GPTBot/1.2; +https://openai.com/gptbot)"
20.171.207.51 - - [09/Sep/2025:04:04:47 +0700] "GET /the-influence-of-perspective-taking-on-omegles-virtual-empathy-experience/ HTTP/1.0" 200 93071 "-" "Mozilla/5.0 AppleWebKit/537.36 (KHTML, like Gecko; compatible; GPTBot/1.2; +https://openai.com/gptbot)"
20.171.207.51 - - [09/Sep/2025:04:04:54 +0700] "GET /misconceptions-and-realities-debunking-myths-about-omegle-and-ometv/ HTTP/1.0" 200 91389 "-" "Mozilla/5.0 AppleWebKit/537.36 (KHTML, like Gecko; compatible; GPTBot/1.2; +https://openai.com/gptbot)"
20.171.207.51 - - [09/Sep/2025:04:05:01 +0700] "GET /the-psychology-behind-omegle-addiction-exploring-the-reasons/ HTTP/1.0" 200 91859 "-" "Mozilla/5.0 AppleWebKit/537.36 (KHTML, like Gecko; compatible; GPTBot/1.2; +https://openai.com/gptbot)"
20.171.207.51 - - [09/Sep/2025:04:05:09 +0700] "GET /?p=8918 HTTP/1.0" 301 532 "-" "Mozilla/5.0 AppleWebKit/537.36 (KHTML, like Gecko; compatible; GPTBot/1.2; +https://openai.com/gptbot)"
20.171.207.51 - - [09/Sep/2025:04:05:11 +0700] "GET /the-role-of-respect-in-omegle-conversations-valuing-others-perspectives-and-experiences/ HTTP/1.0" 200 90877 "-" "Mozilla/5.0 AppleWebKit/537.36 (KHTML, like Gecko; compatible; GPTBot/1.2; +https://openai.com/gptbot)"
20.171.207.51 - - [09/Sep/2025:04:05:18 +0700] "GET /?p=8758 HTTP/1.0" 301 533 "-" "Mozilla/5.0 AppleWebKit/537.36 (KHTML, like Gecko; compatible; GPTBot/1.2; +https://openai.com/gptbot)"
20.171.207.51 - - [09/Sep/2025:04:05:21 +0700] "GET /the-psychology-of-chatting-on-omegle-exploring-human-behavior-in-anonymous-conversations/ HTTP/1.0" 200 90852 "-" "Mozilla/5.0 AppleWebKit/537.36 (KHTML, like Gecko; compatible; GPTBot/1.2; +https://openai.com/gptbot)"
20.171.207.51 - - [09/Sep/2025:04:05:27 +0700] "GET /?p=8645 HTTP/1.0" 301 512 "-" "Mozilla/5.0 AppleWebKit/537.36 (KHTML, like Gecko; compatible; GPTBot/1.2; +https://openai.com/gptbot)"
20.171.207.51 - - [09/Sep/2025:04:05:29 +0700] "GET /the-journey-through-psychological-manipulation-mind-games-on-omegle/ HTTP/1.0" 200 85324 "-" "Mozilla/5.0 AppleWebKit/537.36 (KHTML, like Gecko; compatible; GPTBot/1.2; +https://openai.com/gptbot)"
20.171.207.51 - - [09/Sep/2025:04:05:42 +0700] "GET /?p=8277 HTTP/1.0" 301 518 "-" "Mozilla/5.0 AppleWebKit/537.36 (KHTML, like Gecko; compatible; GPTBot/1.2; +https://openai.com/gptbot)"
20.171.207.51 - - [09/Sep/2025:04:05:43 +0700] "GET /supporting-artistic-exploration-omegle-as-a-platform-for-creative-freedom/ HTTP/1.0" 200 91134 "-" "Mozilla/5.0 AppleWebKit/537.36 (KHTML, like Gecko; compatible; GPTBot/1.2; +https://openai.com/gptbot)"
20.171.207.51 - - [09/Sep/2025:04:05:50 +0700] "GET /overcoming-biases-and-stereotypes-through-virtual-empathy-on-omegle/ HTTP/1.0" 200 93184 "-" "Mozilla/5.0 AppleWebKit/537.36 (KHTML, like Gecko; compatible; GPTBot/1.2; +https://openai.com/gptbot)"
20.171.207.51 - - [09/Sep/2025:04:05:58 +0700] "GET /omegle-and-ometv-fostering-empathy-and-understanding-across-borders/ HTTP/1.0" 200 75548 "-" "Mozilla/5.0 AppleWebKit/537.36 (KHTML, like Gecko; compatible; GPTBot/1.2; +https://openai.com/gptbot)"
20.171.207.51 - - [09/Sep/2025:04:06:05 +0700] "GET /?p=2161 HTTP/1.0" 301 494 "-" "Mozilla/5.0 AppleWebKit/537.36 (KHTML, like Gecko; compatible; GPTBot/1.2; +https://openai.com/gptbot)"
20.171.207.51 - - [09/Sep/2025:04:06:06 +0700] "GET /0x-wallet-choosing-guide-how-to-find-the-best-and/ HTTP/1.0" 200 389607 "-" "Mozilla/5.0 AppleWebKit/537.36 (KHTML, like Gecko; compatible; GPTBot/1.2; +https://openai.com/gptbot)"
20.171.207.51 - - [09/Sep/2025:04:06:15 +0700] "GET /?p=8073 HTTP/1.0" 301 658 "-" "Mozilla/5.0 AppleWebKit/537.36 (KHTML, like Gecko; compatible; GPTBot/1.2; +https://openai.com/gptbot)"
20.171.207.51 - - [09/Sep/2025:04:06:16 +0700] "GET /perspectives-on-anonymity-and-authenticity-voices-from-omegle-users/ HTTP/1.0" 200 90569 "-" "Mozilla/5.0 AppleWebKit/537.36 (KHTML, like Gecko; compatible; GPTBot/1.2; +https://openai.com/gptbot)"
45.117.177.72 - - [09/Sep/2025:04:06:23 +0700] "POST /wp-cron.php?doing_wp_cron=1757365583.6651830673217773437500 HTTP/1.0" 200 416 "-" "WordPress/6.8.1; https://vattusacky.vn"
20.171.207.51 - - [09/Sep/2025:04:06:22 +0700] "GET /?p=8741 HTTP/1.0" 301 505 "-" "Mozilla/5.0 AppleWebKit/537.36 (KHTML, like Gecko; compatible; GPTBot/1.2; +https://openai.com/gptbot)"
20.171.207.51 - - [09/Sep/2025:04:06:24 +0700] "GET /the-psychology-behind-omegle-addiction-exploring-the-reasons/ HTTP/1.0" 200 91859 "-" "Mozilla/5.0 AppleWebKit/537.36 (KHTML, like Gecko; compatible; GPTBot/1.2; +https://openai.com/gptbot)"
20.171.207.51 - - [09/Sep/2025:04:06:32 +0700] "GET /the-power-of-vulnerability-in-omegle-conversations-building-trust-and-connection/ HTTP/1.0" 200 91937 "-" "Mozilla/5.0 AppleWebKit/537.36 (KHTML, like Gecko; compatible; GPTBot/1.2; +https://openai.com/gptbot)"
20.171.207.51 - - [09/Sep/2025:04:06:40 +0700] "GET /omegle-for-language-exchange-practicing-with-native-speakers/ HTTP/1.0" 200 83770 "-" "Mozilla/5.0 AppleWebKit/537.36 (KHTML, like Gecko; compatible; GPTBot/1.2; +https://openai.com/gptbot)"
20.171.207.51 - - [09/Sep/2025:04:06:46 +0700] "GET /?p=8013 HTTP/1.0" 301 512 "-" "Mozilla/5.0 AppleWebKit/537.36 (KHTML, like Gecko; compatible; GPTBot/1.2; +https://openai.com/gptbot)"
20.171.207.51 - - [09/Sep/2025:04:06:48 +0700] "GET /overcoming-biases-and-stereotypes-through-virtual-empathy-on-omegle/ HTTP/1.0" 200 93184 "-" "Mozilla/5.0 AppleWebKit/537.36 (KHTML, like Gecko; compatible; GPTBot/1.2; +https://openai.com/gptbot)"
20.171.207.51 - - [09/Sep/2025:04:06:55 +0700] "GET /mastering-the-art-of-empathy-on-omegle-understanding-and-validating-others-perspectives/ HTTP/1.0" 200 95735 "-" "Mozilla/5.0 AppleWebKit/537.36 (KHTML, like Gecko; compatible; GPTBot/1.2; +https://openai.com/gptbot)"
20.171.207.51 - - [09/Sep/2025:04:07:03 +0700] "GET /?p=7221 HTTP/1.0" 301 512 "-" "Mozilla/5.0 AppleWebKit/537.36 (KHTML, like Gecko; compatible; GPTBot/1.2; +https://openai.com/gptbot)"
20.171.207.51 - - [09/Sep/2025:04:07:05 +0700] "GET /misconceptions-and-realities-debunking-myths-about-omegle-and-ometv/ HTTP/1.0" 200 91389 "-" "Mozilla/5.0 AppleWebKit/537.36 (KHTML, like Gecko; compatible; GPTBot/1.2; +https://openai.com/gptbot)"
20.171.207.51 - - [09/Sep/2025:04:07:12 +0700] "GET /?p=7440 HTTP/1.0" 301 512 "-" "Mozilla/5.0 AppleWebKit/537.36 (KHTML, like Gecko; compatible; GPTBot/1.2; +https://openai.com/gptbot)"
20.171.207.51 - - [09/Sep/2025:04:07:14 +0700] "GET /omegle-and-ometv-fostering-empathy-and-understanding-across-borders/ HTTP/1.0" 200 75548 "-" "Mozilla/5.0 AppleWebKit/537.36 (KHTML, like Gecko; compatible; GPTBot/1.2; +https://openai.com/gptbot)"
45.117.177.72 - - [09/Sep/2025:04:07:23 +0700] "POST /wp-cron.php?doing_wp_cron=1757365643.3134620189666748046875 HTTP/1.0" 200 416 "-" "WordPress/6.8.1; https://vattusacky.vn"
20.171.207.51 - - [09/Sep/2025:04:07:22 +0700] "GET /unmasking-the-ethical-dilemmas-of-anonymity-on-omegle-a-psychological-perspective/ HTTP/1.0" 200 92592 "-" "Mozilla/5.0 AppleWebKit/537.36 (KHTML, like Gecko; compatible; GPTBot/1.2; +https://openai.com/gptbot)"
20.171.207.51 - - [09/Sep/2025:04:07:29 +0700] "GET /the-emotional-roller-coaster-of-omegle-nurturing-relationships-in-a-dynamic-environment/ HTTP/1.0" 200 90597 "-" "Mozilla/5.0 AppleWebKit/537.36 (KHTML, like Gecko; compatible; GPTBot/1.2; +https://openai.com/gptbot)"
20.171.207.51 - - [09/Sep/2025:04:07:35 +0700] "GET /omegle-and-online-dating-exploring-the-relationship-between-anonymous-chats-and-romance/ HTTP/1.0" 200 91062 "-" "Mozilla/5.0 AppleWebKit/537.36 (KHTML, like Gecko; compatible; GPTBot/1.2; +https://openai.com/gptbot)"
20.171.207.51 - - [09/Sep/2025:04:07:42 +0700] "GET /strategies-for-building-resilience-in-language-communication-on-omegle-and-ometv/ HTTP/1.0" 200 92263 "-" "Mozilla/5.0 AppleWebKit/537.36 (KHTML, like Gecko; compatible; GPTBot/1.2; +https://openai.com/gptbot)"
20.171.207.51 - - [09/Sep/2025:04:07:54 +0700] "GET /the-controversy-surrounding-omegle-and-ometv-should-these-platforms-be-regulated/ HTTP/1.0" 200 93427 "-" "Mozilla/5.0 AppleWebKit/537.36 (KHTML, like Gecko; compatible; GPTBot/1.2; +https://openai.com/gptbot)"
45.117.177.72 - - [09/Sep/2025:04:08:20 +0700] "POST /wp-cron.php?doing_wp_cron=1757365700.0663449764251708984375 HTTP/1.0" 200 416 "-" "WordPress/6.8.1; https://vattusacky.vn"
85.208.96.200 - - [09/Sep/2025:04:08:18 +0700] "GET /the-between-criteria-and-expected-values-in-connections/ HTTP/1.0" 200 208931 "-" "Mozilla/5.0 (compatible; SemrushBot/7~bl; +http://www.semrush.com/bot.html)"
20.171.207.51 - - [09/Sep/2025:04:08:26 +0700] "GET /where-to-get-the-best-online-dating-service/ HTTP/1.0" 200 206192 "-" "Mozilla/5.0 AppleWebKit/537.36 (KHTML, like Gecko; compatible; GPTBot/1.2; +https://openai.com/gptbot)"
20.171.207.51 - - [09/Sep/2025:04:08:34 +0700] "GET /?p=7203 HTTP/1.0" 301 532 "-" "Mozilla/5.0 AppleWebKit/537.36 (KHTML, like Gecko; compatible; GPTBot/1.2; +https://openai.com/gptbot)"
20.171.207.51 - - [09/Sep/2025:04:08:35 +0700] "GET /mastering-the-art-of-empathy-on-omegle-understanding-and-validating-others-perspectives/ HTTP/1.0" 200 95735 "-" "Mozilla/5.0 AppleWebKit/537.36 (KHTML, like Gecko; compatible; GPTBot/1.2; +https://openai.com/gptbot)"
45.117.177.72 - - [09/Sep/2025:04:08:45 +0700] "POST /wp-cron.php?doing_wp_cron=1757365724.9755549430847167968750 HTTP/1.0" 200 416 "-" "WordPress/6.8.1; https://vattusacky.vn"
20.171.207.51 - - [09/Sep/2025:04:08:43 +0700] "GET /?p=7642 HTTP/1.0" 301 505 "-" "Mozilla/5.0 AppleWebKit/537.36 (KHTML, like Gecko; compatible; GPTBot/1.2; +https://openai.com/gptbot)"
20.171.207.51 - - [09/Sep/2025:04:08:45 +0700] "GET /omegle-for-language-exchange-practicing-with-native-speakers/ HTTP/1.0" 200 83770 "-" "Mozilla/5.0 AppleWebKit/537.36 (KHTML, like Gecko; compatible; GPTBot/1.2; +https://openai.com/gptbot)"
45.117.177.72 - - [09/Sep/2025:04:08:54 +0700] "POST /wp-cron.php?doing_wp_cron=1757365734.0085229873657226562500 HTTP/1.0" 200 416 "-" "WordPress/6.8.1; https://vattusacky.vn"
20.171.207.51 - - [09/Sep/2025:04:08:52 +0700] "GET /?p=8371 HTTP/1.0" 301 525 "-" "Mozilla/5.0 AppleWebKit/537.36 (KHTML, like Gecko; compatible; GPTBot/1.2; +https://openai.com/gptbot)"
20.171.207.51 - - [09/Sep/2025:04:08:54 +0700] "GET /the-controversy-surrounding-omegle-and-ometv-should-these-platforms-be-regulated/ HTTP/1.0" 200 93427 "-" "Mozilla/5.0 AppleWebKit/537.36 (KHTML, like Gecko; compatible; GPTBot/1.2; +https://openai.com/gptbot)"
20.171.207.51 - - [09/Sep/2025:04:09:02 +0700] "GET /omegles-role-in-fostering-intercultural-communication/ HTTP/1.0" 200 90589 "-" "Mozilla/5.0 AppleWebKit/537.36 (KHTML, like Gecko; compatible; GPTBot/1.2; +https://openai.com/gptbot)"
20.171.207.51 - - [09/Sep/2025:04:09:09 +0700] "GET /?p=7458 HTTP/1.0" 301 532 "-" "Mozilla/5.0 AppleWebKit/537.36 (KHTML, like Gecko; compatible; GPTBot/1.2; +https://openai.com/gptbot)"
20.171.207.51 - - [09/Sep/2025:04:09:10 +0700] "GET /omegle-and-online-dating-exploring-the-relationship-between-anonymous-chats-and-romance/ HTTP/1.0" 200 91062 "-" "Mozilla/5.0 AppleWebKit/537.36 (KHTML, like Gecko; compatible; GPTBot/1.2; +https://openai.com/gptbot)"
45.117.177.72 - - [09/Sep/2025:04:09:19 +0700] "POST /wp-cron.php?doing_wp_cron=1757365759.3780479431152343750000 HTTP/1.0" 200 416 "-" "WordPress/6.8.1; https://vattusacky.vn"
20.171.207.51 - - [09/Sep/2025:04:09:18 +0700] "GET /?p=8256 HTTP/1.0" 301 525 "-" "Mozilla/5.0 AppleWebKit/537.36 (KHTML, like Gecko; compatible; GPTBot/1.2; +https://openai.com/gptbot)"
20.171.207.51 - - [09/Sep/2025:04:09:19 +0700] "GET /strategies-for-building-resilience-in-language-communication-on-omegle-and-ometv/ HTTP/1.0" 200 92263 "-" "Mozilla/5.0 AppleWebKit/537.36 (KHTML, like Gecko; compatible; GPTBot/1.2; +https://openai.com/gptbot)"
20.171.207.51 - - [09/Sep/2025:04:09:28 +0700] "GET /?p=8412 HTTP/1.0" 301 532 "-" "Mozilla/5.0 AppleWebKit/537.36 (KHTML, like Gecko; compatible; GPTBot/1.2; +https://openai.com/gptbot)"
20.171.207.51 - - [09/Sep/2025:04:09:29 +0700] "GET /the-emotional-roller-coaster-of-omegle-nurturing-relationships-in-a-dynamic-environment/ HTTP/1.0" 200 90597 "-" "Mozilla/5.0 AppleWebKit/537.36 (KHTML, like Gecko; compatible; GPTBot/1.2; +https://openai.com/gptbot)"
20.171.207.51 - - [09/Sep/2025:04:09:37 +0700] "GET /omegle-and-virtual-reality-exploring-the-possibilities-of-vr-chatting-experiences/ HTTP/1.0" 200 91553 "-" "Mozilla/5.0 AppleWebKit/537.36 (KHTML, like Gecko; compatible; GPTBot/1.2; +https://openai.com/gptbot)"
20.171.207.51 - - [09/Sep/2025:04:09:44 +0700] "GET /?p=8716 HTTP/1.0" 301 525 "-" "Mozilla/5.0 AppleWebKit/537.36 (KHTML, like Gecko; compatible; GPTBot/1.2; +https://openai.com/gptbot)"
20.171.207.51 - - [09/Sep/2025:04:09:45 +0700] "GET /the-power-of-vulnerability-in-omegle-conversations-building-trust-and-connection/ HTTP/1.0" 200 91937 "-" "Mozilla/5.0 AppleWebKit/537.36 (KHTML, like Gecko; compatible; GPTBot/1.2; +https://openai.com/gptbot)"
20.171.207.51 - - [09/Sep/2025:04:09:52 +0700] "GET /?p=9131 HTTP/1.0" 301 526 "-" "Mozilla/5.0 AppleWebKit/537.36 (KHTML, like Gecko; compatible; GPTBot/1.2; +https://openai.com/gptbot)"
20.171.207.51 - - [09/Sep/2025:04:09:54 +0700] "GET /unmasking-the-ethical-dilemmas-of-anonymity-on-omegle-a-psychological-perspective/ HTTP/1.0" 200 92592 "-" "Mozilla/5.0 AppleWebKit/537.36 (KHTML, like Gecko; compatible; GPTBot/1.2; +https://openai.com/gptbot)"
20.171.207.51 - - [09/Sep/2025:04:10:03 +0700] "GET /wp-json/oembed/1.0/embed?url=https%3A%2F%2Fvattusacky.vn%2Funmasking-the-ethical-dilemmas-of-anonymity-on-omegle-a-psychological-perspective%2F HTTP/1.0" 200 3655 "-" "Mozilla/5.0 AppleWebKit/537.36 (KHTML, like Gecko; compatible; GPTBot/1.2; +https://openai.com/gptbot)"
20.171.207.51 - - [09/Sep/2025:04:10:10 +0700] "GET /?p=7957 HTTP/1.0" 301 498 "-" "Mozilla/5.0 AppleWebKit/537.36 (KHTML, like Gecko; compatible; GPTBot/1.2; +https://openai.com/gptbot)"
20.171.207.51 - - [09/Sep/2025:04:10:12 +0700] "GET /omegles-role-in-fostering-intercultural-communication/ HTTP/1.0" 200 90589 "-" "Mozilla/5.0 AppleWebKit/537.36 (KHTML, like Gecko; compatible; GPTBot/1.2; +https://openai.com/gptbot)"
45.117.177.72 - - [09/Sep/2025:04:10:20 +0700] "POST /wp-cron.php?doing_wp_cron=1757365820.9279150962829589843750 HTTP/1.0" 200 416 "-" "WordPress/6.8.1; https://vattusacky.vn"
20.171.207.51 - - [09/Sep/2025:04:10:19 +0700] "GET /omegle-chronicles-tales-of-curiosity-and-exploration/ HTTP/1.0" 200 91757 "-" "Mozilla/5.0 AppleWebKit/537.36 (KHTML, like Gecko; compatible; GPTBot/1.2; +https://openai.com/gptbot)"
20.171.207.51 - - [09/Sep/2025:04:10:27 +0700] "GET /how-to-stay-safe-on-omegle-and-ometv/ HTTP/1.0" 200 90308 "-" "Mozilla/5.0 AppleWebKit/537.36 (KHTML, like Gecko; compatible; GPTBot/1.2; +https://openai.com/gptbot)"
20.171.207.51 - - [09/Sep/2025:04:10:33 +0700] "GET /the-funniest-omegle-fails-and-awkward-encounters/ HTTP/1.0" 200 90732 "-" "Mozilla/5.0 AppleWebKit/537.36 (KHTML, like Gecko; compatible; GPTBot/1.2; +https://openai.com/gptbot)"
20.171.207.51 - - [09/Sep/2025:04:10:38 +0700] "GET /the-thrill-of-the-unknown-on-omegle/ HTTP/1.0" 200 89034 "-" "Mozilla/5.0 AppleWebKit/537.36 (KHTML, like Gecko; compatible; GPTBot/1.2; +https://openai.com/gptbot)"
95.108.213.80 - - [09/Sep/2025:04:10:40 +0700] "GET /addressing-loneliness-through-omegle-therapy/ HTTP/1.0" 403 606 "-" "Mozilla/5.0 (compatible; YandexBot/3.0; +http://yandex.com/bots)"
20.171.207.51 - - [09/Sep/2025:04:10:44 +0700] "GET /?p=7547 HTTP/1.0" 301 526 "-" "Mozilla/5.0 AppleWebKit/537.36 (KHTML, like Gecko; compatible; GPTBot/1.2; +https://openai.com/gptbot)"
20.171.207.51 - - [09/Sep/2025:04:10:45 +0700] "GET /omegle-and-virtual-reality-exploring-the-possibilities-of-vr-chatting-experiences/ HTTP/1.0" 200 91553 "-" "Mozilla/5.0 AppleWebKit/537.36 (KHTML, like Gecko; compatible; GPTBot/1.2; +https://openai.com/gptbot)"
34.235.239.240 - - [09/Sep/2025:04:10:47 +0700] "GET /category/uncategorized/page/223/ HTTP/1.0" 200 76851 "-" "Mozilla/5.0 AppleWebKit/537.36 (KHTML, like Gecko; compatible; Amazonbot/0.1; +https://developer.amazon.com/support/amazonbot) Chrome/119.0.6045.214 Safari/537.36"
20.171.207.51 - - [09/Sep/2025:04:10:52 +0700] "GET /what-is-omegle-therapy-and-how-does-it-work/ HTTP/1.0" 200 89854 "-" "Mozilla/5.0 AppleWebKit/537.36 (KHTML, like Gecko; compatible; GPTBot/1.2; +https://openai.com/gptbot)"
20.171.207.51 - - [09/Sep/2025:04:10:59 +0700] "GET /find-out-about-no-deposit-bonus-coupons HTTP/1.0" 301 438 "-" "Mozilla/5.0 AppleWebKit/537.36 (KHTML, like Gecko; compatible; GPTBot/1.2; +https://openai.com/gptbot)"
20.171.207.51 - - [09/Sep/2025:04:11:01 +0700] "GET /find-out-about-no-deposit-bonus-coupons/ HTTP/1.0" 200 206685 "-" "Mozilla/5.0 AppleWebKit/537.36 (KHTML, like Gecko; compatible; GPTBot/1.2; +https://openai.com/gptbot)"
20.171.207.51 - - [09/Sep/2025:04:11:09 +0700] "GET /how-you-can-write-excellent-anniversary-captions/ HTTP/1.0" 200 206435 "-" "Mozilla/5.0 AppleWebKit/537.36 (KHTML, like Gecko; compatible; GPTBot/1.2; +https://openai.com/gptbot)"
45.117.177.72 - - [09/Sep/2025:04:11:17 +0700] "POST /wp-cron.php?doing_wp_cron=1757365877.2167270183563232421875 HTTP/1.0" 200 416 "-" "WordPress/6.8.1; https://vattusacky.vn"
20.171.207.51 - - [09/Sep/2025:04:11:16 +0700] "GET /igra-dragon-money-pravila-v-chem-preimushhestva-i HTTP/1.0" 301 494 "-" "Mozilla/5.0 AppleWebKit/537.36 (KHTML, like Gecko; compatible; GPTBot/1.2; +https://openai.com/gptbot)"
20.171.207.51 - - [09/Sep/2025:04:11:17 +0700] "GET /igra-dragon-money-pravila-v-chem-preimushhestva-i/ HTTP/1.0" 200 244696 "-" "Mozilla/5.0 AppleWebKit/537.36 (KHTML, like Gecko; compatible; GPTBot/1.2; +https://openai.com/gptbot)"
20.171.207.51 - - [09/Sep/2025:04:11:27 +0700] "GET /building-a-responsible-online-community-on-ometv/ HTTP/1.0" 200 92635 "-" "Mozilla/5.0 AppleWebKit/537.36 (KHTML, like Gecko; compatible; GPTBot/1.2; +https://openai.com/gptbot)"
20.171.207.51 - - [09/Sep/2025:04:11:35 +0700] "GET /sweet-things-to-do-with-all-your-boyfriend/ HTTP/1.0" 200 208373 "-" "Mozilla/5.0 AppleWebKit/537.36 (KHTML, like Gecko; compatible; GPTBot/1.2; +https://openai.com/gptbot)"
20.171.207.51 - - [09/Sep/2025:04:11:44 +0700] "GET /?p=8462 HTTP/1.0" 301 493 "-" "Mozilla/5.0 AppleWebKit/537.36 (KHTML, like Gecko; compatible; GPTBot/1.2; +https://openai.com/gptbot)"
20.171.207.51 - - [09/Sep/2025:04:11:45 +0700] "GET /the-funniest-omegle-fails-and-awkward-encounters/ HTTP/1.0" 200 90732 "-" "Mozilla/5.0 AppleWebKit/537.36 (KHTML, like Gecko; compatible; GPTBot/1.2; +https://openai.com/gptbot)"
20.171.207.51 - - [09/Sep/2025:04:11:55 +0700] "GET /the-role-of-consent-in-online-friendships/ HTTP/1.0" 200 92158 "-" "Mozilla/5.0 AppleWebKit/537.36 (KHTML, like Gecko; compatible; GPTBot/1.2; +https://openai.com/gptbot)"
20.171.207.51 - - [09/Sep/2025:04:12:00 +0700] "GET /the-role-of-resilience-in-omegle-therapy/ HTTP/1.0" 403 602 "-" "Mozilla/5.0 AppleWebKit/537.36 (KHTML, like Gecko; compatible; GPTBot/1.2; +https://openai.com/gptbot)"
20.171.207.51 - - [09/Sep/2025:04:12:04 +0700] "GET /best-foreign-country-to-find-a-better-half/ HTTP/1.0" 200 206451 "-" "Mozilla/5.0 AppleWebKit/537.36 (KHTML, like Gecko; compatible; GPTBot/1.2; +https://openai.com/gptbot)"
20.171.207.51 - - [09/Sep/2025:04:12:11 +0700] "GET /?p=7088 HTTP/1.0" 301 481 "-" "Mozilla/5.0 AppleWebKit/537.36 (KHTML, like Gecko; compatible; GPTBot/1.2; +https://openai.com/gptbot)"
20.171.207.51 - - [09/Sep/2025:04:12:12 +0700] "GET /how-to-stay-safe-on-omegle-and-ometv/ HTTP/1.0" 200 90308 "-" "Mozilla/5.0 AppleWebKit/537.36 (KHTML, like Gecko; compatible; GPTBot/1.2; +https://openai.com/gptbot)"
45.117.177.72 - - [09/Sep/2025:04:12:20 +0700] "POST /wp-cron.php?doing_wp_cron=1757365940.7531499862670898437500 HTTP/1.0" 200 416 "-" "WordPress/6.8.1; https://vattusacky.vn"
20.171.207.51 - - [09/Sep/2025:04:12:19 +0700] "GET /?p=7601 HTTP/1.0" 301 497 "-" "Mozilla/5.0 AppleWebKit/537.36 (KHTML, like Gecko; compatible; GPTBot/1.2; +https://openai.com/gptbot)"
20.171.207.51 - - [09/Sep/2025:04:12:21 +0700] "GET /omegle-chronicles-tales-of-curiosity-and-exploration/ HTTP/1.0" 200 91757 "-" "Mozilla/5.0 AppleWebKit/537.36 (KHTML, like Gecko; compatible; GPTBot/1.2; +https://openai.com/gptbot)"
20.171.207.51 - - [09/Sep/2025:04:12:28 +0700] "GET /?p=6258 HTTP/1.0" 301 493 "-" "Mozilla/5.0 AppleWebKit/537.36 (KHTML, like Gecko; compatible; GPTBot/1.2; +https://openai.com/gptbot)"
20.171.207.51 - - [09/Sep/2025:04:12:29 +0700] "GET /building-a-responsible-online-community-on-ometv/ HTTP/1.0" 200 92635 "-" "Mozilla/5.0 AppleWebKit/537.36 (KHTML, like Gecko; compatible; GPTBot/1.2; +https://openai.com/gptbot)"
20.171.207.51 - - [09/Sep/2025:04:12:36 +0700] "GET /?p=8992 HTTP/1.0" 301 480 "-" "Mozilla/5.0 AppleWebKit/537.36 (KHTML, like Gecko; compatible; GPTBot/1.2; +https://openai.com/gptbot)"
20.171.207.51 - - [09/Sep/2025:04:12:38 +0700] "GET /the-thrill-of-the-unknown-on-omegle/ HTTP/1.0" 200 89034 "-" "Mozilla/5.0 AppleWebKit/537.36 (KHTML, like Gecko; compatible; GPTBot/1.2; +https://openai.com/gptbot)"
20.171.207.51 - - [09/Sep/2025:04:12:44 +0700] "GET /?p=9215 HTTP/1.0" 301 488 "-" "Mozilla/5.0 AppleWebKit/537.36 (KHTML, like Gecko; compatible; GPTBot/1.2; +https://openai.com/gptbot)"
20.171.207.51 - - [09/Sep/2025:04:12:46 +0700] "GET /what-is-omegle-therapy-and-how-does-it-work/ HTTP/1.0" 200 89854 "-" "Mozilla/5.0 AppleWebKit/537.36 (KHTML, like Gecko; compatible; GPTBot/1.2; +https://openai.com/gptbot)"
20.171.207.51 - - [09/Sep/2025:04:12:54 +0700] "GET /balancing-online-safety-and-fun-on-omegle/ HTTP/1.0" 200 90024 "-" "Mozilla/5.0 AppleWebKit/537.36 (KHTML, like Gecko; compatible; GPTBot/1.2; +https://openai.com/gptbot)"
69.63.189.20 - - [09/Sep/2025:04:12:55 +0700] "GET /robots.txt HTTP/1.0" 200 984 "-" "facebookexternalhit/1.1 (+http://www.facebook.com/externalhit_uatext.php)"
20.171.207.51 - - [09/Sep/2025:04:13:02 +0700] "GET /the-right-way-to-communicate-in-marriage/ HTTP/1.0" 200 207632 "-" "Mozilla/5.0 AppleWebKit/537.36 (KHTML, like Gecko; compatible; GPTBot/1.2; +https://openai.com/gptbot)"
20.171.207.51 - - [09/Sep/2025:04:13:10 +0700] "GET /online-casino-real-money-no-deposit-bonus/ HTTP/1.0" 200 208626 "-" "Mozilla/5.0 AppleWebKit/537.36 (KHTML, like Gecko; compatible; GPTBot/1.2; +https://openai.com/gptbot)"
45.117.177.72 - - [09/Sep/2025:04:13:20 +0700] "POST /wp-cron.php?doing_wp_cron=1757366000.0199820995330810546875 HTTP/1.0" 200 416 "-" "WordPress/6.8.1; https://vattusacky.vn"
20.171.207.51 - - [09/Sep/2025:04:13:18 +0700] "GET /starda-casino-igrovye-avtomaty-onlajn-avtomaty-i/ HTTP/1.0" 200 220245 "-" "Mozilla/5.0 AppleWebKit/537.36 (KHTML, like Gecko; compatible; GPTBot/1.2; +https://openai.com/gptbot)"
20.171.207.51 - - [09/Sep/2025:04:13:27 +0700] "GET /?p=6184 HTTP/1.0" 301 486 "-" "Mozilla/5.0 AppleWebKit/537.36 (KHTML, like Gecko; compatible; GPTBot/1.2; +https://openai.com/gptbot)"
20.171.207.51 - - [09/Sep/2025:04:13:28 +0700] "GET /balancing-online-safety-and-fun-on-omegle/ HTTP/1.0" 200 90024 "-" "Mozilla/5.0 AppleWebKit/537.36 (KHTML, like Gecko; compatible; GPTBot/1.2; +https://openai.com/gptbot)"
20.171.207.51 - - [09/Sep/2025:04:13:34 +0700] "GET /authenticity-in-anonymous-encounters-how-omegle-users-navigate-the-gray-area/ HTTP/1.0" 200 91601 "-" "Mozilla/5.0 AppleWebKit/537.36 (KHTML, like Gecko; compatible; GPTBot/1.2; +https://openai.com/gptbot)"
20.171.207.51 - - [09/Sep/2025:04:13:42 +0700] "GET /inspiring-artistic-growth-omegles-impact-on-artists-journey/ HTTP/1.0" 200 92915 "-" "Mozilla/5.0 AppleWebKit/537.36 (KHTML, like Gecko; compatible; GPTBot/1.2; +https://openai.com/gptbot)"
20.171.207.51 - - [09/Sep/2025:04:13:48 +0700] "GET /pin-up-casino-casino-peru-gambling-pin-up-casino-online/ HTTP/1.0" 200 97264 "-" "Mozilla/5.0 AppleWebKit/537.36 (KHTML, like Gecko; compatible; GPTBot/1.2; +https://openai.com/gptbot)"
20.171.207.51 - - [09/Sep/2025:04:13:56 +0700] "GET /omegles-role-in-education-and-e-learning/ HTTP/1.0" 200 90178 "-" "Mozilla/5.0 AppleWebKit/537.36 (KHTML, like Gecko; compatible; GPTBot/1.2; +https://openai.com/gptbot)"
20.171.207.51 - - [09/Sep/2025:04:14:04 +0700] "GET /?p=8836 HTTP/1.0" 301 486 "-" "Mozilla/5.0 AppleWebKit/537.36 (KHTML, like Gecko; compatible; GPTBot/1.2; +https://openai.com/gptbot)"
20.171.207.51 - - [09/Sep/2025:04:14:05 +0700] "GET /the-role-of-consent-in-online-friendships/ HTTP/1.0" 200 92158 "-" "Mozilla/5.0 AppleWebKit/537.36 (KHTML, like Gecko; compatible; GPTBot/1.2; +https://openai.com/gptbot)"
20.171.207.51 - - [09/Sep/2025:04:14:11 +0700] "GET /omegle-as-a-platform-for-self-expression/ HTTP/1.0" 200 91405 "-" "Mozilla/5.0 AppleWebKit/537.36 (KHTML, like Gecko; compatible; GPTBot/1.2; +https://openai.com/gptbot)"
45.117.177.72 - - [09/Sep/2025:04:14:19 +0700] "POST /wp-cron.php?doing_wp_cron=1757366059.1916539669036865234375 HTTP/1.0" 200 416 "-" "WordPress/6.8.1; https://vattusacky.vn"
20.171.207.51 - - [09/Sep/2025:04:14:17 +0700] "GET /the-evolution-of-omegle-collaborations-trends-and-innovations/ HTTP/1.0" 200 91471 "-" "Mozilla/5.0 AppleWebKit/537.36 (KHTML, like Gecko; compatible; GPTBot/1.2; +https://openai.com/gptbot)"
20.171.207.51 - - [09/Sep/2025:04:14:25 +0700] "GET /online-safety-tips-for-flirting-on-omegle/ HTTP/1.0" 200 88108 "-" "Mozilla/5.0 AppleWebKit/537.36 (KHTML, like Gecko; compatible; GPTBot/1.2; +https://openai.com/gptbot)"
20.171.207.51 - - [09/Sep/2025:04:14:33 +0700] "GET /osvoenie-metoda-pokerdom-igrat-eto-ne-sluchaynost-eto-iskusstvo HTTP/1.0" 301 508 "-" "Mozilla/5.0 AppleWebKit/537.36 (KHTML, like Gecko; compatible; GPTBot/1.2; +https://openai.com/gptbot)"
20.171.207.51 - - [09/Sep/2025:04:14:34 +0700] "GET /osvoenie-metoda-pokerdom-igrat-eto-ne-sluchaynost-eto-iskusstvo/ HTTP/1.0" 200 238003 "-" "Mozilla/5.0 AppleWebKit/537.36 (KHTML, like Gecko; compatible; GPTBot/1.2; +https://openai.com/gptbot)"
20.171.207.51 - - [09/Sep/2025:04:14:42 +0700] "GET /bahsegel-canl-casino-bahsegel-canl-casino-canl/ HTTP/1.0" 200 302678 "-" "Mozilla/5.0 AppleWebKit/537.36 (KHTML, like Gecko; compatible; GPTBot/1.2; +https://openai.com/gptbot)"
20.171.207.51 - - [09/Sep/2025:04:14:49 +0700] "GET /the-advantages-and-cons-of-online-dating/ HTTP/1.0" 200 207749 "-" "Mozilla/5.0 AppleWebKit/537.36 (KHTML, like Gecko; compatible; GPTBot/1.2; +https://openai.com/gptbot)"
20.171.207.51 - - [09/Sep/2025:04:14:57 +0700] "GET /?p=6183 HTTP/1.0" 301 521 "-" "Mozilla/5.0 AppleWebKit/537.36 (KHTML, like Gecko; compatible; GPTBot/1.2; +https://openai.com/gptbot)"
20.171.207.51 - - [09/Sep/2025:04:14:58 +0700] "GET /authenticity-in-anonymous-encounters-how-omegle-users-navigate-the-gray-area/ HTTP/1.0" 200 91601 "-" "Mozilla/5.0 AppleWebKit/537.36 (KHTML, like Gecko; compatible; GPTBot/1.2; +https://openai.com/gptbot)"
20.171.207.51 - - [09/Sep/2025:04:15:06 +0700] "GET /?p=8439 HTTP/1.0" 301 506 "-" "Mozilla/5.0 AppleWebKit/537.36 (KHTML, like Gecko; compatible; GPTBot/1.2; +https://openai.com/gptbot)"
20.171.207.51 - - [09/Sep/2025:04:15:07 +0700] "GET /the-evolution-of-omegle-collaborations-trends-and-innovations/ HTTP/1.0" 200 91471 "-" "Mozilla/5.0 AppleWebKit/537.36 (KHTML, like Gecko; compatible; GPTBot/1.2; +https://openai.com/gptbot)"
20.171.207.51 - - [09/Sep/2025:04:15:14 +0700] "GET /?p=8009 HTTP/1.0" 301 486 "-" "Mozilla/5.0 AppleWebKit/537.36 (KHTML, like Gecko; compatible; GPTBot/1.2; +https://openai.com/gptbot)"
20.171.207.51 - - [09/Sep/2025:04:15:15 +0700] "GET /online-safety-tips-for-flirting-on-omegle/ HTTP/1.0" 200 88108 "-" "Mozilla/5.0 AppleWebKit/537.36 (KHTML, like Gecko; compatible; GPTBot/1.2; +https://openai.com/gptbot)"
45.117.177.72 - - [09/Sep/2025:04:15:23 +0700] "POST /wp-cron.php?doing_wp_cron=1757366123.6934831142425537109375 HTTP/1.0" 200 416 "-" "WordPress/6.8.1; https://vattusacky.vn"
20.171.207.51 - - [09/Sep/2025:04:15:22 +0700] "GET /?p=7568 HTTP/1.0" 301 485 "-" "Mozilla/5.0 AppleWebKit/537.36 (KHTML, like Gecko; compatible; GPTBot/1.2; +https://openai.com/gptbot)"
20.171.207.51 - - [09/Sep/2025:04:15:24 +0700] "GET /omegle-as-a-platform-for-self-expression/ HTTP/1.0" 200 91405 "-" "Mozilla/5.0 AppleWebKit/537.36 (KHTML, like Gecko; compatible; GPTBot/1.2; +https://openai.com/gptbot)"
20.171.207.51 - - [09/Sep/2025:04:15:30 +0700] "GET /how-do-free-online-casino-bonuses-work/ HTTP/1.0" 200 74574 "-" "Mozilla/5.0 AppleWebKit/537.36 (KHTML, like Gecko; compatible; GPTBot/1.2; +https://openai.com/gptbot)"
45.117.177.72 - - [09/Sep/2025:04:17:01 +0700] "POST /wp-cron.php?doing_wp_cron=1757366221.2530241012573242187500 HTTP/1.0" 200 416 "-" "WordPress/6.8.1; https://vattusacky.vn"
20.171.207.66 - - [09/Sep/2025:04:16:59 +0700] "GET /omegle-in-the-age-of-social-distancing/ HTTP/1.0" 200 90941 "-" "Mozilla/5.0 AppleWebKit/537.36 (KHTML, like Gecko; compatible; GPTBot/1.2; +https://openai.com/gptbot)"
20.171.207.66 - - [09/Sep/2025:04:17:06 +0700] "GET /the-evolution-of-omegle-over-the-years/ HTTP/1.0" 200 90062 "-" "Mozilla/5.0 AppleWebKit/537.36 (KHTML, like Gecko; compatible; GPTBot/1.2; +https://openai.com/gptbot)"
20.171.207.66 - - [09/Sep/2025:04:17:15 +0700] "GET /?p=10052 HTTP/1.0" 301 500 "-" "Mozilla/5.0 AppleWebKit/537.36 (KHTML, like Gecko; compatible; GPTBot/1.2; +https://openai.com/gptbot)"
45.117.177.72 - - [09/Sep/2025:04:17:17 +0700] "POST /wp-cron.php?doing_wp_cron=1757366237.6792240142822265625000 HTTP/1.0" 200 416 "-" "WordPress/6.8.1; https://vattusacky.vn"
20.171.207.66 - - [09/Sep/2025:04:17:16 +0700] "GET /pin-up-casino-casino-peru-gambling-pin-up-casino-online/ HTTP/1.0" 200 97264 "-" "Mozilla/5.0 AppleWebKit/537.36 (KHTML, like Gecko; compatible; GPTBot/1.2; +https://openai.com/gptbot)"
20.171.207.66 - - [09/Sep/2025:04:17:29 +0700] "GET /how-long-can-a-dog-stay-on-prednisone/ HTTP/1.0" 200 86906 "-" "Mozilla/5.0 AppleWebKit/537.36 (KHTML, like Gecko; compatible; GPTBot/1.2; +https://openai.com/gptbot)"
20.171.207.66 - - [09/Sep/2025:04:17:35 +0700] "GET /?p=7670 HTTP/1.0" 301 483 "-" "Mozilla/5.0 AppleWebKit/537.36 (KHTML, like Gecko; compatible; GPTBot/1.2; +https://openai.com/gptbot)"
20.171.207.66 - - [09/Sep/2025:04:17:37 +0700] "GET /omegle-in-the-age-of-social-distancing/ HTTP/1.0" 200 90795 "-" "Mozilla/5.0 AppleWebKit/537.36 (KHTML, like Gecko; compatible; GPTBot/1.2; +https://openai.com/gptbot)"
95.108.213.117 - - [09/Sep/2025:04:17:42 +0700] "GET /the-psychology-behind-virtual-empathy-on-omegle/ HTTP/1.0" 200 90322 "-" "Mozilla/5.0 (compatible; YandexBot/3.0; +http://yandex.com/bots)"
20.171.207.66 - - [09/Sep/2025:04:17:44 +0700] "GET /?p=3100 HTTP/1.0" 301 491 "-" "Mozilla/5.0 AppleWebKit/537.36 (KHTML, like Gecko; compatible; GPTBot/1.2; +https://openai.com/gptbot)"
20.171.207.66 - - [09/Sep/2025:04:17:45 +0700] "GET /bahsegel-canl-casino-bahsegel-canl-casino-canl/ HTTP/1.0" 200 302678 "-" "Mozilla/5.0 AppleWebKit/537.36 (KHTML, like Gecko; compatible; GPTBot/1.2; +https://openai.com/gptbot)"
20.171.207.66 - - [09/Sep/2025:04:17:51 +0700] "GET /crowdloans-the-new-way-to-finance-polkadot-and/ HTTP/1.0" 200 259697 "-" "Mozilla/5.0 AppleWebKit/537.36 (KHTML, like Gecko; compatible; GPTBot/1.2; +https://openai.com/gptbot)"
20.171.207.66 - - [09/Sep/2025:04:17:59 +0700] "GET /omegle-and-the-future-of-online-dating/ HTTP/1.0" 200 89983 "-" "Mozilla/5.0 AppleWebKit/537.36 (KHTML, like Gecko; compatible; GPTBot/1.2; +https://openai.com/gptbot)"
20.171.207.66 - - [09/Sep/2025:04:18:08 +0700] "GET /?p=7117 HTTP/1.0" 301 504 "-" "Mozilla/5.0 AppleWebKit/537.36 (KHTML, like Gecko; compatible; GPTBot/1.2; +https://openai.com/gptbot)"
20.171.207.66 - - [09/Sep/2025:04:18:09 +0700] "GET /inspiring-artistic-growth-omegles-impact-on-artists-journey/ HTTP/1.0" 200 92915 "-" "Mozilla/5.0 AppleWebKit/537.36 (KHTML, like Gecko; compatible; GPTBot/1.2; +https://openai.com/gptbot)"
45.117.177.72 - - [09/Sep/2025:04:18:18 +0700] "POST /wp-cron.php?doing_wp_cron=1757366298.7464830875396728515625 HTTP/1.0" 200 416 "-" "WordPress/6.8.1; https://vattusacky.vn"
20.171.207.66 - - [09/Sep/2025:04:18:17 +0700] "GET /?p=7948 HTTP/1.0" 301 485 "-" "Mozilla/5.0 AppleWebKit/537.36 (KHTML, like Gecko; compatible; GPTBot/1.2; +https://openai.com/gptbot)"
20.171.207.66 - - [09/Sep/2025:04:18:19 +0700] "GET /omegles-role-in-education-and-e-learning/ HTTP/1.0" 200 90178 "-" "Mozilla/5.0 AppleWebKit/537.36 (KHTML, like Gecko; compatible; GPTBot/1.2; +https://openai.com/gptbot)"
20.171.207.66 - - [09/Sep/2025:04:18:25 +0700] "GET /arranging-a-small-marriage-on-a-budget/ HTTP/1.0" 200 208236 "-" "Mozilla/5.0 AppleWebKit/537.36 (KHTML, like Gecko; compatible; GPTBot/1.2; +https://openai.com/gptbot)"
20.171.207.66 - - [09/Sep/2025:04:18:31 +0700] "GET /authenticity-as-a-gateway-to-more-meaningful-omegle-conversations/ HTTP/1.0" 200 91534 "-" "Mozilla/5.0 AppleWebKit/537.36 (KHTML, like Gecko; compatible; GPTBot/1.2; +https://openai.com/gptbot)"
20.171.207.66 - - [09/Sep/2025:04:18:38 +0700] "GET /?p=8444 HTTP/1.0" 301 483 "-" "Mozilla/5.0 AppleWebKit/537.36 (KHTML, like Gecko; compatible; GPTBot/1.2; +https://openai.com/gptbot)"
20.171.207.66 - - [09/Sep/2025:04:18:39 +0700] "GET /the-evolution-of-omegle-over-the-years/ HTTP/1.0" 200 90062 "-" "Mozilla/5.0 AppleWebKit/537.36 (KHTML, like Gecko; compatible; GPTBot/1.2; +https://openai.com/gptbot)"
20.171.207.66 - - [09/Sep/2025:04:18:47 +0700] "GET /editors-choice-honor-lutsen-hotel-on-lake-better-is-a-charming-spot-for-a-romantic-getaway/ HTTP/1.0" 200 213896 "-" "Mozilla/5.0 AppleWebKit/537.36 (KHTML, like Gecko; compatible; GPTBot/1.2; +https://openai.com/gptbot)"
20.171.207.66 - - [09/Sep/2025:04:18:54 +0700] "GET /ometv-trolls-and-how-to-deal-with-them/ HTTP/1.0" 200 89515 "-" "Mozilla/5.0 AppleWebKit/537.36 (KHTML, like Gecko; compatible; GPTBot/1.2; +https://openai.com/gptbot)"
20.171.207.66 - - [09/Sep/2025:04:19:00 +0700] "GET /?p=6182 HTTP/1.0" 301 510 "-" "Mozilla/5.0 AppleWebKit/537.36 (KHTML, like Gecko; compatible; GPTBot/1.2; +https://openai.com/gptbot)"
20.171.207.66 - - [09/Sep/2025:04:19:01 +0700] "GET /authenticity-as-a-gateway-to-more-meaningful-omegle-conversations/ HTTP/1.0" 200 91534 "-" "Mozilla/5.0 AppleWebKit/537.36 (KHTML, like Gecko; compatible; GPTBot/1.2; +https://openai.com/gptbot)"
216.244.66.237 - - [09/Sep/2025:04:19:02 +0700] "GET /the-art-of-finding-patterns-in-coincidences-on-omegle/ HTTP/1.0" 200 91452 "-" "Mozilla/5.0 (compatible; DotBot/1.2; +https://opensiteexplorer.org/dotbot; help@moz.com)"
20.171.207.66 - - [09/Sep/2025:04:19:07 +0700] "GET /omegle-anonymous-chat-pros-and-cons-of-anonymous-interaction/ HTTP/1.0" 200 90497 "-" "Mozilla/5.0 AppleWebKit/537.36 (KHTML, like Gecko; compatible; GPTBot/1.2; +https://openai.com/gptbot)"
20.171.207.66 - - [09/Sep/2025:04:19:12 +0700] "GET /?p=3463 HTTP/1.0" 301 483 "-" "Mozilla/5.0 AppleWebKit/537.36 (KHTML, like Gecko; compatible; GPTBot/1.2; +https://openai.com/gptbot)"
20.171.207.66 - - [09/Sep/2025:04:19:14 +0700] "GET /arranging-a-small-marriage-on-a-budget/ HTTP/1.0" 200 208236 "-" "Mozilla/5.0 AppleWebKit/537.36 (KHTML, like Gecko; compatible; GPTBot/1.2; +https://openai.com/gptbot)"
45.117.177.72 - - [09/Sep/2025:04:19:19 +0700] "POST /wp-cron.php?doing_wp_cron=1757366358.9964790344238281250000 HTTP/1.0" 200 416 "-" "WordPress/6.8.1; https://vattusacky.vn"
35.240.49.30 - - [09/Sep/2025:04:19:17 +0700] "GET /robots.txt HTTP/1.0" 200 984 "http://vattusacky.vn/robots.txt" "Mozilla/5.0 (compatible; VelenPublicWebCrawler/1.0; +https://velen.io)"
20.171.207.66 - - [09/Sep/2025:04:19:22 +0700] "GET /?p=7998 HTTP/1.0" 301 483 "-" "Mozilla/5.0 AppleWebKit/537.36 (KHTML, like Gecko; compatible; GPTBot/1.2; +https://openai.com/gptbot)"
20.171.207.66 - - [09/Sep/2025:04:19:23 +0700] "GET /ometv-trolls-and-how-to-deal-with-them/ HTTP/1.0" 200 89515 "-" "Mozilla/5.0 AppleWebKit/537.36 (KHTML, like Gecko; compatible; GPTBot/1.2; +https://openai.com/gptbot)"
45.61.187.44 - - [09/Sep/2025:04:19:25 +0700] "GET /wp-login.php HTTP/1.0" 200 11388 "-" "Mozilla/5.0 (Windows NT 6.3; WOW64; rv:30.0) Gecko/20100101 Firefox/30.0"
35.240.49.30 - - [09/Sep/2025:04:19:28 +0700] "GET /san-pham/wsl25-chat-luong-nuoc HTTP/1.0" 301 575 "http://vattusacky.vn/san-pham/wsl25-chat-luong-nuoc" "Mozilla/5.0 (compatible; VelenPublicWebCrawler/1.0; +https://velen.io)"
110.238.106.133 - - [09/Sep/2025:04:19:30 +0700] "GET /tips-for-parents-to-keep-their-children-safe-on-ometv/ HTTP/1.0" 200 90534 "https://vattusacky.vn/tips-for-parents-to-keep-their-children-safe-on-ometv/" "Mozilla/5.0 (Macintosh; Intel Mac OS X 10_15_7) AppleWebKit/537.36 (KHTML, like Gecko) Chrome/131.0.0.0 Safari/537.36"
35.240.49.30 - - [09/Sep/2025:04:19:32 +0700] "GET /san-pham/wsl25-chat-luong-nuoc/ HTTP/1.0" 200 119007 "https://vattusacky.vn/san-pham/wsl25-chat-luong-nuoc" "Mozilla/5.0 (compatible; VelenPublicWebCrawler/1.0; +https://velen.io)"
20.171.207.66 - - [09/Sep/2025:04:19:32 +0700] "GET /what-are-the-best-dating-websites-and-apps/ HTTP/1.0" 200 208737 "-" "Mozilla/5.0 AppleWebKit/537.36 (KHTML, like Gecko; compatible; GPTBot/1.2; +https://openai.com/gptbot)"
20.171.207.66 - - [09/Sep/2025:04:19:41 +0700] "GET /the-sociology-of-anonymity-examining-the-social-dynamics-of-omegle/ HTTP/1.0" 200 90924 "-" "Mozilla/5.0 AppleWebKit/537.36 (KHTML, like Gecko; compatible; GPTBot/1.2; +https://openai.com/gptbot)"
20.171.207.66 - - [09/Sep/2025:04:19:47 +0700] "GET /?p=7518 HTTP/1.0" 301 483 "-" "Mozilla/5.0 AppleWebKit/537.36 (KHTML, like Gecko; compatible; GPTBot/1.2; +https://openai.com/gptbot)"
20.171.207.66 - - [09/Sep/2025:04:19:48 +0700] "GET /omegle-and-the-future-of-online-dating/ HTTP/1.0" 200 89983 "-" "Mozilla/5.0 AppleWebKit/537.36 (KHTML, like Gecko; compatible; GPTBot/1.2; +https://openai.com/gptbot)"
20.171.207.66 - - [09/Sep/2025:04:19:54 +0700] "GET /top-crypto-portfolio-rebalancing-tools-automated/ HTTP/1.0" 200 365848 "-" "Mozilla/5.0 AppleWebKit/537.36 (KHTML, like Gecko; compatible; GPTBot/1.2; +https://openai.com/gptbot)"
20.171.207.66 - - [09/Sep/2025:04:20:02 +0700] "GET /?p=7553 HTTP/1.0" 301 505 "-" "Mozilla/5.0 AppleWebKit/537.36 (KHTML, like Gecko; compatible; GPTBot/1.2; +https://openai.com/gptbot)"
20.171.207.66 - - [09/Sep/2025:04:20:03 +0700] "GET /omegle-anonymous-chat-pros-and-cons-of-anonymous-interaction/ HTTP/1.0" 200 90497 "-" "Mozilla/5.0 AppleWebKit/537.36 (KHTML, like Gecko; compatible; GPTBot/1.2; +https://openai.com/gptbot)"
107.189.3.47 - - [09/Sep/2025:04:20:06 +0700] "GET /wp-login.php HTTP/1.0" 200 11388 "-" "Mozilla/5.0 (Macintosh; Intel Mac OS X 10_9_4) AppleWebKit/537.36 (KHTML, like Gecko) Chrome/36.0.1985.143 Safari/537.36"
20.171.207.66 - - [09/Sep/2025:04:20:09 +0700] "GET /?p=10263 HTTP/1.0" 301 482 "-" "Mozilla/5.0 AppleWebKit/537.36 (KHTML, like Gecko; compatible; GPTBot/1.2; +https://openai.com/gptbot)"
20.171.207.66 - - [09/Sep/2025:04:20:11 +0700] "GET /how-long-can-a-dog-stay-on-prednisone/ HTTP/1.0" 200 86906 "-" "Mozilla/5.0 AppleWebKit/537.36 (KHTML, like Gecko; compatible; GPTBot/1.2; +https://openai.com/gptbot)"
45.117.177.72 - - [09/Sep/2025:04:20:19 +0700] "POST /wp-cron.php?doing_wp_cron=1757366419.4430329799652099609375 HTTP/1.0" 200 416 "-" "WordPress/6.8.1; https://vattusacky.vn"
20.171.207.66 - - [09/Sep/2025:04:20:18 +0700] "GET /the-future-of-omegles-algorithm-potential-developments/ HTTP/1.0" 200 91398 "-" "Mozilla/5.0 AppleWebKit/537.36 (KHTML, like Gecko; compatible; GPTBot/1.2; +https://openai.com/gptbot)"
20.171.207.66 - - [09/Sep/2025:04:20:24 +0700] "GET /impair-computing-difficulties-for-it-departments/ HTTP/1.0" 200 205750 "-" "Mozilla/5.0 AppleWebKit/537.36 (KHTML, like Gecko; compatible; GPTBot/1.2; +https://openai.com/gptbot)"
20.171.207.66 - - [09/Sep/2025:04:20:32 +0700] "GET /h5-just-what-advance-ly-do-de-co-the-chon-tu-https-vaysite-com-vay-tien-online-tao-mot-bai-viet-h5-hay-ve-ngon-ngu-trung-quoc/ HTTP/1.0" 200 210531 "-" "Mozilla/5.0 AppleWebKit/537.36 (KHTML, like Gecko; compatible; GPTBot/1.2; +https://openai.com/gptbot)"
20.171.207.66 - - [09/Sep/2025:04:20:42 +0700] "GET /?p=3175 HTTP/1.0" 301 491 "-" "Mozilla/5.0 AppleWebKit/537.36 (KHTML, like Gecko; compatible; GPTBot/1.2; +https://openai.com/gptbot)"
20.171.207.66 - - [09/Sep/2025:04:20:43 +0700] "GET /crowdloans-the-new-way-to-finance-polkadot-and/ HTTP/1.0" 200 259697 "-" "Mozilla/5.0 AppleWebKit/537.36 (KHTML, like Gecko; compatible; GPTBot/1.2; +https://openai.com/gptbot)"
20.171.207.66 - - [09/Sep/2025:04:20:51 +0700] "GET /?p=3088 HTTP/1.0" 301 535 "-" "Mozilla/5.0 AppleWebKit/537.36 (KHTML, like Gecko; compatible; GPTBot/1.2; +https://openai.com/gptbot)"
20.171.207.66 - - [09/Sep/2025:04:20:52 +0700] "GET /editors-choice-honor-lutsen-hotel-on-lake-better-is-a-charming-spot-for-a-romantic-getaway/ HTTP/1.0" 200 213896 "-" "Mozilla/5.0 AppleWebKit/537.36 (KHTML, like Gecko; compatible; GPTBot/1.2; +https://openai.com/gptbot)"
20.171.207.66 - - [09/Sep/2025:04:21:00 +0700] "GET /?p=3191 HTTP/1.0" 301 487 "-" "Mozilla/5.0 AppleWebKit/537.36 (KHTML, like Gecko; compatible; GPTBot/1.2; +https://openai.com/gptbot)"
20.171.207.66 - - [09/Sep/2025:04:21:01 +0700] "GET /what-are-the-best-dating-websites-and-apps/ HTTP/1.0" 200 208737 "-" "Mozilla/5.0 AppleWebKit/537.36 (KHTML, like Gecko; compatible; GPTBot/1.2; +https://openai.com/gptbot)"
20.171.207.66 - - [09/Sep/2025:04:21:07 +0700] "GET /?p=8480 HTTP/1.0" 301 499 "-" "Mozilla/5.0 AppleWebKit/537.36 (KHTML, like Gecko; compatible; GPTBot/1.2; +https://openai.com/gptbot)"
20.171.207.66 - - [09/Sep/2025:04:21:08 +0700] "GET /the-future-of-omegles-algorithm-potential-developments/ HTTP/1.0" 200 91398 "-" "Mozilla/5.0 AppleWebKit/537.36 (KHTML, like Gecko; compatible; GPTBot/1.2; +https://openai.com/gptbot)"
20.171.207.66 - - [09/Sep/2025:04:21:15 +0700] "GET /ethereum-price-in-usd-real-time-ethereum-chart/ HTTP/1.0" 200 319598 "-" "Mozilla/5.0 AppleWebKit/537.36 (KHTML, like Gecko; compatible; GPTBot/1.2; +https://openai.com/gptbot)"
45.117.177.72 - - [09/Sep/2025:04:21:24 +0700] "POST /wp-cron.php?doing_wp_cron=1757366484.0313589572906494140625 HTTP/1.0" 200 416 "-" "WordPress/6.8.1; https://vattusacky.vn"
20.171.207.66 - - [09/Sep/2025:04:21:22 +0700] "GET /?p=8977 HTTP/1.0" 301 511 "-" "Mozilla/5.0 AppleWebKit/537.36 (KHTML, like Gecko; compatible; GPTBot/1.2; +https://openai.com/gptbot)"
20.171.207.66 - - [09/Sep/2025:04:21:24 +0700] "GET /the-sociology-of-anonymity-examining-the-social-dynamics-of-omegle/ HTTP/1.0" 200 90924 "-" "Mozilla/5.0 AppleWebKit/537.36 (KHTML, like Gecko; compatible; GPTBot/1.2; +https://openai.com/gptbot)"
20.171.207.66 - - [09/Sep/2025:04:21:30 +0700] "GET /key-differences-between-chatroulette-and-omegle/ HTTP/1.0" 200 89946 "-" "Mozilla/5.0 AppleWebKit/537.36 (KHTML, like Gecko; compatible; GPTBot/1.2; +https://openai.com/gptbot)"
20.171.207.66 - - [09/Sep/2025:04:21:37 +0700] "GET /?p=2862 HTTP/1.0" 301 491 "-" "Mozilla/5.0 AppleWebKit/537.36 (KHTML, like Gecko; compatible; GPTBot/1.2; +https://openai.com/gptbot)"
20.171.207.66 - - [09/Sep/2025:04:21:38 +0700] "GET /ethereum-price-in-usd-real-time-ethereum-chart/ HTTP/1.0" 200 319598 "-" "Mozilla/5.0 AppleWebKit/537.36 (KHTML, like Gecko; compatible; GPTBot/1.2; +https://openai.com/gptbot)"
20.171.207.66 - - [09/Sep/2025:04:21:45 +0700] "GET /the-psychology-behind-omegles-random-connections/ HTTP/1.0" 200 90716 "-" "Mozilla/5.0 AppleWebKit/537.36 (KHTML, like Gecko; compatible; GPTBot/1.2; +https://openai.com/gptbot)"
20.171.207.66 - - [09/Sep/2025:04:21:53 +0700] "GET /playing-free-slots-in-online-casinos-without-downloading HTTP/1.0" 301 455 "-" "Mozilla/5.0 AppleWebKit/537.36 (KHTML, like Gecko; compatible; GPTBot/1.2; +https://openai.com/gptbot)"
20.171.207.66 - - [09/Sep/2025:04:21:54 +0700] "GET /playing-free-slots-in-online-casinos-without-downloading/ HTTP/1.0" 200 207679 "-" "Mozilla/5.0 AppleWebKit/537.36 (KHTML, like Gecko; compatible; GPTBot/1.2; +https://openai.com/gptbot)"
20.171.207.66 - - [09/Sep/2025:04:22:05 +0700] "GET /?p=2698 HTTP/1.0" 301 716 "-" "Mozilla/5.0 AppleWebKit/537.36 (KHTML, like Gecko; compatible; GPTBot/1.2; +https://openai.com/gptbot)"
20.171.207.66 - - [09/Sep/2025:04:22:07 +0700] "GET /h5-just-what-advance-ly-do-de-co-the-chon-tu-https-vaysite-com-vay-tien-online-tao-mot-bai-viet-h5-hay-ve-ngon-ngu-trung-quoc/ HTTP/1.0" 200 210531 "-" "Mozilla/5.0 AppleWebKit/537.36 (KHTML, like Gecko; compatible; GPTBot/1.2; +https://openai.com/gptbot)"
45.117.177.72 - - [09/Sep/2025:04:22:18 +0700] "POST /wp-cron.php?doing_wp_cron=1757366538.1819200515747070312500 HTTP/1.0" 200 416 "-" "WordPress/6.8.1; https://vattusacky.vn"
20.171.207.66 - - [09/Sep/2025:04:22:17 +0700] "GET /grandpashabet-canl-casno-hakknda-giri-casino/ HTTP/1.0" 200 87138 "-" "Mozilla/5.0 AppleWebKit/537.36 (KHTML, like Gecko; compatible; GPTBot/1.2; +https://openai.com/gptbot)"
20.171.207.66 - - [09/Sep/2025:04:22:27 +0700] "GET /?p=5026 HTTP/1.0" 301 493 "-" "Mozilla/5.0 AppleWebKit/537.36 (KHTML, like Gecko; compatible; GPTBot/1.2; +https://openai.com/gptbot)"
20.171.207.66 - - [09/Sep/2025:04:22:28 +0700] "GET /impair-computing-difficulties-for-it-departments/ HTTP/1.0" 200 205750 "-" "Mozilla/5.0 AppleWebKit/537.36 (KHTML, like Gecko; compatible; GPTBot/1.2; +https://openai.com/gptbot)"
20.171.207.66 - - [09/Sep/2025:04:22:39 +0700] "GET /omegle-and-ometv-a-comprehensive-comparison/ HTTP/1.0" 200 91153 "-" "Mozilla/5.0 AppleWebKit/537.36 (KHTML, like Gecko; compatible; GPTBot/1.2; +https://openai.com/gptbot)"
20.171.207.66 - - [09/Sep/2025:04:22:46 +0700] "GET /?p=2089 HTTP/1.0" 301 493 "-" "Mozilla/5.0 AppleWebKit/537.36 (KHTML, like Gecko; compatible; GPTBot/1.2; +https://openai.com/gptbot)"
20.171.207.66 - - [09/Sep/2025:04:22:47 +0700] "GET /top-crypto-portfolio-rebalancing-tools-automated/ HTTP/1.0" 200 365848 "-" "Mozilla/5.0 AppleWebKit/537.36 (KHTML, like Gecko; compatible; GPTBot/1.2; +https://openai.com/gptbot)"
20.171.207.66 - - [09/Sep/2025:04:22:59 +0700] "GET /the-transformative-power-of-omegle-conversations/ HTTP/1.0" 200 94131 "-" "Mozilla/5.0 AppleWebKit/537.36 (KHTML, like Gecko; compatible; GPTBot/1.2; +https://openai.com/gptbot)"
20.171.207.66 - - [09/Sep/2025:04:23:07 +0700] "GET /?p=7151 HTTP/1.0" 301 492 "-" "Mozilla/5.0 AppleWebKit/537.36 (KHTML, like Gecko; compatible; GPTBot/1.2; +https://openai.com/gptbot)"
20.171.207.66 - - [09/Sep/2025:04:23:08 +0700] "GET /key-differences-between-chatroulette-and-omegle/ HTTP/1.0" 200 89946 "-" "Mozilla/5.0 AppleWebKit/537.36 (KHTML, like Gecko; compatible; GPTBot/1.2; +https://openai.com/gptbot)"
45.117.177.72 - - [09/Sep/2025:04:23:20 +0700] "POST /wp-cron.php?doing_wp_cron=1757366600.5826818943023681640625 HTTP/1.0" 200 416 "-" "WordPress/6.8.1; https://vattusacky.vn"
20.171.207.66 - - [09/Sep/2025:04:23:19 +0700] "GET /charting-new-territories-omegles-future-explored/ HTTP/1.0" 200 89476 "-" "Mozilla/5.0 AppleWebKit/537.36 (KHTML, like Gecko; compatible; GPTBot/1.2; +https://openai.com/gptbot)"
20.171.207.66 - - [09/Sep/2025:04:23:28 +0700] "GET /the-addictive-allure-of-omegles-spontaneous-connections/ HTTP/1.0" 200 91004 "-" "Mozilla/5.0 AppleWebKit/537.36 (KHTML, like Gecko; compatible; GPTBot/1.2; +https://openai.com/gptbot)"
20.171.207.66 - - [09/Sep/2025:04:23:38 +0700] "GET /?p=8745 HTTP/1.0" 301 493 "-" "Mozilla/5.0 AppleWebKit/537.36 (KHTML, like Gecko; compatible; GPTBot/1.2; +https://openai.com/gptbot)"
20.171.207.66 - - [09/Sep/2025:04:23:39 +0700] "GET /the-psychology-behind-omegles-random-connections/ HTTP/1.0" 200 90716 "-" "Mozilla/5.0 AppleWebKit/537.36 (KHTML, like Gecko; compatible; GPTBot/1.2; +https://openai.com/gptbot)"
20.171.207.66 - - [09/Sep/2025:04:23:47 +0700] "GET /optimal-muscle-growth-the-best-anabolic-steroids HTTP/1.0" 301 493 "-" "Mozilla/5.0 AppleWebKit/537.36 (KHTML, like Gecko; compatible; GPTBot/1.2; +https://openai.com/gptbot)"
20.171.207.66 - - [09/Sep/2025:04:23:48 +0700] "GET /optimal-muscle-growth-the-best-anabolic-steroids/ HTTP/1.0" 200 79081 "-" "Mozilla/5.0 AppleWebKit/537.36 (KHTML, like Gecko; compatible; GPTBot/1.2; +https://openai.com/gptbot)"
20.171.207.66 - - [09/Sep/2025:04:23:56 +0700] "GET /?p=9318 HTTP/1.0" 301 489 "-" "Mozilla/5.0 AppleWebKit/537.36 (KHTML, like Gecko; compatible; GPTBot/1.2; +https://openai.com/gptbot)"
20.171.207.66 - - [09/Sep/2025:04:23:57 +0700] "GET /grandpashabet-canl-casno-hakknda-giri-casino/ HTTP/1.0" 200 87138 "-" "Mozilla/5.0 AppleWebKit/537.36 (KHTML, like Gecko; compatible; GPTBot/1.2; +https://openai.com/gptbot)"
20.171.207.66 - - [09/Sep/2025:04:24:07 +0700] "GET /celebrating-the-power-of-love-in-omelove/ HTTP/1.0" 200 85733 "-" "Mozilla/5.0 AppleWebKit/537.36 (KHTML, like Gecko; compatible; GPTBot/1.2; +https://openai.com/gptbot)"
20.171.207.66 - - [09/Sep/2025:04:24:15 +0700] "GET /?p=8998 HTTP/1.0" 301 493 "-" "Mozilla/5.0 AppleWebKit/537.36 (KHTML, like Gecko; compatible; GPTBot/1.2; +https://openai.com/gptbot)"
45.117.177.72 - - [09/Sep/2025:04:24:18 +0700] "POST /wp-cron.php?doing_wp_cron=1757366658.0619199275970458984375 HTTP/1.0" 200 416 "-" "WordPress/6.8.1; https://vattusacky.vn"
20.171.207.66 - - [09/Sep/2025:04:24:16 +0700] "GET /the-transformative-power-of-omegle-conversations/ HTTP/1.0" 200 94131 "-" "Mozilla/5.0 AppleWebKit/537.36 (KHTML, like Gecko; compatible; GPTBot/1.2; +https://openai.com/gptbot)"
20.171.207.66 - - [09/Sep/2025:04:24:32 +0700] "GET /omegle-and-ometv-for-finding-local-events/ HTTP/1.0" 200 88702 "-" "Mozilla/5.0 AppleWebKit/537.36 (KHTML, like Gecko; compatible; GPTBot/1.2; +https://openai.com/gptbot)"
