95.108.213.181 - - [09/Sep/2025:05:40:36 +0700] "GET /wp-content/plugins/gridlist-view-for-woocommerce/js/jquery.cookie.js?ver=1.1.8 HTTP/1.0" 200 457 "https://vattusacky.vn/aviator-igra-otzyvy-taktika-igry-strategija/" "Mozilla/5.0 (compatible; YandexRenderResourcesBot/1.0; +http://yandex.com/bots) AppleWebKit/537.36 (KHTML, like Gecko) Chrome/108.0.0.0"
87.250.224.102 - - [09/Sep/2025:05:40:37 +0700] "GET /wp-content/plugins/gridlist-view-for-woocommerce/js/grid_view.js?ver=1.1.8 HTTP/1.0" 200 453 "https://vattusacky.vn/aviator-igra-otzyvy-taktika-igry-strategija/" "Mozilla/5.0 (compatible; YandexRenderResourcesBot/1.0; +http://yandex.com/bots) AppleWebKit/537.36 (KHTML, like Gecko) Chrome/108.0.0.0"
95.108.213.135 - - [09/Sep/2025:05:40:37 +0700] "GET /wp-content/themes/tem_techno_v2/inc/js/main.min.js?ver=6.8.1 HTTP/1.0" 200 439 "https://vattusacky.vn/aviator-igra-otzyvy-taktika-igry-strategija/" "Mozilla/5.0 (compatible; YandexRenderResourcesBot/1.0; +http://yandex.com/bots) AppleWebKit/537.36 (KHTML, like Gecko) Chrome/108.0.0.0"
95.108.213.131 - - [09/Sep/2025:05:40:37 +0700] "GET /wp-content/themes/tem_techno_v2/inc/js/bootstrap.min.js?ver=6.8.1 HTTP/1.0" 200 444 "https://vattusacky.vn/aviator-igra-otzyvy-taktika-igry-strategija/" "Mozilla/5.0 (compatible; YandexRenderResourcesBot/1.0; +http://yandex.com/bots) AppleWebKit/537.36 (KHTML, like Gecko) Chrome/108.0.0.0"
95.108.213.79 - - [09/Sep/2025:05:40:38 +0700] "GET /wp-content/themes/tem_techno_v2/js/jquerymenu.js HTTP/1.0" 200 437 "https://vattusacky.vn/aviator-igra-otzyvy-taktika-igry-strategija/" "Mozilla/5.0 (compatible; YandexRenderResourcesBot/1.0; +http://yandex.com/bots) AppleWebKit/537.36 (KHTML, like Gecko) Chrome/108.0.0.0"
95.108.213.91 - - [09/Sep/2025:05:40:39 +0700] "GET /wp-content/themes/tem_techno_v2/js/htg.js HTTP/1.0" 200 1342 "https://vattusacky.vn/aviator-igra-otzyvy-taktika-igry-strategija/" "Mozilla/5.0 (compatible; YandexRenderResourcesBot/1.0; +http://yandex.com/bots) AppleWebKit/537.36 (KHTML, like Gecko) Chrome/108.0.0.0"
95.108.213.117 - - [09/Sep/2025:05:40:39 +0700] "GET /wp-includes/js/dist/hooks.min.js?ver=4d63a3d491d11ffd8ac6 HTTP/1.0" 200 421 "https://vattusacky.vn/aviator-igra-otzyvy-taktika-igry-strategija/" "Mozilla/5.0 (compatible; YandexRenderResourcesBot/1.0; +http://yandex.com/bots) AppleWebKit/537.36 (KHTML, like Gecko) Chrome/108.0.0.0"
5.255.231.106 - - [09/Sep/2025:05:40:39 +0700] "GET /wp-content/themes/tem_techno_v2/js/jquery.simplyscroll.min.js HTTP/1.0" 200 450 "https://vattusacky.vn/aviator-igra-otzyvy-taktika-igry-strategija/" "Mozilla/5.0 (compatible; YandexRenderResourcesBot/1.0; +http://yandex.com/bots) AppleWebKit/537.36 (KHTML, like Gecko) Chrome/108.0.0.0"
213.180.203.121 - - [09/Sep/2025:05:40:39 +0700] "GET /wp-content/themes/tem_techno_v2/js/crawler.js HTTP/1.0" 200 434 "https://vattusacky.vn/aviator-igra-otzyvy-taktika-igry-strategija/" "Mozilla/5.0 (compatible; YandexRenderResourcesBot/1.0; +http://yandex.com/bots) AppleWebKit/537.36 (KHTML, like Gecko) Chrome/108.0.0.0"
87.250.224.129 - - [09/Sep/2025:05:40:40 +0700] "GET /wp-includes/js/dist/i18n.min.js?ver=5e580eb46a90c2b997e6 HTTP/1.0" 200 420 "https://vattusacky.vn/aviator-igra-otzyvy-taktika-igry-strategija/" "Mozilla/5.0 (compatible; YandexRenderResourcesBot/1.0; +http://yandex.com/bots) AppleWebKit/537.36 (KHTML, like Gecko) Chrome/108.0.0.0"
95.108.213.80 - - [09/Sep/2025:05:40:41 +0700] "GET /wp-content/plugins/contact-form-7/includes/js/index.js?ver=6.0.6 HTTP/1.0" 200 443 "https://vattusacky.vn/aviator-igra-otzyvy-taktika-igry-strategija/" "Mozilla/5.0 (compatible; YandexRenderResourcesBot/1.0; +http://yandex.com/bots) AppleWebKit/537.36 (KHTML, like Gecko) Chrome/108.0.0.0"
95.108.213.168 - - [09/Sep/2025:05:40:41 +0700] "GET /wp-content/plugins/content-views-query-and-display-post-page/public/assets/js/cv.js?ver=4.1 HTTP/1.0" 200 472 "https://vattusacky.vn/aviator-igra-otzyvy-taktika-igry-strategija/" "Mozilla/5.0 (compatible; YandexRenderResourcesBot/1.0; +http://yandex.com/bots) AppleWebKit/537.36 (KHTML, like Gecko) Chrome/108.0.0.0"
20.171.207.39 - - [09/Sep/2025:05:40:40 +0700] "GET /overcoming-awkwardness-on-omegle-tips-for-making-conversations-flow-smoothly/ HTTP/1.0" 200 88559 "-" "Mozilla/5.0 AppleWebKit/537.36 (KHTML, like Gecko; compatible; GPTBot/1.2; +https://openai.com/gptbot)"
5.255.231.125 - - [09/Sep/2025:05:40:43 +0700] "GET /wp-content/plugins/devvn-stickytooltip/stickytooltip.js?ver=1.0.0 HTTP/1.0" 200 444 "https://vattusacky.vn/aviator-igra-otzyvy-taktika-igry-strategija/" "Mozilla/5.0 (compatible; YandexRenderResourcesBot/1.0; +http://yandex.com/bots) AppleWebKit/537.36 (KHTML, like Gecko) Chrome/108.0.0.0"
95.108.213.217 - - [09/Sep/2025:05:40:43 +0700] "GET /wp-content/plugins/yith-woocommerce-category-accordion-premium/assets/js/ywcca_accordion.min.js?ver=1.0.12 HTTP/1.0" 200 484 "https://vattusacky.vn/aviator-igra-otzyvy-taktika-igry-strategija/" "Mozilla/5.0 (compatible; YandexRenderResourcesBot/1.0; +http://yandex.com/bots) AppleWebKit/537.36 (KHTML, like Gecko) Chrome/108.0.0.0"
95.108.213.181 - - [09/Sep/2025:05:40:44 +0700] "GET /wp-content/plugins/yith-woocommerce-category-accordion-premium/assets/js/jquery.hoverIntent.min.js?ver=1.0.12 HTTP/1.0" 200 487 "https://vattusacky.vn/aviator-igra-otzyvy-taktika-igry-strategija/" "Mozilla/5.0 (compatible; YandexRenderResourcesBot/1.0; +http://yandex.com/bots) AppleWebKit/537.36 (KHTML, like Gecko) Chrome/108.0.0.0"
87.250.224.102 - - [09/Sep/2025:05:40:44 +0700] "GET /wp-content/plugins/woocommerce/assets/js/sourcebuster/sourcebuster.min.js?ver=9.8.3 HTTP/1.0" 200 462 "https://vattusacky.vn/aviator-igra-otzyvy-taktika-igry-strategija/" "Mozilla/5.0 (compatible; YandexRenderResourcesBot/1.0; +http://yandex.com/bots) AppleWebKit/537.36 (KHTML, like Gecko) Chrome/108.0.0.0"
95.108.213.135 - - [09/Sep/2025:05:40:45 +0700] "GET /wp-content/plugins/woocommerce/assets/js/frontend/order-attribution.min.js?ver=9.8.3 HTTP/1.0" 200 463 "https://vattusacky.vn/aviator-igra-otzyvy-taktika-igry-strategija/" "Mozilla/5.0 (compatible; YandexRenderResourcesBot/1.0; +http://yandex.com/bots) AppleWebKit/537.36 (KHTML, like Gecko) Chrome/108.0.0.0"
95.108.213.131 - - [09/Sep/2025:05:40:46 +0700] "GET /wp-content/plugins/woocommerce/assets/js/jquery-blockui/jquery.blockUI.min.js?ver=2.7.0-wc.9.8.3 HTTP/1.0" 200 466 "https://vattusacky.vn/aviator-igra-otzyvy-taktika-igry-strategija/" "Mozilla/5.0 (compatible; YandexRenderResourcesBot/1.0; +http://yandex.com/bots) AppleWebKit/537.36 (KHTML, like Gecko) Chrome/108.0.0.0"
95.108.213.79 - - [09/Sep/2025:05:40:46 +0700] "GET /wp-content/plugins/woocommerce/assets/js/frontend/add-to-cart.min.js?ver=9.8.3 HTTP/1.0" 200 457 "https://vattusacky.vn/aviator-igra-otzyvy-taktika-igry-strategija/" "Mozilla/5.0 (compatible; YandexRenderResourcesBot/1.0; +http://yandex.com/bots) AppleWebKit/537.36 (KHTML, like Gecko) Chrome/108.0.0.0"
95.108.213.117 - - [09/Sep/2025:05:40:47 +0700] "GET /wp-content/plugins/woocommerce/assets/js/frontend/woocommerce.min.js?ver=9.8.3 HTTP/1.0" 200 457 "https://vattusacky.vn/aviator-igra-otzyvy-taktika-igry-strategija/" "Mozilla/5.0 (compatible; YandexRenderResourcesBot/1.0; +http://yandex.com/bots) AppleWebKit/537.36 (KHTML, like Gecko) Chrome/108.0.0.0"
5.255.231.106 - - [09/Sep/2025:05:40:47 +0700] "GET /wp-content/plugins/woocommerce/assets/js/js-cookie/js.cookie.min.js?ver=2.1.4-wc.9.8.3 HTTP/1.0" 200 456 "https://vattusacky.vn/aviator-igra-otzyvy-taktika-igry-strategija/" "Mozilla/5.0 (compatible; YandexRenderResourcesBot/1.0; +http://yandex.com/bots) AppleWebKit/537.36 (KHTML, like Gecko) Chrome/108.0.0.0"
213.180.203.121 - - [09/Sep/2025:05:40:49 +0700] "GET /wp-includes/js/comment-reply.min.js?ver=6.8.1 HTTP/1.0" 200 424 "https://vattusacky.vn/aviator-igra-otzyvy-taktika-igry-strategija/" "Mozilla/5.0 (compatible; YandexRenderResourcesBot/1.0; +http://yandex.com/bots) AppleWebKit/537.36 (KHTML, like Gecko) Chrome/108.0.0.0"
20.171.207.39 - - [09/Sep/2025:05:40:48 +0700] "GET /?p=7719 HTTP/1.0" 301 496 "-" "Mozilla/5.0 AppleWebKit/537.36 (KHTML, like Gecko; compatible; GPTBot/1.2; +https://openai.com/gptbot)"
20.171.207.39 - - [09/Sep/2025:05:40:50 +0700] "GET /omegle-unleashed-the-anonymous-explorers-revolution/ HTTP/1.0" 200 91898 "-" "Mozilla/5.0 AppleWebKit/537.36 (KHTML, like Gecko; compatible; GPTBot/1.2; +https://openai.com/gptbot)"
20.171.207.39 - - [09/Sep/2025:05:40:59 +0700] "GET /omegle-spy-mode-understanding-the-anonymity-behind-the-veiled-conversations/ HTTP/1.0" 200 92319 "-" "Mozilla/5.0 AppleWebKit/537.36 (KHTML, like Gecko; compatible; GPTBot/1.2; +https://openai.com/gptbot)"
20.171.207.39 - - [09/Sep/2025:05:41:05 +0700] "GET /?p=7329 HTTP/1.0" 301 498 "-" "Mozilla/5.0 AppleWebKit/537.36 (KHTML, like Gecko; compatible; GPTBot/1.2; +https://openai.com/gptbot)"
20.171.207.39 - - [09/Sep/2025:05:41:06 +0700] "GET /omegle-and-cyberbullying-addressing-online-harassment/ HTTP/1.0" 200 92569 "-" "Mozilla/5.0 AppleWebKit/537.36 (KHTML, like Gecko; compatible; GPTBot/1.2; +https://openai.com/gptbot)"
20.171.207.39 - - [09/Sep/2025:05:41:13 +0700] "GET /talkdirtyai-chat-with-ai-and-explore-your-fantasies/ HTTP/1.0" 200 76389 "-" "Mozilla/5.0 AppleWebKit/537.36 (KHTML, like Gecko; compatible; GPTBot/1.2; +https://openai.com/gptbot)"
45.117.177.72 - - [09/Sep/2025:05:41:21 +0700] "POST /wp-cron.php?doing_wp_cron=1757371281.2914938926696777343750 HTTP/1.0" 200 416 "-" "WordPress/6.8.1; https://vattusacky.vn"
20.171.207.39 - - [09/Sep/2025:05:41:20 +0700] "GET /obzor-i-testirovanie-videokarty-nvidia-geforce-gtx/ HTTP/1.0" 200 260985 "-" "Mozilla/5.0 AppleWebKit/537.36 (KHTML, like Gecko; compatible; GPTBot/1.2; +https://openai.com/gptbot)"
20.171.207.39 - - [09/Sep/2025:05:41:26 +0700] "GET /?p=8986 HTTP/1.0" 301 520 "-" "Mozilla/5.0 AppleWebKit/537.36 (KHTML, like Gecko; compatible; GPTBot/1.2; +https://openai.com/gptbot)"
20.171.207.39 - - [09/Sep/2025:05:41:27 +0700] "GET /the-thrill-of-discovery-unveiling-new-artists-through-omegle-collaborations/ HTTP/1.0" 200 93504 "-" "Mozilla/5.0 AppleWebKit/537.36 (KHTML, like Gecko; compatible; GPTBot/1.2; +https://openai.com/gptbot)"
20.171.207.39 - - [09/Sep/2025:05:41:37 +0700] "GET /de-dung-vay-tien-mat-cai-thien-quy HTTP/1.0" 301 479 "-" "Mozilla/5.0 AppleWebKit/537.36 (KHTML, like Gecko; compatible; GPTBot/1.2; +https://openai.com/gptbot)"
20.171.207.39 - - [09/Sep/2025:05:41:38 +0700] "GET /de-dung-vay-tien-mat-cai-thien-quy/ HTTP/1.0" 200 210394 "-" "Mozilla/5.0 AppleWebKit/537.36 (KHTML, like Gecko; compatible; GPTBot/1.2; +https://openai.com/gptbot)"
95.108.213.135 - - [09/Sep/2025:05:41:40 +0700] "GET /wp-includes/js/wp-emoji-release.min.js?ver=6.8.1 HTTP/1.0" 200 427 "https://vattusacky.vn/aviator-igra-otzyvy-taktika-igry-strategija/" "Mozilla/5.0 (compatible; YandexRenderResourcesBot/1.0; +http://yandex.com/bots) AppleWebKit/537.36 (KHTML, like Gecko) Chrome/108.0.0.0"
95.108.213.79 - - [09/Sep/2025:05:41:42 +0700] "GET /wp-content/uploads/2016/09/cropped-logo-vietnguyen2-32x32.png HTTP/1.0" 200 437 "https://vattusacky.vn/aviator-igra-otzyvy-taktika-igry-strategija/" "Mozilla/5.0 (compatible; YandexRenderResourcesBot/1.0; +http://yandex.com/bots) AppleWebKit/537.36 (KHTML, like Gecko) Chrome/108.0.0.0"
20.171.207.39 - - [09/Sep/2025:05:41:47 +0700] "GET /utilizing-omegle-and-ometv-for-business-networking/ HTTP/1.0" 200 93572 "-" "Mozilla/5.0 AppleWebKit/537.36 (KHTML, like Gecko; compatible; GPTBot/1.2; +https://openai.com/gptbot)"
20.171.207.39 - - [09/Sep/2025:05:41:57 +0700] "GET /omegles-role-in-breaking-language-barriers/ HTTP/1.0" 200 90534 "-" "Mozilla/5.0 AppleWebKit/537.36 (KHTML, like Gecko; compatible; GPTBot/1.2; +https://openai.com/gptbot)"
20.171.207.39 - - [09/Sep/2025:05:42:08 +0700] "GET /?p=10271 HTTP/1.0" 301 496 "-" "Mozilla/5.0 AppleWebKit/537.36 (KHTML, like Gecko; compatible; GPTBot/1.2; +https://openai.com/gptbot)"
20.171.207.39 - - [09/Sep/2025:05:42:09 +0700] "GET /talkdirtyai-chat-with-ai-and-explore-your-fantasies/ HTTP/1.0" 200 76389 "-" "Mozilla/5.0 AppleWebKit/537.36 (KHTML, like Gecko; compatible; GPTBot/1.2; +https://openai.com/gptbot)"
45.117.177.72 - - [09/Sep/2025:05:42:18 +0700] "POST /wp-cron.php?doing_wp_cron=1757371338.6531939506530761718750 HTTP/1.0" 200 416 "-" "WordPress/6.8.1; https://vattusacky.vn"
20.171.207.39 - - [09/Sep/2025:05:42:17 +0700] "GET /?p=7698 HTTP/1.0" 301 520 "-" "Mozilla/5.0 AppleWebKit/537.36 (KHTML, like Gecko; compatible; GPTBot/1.2; +https://openai.com/gptbot)"
20.171.207.39 - - [09/Sep/2025:05:42:19 +0700] "GET /omegle-spy-mode-understanding-the-anonymity-behind-the-veiled-conversations/ HTTP/1.0" 200 92319 "-" "Mozilla/5.0 AppleWebKit/537.36 (KHTML, like Gecko; compatible; GPTBot/1.2; +https://openai.com/gptbot)"
45.116.79.41 - - [09/Sep/2025:05:42:23 +0700] "POST /wp-login.php HTTP/1.0" 302 1519 "https://vattusacky.vn/wp-admin/" "Mozilla/5.0 (Windows NT 10.0; Win64; x64) AppleWebKit/537.36 (KHTML, like Gecko) Chrome/90.0.4430.85 Safari/537.36"
20.171.207.39 - - [09/Sep/2025:05:42:27 +0700] "GET /introduction-to-omegle-chronicles-seeking-meaningful-connections/ HTTP/1.0" 200 91527 "-" "Mozilla/5.0 AppleWebKit/537.36 (KHTML, like Gecko; compatible; GPTBot/1.2; +https://openai.com/gptbot)"
45.116.79.41 - - [09/Sep/2025:05:42:25 +0700] "GET /wp-admin/profile.php HTTP/1.0" 302 509 "https://vattusacky.vn/wp-admin/" "Mozilla/5.0 (Windows NT 10.0; Win64; x64) AppleWebKit/537.36 (KHTML, like Gecko) Chrome/90.0.4430.85 Safari/537.36"
45.116.79.41 - - [09/Sep/2025:05:42:29 +0700] "GET /my-account/ HTTP/1.0" 200 60422 "https://vattusacky.vn/wp-admin/" "Mozilla/5.0 (Windows NT 10.0; Win64; x64) AppleWebKit/537.36 (KHTML, like Gecko) Chrome/90.0.4430.85 Safari/537.36"
45.116.79.41 - - [09/Sep/2025:05:42:31 +0700] "GET /wp-admin/ HTTP/1.0" 302 509 "-" "Mozilla/5.0 (Windows NT 10.0; Win64; x64) AppleWebKit/537.36 (KHTML, like Gecko) Chrome/112.0.0.0 Safari/537.36"
45.116.79.41 - - [09/Sep/2025:05:42:32 +0700] "GET /my-account/ HTTP/1.0" 200 60422 "-" "Mozilla/5.0 (Windows NT 10.0; Win64; x64) AppleWebKit/537.36 (KHTML, like Gecko) Chrome/112.0.0.0 Safari/537.36"
20.171.207.39 - - [09/Sep/2025:05:42:35 +0700] "GET /understanding-the-difference-between-friendship-and-flirtation/ HTTP/1.0" 200 89875 "-" "Mozilla/5.0 AppleWebKit/537.36 (KHTML, like Gecko; compatible; GPTBot/1.2; +https://openai.com/gptbot)"
20.171.207.39 - - [09/Sep/2025:05:42:43 +0700] "GET /?p=8207 HTTP/1.0" 301 515 "-" "Mozilla/5.0 AppleWebKit/537.36 (KHTML, like Gecko; compatible; GPTBot/1.2; +https://openai.com/gptbot)"
20.171.207.39 - - [09/Sep/2025:05:42:45 +0700] "GET /serendipity-in-relationships-from-chance-meetings-to-lifelong-partners/ HTTP/1.0" 200 90984 "-" "Mozilla/5.0 AppleWebKit/537.36 (KHTML, like Gecko; compatible; GPTBot/1.2; +https://openai.com/gptbot)"
20.171.207.39 - - [09/Sep/2025:05:42:53 +0700] "GET /?p=8012 HTTP/1.0" 301 521 "-" "Mozilla/5.0 AppleWebKit/537.36 (KHTML, like Gecko; compatible; GPTBot/1.2; +https://openai.com/gptbot)"
20.171.207.39 - - [09/Sep/2025:05:42:55 +0700] "GET /overcoming-awkwardness-on-omegle-tips-for-making-conversations-flow-smoothly/ HTTP/1.0" 200 88559 "-" "Mozilla/5.0 AppleWebKit/537.36 (KHTML, like Gecko; compatible; GPTBot/1.2; +https://openai.com/gptbot)"
20.171.207.39 - - [09/Sep/2025:05:43:03 +0700] "GET /omegle-encounters-unforgettable-moments-from-anonymous-explorers/ HTTP/1.0" 200 91271 "-" "Mozilla/5.0 AppleWebKit/537.36 (KHTML, like Gecko; compatible; GPTBot/1.2; +https://openai.com/gptbot)"
20.171.207.39 - - [09/Sep/2025:05:43:11 +0700] "GET /banning-and-suspension-policies-on-ometv/ HTTP/1.0" 200 90154 "-" "Mozilla/5.0 AppleWebKit/537.36 (KHTML, like Gecko; compatible; GPTBot/1.2; +https://openai.com/gptbot)"
45.117.177.72 - - [09/Sep/2025:05:43:21 +0700] "POST /wp-cron.php?doing_wp_cron=1757371401.1949889659881591796875 HTTP/1.0" 200 416 "-" "WordPress/6.8.1; https://vattusacky.vn"
20.171.207.39 - - [09/Sep/2025:05:43:19 +0700] "GET /?p=3149 HTTP/1.0" 301 495 "-" "Mozilla/5.0 AppleWebKit/537.36 (KHTML, like Gecko; compatible; GPTBot/1.2; +https://openai.com/gptbot)"
20.171.207.39 - - [09/Sep/2025:05:43:21 +0700] "GET /obzor-i-testirovanie-videokarty-nvidia-geforce-gtx/ HTTP/1.0" 200 260985 "-" "Mozilla/5.0 AppleWebKit/537.36 (KHTML, like Gecko; compatible; GPTBot/1.2; +https://openai.com/gptbot)"
45.117.177.72 - - [09/Sep/2025:05:43:33 +0700] "POST /wp-cron.php?doing_wp_cron=1757371412.9208519458770751953125 HTTP/1.0" 200 416 "-" "WordPress/6.8.1; https://vattusacky.vn"
20.171.207.39 - - [09/Sep/2025:05:43:31 +0700] "GET /?p=9194 HTTP/1.0" 301 495 "-" "Mozilla/5.0 AppleWebKit/537.36 (KHTML, like Gecko; compatible; GPTBot/1.2; +https://openai.com/gptbot)"
20.171.207.39 - - [09/Sep/2025:05:43:33 +0700] "GET /utilizing-omegle-and-ometv-for-business-networking/ HTTP/1.0" 200 93572 "-" "Mozilla/5.0 AppleWebKit/537.36 (KHTML, like Gecko; compatible; GPTBot/1.2; +https://openai.com/gptbot)"
20.171.207.39 - - [09/Sep/2025:05:43:42 +0700] "GET /?p=7922 HTTP/1.0" 301 487 "-" "Mozilla/5.0 AppleWebKit/537.36 (KHTML, like Gecko; compatible; GPTBot/1.2; +https://openai.com/gptbot)"
20.171.207.39 - - [09/Sep/2025:05:43:43 +0700] "GET /omegles-role-in-breaking-language-barriers/ HTTP/1.0" 200 90534 "-" "Mozilla/5.0 AppleWebKit/537.36 (KHTML, like Gecko; compatible; GPTBot/1.2; +https://openai.com/gptbot)"
20.171.207.39 - - [09/Sep/2025:05:43:55 +0700] "GET /?p=7609 HTTP/1.0" 301 509 "-" "Mozilla/5.0 AppleWebKit/537.36 (KHTML, like Gecko; compatible; GPTBot/1.2; +https://openai.com/gptbot)"
20.171.207.39 - - [09/Sep/2025:05:43:57 +0700] "GET /omegle-encounters-unforgettable-moments-from-anonymous-explorers/ HTTP/1.0" 200 91271 "-" "Mozilla/5.0 AppleWebKit/537.36 (KHTML, like Gecko; compatible; GPTBot/1.2; +https://openai.com/gptbot)"
20.171.207.39 - - [09/Sep/2025:05:44:03 +0700] "GET /odkryj-wskazowki-poufne-aby-zwikszy-swoje/ HTTP/1.0" 200 77007 "-" "Mozilla/5.0 AppleWebKit/537.36 (KHTML, like Gecko; compatible; GPTBot/1.2; +https://openai.com/gptbot)"
20.171.207.39 - - [09/Sep/2025:05:44:11 +0700] "GET /omegle-and-ometv-for-educational-purposes/ HTTP/1.0" 200 90182 "-" "Mozilla/5.0 AppleWebKit/537.36 (KHTML, like Gecko; compatible; GPTBot/1.2; +https://openai.com/gptbot)"
45.117.177.72 - - [09/Sep/2025:05:44:21 +0700] "POST /wp-cron.php?doing_wp_cron=1757371461.0569949150085449218750 HTTP/1.0" 200 416 "-" "WordPress/6.8.1; https://vattusacky.vn"
20.171.207.39 - - [09/Sep/2025:05:44:19 +0700] "GET /safety-rankings-and-comparisons-for-ometv/ HTTP/1.0" 200 79802 "-" "Mozilla/5.0 AppleWebKit/537.36 (KHTML, like Gecko; compatible; GPTBot/1.2; +https://openai.com/gptbot)"
20.171.207.39 - - [09/Sep/2025:05:44:28 +0700] "GET /?p=6190 HTTP/1.0" 301 485 "-" "Mozilla/5.0 AppleWebKit/537.36 (KHTML, like Gecko; compatible; GPTBot/1.2; +https://openai.com/gptbot)"
20.171.207.39 - - [09/Sep/2025:05:44:29 +0700] "GET /banning-and-suspension-policies-on-ometv/ HTTP/1.0" 200 90154 "-" "Mozilla/5.0 AppleWebKit/537.36 (KHTML, like Gecko; compatible; GPTBot/1.2; +https://openai.com/gptbot)"
20.171.207.39 - - [09/Sep/2025:05:44:37 +0700] "GET /?p=9062 HTTP/1.0" 301 507 "-" "Mozilla/5.0 AppleWebKit/537.36 (KHTML, like Gecko; compatible; GPTBot/1.2; +https://openai.com/gptbot)"
20.171.207.39 - - [09/Sep/2025:05:44:38 +0700] "GET /understanding-the-difference-between-friendship-and-flirtation/ HTTP/1.0" 200 89875 "-" "Mozilla/5.0 AppleWebKit/537.36 (KHTML, like Gecko; compatible; GPTBot/1.2; +https://openai.com/gptbot)"
20.171.207.39 - - [09/Sep/2025:05:44:47 +0700] "GET /unveiling-the-psychology-of-omegles-users/ HTTP/1.0" 200 90906 "-" "Mozilla/5.0 AppleWebKit/537.36 (KHTML, like Gecko; compatible; GPTBot/1.2; +https://openai.com/gptbot)"
20.171.207.39 - - [09/Sep/2025:05:44:53 +0700] "GET /?p=7129 HTTP/1.0" 301 509 "-" "Mozilla/5.0 AppleWebKit/537.36 (KHTML, like Gecko; compatible; GPTBot/1.2; +https://openai.com/gptbot)"
20.171.207.39 - - [09/Sep/2025:05:44:55 +0700] "GET /introduction-to-omegle-chronicles-seeking-meaningful-connections/ HTTP/1.0" 200 91527 "-" "Mozilla/5.0 AppleWebKit/537.36 (KHTML, like Gecko; compatible; GPTBot/1.2; +https://openai.com/gptbot)"
20.171.207.39 - - [09/Sep/2025:05:45:02 +0700] "GET /most-intimate-thing-you-actually-ever-done HTTP/1.0" 301 487 "-" "Mozilla/5.0 AppleWebKit/537.36 (KHTML, like Gecko; compatible; GPTBot/1.2; +https://openai.com/gptbot)"
20.171.207.39 - - [09/Sep/2025:05:45:03 +0700] "GET /most-intimate-thing-you-actually-ever-done/ HTTP/1.0" 200 206352 "-" "Mozilla/5.0 AppleWebKit/537.36 (KHTML, like Gecko; compatible; GPTBot/1.2; +https://openai.com/gptbot)"
20.171.207.39 - - [09/Sep/2025:05:45:10 +0700] "GET /?p=7403 HTTP/1.0" 301 486 "-" "Mozilla/5.0 AppleWebKit/537.36 (KHTML, like Gecko; compatible; GPTBot/1.2; +https://openai.com/gptbot)"
20.171.207.39 - - [09/Sep/2025:05:45:11 +0700] "GET /omegle-and-ometv-for-educational-purposes/ HTTP/1.0" 200 90182 "-" "Mozilla/5.0 AppleWebKit/537.36 (KHTML, like Gecko; compatible; GPTBot/1.2; +https://openai.com/gptbot)"
45.117.177.72 - - [09/Sep/2025:05:45:18 +0700] "POST /wp-cron.php?doing_wp_cron=1757371518.3694589138031005859375 HTTP/1.0" 200 416 "-" "WordPress/6.8.1; https://vattusacky.vn"
20.171.207.39 - - [09/Sep/2025:05:45:17 +0700] "GET /?p=9170 HTTP/1.0" 301 486 "-" "Mozilla/5.0 AppleWebKit/537.36 (KHTML, like Gecko; compatible; GPTBot/1.2; +https://openai.com/gptbot)"
216.73.216.162 - - [09/Sep/2025:05:45:18 +0700] "GET /introduction-to-omegle-addiction-understanding-the-phenomenon HTTP/1.0" 301 652 "-" "Mozilla/5.0 AppleWebKit/537.36 (KHTML, like Gecko; compatible; ClaudeBot/1.0; +claudebot@anthropic.com)"
216.73.216.162 - - [09/Sep/2025:05:45:18 +0700] "GET /how-to-avoid-scams-and-malicious-activities-on-ometv/feed HTTP/1.0" 301 746 "-" "Mozilla/5.0 AppleWebKit/537.36 (KHTML, like Gecko; compatible; ClaudeBot/1.0; +claudebot@anthropic.com)"
20.171.207.39 - - [09/Sep/2025:05:45:18 +0700] "GET /unveiling-the-psychology-of-omegles-users/ HTTP/1.0" 200 90906 "-" "Mozilla/5.0 AppleWebKit/537.36 (KHTML, like Gecko; compatible; GPTBot/1.2; +https://openai.com/gptbot)"
216.73.216.162 - - [09/Sep/2025:05:45:20 +0700] "GET /how-to-avoid-scams-and-malicious-activities-on-ometv/feed/ HTTP/1.0" 200 1607 "https://vattusacky.vn/how-to-avoid-scams-and-malicious-activities-on-ometv/feed" "Mozilla/5.0 AppleWebKit/537.36 (KHTML, like Gecko; compatible; ClaudeBot/1.0; +claudebot@anthropic.com)"
216.73.216.162 - - [09/Sep/2025:05:45:20 +0700] "GET /introduction-to-omegle-addiction-understanding-the-phenomenon/ HTTP/1.0" 200 93246 "https://vattusacky.vn/introduction-to-omegle-addiction-understanding-the-phenomenon" "Mozilla/5.0 AppleWebKit/537.36 (KHTML, like Gecko; compatible; ClaudeBot/1.0; +claudebot@anthropic.com)"
216.73.216.162 - - [09/Sep/2025:05:45:21 +0700] "GET /instant-response-ometvs-text-chat-efficiency HTTP/1.0" 301 489 "-" "Mozilla/5.0 AppleWebKit/537.36 (KHTML, like Gecko; compatible; ClaudeBot/1.0; +claudebot@anthropic.com)"
216.73.216.162 - - [09/Sep/2025:05:45:22 +0700] "GET /introduction-exploring-omegles-conversations-and-insights HTTP/1.0" 301 502 "-" "Mozilla/5.0 AppleWebKit/537.36 (KHTML, like Gecko; compatible; ClaudeBot/1.0; +claudebot@anthropic.com)"
216.73.216.162 - - [09/Sep/2025:05:45:23 +0700] "GET /instant-response-ometvs-text-chat-efficiency/ HTTP/1.0" 200 90732 "https://vattusacky.vn/instant-response-ometvs-text-chat-efficiency" "Mozilla/5.0 AppleWebKit/537.36 (KHTML, like Gecko; compatible; ClaudeBot/1.0; +claudebot@anthropic.com)"
216.73.216.162 - - [09/Sep/2025:05:45:23 +0700] "GET /introduction-exploring-omegles-conversations-and-insights/ HTTP/1.0" 200 83803 "https://vattusacky.vn/introduction-exploring-omegles-conversations-and-insights" "Mozilla/5.0 AppleWebKit/537.36 (KHTML, like Gecko; compatible; ClaudeBot/1.0; +claudebot@anthropic.com)"
20.171.207.39 - - [09/Sep/2025:05:45:25 +0700] "GET /v-kakom-internetkazino-v-rossiyskoy-federatsii-bezopasno-igrat-v-sloty-i-prochie-igry-oplachivaya-kapital-kriptovalyutoy-ili-s-debetovoy-kartochki/ HTTP/1.0" 200 115462 "-" "Mozilla/5.0 AppleWebKit/537.36 (KHTML, like Gecko; compatible; GPTBot/1.2; +https://openai.com/gptbot)"
20.171.207.39 - - [09/Sep/2025:05:45:31 +0700] "GET /omegle-and-long-distance-relationships-how-it-helps-to-bridge-the-distance/ HTTP/1.0" 200 92277 "-" "Mozilla/5.0 AppleWebKit/537.36 (KHTML, like Gecko; compatible; GPTBot/1.2; +https://openai.com/gptbot)"
20.171.207.39 - - [09/Sep/2025:05:45:38 +0700] "GET /omegle-and-the-evolution-of-online-dating-from-chatroulette-to-dating-apps/ HTTP/1.0" 200 94456 "-" "Mozilla/5.0 AppleWebKit/537.36 (KHTML, like Gecko; compatible; GPTBot/1.2; +https://openai.com/gptbot)"
20.171.207.39 - - [09/Sep/2025:05:45:46 +0700] "GET /omegles-influence-on-social-skills-developing-confidence-in-interaction/ HTTP/1.0" 200 88847 "-" "Mozilla/5.0 AppleWebKit/537.36 (KHTML, like Gecko; compatible; GPTBot/1.2; +https://openai.com/gptbot)"
87.250.224.102 - - [09/Sep/2025:05:45:50 +0700] "GET /robots.txt HTTP/1.0" 200 984 "-" "Mozilla/5.0 (compatible; YandexBot/3.0; +http://yandex.com/bots)"
20.171.207.39 - - [09/Sep/2025:05:45:54 +0700] "GET /defi-vs-the-regulators-by-the-numbers/ HTTP/1.0" 200 289232 "-" "Mozilla/5.0 AppleWebKit/537.36 (KHTML, like Gecko; compatible; GPTBot/1.2; +https://openai.com/gptbot)"
95.108.213.131 - - [09/Sep/2025:05:45:58 +0700] "GET /tag/quan-trac-moi-truong-dat/ HTTP/1.0" 200 59660 "-" "Mozilla/5.0 (compatible; YandexBot/3.0; +http://yandex.com/bots)"
20.171.207.39 - - [09/Sep/2025:05:46:00 +0700] "GET /unfiltered-and-raw-authenticity-in-omegle-conversations/ HTTP/1.0" 200 91850 "-" "Mozilla/5.0 AppleWebKit/537.36 (KHTML, like Gecko; compatible; GPTBot/1.2; +https://openai.com/gptbot)"
20.171.207.39 - - [09/Sep/2025:05:46:08 +0700] "GET /?p=7354 HTTP/1.0" 301 519 "-" "Mozilla/5.0 AppleWebKit/537.36 (KHTML, like Gecko; compatible; GPTBot/1.2; +https://openai.com/gptbot)"
20.171.207.39 - - [09/Sep/2025:05:46:09 +0700] "GET /omegle-and-long-distance-relationships-how-it-helps-to-bridge-the-distance/ HTTP/1.0" 200 92277 "-" "Mozilla/5.0 AppleWebKit/537.36 (KHTML, like Gecko; compatible; GPTBot/1.2; +https://openai.com/gptbot)"
45.117.177.72 - - [09/Sep/2025:05:46:21 +0700] "POST /wp-cron.php?doing_wp_cron=1757371581.7388129234313964843750 HTTP/1.0" 200 416 "-" "WordPress/6.8.1; https://vattusacky.vn"
20.171.207.39 - - [09/Sep/2025:05:46:20 +0700] "GET /?p=7515 HTTP/1.0" 301 519 "-" "Mozilla/5.0 AppleWebKit/537.36 (KHTML, like Gecko; compatible; GPTBot/1.2; +https://openai.com/gptbot)"
20.171.207.39 - - [09/Sep/2025:05:46:22 +0700] "GET /omegle-and-the-evolution-of-online-dating-from-chatroulette-to-dating-apps/ HTTP/1.0" 200 94456 "-" "Mozilla/5.0 AppleWebKit/537.36 (KHTML, like Gecko; compatible; GPTBot/1.2; +https://openai.com/gptbot)"
45.117.177.72 - - [09/Sep/2025:05:46:33 +0700] "POST /wp-cron.php?doing_wp_cron=1757371593.4078819751739501953125 HTTP/1.0" 200 416 "-" "WordPress/6.8.1; https://vattusacky.vn"
20.171.207.39 - - [09/Sep/2025:05:46:32 +0700] "GET /lol-worthy-omegle-mistakes-and-hilarious-conversations/ HTTP/1.0" 200 90708 "-" "Mozilla/5.0 AppleWebKit/537.36 (KHTML, like Gecko; compatible; GPTBot/1.2; +https://openai.com/gptbot)"
20.171.207.39 - - [09/Sep/2025:05:46:39 +0700] "GET /?p=7886 HTTP/1.0" 301 516 "-" "Mozilla/5.0 AppleWebKit/537.36 (KHTML, like Gecko; compatible; GPTBot/1.2; +https://openai.com/gptbot)"
20.171.207.39 - - [09/Sep/2025:05:46:41 +0700] "GET /omegles-influence-on-social-skills-developing-confidence-in-interaction/ HTTP/1.0" 200 88847 "-" "Mozilla/5.0 AppleWebKit/537.36 (KHTML, like Gecko; compatible; GPTBot/1.2; +https://openai.com/gptbot)"
20.171.207.39 - - [09/Sep/2025:05:46:47 +0700] "GET /?p=10558 HTTP/1.0" 301 486 "-" "Mozilla/5.0 AppleWebKit/537.36 (KHTML, like Gecko; compatible; GPTBot/1.2; +https://openai.com/gptbot)"
20.171.207.39 - - [09/Sep/2025:05:46:48 +0700] "GET /odkryj-wskazowki-poufne-aby-zwikszy-swoje/ HTTP/1.0" 200 77007 "-" "Mozilla/5.0 AppleWebKit/537.36 (KHTML, like Gecko; compatible; GPTBot/1.2; +https://openai.com/gptbot)"
216.73.216.162 - - [09/Sep/2025:05:46:52 +0700] "GET /identity-theft-risks-on-omegle-what-you-need-to-know/feed HTTP/1.0" 301 746 "-" "Mozilla/5.0 AppleWebKit/537.36 (KHTML, like Gecko; compatible; ClaudeBot/1.0; +claudebot@anthropic.com)"
216.73.216.162 - - [09/Sep/2025:05:46:52 +0700] "GET /how-to-stay-safe-while-talking-to-strangers-on-ometv/feed HTTP/1.0" 301 746 "-" "Mozilla/5.0 AppleWebKit/537.36 (KHTML, like Gecko; compatible; ClaudeBot/1.0; +claudebot@anthropic.com)"
216.73.216.162 - - [09/Sep/2025:05:46:54 +0700] "GET /how-to-stay-safe-while-talking-to-strangers-on-ometv/feed/ HTTP/1.0" 200 1607 "https://vattusacky.vn/how-to-stay-safe-while-talking-to-strangers-on-ometv/feed" "Mozilla/5.0 AppleWebKit/537.36 (KHTML, like Gecko; compatible; ClaudeBot/1.0; +claudebot@anthropic.com)"
216.73.216.162 - - [09/Sep/2025:05:46:54 +0700] "GET /identity-theft-risks-on-omegle-what-you-need-to-know/feed/ HTTP/1.0" 200 1607 "https://vattusacky.vn/identity-theft-risks-on-omegle-what-you-need-to-know/feed" "Mozilla/5.0 AppleWebKit/537.36 (KHTML, like Gecko; compatible; ClaudeBot/1.0; +claudebot@anthropic.com)"
216.73.216.162 - - [09/Sep/2025:05:46:55 +0700] "GET /instant-communication-ometvs-text-chat-advantage HTTP/1.0" 301 493 "-" "Mozilla/5.0 AppleWebKit/537.36 (KHTML, like Gecko; compatible; ClaudeBot/1.0; +claudebot@anthropic.com)"
20.171.207.39 - - [09/Sep/2025:05:46:56 +0700] "GET /?p=2900 HTTP/1.0" 301 482 "-" "Mozilla/5.0 AppleWebKit/537.36 (KHTML, like Gecko; compatible; GPTBot/1.2; +https://openai.com/gptbot)"
216.73.216.162 - - [09/Sep/2025:05:46:56 +0700] "GET /how-to-stay-safe-while-talking-to-strangers-on-omegle/feed HTTP/1.0" 301 601 "-" "Mozilla/5.0 AppleWebKit/537.36 (KHTML, like Gecko; compatible; ClaudeBot/1.0; +claudebot@anthropic.com)"
216.73.216.162 - - [09/Sep/2025:05:46:57 +0700] "GET /instant-communication-ometvs-text-chat-advantage/ HTTP/1.0" 200 89483 "https://vattusacky.vn/instant-communication-ometvs-text-chat-advantage" "Mozilla/5.0 AppleWebKit/537.36 (KHTML, like Gecko; compatible; ClaudeBot/1.0; +claudebot@anthropic.com)"
20.171.207.39 - - [09/Sep/2025:05:46:57 +0700] "GET /defi-vs-the-regulators-by-the-numbers/ HTTP/1.0" 200 289232 "-" "Mozilla/5.0 AppleWebKit/537.36 (KHTML, like Gecko; compatible; GPTBot/1.2; +https://openai.com/gptbot)"
216.73.216.162 - - [09/Sep/2025:05:46:57 +0700] "GET /how-to-stay-safe-while-talking-to-strangers-on-omegle/feed/ HTTP/1.0" 200 1610 "https://vattusacky.vn/how-to-stay-safe-while-talking-to-strangers-on-omegle/feed" "Mozilla/5.0 AppleWebKit/537.36 (KHTML, like Gecko; compatible; ClaudeBot/1.0; +claudebot@anthropic.com)"
20.171.207.39 - - [09/Sep/2025:05:47:04 +0700] "GET /?p=8165 HTTP/1.0" 301 486 "-" "Mozilla/5.0 AppleWebKit/537.36 (KHTML, like Gecko; compatible; GPTBot/1.2; +https://openai.com/gptbot)"
20.171.207.39 - - [09/Sep/2025:05:47:05 +0700] "GET /safety-rankings-and-comparisons-for-ometv/ HTTP/1.0" 200 79802 "-" "Mozilla/5.0 AppleWebKit/537.36 (KHTML, like Gecko; compatible; GPTBot/1.2; +https://openai.com/gptbot)"
20.171.207.39 - - [09/Sep/2025:05:47:12 +0700] "GET /overcoming-communication-barriers-video-vs-text-on-omegle-and-ometv/ HTTP/1.0" 200 94549 "-" "Mozilla/5.0 AppleWebKit/537.36 (KHTML, like Gecko; compatible; GPTBot/1.2; +https://openai.com/gptbot)"
45.117.177.72 - - [09/Sep/2025:05:47:22 +0700] "POST /wp-cron.php?doing_wp_cron=1757371642.0185201168060302734375 HTTP/1.0" 200 416 "-" "WordPress/6.8.1; https://vattusacky.vn"
20.171.207.39 - - [09/Sep/2025:05:47:20 +0700] "GET /laugh-at-these-hilariously-awkward-omegle-conversations/ HTTP/1.0" 200 89449 "-" "Mozilla/5.0 AppleWebKit/537.36 (KHTML, like Gecko; compatible; GPTBot/1.2; +https://openai.com/gptbot)"
20.171.207.39 - - [09/Sep/2025:05:47:27 +0700] "GET /omegle-chronicles-exploring-the-unknown-with-anonymity/ HTTP/1.0" 200 89266 "-" "Mozilla/5.0 AppleWebKit/537.36 (KHTML, like Gecko; compatible; GPTBot/1.2; +https://openai.com/gptbot)"
216.244.66.237 - - [09/Sep/2025:05:47:29 +0700] "GET /embracing-the-soulful-connections-in-omelove-stories/feed/ HTTP/1.0" 200 1753 "-" "Mozilla/5.0 (compatible; DotBot/1.2; +https://opensiteexplorer.org/dotbot; help@moz.com)"
20.171.207.39 - - [09/Sep/2025:05:47:41 +0700] "GET /?p=9096 HTTP/1.0" 301 500 "-" "Mozilla/5.0 AppleWebKit/537.36 (KHTML, like Gecko; compatible; GPTBot/1.2; +https://openai.com/gptbot)"
20.171.207.39 - - [09/Sep/2025:05:47:42 +0700] "GET /unfiltered-and-raw-authenticity-in-omegle-conversations/ HTTP/1.0" 200 91850 "-" "Mozilla/5.0 AppleWebKit/537.36 (KHTML, like Gecko; compatible; GPTBot/1.2; +https://openai.com/gptbot)"
20.171.207.39 - - [09/Sep/2025:05:47:52 +0700] "GET /making-a-good-impression-on-your-internet-dating-profile/ HTTP/1.0" 200 206737 "-" "Mozilla/5.0 AppleWebKit/537.36 (KHTML, like Gecko; compatible; GPTBot/1.2; +https://openai.com/gptbot)"
216.73.216.162 - - [09/Sep/2025:05:47:58 +0700] "GET /innovative-artistic-fusion-combining-talents-on-omegle HTTP/1.0" 301 645 "-" "Mozilla/5.0 AppleWebKit/537.36 (KHTML, like Gecko; compatible; ClaudeBot/1.0; +claudebot@anthropic.com)"
216.73.216.162 - - [09/Sep/2025:05:47:58 +0700] "GET /interacting-with-the-world-omegles-cross-cultural-connections HTTP/1.0" 301 652 "-" "Mozilla/5.0 AppleWebKit/537.36 (KHTML, like Gecko; compatible; ClaudeBot/1.0; +claudebot@anthropic.com)"
216.73.216.162 - - [09/Sep/2025:05:48:00 +0700] "GET /innovative-artistic-fusion-combining-talents-on-omegle/ HTTP/1.0" 200 92162 "https://vattusacky.vn/innovative-artistic-fusion-combining-talents-on-omegle" "Mozilla/5.0 AppleWebKit/537.36 (KHTML, like Gecko; compatible; ClaudeBot/1.0; +claudebot@anthropic.com)"
216.73.216.162 - - [09/Sep/2025:05:48:01 +0700] "GET /interacting-with-the-world-omegles-cross-cultural-connections/ HTTP/1.0" 200 89976 "https://vattusacky.vn/interacting-with-the-world-omegles-cross-cultural-connections" "Mozilla/5.0 AppleWebKit/537.36 (KHTML, like Gecko; compatible; ClaudeBot/1.0; +claudebot@anthropic.com)"
20.171.207.39 - - [09/Sep/2025:05:48:02 +0700] "GET /chto-za-igra-dragon-money-besproigryshnaja/ HTTP/1.0" 200 222366 "-" "Mozilla/5.0 AppleWebKit/537.36 (KHTML, like Gecko; compatible; GPTBot/1.2; +https://openai.com/gptbot)"
216.73.216.162 - - [09/Sep/2025:05:48:02 +0700] "GET /author/yanz/page/174 HTTP/1.0" 301 419 "-" "Mozilla/5.0 AppleWebKit/537.36 (KHTML, like Gecko; compatible; ClaudeBot/1.0; +claudebot@anthropic.com)"
216.73.216.162 - - [09/Sep/2025:05:48:04 +0700] "GET /author/yanz/page/174/ HTTP/1.0" 200 76422 "https://vattusacky.vn/author/yanz/page/174" "Mozilla/5.0 AppleWebKit/537.36 (KHTML, like Gecko; compatible; ClaudeBot/1.0; +claudebot@anthropic.com)"
40.77.167.70 - - [09/Sep/2025:05:48:08 +0700] "GET /obzor-igry-play2x-igrat-onlajn-na-oficialnom-sajte/ HTTP/1.0" 200 92947 "-" "Mozilla/5.0 AppleWebKit/537.36 (KHTML, like Gecko; compatible; bingbot/2.0; +http://www.bing.com/bingbot.htm) Chrome/116.0.1938.76 Safari/537.36"
20.171.207.39 - - [09/Sep/2025:05:48:12 +0700] "GET /making-the-most-of-omegle-and-ometv-tips-for-engaging-conversations-and-building-connections/ HTTP/1.0" 200 95039 "-" "Mozilla/5.0 AppleWebKit/537.36 (KHTML, like Gecko; compatible; GPTBot/1.2; +https://openai.com/gptbot)"
20.171.207.39 - - [09/Sep/2025:05:48:20 +0700] "GET /wp-content/uploads/2019/09/TT-26_2016_TT-BYT15220-y%E1%BA%BFu-t%E1%BB%91-vi-kh%C3%AD-h%E1%BA%ADu-trong-m%C3%B4i-tr%C6%B0%E1%BB%9Dng-lao-%C4%91%E1%BB%99ng-1.pdf HTTP/1.0" 200 495 "-" "Mozilla/5.0 AppleWebKit/537.36 (KHTML, like Gecko; compatible; GPTBot/1.2; +https://openai.com/gptbot)"
45.117.177.72 - - [09/Sep/2025:05:48:22 +0700] "POST /wp-cron.php?doing_wp_cron=1757371702.4014821052551269531250 HTTP/1.0" 200 416 "-" "WordPress/6.8.1; https://vattusacky.vn"
204.217.131.221 - - [09/Sep/2025:05:48:20 +0700] "GET /lien-he/ HTTP/1.0" 200 242368 "https://vattusacky.vn" "Mozilla/5.0 (Windows NT 10.0; Win64; x64) AppleWebKit/537.36 (KHTML, like Gecko) Chrome/62.0.3202.94 Safari/537.36"
20.171.207.39 - - [09/Sep/2025:05:48:27 +0700] "GET /?p=7159 HTTP/1.0" 301 500 "-" "Mozilla/5.0 AppleWebKit/537.36 (KHTML, like Gecko; compatible; GPTBot/1.2; +https://openai.com/gptbot)"
20.171.207.39 - - [09/Sep/2025:05:48:28 +0700] "GET /laugh-at-these-hilariously-awkward-omegle-conversations/ HTTP/1.0" 200 89449 "-" "Mozilla/5.0 AppleWebKit/537.36 (KHTML, like Gecko; compatible; GPTBot/1.2; +https://openai.com/gptbot)"
20.171.207.39 - - [09/Sep/2025:05:48:36 +0700] "GET /?p=7598 HTTP/1.0" 301 499 "-" "Mozilla/5.0 AppleWebKit/537.36 (KHTML, like Gecko; compatible; GPTBot/1.2; +https://openai.com/gptbot)"
20.171.207.39 - - [09/Sep/2025:05:48:37 +0700] "GET /omegle-chronicles-exploring-the-unknown-with-anonymity/ HTTP/1.0" 200 89266 "-" "Mozilla/5.0 AppleWebKit/537.36 (KHTML, like Gecko; compatible; GPTBot/1.2; +https://openai.com/gptbot)"
20.171.207.39 - - [09/Sep/2025:05:48:44 +0700] "GET /?p=8016 HTTP/1.0" 301 512 "-" "Mozilla/5.0 AppleWebKit/537.36 (KHTML, like Gecko; compatible; GPTBot/1.2; +https://openai.com/gptbot)"
20.171.207.39 - - [09/Sep/2025:05:48:45 +0700] "GET /overcoming-communication-barriers-video-vs-text-on-omegle-and-ometv/ HTTP/1.0" 200 94549 "-" "Mozilla/5.0 AppleWebKit/537.36 (KHTML, like Gecko; compatible; GPTBot/1.2; +https://openai.com/gptbot)"
20.171.207.39 - - [09/Sep/2025:05:48:55 +0700] "GET /safety-rankings-and-comparisons-for-omegle/ HTTP/1.0" 200 87220 "-" "Mozilla/5.0 AppleWebKit/537.36 (KHTML, like Gecko; compatible; GPTBot/1.2; +https://openai.com/gptbot)"
20.171.207.39 - - [09/Sep/2025:05:49:01 +0700] "GET /omegle-for-artists-and-creative-expression/ HTTP/1.0" 200 94135 "-" "Mozilla/5.0 AppleWebKit/537.36 (KHTML, like Gecko; compatible; GPTBot/1.2; +https://openai.com/gptbot)"
20.171.207.39 - - [09/Sep/2025:05:49:09 +0700] "GET /?p=7179 HTTP/1.0" 301 499 "-" "Mozilla/5.0 AppleWebKit/537.36 (KHTML, like Gecko; compatible; GPTBot/1.2; +https://openai.com/gptbot)"
20.171.207.39 - - [09/Sep/2025:05:49:10 +0700] "GET /lol-worthy-omegle-mistakes-and-hilarious-conversations/ HTTP/1.0" 200 90708 "-" "Mozilla/5.0 AppleWebKit/537.36 (KHTML, like Gecko; compatible; GPTBot/1.2; +https://openai.com/gptbot)"
45.117.177.72 - - [09/Sep/2025:05:49:20 +0700] "POST /wp-cron.php?doing_wp_cron=1757371760.1952788829803466796875 HTTP/1.0" 200 416 "-" "WordPress/6.8.1; https://vattusacky.vn"
20.171.207.39 - - [09/Sep/2025:05:49:19 +0700] "GET /pin-up-aviator-game-review-15 HTTP/1.0" 301 474 "-" "Mozilla/5.0 AppleWebKit/537.36 (KHTML, like Gecko; compatible; GPTBot/1.2; +https://openai.com/gptbot)"
20.171.207.39 - - [09/Sep/2025:05:49:20 +0700] "GET /pin-up-aviator-game-review-15/ HTTP/1.0" 200 228330 "-" "Mozilla/5.0 AppleWebKit/537.36 (KHTML, like Gecko; compatible; GPTBot/1.2; +https://openai.com/gptbot)"
20.171.207.39 - - [09/Sep/2025:05:49:27 +0700] "GET /?p=3245 HTTP/1.0" 301 501 "-" "Mozilla/5.0 AppleWebKit/537.36 (KHTML, like Gecko; compatible; GPTBot/1.2; +https://openai.com/gptbot)"
20.171.207.39 - - [09/Sep/2025:05:49:28 +0700] "GET /making-a-good-impression-on-your-internet-dating-profile/ HTTP/1.0" 200 206737 "-" "Mozilla/5.0 AppleWebKit/537.36 (KHTML, like Gecko; compatible; GPTBot/1.2; +https://openai.com/gptbot)"
20.171.207.39 - - [09/Sep/2025:05:49:38 +0700] "GET /forty-five-tips-for-a-happy-marriage/ HTTP/1.0" 200 208060 "-" "Mozilla/5.0 AppleWebKit/537.36 (KHTML, like Gecko; compatible; GPTBot/1.2; +https://openai.com/gptbot)"
20.171.207.39 - - [09/Sep/2025:05:49:47 +0700] "GET /methods-to-meet-a-russian-nice-woman/ HTTP/1.0" 200 207679 "-" "Mozilla/5.0 AppleWebKit/537.36 (KHTML, like Gecko; compatible; GPTBot/1.2; +https://openai.com/gptbot)"
20.171.207.39 - - [09/Sep/2025:05:49:53 +0700] "GET /the-origin-of-omegle-a-brief-history/ HTTP/1.0" 200 89734 "-" "Mozilla/5.0 AppleWebKit/537.36 (KHTML, like Gecko; compatible; GPTBot/1.2; +https://openai.com/gptbot)"
20.171.207.39 - - [09/Sep/2025:05:50:03 +0700] "GET /?p=7621 HTTP/1.0" 301 487 "-" "Mozilla/5.0 AppleWebKit/537.36 (KHTML, like Gecko; compatible; GPTBot/1.2; +https://openai.com/gptbot)"
20.171.207.39 - - [09/Sep/2025:05:50:04 +0700] "GET /omegle-for-artists-and-creative-expression/ HTTP/1.0" 200 94135 "-" "Mozilla/5.0 AppleWebKit/537.36 (KHTML, like Gecko; compatible; GPTBot/1.2; +https://openai.com/gptbot)"
20.171.207.39 - - [09/Sep/2025:05:50:13 +0700] "GET /the-best-latin-vocalists-of-all-time/ HTTP/1.0" 200 207809 "-" "Mozilla/5.0 AppleWebKit/537.36 (KHTML, like Gecko; compatible; GPTBot/1.2; +https://openai.com/gptbot)"
216.73.216.162 - - [09/Sep/2025:05:50:15 +0700] "GET /humorous-omegle-moments-and-ridiculous-conversations/feed HTTP/1.0" 301 746 "-" "Mozilla/5.0 AppleWebKit/537.36 (KHTML, like Gecko; compatible; ClaudeBot/1.0; +claudebot@anthropic.com)"
216.73.216.162 - - [09/Sep/2025:05:50:15 +0700] "GET /inspiring-and-empowering-omegle-artistrys-impact-on-artists HTTP/1.0" 301 650 "-" "Mozilla/5.0 AppleWebKit/537.36 (KHTML, like Gecko; compatible; ClaudeBot/1.0; +claudebot@anthropic.com)"
45.117.177.72 - - [09/Sep/2025:05:50:17 +0700] "POST /wp-cron.php?doing_wp_cron=1757371817.7283189296722412109375 HTTP/1.0" 200 416 "-" "WordPress/6.8.1; https://vattusacky.vn"
216.73.216.162 - - [09/Sep/2025:05:50:16 +0700] "GET /humorous-omegle-moments-and-ridiculous-conversations/feed/ HTTP/1.0" 200 1607 "https://vattusacky.vn/humorous-omegle-moments-and-ridiculous-conversations/feed" "Mozilla/5.0 AppleWebKit/537.36 (KHTML, like Gecko; compatible; ClaudeBot/1.0; +claudebot@anthropic.com)"
216.73.216.162 - - [09/Sep/2025:05:50:16 +0700] "GET /inspiring-and-empowering-omegle-artistrys-impact-on-artists/ HTTP/1.0" 200 92404 "https://vattusacky.vn/inspiring-and-empowering-omegle-artistrys-impact-on-artists" "Mozilla/5.0 AppleWebKit/537.36 (KHTML, like Gecko; compatible; ClaudeBot/1.0; +claudebot@anthropic.com)"
216.73.216.162 - - [09/Sep/2025:05:50:18 +0700] "GET /inspiring-artistic-growth-omegles-impact-on-artists-journey HTTP/1.0" 301 504 "-" "Mozilla/5.0 AppleWebKit/537.36 (KHTML, like Gecko; compatible; ClaudeBot/1.0; +claudebot@anthropic.com)"
216.73.216.162 - - [09/Sep/2025:05:50:20 +0700] "GET /inspiring-artistic-growth-omegles-impact-on-artists-journey/ HTTP/1.0" 200 92915 "https://vattusacky.vn/inspiring-artistic-growth-omegles-impact-on-artists-journey" "Mozilla/5.0 AppleWebKit/537.36 (KHTML, like Gecko; compatible; ClaudeBot/1.0; +claudebot@anthropic.com)"
20.171.207.39 - - [09/Sep/2025:05:50:20 +0700] "GET /?p=8164 HTTP/1.0" 301 487 "-" "Mozilla/5.0 AppleWebKit/537.36 (KHTML, like Gecko; compatible; GPTBot/1.2; +https://openai.com/gptbot)"
20.171.207.39 - - [09/Sep/2025:05:50:22 +0700] "GET /safety-rankings-and-comparisons-for-omegle/ HTTP/1.0" 200 87220 "-" "Mozilla/5.0 AppleWebKit/537.36 (KHTML, like Gecko; compatible; GPTBot/1.2; +https://openai.com/gptbot)"
20.171.207.39 - - [09/Sep/2025:05:50:29 +0700] "GET /one-on-one-coaching-market-talk-live/ HTTP/1.0" 200 215613 "-" "Mozilla/5.0 AppleWebKit/537.36 (KHTML, like Gecko; compatible; GPTBot/1.2; +https://openai.com/gptbot)"
20.171.207.39 - - [09/Sep/2025:05:50:36 +0700] "GET /?p=7195 HTTP/1.0" 301 537 "-" "Mozilla/5.0 AppleWebKit/537.36 (KHTML, like Gecko; compatible; GPTBot/1.2; +https://openai.com/gptbot)"
20.171.207.39 - - [09/Sep/2025:05:50:37 +0700] "GET /making-the-most-of-omegle-and-ometv-tips-for-engaging-conversations-and-building-connections/ HTTP/1.0" 200 95039 "-" "Mozilla/5.0 AppleWebKit/537.36 (KHTML, like Gecko; compatible; GPTBot/1.2; +https://openai.com/gptbot)"
20.171.207.39 - - [09/Sep/2025:05:50:45 +0700] "GET /?p=4187 HTTP/1.0" 301 474 "-" "Mozilla/5.0 AppleWebKit/537.36 (KHTML, like Gecko; compatible; GPTBot/1.2; +https://openai.com/gptbot)"
20.171.207.39 - - [09/Sep/2025:05:50:46 +0700] "GET /pin-up-aviator-game-review-15/ HTTP/1.0" 200 228330 "-" "Mozilla/5.0 AppleWebKit/537.36 (KHTML, like Gecko; compatible; GPTBot/1.2; +https://openai.com/gptbot)"
20.171.207.39 - - [09/Sep/2025:05:50:54 +0700] "GET /loving-ideas-for-couples-of-all-ages/ HTTP/1.0" 200 206052 "-" "Mozilla/5.0 AppleWebKit/537.36 (KHTML, like Gecko; compatible; GPTBot/1.2; +https://openai.com/gptbot)"
20.171.207.39 - - [09/Sep/2025:05:51:01 +0700] "GET /nurturing-connections-video-vs-text-communication-on-omegle-and-ometv/ HTTP/1.0" 200 84359 "-" "Mozilla/5.0 AppleWebKit/537.36 (KHTML, like Gecko; compatible; GPTBot/1.2; +https://openai.com/gptbot)"
20.171.207.39 - - [09/Sep/2025:05:51:09 +0700] "GET /co-nen-de-cac-bac-si-khang-vay-tien-bang-can-cuoc-cong-dan-va-bang-lai-xe-dinh-phong-kham-cai-thien/ HTTP/1.0" 200 210948 "-" "Mozilla/5.0 AppleWebKit/537.36 (KHTML, like Gecko; compatible; GPTBot/1.2; +https://openai.com/gptbot)"
45.117.177.72 - - [09/Sep/2025:05:51:19 +0700] "POST /wp-cron.php?doing_wp_cron=1757371879.2698590755462646484375 HTTP/1.0" 200 416 "-" "WordPress/6.8.1; https://vattusacky.vn"
20.171.207.39 - - [09/Sep/2025:05:51:18 +0700] "GET /american-complement-a-traditional-cowboy-dating-internet-site-helps-singles-lasso-schedules-relationships/ HTTP/1.0" 200 213093 "-" "Mozilla/5.0 AppleWebKit/537.36 (KHTML, like Gecko; compatible; GPTBot/1.2; +https://openai.com/gptbot)"
20.171.207.39 - - [09/Sep/2025:05:51:25 +0700] "GET /omegle-virtual-reality-chat-immersive-conversations-in-a-virtual-world/ HTTP/1.0" 200 86153 "-" "Mozilla/5.0 AppleWebKit/537.36 (KHTML, like Gecko; compatible; GPTBot/1.2; +https://openai.com/gptbot)"
20.171.207.39 - - [09/Sep/2025:05:51:34 +0700] "GET /press-relationship-tips-how-to-construct-strong-mutually-beneficial-connections-with-media-and-advertising-agencies HTTP/1.0" 301 560 "-" "Mozilla/5.0 AppleWebKit/537.36 (KHTML, like Gecko; compatible; GPTBot/1.2; +https://openai.com/gptbot)"
20.171.207.39 - - [09/Sep/2025:05:51:35 +0700] "GET /press-relationship-tips-how-to-construct-strong-mutually-beneficial-connections-with-media-and-advertising-agencies/ HTTP/1.0" 200 208925 "-" "Mozilla/5.0 AppleWebKit/537.36 (KHTML, like Gecko; compatible; GPTBot/1.2; +https://openai.com/gptbot)"
20.171.207.39 - - [09/Sep/2025:05:51:42 +0700] "GET /?p=7279 HTTP/1.0" 301 514 "-" "Mozilla/5.0 AppleWebKit/537.36 (KHTML, like Gecko; compatible; GPTBot/1.2; +https://openai.com/gptbot)"
20.171.207.39 - - [09/Sep/2025:05:51:44 +0700] "GET /nurturing-connections-video-vs-text-communication-on-omegle-and-ometv/ HTTP/1.0" 200 84359 "-" "Mozilla/5.0 AppleWebKit/537.36 (KHTML, like Gecko; compatible; GPTBot/1.2; +https://openai.com/gptbot)"
20.171.207.39 - - [09/Sep/2025:05:51:55 +0700] "GET /?p=7727 HTTP/1.0" 301 515 "-" "Mozilla/5.0 AppleWebKit/537.36 (KHTML, like Gecko; compatible; GPTBot/1.2; +https://openai.com/gptbot)"
20.171.207.39 - - [09/Sep/2025:05:51:56 +0700] "GET /omegle-virtual-reality-chat-immersive-conversations-in-a-virtual-world/ HTTP/1.0" 200 86153 "-" "Mozilla/5.0 AppleWebKit/537.36 (KHTML, like Gecko; compatible; GPTBot/1.2; +https://openai.com/gptbot)"
20.171.207.39 - - [09/Sep/2025:05:52:03 +0700] "GET /?p=2666 HTTP/1.0" 301 544 "-" "Mozilla/5.0 AppleWebKit/537.36 (KHTML, like Gecko; compatible; GPTBot/1.2; +https://openai.com/gptbot)"
20.171.207.39 - - [09/Sep/2025:05:52:04 +0700] "GET /co-nen-de-cac-bac-si-khang-vay-tien-bang-can-cuoc-cong-dan-va-bang-lai-xe-dinh-phong-kham-cai-thien/ HTTP/1.0" 200 210948 "-" "Mozilla/5.0 AppleWebKit/537.36 (KHTML, like Gecko; compatible; GPTBot/1.2; +https://openai.com/gptbot)"
20.171.207.39 - - [09/Sep/2025:05:52:12 +0700] "GET /?p=3013 HTTP/1.0" 301 550 "-" "Mozilla/5.0 AppleWebKit/537.36 (KHTML, like Gecko; compatible; GPTBot/1.2; +https://openai.com/gptbot)"
20.171.207.39 - - [09/Sep/2025:05:52:13 +0700] "GET /american-complement-a-traditional-cowboy-dating-internet-site-helps-singles-lasso-schedules-relationships/ HTTP/1.0" 200 213093 "-" "Mozilla/5.0 AppleWebKit/537.36 (KHTML, like Gecko; compatible; GPTBot/1.2; +https://openai.com/gptbot)"
45.117.177.72 - - [09/Sep/2025:05:52:26 +0700] "POST /wp-cron.php?doing_wp_cron=1757371945.7770600318908691406250 HTTP/1.0" 200 416 "-" "WordPress/6.8.1; https://vattusacky.vn"
20.171.207.39 - - [09/Sep/2025:05:52:24 +0700] "GET /language-learning-ometvs-text-chat-language-immersion/ HTTP/1.0" 200 81055 "-" "Mozilla/5.0 AppleWebKit/537.36 (KHTML, like Gecko; compatible; GPTBot/1.2; +https://openai.com/gptbot)"
20.171.207.39 - - [09/Sep/2025:05:52:31 +0700] "GET /unlocking-the-potential-embracing-the-unexpected-on-omegle/ HTTP/1.0" 200 93025 "-" "Mozilla/5.0 AppleWebKit/537.36 (KHTML, like Gecko; compatible; GPTBot/1.2; +https://openai.com/gptbot)"
3.218.35.239 - - [09/Sep/2025:05:52:33 +0700] "GET /robots.txt HTTP/1.0" 301 562 "-" "Mozilla/5.0 AppleWebKit/537.36 (KHTML, like Gecko; compatible; Amazonbot/0.1; +https://developer.amazon.com/support/amazonbot) Chrome/119.0.6045.214 Safari/537.36"
184.72.95.195 - - [09/Sep/2025:05:52:35 +0700] "GET /finding-support-and-friendships-on-omegle-video-chat-communities/ HTTP/1.0" 200 93883 "-" "Mozilla/5.0 AppleWebKit/537.36 (KHTML, like Gecko; compatible; Amazonbot/0.1; +https://developer.amazon.com/support/amazonbot) Chrome/119.0.6045.214 Safari/537.36"
3.218.35.239 - - [09/Sep/2025:05:52:36 +0700] "GET /robots.txt HTTP/1.0" 200 984 "-" "Mozilla/5.0 AppleWebKit/537.36 (KHTML, like Gecko; compatible; Amazonbot/0.1; +https://developer.amazon.com/support/amazonbot) Chrome/119.0.6045.214 Safari/537.36"
20.171.207.39 - - [09/Sep/2025:05:52:39 +0700] "GET /?p=3571 HTTP/1.0" 301 481 "-" "Mozilla/5.0 AppleWebKit/537.36 (KHTML, like Gecko; compatible; GPTBot/1.2; +https://openai.com/gptbot)"
35.171.141.42 - - [09/Sep/2025:05:52:39 +0700] "GET /robots.txt HTTP/1.0" 301 562 "-" "Mozilla/5.0 AppleWebKit/537.36 (KHTML, like Gecko; compatible; Amazonbot/0.1; +https://developer.amazon.com/support/amazonbot) Chrome/119.0.6045.214 Safari/537.36"
100.29.34.97 - - [09/Sep/2025:05:52:40 +0700] "GET /transforming-online-conversations-omegles-next-big-step/ HTTP/1.0" 200 89808 "-" "Mozilla/5.0 AppleWebKit/537.36 (KHTML, like Gecko; compatible; Amazonbot/0.1; +https://developer.amazon.com/support/amazonbot) Chrome/119.0.6045.214 Safari/537.36"
