20.171.207.39 - - [09/Sep/2025:06:02:08 +0700] "GET /the-psychology-behind-omegles-social-experiment/ HTTP/1.0" 200 90753 "-" "Mozilla/5.0 AppleWebKit/537.36 (KHTML, like Gecko; compatible; GPTBot/1.2; +https://openai.com/gptbot)"
45.117.177.72 - - [09/Sep/2025:06:02:19 +0700] "POST /wp-cron.php?doing_wp_cron=1757372539.2924840450286865234375 HTTP/1.0" 200 416 "-" "WordPress/6.8.1; https://vattusacky.vn"
20.171.207.39 - - [09/Sep/2025:06:02:18 +0700] "GET /celebrating-diversity-on-omegles-global-platform/ HTTP/1.0" 200 90047 "-" "Mozilla/5.0 AppleWebKit/537.36 (KHTML, like Gecko; compatible; GPTBot/1.2; +https://openai.com/gptbot)"
20.171.207.39 - - [09/Sep/2025:06:02:36 +0700] "GET /unforgettable-omegle-fails-and-lol-worthy-conversations/ HTTP/1.0" 200 89625 "-" "Mozilla/5.0 AppleWebKit/537.36 (KHTML, like Gecko; compatible; GPTBot/1.2; +https://openai.com/gptbot)"
20.171.207.39 - - [09/Sep/2025:06:02:44 +0700] "GET /?p=2736 HTTP/1.0" 301 492 "-" "Mozilla/5.0 AppleWebKit/537.36 (KHTML, like Gecko; compatible; GPTBot/1.2; +https://openai.com/gptbot)"
20.171.207.39 - - [09/Sep/2025:06:02:46 +0700] "GET /how-to-mine-ethereum-step-by-step-guide-updated/ HTTP/1.0" 200 352570 "-" "Mozilla/5.0 AppleWebKit/537.36 (KHTML, like Gecko; compatible; GPTBot/1.2; +https://openai.com/gptbot)"
20.171.207.39 - - [09/Sep/2025:06:02:51 +0700] "GET /the-very-best-places-for-the-purpose-of-dating-in-arizona/ HTTP/1.0" 200 208275 "-" "Mozilla/5.0 AppleWebKit/537.36 (KHTML, like Gecko; compatible; GPTBot/1.2; +https://openai.com/gptbot)"
216.73.216.162 - - [09/Sep/2025:06:02:53 +0700] "GET /improving-random-pairings-on-omegle-suggestions-and-solutions/feed HTTP/1.0" 301 755 "-" "Mozilla/5.0 AppleWebKit/537.36 (KHTML, like Gecko; compatible; ClaudeBot/1.0; +claudebot@anthropic.com)"
216.73.216.162 - - [09/Sep/2025:06:02:53 +0700] "GET /?p=7109 HTTP/1.0" 301 652 "-" "Mozilla/5.0 AppleWebKit/537.36 (KHTML, like Gecko; compatible; ClaudeBot/1.0; +claudebot@anthropic.com)"
216.73.216.162 - - [09/Sep/2025:06:02:54 +0700] "GET /improving-random-pairings-on-omegle-suggestions-and-solutions/feed/ HTTP/1.0" 200 1634 "https://vattusacky.vn/improving-random-pairings-on-omegle-suggestions-and-solutions/feed" "Mozilla/5.0 AppleWebKit/537.36 (KHTML, like Gecko; compatible; ClaudeBot/1.0; +claudebot@anthropic.com)"
216.73.216.162 - - [09/Sep/2025:06:02:54 +0700] "GET /improving-random-pairings-on-omegle-suggestions-and-solutions/ HTTP/1.0" 200 91700 "https://vattusacky.vn/?p=7109" "Mozilla/5.0 AppleWebKit/537.36 (KHTML, like Gecko; compatible; ClaudeBot/1.0; +claudebot@anthropic.com)"
20.171.207.39 - - [09/Sep/2025:06:02:58 +0700] "GET /omegle-filters-customizing-your-chat-experience/ HTTP/1.0" 200 92164 "-" "Mozilla/5.0 AppleWebKit/537.36 (KHTML, like Gecko; compatible; GPTBot/1.2; +https://openai.com/gptbot)"
20.171.207.39 - - [09/Sep/2025:06:03:07 +0700] "GET /?p=8466 HTTP/1.0" 301 500 "-" "Mozilla/5.0 AppleWebKit/537.36 (KHTML, like Gecko; compatible; GPTBot/1.2; +https://openai.com/gptbot)"
20.171.207.39 - - [09/Sep/2025:06:03:08 +0700] "GET /the-future-of-cybertherapy-innovations-and-advancements/ HTTP/1.0" 200 93571 "-" "Mozilla/5.0 AppleWebKit/537.36 (KHTML, like Gecko; compatible; GPTBot/1.2; +https://openai.com/gptbot)"
20.171.207.39 - - [09/Sep/2025:06:03:15 +0700] "GET /?p=4628 HTTP/1.0" 301 499 "-" "Mozilla/5.0 AppleWebKit/537.36 (KHTML, like Gecko; compatible; GPTBot/1.2; +https://openai.com/gptbot)"
45.117.177.72 - - [09/Sep/2025:06:03:18 +0700] "POST /wp-cron.php?doing_wp_cron=1757372598.1946799755096435546875 HTTP/1.0" 200 416 "-" "WordPress/6.8.1; https://vattusacky.vn"
20.171.207.39 - - [09/Sep/2025:06:03:16 +0700] "GET /reach-a-large-consumer-bottom-with-google-android-apps/ HTTP/1.0" 200 205525 "-" "Mozilla/5.0 AppleWebKit/537.36 (KHTML, like Gecko; compatible; GPTBot/1.2; +https://openai.com/gptbot)"
20.171.207.39 - - [09/Sep/2025:06:03:25 +0700] "GET /how-omegles-social-experiment-impacts-individual-lives/ HTTP/1.0" 200 91060 "-" "Mozilla/5.0 AppleWebKit/537.36 (KHTML, like Gecko; compatible; GPTBot/1.2; +https://openai.com/gptbot)"
20.171.207.39 - - [09/Sep/2025:06:03:32 +0700] "GET /?p=5165 HTTP/1.0" 301 491 "-" "Mozilla/5.0 AppleWebKit/537.36 (KHTML, like Gecko; compatible; GPTBot/1.2; +https://openai.com/gptbot)"
20.171.207.39 - - [09/Sep/2025:06:03:33 +0700] "GET /what-alberto-savoia-can-teach-you-about-casino/ HTTP/1.0" 200 96153 "-" "Mozilla/5.0 AppleWebKit/537.36 (KHTML, like Gecko; compatible; GPTBot/1.2; +https://openai.com/gptbot)"
20.171.207.39 - - [09/Sep/2025:06:03:43 +0700] "GET /?p=5083 HTTP/1.0" 301 490 "-" "Mozilla/5.0 AppleWebKit/537.36 (KHTML, like Gecko; compatible; GPTBot/1.2; +https://openai.com/gptbot)"
20.171.207.39 - - [09/Sep/2025:06:03:44 +0700] "GET /plinko-onlajn-igra-otzyvy-igrokov-o-zarabotke/ HTTP/1.0" 200 235665 "-" "Mozilla/5.0 AppleWebKit/537.36 (KHTML, like Gecko; compatible; GPTBot/1.2; +https://openai.com/gptbot)"
20.171.207.39 - - [09/Sep/2025:06:03:52 +0700] "GET /?p=8747 HTTP/1.0" 301 492 "-" "Mozilla/5.0 AppleWebKit/537.36 (KHTML, like Gecko; compatible; GPTBot/1.2; +https://openai.com/gptbot)"
20.171.207.39 - - [09/Sep/2025:06:03:53 +0700] "GET /the-psychology-behind-omegles-social-experiment/ HTTP/1.0" 200 90753 "-" "Mozilla/5.0 AppleWebKit/537.36 (KHTML, like Gecko; compatible; GPTBot/1.2; +https://openai.com/gptbot)"
20.171.207.39 - - [09/Sep/2025:06:04:02 +0700] "GET /?p=6324 HTTP/1.0" 301 493 "-" "Mozilla/5.0 AppleWebKit/537.36 (KHTML, like Gecko; compatible; GPTBot/1.2; +https://openai.com/gptbot)"
20.171.207.39 - - [09/Sep/2025:06:04:03 +0700] "GET /celebrating-diversity-on-omegles-global-platform/ HTTP/1.0" 200 90047 "-" "Mozilla/5.0 AppleWebKit/537.36 (KHTML, like Gecko; compatible; GPTBot/1.2; +https://openai.com/gptbot)"
20.171.207.39 - - [09/Sep/2025:06:04:11 +0700] "GET /?p=9105 HTTP/1.0" 301 500 "-" "Mozilla/5.0 AppleWebKit/537.36 (KHTML, like Gecko; compatible; GPTBot/1.2; +https://openai.com/gptbot)"
20.171.207.39 - - [09/Sep/2025:06:04:12 +0700] "GET /unforgettable-omegle-fails-and-lol-worthy-conversations/ HTTP/1.0" 200 89625 "-" "Mozilla/5.0 AppleWebKit/537.36 (KHTML, like Gecko; compatible; GPTBot/1.2; +https://openai.com/gptbot)"
45.117.177.72 - - [09/Sep/2025:06:04:22 +0700] "POST /wp-cron.php?doing_wp_cron=1757372662.7691190242767333984375 HTTP/1.0" 200 416 "-" "WordPress/6.8.1; https://vattusacky.vn"
20.171.207.39 - - [09/Sep/2025:06:04:21 +0700] "GET /navigating-emotional-vulnerability-in-omegle-therapy-sessions/ HTTP/1.0" 200 92420 "-" "Mozilla/5.0 AppleWebKit/537.36 (KHTML, like Gecko; compatible; GPTBot/1.2; +https://openai.com/gptbot)"
20.171.207.39 - - [09/Sep/2025:06:04:31 +0700] "GET /reducing-social-isolation-through-omegle-therapy/ HTTP/1.0" 403 610 "-" "Mozilla/5.0 AppleWebKit/537.36 (KHTML, like Gecko; compatible; GPTBot/1.2; +https://openai.com/gptbot)"
20.171.207.39 - - [09/Sep/2025:06:04:38 +0700] "GET /omegles-userbase-whos-using-the-platform/ HTTP/1.0" 200 88387 "-" "Mozilla/5.0 AppleWebKit/537.36 (KHTML, like Gecko; compatible; GPTBot/1.2; +https://openai.com/gptbot)"
20.171.207.39 - - [09/Sep/2025:06:04:47 +0700] "GET /unveiling-the-mysterious-world-of-omegle/ HTTP/1.0" 200 89721 "-" "Mozilla/5.0 AppleWebKit/537.36 (KHTML, like Gecko; compatible; GPTBot/1.2; +https://openai.com/gptbot)"
20.171.207.39 - - [09/Sep/2025:06:04:56 +0700] "GET /?p=7617 HTTP/1.0" 301 492 "-" "Mozilla/5.0 AppleWebKit/537.36 (KHTML, like Gecko; compatible; GPTBot/1.2; +https://openai.com/gptbot)"
20.171.207.39 - - [09/Sep/2025:06:04:58 +0700] "GET /omegle-filters-customizing-your-chat-experience/ HTTP/1.0" 200 92164 "-" "Mozilla/5.0 AppleWebKit/537.36 (KHTML, like Gecko; compatible; GPTBot/1.2; +https://openai.com/gptbot)"
20.171.207.39 - - [09/Sep/2025:06:05:03 +0700] "GET /overcoming-loneliness-and-isolation-through-omegle-chronicles/ HTTP/1.0" 200 90415 "-" "Mozilla/5.0 AppleWebKit/537.36 (KHTML, like Gecko; compatible; GPTBot/1.2; +https://openai.com/gptbot)"
20.171.207.39 - - [09/Sep/2025:06:05:09 +0700] "GET /?p=7045 HTTP/1.0" 301 499 "-" "Mozilla/5.0 AppleWebKit/537.36 (KHTML, like Gecko; compatible; GPTBot/1.2; +https://openai.com/gptbot)"
20.171.207.39 - - [09/Sep/2025:06:05:11 +0700] "GET /how-omegles-social-experiment-impacts-individual-lives/ HTTP/1.0" 200 91060 "-" "Mozilla/5.0 AppleWebKit/537.36 (KHTML, like Gecko; compatible; GPTBot/1.2; +https://openai.com/gptbot)"
45.117.177.72 - - [09/Sep/2025:06:05:20 +0700] "POST /wp-cron.php?doing_wp_cron=1757372719.9252350330352783203125 HTTP/1.0" 200 416 "-" "WordPress/6.8.1; https://vattusacky.vn"
20.171.207.39 - - [09/Sep/2025:06:05:18 +0700] "GET /?p=2222 HTTP/1.0" 301 502 "-" "Mozilla/5.0 AppleWebKit/537.36 (KHTML, like Gecko; compatible; GPTBot/1.2; +https://openai.com/gptbot)"
20.171.207.39 - - [09/Sep/2025:06:05:20 +0700] "GET /the-very-best-places-for-the-purpose-of-dating-in-arizona/ HTTP/1.0" 200 208275 "-" "Mozilla/5.0 AppleWebKit/537.36 (KHTML, like Gecko; compatible; GPTBot/1.2; +https://openai.com/gptbot)"
20.171.207.39 - - [09/Sep/2025:06:05:25 +0700] "GET /how-do-i-play-free-casino-slot-games/ HTTP/1.0" 200 243976 "-" "Mozilla/5.0 AppleWebKit/537.36 (KHTML, like Gecko; compatible; GPTBot/1.2; +https://openai.com/gptbot)"
216.73.216.162 - - [09/Sep/2025:06:05:27 +0700] "GET /introduction-to-omegle-and-ometv HTTP/1.0" 301 623 "-" "Mozilla/5.0 AppleWebKit/537.36 (KHTML, like Gecko; compatible; ClaudeBot/1.0; +claudebot@anthropic.com)"
216.73.216.162 - - [09/Sep/2025:06:05:27 +0700] "GET /improving-your-chances-of-finding-quality-connections-on-omegle/feed HTTP/1.0" 301 757 "-" "Mozilla/5.0 AppleWebKit/537.36 (KHTML, like Gecko; compatible; ClaudeBot/1.0; +claudebot@anthropic.com)"
216.73.216.162 - - [09/Sep/2025:06:05:28 +0700] "GET /introduction-to-omegle-and-ometv/ HTTP/1.0" 200 88719 "https://vattusacky.vn/introduction-to-omegle-and-ometv" "Mozilla/5.0 AppleWebKit/537.36 (KHTML, like Gecko; compatible; ClaudeBot/1.0; +claudebot@anthropic.com)"
216.73.216.162 - - [09/Sep/2025:06:05:28 +0700] "GET /improving-your-chances-of-finding-quality-connections-on-omegle/feed/ HTTP/1.0" 200 1640 "https://vattusacky.vn/improving-your-chances-of-finding-quality-connections-on-omegle/feed" "Mozilla/5.0 AppleWebKit/537.36 (KHTML, like Gecko; compatible; ClaudeBot/1.0; +claudebot@anthropic.com)"
216.73.216.162 - - [09/Sep/2025:06:05:31 +0700] "GET /improving-language-skills-omegles-video-chat-language-learning-potential/feed HTTP/1.0" 301 620 "-" "Mozilla/5.0 AppleWebKit/537.36 (KHTML, like Gecko; compatible; ClaudeBot/1.0; +claudebot@anthropic.com)"
216.73.216.162 - - [09/Sep/2025:06:05:31 +0700] "GET /introduction-to-omegles-algorithm HTTP/1.0" 301 478 "-" "Mozilla/5.0 AppleWebKit/537.36 (KHTML, like Gecko; compatible; ClaudeBot/1.0; +claudebot@anthropic.com)"
216.73.216.162 - - [09/Sep/2025:06:05:32 +0700] "GET /improving-language-skills-omegles-video-chat-language-learning-potential/feed/ HTTP/1.0" 200 1667 "https://vattusacky.vn/improving-language-skills-omegles-video-chat-language-learning-potential/feed" "Mozilla/5.0 AppleWebKit/537.36 (KHTML, like Gecko; compatible; ClaudeBot/1.0; +claudebot@anthropic.com)"
216.73.216.162 - - [09/Sep/2025:06:05:33 +0700] "GET /introduction-to-omegles-algorithm/ HTTP/1.0" 200 88443 "https://vattusacky.vn/introduction-to-omegles-algorithm" "Mozilla/5.0 AppleWebKit/537.36 (KHTML, like Gecko; compatible; ClaudeBot/1.0; +claudebot@anthropic.com)"
20.171.207.39 - - [09/Sep/2025:06:05:33 +0700] "GET /building-a-responsible-online-community-on-ometv HTTP/1.0" 301 493 "-" "Mozilla/5.0 AppleWebKit/537.36 (KHTML, like Gecko; compatible; GPTBot/1.2; +https://openai.com/gptbot)"
20.171.207.39 - - [09/Sep/2025:06:05:35 +0700] "GET /building-a-responsible-online-community-on-ometv/ HTTP/1.0" 200 92635 "-" "Mozilla/5.0 AppleWebKit/537.36 (KHTML, like Gecko; compatible; GPTBot/1.2; +https://openai.com/gptbot)"
20.171.207.39 - - [09/Sep/2025:06:05:41 +0700] "GET /vzjat-onlajn-zajm-bez-propiski-v-pasporte HTTP/1.0" 301 486 "-" "Mozilla/5.0 AppleWebKit/537.36 (KHTML, like Gecko; compatible; GPTBot/1.2; +https://openai.com/gptbot)"
20.171.207.39 - - [09/Sep/2025:06:05:42 +0700] "GET /vzjat-onlajn-zajm-bez-propiski-v-pasporte/ HTTP/1.0" 200 231853 "-" "Mozilla/5.0 AppleWebKit/537.36 (KHTML, like Gecko; compatible; GPTBot/1.2; +https://openai.com/gptbot)"
20.171.207.39 - - [09/Sep/2025:06:05:49 +0700] "GET /?p=7236 HTTP/1.0" 301 506 "-" "Mozilla/5.0 AppleWebKit/537.36 (KHTML, like Gecko; compatible; GPTBot/1.2; +https://openai.com/gptbot)"
20.171.207.39 - - [09/Sep/2025:06:05:50 +0700] "GET /navigating-emotional-vulnerability-in-omegle-therapy-sessions/ HTTP/1.0" 200 92420 "-" "Mozilla/5.0 AppleWebKit/537.36 (KHTML, like Gecko; compatible; GPTBot/1.2; +https://openai.com/gptbot)"
20.171.207.39 - - [09/Sep/2025:06:05:58 +0700] "GET /?p=3942 HTTP/1.0" 301 435 "-" "Mozilla/5.0 AppleWebKit/537.36 (KHTML, like Gecko; compatible; GPTBot/1.2; +https://openai.com/gptbot)"
20.171.207.39 - - [09/Sep/2025:06:06:00 +0700] "GET /how-do-i-play-free-casino-slot-games/ HTTP/1.0" 200 243976 "-" "Mozilla/5.0 AppleWebKit/537.36 (KHTML, like Gecko; compatible; GPTBot/1.2; +https://openai.com/gptbot)"
20.171.207.39 - - [09/Sep/2025:06:06:07 +0700] "GET /mobile-casino-slots-play-n-move-at-any-time-you-want/ HTTP/1.0" 200 207569 "-" "Mozilla/5.0 AppleWebKit/537.36 (KHTML, like Gecko; compatible; GPTBot/1.2; +https://openai.com/gptbot)"
20.171.207.39 - - [09/Sep/2025:06:06:14 +0700] "GET /?p=7989 HTTP/1.0" 301 485 "-" "Mozilla/5.0 AppleWebKit/537.36 (KHTML, like Gecko; compatible; GPTBot/1.2; +https://openai.com/gptbot)"
45.117.177.72 - - [09/Sep/2025:06:06:17 +0700] "POST /wp-cron.php?doing_wp_cron=1757372777.0719289779663085937500 HTTP/1.0" 200 416 "-" "WordPress/6.8.1; https://vattusacky.vn"
20.171.207.39 - - [09/Sep/2025:06:06:15 +0700] "GET /omegles-userbase-whos-using-the-platform/ HTTP/1.0" 200 88387 "-" "Mozilla/5.0 AppleWebKit/537.36 (KHTML, like Gecko; compatible; GPTBot/1.2; +https://openai.com/gptbot)"
85.208.96.210 - - [09/Sep/2025:06:06:23 +0700] "GET /ways-to-be-a-better-husband-emotionally/ HTTP/1.0" 200 73028 "-" "Mozilla/5.0 (compatible; SemrushBot/7~bl; +http://www.semrush.com/bot.html)"
20.171.207.39 - - [09/Sep/2025:06:06:25 +0700] "GET /?p=9165 HTTP/1.0" 301 485 "-" "Mozilla/5.0 AppleWebKit/537.36 (KHTML, like Gecko; compatible; GPTBot/1.2; +https://openai.com/gptbot)"
20.171.207.39 - - [09/Sep/2025:06:06:26 +0700] "GET /unveiling-the-mysterious-world-of-omegle/ HTTP/1.0" 200 89721 "-" "Mozilla/5.0 AppleWebKit/537.36 (KHTML, like Gecko; compatible; GPTBot/1.2; +https://openai.com/gptbot)"
20.171.207.39 - - [09/Sep/2025:06:06:36 +0700] "GET /psychological-effects-of-omegle-on-users/ HTTP/1.0" 200 91234 "-" "Mozilla/5.0 AppleWebKit/537.36 (KHTML, like Gecko; compatible; GPTBot/1.2; +https://openai.com/gptbot)"
20.171.207.39 - - [09/Sep/2025:06:06:45 +0700] "GET /vzjat-onlajn-zajm-bez-propiski-v-pasporte/feed/ HTTP/1.0" 200 1609 "-" "Mozilla/5.0 AppleWebKit/537.36 (KHTML, like Gecko; compatible; GPTBot/1.2; +https://openai.com/gptbot)"
20.171.207.39 - - [09/Sep/2025:06:06:52 +0700] "GET /?p=8029 HTTP/1.0" 301 506 "-" "Mozilla/5.0 AppleWebKit/537.36 (KHTML, like Gecko; compatible; GPTBot/1.2; +https://openai.com/gptbot)"
20.171.207.39 - - [09/Sep/2025:06:06:53 +0700] "GET /overcoming-loneliness-and-isolation-through-omegle-chronicles/ HTTP/1.0" 200 90415 "-" "Mozilla/5.0 AppleWebKit/537.36 (KHTML, like Gecko; compatible; GPTBot/1.2; +https://openai.com/gptbot)"
20.171.207.39 - - [09/Sep/2025:06:07:01 +0700] "GET /the-random-factor-unveiling-the-pleasures-of-omegles-random-encounters/ HTTP/1.0" 200 91404 "-" "Mozilla/5.0 AppleWebKit/537.36 (KHTML, like Gecko; compatible; GPTBot/1.2; +https://openai.com/gptbot)"
20.171.207.39 - - [09/Sep/2025:06:07:06 +0700] "GET /loantienonl-review-https-vaysite-com-app-vay-tien-vamo-app/ HTTP/1.0" 200 206534 "-" "Mozilla/5.0 AppleWebKit/537.36 (KHTML, like Gecko; compatible; GPTBot/1.2; +https://openai.com/gptbot)"
20.171.207.39 - - [09/Sep/2025:06:07:14 +0700] "GET /omegle-and-ometv-for-virtual-internships/ HTTP/1.0" 200 89746 "-" "Mozilla/5.0 AppleWebKit/537.36 (KHTML, like Gecko; compatible; GPTBot/1.2; +https://openai.com/gptbot)"
45.117.177.72 - - [09/Sep/2025:06:07:22 +0700] "POST /wp-cron.php?doing_wp_cron=1757372841.7690320014953613281250 HTTP/1.0" 200 416 "-" "WordPress/6.8.1; https://vattusacky.vn"
20.171.207.39 - - [09/Sep/2025:06:07:20 +0700] "GET /?p=3678 HTTP/1.0" 301 486 "-" "Mozilla/5.0 AppleWebKit/537.36 (KHTML, like Gecko; compatible; GPTBot/1.2; +https://openai.com/gptbot)"
20.171.207.39 - - [09/Sep/2025:06:07:22 +0700] "GET /vzjat-onlajn-zajm-bez-propiski-v-pasporte/ HTTP/1.0" 200 231707 "-" "Mozilla/5.0 AppleWebKit/537.36 (KHTML, like Gecko; compatible; GPTBot/1.2; +https://openai.com/gptbot)"
20.171.207.39 - - [09/Sep/2025:06:07:29 +0700] "GET /alcoholic-liver-disease-symptoms-treatment-and/ HTTP/1.0" 200 210615 "-" "Mozilla/5.0 AppleWebKit/537.36 (KHTML, like Gecko; compatible; GPTBot/1.2; +https://openai.com/gptbot)"
20.171.207.39 - - [09/Sep/2025:06:07:37 +0700] "GET /omegle-vs-other-online-communication-platforms/ HTTP/1.0" 200 90265 "-" "Mozilla/5.0 AppleWebKit/537.36 (KHTML, like Gecko; compatible; GPTBot/1.2; +https://openai.com/gptbot)"
20.171.207.39 - - [09/Sep/2025:06:07:47 +0700] "GET /?p=8774 HTTP/1.0" 301 515 "-" "Mozilla/5.0 AppleWebKit/537.36 (KHTML, like Gecko; compatible; GPTBot/1.2; +https://openai.com/gptbot)"
20.171.207.39 - - [09/Sep/2025:06:07:48 +0700] "GET /the-random-factor-unveiling-the-pleasures-of-omegles-random-encounters/ HTTP/1.0" 200 91404 "-" "Mozilla/5.0 AppleWebKit/537.36 (KHTML, like Gecko; compatible; GPTBot/1.2; +https://openai.com/gptbot)"
20.171.207.39 - - [09/Sep/2025:06:07:57 +0700] "GET /unexpected-connections-heartwarming-stories-from-omegle-and-ometv/ HTTP/1.0" 200 91459 "-" "Mozilla/5.0 AppleWebKit/537.36 (KHTML, like Gecko; compatible; GPTBot/1.2; +https://openai.com/gptbot)"
20.171.207.39 - - [09/Sep/2025:06:08:04 +0700] "GET /omegle-and-cultural-exchange-discovering-new-perspectives/ HTTP/1.0" 200 90164 "-" "Mozilla/5.0 AppleWebKit/537.36 (KHTML, like Gecko; compatible; GPTBot/1.2; +https://openai.com/gptbot)"
216.73.216.162 - - [09/Sep/2025:06:08:11 +0700] "GET /inappropriate-content-on-omegle/feed HTTP/1.0" 301 725 "-" "Mozilla/5.0 AppleWebKit/537.36 (KHTML, like Gecko; compatible; ClaudeBot/1.0; +claudebot@anthropic.com)"
216.73.216.162 - - [09/Sep/2025:06:08:11 +0700] "GET /introduction-to-omegle-the-serendipitous-chatting-platform HTTP/1.0" 301 649 "-" "Mozilla/5.0 AppleWebKit/537.36 (KHTML, like Gecko; compatible; ClaudeBot/1.0; +claudebot@anthropic.com)"
20.171.207.39 - - [09/Sep/2025:06:08:11 +0700] "GET /?p=2264 HTTP/1.0" 301 491 "-" "Mozilla/5.0 AppleWebKit/537.36 (KHTML, like Gecko; compatible; GPTBot/1.2; +https://openai.com/gptbot)"
216.73.216.162 - - [09/Sep/2025:06:08:12 +0700] "GET /inappropriate-content-on-omegle/feed/ HTTP/1.0" 200 1544 "https://vattusacky.vn/inappropriate-content-on-omegle/feed" "Mozilla/5.0 AppleWebKit/537.36 (KHTML, like Gecko; compatible; ClaudeBot/1.0; +claudebot@anthropic.com)"
216.73.216.162 - - [09/Sep/2025:06:08:13 +0700] "GET /introduction-to-omegle-the-serendipitous-chatting-platform/ HTTP/1.0" 200 89973 "https://vattusacky.vn/introduction-to-omegle-the-serendipitous-chatting-platform" "Mozilla/5.0 AppleWebKit/537.36 (KHTML, like Gecko; compatible; ClaudeBot/1.0; +claudebot@anthropic.com)"
20.171.207.39 - - [09/Sep/2025:06:08:13 +0700] "GET /alcoholic-liver-disease-symptoms-treatment-and/ HTTP/1.0" 200 210615 "-" "Mozilla/5.0 AppleWebKit/537.36 (KHTML, like Gecko; compatible; GPTBot/1.2; +https://openai.com/gptbot)"
216.73.216.162 - - [09/Sep/2025:06:08:14 +0700] "GET /?p=7112 HTTP/1.0" 301 475 "-" "Mozilla/5.0 AppleWebKit/537.36 (KHTML, like Gecko; compatible; ClaudeBot/1.0; +claudebot@anthropic.com)"
216.73.216.162 - - [09/Sep/2025:06:08:15 +0700] "GET /introduction-to-omegle HTTP/1.0" 301 467 "-" "Mozilla/5.0 AppleWebKit/537.36 (KHTML, like Gecko; compatible; ClaudeBot/1.0; +claudebot@anthropic.com)"
45.117.177.72 - - [09/Sep/2025:06:08:17 +0700] "POST /wp-cron.php?doing_wp_cron=1757372897.6849150657653808593750 HTTP/1.0" 200 416 "-" "WordPress/6.8.1; https://vattusacky.vn"
216.73.216.162 - - [09/Sep/2025:06:08:16 +0700] "GET /introduction-to-omegle/ HTTP/1.0" 200 85727 "https://vattusacky.vn/introduction-to-omegle" "Mozilla/5.0 AppleWebKit/537.36 (KHTML, like Gecko; compatible; ClaudeBot/1.0; +claudebot@anthropic.com)"
216.73.216.162 - - [09/Sep/2025:06:08:16 +0700] "GET /inappropriate-content-on-ometv/ HTTP/1.0" 200 87409 "https://vattusacky.vn/?p=7112" "Mozilla/5.0 AppleWebKit/537.36 (KHTML, like Gecko; compatible; ClaudeBot/1.0; +claudebot@anthropic.com)"
20.171.207.39 - - [09/Sep/2025:06:08:20 +0700] "GET /?p=7437 HTTP/1.0" 301 485 "-" "Mozilla/5.0 AppleWebKit/537.36 (KHTML, like Gecko; compatible; GPTBot/1.2; +https://openai.com/gptbot)"
20.171.207.39 - - [09/Sep/2025:06:08:22 +0700] "GET /omegle-and-ometv-for-virtual-internships/ HTTP/1.0" 200 89746 "-" "Mozilla/5.0 AppleWebKit/537.36 (KHTML, like Gecko; compatible; GPTBot/1.2; +https://openai.com/gptbot)"
20.171.207.39 - - [09/Sep/2025:06:08:30 +0700] "GET /tradeallcrypto-srok-zaprosa-istek-nachalo-raboty-s/ HTTP/1.0" 200 299951 "-" "Mozilla/5.0 AppleWebKit/537.36 (KHTML, like Gecko; compatible; GPTBot/1.2; +https://openai.com/gptbot)"
20.171.207.39 - - [09/Sep/2025:06:08:37 +0700] "GET /?p=8117 HTTP/1.0" 301 485 "-" "Mozilla/5.0 AppleWebKit/537.36 (KHTML, like Gecko; compatible; GPTBot/1.2; +https://openai.com/gptbot)"
20.171.207.39 - - [09/Sep/2025:06:08:39 +0700] "GET /psychological-effects-of-omegle-on-users/ HTTP/1.0" 200 91234 "-" "Mozilla/5.0 AppleWebKit/537.36 (KHTML, like Gecko; compatible; GPTBot/1.2; +https://openai.com/gptbot)"
45.117.177.72 - - [09/Sep/2025:06:08:47 +0700] "POST /wp-cron.php?doing_wp_cron=1757372927.8200309276580810546875 HTTP/1.0" 200 416 "-" "WordPress/6.8.1; https://vattusacky.vn"
20.171.207.39 - - [09/Sep/2025:06:08:46 +0700] "GET /?p=3940 HTTP/1.0" 301 451 "-" "Mozilla/5.0 AppleWebKit/537.36 (KHTML, like Gecko; compatible; GPTBot/1.2; +https://openai.com/gptbot)"
20.171.207.39 - - [09/Sep/2025:06:08:48 +0700] "GET /mobile-casino-slots-play-n-move-at-any-time-you-want/ HTTP/1.0" 200 207598 "-" "Mozilla/5.0 AppleWebKit/537.36 (KHTML, like Gecko; compatible; GPTBot/1.2; +https://openai.com/gptbot)"
45.117.177.72 - - [09/Sep/2025:06:08:58 +0700] "POST /wp-cron.php?doing_wp_cron=1757372938.4687991142272949218750 HTTP/1.0" 200 416 "-" "WordPress/6.8.1; https://vattusacky.vn"
20.171.207.39 - - [09/Sep/2025:06:08:57 +0700] "GET /outstanding-relationship-that-means-if-you-should-move-into-an-exclusive-relationship/ HTTP/1.0" 200 207932 "-" "Mozilla/5.0 AppleWebKit/537.36 (KHTML, like Gecko; compatible; GPTBot/1.2; +https://openai.com/gptbot)"
216.73.216.162 - - [09/Sep/2025:06:09:00 +0700] "GET /?p=7107 HTTP/1.0" 301 657 "-" "Mozilla/5.0 AppleWebKit/537.36 (KHTML, like Gecko; compatible; ClaudeBot/1.0; +claudebot@anthropic.com)"
216.73.216.162 - - [09/Sep/2025:06:09:00 +0700] "GET /illuminating-the-risks-of-omegle-tips-for-a-safer-internet-experience/feed HTTP/1.0" 301 763 "-" "Mozilla/5.0 AppleWebKit/537.36 (KHTML, like Gecko; compatible; ClaudeBot/1.0; +claudebot@anthropic.com)"
216.73.216.162 - - [09/Sep/2025:06:09:02 +0700] "GET /illuminating-the-risks-of-omegle-tips-for-a-safer-internet-experience/feed/ HTTP/1.0" 200 1658 "https://vattusacky.vn/illuminating-the-risks-of-omegle-tips-for-a-safer-internet-experience/feed" "Mozilla/5.0 AppleWebKit/537.36 (KHTML, like Gecko; compatible; ClaudeBot/1.0; +claudebot@anthropic.com)"
216.73.216.162 - - [09/Sep/2025:06:09:02 +0700] "GET /impact-of-omegle-addiction-on-mental-health-consequences-and-risks/ HTTP/1.0" 200 92261 "https://vattusacky.vn/?p=7107" "Mozilla/5.0 AppleWebKit/537.36 (KHTML, like Gecko; compatible; ClaudeBot/1.0; +claudebot@anthropic.com)"
216.73.216.162 - - [09/Sep/2025:06:09:03 +0700] "GET /?p=7108 HTTP/1.0" 301 517 "-" "Mozilla/5.0 AppleWebKit/537.36 (KHTML, like Gecko; compatible; ClaudeBot/1.0; +claudebot@anthropic.com)"
20.171.207.39 - - [09/Sep/2025:06:09:04 +0700] "GET /?p=7795 HTTP/1.0" 301 491 "-" "Mozilla/5.0 AppleWebKit/537.36 (KHTML, like Gecko; compatible; GPTBot/1.2; +https://openai.com/gptbot)"
216.73.216.162 - - [09/Sep/2025:06:09:04 +0700] "GET /?p=7113 HTTP/1.0" 301 497 "-" "Mozilla/5.0 AppleWebKit/537.36 (KHTML, like Gecko; compatible; ClaudeBot/1.0; +claudebot@anthropic.com)"
20.171.207.39 - - [09/Sep/2025:06:09:05 +0700] "GET /omegle-vs-other-online-communication-platforms/ HTTP/1.0" 200 90265 "-" "Mozilla/5.0 AppleWebKit/537.36 (KHTML, like Gecko; compatible; GPTBot/1.2; +https://openai.com/gptbot)"
216.73.216.162 - - [09/Sep/2025:06:09:05 +0700] "GET /improving-language-skills-omegles-video-chat-language-learning-potential/ HTTP/1.0" 200 92128 "https://vattusacky.vn/?p=7108" "Mozilla/5.0 AppleWebKit/537.36 (KHTML, like Gecko; compatible; ClaudeBot/1.0; +claudebot@anthropic.com)"
216.73.216.162 - - [09/Sep/2025:06:09:05 +0700] "GET /innovating-online-conversations-omegles-next-chapter/ HTTP/1.0" 200 90240 "https://vattusacky.vn/?p=7113" "Mozilla/5.0 AppleWebKit/537.36 (KHTML, like Gecko; compatible; ClaudeBot/1.0; +claudebot@anthropic.com)"
20.171.207.39 - - [09/Sep/2025:06:09:12 +0700] "GET /vzjat-onlajn-zajm-bez-propiski-v-pasporte/ HTTP/1.0" 200 231707 "-" "Mozilla/5.0 AppleWebKit/537.36 (KHTML, like Gecko; compatible; GPTBot/1.2; +https://openai.com/gptbot)"
45.117.177.72 - - [09/Sep/2025:06:09:24 +0700] "POST /wp-cron.php?doing_wp_cron=1757372964.3426830768585205078125 HTTP/1.0" 200 416 "-" "WordPress/6.8.1; https://vattusacky.vn"
20.171.207.39 - - [09/Sep/2025:06:09:23 +0700] "GET /?p=9088 HTTP/1.0" 301 510 "-" "Mozilla/5.0 AppleWebKit/537.36 (KHTML, like Gecko; compatible; GPTBot/1.2; +https://openai.com/gptbot)"
20.171.207.39 - - [09/Sep/2025:06:09:24 +0700] "GET /unexpected-connections-heartwarming-stories-from-omegle-and-ometv/ HTTP/1.0" 200 91459 "-" "Mozilla/5.0 AppleWebKit/537.36 (KHTML, like Gecko; compatible; GPTBot/1.2; +https://openai.com/gptbot)"
20.171.207.39 - - [09/Sep/2025:06:09:31 +0700] "GET /?p=2537 HTTP/1.0" 301 495 "-" "Mozilla/5.0 AppleWebKit/537.36 (KHTML, like Gecko; compatible; GPTBot/1.2; +https://openai.com/gptbot)"
20.171.207.39 - - [09/Sep/2025:06:09:33 +0700] "GET /tradeallcrypto-srok-zaprosa-istek-nachalo-raboty-s/ HTTP/1.0" 200 299922 "-" "Mozilla/5.0 AppleWebKit/537.36 (KHTML, like Gecko; compatible; GPTBot/1.2; +https://openai.com/gptbot)"
20.171.207.39 - - [09/Sep/2025:06:09:48 +0700] "GET /navigating-cultural-differences-on-omegles-social-experiment/ HTTP/1.0" 200 93688 "-" "Mozilla/5.0 AppleWebKit/537.36 (KHTML, like Gecko; compatible; GPTBot/1.2; +https://openai.com/gptbot)"
20.171.207.39 - - [09/Sep/2025:06:10:05 +0700] "GET /omegle-random-chat-embracing-the-unexpected-conversations/ HTTP/1.0" 200 84633 "-" "Mozilla/5.0 AppleWebKit/537.36 (KHTML, like Gecko; compatible; GPTBot/1.2; +https://openai.com/gptbot)"
20.171.207.39 - - [09/Sep/2025:06:10:12 +0700] "GET /the-psychology-behind-serendipitous-moments-in-cyberspace/ HTTP/1.0" 200 87827 "-" "Mozilla/5.0 AppleWebKit/537.36 (KHTML, like Gecko; compatible; GPTBot/1.2; +https://openai.com/gptbot)"
45.117.177.72 - - [09/Sep/2025:06:10:19 +0700] "POST /wp-cron.php?doing_wp_cron=1757373019.0522060394287109375000 HTTP/1.0" 200 416 "-" "WordPress/6.8.1; https://vattusacky.vn"
20.171.207.39 - - [09/Sep/2025:06:10:17 +0700] "GET /unlocking-artistic-potential-how-omegle-fosters-creative-growth/ HTTP/1.0" 200 92447 "-" "Mozilla/5.0 AppleWebKit/537.36 (KHTML, like Gecko; compatible; GPTBot/1.2; +https://openai.com/gptbot)"
216.73.216.162 - - [09/Sep/2025:06:10:24 +0700] "GET /innovating-online-conversations-omegles-next-chapter/feed HTTP/1.0" 301 746 "-" "Mozilla/5.0 AppleWebKit/537.36 (KHTML, like Gecko; compatible; ClaudeBot/1.0; +claudebot@anthropic.com)"
216.73.216.162 - - [09/Sep/2025:06:10:24 +0700] "GET /impact-of-omegle-addiction-on-mental-health-consequences-and-risks/feed HTTP/1.0" 301 760 "-" "Mozilla/5.0 AppleWebKit/537.36 (KHTML, like Gecko; compatible; ClaudeBot/1.0; +claudebot@anthropic.com)"
216.73.216.162 - - [09/Sep/2025:06:10:26 +0700] "GET /innovating-online-conversations-omegles-next-chapter/feed/ HTTP/1.0" 200 1607 "https://vattusacky.vn/innovating-online-conversations-omegles-next-chapter/feed" "Mozilla/5.0 AppleWebKit/537.36 (KHTML, like Gecko; compatible; ClaudeBot/1.0; +claudebot@anthropic.com)"
216.73.216.162 - - [09/Sep/2025:06:10:26 +0700] "GET /impact-of-omegle-addiction-on-mental-health-consequences-and-risks/feed/ HTTP/1.0" 200 1649 "https://vattusacky.vn/impact-of-omegle-addiction-on-mental-health-consequences-and-risks/feed" "Mozilla/5.0 AppleWebKit/537.36 (KHTML, like Gecko; compatible; ClaudeBot/1.0; +claudebot@anthropic.com)"
20.171.207.39 - - [09/Sep/2025:06:10:26 +0700] "GET /?p=7320 HTTP/1.0" 301 502 "-" "Mozilla/5.0 AppleWebKit/537.36 (KHTML, like Gecko; compatible; GPTBot/1.2; +https://openai.com/gptbot)"
216.244.66.237 - - [09/Sep/2025:06:10:26 +0700] "GET /robots.txt HTTP/1.0" 200 984 "-" "Mozilla/5.0 (compatible; DotBot/1.2; +https://opensiteexplorer.org/dotbot; help@moz.com)"
216.73.216.162 - - [09/Sep/2025:06:10:27 +0700] "GET /igniting-imagination-how-omegle-sparks-creativity-in-artists/feed HTTP/1.0" 301 608 "-" "Mozilla/5.0 AppleWebKit/537.36 (KHTML, like Gecko; compatible; ClaudeBot/1.0; +claudebot@anthropic.com)"
20.171.207.39 - - [09/Sep/2025:06:10:28 +0700] "GET /omegle-and-cultural-exchange-discovering-new-perspectives/ HTTP/1.0" 200 90164 "-" "Mozilla/5.0 AppleWebKit/537.36 (KHTML, like Gecko; compatible; GPTBot/1.2; +https://openai.com/gptbot)"
216.73.216.162 - - [09/Sep/2025:06:10:29 +0700] "GET /igniting-imagination-how-omegle-sparks-creativity-in-artists/feed/ HTTP/1.0" 200 1631 "https://vattusacky.vn/igniting-imagination-how-omegle-sparks-creativity-in-artists/feed" "Mozilla/5.0 AppleWebKit/537.36 (KHTML, like Gecko; compatible; ClaudeBot/1.0; +claudebot@anthropic.com)"
20.171.207.39 - - [09/Sep/2025:06:10:34 +0700] "GET /heartwarming-banters-uplifting-conversations-on-omegle-and-ometv/ HTTP/1.0" 200 91521 "-" "Mozilla/5.0 AppleWebKit/537.36 (KHTML, like Gecko; compatible; GPTBot/1.2; +https://openai.com/gptbot)"
20.171.207.39 - - [09/Sep/2025:06:10:40 +0700] "GET /jak-predejit-vycitkam-kupujiciho-pri-nakupu-novych-hodinek/ HTTP/1.0" 200 74838 "-" "Mozilla/5.0 AppleWebKit/537.36 (KHTML, like Gecko; compatible; GPTBot/1.2; +https://openai.com/gptbot)"
20.171.207.39 - - [09/Sep/2025:06:10:50 +0700] "GET /?p=3665 HTTP/1.0" 301 676 "-" "Mozilla/5.0 AppleWebKit/537.36 (KHTML, like Gecko; compatible; GPTBot/1.2; +https://openai.com/gptbot)"
20.171.207.39 - - [09/Sep/2025:06:10:52 +0700] "GET /outstanding-relationship-that-means-if-you-should-move-into-an-exclusive-relationship/ HTTP/1.0" 200 207932 "-" "Mozilla/5.0 AppleWebKit/537.36 (KHTML, like Gecko; compatible; GPTBot/1.2; +https://openai.com/gptbot)"
20.171.207.39 - - [09/Sep/2025:06:10:58 +0700] "GET /the-cultural-exchange-on-omegle-exploring-different-perspectives/ HTTP/1.0" 200 88258 "-" "Mozilla/5.0 AppleWebKit/537.36 (KHTML, like Gecko; compatible; GPTBot/1.2; +https://openai.com/gptbot)"
20.171.207.39 - - [09/Sep/2025:06:11:07 +0700] "GET /the-charms-of-serendipity-exploring-omegles-random-interactions/ HTTP/1.0" 200 91699 "-" "Mozilla/5.0 AppleWebKit/537.36 (KHTML, like Gecko; compatible; GPTBot/1.2; +https://openai.com/gptbot)"
20.171.207.39 - - [09/Sep/2025:06:11:14 +0700] "GET /understanding-the-hidden-motives-psychological-experiments-on-omegle/ HTTP/1.0" 200 75387 "-" "Mozilla/5.0 AppleWebKit/537.36 (KHTML, like Gecko; compatible; GPTBot/1.2; +https://openai.com/gptbot)"
45.117.177.72 - - [09/Sep/2025:06:11:22 +0700] "POST /wp-cron.php?doing_wp_cron=1757373082.4597649574279785156250 HTTP/1.0" 200 416 "-" "WordPress/6.8.1; https://vattusacky.vn"
20.171.207.39 - - [09/Sep/2025:06:11:21 +0700] "GET /?p=6990 HTTP/1.0" 301 509 "-" "Mozilla/5.0 AppleWebKit/537.36 (KHTML, like Gecko; compatible; GPTBot/1.2; +https://openai.com/gptbot)"
20.171.207.39 - - [09/Sep/2025:06:11:22 +0700] "GET /heartwarming-banters-uplifting-conversations-on-omegle-and-ometv/ HTTP/1.0" 200 91521 "-" "Mozilla/5.0 AppleWebKit/537.36 (KHTML, like Gecko; compatible; GPTBot/1.2; +https://openai.com/gptbot)"
216.73.216.162 - - [09/Sep/2025:06:11:30 +0700] "GET /author/yanz/page/173 HTTP/1.0" 301 565 "-" "Mozilla/5.0 AppleWebKit/537.36 (KHTML, like Gecko; compatible; ClaudeBot/1.0; +claudebot@anthropic.com)"
216.73.216.162 - - [09/Sep/2025:06:11:30 +0700] "GET /introduction-to-omegle-chronicles-seeking-meaningful-connections HTTP/1.0" 301 655 "-" "Mozilla/5.0 AppleWebKit/537.36 (KHTML, like Gecko; compatible; ClaudeBot/1.0; +claudebot@anthropic.com)"
216.73.216.162 - - [09/Sep/2025:06:11:32 +0700] "GET /introduction-to-omegle-chronicles-seeking-meaningful-connections/ HTTP/1.0" 200 91527 "https://vattusacky.vn/introduction-to-omegle-chronicles-seeking-meaningful-connections" "Mozilla/5.0 AppleWebKit/537.36 (KHTML, like Gecko; compatible; ClaudeBot/1.0; +claudebot@anthropic.com)"
216.73.216.162 - - [09/Sep/2025:06:11:32 +0700] "GET /author/yanz/page/173/ HTTP/1.0" 200 76720 "https://vattusacky.vn/author/yanz/page/173" "Mozilla/5.0 AppleWebKit/537.36 (KHTML, like Gecko; compatible; ClaudeBot/1.0; +claudebot@anthropic.com)"
20.171.207.39 - - [09/Sep/2025:06:11:32 +0700] "GET /?p=8373 HTTP/1.0" 301 509 "-" "Mozilla/5.0 AppleWebKit/537.36 (KHTML, like Gecko; compatible; GPTBot/1.2; +https://openai.com/gptbot)"
216.73.216.162 - - [09/Sep/2025:06:11:34 +0700] "GET /?p=7111 HTTP/1.0" 301 476 "-" "Mozilla/5.0 AppleWebKit/537.36 (KHTML, like Gecko; compatible; ClaudeBot/1.0; +claudebot@anthropic.com)"
216.73.216.162 - - [09/Sep/2025:06:11:34 +0700] "GET /?p=7105 HTTP/1.0" 301 505 "-" "Mozilla/5.0 AppleWebKit/537.36 (KHTML, like Gecko; compatible; ClaudeBot/1.0; +claudebot@anthropic.com)"
20.171.207.39 - - [09/Sep/2025:06:11:34 +0700] "GET /the-cultural-exchange-on-omegle-exploring-different-perspectives/ HTTP/1.0" 200 88258 "-" "Mozilla/5.0 AppleWebKit/537.36 (KHTML, like Gecko; compatible; GPTBot/1.2; +https://openai.com/gptbot)"
216.73.216.162 - - [09/Sep/2025:06:11:35 +0700] "GET /inappropriate-content-on-omegle/ HTTP/1.0" 200 87317 "https://vattusacky.vn/?p=7111" "Mozilla/5.0 AppleWebKit/537.36 (KHTML, like Gecko; compatible; ClaudeBot/1.0; +claudebot@anthropic.com)"
216.73.216.162 - - [09/Sep/2025:06:11:36 +0700] "GET /igniting-imagination-how-omegle-sparks-creativity-in-artists/ HTTP/1.0" 200 92396 "https://vattusacky.vn/?p=7105" "Mozilla/5.0 AppleWebKit/537.36 (KHTML, like Gecko; compatible; ClaudeBot/1.0; +claudebot@anthropic.com)"
20.171.207.39 - - [09/Sep/2025:06:11:43 +0700] "GET /?p=9115 HTTP/1.0" 301 508 "-" "Mozilla/5.0 AppleWebKit/537.36 (KHTML, like Gecko; compatible; GPTBot/1.2; +https://openai.com/gptbot)"
20.171.207.39 - - [09/Sep/2025:06:11:44 +0700] "GET /unlocking-artistic-potential-how-omegle-fosters-creative-growth/ HTTP/1.0" 200 92447 "-" "Mozilla/5.0 AppleWebKit/537.36 (KHTML, like Gecko; compatible; GPTBot/1.2; +https://openai.com/gptbot)"
20.171.207.39 - - [09/Sep/2025:06:11:52 +0700] "GET /?p=5650 HTTP/1.0" 301 503 "-" "Mozilla/5.0 AppleWebKit/537.36 (KHTML, like Gecko; compatible; GPTBot/1.2; +https://openai.com/gptbot)"
20.171.207.39 - - [09/Sep/2025:06:11:54 +0700] "GET /jak-predejit-vycitkam-kupujiciho-pri-nakupu-novych-hodinek/ HTTP/1.0" 200 74838 "-" "Mozilla/5.0 AppleWebKit/537.36 (KHTML, like Gecko; compatible; GPTBot/1.2; +https://openai.com/gptbot)"
20.171.207.39 - - [09/Sep/2025:06:12:01 +0700] "GET /?p=7690 HTTP/1.0" 301 502 "-" "Mozilla/5.0 AppleWebKit/537.36 (KHTML, like Gecko; compatible; GPTBot/1.2; +https://openai.com/gptbot)"
20.171.207.39 - - [09/Sep/2025:06:12:03 +0700] "GET /omegle-random-chat-embracing-the-unexpected-conversations/ HTTP/1.0" 200 84633 "-" "Mozilla/5.0 AppleWebKit/537.36 (KHTML, like Gecko; compatible; GPTBot/1.2; +https://openai.com/gptbot)"
20.171.207.39 - - [09/Sep/2025:06:12:11 +0700] "GET /?p=7233 HTTP/1.0" 301 505 "-" "Mozilla/5.0 AppleWebKit/537.36 (KHTML, like Gecko; compatible; GPTBot/1.2; +https://openai.com/gptbot)"
20.171.207.39 - - [09/Sep/2025:06:12:12 +0700] "GET /navigating-cultural-differences-on-omegles-social-experiment/ HTTP/1.0" 200 93688 "-" "Mozilla/5.0 AppleWebKit/537.36 (KHTML, like Gecko; compatible; GPTBot/1.2; +https://openai.com/gptbot)"
45.117.177.72 - - [09/Sep/2025:06:12:20 +0700] "POST /wp-cron.php?doing_wp_cron=1757373140.5308680534362792968750 HTTP/1.0" 200 416 "-" "WordPress/6.8.1; https://vattusacky.vn"
20.171.207.39 - - [09/Sep/2025:06:12:19 +0700] "GET /omegles-influence-on-verbal-and-nonverbal-communication-skills/ HTTP/1.0" 200 90882 "-" "Mozilla/5.0 AppleWebKit/537.36 (KHTML, like Gecko; compatible; GPTBot/1.2; +https://openai.com/gptbot)"
20.171.207.39 - - [09/Sep/2025:06:12:38 +0700] "GET /?p=9066 HTTP/1.0" 301 513 "-" "Mozilla/5.0 AppleWebKit/537.36 (KHTML, like Gecko; compatible; GPTBot/1.2; +https://openai.com/gptbot)"
20.171.207.39 - - [09/Sep/2025:06:12:39 +0700] "GET /understanding-the-hidden-motives-psychological-experiments-on-omegle/ HTTP/1.0" 200 75387 "-" "Mozilla/5.0 AppleWebKit/537.36 (KHTML, like Gecko; compatible; GPTBot/1.2; +https://openai.com/gptbot)"
20.171.207.39 - - [09/Sep/2025:06:12:48 +0700] "GET /omegle-moderation-reporting-and-blocking-unwanted-behavior/ HTTP/1.0" 200 90644 "-" "Mozilla/5.0 AppleWebKit/537.36 (KHTML, like Gecko; compatible; GPTBot/1.2; +https://openai.com/gptbot)"
20.171.207.39 - - [09/Sep/2025:06:12:55 +0700] "GET /omegle-for-anonymous-confessions-sharing-secrets-without-judgement/ HTTP/1.0" 200 91585 "-" "Mozilla/5.0 AppleWebKit/537.36 (KHTML, like Gecko; compatible; GPTBot/1.2; +https://openai.com/gptbot)"
20.171.207.39 - - [09/Sep/2025:06:13:00 +0700] "GET /?p=8751 HTTP/1.0" 301 502 "-" "Mozilla/5.0 AppleWebKit/537.36 (KHTML, like Gecko; compatible; GPTBot/1.2; +https://openai.com/gptbot)"
216.73.216.162 - - [09/Sep/2025:06:13:04 +0700] "GET /?p=7106 HTTP/1.0" 301 660 "-" "Mozilla/5.0 AppleWebKit/537.36 (KHTML, like Gecko; compatible; ClaudeBot/1.0; +claudebot@anthropic.com)"
216.73.216.162 - - [09/Sep/2025:06:13:04 +0700] "GET /introduction-to-omegle-artistry-exploring-creative-collaborations-online HTTP/1.0" 301 663 "-" "Mozilla/5.0 AppleWebKit/537.36 (KHTML, like Gecko; compatible; ClaudeBot/1.0; +claudebot@anthropic.com)"
216.73.216.162 - - [09/Sep/2025:06:13:06 +0700] "GET /illuminating-the-risks-of-omegle-tips-for-a-safer-internet-experience/ HTTP/1.0" 200 92839 "https://vattusacky.vn/?p=7106" "Mozilla/5.0 AppleWebKit/537.36 (KHTML, like Gecko; compatible; ClaudeBot/1.0; +claudebot@anthropic.com)"
216.73.216.162 - - [09/Sep/2025:06:13:06 +0700] "GET /introduction-to-omegle-artistry-exploring-creative-collaborations-online/ HTTP/1.0" 200 82893 "https://vattusacky.vn/introduction-to-omegle-artistry-exploring-creative-collaborations-online" "Mozilla/5.0 AppleWebKit/537.36 (KHTML, like Gecko; compatible; ClaudeBot/1.0; +claudebot@anthropic.com)"
216.73.216.162 - - [09/Sep/2025:06:13:08 +0700] "GET /inappropriate-content-on-ometv/feed HTTP/1.0" 301 578 "-" "Mozilla/5.0 AppleWebKit/537.36 (KHTML, like Gecko; compatible; ClaudeBot/1.0; +claudebot@anthropic.com)"
216.73.216.162 - - [09/Sep/2025:06:13:08 +0700] "GET /?p=7110 HTTP/1.0" 301 508 "-" "Mozilla/5.0 AppleWebKit/537.36 (KHTML, like Gecko; compatible; ClaudeBot/1.0; +claudebot@anthropic.com)"
216.73.216.162 - - [09/Sep/2025:06:13:09 +0700] "GET /inappropriate-content-on-ometv/feed/ HTTP/1.0" 200 1541 "https://vattusacky.vn/inappropriate-content-on-ometv/feed" "Mozilla/5.0 AppleWebKit/537.36 (KHTML, like Gecko; compatible; ClaudeBot/1.0; +claudebot@anthropic.com)"
216.73.216.162 - - [09/Sep/2025:06:13:10 +0700] "GET /improving-your-chances-of-finding-quality-connections-on-omegle/ HTTP/1.0" 200 93430 "https://vattusacky.vn/?p=7110" "Mozilla/5.0 AppleWebKit/537.36 (KHTML, like Gecko; compatible; ClaudeBot/1.0; +claudebot@anthropic.com)"
45.117.177.72 - - [09/Sep/2025:06:14:33 +0700] "POST /wp-cron.php?doing_wp_cron=1757373273.1208660602569580078125 HTTP/1.0" 200 416 "-" "WordPress/6.8.1; https://vattusacky.vn"
20.171.207.204 - - [09/Sep/2025:06:14:31 +0700] "GET /?p=8358 HTTP/1.0" 301 654 "-" "Mozilla/5.0 AppleWebKit/537.36 (KHTML, like Gecko; compatible; GPTBot/1.2; +https://openai.com/gptbot)"
20.171.207.204 - - [09/Sep/2025:06:14:33 +0700] "GET /the-charms-of-serendipity-exploring-omegles-random-interactions/ HTTP/1.0" 200 91699 "-" "Mozilla/5.0 AppleWebKit/537.36 (KHTML, like Gecko; compatible; GPTBot/1.2; +https://openai.com/gptbot)"
20.171.207.204 - - [09/Sep/2025:06:14:40 +0700] "GET /omegle-for-shy-individuals-overcoming-social-barriers-through-online-communications/ HTTP/1.0" 200 92993 "-" "Mozilla/5.0 AppleWebKit/537.36 (KHTML, like Gecko; compatible; GPTBot/1.2; +https://openai.com/gptbot)"
20.171.207.204 - - [09/Sep/2025:06:14:50 +0700] "GET /heartwarming-encounters-unexpected-friendships-on-omegle-and-ometv/ HTTP/1.0" 200 89338 "-" "Mozilla/5.0 AppleWebKit/537.36 (KHTML, like Gecko; compatible; GPTBot/1.2; +https://openai.com/gptbot)"
20.171.207.204 - - [09/Sep/2025:06:14:57 +0700] "GET /understanding-the-features-omegle-vs-ometv-face-to-face-video-chats/ HTTP/1.0" 200 90801 "-" "Mozilla/5.0 AppleWebKit/537.36 (KHTML, like Gecko; compatible; GPTBot/1.2; +https://openai.com/gptbot)"
20.171.207.204 - - [09/Sep/2025:06:15:05 +0700] "GET /understanding-the-role-of-serendipity-in-omegle-chronicles-unexpected-connections/ HTTP/1.0" 200 90806 "-" "Mozilla/5.0 AppleWebKit/537.36 (KHTML, like Gecko; compatible; GPTBot/1.2; +https://openai.com/gptbot)"
45.117.177.72 - - [09/Sep/2025:06:15:15 +0700] "POST /wp-cron.php?doing_wp_cron=1757373315.5940170288085937500000 HTTP/1.0" 200 416 "-" "WordPress/6.8.1; https://vattusacky.vn"
20.171.207.204 - - [09/Sep/2025:06:15:14 +0700] "GET /?p=8751 HTTP/1.0" 301 502 "-" "Mozilla/5.0 AppleWebKit/537.36 (KHTML, like Gecko; compatible; GPTBot/1.2; +https://openai.com/gptbot)"
20.171.207.204 - - [09/Sep/2025:06:15:16 +0700] "GET /the-psychology-behind-serendipitous-moments-in-cyberspace/ HTTP/1.0" 200 87827 "-" "Mozilla/5.0 AppleWebKit/537.36 (KHTML, like Gecko; compatible; GPTBot/1.2; +https://openai.com/gptbot)"
20.171.207.204 - - [09/Sep/2025:06:15:23 +0700] "GET /omegles-role-in-improving-cross-cultural-understanding-promoting-empathy-and-tolerance/ HTTP/1.0" 200 91248 "-" "Mozilla/5.0 AppleWebKit/537.36 (KHTML, like Gecko; compatible; GPTBot/1.2; +https://openai.com/gptbot)"
20.171.207.204 - - [09/Sep/2025:06:15:32 +0700] "GET /omegle-and-political-discourse-exploring-diverse-perspectives-on-current-events/ HTTP/1.0" 200 94929 "-" "Mozilla/5.0 AppleWebKit/537.36 (KHTML, like Gecko; compatible; GPTBot/1.2; +https://openai.com/gptbot)"
20.171.207.204 - - [09/Sep/2025:06:15:42 +0700] "GET /?p=7680 HTTP/1.0" 301 503 "-" "Mozilla/5.0 AppleWebKit/537.36 (KHTML, like Gecko; compatible; GPTBot/1.2; +https://openai.com/gptbot)"
20.171.207.204 - - [09/Sep/2025:06:15:43 +0700] "GET /omegle-moderation-reporting-and-blocking-unwanted-behavior/ HTTP/1.0" 200 90644 "-" "Mozilla/5.0 AppleWebKit/537.36 (KHTML, like Gecko; compatible; GPTBot/1.2; +https://openai.com/gptbot)"
20.171.207.204 - - [09/Sep/2025:06:15:50 +0700] "GET /?p=7897 HTTP/1.0" 301 507 "-" "Mozilla/5.0 AppleWebKit/537.36 (KHTML, like Gecko; compatible; GPTBot/1.2; +https://openai.com/gptbot)"
20.171.207.204 - - [09/Sep/2025:06:15:51 +0700] "GET /omegles-influence-on-verbal-and-nonverbal-communication-skills/ HTTP/1.0" 200 90882 "-" "Mozilla/5.0 AppleWebKit/537.36 (KHTML, like Gecko; compatible; GPTBot/1.2; +https://openai.com/gptbot)"
20.171.207.204 - - [09/Sep/2025:06:15:58 +0700] "GET /?p=7620 HTTP/1.0" 301 511 "-" "Mozilla/5.0 AppleWebKit/537.36 (KHTML, like Gecko; compatible; GPTBot/1.2; +https://openai.com/gptbot)"
20.171.207.204 - - [09/Sep/2025:06:15:59 +0700] "GET /omegle-for-anonymous-confessions-sharing-secrets-without-judgement/ HTTP/1.0" 200 91585 "-" "Mozilla/5.0 AppleWebKit/537.36 (KHTML, like Gecko; compatible; GPTBot/1.2; +https://openai.com/gptbot)"
20.171.207.204 - - [09/Sep/2025:06:16:11 +0700] "GET /?p=7959 HTTP/1.0" 301 531 "-" "Mozilla/5.0 AppleWebKit/537.36 (KHTML, like Gecko; compatible; GPTBot/1.2; +https://openai.com/gptbot)"
20.171.207.204 - - [09/Sep/2025:06:16:12 +0700] "GET /omegles-role-in-improving-cross-cultural-understanding-promoting-empathy-and-tolerance/ HTTP/1.0" 200 91248 "-" "Mozilla/5.0 AppleWebKit/537.36 (KHTML, like Gecko; compatible; GPTBot/1.2; +https://openai.com/gptbot)"
45.117.177.72 - - [09/Sep/2025:06:16:28 +0700] "POST /wp-cron.php?doing_wp_cron=1757373388.4836840629577636718750 HTTP/1.0" 200 416 "-" "WordPress/6.8.1; https://vattusacky.vn"
141.98.11.43 - - [09/Sep/2025:06:16:21 +0700] "GET /pin-ap-opustimsya-v-mir-azarta-i-razvlecheniy-sredi-peredovykh-saytov-dlya-igry-na-realnye-dengi-i-pari-s-ispolzovaniem-depozita-i-bonusov/ HTTP/1.0" 200 117644 "https://vattusacky.vn/" "Mozilla/5.0 (Linux x86_64; rv:114.0) Gecko/20100101 Firefox/114.0"
141.98.11.43 - - [09/Sep/2025:06:16:30 +0700] "GET /wp-login.php?action=register HTTP/1.0" 302 692 "https://vattusacky.vn/pin-ap-opustimsya-v-mir-azarta-i-razvlecheniy-sredi-peredovykh-saytov-dlya-igry-na-realnye-dengi-i-pari-s-ispolzovaniem-depozita-i-bonusov/" "Mozilla/5.0 (Windows NT 6.3; Win64; x64) AppleWebKit/537.36 (KHTML, like Gecko) Chrome/103.0.0.0 Safari/537.36"
141.98.11.43 - - [09/Sep/2025:06:16:32 +0700] "GET /wp-login.php?registration=disabled HTTP/1.0" 200 11447 "https://vattusacky.vn/wp-login.php?action=register" "Mozilla/5.0 (Windows NT 6.3; Win64; x64) AppleWebKit/537.36 (KHTML, like Gecko) Chrome/103.0.0.0 Safari/537.36"
20.171.207.204 - - [09/Sep/2025:06:16:47 +0700] "GET /unlocking-omegles-ai-features-how-artificial-intelligence-improves-the-chatting-experience/ HTTP/1.0" 200 90320 "-" "Mozilla/5.0 AppleWebKit/537.36 (KHTML, like Gecko; compatible; GPTBot/1.2; +https://openai.com/gptbot)"
20.171.207.204 - - [09/Sep/2025:06:16:56 +0700] "GET /the-magic-of-unplanned-collaborations-serendipitous-encounters-on-omegle/ HTTP/1.0" 200 92933 "-" "Mozilla/5.0 AppleWebKit/537.36 (KHTML, like Gecko; compatible; GPTBot/1.2; +https://openai.com/gptbot)"
20.171.207.204 - - [09/Sep/2025:06:17:03 +0700] "GET /omegle-and-cultural-exchange-learning-about-different-countries-and-traditions/ HTTP/1.0" 200 90201 "-" "Mozilla/5.0 AppleWebKit/537.36 (KHTML, like Gecko; compatible; GPTBot/1.2; +https://openai.com/gptbot)"
20.171.207.204 - - [09/Sep/2025:06:17:11 +0700] "GET /omegle-and-cross-cultural-understanding-bridging-the-gap-between-different-communities/ HTTP/1.0" 200 92852 "-" "Mozilla/5.0 AppleWebKit/537.36 (KHTML, like Gecko; compatible; GPTBot/1.2; +https://openai.com/gptbot)"
45.117.177.72 - - [09/Sep/2025:06:17:23 +0700] "POST /wp-cron.php?doing_wp_cron=1757373443.3050000667572021484375 HTTP/1.0" 200 416 "-" "WordPress/6.8.1; https://vattusacky.vn"
20.171.207.204 - - [09/Sep/2025:06:17:22 +0700] "GET /?p=6992 HTTP/1.0" 301 511 "-" "Mozilla/5.0 AppleWebKit/537.36 (KHTML, like Gecko; compatible; GPTBot/1.2; +https://openai.com/gptbot)"
20.171.207.204 - - [09/Sep/2025:06:17:23 +0700] "GET /heartwarming-encounters-unexpected-friendships-on-omegle-and-ometv/ HTTP/1.0" 200 89338 "-" "Mozilla/5.0 AppleWebKit/537.36 (KHTML, like Gecko; compatible; GPTBot/1.2; +https://openai.com/gptbot)"
20.171.207.204 - - [09/Sep/2025:06:17:31 +0700] "GET /?p=7656 HTTP/1.0" 301 528 "-" "Mozilla/5.0 AppleWebKit/537.36 (KHTML, like Gecko; compatible; GPTBot/1.2; +https://openai.com/gptbot)"
20.171.207.204 - - [09/Sep/2025:06:17:33 +0700] "GET /omegle-for-shy-individuals-overcoming-social-barriers-through-online-communications/ HTTP/1.0" 200 92993 "-" "Mozilla/5.0 AppleWebKit/537.36 (KHTML, like Gecko; compatible; GPTBot/1.2; +https://openai.com/gptbot)"
20.171.207.204 - - [09/Sep/2025:06:17:38 +0700] "GET /?p=9083 HTTP/1.0" 301 526 "-" "Mozilla/5.0 AppleWebKit/537.36 (KHTML, like Gecko; compatible; GPTBot/1.2; +https://openai.com/gptbot)"
20.171.207.204 - - [09/Sep/2025:06:17:40 +0700] "GET /understanding-the-role-of-serendipity-in-omegle-chronicles-unexpected-connections/ HTTP/1.0" 200 90806 "-" "Mozilla/5.0 AppleWebKit/537.36 (KHTML, like Gecko; compatible; GPTBot/1.2; +https://openai.com/gptbot)"
20.171.207.204 - - [09/Sep/2025:06:17:48 +0700] "GET /serendipitous-moments-in-cyberspace-from-chance-encounters-to-life-changing-experiences/ HTTP/1.0" 200 95633 "-" "Mozilla/5.0 AppleWebKit/537.36 (KHTML, like Gecko; compatible; GPTBot/1.2; +https://openai.com/gptbot)"
20.171.207.204 - - [09/Sep/2025:06:17:59 +0700] "GET /?p=9065 HTTP/1.0" 301 512 "-" "Mozilla/5.0 AppleWebKit/537.36 (KHTML, like Gecko; compatible; GPTBot/1.2; +https://openai.com/gptbot)"
20.171.207.204 - - [09/Sep/2025:06:18:01 +0700] "GET /understanding-the-features-omegle-vs-ometv-face-to-face-video-chats/ HTTP/1.0" 200 90801 "-" "Mozilla/5.0 AppleWebKit/537.36 (KHTML, like Gecko; compatible; GPTBot/1.2; +https://openai.com/gptbot)"
213.180.203.121 - - [09/Sep/2025:06:18:06 +0700] "GET /the/do-do-rung-aco/ HTTP/1.0" 200 73893 "-" "Mozilla/5.0 (compatible; YandexBot/3.0; +http://yandex.com/bots)"
20.171.207.204 - - [09/Sep/2025:06:18:07 +0700] "GET /?p=7485 HTTP/1.0" 301 524 "-" "Mozilla/5.0 AppleWebKit/537.36 (KHTML, like Gecko; compatible; GPTBot/1.2; +https://openai.com/gptbot)"
20.171.207.204 - - [09/Sep/2025:06:18:09 +0700] "GET /omegle-and-political-discourse-exploring-diverse-perspectives-on-current-events/ HTTP/1.0" 200 94929 "-" "Mozilla/5.0 AppleWebKit/537.36 (KHTML, like Gecko; compatible; GPTBot/1.2; +https://openai.com/gptbot)"
45.117.177.72 - - [09/Sep/2025:06:18:19 +0700] "POST /wp-cron.php?doing_wp_cron=1757373499.1243150234222412109375 HTTP/1.0" 200 416 "-" "WordPress/6.8.1; https://vattusacky.vn"
