216.73.216.24 - - [09/Sep/2025:04:38:55 +0700] "GET /info/1823780038.phtml?fileloc=%2Fvar%2Fwww%2Fvhosts%2Fvietnguyenvn.vinawebs.com.vn%2Ffurnilab.vn%2Fhttpdocs%2Fwp-auto8L.php&path=%2Fvar%2Fwww%2Fvhosts%2Fvietnguyenvn.vinawebs.com.vn%2Ffurnilab.vn%2Fhttpdocs HTTP/1.0" 200 20813 "-" "Mozilla/5.0 AppleWebKit/537.36 (KHTML, like Gecko; compatible; ClaudeBot/1.0; +claudebot@anthropic.com)"
216.73.216.24 - - [09/Sep/2025:04:38:56 +0700] "GET /7-finest-essay-writing-services?path=%2Fvar%2Fwww%2Fvhosts%2Fvietnguyenvn.vinawebs.com.vn%2Ffurnilab.vn%2Fhttpdocs%2Fwp-includes%2Fblocks%2Frss HTTP/1.0" 200 29410 "-" "Mozilla/5.0 AppleWebKit/537.36 (KHTML, like Gecko; compatible; ClaudeBot/1.0; +claudebot@anthropic.com)"
216.73.216.24 - - [09/Sep/2025:04:38:56 +0700] "GET /info/286234834.phtml?fileloc=%2Fvar%2Fwww%2Fvhosts%2Fvietnguyenvn.vinawebs.com.vn%2Ffurnilab.vn%2Fhttpdocs%2Fwp-auto8L.php&path=%2Fvar%2Fwww%2Fvhosts%2Fvietnguyenvn.vinawebs.com.vn%2Ffurnilab.vn%2Fhttpdocs HTTP/1.0" 200 20813 "-" "Mozilla/5.0 AppleWebKit/537.36 (KHTML, like Gecko; compatible; ClaudeBot/1.0; +claudebot@anthropic.com)"
216.73.216.24 - - [09/Sep/2025:04:38:56 +0700] "GET /info/1823856938.phtml?fileloc=%2Fvar%2Fwww%2Fvhosts%2Fvietnguyenvn.vinawebs.com.vn%2Ffurnilab.vn%2Fhttpdocs%2Fwp-auto8L.php&path=%2Fvar%2Fwww%2Fvhosts%2Fvietnguyenvn.vinawebs.com.vn%2Ffurnilab.vn%2Fhttpdocs HTTP/1.0" 200 20813 "-" "Mozilla/5.0 AppleWebKit/537.36 (KHTML, like Gecko; compatible; ClaudeBot/1.0; +claudebot@anthropic.com)"
216.73.216.24 - - [09/Sep/2025:04:38:57 +0700] "GET /info/1823837768.phtml?fileloc=%2Fvar%2Fwww%2Fvhosts%2Fvietnguyenvn.vinawebs.com.vn%2Ffurnilab.vn%2Fhttpdocs%2Fradio.php&path=%2Fvar%2Fwww%2Fvhosts%2Fvietnguyenvn.vinawebs.com.vn%2Ffurnilab.vn%2Fhttpdocs HTTP/1.0" 200 19369 "-" "Mozilla/5.0 AppleWebKit/537.36 (KHTML, like Gecko; compatible; ClaudeBot/1.0; +claudebot@anthropic.com)"
216.73.216.24 - - [09/Sep/2025:04:38:57 +0700] "GET /info/1823761870.phtml?fileloc=%2Fvar%2Fwww%2Fvhosts%2Fvietnguyenvn.vinawebs.com.vn%2Ffurnilab.vn%2Fhttpdocs%2Fkau.php&path=%2Fvar%2Fwww%2Fvhosts%2Fvietnguyenvn.vinawebs.com.vn%2Ffurnilab.vn%2Fhttpdocs HTTP/1.0" 200 95143 "-" "Mozilla/5.0 AppleWebKit/537.36 (KHTML, like Gecko; compatible; ClaudeBot/1.0; +claudebot@anthropic.com)"
216.73.216.24 - - [09/Sep/2025:04:38:58 +0700] "GET /info/1823886570.phtml?fileloc=%2Fvar%2Fwww%2Fvhosts%2Fvietnguyenvn.vinawebs.com.vn%2Ffurnilab.vn%2Fhttpdocs%2Fwp-auto8L.php&path=%2Fvar%2Fwww%2Fvhosts%2Fvietnguyenvn.vinawebs.com.vn%2Ffurnilab.vn%2Fhttpdocs HTTP/1.0" 200 20813 "-" "Mozilla/5.0 AppleWebKit/537.36 (KHTML, like Gecko; compatible; ClaudeBot/1.0; +claudebot@anthropic.com)"
216.73.216.24 - - [09/Sep/2025:04:38:58 +0700] "GET /info/1823650622.phtml?fileloc=%2Fvar%2Fwww%2Fvhosts%2Fvietnguyenvn.vinawebs.com.vn%2Ffurnilab.vn%2Fhttpdocs%2Fradio.php&path=%2Fvar%2Fwww%2Fvhosts%2Fvietnguyenvn.vinawebs.com.vn%2Ffurnilab.vn%2Fhttpdocs HTTP/1.0" 200 19369 "-" "Mozilla/5.0 AppleWebKit/537.36 (KHTML, like Gecko; compatible; ClaudeBot/1.0; +claudebot@anthropic.com)"
216.73.216.24 - - [09/Sep/2025:04:38:59 +0700] "GET /info/1824474508.phtml?fileloc=%2Fvar%2Fwww%2Fvhosts%2Fvietnguyenvn.vinawebs.com.vn%2Ffurnilab.vn%2Fhttpdocs%2Findex.php&path=%2Fvar%2Fwww%2Fvhosts%2Fvietnguyenvn.vinawebs.com.vn%2Ffurnilab.vn%2Fhttpdocs HTTP/1.0" 200 43466 "-" "Mozilla/5.0 AppleWebKit/537.36 (KHTML, like Gecko; compatible; ClaudeBot/1.0; +claudebot@anthropic.com)"
216.73.216.24 - - [09/Sep/2025:04:38:59 +0700] "GET /info/1824373870.phtml?fileloc=%2Fvar%2Fwww%2Fvhosts%2Fvietnguyenvn.vinawebs.com.vn%2Ffurnilab.vn%2Fhttpdocs%2Fkau.php&path=%2Fvar%2Fwww%2Fvhosts%2Fvietnguyenvn.vinawebs.com.vn%2Ffurnilab.vn%2Fhttpdocs HTTP/1.0" 200 95143 "-" "Mozilla/5.0 AppleWebKit/537.36 (KHTML, like Gecko; compatible; ClaudeBot/1.0; +claudebot@anthropic.com)"
20.171.207.177 - - [09/Sep/2025:04:38:59 +0700] "GET /products/4kq1590 HTTP/1.0" 200 78268 "-" "Mozilla/5.0 AppleWebKit/537.36 (KHTML, like Gecko; compatible; GPTBot/1.2; +https://openai.com/gptbot)"
216.73.216.24 - - [09/Sep/2025:04:38:59 +0700] "GET /info/1824204728.phtml?fileloc=%2Fvar%2Fwww%2Fvhosts%2Fvietnguyenvn.vinawebs.com.vn%2Ffurnilab.vn%2Fhttpdocs%2Fsearch.php&path=%2Fvar%2Fwww%2Fvhosts%2Fvietnguyenvn.vinawebs.com.vn%2Ffurnilab.vn%2Fhttpdocs HTTP/1.0" 200 14654 "-" "Mozilla/5.0 AppleWebKit/537.36 (KHTML, like Gecko; compatible; ClaudeBot/1.0; +claudebot@anthropic.com)"
216.73.216.24 - - [09/Sep/2025:04:39:00 +0700] "GET /info/1823810656.phtml?fileloc=%2Fvar%2Fwww%2Fvhosts%2Fvietnguyenvn.vinawebs.com.vn%2Ffurnilab.vn%2Fhttpdocs%2Fproduct.php&path=%2Fvar%2Fwww%2Fvhosts%2Fvietnguyenvn.vinawebs.com.vn%2Ffurnilab.vn%2Fhttpdocs HTTP/1.0" 200 14820 "-" "Mozilla/5.0 AppleWebKit/537.36 (KHTML, like Gecko; compatible; ClaudeBot/1.0; +claudebot@anthropic.com)"
20.171.207.104 - - [09/Sep/2025:04:39:00 +0700] "GET /?fileloc=/var/www/vhosts/vietnguyenvn.vinawebs.com.vn/vietnguyenlab.net/httpdocs/wp-content/plugins/woocommerce/includes/api/v1/class-wc-rest-tax-classes-controller.php&path=/var/www/vhosts/vietnguyenvn.vinawebs.com.vn/vietnguyenlab.net/httpdocs/wp-content/plugins/woocommerce/includes/api/v1 HTTP/1.0" 200 25012 "-" "Mozilla/5.0 AppleWebKit/537.36 (KHTML, like Gecko; compatible; GPTBot/1.2; +https://openai.com/gptbot)"
216.73.216.24 - - [09/Sep/2025:04:39:01 +0700] "GET /info/1799634932.phtml?fileloc=%2Fvar%2Fwww%2Fvhosts%2Fvietnguyenvn.vinawebs.com.vn%2Ffurnilab.vn%2Fhttpdocs%2Findex.php&path=%2Fvar%2Fwww%2Fvhosts%2Fvietnguyenvn.vinawebs.com.vn%2Ffurnilab.vn%2Fhttpdocs HTTP/1.0" 200 43466 "-" "Mozilla/5.0 AppleWebKit/537.36 (KHTML, like Gecko; compatible; ClaudeBot/1.0; +claudebot@anthropic.com)"
216.73.216.24 - - [09/Sep/2025:04:39:01 +0700] "GET /info/1824199238.phtml?fileloc=%2Fvar%2Fwww%2Fvhosts%2Fvietnguyenvn.vinawebs.com.vn%2Ffurnilab.vn%2Fhttpdocs%2Findex.php&path=%2Fvar%2Fwww%2Fvhosts%2Fvietnguyenvn.vinawebs.com.vn%2Ffurnilab.vn%2Fhttpdocs HTTP/1.0" 200 43466 "-" "Mozilla/5.0 AppleWebKit/537.36 (KHTML, like Gecko; compatible; ClaudeBot/1.0; +claudebot@anthropic.com)"
216.73.216.24 - - [09/Sep/2025:04:39:01 +0700] "GET /info/285733954.phtml?fileloc=%2Fvar%2Fwww%2Fvhosts%2Fvietnguyenvn.vinawebs.com.vn%2Ffurnilab.vn%2Fhttpdocs%2Fradio.php&path=%2Fvar%2Fwww%2Fvhosts%2Fvietnguyenvn.vinawebs.com.vn%2Ffurnilab.vn%2Fhttpdocs HTTP/1.0" 200 19369 "-" "Mozilla/5.0 AppleWebKit/537.36 (KHTML, like Gecko; compatible; ClaudeBot/1.0; +claudebot@anthropic.com)"
216.73.216.24 - - [09/Sep/2025:04:39:02 +0700] "GET /info/1823917994.phtml?fileloc=%2Fvar%2Fwww%2Fvhosts%2Fvietnguyenvn.vinawebs.com.vn%2Ffurnilab.vn%2Fhttpdocs%2Findex.php&path=%2Fvar%2Fwww%2Fvhosts%2Fvietnguyenvn.vinawebs.com.vn%2Ffurnilab.vn%2Fhttpdocs HTTP/1.0" 200 43466 "-" "Mozilla/5.0 AppleWebKit/537.36 (KHTML, like Gecko; compatible; ClaudeBot/1.0; +claudebot@anthropic.com)"
216.73.216.24 - - [09/Sep/2025:04:39:02 +0700] "GET /info/285771144.phtml?fileloc=%2Fvar%2Fwww%2Fvhosts%2Fvietnguyenvn.vinawebs.com.vn%2Ffurnilab.vn%2Fhttpdocs%2Fwp-auto8L.php&path=%2Fvar%2Fwww%2Fvhosts%2Fvietnguyenvn.vinawebs.com.vn%2Ffurnilab.vn%2Fhttpdocs HTTP/1.0" 200 20813 "-" "Mozilla/5.0 AppleWebKit/537.36 (KHTML, like Gecko; compatible; ClaudeBot/1.0; +claudebot@anthropic.com)"
216.73.216.24 - - [09/Sep/2025:04:39:03 +0700] "GET /info/1799935330.phtml?fileloc=%2Fvar%2Fwww%2Fvhosts%2Fvietnguyenvn.vinawebs.com.vn%2Ffurnilab.vn%2Fhttpdocs%2Fradio.php&path=%2Fvar%2Fwww%2Fvhosts%2Fvietnguyenvn.vinawebs.com.vn%2Ffurnilab.vn%2Fhttpdocs HTTP/1.0" 200 19369 "-" "Mozilla/5.0 AppleWebKit/537.36 (KHTML, like Gecko; compatible; ClaudeBot/1.0; +claudebot@anthropic.com)"
20.171.207.177 - - [09/Sep/2025:04:39:08 +0700] "GET /products/8zg1700 HTTP/1.0" 200 78268 "-" "Mozilla/5.0 AppleWebKit/537.36 (KHTML, like Gecko; compatible; GPTBot/1.2; +https://openai.com/gptbot)"
20.171.207.104 - - [09/Sep/2025:04:39:09 +0700] "GET /?fileloc=/var/www/vhosts/vietnguyenvn.vinawebs.com.vn/vietnguyenlab.net/httpdocs/wp-content/plugins/woocommerce/includes/api/v1/class-wc-rest-customers-controller.php&path=/var/www/vhosts/vietnguyenvn.vinawebs.com.vn/vietnguyenlab.net/httpdocs/wp-content/plugins/woocommerce/includes/api/v1 HTTP/1.0" 200 47065 "-" "Mozilla/5.0 AppleWebKit/537.36 (KHTML, like Gecko; compatible; GPTBot/1.2; +https://openai.com/gptbot)"
20.171.207.177 - - [09/Sep/2025:04:39:13 +0700] "GET /products/9mf9357 HTTP/1.0" 200 78268 "-" "Mozilla/5.0 AppleWebKit/537.36 (KHTML, like Gecko; compatible; GPTBot/1.2; +https://openai.com/gptbot)"
20.171.207.104 - - [09/Sep/2025:04:39:17 +0700] "GET /?fileloc=/var/www/vhosts/vietnguyenvn.vinawebs.com.vn/vietnguyenlab.net/httpdocs/wp-content/plugins/acf-better-search/vendor/composer/autoload_static.php&path=/var/www/vhosts/vietnguyenvn.vinawebs.com.vn/vietnguyenlab.net/httpdocs/wp-content/plugins/acf-better-search/vendor/composer HTTP/1.0" 200 14672 "-" "Mozilla/5.0 AppleWebKit/537.36 (KHTML, like Gecko; compatible; GPTBot/1.2; +https://openai.com/gptbot)"
66.249.64.99 - - [09/Sep/2025:04:39:20 +0700] "GET /search.php?installation206035435 HTTP/1.0" 200 553834 "-" "Mozilla/5.0 (Linux; Android 6.0.1; Nexus 5X Build/MMB29P) AppleWebKit/537.36 (KHTML, like Gecko) Chrome/139.0.7258.154 Mobile Safari/537.36 (compatible; Googlebot/2.1; +http://www.google.com/bot.html)"
20.171.207.177 - - [09/Sep/2025:04:39:22 +0700] "GET /products/64ht318 HTTP/1.0" 200 78268 "-" "Mozilla/5.0 AppleWebKit/537.36 (KHTML, like Gecko; compatible; GPTBot/1.2; +https://openai.com/gptbot)"
20.171.207.104 - - [09/Sep/2025:04:39:23 +0700] "GET /?fileloc=/var/www/vhosts/vietnguyenvn.vinawebs.com.vn/vietnguyenlab.net/httpdocs/wp-content/plugins/woocommerce/includes/api/v1/class-wc-rest-reports-controller.php&path=/var/www/vhosts/vietnguyenvn.vinawebs.com.vn/vietnguyenlab.net/httpdocs/wp-content/plugins/woocommerce/includes/api/v1 HTTP/1.0" 200 18750 "-" "Mozilla/5.0 AppleWebKit/537.36 (KHTML, like Gecko; compatible; GPTBot/1.2; +https://openai.com/gptbot)"
216.244.66.239 - - [09/Sep/2025:04:39:27 +0700] "GET /robots.txt HTTP/1.0" 200 801 "-" "Mozilla/5.0 (compatible; DotBot/1.2; +https://opensiteexplorer.org/dotbot; help@moz.com)"
20.171.207.177 - - [09/Sep/2025:04:39:29 +0700] "GET /products/3ke7791?fileloc=/var/www/vhosts/vietnguyenvn.vinawebs.com.vn/furnilab.vn/httpdocs/defaults.php&path=/var/www/vhosts/vietnguyenvn.vinawebs.com.vn/furnilab.vn/httpdocs HTTP/1.0" 200 15393 "-" "Mozilla/5.0 AppleWebKit/537.36 (KHTML, like Gecko; compatible; GPTBot/1.2; +https://openai.com/gptbot)"
20.171.207.104 - - [09/Sep/2025:04:39:31 +0700] "GET /?fileloc=/var/www/vhosts/vietnguyenvn.vinawebs.com.vn/vietnguyenlab.net/httpdocs/wp-content/plugins/woocommerce/includes/api/v1/class-wc-rest-order-notes-controller.php&path=/var/www/vhosts/vietnguyenvn.vinawebs.com.vn/vietnguyenlab.net/httpdocs/wp-content/plugins/woocommerce/includes/api/v1 HTTP/1.0" 200 28943 "-" "Mozilla/5.0 AppleWebKit/537.36 (KHTML, like Gecko; compatible; GPTBot/1.2; +https://openai.com/gptbot)"
20.171.207.177 - - [09/Sep/2025:04:39:37 +0700] "GET /products/17mk955 HTTP/1.0" 200 78268 "-" "Mozilla/5.0 AppleWebKit/537.36 (KHTML, like Gecko; compatible; GPTBot/1.2; +https://openai.com/gptbot)"
20.171.207.104 - - [09/Sep/2025:04:39:38 +0700] "GET /?fileloc=/var/www/vhosts/vietnguyenvn.vinawebs.com.vn/vietnguyenlab.net/httpdocs/wp-content/plugins/woocommerce/includes/api/v1/class-wc-rest-webhooks-controller.php&path=/var/www/vhosts/vietnguyenvn.vinawebs.com.vn/vietnguyenlab.net/httpdocs/wp-content/plugins/woocommerce/includes/api/v1 HTTP/1.0" 200 34138 "-" "Mozilla/5.0 AppleWebKit/537.36 (KHTML, like Gecko; compatible; GPTBot/1.2; +https://openai.com/gptbot)"
20.171.207.177 - - [09/Sep/2025:04:39:42 +0700] "GET /products/9hm5487 HTTP/1.0" 200 78268 "-" "Mozilla/5.0 AppleWebKit/537.36 (KHTML, like Gecko; compatible; GPTBot/1.2; +https://openai.com/gptbot)"
20.171.207.104 - - [09/Sep/2025:04:39:45 +0700] "GET /?fileloc=/var/www/vhosts/vietnguyenvn.vinawebs.com.vn/vietnguyenlab.net/httpdocs/wp-content/plugins/woocommerce/includes/api/v1/class-wc-rest-customer-downloads-controller.php&path=/var/www/vhosts/vietnguyenvn.vinawebs.com.vn/vietnguyenlab.net/httpdocs/wp-content/plugins/woocommerce/includes/api/v1 HTTP/1.0" 200 21931 "-" "Mozilla/5.0 AppleWebKit/537.36 (KHTML, like Gecko; compatible; GPTBot/1.2; +https://openai.com/gptbot)"
57.141.2.19 - - [09/Sep/2025:04:39:48 +0700] "GET /info/1410603738.phtml HTTP/1.0" 200 78268 "-" "meta-externalagent/1.1 (+https://developers.facebook.com/docs/sharing/webmasters/crawler)"
20.171.207.177 - - [09/Sep/2025:04:39:49 +0700] "GET /products/64nf452 HTTP/1.0" 200 78297 "-" "Mozilla/5.0 AppleWebKit/537.36 (KHTML, like Gecko; compatible; GPTBot/1.2; +https://openai.com/gptbot)"
20.171.207.104 - - [09/Sep/2025:04:39:51 +0700] "GET /?fileloc=/var/www/vhosts/vietnguyenvn.vinawebs.com.vn/vietnguyenlab.net/httpdocs/wp-content/plugins/woocommerce/includes/api/v1/class-wc-rest-coupons-controller.php&path=/var/www/vhosts/vietnguyenvn.vinawebs.com.vn/vietnguyenlab.net/httpdocs/wp-content/plugins/woocommerce/includes/api/v1 HTTP/1.0" 200 35034 "-" "Mozilla/5.0 AppleWebKit/537.36 (KHTML, like Gecko; compatible; GPTBot/1.2; +https://openai.com/gptbot)"
57.141.2.5 - - [09/Sep/2025:04:39:51 +0700] "GET /info/694826018.phtml HTTP/1.0" 200 78268 "-" "meta-externalagent/1.1 (+https://developers.facebook.com/docs/sharing/webmasters/crawler)"
74.91.19.178 - - [09/Sep/2025:04:38:56 +0700] "GET /wp-content/jsf93179/edit.php?id=264 HTTP/1.0" 503 668 "-" "GuzzleHttp/7"
20.171.207.177 - - [09/Sep/2025:04:39:57 +0700] "GET /products/2gz4290 HTTP/1.0" 200 78268 "-" "Mozilla/5.0 AppleWebKit/537.36 (KHTML, like Gecko; compatible; GPTBot/1.2; +https://openai.com/gptbot)"
20.171.207.104 - - [09/Sep/2025:04:39:59 +0700] "GET /?fileloc=/var/www/vhosts/vietnguyenvn.vinawebs.com.vn/vietnguyenlab.net/httpdocs/wp-content/plugins/woocommerce/includes/api/v1/class-wc-rest-products-controller.php&path=/var/www/vhosts/vietnguyenvn.vinawebs.com.vn/vietnguyenlab.net/httpdocs/wp-content/plugins/woocommerce/includes/api/v1 HTTP/1.0" 200 109695 "-" "Mozilla/5.0 AppleWebKit/537.36 (KHTML, like Gecko; compatible; GPTBot/1.2; +https://openai.com/gptbot)"
20.171.207.177 - - [09/Sep/2025:04:40:05 +0700] "GET /products/10mj570 HTTP/1.0" 200 78268 "-" "Mozilla/5.0 AppleWebKit/537.36 (KHTML, like Gecko; compatible; GPTBot/1.2; +https://openai.com/gptbot)"
216.73.216.24 - - [09/Sep/2025:04:40:05 +0700] "GET /info/1824292126.phtml?path=%2Fvar%2Fwww%2Fvhosts%2Fvietnguyenvn.vinawebs.com.vn%2Ffurnilab.vn%2Fhttpdocs%2Fwp-includes HTTP/1.0" 200 436461 "-" "Mozilla/5.0 AppleWebKit/537.36 (KHTML, like Gecko; compatible; ClaudeBot/1.0; +claudebot@anthropic.com)"
216.73.216.24 - - [09/Sep/2025:04:40:05 +0700] "GET /info/1823906870.phtml?fileloc=%2Fvar%2Fwww%2Fvhosts%2Fvietnguyenvn.vinawebs.com.vn%2Ffurnilab.vn%2Fhttpdocs%2Fitem.php&path=%2Fvar%2Fwww%2Fvhosts%2Fvietnguyenvn.vinawebs.com.vn%2Ffurnilab.vn%2Fhttpdocs HTTP/1.0" 200 15299 "-" "Mozilla/5.0 AppleWebKit/537.36 (KHTML, like Gecko; compatible; ClaudeBot/1.0; +claudebot@anthropic.com)"
216.73.216.24 - - [09/Sep/2025:04:40:05 +0700] "GET /info/1824438304.phtml?path=%2Fvar%2Fwww%2Fvhosts%2Fvietnguyenvn.vinawebs.com.vn%2Ffurnilab.vn%2Fhttpdocs%2Fwp-includes HTTP/1.0" 200 436287 "-" "Mozilla/5.0 AppleWebKit/537.36 (KHTML, like Gecko; compatible; ClaudeBot/1.0; +claudebot@anthropic.com)"
216.73.216.24 - - [09/Sep/2025:04:40:05 +0700] "GET /info/675738470.phtml?path=%2Fvar%2Fwww%2Fvhosts%2Fvietnguyenvn.vinawebs.com.vn%2Ffurnilab.vn%2Fhttpdocs%2Fwp-includes HTTP/1.0" 200 436287 "-" "Mozilla/5.0 AppleWebKit/537.36 (KHTML, like Gecko; compatible; ClaudeBot/1.0; +claudebot@anthropic.com)"
216.73.216.24 - - [09/Sep/2025:04:40:05 +0700] "GET /info/1824106158.phtml?path=%2Fvar%2Fwww%2Fvhosts%2Fvietnguyenvn.vinawebs.com.vn%2Ffurnilab.vn%2Fhttpdocs%2Fwp-includes HTTP/1.0" 200 436287 "-" "Mozilla/5.0 AppleWebKit/537.36 (KHTML, like Gecko; compatible; ClaudeBot/1.0; +claudebot@anthropic.com)"
216.73.216.24 - - [09/Sep/2025:04:40:05 +0700] "GET /info/285903674.phtml?path=%2Fvar%2Fwww%2Fvhosts%2Fvietnguyenvn.vinawebs.com.vn%2Ffurnilab.vn%2Fhttpdocs%2F4633c HTTP/1.0" 200 21722 "-" "Mozilla/5.0 AppleWebKit/537.36 (KHTML, like Gecko; compatible; ClaudeBot/1.0; +claudebot@anthropic.com)"
216.73.216.24 - - [09/Sep/2025:04:40:05 +0700] "GET /info/1824066772.phtml?path=%2Fvar%2Fwww%2Fvhosts%2Fvietnguyenvn.vinawebs.com.vn%2Ffurnilab.vn%2Fhttpdocs%2Fwp-includes HTTP/1.0" 200 436316 "-" "Mozilla/5.0 AppleWebKit/537.36 (KHTML, like Gecko; compatible; ClaudeBot/1.0; +claudebot@anthropic.com)"
20.171.207.104 - - [09/Sep/2025:04:40:05 +0700] "GET /?fileloc=/var/www/vhosts/vietnguyenvn.vinawebs.com.vn/vietnguyenlab.net/httpdocs/wp-content/plugins/woocommerce/includes/api/v1/class-wc-rest-webhook-deliveries.php&path=/var/www/vhosts/vietnguyenvn.vinawebs.com.vn/vietnguyenlab.net/httpdocs/wp-content/plugins/woocommerce/includes/api/v1 HTTP/1.0" 200 24510 "-" "Mozilla/5.0 AppleWebKit/537.36 (KHTML, like Gecko; compatible; GPTBot/1.2; +https://openai.com/gptbot)"
216.73.216.24 - - [09/Sep/2025:04:40:07 +0700] "GET /info/1824099458.phtml?path=%2Fvar%2Fwww%2Fvhosts%2Fvietnguyenvn.vinawebs.com.vn%2Ffurnilab.vn%2Fhttpdocs%2Fwp-includes HTTP/1.0" 200 436316 "-" "Mozilla/5.0 AppleWebKit/537.36 (KHTML, like Gecko; compatible; ClaudeBot/1.0; +claudebot@anthropic.com)"
216.73.216.24 - - [09/Sep/2025:04:40:07 +0700] "GET /info/1823980504.phtml?path=%2Fvar%2Fwww%2Fvhosts%2Fvietnguyenvn.vinawebs.com.vn%2Ffurnilab.vn%2Fhttpdocs%2Fwp-includes HTTP/1.0" 200 436287 "-" "Mozilla/5.0 AppleWebKit/537.36 (KHTML, like Gecko; compatible; ClaudeBot/1.0; +claudebot@anthropic.com)"
216.73.216.24 - - [09/Sep/2025:04:40:07 +0700] "GET /info/285733694.phtml?fileloc=%2Fvar%2Fwww%2Fvhosts%2Fvietnguyenvn.vinawebs.com.vn%2Ffurnilab.vn%2Fhttpdocs%2Fitem.php&path=%2Fvar%2Fwww%2Fvhosts%2Fvietnguyenvn.vinawebs.com.vn%2Ffurnilab.vn%2Fhttpdocs HTTP/1.0" 200 15299 "-" "Mozilla/5.0 AppleWebKit/537.36 (KHTML, like Gecko; compatible; ClaudeBot/1.0; +claudebot@anthropic.com)"
216.73.216.24 - - [09/Sep/2025:04:40:08 +0700] "GET /info/1800037226.phtml?path=%2Fvar%2Fwww%2Fvhosts%2Fvietnguyenvn.vinawebs.com.vn%2Ffurnilab.vn%2Fhttpdocs%2F4633c HTTP/1.0" 200 21722 "-" "Mozilla/5.0 AppleWebKit/537.36 (KHTML, like Gecko; compatible; ClaudeBot/1.0; +claudebot@anthropic.com)"
216.73.216.24 - - [09/Sep/2025:04:40:08 +0700] "GET /info/1824233118.phtml?path=%2Fvar%2Fwww%2Fvhosts%2Fvietnguyenvn.vinawebs.com.vn%2Ffurnilab.vn%2Fhttpdocs%2Fwp-includes HTTP/1.0" 200 436287 "-" "Mozilla/5.0 AppleWebKit/537.36 (KHTML, like Gecko; compatible; ClaudeBot/1.0; +claudebot@anthropic.com)"
216.73.216.24 - - [09/Sep/2025:04:40:09 +0700] "GET /info/1799699706.phtml?path=%2Fvar%2Fwww%2Fvhosts%2Fvietnguyenvn.vinawebs.com.vn%2Ffurnilab.vn%2Fhttpdocs%2F4633c HTTP/1.0" 200 21722 "-" "Mozilla/5.0 AppleWebKit/537.36 (KHTML, like Gecko; compatible; ClaudeBot/1.0; +claudebot@anthropic.com)"
66.249.71.100 - - [09/Sep/2025:04:40:08 +0700] "GET /products/98li164 HTTP/1.0" 200 586185 "-" "Mozilla/5.0 (Linux; Android 6.0.1; Nexus 5X Build/MMB29P) AppleWebKit/537.36 (KHTML, like Gecko) Chrome/139.0.7258.154 Mobile Safari/537.36 (compatible; Googlebot/2.1; +http://www.google.com/bot.html)"
216.73.216.24 - - [09/Sep/2025:04:40:10 +0700] "GET /category/after-getting-married-checklist?path=%2Fvar%2Fwww%2Fvhosts%2Fvietnguyenvn.vinawebs.com.vn%2Ffurnilab.vn%2F.revisium_antivirus_cache HTTP/1.0" 200 21385 "-" "Mozilla/5.0 AppleWebKit/537.36 (KHTML, like Gecko; compatible; ClaudeBot/1.0; +claudebot@anthropic.com)"
216.73.216.24 - - [09/Sep/2025:04:40:11 +0700] "GET /7-finest-essay-writing-services?path=%2Fvar%2Fwww%2Fvhosts%2Fvietnguyenvn.vinawebs.com.vn%2Ffurnilab.vn%2Fhttpdocs%2Fwp-includes%2Fblocks%2Fcategories HTTP/1.0" 200 29677 "-" "Mozilla/5.0 AppleWebKit/537.36 (KHTML, like Gecko; compatible; ClaudeBot/1.0; +claudebot@anthropic.com)"
216.73.216.24 - - [09/Sep/2025:04:40:11 +0700] "GET /info/1823830808.phtml?path=%2Fvar%2Fwww%2Fvhosts%2Fvietnguyenvn.vinawebs.com.vn%2Ffurnilab.vn%2Fhttpdocs%2Fwp-includes HTTP/1.0" 200 436316 "-" "Mozilla/5.0 AppleWebKit/537.36 (KHTML, like Gecko; compatible; ClaudeBot/1.0; +claudebot@anthropic.com)"
216.73.216.24 - - [09/Sep/2025:04:40:12 +0700] "GET /info/1823716590.phtml?path=%2Fvar%2Fwww%2Fvhosts%2Fvietnguyenvn.vinawebs.com.vn%2Ffurnilab.vn%2Fhttpdocs%2Fwp-includes HTTP/1.0" 200 436316 "-" "Mozilla/5.0 AppleWebKit/537.36 (KHTML, like Gecko; compatible; ClaudeBot/1.0; +claudebot@anthropic.com)"
20.171.207.177 - - [09/Sep/2025:04:40:12 +0700] "GET /products/2mp3758 HTTP/1.0" 200 78268 "-" "Mozilla/5.0 AppleWebKit/537.36 (KHTML, like Gecko; compatible; GPTBot/1.2; +https://openai.com/gptbot)"
216.73.216.24 - - [09/Sep/2025:04:40:12 +0700] "GET /info/1823802710.phtml?path=%2Fvar%2Fwww%2Fvhosts%2Fvietnguyenvn.vinawebs.com.vn%2Ffurnilab.vn%2Fhttpdocs%2F4633c HTTP/1.0" 200 21722 "-" "Mozilla/5.0 AppleWebKit/537.36 (KHTML, like Gecko; compatible; ClaudeBot/1.0; +claudebot@anthropic.com)"
216.73.216.24 - - [09/Sep/2025:04:40:13 +0700] "GET /info/1823961226.phtml?fileloc=%2Fvar%2Fwww%2Fvhosts%2Fvietnguyenvn.vinawebs.com.vn%2Ffurnilab.vn%2Fhttpdocs%2Fitem.php&path=%2Fvar%2Fwww%2Fvhosts%2Fvietnguyenvn.vinawebs.com.vn%2Ffurnilab.vn%2Fhttpdocs HTTP/1.0" 200 15299 "-" "Mozilla/5.0 AppleWebKit/537.36 (KHTML, like Gecko; compatible; ClaudeBot/1.0; +claudebot@anthropic.com)"
216.73.216.24 - - [09/Sep/2025:04:40:14 +0700] "GET /info/1824310210.phtml?path=%2Fvar%2Fwww%2Fvhosts%2Fvietnguyenvn.vinawebs.com.vn%2Ffurnilab.vn%2Fhttpdocs%2Fwp-includes HTTP/1.0" 200 436316 "-" "Mozilla/5.0 AppleWebKit/537.36 (KHTML, like Gecko; compatible; ClaudeBot/1.0; +claudebot@anthropic.com)"
216.73.216.24 - - [09/Sep/2025:04:40:15 +0700] "GET /info/1823660828.phtml?path=%2Fvar%2Fwww%2Fvhosts%2Fvietnguyenvn.vinawebs.com.vn%2Ffurnilab.vn%2Fhttpdocs%2Fwp-includes HTTP/1.0" 200 436316 "-" "Mozilla/5.0 AppleWebKit/537.36 (KHTML, like Gecko; compatible; ClaudeBot/1.0; +claudebot@anthropic.com)"
57.141.2.2 - - [09/Sep/2025:04:40:15 +0700] "GET /info/743603234.phtml HTTP/1.0" 200 78268 "-" "meta-externalagent/1.1 (+https://developers.facebook.com/docs/sharing/webmasters/crawler)"
216.73.216.24 - - [09/Sep/2025:04:40:16 +0700] "GET /info/1824380426.phtml?fileloc=%2Fvar%2Fwww%2Fvhosts%2Fvietnguyenvn.vinawebs.com.vn%2Ffurnilab.vn%2Fhttpdocs%2Fitem.php&path=%2Fvar%2Fwww%2Fvhosts%2Fvietnguyenvn.vinawebs.com.vn%2Ffurnilab.vn%2Fhttpdocs HTTP/1.0" 200 15299 "-" "Mozilla/5.0 AppleWebKit/537.36 (KHTML, like Gecko; compatible; ClaudeBot/1.0; +claudebot@anthropic.com)"
216.73.216.24 - - [09/Sep/2025:04:40:17 +0700] "GET /info/1823954522.phtml?path=%2Fvar%2Fwww%2Fvhosts%2Fvietnguyenvn.vinawebs.com.vn%2Ffurnilab.vn%2Fhttpdocs%2F4633c HTTP/1.0" 200 21722 "-" "Mozilla/5.0 AppleWebKit/537.36 (KHTML, like Gecko; compatible; ClaudeBot/1.0; +claudebot@anthropic.com)"
20.171.207.104 - - [09/Sep/2025:04:40:17 +0700] "GET /?fileloc=/var/www/vhosts/vietnguyenvn.vinawebs.com.vn/vietnguyenlab.net/httpdocs/wp-content/plugins/woocommerce/includes/api/v1/class-wc-rest-order-refunds-controller.php&path=/var/www/vhosts/vietnguyenvn.vinawebs.com.vn/vietnguyenlab.net/httpdocs/wp-content/plugins/woocommerce/includes/api/v1 HTTP/1.0" 200 32098 "-" "Mozilla/5.0 AppleWebKit/537.36 (KHTML, like Gecko; compatible; GPTBot/1.2; +https://openai.com/gptbot)"
216.73.216.24 - - [09/Sep/2025:04:40:18 +0700] "GET /info/1823716590.phtml?fileloc=%2Fvar%2Fwww%2Fvhosts%2Fvietnguyenvn.vinawebs.com.vn%2Ffurnilab.vn%2Fhttpdocs%2Fitem.php&path=%2Fvar%2Fwww%2Fvhosts%2Fvietnguyenvn.vinawebs.com.vn%2Ffurnilab.vn%2Fhttpdocs HTTP/1.0" 200 15299 "-" "Mozilla/5.0 AppleWebKit/537.36 (KHTML, like Gecko; compatible; ClaudeBot/1.0; +claudebot@anthropic.com)"
216.73.216.24 - - [09/Sep/2025:04:40:18 +0700] "GET /info/1823949758.phtml?path=%2Fvar%2Fwww%2Fvhosts%2Fvietnguyenvn.vinawebs.com.vn%2Ffurnilab.vn%2Fhttpdocs%2Fwp-includes HTTP/1.0" 200 436316 "-" "Mozilla/5.0 AppleWebKit/537.36 (KHTML, like Gecko; compatible; ClaudeBot/1.0; +claudebot@anthropic.com)"
216.73.216.24 - - [09/Sep/2025:04:40:19 +0700] "GET /info/1824009880.phtml?fileloc=%2Fvar%2Fwww%2Fvhosts%2Fvietnguyenvn.vinawebs.com.vn%2Ffurnilab.vn%2Fhttpdocs%2Fitem.php&path=%2Fvar%2Fwww%2Fvhosts%2Fvietnguyenvn.vinawebs.com.vn%2Ffurnilab.vn%2Fhttpdocs HTTP/1.0" 200 15299 "-" "Mozilla/5.0 AppleWebKit/537.36 (KHTML, like Gecko; compatible; ClaudeBot/1.0; +claudebot@anthropic.com)"
216.73.216.24 - - [09/Sep/2025:04:40:20 +0700] "GET /info/1823911310.phtml?path=%2Fvar%2Fwww%2Fvhosts%2Fvietnguyenvn.vinawebs.com.vn%2Ffurnilab.vn%2Fhttpdocs%2Fwp-includes HTTP/1.0" 200 436316 "-" "Mozilla/5.0 AppleWebKit/537.36 (KHTML, like Gecko; compatible; ClaudeBot/1.0; +claudebot@anthropic.com)"
216.73.216.24 - - [09/Sep/2025:04:40:21 +0700] "GET /info/1823693770.phtml?path=%2Fvar%2Fwww%2Fvhosts%2Fvietnguyenvn.vinawebs.com.vn%2Ffurnilab.vn%2Fhttpdocs%2F4633c HTTP/1.0" 200 21722 "-" "Mozilla/5.0 AppleWebKit/537.36 (KHTML, like Gecko; compatible; ClaudeBot/1.0; +claudebot@anthropic.com)"
216.73.216.24 - - [09/Sep/2025:04:40:21 +0700] "GET /info/1824241064.phtml?fileloc=%2Fvar%2Fwww%2Fvhosts%2Fvietnguyenvn.vinawebs.com.vn%2Ffurnilab.vn%2Fhttpdocs%2Fwp-auto8L.php&path=%2Fvar%2Fwww%2Fvhosts%2Fvietnguyenvn.vinawebs.com.vn%2Ffurnilab.vn%2Fhttpdocs HTTP/1.0" 200 20813 "-" "Mozilla/5.0 AppleWebKit/537.36 (KHTML, like Gecko; compatible; ClaudeBot/1.0; +claudebot@anthropic.com)"
20.171.207.177 - - [09/Sep/2025:04:40:22 +0700] "GET /products/41zy677 HTTP/1.0" 200 78268 "-" "Mozilla/5.0 AppleWebKit/537.36 (KHTML, like Gecko; compatible; GPTBot/1.2; +https://openai.com/gptbot)"
216.73.216.24 - - [09/Sep/2025:04:40:22 +0700] "GET /info/1823994232.phtml?fileloc=%2Fvar%2Fwww%2Fvhosts%2Fvietnguyenvn.vinawebs.com.vn%2Ffurnilab.vn%2Fhttpdocs%2Fitem.php&path=%2Fvar%2Fwww%2Fvhosts%2Fvietnguyenvn.vinawebs.com.vn%2Ffurnilab.vn%2Fhttpdocs HTTP/1.0" 200 15299 "-" "Mozilla/5.0 AppleWebKit/537.36 (KHTML, like Gecko; compatible; ClaudeBot/1.0; +claudebot@anthropic.com)"
216.73.216.24 - - [09/Sep/2025:04:40:22 +0700] "GET /info/1823991776.phtml?fileloc=%2Fvar%2Fwww%2Fvhosts%2Fvietnguyenvn.vinawebs.com.vn%2Ffurnilab.vn%2Fhttpdocs%2Fitem.php&path=%2Fvar%2Fwww%2Fvhosts%2Fvietnguyenvn.vinawebs.com.vn%2Ffurnilab.vn%2Fhttpdocs HTTP/1.0" 200 15299 "-" "Mozilla/5.0 AppleWebKit/537.36 (KHTML, like Gecko; compatible; ClaudeBot/1.0; +claudebot@anthropic.com)"
216.73.216.24 - - [09/Sep/2025:04:40:23 +0700] "GET /info/1824201354.phtml?path=%2Fvar%2Fwww%2Fvhosts%2Fvietnguyenvn.vinawebs.com.vn%2Ffurnilab.vn%2Fhttpdocs%2Fwp-includes HTTP/1.0" 200 436316 "-" "Mozilla/5.0 AppleWebKit/537.36 (KHTML, like Gecko; compatible; ClaudeBot/1.0; +claudebot@anthropic.com)"
216.73.216.24 - - [09/Sep/2025:04:40:23 +0700] "GET /info/1824055308.phtml?path=%2Fvar%2Fwww%2Fvhosts%2Fvietnguyenvn.vinawebs.com.vn%2Ffurnilab.vn%2Fhttpdocs%2F4633c HTTP/1.0" 200 21722 "-" "Mozilla/5.0 AppleWebKit/537.36 (KHTML, like Gecko; compatible; ClaudeBot/1.0; +claudebot@anthropic.com)"
216.73.216.24 - - [09/Sep/2025:04:40:24 +0700] "GET /info/1823870470.phtml?fileloc=%2Fvar%2Fwww%2Fvhosts%2Fvietnguyenvn.vinawebs.com.vn%2Ffurnilab.vn%2Fhttpdocs%2Findex.php&path=%2Fvar%2Fwww%2Fvhosts%2Fvietnguyenvn.vinawebs.com.vn%2Ffurnilab.vn%2Fhttpdocs HTTP/1.0" 200 43466 "-" "Mozilla/5.0 AppleWebKit/537.36 (KHTML, like Gecko; compatible; ClaudeBot/1.0; +claudebot@anthropic.com)"
216.73.216.24 - - [09/Sep/2025:04:40:25 +0700] "GET /info/1824268324.phtml?fileloc=%2Fvar%2Fwww%2Fvhosts%2Fvietnguyenvn.vinawebs.com.vn%2Ffurnilab.vn%2Fhttpdocs%2Findex.php&path=%2Fvar%2Fwww%2Fvhosts%2Fvietnguyenvn.vinawebs.com.vn%2Ffurnilab.vn%2Fhttpdocs HTTP/1.0" 200 43466 "-" "Mozilla/5.0 AppleWebKit/537.36 (KHTML, like Gecko; compatible; ClaudeBot/1.0; +claudebot@anthropic.com)"
216.73.216.24 - - [09/Sep/2025:04:40:26 +0700] "GET /info/1824310210.phtml?fileloc=%2Fvar%2Fwww%2Fvhosts%2Fvietnguyenvn.vinawebs.com.vn%2Ffurnilab.vn%2Fhttpdocs%2Fitem.php&path=%2Fvar%2Fwww%2Fvhosts%2Fvietnguyenvn.vinawebs.com.vn%2Ffurnilab.vn%2Fhttpdocs HTTP/1.0" 200 15299 "-" "Mozilla/5.0 AppleWebKit/537.36 (KHTML, like Gecko; compatible; ClaudeBot/1.0; +claudebot@anthropic.com)"
216.73.216.24 - - [09/Sep/2025:04:40:26 +0700] "GET /info/1823967926.phtml?fileloc=%2Fvar%2Fwww%2Fvhosts%2Fvietnguyenvn.vinawebs.com.vn%2Ffurnilab.vn%2Fhttpdocs%2Fitem.php&path=%2Fvar%2Fwww%2Fvhosts%2Fvietnguyenvn.vinawebs.com.vn%2Ffurnilab.vn%2Fhttpdocs HTTP/1.0" 200 15299 "-" "Mozilla/5.0 AppleWebKit/537.36 (KHTML, like Gecko; compatible; ClaudeBot/1.0; +claudebot@anthropic.com)"
20.171.207.104 - - [09/Sep/2025:04:40:27 +0700] "GET /?fileloc=/var/www/vhosts/vietnguyenvn.vinawebs.com.vn/vietnguyenlab.net/httpdocs/wp-content/plugins/woocommerce/includes/api/v1/class-wc-rest-orders-controller.php&path=/var/www/vhosts/vietnguyenvn.vinawebs.com.vn/vietnguyenlab.net/httpdocs/wp-content/plugins/woocommerce/includes/api/v1 HTTP/1.0" 200 71970 "-" "Mozilla/5.0 AppleWebKit/537.36 (KHTML, like Gecko; compatible; GPTBot/1.2; +https://openai.com/gptbot)"
216.73.216.24 - - [09/Sep/2025:04:40:27 +0700] "GET /die-besten-broker-die-besten-broker-fur/bitcoin-jpg-7?fileloc=%2Fvar%2Fwww%2Fvhosts%2Fvietnguyenvn.vinawebs.com.vn%2Fvietnguyenlab.net%2Ferror_docs%2Fprecondition_failed.html&path=%2Fvar%2Fwww%2Fvhosts%2Fvietnguyenvn.vinawebs.com.vn%2Fvietnguyenlab.net%2Ferror_docs HTTP/1.0" 200 14419 "-" "Mozilla/5.0 AppleWebKit/537.36 (KHTML, like Gecko; compatible; ClaudeBot/1.0; +claudebot@anthropic.com)"
216.73.216.24 - - [09/Sep/2025:04:40:28 +0700] "GET /info/1824168668.phtml?fileloc=%2Fvar%2Fwww%2Fvhosts%2Fvietnguyenvn.vinawebs.com.vn%2Ffurnilab.vn%2Fhttpdocs%2Fproduct.php&path=%2Fvar%2Fwww%2Fvhosts%2Fvietnguyenvn.vinawebs.com.vn%2Ffurnilab.vn%2Fhttpdocs HTTP/1.0" 200 14820 "-" "Mozilla/5.0 AppleWebKit/537.36 (KHTML, like Gecko; compatible; ClaudeBot/1.0; +claudebot@anthropic.com)"
216.73.216.24 - - [09/Sep/2025:04:40:29 +0700] "GET /info/1824224026.phtml?fileloc=%2Fvar%2Fwww%2Fvhosts%2Fvietnguyenvn.vinawebs.com.vn%2Ffurnilab.vn%2Fhttpdocs%2Fitem.php&path=%2Fvar%2Fwww%2Fvhosts%2Fvietnguyenvn.vinawebs.com.vn%2Ffurnilab.vn%2Fhttpdocs HTTP/1.0" 200 15299 "-" "Mozilla/5.0 AppleWebKit/537.36 (KHTML, like Gecko; compatible; ClaudeBot/1.0; +claudebot@anthropic.com)"
216.73.216.24 - - [09/Sep/2025:04:40:25 +0700] "GET /info/1824343236.phtml?fileloc=%2Fvar%2Fwww%2Fvhosts%2Fvietnguyenvn.vinawebs.com.vn%2Ffurnilab.vn%2Fhttpdocs%2Findex.php&path=%2Fvar%2Fwww%2Fvhosts%2Fvietnguyenvn.vinawebs.com.vn%2Ffurnilab.vn%2Fhttpdocs HTTP/1.0" 200 43466 "-" "Mozilla/5.0 AppleWebKit/537.36 (KHTML, like Gecko; compatible; ClaudeBot/1.0; +claudebot@anthropic.com)"
216.73.216.24 - - [09/Sep/2025:04:40:31 +0700] "GET /info/1800029412.phtml?path=%2Fvar%2Fwww%2Fvhosts%2Fvietnguyenvn.vinawebs.com.vn%2Ffurnilab.vn%2Fhttpdocs%2F4633c HTTP/1.0" 200 21722 "-" "Mozilla/5.0 AppleWebKit/537.36 (KHTML, like Gecko; compatible; ClaudeBot/1.0; +claudebot@anthropic.com)"
216.73.216.24 - - [09/Sep/2025:04:40:31 +0700] "GET /info/1824116364.phtml?fileloc=%2Fvar%2Fwww%2Fvhosts%2Fvietnguyenvn.vinawebs.com.vn%2Ffurnilab.vn%2Fhttpdocs%2Fproduct.php&path=%2Fvar%2Fwww%2Fvhosts%2Fvietnguyenvn.vinawebs.com.vn%2Ffurnilab.vn%2Fhttpdocs HTTP/1.0" 200 14820 "-" "Mozilla/5.0 AppleWebKit/537.36 (KHTML, like Gecko; compatible; ClaudeBot/1.0; +claudebot@anthropic.com)"
216.73.216.24 - - [09/Sep/2025:04:40:32 +0700] "GET /info/1823837768.phtml?fileloc=%2Fvar%2Fwww%2Fvhosts%2Fvietnguyenvn.vinawebs.com.vn%2Ffurnilab.vn%2Fhttpdocs%2Findex.php&path=%2Fvar%2Fwww%2Fvhosts%2Fvietnguyenvn.vinawebs.com.vn%2Ffurnilab.vn%2Fhttpdocs HTTP/1.0" 200 43466 "-" "Mozilla/5.0 AppleWebKit/537.36 (KHTML, like Gecko; compatible; ClaudeBot/1.0; +claudebot@anthropic.com)"
216.73.216.24 - - [09/Sep/2025:04:40:32 +0700] "GET /info/1823650622.phtml?fileloc=%2Fvar%2Fwww%2Fvhosts%2Fvietnguyenvn.vinawebs.com.vn%2Ffurnilab.vn%2Fhttpdocs%2Findex.php&path=%2Fvar%2Fwww%2Fvhosts%2Fvietnguyenvn.vinawebs.com.vn%2Ffurnilab.vn%2Fhttpdocs HTTP/1.0" 200 43466 "-" "Mozilla/5.0 AppleWebKit/537.36 (KHTML, like Gecko; compatible; ClaudeBot/1.0; +claudebot@anthropic.com)"
20.171.207.177 - - [09/Sep/2025:04:40:33 +0700] "GET /products/251qv53 HTTP/1.0" 200 78268 "-" "Mozilla/5.0 AppleWebKit/537.36 (KHTML, like Gecko; compatible; GPTBot/1.2; +https://openai.com/gptbot)"
20.171.207.104 - - [09/Sep/2025:04:40:37 +0700] "GET /?fileloc=/var/www/vhosts/vietnguyenvn.vinawebs.com.vn/vietnguyenlab.net/httpdocs/wp-content/plugins/woocommerce/includes/api/v1/class-wc-rest-report-sales-controller.php&path=/var/www/vhosts/vietnguyenvn.vinawebs.com.vn/vietnguyenlab.net/httpdocs/wp-content/plugins/woocommerce/includes/api/v1 HTTP/1.0" 200 27368 "-" "Mozilla/5.0 AppleWebKit/537.36 (KHTML, like Gecko; compatible; GPTBot/1.2; +https://openai.com/gptbot)"
20.171.207.177 - - [09/Sep/2025:04:40:40 +0700] "GET /products/2mp3758?fileloc=/var/www/vhosts/vietnguyenvn.vinawebs.com.vn/furnilab.vn/httpdocs/defaults.php&path=/var/www/vhosts/vietnguyenvn.vinawebs.com.vn/furnilab.vn/httpdocs HTTP/1.0" 200 15393 "-" "Mozilla/5.0 AppleWebKit/537.36 (KHTML, like Gecko; compatible; GPTBot/1.2; +https://openai.com/gptbot)"
20.171.207.104 - - [09/Sep/2025:04:40:45 +0700] "GET /?fileloc=/var/www/vhosts/vietnguyenvn.vinawebs.com.vn/vietnguyenlab.net/httpdocs/wp-content/plugins/acf-better-search/vendor/composer/autoload_psr4.php&path=/var/www/vhosts/vietnguyenvn.vinawebs.com.vn/vietnguyenlab.net/httpdocs/wp-content/plugins/acf-better-search/vendor/composer HTTP/1.0" 200 13999 "-" "Mozilla/5.0 AppleWebKit/537.36 (KHTML, like Gecko; compatible; GPTBot/1.2; +https://openai.com/gptbot)"
20.171.207.177 - - [09/Sep/2025:04:40:48 +0700] "GET /products/6vp5342 HTTP/1.0" 200 78268 "-" "Mozilla/5.0 AppleWebKit/537.36 (KHTML, like Gecko; compatible; GPTBot/1.2; +https://openai.com/gptbot)"
20.171.207.104 - - [09/Sep/2025:04:40:52 +0700] "GET /?fileloc=/var/www/vhosts/vietnguyenvn.vinawebs.com.vn/vietnguyenlab.net/httpdocs/wp-content/themes/tem_techno_v2/js/swiper.jquery.min.js&path=/var/www/vhosts/vietnguyenvn.vinawebs.com.vn/vietnguyenlab.net/httpdocs/wp-content/themes/tem_techno_v2/js HTTP/1.0" 200 98705 "-" "Mozilla/5.0 AppleWebKit/537.36 (KHTML, like Gecko; compatible; GPTBot/1.2; +https://openai.com/gptbot)"
20.171.207.177 - - [09/Sep/2025:04:40:55 +0700] "GET /products/61ty827?fileloc=/var/www/vhosts/vietnguyenvn.vinawebs.com.vn/furnilab.vn/httpdocs/wp-signup.php&path=/var/www/vhosts/vietnguyenvn.vinawebs.com.vn/furnilab.vn/httpdocs HTTP/1.0" 200 51055 "-" "Mozilla/5.0 AppleWebKit/537.36 (KHTML, like Gecko; compatible; GPTBot/1.2; +https://openai.com/gptbot)"
20.171.207.104 - - [09/Sep/2025:04:40:58 +0700] "GET /?fileloc=/var/www/vhosts/vietnguyenvn.vinawebs.com.vn/vietnguyenlab.net/httpdocs/wp-content/themes/tem_techno_v2/woocommerce/single-product/product-image.php&path=/var/www/vhosts/vietnguyenvn.vinawebs.com.vn/vietnguyenlab.net/httpdocs/wp-content/themes/tem_techno_v2/woocommerce/single-product HTTP/1.0" 200 15755 "-" "Mozilla/5.0 AppleWebKit/537.36 (KHTML, like Gecko; compatible; GPTBot/1.2; +https://openai.com/gptbot)"
115.79.196.94 - - [09/Sep/2025:04:41:00 +0700] "POST /xmlrpc.php HTTP/1.0" 403 571 "-" "Mozilla/5.0 (X11; Ubuntu; Linux x86_64; rv:85.0) Gecko/20100101 Firefox/91.0"
20.171.207.177 - - [09/Sep/2025:04:41:03 +0700] "GET /products/39yy785 HTTP/1.0" 200 78268 "-" "Mozilla/5.0 AppleWebKit/537.36 (KHTML, like Gecko; compatible; GPTBot/1.2; +https://openai.com/gptbot)"
20.171.207.104 - - [09/Sep/2025:04:41:05 +0700] "GET /?fileloc=/var/www/vhosts/vietnguyenvn.vinawebs.com.vn/vietnguyenlab.net/httpdocs/wp-content/themes/tem_techno_v2/woocommerce/single-product/price.php&path=/var/www/vhosts/vietnguyenvn.vinawebs.com.vn/vietnguyenlab.net/httpdocs/wp-content/themes/tem_techno_v2/woocommerce/single-product HTTP/1.0" 200 15196 "-" "Mozilla/5.0 AppleWebKit/537.36 (KHTML, like Gecko; compatible; GPTBot/1.2; +https://openai.com/gptbot)"
20.171.207.177 - - [09/Sep/2025:04:41:09 +0700] "GET /products/50fs11110?fileloc=/var/www/vhosts/vietnguyenvn.vinawebs.com.vn/furnilab.vn/httpdocs/wp-config-sample.php&path=/var/www/vhosts/vietnguyenvn.vinawebs.com.vn/furnilab.vn/httpdocs HTTP/1.0" 200 16089 "-" "Mozilla/5.0 AppleWebKit/537.36 (KHTML, like Gecko; compatible; GPTBot/1.2; +https://openai.com/gptbot)"
20.171.207.104 - - [09/Sep/2025:04:41:11 +0700] "GET /?fileloc=/var/www/vhosts/vietnguyenvn.vinawebs.com.vn/vietnguyenlab.net/httpdocs/wp-content/plugins/woocommerce/includes/api/v1/class-wc-rest-product-attribute-terms-controller.php&path=/var/www/vhosts/vietnguyenvn.vinawebs.com.vn/vietnguyenlab.net/httpdocs/wp-content/plugins/woocommerce/includes/api/v1 HTTP/1.0" 200 22147 "-" "Mozilla/5.0 AppleWebKit/537.36 (KHTML, like Gecko; compatible; GPTBot/1.2; +https://openai.com/gptbot)"
20.171.207.177 - - [09/Sep/2025:04:41:15 +0700] "GET /products/18ji436 HTTP/1.0" 200 78268 "-" "Mozilla/5.0 AppleWebKit/537.36 (KHTML, like Gecko; compatible; GPTBot/1.2; +https://openai.com/gptbot)"
20.171.207.104 - - [09/Sep/2025:04:41:17 +0700] "GET /?fileloc=/var/www/vhosts/vietnguyenvn.vinawebs.com.vn/vietnguyenlab.net/httpdocs/wp-content/themes/tem_techno_v2/js/swiper.min.js&path=/var/www/vhosts/vietnguyenvn.vinawebs.com.vn/vietnguyenlab.net/httpdocs/wp-content/themes/tem_techno_v2/js HTTP/1.0" 200 109379 "-" "Mozilla/5.0 AppleWebKit/537.36 (KHTML, like Gecko; compatible; GPTBot/1.2; +https://openai.com/gptbot)"
57.141.2.49 - - [09/Sep/2025:04:41:19 +0700] "GET /info/258103160.phtml HTTP/1.0" 200 78268 "-" "meta-externalagent/1.1 (+https://developers.facebook.com/docs/sharing/webmasters/crawler)"
20.171.207.177 - - [09/Sep/2025:04:41:21 +0700] "GET /products/49as761 HTTP/1.0" 200 78268 "-" "Mozilla/5.0 AppleWebKit/537.36 (KHTML, like Gecko; compatible; GPTBot/1.2; +https://openai.com/gptbot)"
66.249.64.97 - - [09/Sep/2025:04:41:18 +0700] "GET /info/1935672620.phtml HTTP/1.0" 200 556114 "-" "Mozilla/5.0 (Linux; Android 6.0.1; Nexus 5X Build/MMB29P) AppleWebKit/537.36 (KHTML, like Gecko) Chrome/139.0.7258.154 Mobile Safari/537.36 (compatible; Googlebot/2.1; +http://www.google.com/bot.html)"
20.171.207.104 - - [09/Sep/2025:04:41:23 +0700] "GET /?fileloc=/var/www/vhosts/vietnguyenvn.vinawebs.com.vn/vietnguyenlab.net/httpdocs/wp-content/plugins/woocommerce/includes/api/v1/class-wc-rest-report-top-sellers-controller.php&path=/var/www/vhosts/vietnguyenvn.vinawebs.com.vn/vietnguyenlab.net/httpdocs/wp-content/plugins/woocommerce/includes/api/v1 HTTP/1.0" 200 18866 "-" "Mozilla/5.0 AppleWebKit/537.36 (KHTML, like Gecko; compatible; GPTBot/1.2; +https://openai.com/gptbot)"
57.141.2.17 - - [09/Sep/2025:04:41:24 +0700] "GET /info/257504888.phtml HTTP/1.0" 200 78268 "-" "meta-externalagent/1.1 (+https://developers.facebook.com/docs/sharing/webmasters/crawler)"
216.73.216.24 - - [09/Sep/2025:04:41:25 +0700] "GET /info/675034844.phtml?fileloc=%2Fvar%2Fwww%2Fvhosts%2Fvietnguyenvn.vinawebs.com.vn%2Ffurnilab.vn%2Fhttpdocs%2Fwp-config-sample.php&path=%2Fvar%2Fwww%2Fvhosts%2Fvietnguyenvn.vinawebs.com.vn%2Ffurnilab.vn%2Fhttpdocs HTTP/1.0" 200 16089 "-" "Mozilla/5.0 AppleWebKit/537.36 (KHTML, like Gecko; compatible; ClaudeBot/1.0; +claudebot@anthropic.com)"
216.73.216.24 - - [09/Sep/2025:04:41:25 +0700] "GET /info/1824233118.phtml?fileloc=%2Fvar%2Fwww%2Fvhosts%2Fvietnguyenvn.vinawebs.com.vn%2Ffurnilab.vn%2Fhttpdocs%2Fwp-cron.php&path=%2Fvar%2Fwww%2Fvhosts%2Fvietnguyenvn.vinawebs.com.vn%2Ffurnilab.vn%2Fhttpdocs HTTP/1.0" 200 18709 "-" "Mozilla/5.0 AppleWebKit/537.36 (KHTML, like Gecko; compatible; ClaudeBot/1.0; +claudebot@anthropic.com)"
216.73.216.24 - - [09/Sep/2025:04:41:25 +0700] "GET /info/1824090382.phtml?fileloc=%2Fvar%2Fwww%2Fvhosts%2Fvietnguyenvn.vinawebs.com.vn%2Ffurnilab.vn%2Fhttpdocs%2Fwp-links-opml.php&path=%2Fvar%2Fwww%2Fvhosts%2Fvietnguyenvn.vinawebs.com.vn%2Ffurnilab.vn%2Fhttpdocs HTTP/1.0" 200 15828 "-" "Mozilla/5.0 AppleWebKit/537.36 (KHTML, like Gecko; compatible; ClaudeBot/1.0; +claudebot@anthropic.com)"
216.73.216.24 - - [09/Sep/2025:04:41:25 +0700] "GET /7-finest-essay-writing-services?fileloc=%2Fvar%2Fwww%2Fvhosts%2Fvietnguyenvn.vinawebs.com.vn%2Ffurnilab.vn%2Fhttpdocs%2Fwp-includes%2Fblocks%2Findex.php&path=%2Fvar%2Fwww%2Fvhosts%2Fvietnguyenvn.vinawebs.com.vn%2Ffurnilab.vn%2Fhttpdocs%2Fwp-includes%2Fblocks HTTP/1.0" 200 14048 "-" "Mozilla/5.0 AppleWebKit/537.36 (KHTML, like Gecko; compatible; ClaudeBot/1.0; +claudebot@anthropic.com)"
216.73.216.24 - - [09/Sep/2025:04:41:26 +0700] "GET /info/1823697164.phtml?fileloc=%2Fvar%2Fwww%2Fvhosts%2Fvietnguyenvn.vinawebs.com.vn%2Ffurnilab.vn%2Fhttpdocs%2Fwp-config-sample.php&path=%2Fvar%2Fwww%2Fvhosts%2Fvietnguyenvn.vinawebs.com.vn%2Ffurnilab.vn%2Fhttpdocs HTTP/1.0" 200 16089 "-" "Mozilla/5.0 AppleWebKit/537.36 (KHTML, like Gecko; compatible; ClaudeBot/1.0; +claudebot@anthropic.com)"
216.73.216.24 - - [09/Sep/2025:04:41:27 +0700] "GET /info/1823911310.phtml?fileloc=%2Fvar%2Fwww%2Fvhosts%2Fvietnguyenvn.vinawebs.com.vn%2Ffurnilab.vn%2Fhttpdocs%2Fwp-config-sample.php&path=%2Fvar%2Fwww%2Fvhosts%2Fvietnguyenvn.vinawebs.com.vn%2Ffurnilab.vn%2Fhttpdocs HTTP/1.0" 200 16089 "-" "Mozilla/5.0 AppleWebKit/537.36 (KHTML, like Gecko; compatible; ClaudeBot/1.0; +claudebot@anthropic.com)"
74.91.19.178 - - [09/Sep/2025:04:40:28 +0700] "GET /wp-content/jsf93179/edit.php?id=264 HTTP/1.0" 503 668 "-" "GuzzleHttp/7"
216.73.216.24 - - [09/Sep/2025:04:41:27 +0700] "GET /info/1823946368.phtml?fileloc=%2Fvar%2Fwww%2Fvhosts%2Fvietnguyenvn.vinawebs.com.vn%2Ffurnilab.vn%2Fhttpdocs%2Fwp-links-opml.php&path=%2Fvar%2Fwww%2Fvhosts%2Fvietnguyenvn.vinawebs.com.vn%2Ffurnilab.vn%2Fhttpdocs HTTP/1.0" 200 15828 "-" "Mozilla/5.0 AppleWebKit/537.36 (KHTML, like Gecko; compatible; ClaudeBot/1.0; +claudebot@anthropic.com)"
20.171.207.177 - - [09/Sep/2025:04:41:27 +0700] "GET /products/6bf1564 HTTP/1.0" 200 78268 "-" "Mozilla/5.0 AppleWebKit/537.36 (KHTML, like Gecko; compatible; GPTBot/1.2; +https://openai.com/gptbot)"
216.73.216.24 - - [09/Sep/2025:04:41:27 +0700] "GET /info/1824099458.phtml?fileloc=%2Fvar%2Fwww%2Fvhosts%2Fvietnguyenvn.vinawebs.com.vn%2Ffurnilab.vn%2Fhttpdocs%2Fwp-links-opml.php&path=%2Fvar%2Fwww%2Fvhosts%2Fvietnguyenvn.vinawebs.com.vn%2Ffurnilab.vn%2Fhttpdocs HTTP/1.0" 200 15828 "-" "Mozilla/5.0 AppleWebKit/537.36 (KHTML, like Gecko; compatible; ClaudeBot/1.0; +claudebot@anthropic.com)"
216.73.216.24 - - [09/Sep/2025:04:41:28 +0700] "GET /info/1824420136.phtml?fileloc=%2Fvar%2Fwww%2Fvhosts%2Fvietnguyenvn.vinawebs.com.vn%2Ffurnilab.vn%2Fhttpdocs%2Fwp-config-sample.php&path=%2Fvar%2Fwww%2Fvhosts%2Fvietnguyenvn.vinawebs.com.vn%2Ffurnilab.vn%2Fhttpdocs HTTP/1.0" 200 16089 "-" "Mozilla/5.0 AppleWebKit/537.36 (KHTML, like Gecko; compatible; ClaudeBot/1.0; +claudebot@anthropic.com)"
216.73.216.24 - - [09/Sep/2025:04:41:28 +0700] "GET /info/1824224026.phtml?fileloc=%2Fvar%2Fwww%2Fvhosts%2Fvietnguyenvn.vinawebs.com.vn%2Ffurnilab.vn%2Fhttpdocs%2Fwp-blog-header.php&path=%2Fvar%2Fwww%2Fvhosts%2Fvietnguyenvn.vinawebs.com.vn%2Ffurnilab.vn%2Fhttpdocs HTTP/1.0" 200 13388 "-" "Mozilla/5.0 AppleWebKit/537.36 (KHTML, like Gecko; compatible; ClaudeBot/1.0; +claudebot@anthropic.com)"
57.141.2.60 - - [09/Sep/2025:04:41:28 +0700] "GET /info/1410546994.phtml HTTP/1.0" 200 78268 "-" "meta-externalagent/1.1 (+https://developers.facebook.com/docs/sharing/webmasters/crawler)"
178.151.245.162 - - [09/Sep/2025:04:41:31 +0700] "GET /robots.txt HTTP/1.0" 200 801 "-" "Mozilla/5.0 (compatible; MJ12bot/v1.4.8; http://mj12bot.com/)"
20.171.207.104 - - [09/Sep/2025:04:41:29 +0700] "GET /?fileloc=/var/www/vhosts/vietnguyenvn.vinawebs.com.vn/vietnguyenlab.net/httpdocs/wp-content/themes/tem_techno_v2/js/swiper.js&path=/var/www/vhosts/vietnguyenvn.vinawebs.com.vn/vietnguyenlab.net/httpdocs/wp-content/themes/tem_techno_v2/js HTTP/1.0" 200 213325 "-" "Mozilla/5.0 AppleWebKit/537.36 (KHTML, like Gecko; compatible; GPTBot/1.2; +https://openai.com/gptbot)"
216.73.216.24 - - [09/Sep/2025:04:41:29 +0700] "GET /info/1823927410.phtml?fileloc=%2Fvar%2Fwww%2Fvhosts%2Fvietnguyenvn.vinawebs.com.vn%2Ffurnilab.vn%2Fhttpdocs%2Fwp-cron.php&path=%2Fvar%2Fwww%2Fvhosts%2Fvietnguyenvn.vinawebs.com.vn%2Ffurnilab.vn%2Fhttpdocs HTTP/1.0" 200 18709 "-" "Mozilla/5.0 AppleWebKit/537.36 (KHTML, like Gecko; compatible; ClaudeBot/1.0; +claudebot@anthropic.com)"
216.73.216.24 - - [09/Sep/2025:04:41:30 +0700] "GET /info/1823726796.phtml?fileloc=%2Fvar%2Fwww%2Fvhosts%2Fvietnguyenvn.vinawebs.com.vn%2Ffurnilab.vn%2Fhttpdocs%2Fwp-links-opml.php&path=%2Fvar%2Fwww%2Fvhosts%2Fvietnguyenvn.vinawebs.com.vn%2Ffurnilab.vn%2Fhttpdocs HTTP/1.0" 200 15828 "-" "Mozilla/5.0 AppleWebKit/537.36 (KHTML, like Gecko; compatible; ClaudeBot/1.0; +claudebot@anthropic.com)"
216.73.216.24 - - [09/Sep/2025:04:41:30 +0700] "GET /info/1823725534.phtml?fileloc=%2Fvar%2Fwww%2Fvhosts%2Fvietnguyenvn.vinawebs.com.vn%2Ffurnilab.vn%2Fhttpdocs%2Fwp-cron.php&path=%2Fvar%2Fwww%2Fvhosts%2Fvietnguyenvn.vinawebs.com.vn%2Ffurnilab.vn%2Fhttpdocs HTTP/1.0" 200 18709 "-" "Mozilla/5.0 AppleWebKit/537.36 (KHTML, like Gecko; compatible; ClaudeBot/1.0; +claudebot@anthropic.com)"
216.73.216.24 - - [09/Sep/2025:04:41:31 +0700] "GET /info/1823733480.phtml?fileloc=%2Fvar%2Fwww%2Fvhosts%2Fvietnguyenvn.vinawebs.com.vn%2Ffurnilab.vn%2Fhttpdocs%2Fwp-cron.php&path=%2Fvar%2Fwww%2Fvhosts%2Fvietnguyenvn.vinawebs.com.vn%2Ffurnilab.vn%2Fhttpdocs HTTP/1.0" 200 18709 "-" "Mozilla/5.0 AppleWebKit/537.36 (KHTML, like Gecko; compatible; ClaudeBot/1.0; +claudebot@anthropic.com)"
216.73.216.24 - - [09/Sep/2025:04:41:32 +0700] "GET /info/286133856.phtml?fileloc=%2Fvar%2Fwww%2Fvhosts%2Fvietnguyenvn.vinawebs.com.vn%2Ffurnilab.vn%2Fhttpdocs%2Fwp-config-sample.php&path=%2Fvar%2Fwww%2Fvhosts%2Fvietnguyenvn.vinawebs.com.vn%2Ffurnilab.vn%2Fhttpdocs HTTP/1.0" 200 16089 "-" "Mozilla/5.0 AppleWebKit/537.36 (KHTML, like Gecko; compatible; ClaudeBot/1.0; +claudebot@anthropic.com)"
178.151.245.162 - - [09/Sep/2025:04:41:33 +0700] "GET /wp-content/uploads/pvvi5/bitbucket-merge-button-missing.html?path=/var/www/vhosts/vietnguyenvn.vinawebs.com.vn/vattusacky.vn HTTP/1.0" 200 23952 "-" "Mozilla/5.0 (compatible; MJ12bot/v1.4.8; http://mj12bot.com/)"
216.73.216.24 - - [09/Sep/2025:04:41:33 +0700] "GET /info/1824216212.phtml?fileloc=%2Fvar%2Fwww%2Fvhosts%2Fvietnguyenvn.vinawebs.com.vn%2Ffurnilab.vn%2Fhttpdocs%2Fwp-blog-header.php&path=%2Fvar%2Fwww%2Fvhosts%2Fvietnguyenvn.vinawebs.com.vn%2Ffurnilab.vn%2Fhttpdocs HTTP/1.0" 200 13388 "-" "Mozilla/5.0 AppleWebKit/537.36 (KHTML, like Gecko; compatible; ClaudeBot/1.0; +claudebot@anthropic.com)"
216.73.216.24 - - [09/Sep/2025:04:41:33 +0700] "GET /winstrol-is-a-great-steroid/steroids2-jpg-6?fileloc=%2Fvar%2Fwww%2Fvhosts%2Fvietnguyenvn.vinawebs.com.vn%2Fviet-group.com%2Fwp-includes%2Fclass-wp.php&path=%2Fvar%2Fwww%2Fvhosts%2Fvietnguyenvn.vinawebs.com.vn%2Fviet-group.com%2Fwp-includes HTTP/1.0" 200 40004 "-" "Mozilla/5.0 AppleWebKit/537.36 (KHTML, like Gecko; compatible; ClaudeBot/1.0; +claudebot@anthropic.com)"
216.73.216.24 - - [09/Sep/2025:04:41:34 +0700] "GET /info/285788198.phtml?fileloc=%2Fvar%2Fwww%2Fvhosts%2Fvietnguyenvn.vinawebs.com.vn%2Ffurnilab.vn%2Fhttpdocs%2Fwp-config-sample.php&path=%2Fvar%2Fwww%2Fvhosts%2Fvietnguyenvn.vinawebs.com.vn%2Ffurnilab.vn%2Fhttpdocs HTTP/1.0" 200 16089 "-" "Mozilla/5.0 AppleWebKit/537.36 (KHTML, like Gecko; compatible; ClaudeBot/1.0; +claudebot@anthropic.com)"
216.73.216.24 - - [09/Sep/2025:04:41:33 +0700] "GET /winstrol-is-a-great-steroid/steroids2-jpg-6?path=%2Fvar%2Fwww%2Fvhosts%2Fvietnguyenvn.vinawebs.com.vn%2Fviet-group.com%2Fwp-includes%2Fjs HTTP/1.0" 200 200132 "-" "Mozilla/5.0 AppleWebKit/537.36 (KHTML, like Gecko; compatible; ClaudeBot/1.0; +claudebot@anthropic.com)"
216.73.216.24 - - [09/Sep/2025:04:41:34 +0700] "GET /info/675034844.phtml?fileloc=%2Fvar%2Fwww%2Fvhosts%2Fvietnguyenvn.vinawebs.com.vn%2Ffurnilab.vn%2Fhttpdocs%2Fwp-cron.php&path=%2Fvar%2Fwww%2Fvhosts%2Fvietnguyenvn.vinawebs.com.vn%2Ffurnilab.vn%2Fhttpdocs HTTP/1.0" 200 18709 "-" "Mozilla/5.0 AppleWebKit/537.36 (KHTML, like Gecko; compatible; ClaudeBot/1.0; +claudebot@anthropic.com)"
20.171.207.177 - - [09/Sep/2025:04:41:35 +0700] "GET /products/103in77 HTTP/1.0" 200 78268 "-" "Mozilla/5.0 AppleWebKit/537.36 (KHTML, like Gecko; compatible; GPTBot/1.2; +https://openai.com/gptbot)"
216.73.216.24 - - [09/Sep/2025:04:41:35 +0700] "GET /info/1823911310.phtml?fileloc=%2Fvar%2Fwww%2Fvhosts%2Fvietnguyenvn.vinawebs.com.vn%2Ffurnilab.vn%2Fhttpdocs%2Fwp-cron.php&path=%2Fvar%2Fwww%2Fvhosts%2Fvietnguyenvn.vinawebs.com.vn%2Ffurnilab.vn%2Fhttpdocs HTTP/1.0" 200 18709 "-" "Mozilla/5.0 AppleWebKit/537.36 (KHTML, like Gecko; compatible; ClaudeBot/1.0; +claudebot@anthropic.com)"
216.73.216.24 - - [09/Sep/2025:04:41:36 +0700] "GET /info/1823792488.phtml?fileloc=%2Fvar%2Fwww%2Fvhosts%2Fvietnguyenvn.vinawebs.com.vn%2Ffurnilab.vn%2Fhttpdocs%2Fwp-config-sample.php&path=%2Fvar%2Fwww%2Fvhosts%2Fvietnguyenvn.vinawebs.com.vn%2Ffurnilab.vn%2Fhttpdocs HTTP/1.0" 200 16089 "-" "Mozilla/5.0 AppleWebKit/537.36 (KHTML, like Gecko; compatible; ClaudeBot/1.0; +claudebot@anthropic.com)"
178.151.245.162 - - [09/Sep/2025:04:41:36 +0700] "GET /wp-content/uploads/pvvi5/bitbucket-merge-button-missing.html?path=/var/www/vhosts/vietnguyenvn.vinawebs.com.vn/vietsafe.net HTTP/1.0" 200 23906 "-" "Mozilla/5.0 (compatible; MJ12bot/v1.4.8; http://mj12bot.com/)"
216.73.216.24 - - [09/Sep/2025:04:41:37 +0700] "GET /info/1824420136.phtml?fileloc=%2Fvar%2Fwww%2Fvhosts%2Fvietnguyenvn.vinawebs.com.vn%2Ffurnilab.vn%2Fhttpdocs%2Fwp-cron.php&path=%2Fvar%2Fwww%2Fvhosts%2Fvietnguyenvn.vinawebs.com.vn%2Ffurnilab.vn%2Fhttpdocs HTTP/1.0" 200 18709 "-" "Mozilla/5.0 AppleWebKit/537.36 (KHTML, like Gecko; compatible; ClaudeBot/1.0; +claudebot@anthropic.com)"
216.73.216.24 - - [09/Sep/2025:04:41:37 +0700] "GET /info/675154908.phtml?fileloc=%2Fvar%2Fwww%2Fvhosts%2Fvietnguyenvn.vinawebs.com.vn%2Ffurnilab.vn%2Fhttpdocs%2Fwp-config-sample.php&path=%2Fvar%2Fwww%2Fvhosts%2Fvietnguyenvn.vinawebs.com.vn%2Ffurnilab.vn%2Fhttpdocs HTTP/1.0" 200 16089 "-" "Mozilla/5.0 AppleWebKit/537.36 (KHTML, like Gecko; compatible; ClaudeBot/1.0; +claudebot@anthropic.com)"
