54.157.99.244 - - [19/Sep/2025:11:04:24 +0700] "GET /omegle-vs-ometv-scammers-and-fraudulent-activities/ HTTP/1.0" 200 90517 "-" "Mozilla/5.0 AppleWebKit/537.36 (KHTML, like Gecko; compatible; Amazonbot/0.1; +https://developer.amazon.com/support/amazonbot) Chrome/119.0.6045.214 Safari/537.36"
46.250.169.61 - - [19/Sep/2025:11:05:06 +0700] "GET /az%c9%99rbaycanda-mostbet-bukmeker-kontorunun-icmali-313 HTTP/1.0" 301 647 "-" "Mozilla/5.0 (iPhone; CPU iPhone OS 16_0 like Mac OS X) AppleWebKit/605.1.15 (KHTML, like Gecko) Version/18.0 Mobile/15E148 Safari/604.1"
46.250.169.61 - - [19/Sep/2025:11:05:09 +0700] "GET /az%c9%99rbaycanda-mostbet-bukmeker-kontorunun-icmali-313/ HTTP/1.0" 200 82610 "-" "Mozilla/5.0 (iPhone; CPU iPhone OS 16_0 like Mac OS X) AppleWebKit/605.1.15 (KHTML, like Gecko) Version/18.0 Mobile/15E148 Safari/604.1"
46.250.169.61 - - [19/Sep/2025:11:05:11 +0700] "GET /wp-content/plugins/gridlist-view-for-woocommerce/berocket/assets/css/font-awesome.min.css?ver=6.8.1 HTTP/1.0" 200 464 "https://vattusacky.vn/az%c9%99rbaycanda-mostbet-bukmeker-kontorunun-icmali-313/" "Mozilla/5.0 (iPhone; CPU iPhone OS 16_0 like Mac OS X) AppleWebKit/605.1.15 (KHTML, like Gecko) Version/18.0 Mobile/15E148 Safari/604.1"
46.250.169.61 - - [19/Sep/2025:11:05:12 +0700] "GET /wp-content/plugins/contact-form-7/includes/css/styles.css?ver=6.0.6 HTTP/1.0" 200 432 "https://vattusacky.vn/az%c9%99rbaycanda-mostbet-bukmeker-kontorunun-icmali-313/" "Mozilla/5.0 (iPhone; CPU iPhone OS 16_0 like Mac OS X) AppleWebKit/605.1.15 (KHTML, like Gecko) Version/18.0 Mobile/15E148 Safari/604.1"
46.250.169.61 - - [19/Sep/2025:11:05:12 +0700] "GET /wp-content/plugins/content-views-query-and-display-post-page/public/assets/css/cv.css?ver=4.1 HTTP/1.0" 200 460 "https://vattusacky.vn/az%c9%99rbaycanda-mostbet-bukmeker-kontorunun-icmali-313/" "Mozilla/5.0 (iPhone; CPU iPhone OS 16_0 like Mac OS X) AppleWebKit/605.1.15 (KHTML, like Gecko) Version/18.0 Mobile/15E148 Safari/604.1"
46.250.169.61 - - [19/Sep/2025:11:05:12 +0700] "GET /wp-content/plugins/gridlist-view-for-woocommerce/css/shop_lgv.css?ver=1.1.8 HTTP/1.0" 200 440 "https://vattusacky.vn/az%c9%99rbaycanda-mostbet-bukmeker-kontorunun-icmali-313/" "Mozilla/5.0 (iPhone; CPU iPhone OS 16_0 like Mac OS X) AppleWebKit/605.1.15 (KHTML, like Gecko) Version/18.0 Mobile/15E148 Safari/604.1"
46.250.169.61 - - [19/Sep/2025:11:05:12 +0700] "GET /wp-includes/css/dist/block-library/style.min.css?ver=6.8.1 HTTP/1.0" 200 423 "https://vattusacky.vn/az%c9%99rbaycanda-mostbet-bukmeker-kontorunun-icmali-313/" "Mozilla/5.0 (iPhone; CPU iPhone OS 16_0 like Mac OS X) AppleWebKit/605.1.15 (KHTML, like Gecko) Version/18.0 Mobile/15E148 Safari/604.1"
46.250.169.61 - - [19/Sep/2025:11:05:12 +0700] "GET /wp-content/plugins/devvn-stickytooltip/stickytooltip.css?ver=1.0.0 HTTP/1.0" 200 431 "https://vattusacky.vn/az%c9%99rbaycanda-mostbet-bukmeker-kontorunun-icmali-313/" "Mozilla/5.0 (iPhone; CPU iPhone OS 16_0 like Mac OS X) AppleWebKit/605.1.15 (KHTML, like Gecko) Version/18.0 Mobile/15E148 Safari/604.1"
46.250.169.61 - - [19/Sep/2025:11:05:12 +0700] "GET /wp-content/plugins/woocommerce/assets/css/woocommerce-smallscreen.css?ver=9.8.3 HTTP/1.0" 200 444 "https://vattusacky.vn/az%c9%99rbaycanda-mostbet-bukmeker-kontorunun-icmali-313/" "Mozilla/5.0 (iPhone; CPU iPhone OS 16_0 like Mac OS X) AppleWebKit/605.1.15 (KHTML, like Gecko) Version/18.0 Mobile/15E148 Safari/604.1"
46.250.169.61 - - [19/Sep/2025:11:05:12 +0700] "GET /wp-content/plugins/woocommerce/assets/css/woocommerce-layout.css?ver=9.8.3 HTTP/1.0" 200 439 "https://vattusacky.vn/az%c9%99rbaycanda-mostbet-bukmeker-kontorunun-icmali-313/" "Mozilla/5.0 (iPhone; CPU iPhone OS 16_0 like Mac OS X) AppleWebKit/605.1.15 (KHTML, like Gecko) Version/18.0 Mobile/15E148 Safari/604.1"
46.250.169.61 - - [19/Sep/2025:11:05:12 +0700] "GET /wp-content/plugins/woocommerce/assets/css/woocommerce.css?ver=9.8.3 HTTP/1.0" 200 432 "https://vattusacky.vn/az%c9%99rbaycanda-mostbet-bukmeker-kontorunun-icmali-313/" "Mozilla/5.0 (iPhone; CPU iPhone OS 16_0 like Mac OS X) AppleWebKit/605.1.15 (KHTML, like Gecko) Version/18.0 Mobile/15E148 Safari/604.1"
46.250.169.61 - - [19/Sep/2025:11:05:12 +0700] "GET /wp-content/plugins/yith-woocommerce-category-accordion-premium/cache/ywcca_dynamics.css?ver=6.8.1 HTTP/1.0" 200 462 "https://vattusacky.vn/az%c9%99rbaycanda-mostbet-bukmeker-kontorunun-icmali-313/" "Mozilla/5.0 (iPhone; CPU iPhone OS 16_0 like Mac OS X) AppleWebKit/605.1.15 (KHTML, like Gecko) Version/18.0 Mobile/15E148 Safari/604.1"
46.250.169.61 - - [19/Sep/2025:11:05:12 +0700] "GET /wp-content/plugins/yith-woocommerce-category-accordion-premium/assets/css/ywcca_style.css?ver=1.0.12 HTTP/1.0" 200 464 "https://vattusacky.vn/az%c9%99rbaycanda-mostbet-bukmeker-kontorunun-icmali-313/" "Mozilla/5.0 (iPhone; CPU iPhone OS 16_0 like Mac OS X) AppleWebKit/605.1.15 (KHTML, like Gecko) Version/18.0 Mobile/15E148 Safari/604.1"
46.250.169.61 - - [19/Sep/2025:11:05:12 +0700] "GET /wp-content/themes/tem_techno_v2/inc/css/bootstrap.min.css?ver=6.8.1 HTTP/1.0" 200 432 "https://vattusacky.vn/az%c9%99rbaycanda-mostbet-bukmeker-kontorunun-icmali-313/" "Mozilla/5.0 (iPhone; CPU iPhone OS 16_0 like Mac OS X) AppleWebKit/605.1.15 (KHTML, like Gecko) Version/18.0 Mobile/15E148 Safari/604.1"
46.250.169.61 - - [19/Sep/2025:11:05:12 +0700] "GET /wp-content/themes/tem_techno_v2/inc/css/font-awesome.min.css?ver=6.8.1 HTTP/1.0" 200 435 "https://vattusacky.vn/az%c9%99rbaycanda-mostbet-bukmeker-kontorunun-icmali-313/" "Mozilla/5.0 (iPhone; CPU iPhone OS 16_0 like Mac OS X) AppleWebKit/605.1.15 (KHTML, like Gecko) Version/18.0 Mobile/15E148 Safari/604.1"
46.250.169.61 - - [19/Sep/2025:11:05:12 +0700] "GET /wp-includes/js/jquery/jquery-migrate.min.js?ver=3.4.1 HTTP/1.0" 200 432 "https://vattusacky.vn/az%c9%99rbaycanda-mostbet-bukmeker-kontorunun-icmali-313/" "Mozilla/5.0 (iPhone; CPU iPhone OS 16_0 like Mac OS X) AppleWebKit/605.1.15 (KHTML, like Gecko) Version/18.0 Mobile/15E148 Safari/604.1"
46.250.169.61 - - [19/Sep/2025:11:05:12 +0700] "GET /wp-includes/js/jquery/jquery.min.js?ver=3.7.1 HTTP/1.0" 200 424 "https://vattusacky.vn/az%c9%99rbaycanda-mostbet-bukmeker-kontorunun-icmali-313/" "Mozilla/5.0 (iPhone; CPU iPhone OS 16_0 like Mac OS X) AppleWebKit/605.1.15 (KHTML, like Gecko) Version/18.0 Mobile/15E148 Safari/604.1"
46.250.169.61 - - [19/Sep/2025:11:05:12 +0700] "GET /wp-content/plugins/woocommerce/assets/css/brands.css?ver=9.8.3 HTTP/1.0" 200 427 "https://vattusacky.vn/az%c9%99rbaycanda-mostbet-bukmeker-kontorunun-icmali-313/" "Mozilla/5.0 (iPhone; CPU iPhone OS 16_0 like Mac OS X) AppleWebKit/605.1.15 (KHTML, like Gecko) Version/18.0 Mobile/15E148 Safari/604.1"
46.250.169.61 - - [19/Sep/2025:11:05:12 +0700] "GET /wp-content/plugins/gridlist-view-for-woocommerce/js/jquery.cookie.js?ver=1.1.8 HTTP/1.0" 200 457 "https://vattusacky.vn/az%c9%99rbaycanda-mostbet-bukmeker-kontorunun-icmali-313/" "Mozilla/5.0 (iPhone; CPU iPhone OS 16_0 like Mac OS X) AppleWebKit/605.1.15 (KHTML, like Gecko) Version/18.0 Mobile/15E148 Safari/604.1"
46.250.169.61 - - [19/Sep/2025:11:05:12 +0700] "GET /wp-content/themes/tem_techno_v2/slmenu.css HTTP/1.0" 200 417 "https://vattusacky.vn/az%c9%99rbaycanda-mostbet-bukmeker-kontorunun-icmali-313/" "Mozilla/5.0 (iPhone; CPU iPhone OS 16_0 like Mac OS X) AppleWebKit/605.1.15 (KHTML, like Gecko) Version/18.0 Mobile/15E148 Safari/604.1"
46.250.169.61 - - [19/Sep/2025:11:05:12 +0700] "GET /wp-content/themes/tem_techno_v2/style.css?ver=6.8.1 HTTP/1.0" 200 416 "https://vattusacky.vn/az%c9%99rbaycanda-mostbet-bukmeker-kontorunun-icmali-313/" "Mozilla/5.0 (iPhone; CPU iPhone OS 16_0 like Mac OS X) AppleWebKit/605.1.15 (KHTML, like Gecko) Version/18.0 Mobile/15E148 Safari/604.1"
46.250.169.61 - - [19/Sep/2025:11:05:12 +0700] "GET /wp-content/plugins/wp-pagenavi/pagenavi-css.css?ver=2.70 HTTP/1.0" 200 823 "https://vattusacky.vn/az%c9%99rbaycanda-mostbet-bukmeker-kontorunun-icmali-313/" "Mozilla/5.0 (iPhone; CPU iPhone OS 16_0 like Mac OS X) AppleWebKit/605.1.15 (KHTML, like Gecko) Version/18.0 Mobile/15E148 Safari/604.1"
46.250.169.61 - - [19/Sep/2025:11:05:12 +0700] "GET /wp-content/themes/tem_techno_v2/js/htg.js HTTP/1.0" 200 1342 "https://vattusacky.vn/az%c9%99rbaycanda-mostbet-bukmeker-kontorunun-icmali-313/" "Mozilla/5.0 (iPhone; CPU iPhone OS 16_0 like Mac OS X) AppleWebKit/605.1.15 (KHTML, like Gecko) Version/18.0 Mobile/15E148 Safari/604.1"
46.250.169.61 - - [19/Sep/2025:11:05:12 +0700] "GET /wp-content/plugins/gridlist-view-for-woocommerce/js/grid_view.js?ver=1.1.8 HTTP/1.0" 200 453 "https://vattusacky.vn/az%c9%99rbaycanda-mostbet-bukmeker-kontorunun-icmali-313/" "Mozilla/5.0 (iPhone; CPU iPhone OS 16_0 like Mac OS X) AppleWebKit/605.1.15 (KHTML, like Gecko) Version/18.0 Mobile/15E148 Safari/604.1"
46.250.169.61 - - [19/Sep/2025:11:05:12 +0700] "GET /wp-content/themes/tem_techno_v2/inc/js/bootstrap.min.js?ver=6.8.1 HTTP/1.0" 200 444 "https://vattusacky.vn/az%c9%99rbaycanda-mostbet-bukmeker-kontorunun-icmali-313/" "Mozilla/5.0 (iPhone; CPU iPhone OS 16_0 like Mac OS X) AppleWebKit/605.1.15 (KHTML, like Gecko) Version/18.0 Mobile/15E148 Safari/604.1"
46.250.169.61 - - [19/Sep/2025:11:05:12 +0700] "GET /wp-content/themes/tem_techno_v2/js/jquerymenu.js HTTP/1.0" 200 437 "https://vattusacky.vn/az%c9%99rbaycanda-mostbet-bukmeker-kontorunun-icmali-313/" "Mozilla/5.0 (iPhone; CPU iPhone OS 16_0 like Mac OS X) AppleWebKit/605.1.15 (KHTML, like Gecko) Version/18.0 Mobile/15E148 Safari/604.1"
46.250.169.61 - - [19/Sep/2025:11:05:12 +0700] "GET /wp-content/themes/tem_techno_v2/js/jquery.simplyscroll.min.js HTTP/1.0" 200 450 "https://vattusacky.vn/az%c9%99rbaycanda-mostbet-bukmeker-kontorunun-icmali-313/" "Mozilla/5.0 (iPhone; CPU iPhone OS 16_0 like Mac OS X) AppleWebKit/605.1.15 (KHTML, like Gecko) Version/18.0 Mobile/15E148 Safari/604.1"
46.250.169.61 - - [19/Sep/2025:11:05:12 +0700] "GET /wp-content/themes/tem_techno_v2/inc/js/main.min.js?ver=6.8.1 HTTP/1.0" 200 439 "https://vattusacky.vn/az%c9%99rbaycanda-mostbet-bukmeker-kontorunun-icmali-313/" "Mozilla/5.0 (iPhone; CPU iPhone OS 16_0 like Mac OS X) AppleWebKit/605.1.15 (KHTML, like Gecko) Version/18.0 Mobile/15E148 Safari/604.1"
46.250.169.61 - - [19/Sep/2025:11:05:13 +0700] "GET /wp-content/themes/tem_techno_v2/js/crawler.js HTTP/1.0" 200 434 "https://vattusacky.vn/az%c9%99rbaycanda-mostbet-bukmeker-kontorunun-icmali-313/" "Mozilla/5.0 (iPhone; CPU iPhone OS 16_0 like Mac OS X) AppleWebKit/605.1.15 (KHTML, like Gecko) Version/18.0 Mobile/15E148 Safari/604.1"
46.250.169.61 - - [19/Sep/2025:11:05:14 +0700] "GET /wp-content/plugins/woocommerce/assets/client/blocks/wc-blocks.css?ver=wc-9.8.3 HTTP/1.0" 200 440 "https://vattusacky.vn/az%c9%99rbaycanda-mostbet-bukmeker-kontorunun-icmali-313/" "Mozilla/5.0 (iPhone; CPU iPhone OS 16_0 like Mac OS X) AppleWebKit/605.1.15 (KHTML, like Gecko) Version/18.0 Mobile/15E148 Safari/604.1"
46.250.169.61 - - [19/Sep/2025:11:05:15 +0700] "GET /wp-includes/js/dist/hooks.min.js?ver=4d63a3d491d11ffd8ac6 HTTP/1.0" 200 421 "https://vattusacky.vn/az%c9%99rbaycanda-mostbet-bukmeker-kontorunun-icmali-313/" "Mozilla/5.0 (iPhone; CPU iPhone OS 16_0 like Mac OS X) AppleWebKit/605.1.15 (KHTML, like Gecko) Version/18.0 Mobile/15E148 Safari/604.1"
46.250.169.61 - - [19/Sep/2025:11:05:15 +0700] "GET /wp-includes/js/dist/i18n.min.js?ver=5e580eb46a90c2b997e6 HTTP/1.0" 200 420 "https://vattusacky.vn/az%c9%99rbaycanda-mostbet-bukmeker-kontorunun-icmali-313/" "Mozilla/5.0 (iPhone; CPU iPhone OS 16_0 like Mac OS X) AppleWebKit/605.1.15 (KHTML, like Gecko) Version/18.0 Mobile/15E148 Safari/604.1"
46.250.169.61 - - [19/Sep/2025:11:05:15 +0700] "GET /wp-content/plugins/content-views-query-and-display-post-page/public/assets/js/cv.js?ver=4.1 HTTP/1.0" 200 472 "https://vattusacky.vn/az%c9%99rbaycanda-mostbet-bukmeker-kontorunun-icmali-313/" "Mozilla/5.0 (iPhone; CPU iPhone OS 16_0 like Mac OS X) AppleWebKit/605.1.15 (KHTML, like Gecko) Version/18.0 Mobile/15E148 Safari/604.1"
46.250.169.61 - - [19/Sep/2025:11:05:15 +0700] "GET /wp-content/plugins/contact-form-7/includes/js/index.js?ver=6.0.6 HTTP/1.0" 200 443 "https://vattusacky.vn/az%c9%99rbaycanda-mostbet-bukmeker-kontorunun-icmali-313/" "Mozilla/5.0 (iPhone; CPU iPhone OS 16_0 like Mac OS X) AppleWebKit/605.1.15 (KHTML, like Gecko) Version/18.0 Mobile/15E148 Safari/604.1"
46.250.169.61 - - [19/Sep/2025:11:05:15 +0700] "GET /wp-content/plugins/contact-form-7/includes/swv/js/index.js?ver=6.0.6 HTTP/1.0" 200 447 "https://vattusacky.vn/az%c9%99rbaycanda-mostbet-bukmeker-kontorunun-icmali-313/" "Mozilla/5.0 (iPhone; CPU iPhone OS 16_0 like Mac OS X) AppleWebKit/605.1.15 (KHTML, like Gecko) Version/18.0 Mobile/15E148 Safari/604.1"
46.250.169.61 - - [19/Sep/2025:11:05:15 +0700] "GET /wp-content/plugins/woocommerce/assets/js/sourcebuster/sourcebuster.min.js?ver=9.8.3 HTTP/1.0" 200 462 "https://vattusacky.vn/az%c9%99rbaycanda-mostbet-bukmeker-kontorunun-icmali-313/" "Mozilla/5.0 (iPhone; CPU iPhone OS 16_0 like Mac OS X) AppleWebKit/605.1.15 (KHTML, like Gecko) Version/18.0 Mobile/15E148 Safari/604.1"
46.250.169.61 - - [19/Sep/2025:11:05:15 +0700] "GET /wp-content/plugins/yith-woocommerce-category-accordion-premium/assets/js/ywcca_accordion.min.js?ver=1.0.12 HTTP/1.0" 200 484 "https://vattusacky.vn/az%c9%99rbaycanda-mostbet-bukmeker-kontorunun-icmali-313/" "Mozilla/5.0 (iPhone; CPU iPhone OS 16_0 like Mac OS X) AppleWebKit/605.1.15 (KHTML, like Gecko) Version/18.0 Mobile/15E148 Safari/604.1"
46.250.169.61 - - [19/Sep/2025:11:05:15 +0700] "GET /wp-content/plugins/woocommerce/assets/js/frontend/order-attribution.min.js?ver=9.8.3 HTTP/1.0" 200 463 "https://vattusacky.vn/az%c9%99rbaycanda-mostbet-bukmeker-kontorunun-icmali-313/" "Mozilla/5.0 (iPhone; CPU iPhone OS 16_0 like Mac OS X) AppleWebKit/605.1.15 (KHTML, like Gecko) Version/18.0 Mobile/15E148 Safari/604.1"
46.250.169.61 - - [19/Sep/2025:11:05:15 +0700] "GET /wp-content/plugins/yith-woocommerce-category-accordion-premium/assets/js/jquery.hoverIntent.min.js?ver=1.0.12 HTTP/1.0" 200 487 "https://vattusacky.vn/az%c9%99rbaycanda-mostbet-bukmeker-kontorunun-icmali-313/" "Mozilla/5.0 (iPhone; CPU iPhone OS 16_0 like Mac OS X) AppleWebKit/605.1.15 (KHTML, like Gecko) Version/18.0 Mobile/15E148 Safari/604.1"
46.250.169.61 - - [19/Sep/2025:11:05:15 +0700] "GET /wp-content/plugins/devvn-stickytooltip/stickytooltip.js?ver=1.0.0 HTTP/1.0" 200 444 "https://vattusacky.vn/az%c9%99rbaycanda-mostbet-bukmeker-kontorunun-icmali-313/" "Mozilla/5.0 (iPhone; CPU iPhone OS 16_0 like Mac OS X) AppleWebKit/605.1.15 (KHTML, like Gecko) Version/18.0 Mobile/15E148 Safari/604.1"
46.250.169.61 - - [19/Sep/2025:11:05:15 +0700] "GET /wp-content/plugins/woocommerce/assets/js/frontend/add-to-cart.min.js?ver=9.8.3 HTTP/1.0" 200 457 "https://vattusacky.vn/az%c9%99rbaycanda-mostbet-bukmeker-kontorunun-icmali-313/" "Mozilla/5.0 (iPhone; CPU iPhone OS 16_0 like Mac OS X) AppleWebKit/605.1.15 (KHTML, like Gecko) Version/18.0 Mobile/15E148 Safari/604.1"
46.250.169.61 - - [19/Sep/2025:11:05:15 +0700] "GET /wp-content/plugins/woocommerce/assets/js/jquery-blockui/jquery.blockUI.min.js?ver=2.7.0-wc.9.8.3 HTTP/1.0" 200 466 "https://vattusacky.vn/az%c9%99rbaycanda-mostbet-bukmeker-kontorunun-icmali-313/" "Mozilla/5.0 (iPhone; CPU iPhone OS 16_0 like Mac OS X) AppleWebKit/605.1.15 (KHTML, like Gecko) Version/18.0 Mobile/15E148 Safari/604.1"
46.250.169.61 - - [19/Sep/2025:11:05:15 +0700] "GET /wp-content/plugins/woocommerce/assets/js/js-cookie/js.cookie.min.js?ver=2.1.4-wc.9.8.3 HTTP/1.0" 200 456 "https://vattusacky.vn/az%c9%99rbaycanda-mostbet-bukmeker-kontorunun-icmali-313/" "Mozilla/5.0 (iPhone; CPU iPhone OS 16_0 like Mac OS X) AppleWebKit/605.1.15 (KHTML, like Gecko) Version/18.0 Mobile/15E148 Safari/604.1"
46.250.169.61 - - [19/Sep/2025:11:05:15 +0700] "GET /wp-content/plugins/woocommerce/assets/js/frontend/woocommerce.min.js?ver=9.8.3 HTTP/1.0" 200 457 "https://vattusacky.vn/az%c9%99rbaycanda-mostbet-bukmeker-kontorunun-icmali-313/" "Mozilla/5.0 (iPhone; CPU iPhone OS 16_0 like Mac OS X) AppleWebKit/605.1.15 (KHTML, like Gecko) Version/18.0 Mobile/15E148 Safari/604.1"
46.250.169.61 - - [19/Sep/2025:11:05:15 +0700] "GET /wp-includes/js/comment-reply.min.js?ver=6.8.1 HTTP/1.0" 200 424 "https://vattusacky.vn/az%c9%99rbaycanda-mostbet-bukmeker-kontorunun-icmali-313/" "Mozilla/5.0 (iPhone; CPU iPhone OS 16_0 like Mac OS X) AppleWebKit/605.1.15 (KHTML, like Gecko) Version/18.0 Mobile/15E148 Safari/604.1"
45.117.177.72 - - [19/Sep/2025:11:05:30 +0700] "POST /wp-cron.php?doing_wp_cron=1758254730.0010828971862792968750 HTTP/1.0" 200 416 "-" "WordPress/6.8.1; https://vattusacky.vn"
54.39.0.136 - - [19/Sep/2025:11:05:28 +0700] "GET /deepening-connections-through-shared-values-on-omegle/ HTTP/1.0" 200 92437 "-" "Mozilla/5.0 (compatible; AhrefsBot/7.0; +http://ahrefs.com/robot/)"
45.117.177.72 - - [19/Sep/2025:11:06:19 +0700] "POST /wp-cron.php?doing_wp_cron=1758254779.7600739002227783203125 HTTP/1.0" 200 416 "-" "WordPress/6.8.1; https://vattusacky.vn"
150.40.253.159 - - [19/Sep/2025:11:06:17 +0700] "GET /az%c9%99rbaycanda-mostbet-bukmeker-kontorunun-icmali-313 HTTP/1.0" 301 647 "-" "Mozilla/5.0 (Windows NT 10.0; Win64; x64) AppleWebKit/537.36 (KHTML, like Gecko) Chrome/132.0.0.0 Safari/537.36"
150.40.253.159 - - [19/Sep/2025:11:06:20 +0700] "GET /az%c9%99rbaycanda-mostbet-bukmeker-kontorunun-icmali-313/ HTTP/1.0" 200 82609 "-" "Mozilla/5.0 (Windows NT 10.0; Win64; x64) AppleWebKit/537.36 (KHTML, like Gecko) Chrome/132.0.0.0 Safari/537.36"
150.40.253.159 - - [19/Sep/2025:11:06:22 +0700] "GET /wp-content/plugins/gridlist-view-for-woocommerce/berocket/assets/css/font-awesome.min.css?ver=6.8.1 HTTP/1.0" 200 464 "https://vattusacky.vn/az%c9%99rbaycanda-mostbet-bukmeker-kontorunun-icmali-313/" "Mozilla/5.0 (Windows NT 10.0; Win64; x64) AppleWebKit/537.36 (KHTML, like Gecko) Chrome/132.0.0.0 Safari/537.36"
150.40.253.159 - - [19/Sep/2025:11:06:22 +0700] "GET /wp-content/plugins/gridlist-view-for-woocommerce/css/shop_lgv.css?ver=1.1.8 HTTP/1.0" 200 440 "https://vattusacky.vn/az%c9%99rbaycanda-mostbet-bukmeker-kontorunun-icmali-313/" "Mozilla/5.0 (Windows NT 10.0; Win64; x64) AppleWebKit/537.36 (KHTML, like Gecko) Chrome/132.0.0.0 Safari/537.36"
150.40.253.159 - - [19/Sep/2025:11:06:22 +0700] "GET /wp-content/plugins/content-views-query-and-display-post-page/public/assets/css/cv.css?ver=4.1 HTTP/1.0" 200 460 "https://vattusacky.vn/az%c9%99rbaycanda-mostbet-bukmeker-kontorunun-icmali-313/" "Mozilla/5.0 (Windows NT 10.0; Win64; x64) AppleWebKit/537.36 (KHTML, like Gecko) Chrome/132.0.0.0 Safari/537.36"
150.40.253.159 - - [19/Sep/2025:11:06:22 +0700] "GET /wp-includes/css/dist/block-library/style.min.css?ver=6.8.1 HTTP/1.0" 200 423 "https://vattusacky.vn/az%c9%99rbaycanda-mostbet-bukmeker-kontorunun-icmali-313/" "Mozilla/5.0 (Windows NT 10.0; Win64; x64) AppleWebKit/537.36 (KHTML, like Gecko) Chrome/132.0.0.0 Safari/537.36"
150.40.253.159 - - [19/Sep/2025:11:06:22 +0700] "GET /wp-content/plugins/devvn-stickytooltip/stickytooltip.css?ver=1.0.0 HTTP/1.0" 200 431 "https://vattusacky.vn/az%c9%99rbaycanda-mostbet-bukmeker-kontorunun-icmali-313/" "Mozilla/5.0 (Windows NT 10.0; Win64; x64) AppleWebKit/537.36 (KHTML, like Gecko) Chrome/132.0.0.0 Safari/537.36"
150.40.253.159 - - [19/Sep/2025:11:06:22 +0700] "GET /wp-content/plugins/contact-form-7/includes/css/styles.css?ver=6.0.6 HTTP/1.0" 200 432 "https://vattusacky.vn/az%c9%99rbaycanda-mostbet-bukmeker-kontorunun-icmali-313/" "Mozilla/5.0 (Windows NT 10.0; Win64; x64) AppleWebKit/537.36 (KHTML, like Gecko) Chrome/132.0.0.0 Safari/537.36"
150.40.253.159 - - [19/Sep/2025:11:06:22 +0700] "GET /wp-content/plugins/woocommerce/assets/css/woocommerce-layout.css?ver=9.8.3 HTTP/1.0" 200 439 "https://vattusacky.vn/az%c9%99rbaycanda-mostbet-bukmeker-kontorunun-icmali-313/" "Mozilla/5.0 (Windows NT 10.0; Win64; x64) AppleWebKit/537.36 (KHTML, like Gecko) Chrome/132.0.0.0 Safari/537.36"
150.40.253.159 - - [19/Sep/2025:11:06:22 +0700] "GET /wp-content/plugins/woocommerce/assets/css/woocommerce.css?ver=9.8.3 HTTP/1.0" 200 432 "https://vattusacky.vn/az%c9%99rbaycanda-mostbet-bukmeker-kontorunun-icmali-313/" "Mozilla/5.0 (Windows NT 10.0; Win64; x64) AppleWebKit/537.36 (KHTML, like Gecko) Chrome/132.0.0.0 Safari/537.36"
150.40.253.159 - - [19/Sep/2025:11:06:22 +0700] "GET /wp-content/plugins/yith-woocommerce-category-accordion-premium/assets/css/ywcca_style.css?ver=1.0.12 HTTP/1.0" 200 464 "https://vattusacky.vn/az%c9%99rbaycanda-mostbet-bukmeker-kontorunun-icmali-313/" "Mozilla/5.0 (Windows NT 10.0; Win64; x64) AppleWebKit/537.36 (KHTML, like Gecko) Chrome/132.0.0.0 Safari/537.36"
150.40.253.159 - - [19/Sep/2025:11:06:22 +0700] "GET /wp-content/plugins/yith-woocommerce-category-accordion-premium/cache/ywcca_dynamics.css?ver=6.8.1 HTTP/1.0" 200 462 "https://vattusacky.vn/az%c9%99rbaycanda-mostbet-bukmeker-kontorunun-icmali-313/" "Mozilla/5.0 (Windows NT 10.0; Win64; x64) AppleWebKit/537.36 (KHTML, like Gecko) Chrome/132.0.0.0 Safari/537.36"
150.40.253.159 - - [19/Sep/2025:11:06:22 +0700] "GET /wp-content/themes/tem_techno_v2/inc/css/bootstrap.min.css?ver=6.8.1 HTTP/1.0" 200 432 "https://vattusacky.vn/az%c9%99rbaycanda-mostbet-bukmeker-kontorunun-icmali-313/" "Mozilla/5.0 (Windows NT 10.0; Win64; x64) AppleWebKit/537.36 (KHTML, like Gecko) Chrome/132.0.0.0 Safari/537.36"
150.40.253.159 - - [19/Sep/2025:11:06:22 +0700] "GET /wp-content/themes/tem_techno_v2/inc/css/font-awesome.min.css?ver=6.8.1 HTTP/1.0" 200 435 "https://vattusacky.vn/az%c9%99rbaycanda-mostbet-bukmeker-kontorunun-icmali-313/" "Mozilla/5.0 (Windows NT 10.0; Win64; x64) AppleWebKit/537.36 (KHTML, like Gecko) Chrome/132.0.0.0 Safari/537.36"
150.40.253.159 - - [19/Sep/2025:11:06:22 +0700] "GET /wp-content/plugins/woocommerce/assets/css/brands.css?ver=9.8.3 HTTP/1.0" 200 427 "https://vattusacky.vn/az%c9%99rbaycanda-mostbet-bukmeker-kontorunun-icmali-313/" "Mozilla/5.0 (Windows NT 10.0; Win64; x64) AppleWebKit/537.36 (KHTML, like Gecko) Chrome/132.0.0.0 Safari/537.36"
150.40.253.159 - - [19/Sep/2025:11:06:22 +0700] "GET /wp-includes/js/jquery/jquery.min.js?ver=3.7.1 HTTP/1.0" 200 424 "https://vattusacky.vn/az%c9%99rbaycanda-mostbet-bukmeker-kontorunun-icmali-313/" "Mozilla/5.0 (Windows NT 10.0; Win64; x64) AppleWebKit/537.36 (KHTML, like Gecko) Chrome/132.0.0.0 Safari/537.36"
150.40.253.159 - - [19/Sep/2025:11:06:22 +0700] "GET /wp-content/themes/tem_techno_v2/style.css?ver=6.8.1 HTTP/1.0" 200 416 "https://vattusacky.vn/az%c9%99rbaycanda-mostbet-bukmeker-kontorunun-icmali-313/" "Mozilla/5.0 (Windows NT 10.0; Win64; x64) AppleWebKit/537.36 (KHTML, like Gecko) Chrome/132.0.0.0 Safari/537.36"
150.40.253.159 - - [19/Sep/2025:11:06:22 +0700] "GET /wp-includes/js/jquery/jquery-migrate.min.js?ver=3.4.1 HTTP/1.0" 200 432 "https://vattusacky.vn/az%c9%99rbaycanda-mostbet-bukmeker-kontorunun-icmali-313/" "Mozilla/5.0 (Windows NT 10.0; Win64; x64) AppleWebKit/537.36 (KHTML, like Gecko) Chrome/132.0.0.0 Safari/537.36"
150.40.253.159 - - [19/Sep/2025:11:06:22 +0700] "GET /wp-content/plugins/wp-pagenavi/pagenavi-css.css?ver=2.70 HTTP/1.0" 200 823 "https://vattusacky.vn/az%c9%99rbaycanda-mostbet-bukmeker-kontorunun-icmali-313/" "Mozilla/5.0 (Windows NT 10.0; Win64; x64) AppleWebKit/537.36 (KHTML, like Gecko) Chrome/132.0.0.0 Safari/537.36"
150.40.253.159 - - [19/Sep/2025:11:06:22 +0700] "GET /wp-content/plugins/gridlist-view-for-woocommerce/js/grid_view.js?ver=1.1.8 HTTP/1.0" 200 453 "https://vattusacky.vn/az%c9%99rbaycanda-mostbet-bukmeker-kontorunun-icmali-313/" "Mozilla/5.0 (Windows NT 10.0; Win64; x64) AppleWebKit/537.36 (KHTML, like Gecko) Chrome/132.0.0.0 Safari/537.36"
150.40.253.159 - - [19/Sep/2025:11:06:22 +0700] "GET /wp-content/plugins/gridlist-view-for-woocommerce/js/jquery.cookie.js?ver=1.1.8 HTTP/1.0" 200 457 "https://vattusacky.vn/az%c9%99rbaycanda-mostbet-bukmeker-kontorunun-icmali-313/" "Mozilla/5.0 (Windows NT 10.0; Win64; x64) AppleWebKit/537.36 (KHTML, like Gecko) Chrome/132.0.0.0 Safari/537.36"
150.40.253.159 - - [19/Sep/2025:11:06:22 +0700] "GET /wp-content/themes/tem_techno_v2/inc/js/bootstrap.min.js?ver=6.8.1 HTTP/1.0" 200 444 "https://vattusacky.vn/az%c9%99rbaycanda-mostbet-bukmeker-kontorunun-icmali-313/" "Mozilla/5.0 (Windows NT 10.0; Win64; x64) AppleWebKit/537.36 (KHTML, like Gecko) Chrome/132.0.0.0 Safari/537.36"
150.40.253.159 - - [19/Sep/2025:11:06:22 +0700] "GET /wp-content/themes/tem_techno_v2/inc/js/main.min.js?ver=6.8.1 HTTP/1.0" 200 439 "https://vattusacky.vn/az%c9%99rbaycanda-mostbet-bukmeker-kontorunun-icmali-313/" "Mozilla/5.0 (Windows NT 10.0; Win64; x64) AppleWebKit/537.36 (KHTML, like Gecko) Chrome/132.0.0.0 Safari/537.36"
150.40.253.159 - - [19/Sep/2025:11:06:22 +0700] "GET /wp-content/themes/tem_techno_v2/slmenu.css HTTP/1.0" 200 417 "https://vattusacky.vn/az%c9%99rbaycanda-mostbet-bukmeker-kontorunun-icmali-313/" "Mozilla/5.0 (Windows NT 10.0; Win64; x64) AppleWebKit/537.36 (KHTML, like Gecko) Chrome/132.0.0.0 Safari/537.36"
150.40.253.159 - - [19/Sep/2025:11:06:22 +0700] "GET /wp-content/themes/tem_techno_v2/js/jquerymenu.js HTTP/1.0" 200 437 "https://vattusacky.vn/az%c9%99rbaycanda-mostbet-bukmeker-kontorunun-icmali-313/" "Mozilla/5.0 (Windows NT 10.0; Win64; x64) AppleWebKit/537.36 (KHTML, like Gecko) Chrome/132.0.0.0 Safari/537.36"
150.40.253.159 - - [19/Sep/2025:11:06:22 +0700] "GET /wp-content/themes/tem_techno_v2/js/jquery.simplyscroll.min.js HTTP/1.0" 200 450 "https://vattusacky.vn/az%c9%99rbaycanda-mostbet-bukmeker-kontorunun-icmali-313/" "Mozilla/5.0 (Windows NT 10.0; Win64; x64) AppleWebKit/537.36 (KHTML, like Gecko) Chrome/132.0.0.0 Safari/537.36"
150.40.253.159 - - [19/Sep/2025:11:06:22 +0700] "GET /wp-content/themes/tem_techno_v2/js/htg.js HTTP/1.0" 200 1342 "https://vattusacky.vn/az%c9%99rbaycanda-mostbet-bukmeker-kontorunun-icmali-313/" "Mozilla/5.0 (Windows NT 10.0; Win64; x64) AppleWebKit/537.36 (KHTML, like Gecko) Chrome/132.0.0.0 Safari/537.36"
150.40.253.159 - - [19/Sep/2025:11:06:22 +0700] "GET /wp-content/themes/tem_techno_v2/js/crawler.js HTTP/1.0" 200 434 "https://vattusacky.vn/az%c9%99rbaycanda-mostbet-bukmeker-kontorunun-icmali-313/" "Mozilla/5.0 (Windows NT 10.0; Win64; x64) AppleWebKit/537.36 (KHTML, like Gecko) Chrome/132.0.0.0 Safari/537.36"
150.40.253.159 - - [19/Sep/2025:11:06:22 +0700] "GET /wp-content/plugins/woocommerce/assets/client/blocks/wc-blocks.css?ver=wc-9.8.3 HTTP/1.0" 200 440 "https://vattusacky.vn/az%c9%99rbaycanda-mostbet-bukmeker-kontorunun-icmali-313/" "Mozilla/5.0 (Windows NT 10.0; Win64; x64) AppleWebKit/537.36 (KHTML, like Gecko) Chrome/132.0.0.0 Safari/537.36"
150.40.253.159 - - [19/Sep/2025:11:06:22 +0700] "GET /wp-includes/js/dist/hooks.min.js?ver=4d63a3d491d11ffd8ac6 HTTP/1.0" 200 421 "https://vattusacky.vn/az%c9%99rbaycanda-mostbet-bukmeker-kontorunun-icmali-313/" "Mozilla/5.0 (Windows NT 10.0; Win64; x64) AppleWebKit/537.36 (KHTML, like Gecko) Chrome/132.0.0.0 Safari/537.36"
150.40.253.159 - - [19/Sep/2025:11:06:22 +0700] "GET /wp-includes/js/dist/i18n.min.js?ver=5e580eb46a90c2b997e6 HTTP/1.0" 200 420 "https://vattusacky.vn/az%c9%99rbaycanda-mostbet-bukmeker-kontorunun-icmali-313/" "Mozilla/5.0 (Windows NT 10.0; Win64; x64) AppleWebKit/537.36 (KHTML, like Gecko) Chrome/132.0.0.0 Safari/537.36"
150.40.253.159 - - [19/Sep/2025:11:06:22 +0700] "GET /wp-content/plugins/contact-form-7/includes/swv/js/index.js?ver=6.0.6 HTTP/1.0" 200 447 "https://vattusacky.vn/az%c9%99rbaycanda-mostbet-bukmeker-kontorunun-icmali-313/" "Mozilla/5.0 (Windows NT 10.0; Win64; x64) AppleWebKit/537.36 (KHTML, like Gecko) Chrome/132.0.0.0 Safari/537.36"
150.40.253.159 - - [19/Sep/2025:11:06:22 +0700] "GET /wp-content/plugins/contact-form-7/includes/js/index.js?ver=6.0.6 HTTP/1.0" 200 443 "https://vattusacky.vn/az%c9%99rbaycanda-mostbet-bukmeker-kontorunun-icmali-313/" "Mozilla/5.0 (Windows NT 10.0; Win64; x64) AppleWebKit/537.36 (KHTML, like Gecko) Chrome/132.0.0.0 Safari/537.36"
150.40.253.159 - - [19/Sep/2025:11:06:22 +0700] "GET /wp-content/plugins/content-views-query-and-display-post-page/public/assets/js/cv.js?ver=4.1 HTTP/1.0" 200 472 "https://vattusacky.vn/az%c9%99rbaycanda-mostbet-bukmeker-kontorunun-icmali-313/" "Mozilla/5.0 (Windows NT 10.0; Win64; x64) AppleWebKit/537.36 (KHTML, like Gecko) Chrome/132.0.0.0 Safari/537.36"
150.40.253.159 - - [19/Sep/2025:11:06:22 +0700] "GET /wp-content/plugins/devvn-stickytooltip/stickytooltip.js?ver=1.0.0 HTTP/1.0" 200 444 "https://vattusacky.vn/az%c9%99rbaycanda-mostbet-bukmeker-kontorunun-icmali-313/" "Mozilla/5.0 (Windows NT 10.0; Win64; x64) AppleWebKit/537.36 (KHTML, like Gecko) Chrome/132.0.0.0 Safari/537.36"
150.40.253.159 - - [19/Sep/2025:11:06:22 +0700] "GET /wp-content/plugins/yith-woocommerce-category-accordion-premium/assets/js/ywcca_accordion.min.js?ver=1.0.12 HTTP/1.0" 200 484 "https://vattusacky.vn/az%c9%99rbaycanda-mostbet-bukmeker-kontorunun-icmali-313/" "Mozilla/5.0 (Windows NT 10.0; Win64; x64) AppleWebKit/537.36 (KHTML, like Gecko) Chrome/132.0.0.0 Safari/537.36"
150.40.253.159 - - [19/Sep/2025:11:06:22 +0700] "GET /wp-content/plugins/yith-woocommerce-category-accordion-premium/assets/js/jquery.hoverIntent.min.js?ver=1.0.12 HTTP/1.0" 200 487 "https://vattusacky.vn/az%c9%99rbaycanda-mostbet-bukmeker-kontorunun-icmali-313/" "Mozilla/5.0 (Windows NT 10.0; Win64; x64) AppleWebKit/537.36 (KHTML, like Gecko) Chrome/132.0.0.0 Safari/537.36"
150.40.253.159 - - [19/Sep/2025:11:06:22 +0700] "GET /wp-content/plugins/woocommerce/assets/js/sourcebuster/sourcebuster.min.js?ver=9.8.3 HTTP/1.0" 200 462 "https://vattusacky.vn/az%c9%99rbaycanda-mostbet-bukmeker-kontorunun-icmali-313/" "Mozilla/5.0 (Windows NT 10.0; Win64; x64) AppleWebKit/537.36 (KHTML, like Gecko) Chrome/132.0.0.0 Safari/537.36"
150.40.253.159 - - [19/Sep/2025:11:06:22 +0700] "GET /wp-content/plugins/woocommerce/assets/js/frontend/order-attribution.min.js?ver=9.8.3 HTTP/1.0" 200 463 "https://vattusacky.vn/az%c9%99rbaycanda-mostbet-bukmeker-kontorunun-icmali-313/" "Mozilla/5.0 (Windows NT 10.0; Win64; x64) AppleWebKit/537.36 (KHTML, like Gecko) Chrome/132.0.0.0 Safari/537.36"
150.40.253.159 - - [19/Sep/2025:11:06:22 +0700] "GET /wp-content/plugins/woocommerce/assets/js/jquery-blockui/jquery.blockUI.min.js?ver=2.7.0-wc.9.8.3 HTTP/1.0" 200 466 "https://vattusacky.vn/az%c9%99rbaycanda-mostbet-bukmeker-kontorunun-icmali-313/" "Mozilla/5.0 (Windows NT 10.0; Win64; x64) AppleWebKit/537.36 (KHTML, like Gecko) Chrome/132.0.0.0 Safari/537.36"
150.40.253.159 - - [19/Sep/2025:11:06:23 +0700] "GET /wp-content/plugins/woocommerce/assets/js/frontend/add-to-cart.min.js?ver=9.8.3 HTTP/1.0" 200 457 "https://vattusacky.vn/az%c9%99rbaycanda-mostbet-bukmeker-kontorunun-icmali-313/" "Mozilla/5.0 (Windows NT 10.0; Win64; x64) AppleWebKit/537.36 (KHTML, like Gecko) Chrome/132.0.0.0 Safari/537.36"
150.40.253.159 - - [19/Sep/2025:11:06:23 +0700] "GET /wp-content/plugins/woocommerce/assets/js/js-cookie/js.cookie.min.js?ver=2.1.4-wc.9.8.3 HTTP/1.0" 200 456 "https://vattusacky.vn/az%c9%99rbaycanda-mostbet-bukmeker-kontorunun-icmali-313/" "Mozilla/5.0 (Windows NT 10.0; Win64; x64) AppleWebKit/537.36 (KHTML, like Gecko) Chrome/132.0.0.0 Safari/537.36"
150.40.253.159 - - [19/Sep/2025:11:06:23 +0700] "GET /wp-content/plugins/woocommerce/assets/js/frontend/woocommerce.min.js?ver=9.8.3 HTTP/1.0" 200 457 "https://vattusacky.vn/az%c9%99rbaycanda-mostbet-bukmeker-kontorunun-icmali-313/" "Mozilla/5.0 (Windows NT 10.0; Win64; x64) AppleWebKit/537.36 (KHTML, like Gecko) Chrome/132.0.0.0 Safari/537.36"
150.40.253.159 - - [19/Sep/2025:11:06:23 +0700] "GET /wp-includes/js/comment-reply.min.js?ver=6.8.1 HTTP/1.0" 200 424 "https://vattusacky.vn/az%c9%99rbaycanda-mostbet-bukmeker-kontorunun-icmali-313/" "Mozilla/5.0 (Windows NT 10.0; Win64; x64) AppleWebKit/537.36 (KHTML, like Gecko) Chrome/132.0.0.0 Safari/537.36"
150.40.253.159 - - [19/Sep/2025:11:06:23 +0700] "GET /wp-content/plugins/woocommerce/assets/css/woocommerce-smallscreen.css?ver=9.8.3 HTTP/1.0" 200 444 "https://vattusacky.vn/az%c9%99rbaycanda-mostbet-bukmeker-kontorunun-icmali-313/" "Mozilla/5.0 (Windows NT 10.0; Win64; x64) AppleWebKit/537.36 (KHTML, like Gecko) Chrome/132.0.0.0 Safari/537.36"
45.117.177.72 - - [19/Sep/2025:11:07:34 +0700] "POST /wp-cron.php?doing_wp_cron=1758254854.7948379516601562500000 HTTP/1.0" 200 416 "-" "WordPress/6.8.1; https://vattusacky.vn"
185.191.171.5 - - [19/Sep/2025:11:07:33 +0700] "GET /author/yanz/page/231/ HTTP/1.0" 200 77797 "-" "Mozilla/5.0 (compatible; SemrushBot/7~bl; +http://www.semrush.com/bot.html)"
54.39.0.25 - - [19/Sep/2025:11:07:53 +0700] "GET /san-pham/bom-lay-mau-bui-the-tich-lon/ HTTP/1.0" 200 516101 "-" "Mozilla/5.0 (compatible; AhrefsBot/7.0; +http://ahrefs.com/robot/)"
45.117.177.72 - - [19/Sep/2025:11:10:08 +0700] "POST /wp-cron.php?doing_wp_cron=1758255007.7909989356994628906250 HTTP/1.0" 200 416 "-" "WordPress/6.8.1; https://vattusacky.vn"
54.39.6.92 - - [19/Sep/2025:11:10:06 +0700] "GET /the-art-of-active-listening-on-omegle-enhancing-communication-and-connection/ HTTP/1.0" 200 91571 "-" "Mozilla/5.0 (compatible; AhrefsBot/7.0; +http://ahrefs.com/robot/)"
45.117.177.72 - - [19/Sep/2025:11:12:09 +0700] "POST /wp-cron.php?doing_wp_cron=1758255129.1891889572143554687500 HTTP/1.0" 200 416 "-" "WordPress/6.8.1; https://vattusacky.vn"
148.113.130.82 - - [19/Sep/2025:11:12:07 +0700] "GET /the-allure-of-the-unknown-embracing-the-mystery-on-omegle/ HTTP/1.0" 200 92015 "-" "Mozilla/5.0 (compatible; AhrefsBot/7.0; +http://ahrefs.com/robot/)"
17.241.219.12 - - [19/Sep/2025:11:12:14 +0700] "GET /omegle-movie-chat-conversations-about-film-and-cinema/ HTTP/1.0" 200 91761 "-" "Mozilla/5.0 (Macintosh; Intel Mac OS X 10_15_7) AppleWebKit/605.1.15 (KHTML, like Gecko) Version/17.4 Safari/605.1.15 (Applebot/0.1; +http://www.apple.com/go/applebot)"
45.117.177.72 - - [19/Sep/2025:11:13:57 +0700] "POST /wp-cron.php?doing_wp_cron=1758255236.8084249496459960937500 HTTP/1.0" 200 416 "-" "WordPress/6.8.1; https://vattusacky.vn"
15.235.98.222 - - [19/Sep/2025:11:13:55 +0700] "GET /san-pham/hi-q-_-bo-giu-loc-filter-holder/ HTTP/1.0" 200 513294 "-" "Mozilla/5.0 (compatible; AhrefsBot/7.0; +http://ahrefs.com/robot/)"
45.117.177.72 - - [19/Sep/2025:11:14:51 +0700] "POST /wp-cron.php?doing_wp_cron=1758255291.7198469638824462890625 HTTP/1.0" 200 416 "-" "WordPress/6.8.1; https://vattusacky.vn"
147.135.215.173 - - [19/Sep/2025:11:14:50 +0700] "GET /robots.txt HTTP/1.0" 200 984 "-" "Mozilla/5.0 (compatible; MJ12bot/v1.4.8; http://mj12bot.com/)"
147.135.215.173 - - [19/Sep/2025:11:14:53 +0700] "GET /danh-muc/co-ba%CC%89n-thi-nghie%CC%A3m/bep-cach-thuy%CC%89/feed/ HTTP/1.0" 200 20114 "-" "Mozilla/5.0 (compatible; MJ12bot/v1.4.8; http://mj12bot.com/)"
147.135.215.173 - - [19/Sep/2025:11:14:57 +0700] "GET /danh-muc/co-ba%CC%89n-thi-nghie%CC%A3m/bom-chan-khong-bo%CC%A3-lo%CC%A3c-chan-khong/feed/ HTTP/1.0" 200 147433 "-" "Mozilla/5.0 (compatible; MJ12bot/v1.4.8; http://mj12bot.com/)"
147.135.215.173 - - [19/Sep/2025:11:15:07 +0700] "GET /danh-muc/co-ba%CC%89n-thi-nghie%CC%A3m/can-phan-tich-can-ky%CC%83-thua%CC%A3t/feed/ HTTP/1.0" 200 35128 "-" "Mozilla/5.0 (compatible; MJ12bot/v1.4.8; http://mj12bot.com/)"
147.135.215.173 - - [19/Sep/2025:11:15:11 +0700] "GET /danh-muc/co-ba%CC%89n-thi-nghie%CC%A3m/feed/ HTTP/1.0" 200 101626 "-" "Mozilla/5.0 (compatible; MJ12bot/v1.4.8; http://mj12bot.com/)"
45.117.177.72 - - [19/Sep/2025:11:15:17 +0700] "POST /wp-cron.php?doing_wp_cron=1758255317.3172860145568847656250 HTTP/1.0" 200 416 "-" "WordPress/6.8.1; https://vattusacky.vn"
147.135.215.173 - - [19/Sep/2025:11:15:15 +0700] "GET /danh-muc/co-ba%CC%89n-thi-nghie%CC%A3m/lo-nung/feed/ HTTP/1.0" 200 16781 "-" "Mozilla/5.0 (compatible; MJ12bot/v1.4.8; http://mj12bot.com/)"
147.135.215.173 - - [19/Sep/2025:11:15:19 +0700] "GET /danh-muc/co-ba%CC%89n-thi-nghie%CC%A3m/tu-am/feed/ HTTP/1.0" 200 21946 "-" "Mozilla/5.0 (compatible; MJ12bot/v1.4.8; http://mj12bot.com/)"
147.135.215.173 - - [19/Sep/2025:11:15:23 +0700] "GET /skil%D1%8Cki-zarobljae-programist-v-ukraini/feed/ HTTP/1.0" 200 1753 "-" "Mozilla/5.0 (compatible; MJ12bot/v1.4.8; http://mj12bot.com/)"
147.135.215.173 - - [19/Sep/2025:11:15:26 +0700] "GET /svechnye-patterny-kak-povysit%D1%8C-tochnost%D1%8C-svechnyh/feed/ HTTP/1.0" 200 1822 "-" "Mozilla/5.0 (compatible; MJ12bot/v1.4.8; http://mj12bot.com/)"
147.135.215.173 - - [19/Sep/2025:11:15:30 +0700] "GET /trader-perevod-na-russkij-slovar%D1%8C-ital%D1%8Cjanskij/feed/ HTTP/1.0" 200 1811 "-" "Mozilla/5.0 (compatible; MJ12bot/v1.4.8; http://mj12bot.com/)"
216.244.66.237 - - [19/Sep/2025:11:15:45 +0700] "GET /omegle-and-online-harassment-fighting-back-against-trolls/ HTTP/1.0" 200 91609 "-" "Mozilla/5.0 (compatible; DotBot/1.2; +https://opensiteexplorer.org/dotbot; help@moz.com)"
54.39.210.144 - - [19/Sep/2025:11:15:46 +0700] "GET /san-pham/thiet-bi-lay-mau-bui-pm10-pm2-5-15-%C3%B7-35-m3-gio/ HTTP/1.0" 200 512370 "-" "Mozilla/5.0 (compatible; AhrefsBot/7.0; +http://ahrefs.com/robot/)"
45.117.177.72 - - [19/Sep/2025:11:16:28 +0700] "POST /wp-cron.php?doing_wp_cron=1758255388.1173279285430908203125 HTTP/1.0" 200 416 "-" "WordPress/6.8.1; https://vattusacky.vn"
17.241.227.160 - - [19/Sep/2025:11:16:26 +0700] "GET /omegles-role-in-destigmatizing-online-dating-and-chat-platforms/ HTTP/1.0" 200 92059 "-" "Mozilla/5.0 (Macintosh; Intel Mac OS X 10_15_7) AppleWebKit/605.1.15 (KHTML, like Gecko) Version/17.4 Safari/605.1.15 (Applebot/0.1; +http://www.apple.com/go/applebot)"
163.47.203.68 - - [19/Sep/2025:11:16:42 +0700] "GET /wp-login.php HTTP/1.0" 200 11388 "-" "GRequests/0.10"
163.47.203.68 - - [19/Sep/2025:11:16:44 +0700] "POST /wp-login.php HTTP/1.0" 200 11752 "-" "GRequests/0.10"
85.208.96.195 - - [19/Sep/2025:11:16:44 +0700] "GET /onlajn-gama-casino-zerkalo-ajfon-i-android/ HTTP/1.0" 200 97664 "-" "Mozilla/5.0 (compatible; SemrushBot/7~bl; +http://www.semrush.com/bot.html)"
45.117.177.72 - - [19/Sep/2025:11:17:48 +0700] "POST /wp-cron.php?doing_wp_cron=1758255468.6528949737548828125000 HTTP/1.0" 200 416 "-" "WordPress/6.8.1; https://vattusacky.vn"
142.44.228.187 - - [19/Sep/2025:11:17:47 +0700] "GET /omegle-vs-ometv-which-one-is-more-popular/ HTTP/1.0" 200 90064 "-" "Mozilla/5.0 (compatible; AhrefsBot/7.0; +http://ahrefs.com/robot/)"
45.117.177.72 - - [19/Sep/2025:11:19:51 +0700] "POST /wp-cron.php?doing_wp_cron=1758255591.1453828811645507812500 HTTP/1.0" 200 416 "-" "WordPress/6.8.1; https://vattusacky.vn"
15.235.96.15 - - [19/Sep/2025:11:19:49 +0700] "GET /category/blog/page/6/ HTTP/1.0" 200 72491 "-" "Mozilla/5.0 (compatible; AhrefsBot/7.0; +http://ahrefs.com/robot/)"
45.117.177.72 - - [19/Sep/2025:11:21:49 +0700] "POST /wp-cron.php?doing_wp_cron=1758255709.1549398899078369140625 HTTP/1.0" 200 416 "-" "WordPress/6.8.1; https://vattusacky.vn"
54.39.136.98 - - [19/Sep/2025:11:21:47 +0700] "GET /how-to-pick-up-a-hot-daughter/ HTTP/1.0" 200 75951 "-" "Mozilla/5.0 (compatible; AhrefsBot/7.0; +http://ahrefs.com/robot/)"
45.117.177.72 - - [19/Sep/2025:11:23:07 +0700] "POST /wp-cron.php?doing_wp_cron=1758255786.8725008964538574218750 HTTP/1.0" 200 416 "-" "WordPress/6.8.1; https://vattusacky.vn"
34.192.67.98 - - [19/Sep/2025:11:23:05 +0700] "GET /plinko-onlajn-igra-otzyvy-igrokov-o-zarabotke/ HTTP/1.0" 200 235811 "-" "Mozilla/5.0 AppleWebKit/537.36 (KHTML, like Gecko; compatible; Amazonbot/0.1; +https://developer.amazon.com/support/amazonbot) Chrome/119.0.6045.214 Safari/537.36"
54.84.147.79 - - [19/Sep/2025:11:23:08 +0700] "GET /1xbit-on-line-casino-mobile-37/ HTTP/1.0" 200 254284 "-" "Mozilla/5.0 AppleWebKit/537.36 (KHTML, like Gecko; compatible; Amazonbot/0.1; +https://developer.amazon.com/support/amazonbot) Chrome/119.0.6045.214 Safari/537.36"
3.211.105.134 - - [19/Sep/2025:11:23:12 +0700] "GET /the-role-of-curiosity-in-omegle-conversations-cultivating-a-lifelong-love-for-learning/ HTTP/1.0" 200 93637 "-" "Mozilla/5.0 AppleWebKit/537.36 (KHTML, like Gecko; compatible; Amazonbot/0.1; +https://developer.amazon.com/support/amazonbot) Chrome/119.0.6045.214 Safari/537.36"
45.117.177.72 - - [19/Sep/2025:11:23:49 +0700] "POST /wp-cron.php?doing_wp_cron=1758255828.8598709106445312500000 HTTP/1.0" 200 416 "-" "WordPress/6.8.1; https://vattusacky.vn"
54.39.203.106 - - [19/Sep/2025:11:23:47 +0700] "GET /san-pham/bom-lay-mau-bui-tsp-300-1400-lpm-choi-than/ HTTP/1.0" 200 514849 "-" "Mozilla/5.0 (compatible; AhrefsBot/7.0; +http://ahrefs.com/robot/)"
45.117.177.72 - - [19/Sep/2025:11:25:59 +0700] "POST /wp-cron.php?doing_wp_cron=1758255958.8386299610137939453125 HTTP/1.0" 200 416 "-" "WordPress/6.8.1; https://vattusacky.vn"
167.114.139.205 - - [19/Sep/2025:11:25:57 +0700] "GET /embracing-the-unexpected-omegles-role-in-spontaneous-interactions/ HTTP/1.0" 200 90897 "-" "Mozilla/5.0 (compatible; AhrefsBot/7.0; +http://ahrefs.com/robot/)"
45.117.177.72 - - [19/Sep/2025:11:27:21 +0700] "POST /wp-cron.php?doing_wp_cron=1758256041.2191400527954101562500 HTTP/1.0" 200 416 "-" "WordPress/6.8.1; https://vattusacky.vn"
85.208.96.212 - - [19/Sep/2025:11:27:19 +0700] "GET /robots.txt HTTP/1.0" 200 984 "-" "Mozilla/5.0 (compatible; SemrushBot/7~bl; +http://www.semrush.com/bot.html)"
85.208.96.200 - - [19/Sep/2025:11:27:23 +0700] "GET /bassejny-pod-kljuch-dlja-chastnogo-doma-dachi-bani-nedorogo-ot-proizvoditelja/ HTTP/1.0" 200 219854 "-" "Mozilla/5.0 (compatible; SemrushBot/7~bl; +http://www.semrush.com/bot.html)"
85.208.96.193 - - [19/Sep/2025:11:27:52 +0700] "GET /connecting-with-the-world-interesting-cultural-exchanges-on-omegle-and-ometv/ HTTP/1.0" 200 93038 "-" "Mozilla/5.0 (compatible; SemrushBot/7~bl; +http://www.semrush.com/bot.html)"
142.44.233.65 - - [19/Sep/2025:11:27:51 +0700] "GET /san-pham/thiet-bi-lay-mau-bui-tsp-pm10-pm-2-5/ HTTP/1.0" 200 513409 "-" "Mozilla/5.0 (compatible; AhrefsBot/7.0; +http://ahrefs.com/robot/)"
45.117.177.72 - - [19/Sep/2025:11:29:42 +0700] "POST /wp-cron.php?doing_wp_cron=1758256182.4208769798278808593750 HTTP/1.0" 200 416 "-" "WordPress/6.8.1; https://vattusacky.vn"
54.39.136.107 - - [19/Sep/2025:11:29:40 +0700] "GET /embracing-the-unexpected-the-serendipity-of-omegles-random-chats/ HTTP/1.0" 200 90558 "-" "Mozilla/5.0 (compatible; AhrefsBot/7.0; +http://ahrefs.com/robot/)"
45.117.177.72 - - [19/Sep/2025:11:32:37 +0700] "POST /wp-cron.php?doing_wp_cron=1758256356.9908540248870849609375 HTTP/1.0" 200 416 "-" "WordPress/6.8.1; https://vattusacky.vn"
148.113.128.152 - - [19/Sep/2025:11:32:35 +0700] "GET /sitemap_index.xml HTTP/1.0" 200 2426 "-" "Mozilla/5.0 (compatible; AhrefsBot/7.0; +http://ahrefs.com/robot/)"
54.39.6.3 - - [19/Sep/2025:11:32:39 +0700] "GET /post-sitemap.xml HTTP/1.0" 500 3278 "-" "Mozilla/5.0 (compatible; AhrefsBot/7.0; +http://ahrefs.com/robot/)"
142.44.233.163 - - [19/Sep/2025:11:32:45 +0700] "GET /post-sitemap2.xml HTTP/1.0" 500 3278 "-" "Mozilla/5.0 (compatible; AhrefsBot/7.0; +http://ahrefs.com/robot/)"
216.244.66.237 - - [19/Sep/2025:11:32:53 +0700] "GET /robots.txt HTTP/1.0" 200 984 "-" "Mozilla/5.0 (compatible; DotBot/1.2; +https://opensiteexplorer.org/dotbot; help@moz.com)"
54.39.203.23 - - [19/Sep/2025:11:32:52 +0700] "GET /post-sitemap3.xml HTTP/1.0" 200 155802 "-" "Mozilla/5.0 (compatible; AhrefsBot/7.0; +http://ahrefs.com/robot/)"
15.235.27.47 - - [19/Sep/2025:11:32:58 +0700] "GET /post-sitemap4.xml HTTP/1.0" 200 157863 "-" "Mozilla/5.0 (compatible; AhrefsBot/7.0; +http://ahrefs.com/robot/)"
54.39.210.127 - - [19/Sep/2025:11:33:03 +0700] "GET /post-sitemap5.xml HTTP/1.0" 200 159938 "-" "Mozilla/5.0 (compatible; AhrefsBot/7.0; +http://ahrefs.com/robot/)"
142.44.220.63 - - [19/Sep/2025:11:33:08 +0700] "GET /post-sitemap6.xml HTTP/1.0" 200 42210 "-" "Mozilla/5.0 (compatible; AhrefsBot/7.0; +http://ahrefs.com/robot/)"
54.39.136.163 - - [19/Sep/2025:11:33:12 +0700] "GET /page-sitemap.xml HTTP/1.0" 200 1873 "-" "Mozilla/5.0 (compatible; AhrefsBot/7.0; +http://ahrefs.com/robot/)"
45.117.177.72 - - [19/Sep/2025:11:33:17 +0700] "POST /wp-cron.php?doing_wp_cron=1758256397.1348040103912353515625 HTTP/1.0" 200 416 "-" "WordPress/6.8.1; https://vattusacky.vn"
15.235.98.157 - - [19/Sep/2025:11:33:15 +0700] "GET /attachment-sitemap.xml HTTP/1.0" 200 72345 "-" "Mozilla/5.0 (compatible; AhrefsBot/7.0; +http://ahrefs.com/robot/)"
54.39.203.2 - - [19/Sep/2025:11:33:26 +0700] "GET /product-sitemap.xml HTTP/1.0" 200 51048 "-" "Mozilla/5.0 (compatible; AhrefsBot/7.0; +http://ahrefs.com/robot/)"
142.44.220.123 - - [19/Sep/2025:11:33:32 +0700] "GET /category-sitemap.xml HTTP/1.0" 200 24564 "-" "Mozilla/5.0 (compatible; AhrefsBot/7.0; +http://ahrefs.com/robot/)"
54.39.6.100 - - [19/Sep/2025:11:33:35 +0700] "GET /post_tag-sitemap.xml HTTP/1.0" 200 12903 "-" "Mozilla/5.0 (compatible; AhrefsBot/7.0; +http://ahrefs.com/robot/)"
54.39.89.185 - - [19/Sep/2025:11:33:40 +0700] "GET /product_cat-sitemap.xml HTTP/1.0" 200 8595 "-" "Mozilla/5.0 (compatible; AhrefsBot/7.0; +http://ahrefs.com/robot/)"
51.222.95.7 - - [19/Sep/2025:11:33:43 +0700] "GET /product_tag-sitemap.xml HTTP/1.0" 200 28520 "-" "Mozilla/5.0 (compatible; AhrefsBot/7.0; +http://ahrefs.com/robot/)"
45.117.177.72 - - [19/Sep/2025:11:34:43 +0700] "POST /wp-cron.php?doing_wp_cron=1758256483.0805699825286865234375 HTTP/1.0" 200 416 "-" "WordPress/6.8.1; https://vattusacky.vn"
51.222.168.120 - - [19/Sep/2025:11:34:41 +0700] "GET /adorable-wedding-suggestions-to-inspire-the-big-day/feed/ HTTP/1.0" 304 455 "-" "Mozilla/5.0 (compatible; AhrefsBot/7.0; +http://ahrefs.com/robot/)"
45.117.177.72 - - [19/Sep/2025:11:36:15 +0700] "POST /wp-cron.php?doing_wp_cron=1758256575.0688838958740234375000 HTTP/1.0" 200 416 "-" "WordPress/6.8.1; https://vattusacky.vn"
17.241.227.128 - - [19/Sep/2025:11:36:13 +0700] "GET /omegle-chronicles-tales-of-connection-and-discovery/ HTTP/1.0" 200 91694 "-" "Mozilla/5.0 (Macintosh; Intel Mac OS X 10_15_7) AppleWebKit/605.1.15 (KHTML, like Gecko) Version/17.4 Safari/605.1.15 (Applebot/0.1; +http://www.apple.com/go/applebot)"
45.117.177.72 - - [19/Sep/2025:11:36:27 +0700] "POST /wp-cron.php?doing_wp_cron=1758256587.0282580852508544921875 HTTP/1.0" 200 416 "-" "WordPress/6.8.1; https://vattusacky.vn"
54.39.89.124 - - [19/Sep/2025:11:36:25 +0700] "GET /sources-of-tech-news/feed/ HTTP/1.0" 304 455 "-" "Mozilla/5.0 (compatible; AhrefsBot/7.0; +http://ahrefs.com/robot/)"
52.167.144.230 - - [19/Sep/2025:11:37:14 +0700] "GET /san-pham/tu-am-bod-135-lit-tc135s-aqualytic-duc/ HTTP/1.0" 200 100204 "-" "Mozilla/5.0 AppleWebKit/537.36 (KHTML, like Gecko; compatible; bingbot/2.0; +http://www.bing.com/bingbot.htm) Chrome/116.0.1938.76 Safari/537.36"
207.46.13.154 - - [19/Sep/2025:11:37:31 +0700] "GET /wp-content/themes/tem_techno_v2/inc/css/font-awesome.min.css?ver=6.8.1 HTTP/1.0" 200 435 "-" "Mozilla/5.0 AppleWebKit/537.36 (KHTML, like Gecko; compatible; bingbot/2.0; +http://www.bing.com/bingbot.htm) Chrome/116.0.1938.76 Safari/537.36"
52.167.144.230 - - [19/Sep/2025:11:37:36 +0700] "GET /wp-content/plugins/content-views-query-and-display-post-page/public/assets/css/cv.css?ver=4.1 HTTP/1.0" 200 460 "-" "Mozilla/5.0 AppleWebKit/537.36 (KHTML, like Gecko; compatible; bingbot/2.0; +http://www.bing.com/bingbot.htm) Chrome/116.0.1938.76 Safari/537.36"
52.167.144.230 - - [19/Sep/2025:11:37:36 +0700] "GET /wp-content/plugins/gridlist-view-for-woocommerce/css/shop_lgv.css?ver=1.1.8 HTTP/1.0" 200 440 "-" "Mozilla/5.0 AppleWebKit/537.36 (KHTML, like Gecko; compatible; bingbot/2.0; +http://www.bing.com/bingbot.htm) Chrome/116.0.1938.76 Safari/537.36"
52.167.144.230 - - [19/Sep/2025:11:37:37 +0700] "GET /wp-content/themes/tem_techno_v2/style.css?ver=6.8.1 HTTP/1.0" 200 416 "-" "Mozilla/5.0 AppleWebKit/537.36 (KHTML, like Gecko; compatible; bingbot/2.0; +http://www.bing.com/bingbot.htm) Chrome/116.0.1938.76 Safari/537.36"
45.117.177.72 - - [19/Sep/2025:11:38:10 +0700] "POST /wp-cron.php?doing_wp_cron=1758256690.5786459445953369140625 HTTP/1.0" 200 416 "-" "WordPress/6.8.1; https://vattusacky.vn"
167.114.139.202 - - [19/Sep/2025:11:38:09 +0700] "GET /advantages-of-data-computer-software/feed/ HTTP/1.0" 304 455 "-" "Mozilla/5.0 (compatible; AhrefsBot/7.0; +http://ahrefs.com/robot/)"
45.117.177.72 - - [19/Sep/2025:11:39:03 +0700] "POST /wp-cron.php?doing_wp_cron=1758256743.5521728992462158203125 HTTP/1.0" 200 416 "-" "WordPress/6.8.1; https://vattusacky.vn"
185.191.171.8 - - [19/Sep/2025:11:39:02 +0700] "GET /wasting-time-or-finding-meaning-the-purpose-of-omegle-and-ometv-in-users-lives/ HTTP/1.0" 200 92490 "-" "Mozilla/5.0 (compatible; SemrushBot/7~bl; +http://www.semrush.com/bot.html)"
45.117.177.72 - - [19/Sep/2025:11:39:55 +0700] "POST /wp-cron.php?doing_wp_cron=1758256795.1329679489135742187500 HTTP/1.0" 200 416 "-" "WordPress/6.8.1; https://vattusacky.vn"
148.113.130.140 - - [19/Sep/2025:11:39:53 +0700] "GET /comprehending-the-relationship-among-culture-and-relationships/feed/ HTTP/1.0" 304 455 "-" "Mozilla/5.0 (compatible; AhrefsBot/7.0; +http://ahrefs.com/robot/)"
45.117.177.72 - - [19/Sep/2025:11:41:58 +0700] "POST /wp-cron.php?doing_wp_cron=1758256917.7996399402618408203125 HTTP/1.0" 200 416 "-" "WordPress/6.8.1; https://vattusacky.vn"
51.161.37.222 - - [19/Sep/2025:11:41:56 +0700] "GET /how-to-choose-an-official-web-design-for-your-administration/feed/ HTTP/1.0" 304 455 "-" "Mozilla/5.0 (compatible; AhrefsBot/7.0; +http://ahrefs.com/robot/)"
45.117.177.72 - - [19/Sep/2025:11:43:37 +0700] "POST /wp-cron.php?doing_wp_cron=1758257017.2295091152191162109375 HTTP/1.0" 200 416 "-" "WordPress/6.8.1; https://vattusacky.vn"
142.44.220.0 - - [19/Sep/2025:11:43:35 +0700] "GET /choosing-the-best-info-room/feed/ HTTP/1.0" 304 455 "-" "Mozilla/5.0 (compatible; AhrefsBot/7.0; +http://ahrefs.com/robot/)"
43.157.50.58 - - [19/Sep/2025:11:43:44 +0700] "GET / HTTP/1.0" 301 598 "http://www.vattusacky.vn" "Mozilla/5.0 (iPhone; CPU iPhone OS 13_2_3 like Mac OS X) AppleWebKit/605.1.15 (KHTML, like Gecko) Version/13.0.3 Mobile/15E148 Safari/604.1"
43.157.50.58 - - [19/Sep/2025:11:43:48 +0700] "GET / HTTP/1.0" 200 60071 "https://www.vattusacky.vn/" "Mozilla/5.0 (iPhone; CPU iPhone OS 13_2_3 like Mac OS X) AppleWebKit/605.1.15 (KHTML, like Gecko) Version/13.0.3 Mobile/15E148 Safari/604.1"
