57.141.2.22 - - [11/Sep/2025:03:50:21 +0700] "GET /info/634723638.phtml?path=/var/www/vhosts/vietnguyenvn.vinawebs.com.vn/furnilab.vn/httpdocs/wp-content HTTP/1.0" 200 41593 "-" "meta-externalagent/1.1 (+https://developers.facebook.com/docs/sharing/webmasters/crawler)"
52.71.216.196 - - [11/Sep/2025:03:50:21 +0700] "GET /wp-content/uploads/pvvi5/daily-premium-tips-kenya.html?fileloc=/var/www/vhosts/vietnguyenvn.vinawebs.com.vn/furnilab.vn/httpdocs/wp-includes/sitemaps/providers/class-wp-sitemaps-taxonomies.php&path=/var/www/vhosts/vietnguyenvn.vinawebs.com.vn/furnilab.vn/httpdocs/wp-includes/sitemaps/providers HTTP/1.0" 200 19426 "-" "Mozilla/5.0 AppleWebKit/537.36 (KHTML, like Gecko; compatible; Amazonbot/0.1; +https://developer.amazon.com/support/amazonbot) Chrome/119.0.6045.214 Safari/537.36"
20.171.207.254 - - [11/Sep/2025:03:50:22 +0700] "GET /products/47ze31025?path=/var/www HTTP/1.0" 200 13058 "-" "Mozilla/5.0 AppleWebKit/537.36 (KHTML, like Gecko; compatible; GPTBot/1.2; +https://openai.com/gptbot)"
20.171.207.37 - - [11/Sep/2025:03:50:23 +0700] "GET /?fileloc=/var/www/vhosts/vietnguyenvn.vinawebs.com.vn/vietnguyenlab.net/httpdocs/wp-content/uploads/2021/09/photolab-7100-100x55.png&path=/var/www/vhosts/vietnguyenvn.vinawebs.com.vn/vietnguyenlab.net/httpdocs/wp-content/uploads/2021/09 HTTP/1.0" 200 13567 "-" "Mozilla/5.0 AppleWebKit/537.36 (KHTML, like Gecko; compatible; GPTBot/1.2; +https://openai.com/gptbot)"
44.210.213.220 - - [11/Sep/2025:03:50:25 +0700] "GET /wp-content/uploads/pvvi5/kali-linux-commands-pdf-free-download.html?fileloc=/var/www/vhosts/vietnguyenvn.vinawebs.com.vn/viet-group.com/wp-comments-post.php&path=/var/www/vhosts/vietnguyenvn.vinawebs.com.vn/viet-group.com HTTP/1.0" 200 15335 "-" "Mozilla/5.0 AppleWebKit/537.36 (KHTML, like Gecko; compatible; Amazonbot/0.1; +https://developer.amazon.com/support/amazonbot) Chrome/119.0.6045.214 Safari/537.36"
20.171.207.254 - - [11/Sep/2025:03:50:25 +0700] "GET /products/32lq47916?path=/var/www HTTP/1.0" 200 13058 "-" "Mozilla/5.0 AppleWebKit/537.36 (KHTML, like Gecko; compatible; GPTBot/1.2; +https://openai.com/gptbot)"
20.171.207.37 - - [11/Sep/2025:03:50:26 +0700] "GET /?fileloc=/var/www/vhosts/vietnguyenvn.vinawebs.com.vn/vietnguyenlab.net/httpdocs/wp-content/uploads/2021/09/photolab-7100-300x300.png&path=/var/www/vhosts/vietnguyenvn.vinawebs.com.vn/vietnguyenlab.net/httpdocs/wp-content/uploads/2021/09 HTTP/1.0" 200 13568 "-" "Mozilla/5.0 AppleWebKit/537.36 (KHTML, like Gecko; compatible; GPTBot/1.2; +https://openai.com/gptbot)"
20.171.207.37 - - [11/Sep/2025:03:50:29 +0700] "GET /?fileloc=/var/www/vhosts/vietnguyenvn.vinawebs.com.vn/vietnguyenlab.net/httpdocs/wp-content/uploads/2021/09/photolab-7100-180x180.png&path=/var/www/vhosts/vietnguyenvn.vinawebs.com.vn/vietnguyenlab.net/httpdocs/wp-content/uploads/2021/09 HTTP/1.0" 200 13568 "-" "Mozilla/5.0 AppleWebKit/537.36 (KHTML, like Gecko; compatible; GPTBot/1.2; +https://openai.com/gptbot)"
20.171.207.254 - - [11/Sep/2025:03:50:29 +0700] "GET /products/82ib41356?path=/var/www HTTP/1.0" 200 13058 "-" "Mozilla/5.0 AppleWebKit/537.36 (KHTML, like Gecko; compatible; GPTBot/1.2; +https://openai.com/gptbot)"
18.215.49.176 - - [11/Sep/2025:03:50:29 +0700] "GET /wp-content/uploads/pvvi5/dim-destiny-2.html?fileloc=/var/www/vhosts/vietnguyenvn.vinawebs.com.vn/viet-group.com/wp-includes/ms-network.php&path=/var/www/vhosts/vietnguyenvn.vinawebs.com.vn/viet-group.com/wp-includes HTTP/1.0" 200 16937 "-" "Mozilla/5.0 AppleWebKit/537.36 (KHTML, like Gecko; compatible; Amazonbot/0.1; +https://developer.amazon.com/support/amazonbot) Chrome/119.0.6045.214 Safari/537.36"
57.141.2.75 - - [11/Sep/2025:03:50:31 +0700] "GET /info/1775883388.phtml?fileloc=/var/www/vhosts/vietnguyenvn.vinawebs.com.vn/furnilab.vn/httpdocs/pages.php&path=/var/www/vhosts/vietnguyenvn.vinawebs.com.vn/furnilab.vn/httpdocs HTTP/1.0" 200 14655 "-" "meta-externalagent/1.1 (+https://developers.facebook.com/docs/sharing/webmasters/crawler)"
20.171.207.37 - - [11/Sep/2025:03:50:31 +0700] "GET /?fileloc=/var/www/vhosts/vietnguyenvn.vinawebs.com.vn/vietnguyenlab.net/httpdocs/wp-content/uploads/2017/04/fpxt96wx2.jpg&path=/var/www/vhosts/vietnguyenvn.vinawebs.com.vn/vietnguyenlab.net/httpdocs/wp-content/uploads/2017/04 HTTP/1.0" 200 13556 "-" "Mozilla/5.0 AppleWebKit/537.36 (KHTML, like Gecko; compatible; GPTBot/1.2; +https://openai.com/gptbot)"
20.171.207.254 - - [11/Sep/2025:03:50:32 +0700] "GET /products/184if3950?path=/var/www HTTP/1.0" 200 13058 "-" "Mozilla/5.0 AppleWebKit/537.36 (KHTML, like Gecko; compatible; GPTBot/1.2; +https://openai.com/gptbot)"
34.239.197.197 - - [11/Sep/2025:03:50:34 +0700] "GET /wp-content/uploads/pvvi5/apprenticeship-intake-2024-in-zimbabwe-pdf.html?fileloc=/var/www/vhosts/vietnguyenvn.vinawebs.com.vn/viet-group.com/wp-includes/class-wp-customize-section.php&path=/var/www/vhosts/vietnguyenvn.vinawebs.com.vn/viet-group.com/wp-includes HTTP/1.0" 200 24996 "-" "Mozilla/5.0 AppleWebKit/537.36 (KHTML, like Gecko; compatible; Amazonbot/0.1; +https://developer.amazon.com/support/amazonbot) Chrome/119.0.6045.214 Safari/537.36"
20.171.207.37 - - [11/Sep/2025:03:50:34 +0700] "GET /?fileloc=/var/www/vhosts/vietnguyenvn.vinawebs.com.vn/vietnguyenlab.net/httpdocs/wp-content/uploads/2017/04/afc-digx4l1cx2.jpg&path=/var/www/vhosts/vietnguyenvn.vinawebs.com.vn/vietnguyenlab.net/httpdocs/wp-content/uploads/2017/04 HTTP/1.0" 200 13561 "-" "Mozilla/5.0 AppleWebKit/537.36 (KHTML, like Gecko; compatible; GPTBot/1.2; +https://openai.com/gptbot)"
20.171.207.254 - - [11/Sep/2025:03:50:34 +0700] "GET /products/260fl9874?path=/var/www HTTP/1.0" 200 13058 "-" "Mozilla/5.0 AppleWebKit/537.36 (KHTML, like Gecko; compatible; GPTBot/1.2; +https://openai.com/gptbot)"
57.141.2.28 - - [11/Sep/2025:03:50:35 +0700] "GET /info/609987092.phtml?fileloc=/var/www/vhosts/vietnguyenvn.vinawebs.com.vn/furnilab.vn/httpdocs/wp-config-sample.php&path=/var/www/vhosts/vietnguyenvn.vinawebs.com.vn/furnilab.vn/httpdocs HTTP/1.0" 200 16089 "-" "meta-externalagent/1.1 (+https://developers.facebook.com/docs/sharing/webmasters/crawler)"
111.119.210.242 - - [11/Sep/2025:03:50:36 +0700] "GET /whats-a-sugar-child-which-means-jobs-rules-sugaring-tips-finest-sugar-daddy-sugar-baby-sites/?fileloc=/var/www/vhosts/vietnguyenvn.vinawebs.com.vn/furnilab.vn/httpdocs/wp-admin/import.php&path=/var/www/vhosts/vietnguyenvn.vinawebs.com.vn/furnilab.vn/httpdocs/wp-admin HTTP/1.0" 200 21488 "https://furnilab.vn/whats-a-sugar-child-which-means-jobs-rules-sugaring-tips-finest-sugar-daddy-sugar-baby-sites/?fileloc=/var/www/vhosts/vietnguyenvn.vinawebs.com.vn/furnilab.vn/httpdocs/wp-admin/import.php&path=/var/www/vhosts/vietnguyenvn.vinawebs.com.vn/furnilab.vn/httpdocs/wp-admin" "Mozilla/5.0 (Macintosh; Intel Mac OS X 10_15_7) AppleWebKit/537.36 (KHTML, like Gecko) Chrome/123.0.0.0 Safari/537.36"
20.171.207.37 - - [11/Sep/2025:03:50:36 +0700] "GET /?fileloc=/var/www/vhosts/vietnguyenvn.vinawebs.com.vn/vietnguyenlab.net/httpdocs/wp-content/uploads/2021/09/ysi-pro20i-sampling-handheld-system-180x180.jpg&path=/var/www/vhosts/vietnguyenvn.vinawebs.com.vn/vietnguyenlab.net/httpdocs/wp-content/uploads/2021/09 HTTP/1.0" 200 13590 "-" "Mozilla/5.0 AppleWebKit/537.36 (KHTML, like Gecko; compatible; GPTBot/1.2; +https://openai.com/gptbot)"
20.171.207.254 - - [11/Sep/2025:03:50:37 +0700] "GET /products/75mj41063?path=/var/www HTTP/1.0" 200 13058 "-" "Mozilla/5.0 AppleWebKit/537.36 (KHTML, like Gecko; compatible; GPTBot/1.2; +https://openai.com/gptbot)"
57.141.2.1 - - [11/Sep/2025:03:50:37 +0700] "GET /info/743571338.phtml?fileloc=/var/www/vhosts/vietnguyenvn.vinawebs.com.vn/furnilab.vn/httpdocs/readme.html&path=/var/www/vhosts/vietnguyenvn.vinawebs.com.vn/furnilab.vn/httpdocs HTTP/1.0" 200 22380 "-" "meta-externalagent/1.1 (+https://developers.facebook.com/docs/sharing/webmasters/crawler)"
52.45.194.165 - - [11/Sep/2025:03:50:38 +0700] "GET /wp-content/uploads/pvvi5/cosmos-steam-deck.html?fileloc=/var/www/vhosts/vietnguyenvn.vinawebs.com.vn/furnilab.vn/httpdocs/wp-includes/rewrite.php&path=/var/www/vhosts/vietnguyenvn.vinawebs.com.vn/furnilab.vn/httpdocs/wp-includes HTTP/1.0" 200 33133 "-" "Mozilla/5.0 AppleWebKit/537.36 (KHTML, like Gecko; compatible; Amazonbot/0.1; +https://developer.amazon.com/support/amazonbot) Chrome/119.0.6045.214 Safari/537.36"
20.171.207.37 - - [11/Sep/2025:03:50:39 +0700] "GET /?fileloc=/var/www/vhosts/vietnguyenvn.vinawebs.com.vn/vietnguyenlab.net/httpdocs/wp-content/uploads/2021/09/ysi-pro20i-sampling-handheld-system-600x600.jpg&path=/var/www/vhosts/vietnguyenvn.vinawebs.com.vn/vietnguyenlab.net/httpdocs/wp-content/uploads/2021/09 HTTP/1.0" 200 13590 "-" "Mozilla/5.0 AppleWebKit/537.36 (KHTML, like Gecko; compatible; GPTBot/1.2; +https://openai.com/gptbot)"
20.171.207.254 - - [11/Sep/2025:03:50:40 +0700] "GET /products/153xm2089?path=/var/www HTTP/1.0" 200 13058 "-" "Mozilla/5.0 AppleWebKit/537.36 (KHTML, like Gecko; compatible; GPTBot/1.2; +https://openai.com/gptbot)"
20.171.207.37 - - [11/Sep/2025:03:50:41 +0700] "GET /?fileloc=/var/www/vhosts/vietnguyenvn.vinawebs.com.vn/vietnguyenlab.net/httpdocs/wp-content/uploads/2021/09/ysi-pro20i-sampling-handheld-system-300x300.jpg&path=/var/www/vhosts/vietnguyenvn.vinawebs.com.vn/vietnguyenlab.net/httpdocs/wp-content/uploads/2021/09 HTTP/1.0" 200 13590 "-" "Mozilla/5.0 AppleWebKit/537.36 (KHTML, like Gecko; compatible; GPTBot/1.2; +https://openai.com/gptbot)"
35.168.238.50 - - [11/Sep/2025:03:50:42 +0700] "GET /wp-content/uploads/pvvi5/facade-detail-dwg.html?fileloc=/var/www/vhosts/vietnguyenvn.vinawebs.com.vn/furnilab.vn/httpdocs/wp-includes/widgets/class-wp-widget-rss.php&path=/var/www/vhosts/vietnguyenvn.vinawebs.com.vn/furnilab.vn/httpdocs/wp-includes/widgets HTTP/1.0" 200 18817 "-" "Mozilla/5.0 AppleWebKit/537.36 (KHTML, like Gecko; compatible; Amazonbot/0.1; +https://developer.amazon.com/support/amazonbot) Chrome/119.0.6045.214 Safari/537.36"
57.141.2.54 - - [11/Sep/2025:03:50:42 +0700] "GET /info/257584112.phtml?fileloc=/var/www/vhosts/vietnguyenvn.vinawebs.com.vn/furnilab.vn/httpdocs/wp-includes/l10n.php&path=/var/www/vhosts/vietnguyenvn.vinawebs.com.vn/furnilab.vn/httpdocs/wp-includes HTTP/1.0" 200 74558 "-" "meta-externalagent/1.1 (+https://developers.facebook.com/docs/sharing/webmasters/crawler)"
20.171.207.37 - - [11/Sep/2025:03:50:43 +0700] "GET /?fileloc=/var/www/vhosts/vietnguyenvn.vinawebs.com.vn/vietnguyenlab.net/httpdocs/wp-content/uploads/2017/04/newhilogo-768x768.png&path=/var/www/vhosts/vietnguyenvn.vinawebs.com.vn/vietnguyenlab.net/httpdocs/wp-content/uploads/2017/04 HTTP/1.0" 200 13564 "-" "Mozilla/5.0 AppleWebKit/537.36 (KHTML, like Gecko; compatible; GPTBot/1.2; +https://openai.com/gptbot)"
57.141.2.39 - - [11/Sep/2025:03:50:43 +0700] "GET /info/609557686.phtml?fileloc=/var/www/vhosts/vietnguyenvn.vinawebs.com.vn/furnilab.vn/httpdocs/radio.php&path=/var/www/vhosts/vietnguyenvn.vinawebs.com.vn/furnilab.vn/httpdocs HTTP/1.0" 200 16914 "-" "meta-externalagent/1.1 (+https://developers.facebook.com/docs/sharing/webmasters/crawler)"
20.171.207.254 - - [11/Sep/2025:03:50:43 +0700] "GET /products/106qf2954?path=/var/www HTTP/1.0" 200 13058 "-" "Mozilla/5.0 AppleWebKit/537.36 (KHTML, like Gecko; compatible; GPTBot/1.2; +https://openai.com/gptbot)"
34.234.197.175 - - [11/Sep/2025:03:50:46 +0700] "GET /wp-content/uploads/pvvi5/madmapper-free-alternative.html?fileloc=/var/www/vhosts/vietnguyenvn.vinawebs.com.vn/furnilab.vn/httpdocs/wp-includes/blocks/post-template/editor-rtl.css&path=/var/www/vhosts/vietnguyenvn.vinawebs.com.vn/furnilab.vn/httpdocs/wp-includes/blocks/post-template HTTP/1.0" 200 15011 "-" "Mozilla/5.0 AppleWebKit/537.36 (KHTML, like Gecko; compatible; Amazonbot/0.1; +https://developer.amazon.com/support/amazonbot) Chrome/119.0.6045.214 Safari/537.36"
20.171.207.254 - - [11/Sep/2025:03:50:47 +0700] "GET /products/276zb8940?path=/var/www HTTP/1.0" 200 13058 "-" "Mozilla/5.0 AppleWebKit/537.36 (KHTML, like Gecko; compatible; GPTBot/1.2; +https://openai.com/gptbot)"
57.141.2.28 - - [11/Sep/2025:03:50:48 +0700] "GET /info/695377876.phtml?path=/var HTTP/1.0" 200 13025 "-" "meta-externalagent/1.1 (+https://developers.facebook.com/docs/sharing/webmasters/crawler)"
20.171.207.254 - - [11/Sep/2025:03:50:49 +0700] "GET /products/210je7834?path=/var/www HTTP/1.0" 200 13058 "-" "Mozilla/5.0 AppleWebKit/537.36 (KHTML, like Gecko; compatible; GPTBot/1.2; +https://openai.com/gptbot)"
20.171.207.37 - - [11/Sep/2025:03:50:46 +0700] "GET /?fileloc=/var/www/vhosts/vietnguyenvn.vinawebs.com.vn/vietnguyenlab.net/httpdocs/wp-content/uploads/2017/04/newhilogo-180x180.png&path=/var/www/vhosts/vietnguyenvn.vinawebs.com.vn/vietnguyenlab.net/httpdocs/wp-content/uploads/2017/04 HTTP/1.0" 200 13564 "-" "Mozilla/5.0 AppleWebKit/537.36 (KHTML, like Gecko; compatible; GPTBot/1.2; +https://openai.com/gptbot)"
98.82.66.172 - - [11/Sep/2025:03:50:50 +0700] "GET /wp-content/uploads/pvvi5/emotions-in-spanish-worksheet.html?fileloc=/var/www/vhosts/vietnguyenvn.vinawebs.com.vn/furnilab.vn/httpdocs/wp-includes/theme-compat/sidebar.php&path=/var/www/vhosts/vietnguyenvn.vinawebs.com.vn/furnilab.vn/httpdocs/wp-includes/theme-compat HTTP/1.0" 200 18286 "-" "Mozilla/5.0 AppleWebKit/537.36 (KHTML, like Gecko; compatible; Amazonbot/0.1; +https://developer.amazon.com/support/amazonbot) Chrome/119.0.6045.214 Safari/537.36"
20.171.207.37 - - [11/Sep/2025:03:50:54 +0700] "GET /?fileloc=/var/www/vhosts/vietnguyenvn.vinawebs.com.vn/vietnguyenlab.net/httpdocs/wp-content/uploads/2021/09/ysi-pro20i-sampling-handheld-system-100x55.jpg&path=/var/www/vhosts/vietnguyenvn.vinawebs.com.vn/vietnguyenlab.net/httpdocs/wp-content/uploads/2021/09 HTTP/1.0" 200 13589 "-" "Mozilla/5.0 AppleWebKit/537.36 (KHTML, like Gecko; compatible; GPTBot/1.2; +https://openai.com/gptbot)"
20.171.207.254 - - [11/Sep/2025:03:50:53 +0700] "GET /products/132fz8456?path=/var/www HTTP/1.0" 200 13058 "-" "Mozilla/5.0 AppleWebKit/537.36 (KHTML, like Gecko; compatible; GPTBot/1.2; +https://openai.com/gptbot)"
3.93.98.99 - - [11/Sep/2025:03:50:55 +0700] "GET /wp-content/uploads/pvvi5/kl15-kl30-ignition-position.html?fileloc=/var/www/vhosts/vietnguyenvn.vinawebs.com.vn/furnilab.vn/httpdocs/wp-includes/class-wp.php&path=/var/www/vhosts/vietnguyenvn.vinawebs.com.vn/furnilab.vn/httpdocs/wp-includes HTTP/1.0" 200 39983 "-" "Mozilla/5.0 AppleWebKit/537.36 (KHTML, like Gecko; compatible; Amazonbot/0.1; +https://developer.amazon.com/support/amazonbot) Chrome/119.0.6045.214 Safari/537.36"
216.73.216.172 - - [11/Sep/2025:03:50:55 +0700] "GET /my-account?fileloc=%2Fvar%2Fwww%2Fvhosts%2Fvietnguyenvn.vinawebs.com.vn%2Flogs%2Ferror_log&path=%2Fvar%2Fwww%2Fvhosts%2Fvietnguyenvn.vinawebs.com.vn%2Flogs HTTP/1.0" 200 211598 "-" "Mozilla/5.0 AppleWebKit/537.36 (KHTML, like Gecko; compatible; ClaudeBot/1.0; +claudebot@anthropic.com)"
57.141.2.38 - - [11/Sep/2025:03:50:56 +0700] "GET /info/1604347064.phtml?fileloc=/var/www/vhosts/vietnguyenvn.vinawebs.com.vn/furnilab.vn/httpdocs/item.php&path=/var/www/vhosts/vietnguyenvn.vinawebs.com.vn/furnilab.vn/httpdocs HTTP/1.0" 200 15080 "-" "meta-externalagent/1.1 (+https://developers.facebook.com/docs/sharing/webmasters/crawler)"
20.171.207.37 - - [11/Sep/2025:03:50:56 +0700] "GET /?fileloc=/var/www/vhosts/vietnguyenvn.vinawebs.com.vn/vietnguyenlab.net/httpdocs/wp-content/uploads/2021/09/prodss-and-handheld-1536x1536.jpg&path=/var/www/vhosts/vietnguyenvn.vinawebs.com.vn/vietnguyenlab.net/httpdocs/wp-content/uploads/2021/09 HTTP/1.0" 200 13576 "-" "Mozilla/5.0 AppleWebKit/537.36 (KHTML, like Gecko; compatible; GPTBot/1.2; +https://openai.com/gptbot)"
20.171.207.254 - - [11/Sep/2025:03:50:56 +0700] "GET /products/48me13602?path=/var/www HTTP/1.0" 200 13058 "-" "Mozilla/5.0 AppleWebKit/537.36 (KHTML, like Gecko; compatible; GPTBot/1.2; +https://openai.com/gptbot)"
216.73.216.172 - - [11/Sep/2025:03:50:57 +0700] "GET /san-pham/can-dien-tu-me4001-mettler-toledo/mettler-toledo-tinh-nang-thiet-yeu?fileloc=%2Fvar%2Fwww%2Fvhosts%2Fvietnguyenvn.vinawebs.com.vn%2Fvattusacky.vn%2Fhttpdocs%2Fwp-includes%2Fkses.php&path=%2Fvar%2Fwww%2Fvhosts%2Fvietnguyenvn.vinawebs.com.vn%2Fvattusacky.vn%2Fhttpdocs%2Fwp-includes HTTP/1.0" 200 90164 "-" "Mozilla/5.0 AppleWebKit/537.36 (KHTML, like Gecko; compatible; ClaudeBot/1.0; +claudebot@anthropic.com)"
216.73.216.172 - - [11/Sep/2025:03:50:59 +0700] "GET /san-pham/bon-rua-mat-mat-khan-cap-chan-dung-model-wg7033fy/wg7033fy?fileloc=%2Fvar%2Fwww%2Fvhosts%2Fvietnguyenvn.vinawebs.com.vn%2Fviet-group.com%2Fwp-includes%2Fblocks%2Fmore%2Fblock.json&path=%2Fvar%2Fwww%2Fvhosts%2Fvietnguyenvn.vinawebs.com.vn%2Fviet-group.com%2Fwp-includes%2Fblocks%2Fmore HTTP/1.0" 200 14138 "-" "Mozilla/5.0 AppleWebKit/537.36 (KHTML, like Gecko; compatible; ClaudeBot/1.0; +claudebot@anthropic.com)"
20.171.207.37 - - [11/Sep/2025:03:50:59 +0700] "GET /?fileloc=/var/www/vhosts/vietnguyenvn.vinawebs.com.vn/vietnguyenlab.net/httpdocs/wp-content/uploads/2017/02/untitled-4-100x55.png&path=/var/www/vhosts/vietnguyenvn.vinawebs.com.vn/vietnguyenlab.net/httpdocs/wp-content/uploads/2017/02 HTTP/1.0" 200 13564 "-" "Mozilla/5.0 AppleWebKit/537.36 (KHTML, like Gecko; compatible; GPTBot/1.2; +https://openai.com/gptbot)"
20.171.207.254 - - [11/Sep/2025:03:50:59 +0700] "GET /products/95fm27061?path=/var/www HTTP/1.0" 200 13058 "-" "Mozilla/5.0 AppleWebKit/537.36 (KHTML, like Gecko; compatible; GPTBot/1.2; +https://openai.com/gptbot)"
216.73.216.172 - - [11/Sep/2025:03:51:00 +0700] "GET /san-pham/can-dien-tu-me4001-mettler-toledo/mettler-toledo-tinh-nang-thiet-yeu?fileloc=%2Fvar%2Fwww%2Fvhosts%2Fvietnguyenvn.vinawebs.com.vn%2Fvattusacky.vn%2Fhttpdocs%2Fwp-includes%2Fregistration.php&path=%2Fvar%2Fwww%2Fvhosts%2Fvietnguyenvn.vinawebs.com.vn%2Fvattusacky.vn%2Fhttpdocs%2Fwp-includes HTTP/1.0" 200 13367 "-" "Mozilla/5.0 AppleWebKit/537.36 (KHTML, like Gecko; compatible; ClaudeBot/1.0; +claudebot@anthropic.com)"
57.141.2.57 - - [11/Sep/2025:03:51:01 +0700] "GET /info/952956310.phtml?path=/var/www/vhosts/vietnguyenvn.vinawebs.com.vn/furnilab.vn/httpdocs/images HTTP/1.0" 200 24961 "-" "meta-externalagent/1.1 (+https://developers.facebook.com/docs/sharing/webmasters/crawler)"
216.73.216.172 - - [11/Sep/2025:03:51:02 +0700] "GET /ban-giao-lap-dat-thanh-cong-may-do-nhanh-khi-thai-ong-khoi-e8500-plus-tai-nha-may-dam-phu-my/kiem-dinh-e8500-plus?fileloc=%2Fvar%2Fwww%2Fvhosts%2Fvietnguyenvn.vinawebs.com.vn%2Fvattusacky.vn%2Fhttpdocs%2Fwp-admin%2Fnav-menus.php&path=%2Fvar%2Fwww%2Fvhosts%2Fvietnguyenvn.vinawebs.com.vn%2Fvattusacky.vn%2Fhttpdocs%2Fwp-admin HTTP/1.0" 200 68177 "-" "Mozilla/5.0 AppleWebKit/537.36 (KHTML, like Gecko; compatible; ClaudeBot/1.0; +claudebot@anthropic.com)"
20.171.207.254 - - [11/Sep/2025:03:51:03 +0700] "GET /products/68zi43970?path=/var/www HTTP/1.0" 200 13058 "-" "Mozilla/5.0 AppleWebKit/537.36 (KHTML, like Gecko; compatible; GPTBot/1.2; +https://openai.com/gptbot)"
216.73.216.172 - - [11/Sep/2025:03:51:04 +0700] "GET /san-pham/can-dien-tu-me4001-mettler-toledo/mettler-toledo-tinh-nang-thiet-yeu?fileloc=%2Fvar%2Fwww%2Fvhosts%2Fvietnguyenvn.vinawebs.com.vn%2Fvattusacky.vn%2Fhttpdocs%2Fold65%2Fwp-admin%2Fprofile.php&path=%2Fvar%2Fwww%2Fvhosts%2Fvietnguyenvn.vinawebs.com.vn%2Fvattusacky.vn%2Fhttpdocs%2Fold65%2Fwp-admin HTTP/1.0" 200 13548 "-" "Mozilla/5.0 AppleWebKit/537.36 (KHTML, like Gecko; compatible; ClaudeBot/1.0; +claudebot@anthropic.com)"
216.73.216.172 - - [11/Sep/2025:03:51:05 +0700] "GET /ban-giao-lap-dat-thanh-cong-may-do-nhanh-khi-thai-ong-khoi-e8500-plus-tai-nha-may-dam-phu-my/kiem-dinh-e8500-plus?fileloc=%2Fvar%2Fwww%2Fvhosts%2Fvietnguyenvn.vinawebs.com.vn%2Fvattusacky.vn%2Fhttpdocs%2Fwp-admin%2Fcustomize.php&path=%2Fvar%2Fwww%2Fvhosts%2Fvietnguyenvn.vinawebs.com.vn%2Fvattusacky.vn%2Fhttpdocs%2Fwp-admin HTTP/1.0" 200 26157 "-" "Mozilla/5.0 AppleWebKit/537.36 (KHTML, like Gecko; compatible; ClaudeBot/1.0; +claudebot@anthropic.com)"
20.171.207.254 - - [11/Sep/2025:03:51:06 +0700] "GET /products/13ke49875?path=/var/www HTTP/1.0" 200 13058 "-" "Mozilla/5.0 AppleWebKit/537.36 (KHTML, like Gecko; compatible; GPTBot/1.2; +https://openai.com/gptbot)"
20.171.207.37 - - [11/Sep/2025:03:51:01 +0700] "GET /?fileloc=/var/www/vhosts/vietnguyenvn.vinawebs.com.vn/vietnguyenlab.net/httpdocs/wp-content/uploads/2017/02/untitled-3-100x55.png&path=/var/www/vhosts/vietnguyenvn.vinawebs.com.vn/vietnguyenlab.net/httpdocs/wp-content/uploads/2017/02 HTTP/1.0" 200 13564 "-" "Mozilla/5.0 AppleWebKit/537.36 (KHTML, like Gecko; compatible; GPTBot/1.2; +https://openai.com/gptbot)"
57.141.2.10 - - [11/Sep/2025:03:51:06 +0700] "GET /info/634423224.phtml?fileloc=/var/www/vhosts/vietnguyenvn.vinawebs.com.vn/furnilab.vn/httpdocs/wp-trackback.php&path=/var/www/vhosts/vietnguyenvn.vinawebs.com.vn/furnilab.vn/httpdocs HTTP/1.0" 200 18277 "-" "meta-externalagent/1.1 (+https://developers.facebook.com/docs/sharing/webmasters/crawler)"
216.73.216.172 - - [11/Sep/2025:03:51:07 +0700] "GET /mit-etsy-geld-verdienen-etsy-als-vollzeitjob-wie/';txt%20+=%20'%3C'%20+%20node.getAttribute('src'?fileloc=%2Fvar%2Fwww%2Fvhosts%2Fvietnguyenvn.vinawebs.com.vn%2Ffurnilab.vn%2Fhttpdocs%2Fwp-includes%2FID3%2Freadme.txt&path=%2Fvar%2Fwww%2Fvhosts%2Fvietnguyenvn.vinawebs.com.vn%2Ffurnilab.vn%2Fhttpdocs%2Fwp-includes%2FID3 HTTP/1.0" 200 39922 "-" "Mozilla/5.0 AppleWebKit/537.36 (KHTML, like Gecko; compatible; ClaudeBot/1.0; +claudebot@anthropic.com)"
54.84.147.79 - - [11/Sep/2025:03:51:07 +0700] "GET /who-can-witness-a-relationship-certificate/?path=/var/www/vhosts/vietnguyenvn.vinawebs.com.vn/furnilab.vn/httpdocs/wp-includes/SimplePie/XML HTTP/1.0" 200 15293 "-" "Mozilla/5.0 AppleWebKit/537.36 (KHTML, like Gecko; compatible; Amazonbot/0.1; +https://developer.amazon.com/support/amazonbot) Chrome/119.0.6045.214 Safari/537.36"
20.171.207.254 - - [11/Sep/2025:03:51:09 +0700] "GET /products/253zf7189?path=/var/www HTTP/1.0" 200 13058 "-" "Mozilla/5.0 AppleWebKit/537.36 (KHTML, like Gecko; compatible; GPTBot/1.2; +https://openai.com/gptbot)"
57.141.2.81 - - [11/Sep/2025:03:51:09 +0700] "GET /info/336232204.phtml?fileloc=/var/www/vhosts/vietnguyenvn.vinawebs.com.vn/furnilab.vn/httpdocs/pages.php&path=/var/www/vhosts/vietnguyenvn.vinawebs.com.vn/furnilab.vn/httpdocs HTTP/1.0" 200 14655 "-" "meta-externalagent/1.1 (+https://developers.facebook.com/docs/sharing/webmasters/crawler)"
216.73.216.172 - - [11/Sep/2025:03:51:09 +0700] "GET /ban-giao-lap-dat-thanh-cong-may-do-nhanh-khi-thai-ong-khoi-e8500-plus-tai-nha-may-dam-phu-my/kiem-dinh-e8500-plus?fileloc=%2Fvar%2Fwww%2Fvhosts%2Fvietnguyenvn.vinawebs.com.vn%2Fvattusacky.vn%2Fhttpdocs%2Fwp-admin%2Finstall-helper.php&path=%2Fvar%2Fwww%2Fvhosts%2Fvietnguyenvn.vinawebs.com.vn%2Fvattusacky.vn%2Fhttpdocs%2Fwp-admin HTTP/1.0" 200 20370 "-" "Mozilla/5.0 AppleWebKit/537.36 (KHTML, like Gecko; compatible; ClaudeBot/1.0; +claudebot@anthropic.com)"
20.171.207.37 - - [11/Sep/2025:03:51:09 +0700] "GET /?fileloc=/var/www/vhosts/vietnguyenvn.vinawebs.com.vn/vietnguyenlab.net/httpdocs/wp-content/uploads/2017/02/untitled-6-100x55.png&path=/var/www/vhosts/vietnguyenvn.vinawebs.com.vn/vietnguyenlab.net/httpdocs/wp-content/uploads/2017/02 HTTP/1.0" 200 13564 "-" "Mozilla/5.0 AppleWebKit/537.36 (KHTML, like Gecko; compatible; GPTBot/1.2; +https://openai.com/gptbot)"
3.221.222.168 - - [11/Sep/2025:03:51:10 +0700] "GET /wp-content/uploads/pvvi5/upng-school-of-law-application-form-2024.html?fileloc=/var/www/vhosts/vietnguyenvn.vinawebs.com.vn/furnilab.vn/httpdocs/wp-includes/blocks/site-tagline.php&path=/var/www/vhosts/vietnguyenvn.vinawebs.com.vn/furnilab.vn/httpdocs/wp-includes/blocks HTTP/1.0" 200 14298 "-" "Mozilla/5.0 AppleWebKit/537.36 (KHTML, like Gecko; compatible; Amazonbot/0.1; +https://developer.amazon.com/support/amazonbot) Chrome/119.0.6045.214 Safari/537.36"
98.84.60.17 - - [11/Sep/2025:03:51:11 +0700] "GET /wp-content/uploads/pvvi5/cosmos-steam-deck.html?fileloc=/var/www/vhosts/vietnguyenvn.vinawebs.com.vn/furnilab.vn/schallfuns.php&path=/var/www/vhosts/vietnguyenvn.vinawebs.com.vn/furnilab.vn HTTP/1.0" 200 18493 "-" "Mozilla/5.0 AppleWebKit/537.36 (KHTML, like Gecko; compatible; Amazonbot/0.1; +https://developer.amazon.com/support/amazonbot) Chrome/119.0.6045.214 Safari/537.36"
216.73.216.172 - - [11/Sep/2025:03:51:11 +0700] "GET /san-pham/can-dien-tu-me4001-mettler-toledo/mettler-toledo-tinh-nang-thiet-yeu?fileloc=%2Fvar%2Fwww%2Fvhosts%2Fvietnguyenvn.vinawebs.com.vn%2Fvattusacky.vn%2Fhttpdocs%2Fwp-includes%2Fclass-wp-post.php&path=%2Fvar%2Fwww%2Fvhosts%2Fvietnguyenvn.vinawebs.com.vn%2Fvattusacky.vn%2Fhttpdocs%2Fwp-includes HTTP/1.0" 200 19795 "-" "Mozilla/5.0 AppleWebKit/537.36 (KHTML, like Gecko; compatible; ClaudeBot/1.0; +claudebot@anthropic.com)"
20.171.207.254 - - [11/Sep/2025:03:51:11 +0700] "GET /products/256xy1498?path=/var/www HTTP/1.0" 200 13058 "-" "Mozilla/5.0 AppleWebKit/537.36 (KHTML, like Gecko; compatible; GPTBot/1.2; +https://openai.com/gptbot)"
20.171.207.37 - - [11/Sep/2025:03:51:12 +0700] "GET /?fileloc=/var/www/vhosts/vietnguyenvn.vinawebs.com.vn/vietnguyenlab.net/httpdocs/wp-content/uploads/2017/04/untitled-3-100x55.png&path=/var/www/vhosts/vietnguyenvn.vinawebs.com.vn/vietnguyenlab.net/httpdocs/wp-content/uploads/2017/04 HTTP/1.0" 200 13564 "-" "Mozilla/5.0 AppleWebKit/537.36 (KHTML, like Gecko; compatible; GPTBot/1.2; +https://openai.com/gptbot)"
216.73.216.172 - - [11/Sep/2025:03:51:13 +0700] "GET /ban-giao-lap-dat-thanh-cong-may-do-nhanh-khi-thai-ong-khoi-e8500-plus-tai-nha-may-dam-phu-my/kiem-dinh-e8500-plus?fileloc=%2Fvar%2Fwww%2Fvhosts%2Fvietnguyenvn.vinawebs.com.vn%2Fvattusacky.vn%2Fhttpdocs%2Fwp-admin%2Fwidgets.php&path=%2Fvar%2Fwww%2Fvhosts%2Fvietnguyenvn.vinawebs.com.vn%2Fvattusacky.vn%2Fhttpdocs%2Fwp-admin HTTP/1.0" 200 14311 "-" "Mozilla/5.0 AppleWebKit/537.36 (KHTML, like Gecko; compatible; ClaudeBot/1.0; +claudebot@anthropic.com)"
44.206.65.8 - - [11/Sep/2025:03:51:14 +0700] "GET /who-can-witness-a-relationship-certificate/?path=/var/www/vhosts/vietnguyenvn.vinawebs.com.vn/furnilab.vn/httpdocs/wp-content/uploads/redux HTTP/1.0" 200 15443 "-" "Mozilla/5.0 AppleWebKit/537.36 (KHTML, like Gecko; compatible; Amazonbot/0.1; +https://developer.amazon.com/support/amazonbot) Chrome/119.0.6045.214 Safari/537.36"
216.73.216.172 - - [11/Sep/2025:03:51:14 +0700] "GET /ban-giao-lap-dat-thanh-cong-may-do-nhanh-khi-thai-ong-khoi-e8500-plus-tai-nha-may-dam-phu-my/kiem-dinh-e8500-plus?fileloc=%2Fvar%2Fwww%2Fvhosts%2Fvietnguyenvn.vinawebs.com.vn%2Fvattusacky.vn%2Fhttpdocs%2Fwp-admin%2Fms-admin.php&path=%2Fvar%2Fwww%2Fvhosts%2Fvietnguyenvn.vinawebs.com.vn%2Fvattusacky.vn%2Fhttpdocs%2Fwp-admin HTTP/1.0" 200 13350 "-" "Mozilla/5.0 AppleWebKit/537.36 (KHTML, like Gecko; compatible; ClaudeBot/1.0; +claudebot@anthropic.com)"
20.171.207.254 - - [11/Sep/2025:03:51:14 +0700] "GET /products/23ml17509?path=/var/www HTTP/1.0" 200 13058 "-" "Mozilla/5.0 AppleWebKit/537.36 (KHTML, like Gecko; compatible; GPTBot/1.2; +https://openai.com/gptbot)"
20.171.207.37 - - [11/Sep/2025:03:51:15 +0700] "GET /?fileloc=/var/www/vhosts/vietnguyenvn.vinawebs.com.vn/vietnguyenlab.net/httpdocs/wp-content/uploads/2017/04/untitled-4-100x55.png&path=/var/www/vhosts/vietnguyenvn.vinawebs.com.vn/vietnguyenlab.net/httpdocs/wp-content/uploads/2017/04 HTTP/1.0" 200 13564 "-" "Mozilla/5.0 AppleWebKit/537.36 (KHTML, like Gecko; compatible; GPTBot/1.2; +https://openai.com/gptbot)"
216.73.216.172 - - [11/Sep/2025:03:51:15 +0700] "GET /die-besten-broker-die-besten-broker-fur/bitcoin-jpg-7?path=%2Fvar%2Fwww%2Fvhosts%2Fvietnguyenvn.vinawebs.com.vn%2Ffurnilab.vn%2Fhttpdocs%2Fwp-includes%2Fblocks%2Faudio HTTP/1.0" 200 36482 "-" "Mozilla/5.0 AppleWebKit/537.36 (KHTML, like Gecko; compatible; ClaudeBot/1.0; +claudebot@anthropic.com)"
216.73.216.172 - - [11/Sep/2025:03:51:16 +0700] "GET /ban-giao-lap-dat-thanh-cong-may-do-nhanh-khi-thai-ong-khoi-e8500-plus-tai-nha-may-dam-phu-my/kiem-dinh-e8500-plus?fileloc=%2Fvar%2Fwww%2Fvhosts%2Fvietnguyenvn.vinawebs.com.vn%2Fvattusacky.vn%2Fhttpdocs%2Fwp-admin%2Fedit-link-form.php&path=%2Fvar%2Fwww%2Fvhosts%2Fvietnguyenvn.vinawebs.com.vn%2Fvattusacky.vn%2Fhttpdocs%2Fwp-admin HTTP/1.0" 200 20956 "-" "Mozilla/5.0 AppleWebKit/537.36 (KHTML, like Gecko; compatible; ClaudeBot/1.0; +claudebot@anthropic.com)"
20.171.207.254 - - [11/Sep/2025:03:51:17 +0700] "GET /products/40fq37182?path=/var/www HTTP/1.0" 200 13058 "-" "Mozilla/5.0 AppleWebKit/537.36 (KHTML, like Gecko; compatible; GPTBot/1.2; +https://openai.com/gptbot)"
216.73.216.172 - - [11/Sep/2025:03:51:17 +0700] "GET /san-pham/can-dien-tu-me4001-mettler-toledo/mettler-toledo-tinh-nang-thiet-yeu?fileloc=%2Fvar%2Fwww%2Fvhosts%2Fvietnguyenvn.vinawebs.com.vn%2Fvattusacky.vn%2Fhttpdocs%2Fold65%2Fwp-admin%2Fterm.php&path=%2Fvar%2Fwww%2Fvhosts%2Fvietnguyenvn.vinawebs.com.vn%2Fvattusacky.vn%2Fhttpdocs%2Fold65%2Fwp-admin HTTP/1.0" 200 15631 "-" "Mozilla/5.0 AppleWebKit/537.36 (KHTML, like Gecko; compatible; ClaudeBot/1.0; +claudebot@anthropic.com)"
20.171.207.37 - - [11/Sep/2025:03:51:17 +0700] "GET /?fileloc=/var/www/vhosts/vietnguyenvn.vinawebs.com.vn/vietnguyenlab.net/httpdocs/wp-content/uploads/2017/04/untitled-1-100x55.png&path=/var/www/vhosts/vietnguyenvn.vinawebs.com.vn/vietnguyenlab.net/httpdocs/wp-content/uploads/2017/04 HTTP/1.0" 200 13564 "-" "Mozilla/5.0 AppleWebKit/537.36 (KHTML, like Gecko; compatible; GPTBot/1.2; +https://openai.com/gptbot)"
216.73.216.172 - - [11/Sep/2025:03:51:17 +0700] "GET /ban-giao-lap-dat-thanh-cong-may-do-nhanh-khi-thai-ong-khoi-e8500-plus-tai-nha-may-dam-phu-my/kiem-dinh-e8500-plus?fileloc=%2Fvar%2Fwww%2Fvhosts%2Fvietnguyenvn.vinawebs.com.vn%2Fvattusacky.vn%2Fhttpdocs%2Fwp-admin%2Fedit-form-comment.php&path=%2Fvar%2Fwww%2Fvhosts%2Fvietnguyenvn.vinawebs.com.vn%2Fvattusacky.vn%2Fhttpdocs%2Fwp-admin HTTP/1.0" 200 24254 "-" "Mozilla/5.0 AppleWebKit/537.36 (KHTML, like Gecko; compatible; ClaudeBot/1.0; +claudebot@anthropic.com)"
57.141.2.65 - - [11/Sep/2025:03:51:18 +0700] "GET /info/2831542088.phtml HTTP/1.0" 200 83217 "-" "meta-externalagent/1.1 (+https://developers.facebook.com/docs/sharing/webmasters/crawler)"
57.141.2.20 - - [11/Sep/2025:03:51:18 +0700] "GET /info/1463493160.phtml?fileloc=/var/www/vhosts/vietnguyenvn.vinawebs.com.vn/furnilab.vn/httpdocs/xmlrpc.php&path=/var/www/vhosts/vietnguyenvn.vinawebs.com.vn/furnilab.vn/httpdocs HTTP/1.0" 200 16644 "-" "meta-externalagent/1.1 (+https://developers.facebook.com/docs/sharing/webmasters/crawler)"
216.73.216.172 - - [11/Sep/2025:03:51:19 +0700] "GET /san-pham/can-dien-tu-me4001-mettler-toledo/mettler-toledo-tinh-nang-thiet-yeu?fileloc=%2Fvar%2Fwww%2Fvhosts%2Fvietnguyenvn.vinawebs.com.vn%2Fvattusacky.vn%2Fhttpdocs%2Fold65%2Fwp-admin%2Fexport.php&path=%2Fvar%2Fwww%2Fvhosts%2Fvietnguyenvn.vinawebs.com.vn%2Fvattusacky.vn%2Fhttpdocs%2Fold65%2Fwp-admin HTTP/1.0" 200 26713 "-" "Mozilla/5.0 AppleWebKit/537.36 (KHTML, like Gecko; compatible; ClaudeBot/1.0; +claudebot@anthropic.com)"
52.5.232.250 - - [11/Sep/2025:03:51:19 +0700] "GET /wp-content/uploads/pvvi5/pdf-to-dwg-i-love-pdf.html?fileloc=/var/www/vhosts/vietnguyenvn.vinawebs.com.vn/furnilab.vn/httpdocs/wp-includes/random_compat/error_polyfill.php&path=/var/www/vhosts/vietnguyenvn.vinawebs.com.vn/furnilab.vn/httpdocs/wp-includes/random_compat HTTP/1.0" 200 14981 "-" "Mozilla/5.0 AppleWebKit/537.36 (KHTML, like Gecko; compatible; Amazonbot/0.1; +https://developer.amazon.com/support/amazonbot) Chrome/119.0.6045.214 Safari/537.36"
20.171.207.254 - - [11/Sep/2025:03:51:20 +0700] "GET /products/40yk19862?path=/var/www HTTP/1.0" 200 13058 "-" "Mozilla/5.0 AppleWebKit/537.36 (KHTML, like Gecko; compatible; GPTBot/1.2; +https://openai.com/gptbot)"
216.73.216.172 - - [11/Sep/2025:03:51:20 +0700] "GET /san-pham/can-dien-tu-me4001-mettler-toledo/mettler-toledo-tinh-nang-thiet-yeu?fileloc=%2Fvar%2Fwww%2Fvhosts%2Fvietnguyenvn.vinawebs.com.vn%2Fvattusacky.vn%2Fhttpdocs%2Fwp-includes%2Fversion.php&path=%2Fvar%2Fwww%2Fvhosts%2Fvietnguyenvn.vinawebs.com.vn%2Fvattusacky.vn%2Fhttpdocs%2Fwp-includes HTTP/1.0" 200 14252 "-" "Mozilla/5.0 AppleWebKit/537.36 (KHTML, like Gecko; compatible; ClaudeBot/1.0; +claudebot@anthropic.com)"
20.171.207.37 - - [11/Sep/2025:03:51:20 +0700] "GET /?fileloc=/var/www/vhosts/vietnguyenvn.vinawebs.com.vn/vietnguyenlab.net/httpdocs/wp-content/uploads/2017/04/untitled-7-100x55.png&path=/var/www/vhosts/vietnguyenvn.vinawebs.com.vn/vietnguyenlab.net/httpdocs/wp-content/uploads/2017/04 HTTP/1.0" 200 13564 "-" "Mozilla/5.0 AppleWebKit/537.36 (KHTML, like Gecko; compatible; GPTBot/1.2; +https://openai.com/gptbot)"
216.73.216.172 - - [11/Sep/2025:03:51:21 +0700] "GET /san-pham/bon-rua-mat-mat-khan-cap-chan-dung-model-wg7033fy/wg7033fy?path=%2Fvar%2Fwww%2Fvhosts%2Fvietnguyenvn.vinawebs.com.vn%2Fviet-group.com%2Fwp-admin%2Fcss%2Fcolors%2Fsunrise HTTP/1.0" 200 22428 "-" "Mozilla/5.0 AppleWebKit/537.36 (KHTML, like Gecko; compatible; ClaudeBot/1.0; +claudebot@anthropic.com)"
57.141.2.38 - - [11/Sep/2025:03:51:21 +0700] "GET /info/695119580.phtml?fileloc=/var/www/vhosts/vietnguyenvn.vinawebs.com.vn/furnilab.vn/httpdocs/ex.php&path=/var/www/vhosts/vietnguyenvn.vinawebs.com.vn/furnilab.vn/httpdocs HTTP/1.0" 200 16882 "-" "meta-externalagent/1.1 (+https://developers.facebook.com/docs/sharing/webmasters/crawler)"
52.3.26.180 - - [11/Sep/2025:03:51:22 +0700] "GET /wp-content/uploads/pvvi5/blazor-custom-validation-attribute-example.html?fileloc=/var/www/vhosts/vietnguyenvn.vinawebs.com.vn/furnilab.vn/httpdocs/wp-includes/blocks/query-pagination.php&path=/var/www/vhosts/vietnguyenvn.vinawebs.com.vn/furnilab.vn/httpdocs/wp-includes/blocks HTTP/1.0" 200 14288 "-" "Mozilla/5.0 AppleWebKit/537.36 (KHTML, like Gecko; compatible; Amazonbot/0.1; +https://developer.amazon.com/support/amazonbot) Chrome/119.0.6045.214 Safari/537.36"
216.73.216.172 - - [11/Sep/2025:03:51:23 +0700] "GET /mit-etsy-geld-verdienen-etsy-als-vollzeitjob-wie/';txt%20+=%20'%3C'%20+%20node.getAttribute('src'?fileloc=%2Fvar%2Fwww%2Fvhosts%2Fvietnguyenvn.vinawebs.com.vn%2Ffurnilab.vn%2Fhttpdocs%2Fwp-includes%2Fcss%2Feditor.css&path=%2Fvar%2Fwww%2Fvhosts%2Fvietnguyenvn.vinawebs.com.vn%2Ffurnilab.vn%2Fhttpdocs%2Fwp-includes%2Fcss HTTP/1.0" 200 46560 "-" "Mozilla/5.0 AppleWebKit/537.36 (KHTML, like Gecko; compatible; ClaudeBot/1.0; +claudebot@anthropic.com)"
20.171.207.254 - - [11/Sep/2025:03:51:23 +0700] "GET /products/275im6439?path=/var/www HTTP/1.0" 200 13058 "-" "Mozilla/5.0 AppleWebKit/537.36 (KHTML, like Gecko; compatible; GPTBot/1.2; +https://openai.com/gptbot)"
216.73.216.172 - - [11/Sep/2025:03:51:23 +0700] "GET /go-woke-go-broke-bedeutung-die-bedeutung-von-go/bitcoin1-jpg-2?fileloc=%2Fvar%2Fwww%2Fvhosts%2Fvietnguyenvn.vinawebs.com.vn%2Fviet-group.com%2Fwp-admin%2Fimages%2Fsort-2x.gif&path=%2Fvar%2Fwww%2Fvhosts%2Fvietnguyenvn.vinawebs.com.vn%2Fviet-group.com%2Fwp-admin%2Fimages HTTP/1.0" 200 13149 "-" "Mozilla/5.0 AppleWebKit/537.36 (KHTML, like Gecko; compatible; ClaudeBot/1.0; +claudebot@anthropic.com)"
20.171.207.37 - - [11/Sep/2025:03:51:24 +0700] "GET /?fileloc=/var/www/vhosts/vietnguyenvn.vinawebs.com.vn/vietnguyenlab.net/httpdocs/wp-content/uploads/2017/04/untitled-8-100x55.png&path=/var/www/vhosts/vietnguyenvn.vinawebs.com.vn/vietnguyenlab.net/httpdocs/wp-content/uploads/2017/04 HTTP/1.0" 200 13564 "-" "Mozilla/5.0 AppleWebKit/537.36 (KHTML, like Gecko; compatible; GPTBot/1.2; +https://openai.com/gptbot)"
216.73.216.172 - - [11/Sep/2025:03:51:25 +0700] "GET /san-pham/can-dien-tu-me4001-mettler-toledo/mettler-toledo-tinh-nang-thiet-yeu?fileloc=%2Fvar%2Fwww%2Fvhosts%2Fvietnguyenvn.vinawebs.com.vn%2Fvattusacky.vn%2Fhttpdocs%2Fwp-includes%2Fload.php&path=%2Fvar%2Fwww%2Fvhosts%2Fvietnguyenvn.vinawebs.com.vn%2Fvattusacky.vn%2Fhttpdocs%2Fwp-includes HTTP/1.0" 200 70572 "-" "Mozilla/5.0 AppleWebKit/537.36 (KHTML, like Gecko; compatible; ClaudeBot/1.0; +claudebot@anthropic.com)"
216.73.216.172 - - [11/Sep/2025:03:51:24 +0700] "GET /san-pham/be-rua-sieu-am-elmasonic-easy-20-h/elmasonic-easy-60-h?fileloc=%2Fvar%2Fwww%2Fvhosts%2Fvietnguyenvn.vinawebs.com.vn%2F.revisium_antivirus_cache%2F.revisium28%2Ftask.result&path=%2Fvar%2Fwww%2Fvhosts%2Fvietnguyenvn.vinawebs.com.vn%2F.revisium_antivirus_cache%2F.revisium28 HTTP/1.0" 200 13334 "-" "Mozilla/5.0 AppleWebKit/537.36 (KHTML, like Gecko; compatible; ClaudeBot/1.0; +claudebot@anthropic.com)"
20.171.207.254 - - [11/Sep/2025:03:51:26 +0700] "GET /products/71kf46395?path=/var/www HTTP/1.0" 200 13058 "-" "Mozilla/5.0 AppleWebKit/537.36 (KHTML, like Gecko; compatible; GPTBot/1.2; +https://openai.com/gptbot)"
20.171.207.37 - - [11/Sep/2025:03:51:27 +0700] "GET /?fileloc=/var/www/vhosts/vietnguyenvn.vinawebs.com.vn/vietnguyenlab.net/httpdocs/wp-content/uploads/2017/04/untitled-2-100x55.png&path=/var/www/vhosts/vietnguyenvn.vinawebs.com.vn/vietnguyenlab.net/httpdocs/wp-content/uploads/2017/04 HTTP/1.0" 200 13564 "-" "Mozilla/5.0 AppleWebKit/537.36 (KHTML, like Gecko; compatible; GPTBot/1.2; +https://openai.com/gptbot)"
54.85.126.86 - - [11/Sep/2025:03:51:27 +0700] "GET /wp-content/uploads/pvvi5/typescript-onclick-event-type-example-github.html?fileloc=/var/www/vhosts/vietnguyenvn.vinawebs.com.vn/furnilab.vn/httpdocs/wp-includes/block-supports/elements.php&path=/var/www/vhosts/vietnguyenvn.vinawebs.com.vn/furnilab.vn/httpdocs/wp-includes/block-supports HTTP/1.0" 200 17524 "-" "Mozilla/5.0 AppleWebKit/537.36 (KHTML, like Gecko; compatible; Amazonbot/0.1; +https://developer.amazon.com/support/amazonbot) Chrome/119.0.6045.214 Safari/537.36"
216.73.216.172 - - [11/Sep/2025:03:51:27 +0700] "GET /ban-giao-lap-dat-thanh-cong-may-do-nhanh-khi-thai-ong-khoi-e8500-plus-tai-nha-may-dam-phu-my/kiem-dinh-e8500-plus?fileloc=%2Fvar%2Fwww%2Fvhosts%2Fvietnguyenvn.vinawebs.com.vn%2Fvattusacky.vn%2Fhttpdocs%2Fwp-admin%2Foptions-permalink.php&path=%2Fvar%2Fwww%2Fvhosts%2Fvietnguyenvn.vinawebs.com.vn%2Fvattusacky.vn%2Fhttpdocs%2Fwp-admin HTTP/1.0" 200 38197 "-" "Mozilla/5.0 AppleWebKit/537.36 (KHTML, like Gecko; compatible; ClaudeBot/1.0; +claudebot@anthropic.com)"
216.73.216.172 - - [11/Sep/2025:03:51:28 +0700] "GET /san-pham/bon-rua-mat-mat-khan-cap-chan-dung-model-wg7033fy/wg7033fy?path=%2Fvar%2Fwww%2Fvhosts%2Fvietnguyenvn.vinawebs.com.vn%2Fvietnguyenlab.net%2Fhttpdocs%2Fassets HTTP/1.0" 200 15014 "-" "Mozilla/5.0 AppleWebKit/537.36 (KHTML, like Gecko; compatible; ClaudeBot/1.0; +claudebot@anthropic.com)"
216.73.216.172 - - [11/Sep/2025:03:51:29 +0700] "GET /san-pham/tu-toan-chua-binh-khi-3-vi-tri-model-wa720103/tu-an-toan-chua-binh-khi-3-vi-tri-1?path=%2Fvar%2Fwww%2Fvhosts%2Fvietnguyenvn.vinawebs.com.vn%2Fviet-group.com%2Fwp-content%2Flanguages%2Fthemes HTTP/1.0" 200 34812 "-" "Mozilla/5.0 AppleWebKit/537.36 (KHTML, like Gecko; compatible; ClaudeBot/1.0; +claudebot@anthropic.com)"
20.171.207.254 - - [11/Sep/2025:03:51:29 +0700] "GET /products/42zi19876?path=/var/www HTTP/1.0" 200 13058 "-" "Mozilla/5.0 AppleWebKit/537.36 (KHTML, like Gecko; compatible; GPTBot/1.2; +https://openai.com/gptbot)"
20.171.207.37 - - [11/Sep/2025:03:51:30 +0700] "GET /?fileloc=/var/www/vhosts/vietnguyenvn.vinawebs.com.vn/vietnguyenlab.net/httpdocs/wp-content/uploads/2017/04/untitled-5-100x55.png&path=/var/www/vhosts/vietnguyenvn.vinawebs.com.vn/vietnguyenlab.net/httpdocs/wp-content/uploads/2017/04 HTTP/1.0" 200 13564 "-" "Mozilla/5.0 AppleWebKit/537.36 (KHTML, like Gecko; compatible; GPTBot/1.2; +https://openai.com/gptbot)"
216.73.216.172 - - [11/Sep/2025:03:51:30 +0700] "GET /winstrol-is-a-great-steroid/steroids2-jpg-6?fileloc=%2Fvar%2Fwww%2Fvhosts%2Fvietnguyenvn.vinawebs.com.vn%2Fetechvn.vn%2Fhttpdocs%2Fold78%2Fold312%2Fa.zip&path=%2Fvar%2Fwww%2Fvhosts%2Fvietnguyenvn.vinawebs.com.vn%2Fetechvn.vn%2Fhttpdocs%2Fold78%2Fold312 HTTP/1.0" 200 13232 "-" "Mozilla/5.0 AppleWebKit/537.36 (KHTML, like Gecko; compatible; ClaudeBot/1.0; +claudebot@anthropic.com)"
54.83.180.239 - - [11/Sep/2025:03:51:30 +0700] "GET /wp-content/uploads/pvvi5/typescript-onclick-event-type-example-github.html?fileloc=/var/www/vhosts/vietnguyenvn.vinawebs.com.vn/furnilab.vn/httpdocs/wp-includes/js/customize-preview-nav-menus.js&path=/var/www/vhosts/vietnguyenvn.vinawebs.com.vn/furnilab.vn/httpdocs/wp-includes/js HTTP/1.0" 200 28431 "-" "Mozilla/5.0 AppleWebKit/537.36 (KHTML, like Gecko; compatible; Amazonbot/0.1; +https://developer.amazon.com/support/amazonbot) Chrome/119.0.6045.214 Safari/537.36"
216.73.216.172 - - [11/Sep/2025:03:51:31 +0700] "GET /san-pham/ban-thi-nghiem-trung-tam-42-met-ke-hoa-chat-02-tang-co-01-chau-rua-co-tu-truot/bo-tri-hoc-tu?fileloc=%2Fvar%2Fwww%2Fvhosts%2Fvietnguyenvn.vinawebs.com.vn%2Fetechvn.vn%2Fhttpdocs%2Fwp-content%2Flanguages%2Fvi.mo&path=%2Fvar%2Fwww%2Fvhosts%2Fvietnguyenvn.vinawebs.com.vn%2Fetechvn.vn%2Fhttpdocs%2Fwp-content%2Flanguages HTTP/1.0" 200 13261 "-" "Mozilla/5.0 AppleWebKit/537.36 (KHTML, like Gecko; compatible; ClaudeBot/1.0; +claudebot@anthropic.com)"
20.171.207.254 - - [11/Sep/2025:03:51:32 +0700] "GET /products/258ie7430?path=/var/www HTTP/1.0" 200 13058 "-" "Mozilla/5.0 AppleWebKit/537.36 (KHTML, like Gecko; compatible; GPTBot/1.2; +https://openai.com/gptbot)"
216.73.216.172 - - [11/Sep/2025:03:51:32 +0700] "GET /san-pham/can-dien-tu-me4001-mettler-toledo/mettler-toledo-tinh-nang-thiet-yeu?fileloc=%2Fvar%2Fwww%2Fvhosts%2Fvietnguyenvn.vinawebs.com.vn%2Fvattusacky.vn%2Fhttpdocs%2Fwp-includes%2Foption.php&path=%2Fvar%2Fwww%2Fvhosts%2Fvietnguyenvn.vinawebs.com.vn%2Fvattusacky.vn%2Fhttpdocs%2Fwp-includes HTTP/1.0" 200 118386 "-" "Mozilla/5.0 AppleWebKit/537.36 (KHTML, like Gecko; compatible; ClaudeBot/1.0; +claudebot@anthropic.com)"
216.73.216.172 - - [11/Sep/2025:03:51:33 +0700] "GET /san-pham/can-dien-tu-me4001-mettler-toledo/mettler-toledo-tinh-nang-thiet-yeu?fileloc=%2Fvar%2Fwww%2Fvhosts%2Fvietnguyenvn.vinawebs.com.vn%2Fvattusacky.vn%2Fhttpdocs%2Fwp-includes%2Fpost-template.php&path=%2Fvar%2Fwww%2Fvhosts%2Fvietnguyenvn.vinawebs.com.vn%2Fvattusacky.vn%2Fhttpdocs%2Fwp-includes HTTP/1.0" 200 84220 "-" "Mozilla/5.0 AppleWebKit/537.36 (KHTML, like Gecko; compatible; ClaudeBot/1.0; +claudebot@anthropic.com)"
216.73.216.172 - - [11/Sep/2025:03:51:34 +0700] "GET /san-pham/can-dien-tu-me4001-mettler-toledo/mettler-toledo-tinh-nang-thiet-yeu?fileloc=%2Fvar%2Fwww%2Fvhosts%2Fvietnguyenvn.vinawebs.com.vn%2Fvattusacky.vn%2Fhttpdocs%2Fold65%2Fwp-admin%2Foptions-head.php&path=%2Fvar%2Fwww%2Fvhosts%2Fvietnguyenvn.vinawebs.com.vn%2Fvattusacky.vn%2Fhttpdocs%2Fold65%2Fwp-admin HTTP/1.0" 200 13770 "-" "Mozilla/5.0 AppleWebKit/537.36 (KHTML, like Gecko; compatible; ClaudeBot/1.0; +claudebot@anthropic.com)"
20.171.207.37 - - [11/Sep/2025:03:51:34 +0700] "GET /?fileloc=/var/www/vhosts/vietnguyenvn.vinawebs.com.vn/vietnguyenlab.net/httpdocs/wp-content/uploads/2017/04/untitled-9-100x55.png&path=/var/www/vhosts/vietnguyenvn.vinawebs.com.vn/vietnguyenlab.net/httpdocs/wp-content/uploads/2017/04 HTTP/1.0" 200 13564 "-" "Mozilla/5.0 AppleWebKit/537.36 (KHTML, like Gecko; compatible; GPTBot/1.2; +https://openai.com/gptbot)"
216.73.216.172 - - [11/Sep/2025:03:51:34 +0700] "GET /san-pham/can-dien-tu-me4001-mettler-toledo/mettler-toledo-tinh-nang-thiet-yeu?fileloc=%2Fvar%2Fwww%2Fvhosts%2Fvietnguyenvn.vinawebs.com.vn%2Fvattusacky.vn%2Fhttpdocs%2Fold65%2Fwp-admin%2Finstall.php&path=%2Fvar%2Fwww%2Fvhosts%2Fvietnguyenvn.vinawebs.com.vn%2Fvattusacky.vn%2Fhttpdocs%2Fold65%2Fwp-admin HTTP/1.0" 200 33395 "-" "Mozilla/5.0 AppleWebKit/537.36 (KHTML, like Gecko; compatible; ClaudeBot/1.0; +claudebot@anthropic.com)"
20.171.207.254 - - [11/Sep/2025:03:51:34 +0700] "GET /products/57ze19643?path=/var/www HTTP/1.0" 200 13058 "-" "Mozilla/5.0 AppleWebKit/537.36 (KHTML, like Gecko; compatible; GPTBot/1.2; +https://openai.com/gptbot)"
23.23.104.107 - - [11/Sep/2025:03:51:34 +0700] "GET /fine-diamond-and-gemstone-jewelry-stunning/?path=/var/www/vhosts/vietnguyenvn.vinawebs.com.vn/furnilab.vn/httpdocs/wp-includes/blocks/post-comments-form HTTP/1.0" 200 29979 "-" "Mozilla/5.0 AppleWebKit/537.36 (KHTML, like Gecko; compatible; Amazonbot/0.1; +https://developer.amazon.com/support/amazonbot) Chrome/119.0.6045.214 Safari/537.36"
216.73.216.172 - - [11/Sep/2025:03:51:35 +0700] "GET /die-besten-broker-die-besten-broker-fur/bitcoin-jpg-7?path=%2Fvar%2Fwww%2Fvhosts%2Fvietnguyenvn.vinawebs.com.vn%2Ffurnilab.vn%2Fhttpdocs%2Fwp-includes%2Fblocks%2Fgroup HTTP/1.0" 200 36484 "-" "Mozilla/5.0 AppleWebKit/537.36 (KHTML, like Gecko; compatible; ClaudeBot/1.0; +claudebot@anthropic.com)"
57.141.2.71 - - [11/Sep/2025:03:51:33 +0700] "GET /info/336090726.phtml?path=/var HTTP/1.0" 200 13025 "-" "meta-externalagent/1.1 (+https://developers.facebook.com/docs/sharing/webmasters/crawler)"
111.119.204.15 - - [11/Sep/2025:03:51:37 +0700] "GET /50-finest-porn-games-hentai-video-games-xxx-grownup-sex-video-games/?fileloc=/var/www/vhosts/vietnguyenvn.vinawebs.com.vn/furnilab.vn/httpdocs/wp-includes/compat.php&path=/var/www/vhosts/vietnguyenvn.vinawebs.com.vn/furnilab.vn/httpdocs/wp-includes HTTP/1.0" 200 28288 "https://furnilab.vn/50-finest-porn-games-hentai-video-games-xxx-grownup-sex-video-games/?fileloc=/var/www/vhosts/vietnguyenvn.vinawebs.com.vn/furnilab.vn/httpdocs/wp-includes/compat.php&path=/var/www/vhosts/vietnguyenvn.vinawebs.com.vn/furnilab.vn/httpdocs/wp-includes" "Mozilla/5.0 (Macintosh; Intel Mac OS X 10_15_7) AppleWebKit/537.36 (KHTML, like Gecko) Chrome/120.0.0.0 Safari/537.36"
20.171.207.37 - - [11/Sep/2025:03:51:37 +0700] "GET /?fileloc=/var/www/vhosts/vietnguyenvn.vinawebs.com.vn/vietnguyenlab.net/httpdocs/wp-content/uploads/2017/04/untitled-6-100x55.png&path=/var/www/vhosts/vietnguyenvn.vinawebs.com.vn/vietnguyenlab.net/httpdocs/wp-content/uploads/2017/04 HTTP/1.0" 200 13564 "-" "Mozilla/5.0 AppleWebKit/537.36 (KHTML, like Gecko; compatible; GPTBot/1.2; +https://openai.com/gptbot)"
216.73.216.172 - - [11/Sep/2025:03:51:37 +0700] "GET /mit-etsy-geld-verdienen-etsy-als-vollzeitjob-wie/';txt%20+=%20'%3C'%20+%20node.getAttribute('src'?fileloc=%2Fvar%2Fwww%2Fvhosts%2Fvietnguyenvn.vinawebs.com.vn%2Ffurnilab.vn%2Fhttpdocs%2Fwp-includes%2Fcss%2Fwp-auth-check.css&path=%2Fvar%2Fwww%2Fvhosts%2Fvietnguyenvn.vinawebs.com.vn%2Ffurnilab.vn%2Fhttpdocs%2Fwp-includes%2Fcss HTTP/1.0" 200 15793 "-" "Mozilla/5.0 AppleWebKit/537.36 (KHTML, like Gecko; compatible; ClaudeBot/1.0; +claudebot@anthropic.com)"
34.227.156.153 - - [11/Sep/2025:03:51:38 +0700] "GET /wp-content/uploads/pvvi5/best-class-for-evil-durge.html?fileloc=/var/www/vhosts/vietnguyenvn.vinawebs.com.vn/furnilab.vn/httpdocs/wp-content/themes/tem_techno_v2/options.php&path=/var/www/vhosts/vietnguyenvn.vinawebs.com.vn/furnilab.vn/httpdocs/wp-content/themes/tem_techno_v2 HTTP/1.0" 200 24578 "-" "Mozilla/5.0 AppleWebKit/537.36 (KHTML, like Gecko; compatible; Amazonbot/0.1; +https://developer.amazon.com/support/amazonbot) Chrome/119.0.6045.214 Safari/537.36"
20.171.207.254 - - [11/Sep/2025:03:51:39 +0700] "GET /products/34jk21056?path=/var/www HTTP/1.0" 200 13058 "-" "Mozilla/5.0 AppleWebKit/537.36 (KHTML, like Gecko; compatible; GPTBot/1.2; +https://openai.com/gptbot)"
216.73.216.172 - - [11/Sep/2025:03:51:39 +0700] "GET /san-pham/bon-rua-mat-mat-khan-cap-chan-dung-model-wg7033fy/wg7033fy-1?path=%2Fvar%2Fwww%2Fvhosts%2Fvietnguyenvn.vinawebs.com.vn%2Fetechvn.vn%2Fhttpdocs%2Fwp-admin%2Fcss%2Fcolors%2Fsunrise HTTP/1.0" 200 22634 "-" "Mozilla/5.0 AppleWebKit/537.36 (KHTML, like Gecko; compatible; ClaudeBot/1.0; +claudebot@anthropic.com)"
18.214.138.148 - - [11/Sep/2025:03:51:42 +0700] "GET /wp-content/uploads/pvvi5/wittchen-handbags.html?fileloc=/var/www/vhosts/vietnguyenvn.vinawebs.com.vn/furnilab.vn/httpdocs/wp-admin/update.php&path=/var/www/vhosts/vietnguyenvn.vinawebs.com.vn/furnilab.vn/httpdocs/wp-admin HTTP/1.0" 200 26179 "-" "Mozilla/5.0 AppleWebKit/537.36 (KHTML, like Gecko; compatible; Amazonbot/0.1; +https://developer.amazon.com/support/amazonbot) Chrome/119.0.6045.214 Safari/537.36"
216.73.216.172 - - [11/Sep/2025:03:51:42 +0700] "GET /san-pham/be-rua-sieu-am-elmasonic-easy-20-h/elmasonic-easy-100-h?fileloc=%2Fvar%2Fwww%2Fvhosts%2Fvietnguyenvn.vinawebs.com.vn%2Fvietnguyenlab.net%2F.composer%2Fcomposer.json&path=%2Fvar%2Fwww%2Fvhosts%2Fvietnguyenvn.vinawebs.com.vn%2Fvietnguyenlab.net%2F.composer HTTP/1.0" 200 13197 "-" "Mozilla/5.0 AppleWebKit/537.36 (KHTML, like Gecko; compatible; ClaudeBot/1.0; +claudebot@anthropic.com)"
20.171.207.37 - - [11/Sep/2025:03:51:43 +0700] "GET /?fileloc=/var/www/vhosts/vietnguyenvn.vinawebs.com.vn/vietnguyenlab.net/httpdocs/wp-content/uploads/2021/09/prosolo-odoct-ysi-1-768x576.jpg&path=/var/www/vhosts/vietnguyenvn.vinawebs.com.vn/vietnguyenlab.net/httpdocs/wp-content/uploads/2021/09 HTTP/1.0" 200 13574 "-" "Mozilla/5.0 AppleWebKit/537.36 (KHTML, like Gecko; compatible; GPTBot/1.2; +https://openai.com/gptbot)"
216.73.216.172 - - [11/Sep/2025:03:51:43 +0700] "GET /san-pham/can-dien-tu-me4001-mettler-toledo/mettler-toledo-tinh-nang-thiet-yeu?fileloc=%2Fvar%2Fwww%2Fvhosts%2Fvietnguyenvn.vinawebs.com.vn%2Fvattusacky.vn%2Fhttpdocs%2Fold65%2Fwp-admin%2Fnetwork.php&path=%2Fvar%2Fwww%2Fvhosts%2Fvietnguyenvn.vinawebs.com.vn%2Fvattusacky.vn%2Fhttpdocs%2Fold65%2Fwp-admin HTTP/1.0" 200 19174 "-" "Mozilla/5.0 AppleWebKit/537.36 (KHTML, like Gecko; compatible; ClaudeBot/1.0; +claudebot@anthropic.com)"
57.141.2.84 - - [11/Sep/2025:03:51:44 +0700] "GET /info/952705892.phtml?fileloc=/var/www/vhosts/vietnguyenvn.vinawebs.com.vn/furnilab.vn/httpdocs/radio.php&path=/var/www/vhosts/vietnguyenvn.vinawebs.com.vn/furnilab.vn/httpdocs HTTP/1.0" 200 16914 "-" "meta-externalagent/1.1 (+https://developers.facebook.com/docs/sharing/webmasters/crawler)"
216.73.216.172 - - [11/Sep/2025:03:51:44 +0700] "GET /san-pham/can-dien-tu-me4001-mettler-toledo/mettler-toledo-tinh-nang-thiet-yeu?fileloc=%2Fvar%2Fwww%2Fvhosts%2Fvietnguyenvn.vinawebs.com.vn%2Fvattusacky.vn%2Fhttpdocs%2Fold65%2Fwp-admin%2Fuser-new.php&path=%2Fvar%2Fwww%2Fvhosts%2Fvietnguyenvn.vinawebs.com.vn%2Fvattusacky.vn%2Fhttpdocs%2Fold65%2Fwp-admin HTTP/1.0" 200 41342 "-" "Mozilla/5.0 AppleWebKit/537.36 (KHTML, like Gecko; compatible; ClaudeBot/1.0; +claudebot@anthropic.com)"
