54.159.18.27 - - [11/Sep/2025:03:29:50 +0700] "GET /wp-content/uploads/pvvi5/romance-scammer-photos-male-instagram.html?path=/var/www HTTP/1.0" 200 13058 "-" "Mozilla/5.0 AppleWebKit/537.36 (KHTML, like Gecko; compatible; Amazonbot/0.1; +https://developer.amazon.com/support/amazonbot) Chrome/119.0.6045.214 Safari/537.36"
216.73.216.172 - - [11/Sep/2025:03:29:51 +0700] "GET /info/1824302460.phtml?fileloc=%2Fvar%2Fwww%2Fvhosts%2Fvietnguyenvn.vinawebs.com.vn%2Ffurnilab.vn%2Fhttpdocs%2Fkau.php&path=%2Fvar%2Fwww%2Fvhosts%2Fvietnguyenvn.vinawebs.com.vn%2Ffurnilab.vn%2Fhttpdocs HTTP/1.0" 200 95143 "-" "Mozilla/5.0 AppleWebKit/537.36 (KHTML, like Gecko; compatible; ClaudeBot/1.0; +claudebot@anthropic.com)"
20.171.207.254 - - [11/Sep/2025:03:29:51 +0700] "GET /products/113ab10411?fileloc=/var/www/vhosts/vietnguyenvn.vinawebs.com.vn/furnilab.vn/httpdocs/wp-includes/js/json2.js&path=/var/www/vhosts/vietnguyenvn.vinawebs.com.vn/furnilab.vn/httpdocs/wp-includes/js HTTP/1.0" 200 31951 "-" "Mozilla/5.0 AppleWebKit/537.36 (KHTML, like Gecko; compatible; GPTBot/1.2; +https://openai.com/gptbot)"
57.141.2.82 - - [11/Sep/2025:03:29:51 +0700] "GET /info/1603931190.phtml?fileloc=/var/www/vhosts/vietnguyenvn.vinawebs.com.vn/furnilab.vn/httpdocs/robots.txt&path=/var/www/vhosts/vietnguyenvn.vinawebs.com.vn/furnilab.vn/httpdocs HTTP/1.0" 200 13376 "-" "meta-externalagent/1.1 (+https://developers.facebook.com/docs/sharing/webmasters/crawler)"
20.171.207.37 - - [11/Sep/2025:03:29:52 +0700] "GET /?path=/var/www/vhosts/vietnguyenvn.vinawebs.com.vn/etechvn.vn/httpdocs/old78/wp-includes/blocks/video HTTP/1.0" 200 36848 "-" "Mozilla/5.0 AppleWebKit/537.36 (KHTML, like Gecko; compatible; GPTBot/1.2; +https://openai.com/gptbot)"
216.73.216.172 - - [11/Sep/2025:03:29:53 +0700] "GET /info/1823787852.phtml?fileloc=%2Fvar%2Fwww%2Fvhosts%2Fvietnguyenvn.vinawebs.com.vn%2Ffurnilab.vn%2Fhttpdocs%2Fwp-signup.php&path=%2Fvar%2Fwww%2Fvhosts%2Fvietnguyenvn.vinawebs.com.vn%2Ffurnilab.vn%2Fhttpdocs HTTP/1.0" 200 51055 "-" "Mozilla/5.0 AppleWebKit/537.36 (KHTML, like Gecko; compatible; ClaudeBot/1.0; +claudebot@anthropic.com)"
20.171.207.254 - - [11/Sep/2025:03:29:54 +0700] "GET /products/60ut4136?path=/var/www/vhosts HTTP/1.0" 200 13101 "-" "Mozilla/5.0 AppleWebKit/537.36 (KHTML, like Gecko; compatible; GPTBot/1.2; +https://openai.com/gptbot)"
20.171.207.37 - - [11/Sep/2025:03:29:55 +0700] "GET /?fileloc=/var/www/vhosts/vietnguyenvn.vinawebs.com.vn/vattusacky.vn/httpdocs/wp-content/plugins/woocommerce/src/Internal/Admin/Notes/FirstProduct.php&path=/var/www/vhosts/vietnguyenvn.vinawebs.com.vn/vattusacky.vn/httpdocs/wp-content/plugins/woocommerce/src/Internal/Admin/Notes HTTP/1.0" 200 16327 "-" "Mozilla/5.0 AppleWebKit/537.36 (KHTML, like Gecko; compatible; GPTBot/1.2; +https://openai.com/gptbot)"
216.73.216.172 - - [11/Sep/2025:03:29:55 +0700] "GET /san-pham/be-on-nhiet-dau-one29-memmert-29-lit/one29?fileloc=%2Fvar%2Fwww%2Fvhosts%2Fvietnguyenvn.vinawebs.com.vn%2Fvattusacky.vn%2Fhttpdocs%2Fold65%2Fwp-admin%2Fmaint%2Frepair.php&path=%2Fvar%2Fwww%2Fvhosts%2Fvietnguyenvn.vinawebs.com.vn%2Fvattusacky.vn%2Fhttpdocs%2Fold65%2Fwp-admin%2Fmaint HTTP/1.0" 200 21893 "-" "Mozilla/5.0 AppleWebKit/537.36 (KHTML, like Gecko; compatible; ClaudeBot/1.0; +claudebot@anthropic.com)"
35.172.125.172 - - [11/Sep/2025:03:29:55 +0700] "GET /wp-content/uploads/pvvi5/samacsys-altium.html?path=/var/www/vhosts/vietnguyenvn.vinawebs.com.vn HTTP/1.0" 200 36544 "-" "Mozilla/5.0 AppleWebKit/537.36 (KHTML, like Gecko; compatible; Amazonbot/0.1; +https://developer.amazon.com/support/amazonbot) Chrome/119.0.6045.214 Safari/537.36"
57.141.2.52 - - [11/Sep/2025:03:29:56 +0700] "GET /info/1775888830.phtml?path=/var/www/vhosts HTTP/1.0" 200 13101 "-" "meta-externalagent/1.1 (+https://developers.facebook.com/docs/sharing/webmasters/crawler)"
216.73.216.172 - - [11/Sep/2025:03:29:56 +0700] "GET /info/1823666658.phtml?path=%2Fvar%2Fwww%2Fvhosts%2Fvietnguyenvn.vinawebs.com.vn%2Ffurnilab.vn%2Fhttpdocs%2Fwp-content HTTP/1.0" 200 41593 "-" "Mozilla/5.0 AppleWebKit/537.36 (KHTML, like Gecko; compatible; ClaudeBot/1.0; +claudebot@anthropic.com)"
20.171.207.254 - - [11/Sep/2025:03:29:57 +0700] "GET /products/87co1077?path=/var/www/vhosts HTTP/1.0" 200 13101 "-" "Mozilla/5.0 AppleWebKit/537.36 (KHTML, like Gecko; compatible; GPTBot/1.2; +https://openai.com/gptbot)"
34.202.88.37 - - [11/Sep/2025:03:29:57 +0700] "GET /wp-content/uploads/pvvi5/baythroid-advanced-instructions-pdf.html?path=/var/www/vhosts/vietnguyenvn.vinawebs.com.vn/vattusacky.vn HTTP/1.0" 200 23952 "-" "Mozilla/5.0 AppleWebKit/537.36 (KHTML, like Gecko; compatible; Amazonbot/0.1; +https://developer.amazon.com/support/amazonbot) Chrome/119.0.6045.214 Safari/537.36"
20.171.207.37 - - [11/Sep/2025:03:29:57 +0700] "GET /?fileloc=/var/www/vhosts/vietnguyenvn.vinawebs.com.vn/furnilab.vn/httpdocs/wp-content/plugins/ml-slider/metagallery/app/API/.htaccess&path=/var/www/vhosts/vietnguyenvn.vinawebs.com.vn/furnilab.vn/httpdocs/wp-content/plugins/ml-slider/metagallery/app/API HTTP/1.0" 200 13972 "-" "Mozilla/5.0 AppleWebKit/537.36 (KHTML, like Gecko; compatible; GPTBot/1.2; +https://openai.com/gptbot)"
216.73.216.172 - - [11/Sep/2025:03:29:58 +0700] "GET /info/1824329380.phtml?fileloc=%2Fvar%2Fwww%2Fvhosts%2Fvietnguyenvn.vinawebs.com.vn%2Ffurnilab.vn%2Fhttpdocs%2Fproduct.php&path=%2Fvar%2Fwww%2Fvhosts%2Fvietnguyenvn.vinawebs.com.vn%2Ffurnilab.vn%2Fhttpdocs HTTP/1.0" 200 15083 "-" "Mozilla/5.0 AppleWebKit/537.36 (KHTML, like Gecko; compatible; ClaudeBot/1.0; +claudebot@anthropic.com)"
216.73.216.172 - - [11/Sep/2025:03:30:00 +0700] "GET /info/418694800.phtml?fileloc=%2Fvar%2Fwww%2Fvhosts%2Fvietnguyenvn.vinawebs.com.vn%2Ffurnilab.vn%2Fhttpdocs%2Fwp-auto8L.php&path=%2Fvar%2Fwww%2Fvhosts%2Fvietnguyenvn.vinawebs.com.vn%2Ffurnilab.vn%2Fhttpdocs HTTP/1.0" 200 20813 "-" "Mozilla/5.0 AppleWebKit/537.36 (KHTML, like Gecko; compatible; ClaudeBot/1.0; +claudebot@anthropic.com)"
20.171.207.254 - - [11/Sep/2025:03:30:00 +0700] "GET /products/175ux23231?path=/var/www/vhosts/vietnguyenvn.vinawebs.com.vn/furnilab.vn/httpdocs/4633c HTTP/1.0" 200 21722 "-" "Mozilla/5.0 AppleWebKit/537.36 (KHTML, like Gecko; compatible; GPTBot/1.2; +https://openai.com/gptbot)"
20.171.207.37 - - [11/Sep/2025:03:30:01 +0700] "GET /?fileloc=/var/www/vhosts/vietnguyenvn.vinawebs.com.vn/vattusacky.vn/httpdocs/wp-content/plugins/woocommerce/src/Internal/Admin/Notes/EditProductsOnTheMove.php&path=/var/www/vhosts/vietnguyenvn.vinawebs.com.vn/vattusacky.vn/httpdocs/wp-content/plugins/woocommerce/src/Internal/Admin/Notes HTTP/1.0" 200 15767 "-" "Mozilla/5.0 AppleWebKit/537.36 (KHTML, like Gecko; compatible; GPTBot/1.2; +https://openai.com/gptbot)"
23.21.204.95 - - [11/Sep/2025:03:30:02 +0700] "GET /wp-content/uploads/pvvi5/death-wish-garage-discord.html?path=/var/www/vhosts/vietnguyenvn.vinawebs.com.vn/etechvn.vn HTTP/1.0" 200 23877 "-" "Mozilla/5.0 AppleWebKit/537.36 (KHTML, like Gecko; compatible; Amazonbot/0.1; +https://developer.amazon.com/support/amazonbot) Chrome/119.0.6045.214 Safari/537.36"
216.73.216.172 - - [11/Sep/2025:03:30:02 +0700] "GET /info/1823658696.phtml?fileloc=%2Fvar%2Fwww%2Fvhosts%2Fvietnguyenvn.vinawebs.com.vn%2Ffurnilab.vn%2Fhttpdocs%2Findex.php&path=%2Fvar%2Fwww%2Fvhosts%2Fvietnguyenvn.vinawebs.com.vn%2Ffurnilab.vn%2Fhttpdocs HTTP/1.0" 200 43466 "-" "Mozilla/5.0 AppleWebKit/537.36 (KHTML, like Gecko; compatible; ClaudeBot/1.0; +claudebot@anthropic.com)"
57.141.2.68 - - [11/Sep/2025:03:30:02 +0700] "GET /info/257784678.phtml?path=/var/www/vhosts/vietnguyenvn.vinawebs.com.vn/furnilab.vn/httpdocs/wp-admin HTTP/1.0" 200 179595 "-" "meta-externalagent/1.1 (+https://developers.facebook.com/docs/sharing/webmasters/crawler)"
20.171.207.254 - - [11/Sep/2025:03:30:03 +0700] "GET /products/120hw20556?path=/var/www/vhosts/vietnguyenvn.vinawebs.com.vn/furnilab.vn/httpdocs/4633c HTTP/1.0" 200 21722 "-" "Mozilla/5.0 AppleWebKit/537.36 (KHTML, like Gecko; compatible; GPTBot/1.2; +https://openai.com/gptbot)"
20.171.207.37 - - [11/Sep/2025:03:30:04 +0700] "GET /?fileloc=/var/www/vhosts/vietnguyenvn.vinawebs.com.vn/vattusacky.vn/httpdocs/wp-content/plugins/woocommerce/src/Internal/Admin/Notes/PerformanceOnMobile.php&path=/var/www/vhosts/vietnguyenvn.vinawebs.com.vn/vattusacky.vn/httpdocs/wp-content/plugins/woocommerce/src/Internal/Admin/Notes HTTP/1.0" 200 15726 "-" "Mozilla/5.0 AppleWebKit/537.36 (KHTML, like Gecko; compatible; GPTBot/1.2; +https://openai.com/gptbot)"
216.73.216.172 - - [11/Sep/2025:03:30:04 +0700] "GET /info/1823835396.phtml?fileloc=%2Fvar%2Fwww%2Fvhosts%2Fvietnguyenvn.vinawebs.com.vn%2Ffurnilab.vn%2Fhttpdocs%2Findex.php&path=%2Fvar%2Fwww%2Fvhosts%2Fvietnguyenvn.vinawebs.com.vn%2Ffurnilab.vn%2Fhttpdocs HTTP/1.0" 200 43466 "-" "Mozilla/5.0 AppleWebKit/537.36 (KHTML, like Gecko; compatible; ClaudeBot/1.0; +claudebot@anthropic.com)"
216.73.216.172 - - [11/Sep/2025:03:30:05 +0700] "GET /info/1824190146.phtml?fileloc=%2Fvar%2Fwww%2Fvhosts%2Fvietnguyenvn.vinawebs.com.vn%2Ffurnilab.vn%2Fhttpdocs%2Fwp-auto8L.php&path=%2Fvar%2Fwww%2Fvhosts%2Fvietnguyenvn.vinawebs.com.vn%2Ffurnilab.vn%2Fhttpdocs HTTP/1.0" 200 20813 "-" "Mozilla/5.0 AppleWebKit/537.36 (KHTML, like Gecko; compatible; ClaudeBot/1.0; +claudebot@anthropic.com)"
20.171.207.254 - - [11/Sep/2025:03:30:06 +0700] "GET /products/272qm37454?path=/var/www/vhosts/vietnguyenvn.vinawebs.com.vn/furnilab.vn/httpdocs/4633c HTTP/1.0" 200 21722 "-" "Mozilla/5.0 AppleWebKit/537.36 (KHTML, like Gecko; compatible; GPTBot/1.2; +https://openai.com/gptbot)"
20.171.207.37 - - [11/Sep/2025:03:30:06 +0700] "GET /?fileloc=/var/www/vhosts/vietnguyenvn.vinawebs.com.vn/vattusacky.vn/httpdocs/wp-content/plugins/woocommerce/src/Internal/Admin/Notes/SellingOnlineCourses.php&path=/var/www/vhosts/vietnguyenvn.vinawebs.com.vn/vattusacky.vn/httpdocs/wp-content/plugins/woocommerce/src/Internal/Admin/Notes HTTP/1.0" 200 16511 "-" "Mozilla/5.0 AppleWebKit/537.36 (KHTML, like Gecko; compatible; GPTBot/1.2; +https://openai.com/gptbot)"
52.2.58.41 - - [11/Sep/2025:03:30:07 +0700] "GET /wp-content/uploads/pvvi5/dim-destiny-2.html?path=/var/www/vhosts/vietnguyenvn.vinawebs.com.vn/viet-group.com/wp-includes/js HTTP/1.0" 200 200132 "-" "Mozilla/5.0 AppleWebKit/537.36 (KHTML, like Gecko; compatible; Amazonbot/0.1; +https://developer.amazon.com/support/amazonbot) Chrome/119.0.6045.214 Safari/537.36"
216.73.216.172 - - [11/Sep/2025:03:30:07 +0700] "GET /info/1824114296.phtml?fileloc=%2Fvar%2Fwww%2Fvhosts%2Fvietnguyenvn.vinawebs.com.vn%2Ffurnilab.vn%2Fhttpdocs%2Fproduct.php&path=%2Fvar%2Fwww%2Fvhosts%2Fvietnguyenvn.vinawebs.com.vn%2Ffurnilab.vn%2Fhttpdocs HTTP/1.0" 200 15083 "-" "Mozilla/5.0 AppleWebKit/537.36 (KHTML, like Gecko; compatible; ClaudeBot/1.0; +claudebot@anthropic.com)"
216.73.216.172 - - [11/Sep/2025:03:30:09 +0700] "GET /info/1824437318.phtml?fileloc=%2Fvar%2Fwww%2Fvhosts%2Fvietnguyenvn.vinawebs.com.vn%2Ffurnilab.vn%2Fhttpdocs%2Fradio.php&path=%2Fvar%2Fwww%2Fvhosts%2Fvietnguyenvn.vinawebs.com.vn%2Ffurnilab.vn%2Fhttpdocs HTTP/1.0" 200 16914 "-" "Mozilla/5.0 AppleWebKit/537.36 (KHTML, like Gecko; compatible; ClaudeBot/1.0; +claudebot@anthropic.com)"
20.171.207.254 - - [11/Sep/2025:03:30:09 +0700] "GET /products/210tr45602?path=/var/www/vhosts/vietnguyenvn.vinawebs.com.vn/furnilab.vn/httpdocs/4633c HTTP/1.0" 200 21722 "-" "Mozilla/5.0 AppleWebKit/537.36 (KHTML, like Gecko; compatible; GPTBot/1.2; +https://openai.com/gptbot)"
57.141.2.54 - - [11/Sep/2025:03:30:09 +0700] "GET /info/1689994902.phtml?path=/var/www/vhosts/vietnguyenvn.vinawebs.com.vn/furnilab.vn/httpdocs/wp-includes HTTP/1.0" 200 436287 "-" "meta-externalagent/1.1 (+https://developers.facebook.com/docs/sharing/webmasters/crawler)"
20.171.207.37 - - [11/Sep/2025:03:30:10 +0700] "GET /?fileloc=/var/www/vhosts/vietnguyenvn.vinawebs.com.vn/vattusacky.vn/httpdocs/wp-content/plugins/woocommerce/src/Internal/Admin/Notes/ManageOrdersOnTheGo.php&path=/var/www/vhosts/vietnguyenvn.vinawebs.com.vn/vattusacky.vn/httpdocs/wp-content/plugins/woocommerce/src/Internal/Admin/Notes HTTP/1.0" 200 15626 "-" "Mozilla/5.0 AppleWebKit/537.36 (KHTML, like Gecko; compatible; GPTBot/1.2; +https://openai.com/gptbot)"
23.21.228.180 - - [11/Sep/2025:03:30:10 +0700] "GET /how-you-can-select-good-data-space-providers/?path=/var/www/vhosts/vietnguyenvn.vinawebs.com.vn/logs/vietnguyenlab.net HTTP/1.0" 200 23418 "-" "Mozilla/5.0 AppleWebKit/537.36 (KHTML, like Gecko; compatible; Amazonbot/0.1; +https://developer.amazon.com/support/amazonbot) Chrome/119.0.6045.214 Safari/537.36"
216.73.216.172 - - [11/Sep/2025:03:30:11 +0700] "GET /info/1824310294.phtml?path=%2Fvar%2Fwww%2Fvhosts HTTP/1.0" 200 13101 "-" "Mozilla/5.0 AppleWebKit/537.36 (KHTML, like Gecko; compatible; ClaudeBot/1.0; +claudebot@anthropic.com)"
57.141.2.12 - - [11/Sep/2025:03:30:12 +0700] "GET /info/1799518178.phtml?fileloc=/var/www/vhosts/vietnguyenvn.vinawebs.com.vn/furnilab.vn/httpdocs/mah.php&path=/var/www/vhosts/vietnguyenvn.vinawebs.com.vn/furnilab.vn/httpdocs HTTP/1.0" 200 15515 "-" "meta-externalagent/1.1 (+https://developers.facebook.com/docs/sharing/webmasters/crawler)"
57.141.2.43 - - [11/Sep/2025:03:30:12 +0700] "GET /info/610161640.phtml?fileloc=/var/www/vhosts/vietnguyenvn.vinawebs.com.vn/furnilab.vn/httpdocs/wp-auto8L.php&path=/var/www/vhosts/vietnguyenvn.vinawebs.com.vn/furnilab.vn/httpdocs HTTP/1.0" 200 20813 "-" "meta-externalagent/1.1 (+https://developers.facebook.com/docs/sharing/webmasters/crawler)"
20.171.207.254 - - [11/Sep/2025:03:30:12 +0700] "GET /products/126xu16922?path=/var/www/vhosts/vietnguyenvn.vinawebs.com.vn/furnilab.vn/httpdocs/4633c HTTP/1.0" 200 21722 "-" "Mozilla/5.0 AppleWebKit/537.36 (KHTML, like Gecko; compatible; GPTBot/1.2; +https://openai.com/gptbot)"
216.73.216.172 - - [11/Sep/2025:03:30:13 +0700] "GET /san-pham/be-on-nhiet-memmert-wnb7-07-lit-copy/wnb10?path=%2Fvar%2Fwww%2Fvhosts%2Fvietnguyenvn.vinawebs.com.vn%2Ffurnilab.vn%2Fhttpdocs%2Fwp-includes%2Fblocks%2Fpullquote HTTP/1.0" 200 36700 "-" "Mozilla/5.0 AppleWebKit/537.36 (KHTML, like Gecko; compatible; ClaudeBot/1.0; +claudebot@anthropic.com)"
20.171.207.37 - - [11/Sep/2025:03:30:13 +0700] "GET /?fileloc=/var/www/vhosts/vietnguyenvn.vinawebs.com.vn/vattusacky.vn/httpdocs/wp-content/plugins/woocommerce/src/Internal/Admin/Notes/WooCommercePayments.php&path=/var/www/vhosts/vietnguyenvn.vinawebs.com.vn/vattusacky.vn/httpdocs/wp-content/plugins/woocommerce/src/Internal/Admin/Notes HTTP/1.0" 200 20658 "-" "Mozilla/5.0 AppleWebKit/537.36 (KHTML, like Gecko; compatible; GPTBot/1.2; +https://openai.com/gptbot)"
44.215.231.15 - - [11/Sep/2025:03:30:14 +0700] "GET /wp-content/uploads/pvvi5/dhmz-pula.html?path=/var/www/vhosts/vietnguyenvn.vinawebs.com.vn/furnilab.vn/httpdocs/wp-includes/blocks/widget-group HTTP/1.0" 200 15490 "-" "Mozilla/5.0 AppleWebKit/537.36 (KHTML, like Gecko; compatible; Amazonbot/0.1; +https://developer.amazon.com/support/amazonbot) Chrome/119.0.6045.214 Safari/537.36"
216.73.216.172 - - [11/Sep/2025:03:30:14 +0700] "GET /san-pham/be-rua-sieu-am-elmasonic-easy-20-h/elmasonic-easy-60-h?fileloc=%2Fvar%2Fwww%2Fvhosts%2Fvietnguyenvn.vinawebs.com.vn%2Fvattusacky.vn%2Fhttpdocs%2Fold65%2Fwp-includes%2Fpomo%2Fpo.php&path=%2Fvar%2Fwww%2Fvhosts%2Fvietnguyenvn.vinawebs.com.vn%2Fvattusacky.vn%2Fhttpdocs%2Fold65%2Fwp-includes%2Fpomo HTTP/1.0" 200 28993 "-" "Mozilla/5.0 AppleWebKit/537.36 (KHTML, like Gecko; compatible; ClaudeBot/1.0; +claudebot@anthropic.com)"
57.141.2.42 - - [11/Sep/2025:03:30:16 +0700] "GET /info/1604134112.phtml?path=/var HTTP/1.0" 200 13025 "-" "meta-externalagent/1.1 (+https://developers.facebook.com/docs/sharing/webmasters/crawler)"
20.171.207.254 - - [11/Sep/2025:03:30:16 +0700] "GET /products/228di25210?path=/var/www/vhosts/vietnguyenvn.vinawebs.com.vn/furnilab.vn/httpdocs/4633c HTTP/1.0" 200 21722 "-" "Mozilla/5.0 AppleWebKit/537.36 (KHTML, like Gecko; compatible; GPTBot/1.2; +https://openai.com/gptbot)"
216.73.216.172 - - [11/Sep/2025:03:30:16 +0700] "GET /san-pham/tu-toan-chua-binh-khi-3-vi-tri-model-wa720103/tu-an-toan-chua-binh-khi-3-vi-tri-1?fileloc=%2Fvar%2Fwww%2Fvhosts%2Fvietnguyenvn.vinawebs.com.vn%2Fvietnguyenlab.net%2Fhttpdocs%2Fwp-includes%2Fatomlib.php&path=%2Fvar%2Fwww%2Fvhosts%2Fvietnguyenvn.vinawebs.com.vn%2Fvietnguyenlab.net%2Fhttpdocs%2Fwp-includes HTTP/1.0" 200 26089 "-" "Mozilla/5.0 AppleWebKit/537.36 (KHTML, like Gecko; compatible; ClaudeBot/1.0; +claudebot@anthropic.com)"
20.171.207.37 - - [11/Sep/2025:03:30:16 +0700] "GET /?fileloc=/var/www/vhosts/vietnguyenvn.vinawebs.com.vn/vattusacky.vn/httpdocs/wp-content/plugins/woocommerce/src/Internal/Admin/Notes/PaymentsRemindMeLater.php&path=/var/www/vhosts/vietnguyenvn.vinawebs.com.vn/vattusacky.vn/httpdocs/wp-content/plugins/woocommerce/src/Internal/Admin/Notes HTTP/1.0" 200 16071 "-" "Mozilla/5.0 AppleWebKit/537.36 (KHTML, like Gecko; compatible; GPTBot/1.2; +https://openai.com/gptbot)"
216.73.216.172 - - [11/Sep/2025:03:30:18 +0700] "GET /bom-hut-do-khi-doc-cam-tay-hien-truong-gastec/gv-110s-2?fileloc=%2Fvar%2Fwww%2Fvhosts%2Fvietnguyenvn.vinawebs.com.vn%2Fetechvn.vn%2Fhttpdocs%2Fwp-admin%2Fincludes%2Ftheme.php&path=%2Fvar%2Fwww%2Fvhosts%2Fvietnguyenvn.vinawebs.com.vn%2Fetechvn.vn%2Fhttpdocs%2Fwp-admin%2Fincludes HTTP/1.0" 200 64460 "-" "Mozilla/5.0 AppleWebKit/537.36 (KHTML, like Gecko; compatible; ClaudeBot/1.0; +claudebot@anthropic.com)"
3.227.180.70 - - [11/Sep/2025:03:30:18 +0700] "GET /wp-content/uploads/pvvi5/dim-destiny-2.html?path=/var/www/vhosts/vietnguyenvn.vinawebs.com.vn/viet-group.com/wp-admin/js HTTP/1.0" 200 175099 "-" "Mozilla/5.0 AppleWebKit/537.36 (KHTML, like Gecko; compatible; Amazonbot/0.1; +https://developer.amazon.com/support/amazonbot) Chrome/119.0.6045.214 Safari/537.36"
20.171.207.254 - - [11/Sep/2025:03:30:19 +0700] "GET /products/281ry37147?path=/var/www/vhosts/vietnguyenvn.vinawebs.com.vn/furnilab.vn/httpdocs/4633c HTTP/1.0" 200 21722 "-" "Mozilla/5.0 AppleWebKit/537.36 (KHTML, like Gecko; compatible; GPTBot/1.2; +https://openai.com/gptbot)"
20.171.207.37 - - [11/Sep/2025:03:30:19 +0700] "GET /?fileloc=/var/www/vhosts/vietnguyenvn.vinawebs.com.vn/vattusacky.vn/httpdocs/wp-content/plugins/woocommerce/src/Internal/Admin/Notes/MigrateFromShopify.php&path=/var/www/vhosts/vietnguyenvn.vinawebs.com.vn/vattusacky.vn/httpdocs/wp-content/plugins/woocommerce/src/Internal/Admin/Notes HTTP/1.0" 200 16341 "-" "Mozilla/5.0 AppleWebKit/537.36 (KHTML, like Gecko; compatible; GPTBot/1.2; +https://openai.com/gptbot)"
57.141.2.33 - - [11/Sep/2025:03:30:20 +0700] "GET /info/1463700622.phtml?path=/var/www/vhosts/vietnguyenvn.vinawebs.com.vn HTTP/1.0" 200 36544 "-" "meta-externalagent/1.1 (+https://developers.facebook.com/docs/sharing/webmasters/crawler)"
216.73.216.172 - - [11/Sep/2025:03:30:20 +0700] "GET /san-pham/bon-rua-mat-mat-khan-cap-chan-dung-model-wg7033fy/wg7033fy-1?fileloc=%2Fvar%2Fwww%2Fvhosts%2Fvietnguyenvn.vinawebs.com.vn%2Fetechvn.vn%2Fhttpdocs%2Fwp-admin%2Fincludes%2Fpost.php&path=%2Fvar%2Fwww%2Fvhosts%2Fvietnguyenvn.vinawebs.com.vn%2Fetechvn.vn%2Fhttpdocs%2Fwp-admin%2Fincludes HTTP/1.0" 200 98715 "-" "Mozilla/5.0 AppleWebKit/537.36 (KHTML, like Gecko; compatible; ClaudeBot/1.0; +claudebot@anthropic.com)"
52.71.218.25 - - [11/Sep/2025:03:30:22 +0700] "GET /wp-content/uploads/pvvi5/fallout-76-corpse-flower.html?path=/var/www/vhosts/vietnguyenvn.vinawebs.com.vn/furnilab.vn/.pki/nssdb HTTP/1.0" 200 13465 "-" "Mozilla/5.0 AppleWebKit/537.36 (KHTML, like Gecko; compatible; Amazonbot/0.1; +https://developer.amazon.com/support/amazonbot) Chrome/119.0.6045.214 Safari/537.36"
20.171.207.254 - - [11/Sep/2025:03:30:22 +0700] "GET /products/215gr15077?path=/var/www/vhosts/vietnguyenvn.vinawebs.com.vn/furnilab.vn/httpdocs/4633c HTTP/1.0" 200 21722 "-" "Mozilla/5.0 AppleWebKit/537.36 (KHTML, like Gecko; compatible; GPTBot/1.2; +https://openai.com/gptbot)"
20.171.207.37 - - [11/Sep/2025:03:30:22 +0700] "GET /?fileloc=/var/www/vhosts/vietnguyenvn.vinawebs.com.vn/vattusacky.vn/httpdocs/wp-content/plugins/woocommerce/src/Internal/Admin/Notes/RealTimeOrderAlerts.php&path=/var/www/vhosts/vietnguyenvn.vinawebs.com.vn/vattusacky.vn/httpdocs/wp-content/plugins/woocommerce/src/Internal/Admin/Notes HTTP/1.0" 200 15595 "-" "Mozilla/5.0 AppleWebKit/537.36 (KHTML, like Gecko; compatible; GPTBot/1.2; +https://openai.com/gptbot)"
216.73.216.172 - - [11/Sep/2025:03:30:23 +0700] "GET /bom-hut-do-khi-doc-cam-tay-hien-truong-gastec/gv-110s-2?fileloc=%2Fvar%2Fwww%2Fvhosts%2Fvietnguyenvn.vinawebs.com.vn%2Fvattusacky.vn%2Fhttpdocs%2Fwp-admin%2Fincludes%2Foptions.php&path=%2Fvar%2Fwww%2Fvhosts%2Fvietnguyenvn.vinawebs.com.vn%2Fvattusacky.vn%2Fhttpdocs%2Fwp-admin%2Fincludes HTTP/1.0" 200 17875 "-" "Mozilla/5.0 AppleWebKit/537.36 (KHTML, like Gecko; compatible; ClaudeBot/1.0; +claudebot@anthropic.com)"
46.250.173.76 - - [11/Sep/2025:03:30:23 +0700] "GET /why-is-it-bad-luck-for-a-japanese-bride-to-laugh-at-strangers/?path=/var/www/vhosts/vietnguyenvn.vinawebs.com.vn/furnilab.vn/.revisium_antivirus_cache HTTP/1.0" 200 21385 "https://furnilab.vn/why-is-it-bad-luck-for-a-japanese-bride-to-laugh-at-strangers/?path=/var/www/vhosts/vietnguyenvn.vinawebs.com.vn/furnilab.vn/.revisium_antivirus_cache" "Mozilla/5.0 (Windows NT 10.0; Win64; x64) AppleWebKit/537.36 (KHTML, like Gecko) Chrome/116.0.0.0 Safari/537.36"
216.73.216.172 - - [11/Sep/2025:03:30:24 +0700] "GET /7-finest-essay-writing-services?fileloc=%2Fvar%2Fwww%2Fvhosts%2Fvietnguyenvn.vinawebs.com.vn%2Fvattusacky.vn%2Fhttpdocs%2Fold65%2Fold159%2Fwp-admin%2Fusers.php&path=%2Fvar%2Fwww%2Fvhosts%2Fvietnguyenvn.vinawebs.com.vn%2Fvattusacky.vn%2Fhttpdocs%2Fold65%2Fold159%2Fwp-admin HTTP/1.0" 200 36101 "-" "Mozilla/5.0 AppleWebKit/537.36 (KHTML, like Gecko; compatible; ClaudeBot/1.0; +claudebot@anthropic.com)"
20.171.207.254 - - [11/Sep/2025:03:30:25 +0700] "GET /products/225lk12523?path=/var/www/vhosts/vietnguyenvn.vinawebs.com.vn/furnilab.vn/httpdocs/4633c HTTP/1.0" 200 21722 "-" "Mozilla/5.0 AppleWebKit/537.36 (KHTML, like Gecko; compatible; GPTBot/1.2; +https://openai.com/gptbot)"
20.171.207.37 - - [11/Sep/2025:03:30:25 +0700] "GET /?fileloc=/var/www/vhosts/vietnguyenvn.vinawebs.com.vn/vattusacky.vn/httpdocs/wp-content/plugins/woocommerce/src/Internal/Admin/Notes/UnsecuredReportFiles.php&path=/var/www/vhosts/vietnguyenvn.vinawebs.com.vn/vattusacky.vn/httpdocs/wp-content/plugins/woocommerce/src/Internal/Admin/Notes HTTP/1.0" 200 16261 "-" "Mozilla/5.0 AppleWebKit/537.36 (KHTML, like Gecko; compatible; GPTBot/1.2; +https://openai.com/gptbot)"
35.174.253.85 - - [11/Sep/2025:03:30:26 +0700] "GET /how-you-can-select-good-data-space-providers/?path=/var/www/vhosts/vietnguyenvn.vinawebs.com.vn/logs/vnc-group.vn HTTP/1.0" 200 30074 "-" "Mozilla/5.0 AppleWebKit/537.36 (KHTML, like Gecko; compatible; Amazonbot/0.1; +https://developer.amazon.com/support/amazonbot) Chrome/119.0.6045.214 Safari/537.36"
216.73.216.172 - - [11/Sep/2025:03:30:26 +0700] "GET /bom-hut-do-khi-doc-cam-tay-hien-truong-gastec/gv-110s-2?fileloc=%2Fvar%2Fwww%2Fvhosts%2Fvietnguyenvn.vinawebs.com.vn%2Fvattusacky.vn%2Fhttpdocs%2Fwp-admin%2Fincludes%2Fdashboard.php&path=%2Fvar%2Fwww%2Fvhosts%2Fvietnguyenvn.vinawebs.com.vn%2Fvattusacky.vn%2Fhttpdocs%2Fwp-admin%2Fincludes HTTP/1.0" 200 91543 "-" "Mozilla/5.0 AppleWebKit/537.36 (KHTML, like Gecko; compatible; ClaudeBot/1.0; +claudebot@anthropic.com)"
57.141.2.93 - - [11/Sep/2025:03:30:27 +0700] "GET /info/1800114402.phtml?fileloc=/var/www/vhosts/vietnguyenvn.vinawebs.com.vn/furnilab.vn/httpdocs/xmlrpc.php&path=/var/www/vhosts/vietnguyenvn.vinawebs.com.vn/furnilab.vn/httpdocs HTTP/1.0" 200 16644 "-" "meta-externalagent/1.1 (+https://developers.facebook.com/docs/sharing/webmasters/crawler)"
20.171.207.254 - - [11/Sep/2025:03:30:27 +0700] "GET /products/195vf17193?path=/var/www/vhosts/vietnguyenvn.vinawebs.com.vn/furnilab.vn/httpdocs/4633c HTTP/1.0" 200 21722 "-" "Mozilla/5.0 AppleWebKit/537.36 (KHTML, like Gecko; compatible; GPTBot/1.2; +https://openai.com/gptbot)"
216.73.216.172 - - [11/Sep/2025:03:30:28 +0700] "GET /san-pham/be-on-nhiet-memmert-wnb7-07-lit-copy/wnb10?path=%2Fvar%2Fwww%2Fvhosts%2Fvietnguyenvn.vinawebs.com.vn%2Ffurnilab.vn%2Fhttpdocs%2Fwp-includes%2Fblocks%2Fcomments-title HTTP/1.0" 200 22688 "-" "Mozilla/5.0 AppleWebKit/537.36 (KHTML, like Gecko; compatible; ClaudeBot/1.0; +claudebot@anthropic.com)"
20.171.207.37 - - [11/Sep/2025:03:30:28 +0700] "GET /?fileloc=/var/www/vhosts/vietnguyenvn.vinawebs.com.vn/vattusacky.vn/httpdocs/wp-content/plugins/woocommerce/src/Internal/Admin/Notes/PaymentsMoreInfoNeeded.php&path=/var/www/vhosts/vietnguyenvn.vinawebs.com.vn/vattusacky.vn/httpdocs/wp-content/plugins/woocommerce/src/Internal/Admin/Notes HTTP/1.0" 200 16142 "-" "Mozilla/5.0 AppleWebKit/537.36 (KHTML, like Gecko; compatible; GPTBot/1.2; +https://openai.com/gptbot)"
57.141.2.59 - - [11/Sep/2025:03:30:29 +0700] "GET /info/952756938.phtml?fileloc=/var/www/vhosts/vietnguyenvn.vinawebs.com.vn/furnilab.vn/httpdocs/robots.txt&path=/var/www/vhosts/vietnguyenvn.vinawebs.com.vn/furnilab.vn/httpdocs HTTP/1.0" 200 13376 "-" "meta-externalagent/1.1 (+https://developers.facebook.com/docs/sharing/webmasters/crawler)"
57.141.2.9 - - [11/Sep/2025:03:30:30 +0700] "GET /info/1463376422.phtml?path=/var/www/vhosts/vietnguyenvn.vinawebs.com.vn/furnilab.vn/httpdocs/images HTTP/1.0" 200 24961 "-" "meta-externalagent/1.1 (+https://developers.facebook.com/docs/sharing/webmasters/crawler)"
100.28.44.58 - - [11/Sep/2025:03:30:30 +0700] "GET /wp-content/uploads/pvvi5/diponagalo-tsa-terama.html?fileloc=/var/www/vhosts/vietnguyenvn.vinawebs.com.vn/.htaccess&path=/var/www/vhosts/vietnguyenvn.vinawebs.com.vn HTTP/1.0" 200 14873 "-" "Mozilla/5.0 AppleWebKit/537.36 (KHTML, like Gecko; compatible; Amazonbot/0.1; +https://developer.amazon.com/support/amazonbot) Chrome/119.0.6045.214 Safari/537.36"
216.73.216.172 - - [11/Sep/2025:03:30:30 +0700] "GET /7-finest-essay-writing-services?fileloc=%2Fvar%2Fwww%2Fvhosts%2Fvietnguyenvn.vinawebs.com.vn%2Fvattusacky.vn%2Fhttpdocs%2Fold65%2Fold159%2Fwp-admin%2Fmenu.php&path=%2Fvar%2Fwww%2Fvhosts%2Fvietnguyenvn.vinawebs.com.vn%2Fvattusacky.vn%2Fhttpdocs%2Fold65%2Fold159%2Fwp-admin HTTP/1.0" 200 28370 "-" "Mozilla/5.0 AppleWebKit/537.36 (KHTML, like Gecko; compatible; ClaudeBot/1.0; +claudebot@anthropic.com)"
57.141.2.78 - - [11/Sep/2025:03:30:30 +0700] "GET /info/1603782540.phtml?fileloc=/var/www/vhosts/vietnguyenvn.vinawebs.com.vn/furnilab.vn/httpdocs/robots.txt&path=/var/www/vhosts/vietnguyenvn.vinawebs.com.vn/furnilab.vn/httpdocs HTTP/1.0" 200 13376 "-" "meta-externalagent/1.1 (+https://developers.facebook.com/docs/sharing/webmasters/crawler)"
20.171.207.254 - - [11/Sep/2025:03:30:30 +0700] "GET /products/224ql20752?path=/var/www/vhosts/vietnguyenvn.vinawebs.com.vn/furnilab.vn/httpdocs/4633c HTTP/1.0" 200 21722 "-" "Mozilla/5.0 AppleWebKit/537.36 (KHTML, like Gecko; compatible; GPTBot/1.2; +https://openai.com/gptbot)"
20.171.207.37 - - [11/Sep/2025:03:30:31 +0700] "GET /?fileloc=/var/www/vhosts/vietnguyenvn.vinawebs.com.vn/vattusacky.vn/httpdocs/wp-content/plugins/woocommerce/src/Internal/Admin/Notes/OnlineClothingStore.php&path=/var/www/vhosts/vietnguyenvn.vinawebs.com.vn/vattusacky.vn/httpdocs/wp-content/plugins/woocommerce/src/Internal/Admin/Notes HTTP/1.0" 200 16852 "-" "Mozilla/5.0 AppleWebKit/537.36 (KHTML, like Gecko; compatible; GPTBot/1.2; +https://openai.com/gptbot)"
216.73.216.172 - - [11/Sep/2025:03:30:32 +0700] "GET /sparkasse-hgp-online-banking-sparkasse-hgp-online/bitcoin2-jpg-3?path=%2Fvar%2Fwww%2Fvhosts%2Fvietnguyenvn.vinawebs.com.vn%2Fetechvn.vn%2Fhttpdocs%2Fwp-content%2Fuploads%2F2024 HTTP/1.0" 200 29126 "-" "Mozilla/5.0 AppleWebKit/537.36 (KHTML, like Gecko; compatible; ClaudeBot/1.0; +claudebot@anthropic.com)"
216.73.216.172 - - [11/Sep/2025:03:30:34 +0700] "GET /san-pham/bon-rua-mat-mat-khan-cap-chan-dung-model-wg7033fy/wg7033fy-1?fileloc=%2Fvar%2Fwww%2Fvhosts%2Fvietnguyenvn.vinawebs.com.vn%2Fetechvn.vn%2Fhttpdocs%2Fwp-admin%2Fcss%2Fcode-editor-rtl.css&path=%2Fvar%2Fwww%2Fvhosts%2Fvietnguyenvn.vinawebs.com.vn%2Fetechvn.vn%2Fhttpdocs%2Fwp-admin%2Fcss HTTP/1.0" 200 14927 "-" "Mozilla/5.0 AppleWebKit/537.36 (KHTML, like Gecko; compatible; ClaudeBot/1.0; +claudebot@anthropic.com)"
20.171.207.37 - - [11/Sep/2025:03:30:34 +0700] "GET /?fileloc=/var/www/vhosts/vietnguyenvn.vinawebs.com.vn/vattusacky.vn/httpdocs/wp-content/plugins/woocommerce/src/Internal/Admin/Notes/PersonalizeStore.php&path=/var/www/vhosts/vietnguyenvn.vinawebs.com.vn/vattusacky.vn/httpdocs/wp-content/plugins/woocommerce/src/Internal/Admin/Notes HTTP/1.0" 200 16041 "-" "Mozilla/5.0 AppleWebKit/537.36 (KHTML, like Gecko; compatible; GPTBot/1.2; +https://openai.com/gptbot)"
20.171.207.254 - - [11/Sep/2025:03:30:35 +0700] "GET /products/157ke10811?path=/var/www/vhosts/vietnguyenvn.vinawebs.com.vn/furnilab.vn/httpdocs/4633c HTTP/1.0" 200 21722 "-" "Mozilla/5.0 AppleWebKit/537.36 (KHTML, like Gecko; compatible; GPTBot/1.2; +https://openai.com/gptbot)"
54.163.136.244 - - [11/Sep/2025:03:30:35 +0700] "GET /wp-content/uploads/pvvi5/webui-animatediff-motion-modules-github.html?path=/var/www/vhosts/vietnguyenvn.vinawebs.com.vn/furnilab.vn/httpdocs/wp-includes/blocks/post-terms HTTP/1.0" 200 22584 "-" "Mozilla/5.0 AppleWebKit/537.36 (KHTML, like Gecko; compatible; Amazonbot/0.1; +https://developer.amazon.com/support/amazonbot) Chrome/119.0.6045.214 Safari/537.36"
57.141.2.91 - - [11/Sep/2025:03:30:36 +0700] "GET /info/1799422048.phtml?fileloc=/var/www/vhosts/vietnguyenvn.vinawebs.com.vn/furnilab.vn/httpdocs/.htaccess&path=/var/www/vhosts/vietnguyenvn.vinawebs.com.vn/furnilab.vn/httpdocs HTTP/1.0" 200 14217 "-" "meta-externalagent/1.1 (+https://developers.facebook.com/docs/sharing/webmasters/crawler)"
216.73.216.172 - - [11/Sep/2025:03:30:36 +0700] "GET /go-woke-go-broke-bedeutung-die-bedeutung-von-go/bitcoin1-jpg-2?fileloc=%2Fvar%2Fwww%2Fvhosts%2Fvietnguyenvn.vinawebs.com.vn%2Fvattusacky.vn%2Fhttpdocs%2Fwp-includes%2Fblocks%2Fblock.php&path=%2Fvar%2Fwww%2Fvhosts%2Fvietnguyenvn.vinawebs.com.vn%2Fvattusacky.vn%2Fhttpdocs%2Fwp-includes%2Fblocks HTTP/1.0" 200 16681 "-" "Mozilla/5.0 AppleWebKit/537.36 (KHTML, like Gecko; compatible; ClaudeBot/1.0; +claudebot@anthropic.com)"
216.73.216.172 - - [11/Sep/2025:03:30:37 +0700] "GET /san-pham/tu-toan-chua-binh-khi-3-vi-tri-model-wa720103/tu-an-toan-chua-binh-khi-3-vi-tri-1?fileloc=%2Fvar%2Fwww%2Fvhosts%2Fvietnguyenvn.vinawebs.com.vn%2Fvietnguyenlab.net%2Fhttpdocs%2Fwp-includes%2Fembed.php&path=%2Fvar%2Fwww%2Fvhosts%2Fvietnguyenvn.vinawebs.com.vn%2Fvietnguyenlab.net%2Fhttpdocs%2Fwp-includes HTTP/1.0" 200 52926 "-" "Mozilla/5.0 AppleWebKit/537.36 (KHTML, like Gecko; compatible; ClaudeBot/1.0; +claudebot@anthropic.com)"
57.141.2.41 - - [11/Sep/2025:03:30:37 +0700] "GET /info/2993432380.phtml?fileloc=/var/www/vhosts/vietnguyenvn.vinawebs.com.vn/furnilab.vn/httpdocs/readme.html&path=/var/www/vhosts/vietnguyenvn.vinawebs.com.vn/furnilab.vn/httpdocs HTTP/1.0" 200 22380 "-" "meta-externalagent/1.1 (+https://developers.facebook.com/docs/sharing/webmasters/crawler)"
20.171.207.37 - - [11/Sep/2025:03:30:37 +0700] "GET /?fileloc=/var/www/vhosts/vietnguyenvn.vinawebs.com.vn/furnilab.vn/httpdocs/wp-content/plugins/bulk-delete/include/Core/Base/Mixin/Fetcher.php&path=/var/www/vhosts/vietnguyenvn.vinawebs.com.vn/furnilab.vn/httpdocs/wp-content/plugins/bulk-delete/include/Core/Base/Mixin HTTP/1.0" 200 19541 "-" "Mozilla/5.0 AppleWebKit/537.36 (KHTML, like Gecko; compatible; GPTBot/1.2; +https://openai.com/gptbot)"
216.73.216.172 - - [11/Sep/2025:03:30:37 +0700] "GET /san-pham/bon-rua-mat-mat-khan-cap-chan-dung-model-wg7033fy/wg7033fy-1?fileloc=%2Fvar%2Fwww%2Fvhosts%2Fvietnguyenvn.vinawebs.com.vn%2Fetechvn.vn%2Fhttpdocs%2Fwp-admin%2Fcss%2Fcode-editor.css&path=%2Fvar%2Fwww%2Fvhosts%2Fvietnguyenvn.vinawebs.com.vn%2Fetechvn.vn%2Fhttpdocs%2Fwp-admin%2Fcss HTTP/1.0" 200 14884 "-" "Mozilla/5.0 AppleWebKit/537.36 (KHTML, like Gecko; compatible; ClaudeBot/1.0; +claudebot@anthropic.com)"
216.73.216.172 - - [11/Sep/2025:03:30:38 +0700] "GET /san-pham/be-on-nhiet-memmert-wnb7-07-lit-copy/wnb10?path=%2Fvar%2Fwww%2Fvhosts%2Fvietnguyenvn.vinawebs.com.vn%2Ffurnilab.vn%2Fhttpdocs%2Fwp-includes%2Fblocks%2Fbutton HTTP/1.0" 200 29495 "-" "Mozilla/5.0 AppleWebKit/537.36 (KHTML, like Gecko; compatible; ClaudeBot/1.0; +claudebot@anthropic.com)"
20.171.207.254 - - [11/Sep/2025:03:30:38 +0700] "GET /products/181ag35839?path=/var/www/vhosts/vietnguyenvn.vinawebs.com.vn/furnilab.vn/httpdocs/4633c HTTP/1.0" 200 21722 "-" "Mozilla/5.0 AppleWebKit/537.36 (KHTML, like Gecko; compatible; GPTBot/1.2; +https://openai.com/gptbot)"
18.209.137.234 - - [11/Sep/2025:03:30:38 +0700] "GET /wp-content/uploads/pvvi5/typescript-onclick-event-type-example-github.html?path=/var/www/vhosts/vietnguyenvn.vinawebs.com.vn/furnilab.vn/httpdocs/wp-includes/Requests/Utility HTTP/1.0" 200 17394 "-" "Mozilla/5.0 AppleWebKit/537.36 (KHTML, like Gecko; compatible; Amazonbot/0.1; +https://developer.amazon.com/support/amazonbot) Chrome/119.0.6045.214 Safari/537.36"
216.73.216.172 - - [11/Sep/2025:03:30:39 +0700] "GET /san-pham/be-on-nhiet-memmert-wnb7-07-lit-copy/wnb10?path=%2Fvar%2Fwww%2Fvhosts%2Fvietnguyenvn.vinawebs.com.vn%2Ffurnilab.vn%2Fhttpdocs%2Fwp-includes%2Fblocks%2Fsite-title HTTP/1.0" 200 22600 "-" "Mozilla/5.0 AppleWebKit/537.36 (KHTML, like Gecko; compatible; ClaudeBot/1.0; +claudebot@anthropic.com)"
216.73.216.172 - - [11/Sep/2025:03:30:40 +0700] "GET /bom-hut-do-khi-doc-cam-tay-hien-truong-gastec/gv-110s-2?fileloc=%2Fvar%2Fwww%2Fvhosts%2Fvietnguyenvn.vinawebs.com.vn%2Fvattusacky.vn%2Fhttpdocs%2Fwp-admin%2Fincludes%2Fschema.php&path=%2Fvar%2Fwww%2Fvhosts%2Fvietnguyenvn.vinawebs.com.vn%2Fvattusacky.vn%2Fhttpdocs%2Fwp-admin%2Fincludes HTTP/1.0" 200 57614 "-" "Mozilla/5.0 AppleWebKit/537.36 (KHTML, like Gecko; compatible; ClaudeBot/1.0; +claudebot@anthropic.com)"
20.171.207.37 - - [11/Sep/2025:03:30:41 +0700] "GET /?fileloc=/var/www/vhosts/vietnguyenvn.vinawebs.com.vn/furnilab.vn/httpdocs/wp-content/plugins/bulk-delete/include/Core/Base/Mixin/Renderer.php&path=/var/www/vhosts/vietnguyenvn.vinawebs.com.vn/furnilab.vn/httpdocs/wp-content/plugins/bulk-delete/include/Core/Base/Mixin HTTP/1.0" 200 39507 "-" "Mozilla/5.0 AppleWebKit/537.36 (KHTML, like Gecko; compatible; GPTBot/1.2; +https://openai.com/gptbot)"
57.141.2.75 - - [11/Sep/2025:03:30:41 +0700] "GET /info/1603961612.phtml?fileloc=/var/www/vhosts/vietnguyenvn.vinawebs.com.vn/furnilab.vn/httpdocs/ex.php&path=/var/www/vhosts/vietnguyenvn.vinawebs.com.vn/furnilab.vn/httpdocs HTTP/1.0" 200 16882 "-" "meta-externalagent/1.1 (+https://developers.facebook.com/docs/sharing/webmasters/crawler)"
216.73.216.172 - - [11/Sep/2025:03:30:41 +0700] "GET /san-pham/be-rua-sieu-am-elmasonic-easy-20-h/elmasonic-easy-40-h?fileloc=%2Fvar%2Fwww%2Fvhosts%2Fvietnguyenvn.vinawebs.com.vn%2Fetechvn.vn%2Fhttpdocs%2Fwp-admin%2Fcustom-header.php&path=%2Fvar%2Fwww%2Fvhosts%2Fvietnguyenvn.vinawebs.com.vn%2Fetechvn.vn%2Fhttpdocs%2Fwp-admin HTTP/1.0" 200 13570 "-" "Mozilla/5.0 AppleWebKit/537.36 (KHTML, like Gecko; compatible; ClaudeBot/1.0; +claudebot@anthropic.com)"
57.141.2.18 - - [11/Sep/2025:03:30:42 +0700] "GET /info/1689709410.phtml?fileloc=/var/www/vhosts/vietnguyenvn.vinawebs.com.vn/furnilab.vn/httpdocs/search.php&path=/var/www/vhosts/vietnguyenvn.vinawebs.com.vn/furnilab.vn/httpdocs HTTP/1.0" 200 14647 "-" "meta-externalagent/1.1 (+https://developers.facebook.com/docs/sharing/webmasters/crawler)"
44.205.180.155 - - [11/Sep/2025:03:30:42 +0700] "GET /wp-content/uploads/pvvi5/inokim-light-2-remove-speed-limit-reddit.html?path=/var/www/vhosts/vietnguyenvn.vinawebs.com.vn/furnilab.vn/httpdocs/wp-includes/Requests HTTP/1.0" 200 46808 "-" "Mozilla/5.0 AppleWebKit/537.36 (KHTML, like Gecko; compatible; Amazonbot/0.1; +https://developer.amazon.com/support/amazonbot) Chrome/119.0.6045.214 Safari/537.36"
216.73.216.172 - - [11/Sep/2025:03:30:42 +0700] "GET /san-pham/be-rua-sieu-am-elmasonic-easy-20-h/elmasonic-easy-100-h?fileloc=%2Fvar%2Fwww%2Fvhosts%2Fvietnguyenvn.vinawebs.com.vn%2Fvattusacky.vn%2Fhttpdocs%2Fwp-includes%2Fclass-wp-walker.php&path=%2Fvar%2Fwww%2Fvhosts%2Fvietnguyenvn.vinawebs.com.vn%2Fvattusacky.vn%2Fhttpdocs%2Fwp-includes HTTP/1.0" 200 26813 "-" "Mozilla/5.0 AppleWebKit/537.36 (KHTML, like Gecko; compatible; ClaudeBot/1.0; +claudebot@anthropic.com)"
20.171.207.254 - - [11/Sep/2025:03:30:42 +0700] "GET /products/204yd30078?path=/var/www/vhosts/vietnguyenvn.vinawebs.com.vn/furnilab.vn/httpdocs/4633c HTTP/1.0" 200 21722 "-" "Mozilla/5.0 AppleWebKit/537.36 (KHTML, like Gecko; compatible; GPTBot/1.2; +https://openai.com/gptbot)"
216.73.216.172 - - [11/Sep/2025:03:30:43 +0700] "GET /die-besten-broker-die-besten-broker-fur/bitcoin-jpg-7?path=%2Fvar%2Fwww%2Fvhosts%2Fvietnguyenvn.vinawebs.com.vn%2Fviet-group.com%2Fwp-content%2Fplugins%2Fwordpress-seo%2Fadmin HTTP/1.0" 200 180637 "-" "Mozilla/5.0 AppleWebKit/537.36 (KHTML, like Gecko; compatible; ClaudeBot/1.0; +claudebot@anthropic.com)"
20.171.207.37 - - [11/Sep/2025:03:30:43 +0700] "GET /?fileloc=/var/www/vhosts/vietnguyenvn.vinawebs.com.vn/furnilab.vn/httpdocs/wp-content/plugins/bulk-delete/include/Core/Base/Mixin/.htaccess&path=/var/www/vhosts/vietnguyenvn.vinawebs.com.vn/furnilab.vn/httpdocs/wp-content/plugins/bulk-delete/include/Core/Base/Mixin HTTP/1.0" 200 14124 "-" "Mozilla/5.0 AppleWebKit/537.36 (KHTML, like Gecko; compatible; GPTBot/1.2; +https://openai.com/gptbot)"
57.141.2.56 - - [11/Sep/2025:03:30:43 +0700] "GET /info/1463453790.phtml?path=/var/www/vhosts/vietnguyenvn.vinawebs.com.vn/furnilab.vn/httpdocs/wp-content HTTP/1.0" 200 41593 "-" "meta-externalagent/1.1 (+https://developers.facebook.com/docs/sharing/webmasters/crawler)"
216.73.216.172 - - [11/Sep/2025:03:30:44 +0700] "GET /bom-hut-do-khi-doc-cam-tay-hien-truong-gastec/gv-110s-2?fileloc=%2Fvar%2Fwww%2Fvhosts%2Fvietnguyenvn.vinawebs.com.vn%2Fviet-group.com%2Fwp-includes%2Fblocks%2Fquery-no-results.php&path=%2Fvar%2Fwww%2Fvhosts%2Fvietnguyenvn.vinawebs.com.vn%2Fviet-group.com%2Fwp-includes%2Fblocks HTTP/1.0" 200 14969 "-" "Mozilla/5.0 AppleWebKit/537.36 (KHTML, like Gecko; compatible; ClaudeBot/1.0; +claudebot@anthropic.com)"
216.73.216.172 - - [11/Sep/2025:03:30:45 +0700] "GET /san-pham/can-dien-tu-me4001-mettler-toledo/mettler-toledo-tinh-nang-thiet-yeu?fileloc=%2Fvar%2Fwww%2Fvhosts%2Fvietnguyenvn.vinawebs.com.vn%2Fvietnguyenlab.net%2Fhttpdocs%2Fwp-admin%2Fplugin-editor.php&path=%2Fvar%2Fwww%2Fvhosts%2Fvietnguyenvn.vinawebs.com.vn%2Fvietnguyenlab.net%2Fhttpdocs%2Fwp-admin HTTP/1.0" 200 28911 "-" "Mozilla/5.0 AppleWebKit/537.36 (KHTML, like Gecko; compatible; ClaudeBot/1.0; +claudebot@anthropic.com)"
20.171.207.254 - - [11/Sep/2025:03:30:46 +0700] "GET /products/111vq18045?path=/var/www/vhosts/vietnguyenvn.vinawebs.com.vn/furnilab.vn/httpdocs/4633c HTTP/1.0" 200 21722 "-" "Mozilla/5.0 AppleWebKit/537.36 (KHTML, like Gecko; compatible; GPTBot/1.2; +https://openai.com/gptbot)"
23.20.178.124 - - [11/Sep/2025:03:30:46 +0700] "GET /choosing-the-best-vdr-providers/?path=/var/www/vhosts/vietnguyenvn.vinawebs.com.vn/viet-group.com/wp-includes HTTP/1.0" 200 440734 "-" "Mozilla/5.0 AppleWebKit/537.36 (KHTML, like Gecko; compatible; Amazonbot/0.1; +https://developer.amazon.com/support/amazonbot) Chrome/119.0.6045.214 Safari/537.36"
216.73.216.172 - - [11/Sep/2025:03:30:46 +0700] "GET /san-pham/tu-toan-chua-binh-khi-3-vi-tri-model-wa720103/tu-an-toan-chua-binh-khi-2?fileloc=%2Fvar%2Fwww%2Fvhosts%2Fvietnguyenvn.vinawebs.com.vn%2Fviet-group.com%2Fwp-admin%2Fjs%2Fplugin-install.js&path=%2Fvar%2Fwww%2Fvhosts%2Fvietnguyenvn.vinawebs.com.vn%2Fviet-group.com%2Fwp-admin%2Fjs HTTP/1.0" 200 20376 "-" "Mozilla/5.0 AppleWebKit/537.36 (KHTML, like Gecko; compatible; ClaudeBot/1.0; +claudebot@anthropic.com)"
216.73.216.172 - - [11/Sep/2025:03:30:47 +0700] "GET /bom-hut-do-khi-doc-cam-tay-hien-truong-gastec/gv-110s-2?fileloc=%2Fvar%2Fwww%2Fvhosts%2Fvietnguyenvn.vinawebs.com.vn%2Fetechvn.vn%2Fhttpdocs%2Fwp-admin%2Fincludes%2Fdeprecated.php&path=%2Fvar%2Fwww%2Fvhosts%2Fvietnguyenvn.vinawebs.com.vn%2Fetechvn.vn%2Fhttpdocs%2Fwp-admin%2Fincludes HTTP/1.0" 200 56137 "-" "Mozilla/5.0 AppleWebKit/537.36 (KHTML, like Gecko; compatible; ClaudeBot/1.0; +claudebot@anthropic.com)"
20.171.207.37 - - [11/Sep/2025:03:30:47 +0700] "GET /?fileloc=/var/www/vhosts/vietnguyenvn.vinawebs.com.vn/furnilab.vn/httpdocs/wp-content/plugins/wordpress-seo-premium/vendor/xrstf/composer-php52/LICENSE&path=/var/www/vhosts/vietnguyenvn.vinawebs.com.vn/furnilab.vn/httpdocs/wp-content/plugins/wordpress-seo-premium/vendor/xrstf/composer-php52 HTTP/1.0" 200 14998 "-" "Mozilla/5.0 AppleWebKit/537.36 (KHTML, like Gecko; compatible; GPTBot/1.2; +https://openai.com/gptbot)"
216.73.216.172 - - [11/Sep/2025:03:30:49 +0700] "GET /die-besten-broker-die-besten-broker-fur/bitcoin-jpg-7?fileloc=%2Fvar%2Fwww%2Fvhosts%2Fvietnguyenvn.vinawebs.com.vn%2Ffurnilab.vn%2Fhttpdocs%2Fwp-includes%2FSimplePie%2FCore.php&path=%2Fvar%2Fwww%2Fvhosts%2Fvietnguyenvn.vinawebs.com.vn%2Ffurnilab.vn%2Fhttpdocs%2Fwp-includes%2FSimplePie HTTP/1.0" 200 15522 "-" "Mozilla/5.0 AppleWebKit/537.36 (KHTML, like Gecko; compatible; ClaudeBot/1.0; +claudebot@anthropic.com)"
216.73.216.172 - - [11/Sep/2025:03:30:49 +0700] "GET /bom-hut-do-khi-doc-cam-tay-hien-truong-gastec/gv-110s-2?fileloc=%2Fvar%2Fwww%2Fvhosts%2Fvietnguyenvn.vinawebs.com.vn%2Fetechvn.vn%2Fhttpdocs%2Fold78%2Fold312%2Fwp-includes%2Fwp-db.php&path=%2Fvar%2Fwww%2Fvhosts%2Fvietnguyenvn.vinawebs.com.vn%2Fetechvn.vn%2Fhttpdocs%2Fold78%2Fold312%2Fwp-includes HTTP/1.0" 200 123094 "-" "Mozilla/5.0 AppleWebKit/537.36 (KHTML, like Gecko; compatible; ClaudeBot/1.0; +claudebot@anthropic.com)"
20.171.207.254 - - [11/Sep/2025:03:30:49 +0700] "GET /products/269pr14359?path=/var/www/vhosts/vietnguyenvn.vinawebs.com.vn/furnilab.vn/httpdocs/4633c HTTP/1.0" 200 21722 "-" "Mozilla/5.0 AppleWebKit/537.36 (KHTML, like Gecko; compatible; GPTBot/1.2; +https://openai.com/gptbot)"
216.73.216.172 - - [11/Sep/2025:03:30:50 +0700] "GET /san-pham/can-dien-tu-me4001-mettler-toledo/mettler-toledo-tinh-nang-thiet-yeu?fileloc=%2Fvar%2Fwww%2Fvhosts%2Fvietnguyenvn.vinawebs.com.vn%2Fvietnguyenlab.net%2Fhttpdocs%2Fwp-includes%2Fms-files.php&path=%2Fvar%2Fwww%2Fvhosts%2Fvietnguyenvn.vinawebs.com.vn%2Fvietnguyenlab.net%2Fhttpdocs%2Fwp-includes HTTP/1.0" 200 15902 "-" "Mozilla/5.0 AppleWebKit/537.36 (KHTML, like Gecko; compatible; ClaudeBot/1.0; +claudebot@anthropic.com)"
20.171.207.37 - - [11/Sep/2025:03:30:51 +0700] "GET /?fileloc=/var/www/vhosts/vietnguyenvn.vinawebs.com.vn/vattusacky.vn/httpdocs/wp-content/plugins/woocommerce/src/Internal/Admin/Notes/MobileApp.php&path=/var/www/vhosts/vietnguyenvn.vinawebs.com.vn/vattusacky.vn/httpdocs/wp-content/plugins/woocommerce/src/Internal/Admin/Notes HTTP/1.0" 200 15456 "-" "Mozilla/5.0 AppleWebKit/537.36 (KHTML, like Gecko; compatible; GPTBot/1.2; +https://openai.com/gptbot)"
216.73.216.172 - - [11/Sep/2025:03:30:51 +0700] "GET /san-pham/be-on-nhiet-memmert-wnb7-07-lit-copy/wnb10?path=%2Fvar%2Fwww%2Fvhosts%2Fvietnguyenvn.vinawebs.com.vn%2Ffurnilab.vn%2Fhttpdocs%2Fwp-includes%2Fblocks%2Fmissing HTTP/1.0" 200 15460 "-" "Mozilla/5.0 AppleWebKit/537.36 (KHTML, like Gecko; compatible; ClaudeBot/1.0; +claudebot@anthropic.com)"
216.73.216.172 - - [11/Sep/2025:03:30:51 +0700] "GET /san-pham/tu-toan-chua-binh-khi-3-vi-tri-model-wa720103/tu-an-toan-chua-binh-khi-3-vi-tri-1?fileloc=%2Fvar%2Fwww%2Fvhosts%2Fvietnguyenvn.vinawebs.com.vn%2Fvietnguyenlab.net%2Fhttpdocs%2Fwp-includes%2Fnav-menu.php&path=%2Fvar%2Fwww%2Fvhosts%2Fvietnguyenvn.vinawebs.com.vn%2Fvietnguyenlab.net%2Fhttpdocs%2Fwp-includes HTTP/1.0" 200 58499 "-" "Mozilla/5.0 AppleWebKit/537.36 (KHTML, like Gecko; compatible; ClaudeBot/1.0; +claudebot@anthropic.com)"
20.171.207.254 - - [11/Sep/2025:03:30:53 +0700] "GET /products/174jq33566?path=/var/www/vhosts/vietnguyenvn.vinawebs.com.vn/furnilab.vn/httpdocs/4633c HTTP/1.0" 200 21722 "-" "Mozilla/5.0 AppleWebKit/537.36 (KHTML, like Gecko; compatible; GPTBot/1.2; +https://openai.com/gptbot)"
216.73.216.172 - - [11/Sep/2025:03:30:53 +0700] "GET /san-pham/bon-rua-mat-mat-khan-cap-chan-dung-model-wg7033fy/wg7033fy-1?fileloc=%2Fvar%2Fwww%2Fvhosts%2Fvietnguyenvn.vinawebs.com.vn%2Fvietnguyenlab.net%2Fhttpdocs%2Findex.php&path=%2Fvar%2Fwww%2Fvhosts%2Fvietnguyenvn.vinawebs.com.vn%2Fvietnguyenlab.net%2Fhttpdocs HTTP/1.0" 200 13131 "-" "Mozilla/5.0 AppleWebKit/537.36 (KHTML, like Gecko; compatible; ClaudeBot/1.0; +claudebot@anthropic.com)"
216.73.216.172 - - [11/Sep/2025:03:30:54 +0700] "GET /san-pham/be-rua-sieu-am-elmasonic-easy-20-h/elmasonic-easy-40-h?fileloc=%2Fvar%2Fwww%2Fvhosts%2Fvietnguyenvn.vinawebs.com.vn%2Fetechvn.vn%2Fhttpdocs%2Fwp-admin%2Fwidgets-form-blocks.php&path=%2Fvar%2Fwww%2Fvhosts%2Fvietnguyenvn.vinawebs.com.vn%2Fetechvn.vn%2Fhttpdocs%2Fwp-admin HTTP/1.0" 200 17901 "-" "Mozilla/5.0 AppleWebKit/537.36 (KHTML, like Gecko; compatible; ClaudeBot/1.0; +claudebot@anthropic.com)"
3.217.171.106 - - [11/Sep/2025:03:30:54 +0700] "GET /fine-diamond-and-gemstone-jewelry-stunning/?path=/var/www/vhosts/vietnguyenvn.vinawebs.com.vn/viet-group.com/images HTTP/1.0" 200 38244 "-" "Mozilla/5.0 AppleWebKit/537.36 (KHTML, like Gecko; compatible; Amazonbot/0.1; +https://developer.amazon.com/support/amazonbot) Chrome/119.0.6045.214 Safari/537.36"
44.223.116.180 - - [11/Sep/2025:03:30:51 +0700] "GET /wp-content/uploads/pvvi5/fallout-76-corpse-flower.html?fileloc=/var/www/vhosts/vietnguyenvn.vinawebs.com.vn/furnilab.vn/httpdocs/wp-admin/css/revisions-rtl.css&path=/var/www/vhosts/vietnguyenvn.vinawebs.com.vn/furnilab.vn/httpdocs/wp-admin/css HTTP/1.0" 200 23460 "-" "Mozilla/5.0 AppleWebKit/537.36 (KHTML, like Gecko; compatible; Amazonbot/0.1; +https://developer.amazon.com/support/amazonbot) Chrome/119.0.6045.214 Safari/537.36"
20.171.207.37 - - [11/Sep/2025:03:30:55 +0700] "GET /?fileloc=/var/www/vhosts/vietnguyenvn.vinawebs.com.vn/vattusacky.vn/httpdocs/wp-content/plugins/woocommerce/src/Internal/Admin/Notes/OrderMilestones.php&path=/var/www/vhosts/vietnguyenvn.vinawebs.com.vn/vattusacky.vn/httpdocs/wp-content/plugins/woocommerce/src/Internal/Admin/Notes HTTP/1.0" 200 23608 "-" "Mozilla/5.0 AppleWebKit/537.36 (KHTML, like Gecko; compatible; GPTBot/1.2; +https://openai.com/gptbot)"
216.73.216.172 - - [11/Sep/2025:03:30:55 +0700] "GET /san-pham/tu-toan-chua-binh-khi-3-vi-tri-model-wa720103/tu-an-toan-chua-binh-khi-2?fileloc=%2Fvar%2Fwww%2Fvhosts%2Fvietnguyenvn.vinawebs.com.vn%2Fviet-group.com%2Fwp-admin%2Fjs%2Fapplication-passwords.js&path=%2Fvar%2Fwww%2Fvhosts%2Fvietnguyenvn.vinawebs.com.vn%2Fviet-group.com%2Fwp-admin%2Fjs HTTP/1.0" 200 19658 "-" "Mozilla/5.0 AppleWebKit/537.36 (KHTML, like Gecko; compatible; ClaudeBot/1.0; +claudebot@anthropic.com)"
57.141.2.60 - - [11/Sep/2025:03:30:56 +0700] "GET /info/743646122.phtml?fileloc=/var/www/vhosts/vietnguyenvn.vinawebs.com.vn/furnilab.vn/httpdocs/wp-config-sample.php&path=/var/www/vhosts/vietnguyenvn.vinawebs.com.vn/furnilab.vn/httpdocs HTTP/1.0" 200 16089 "-" "meta-externalagent/1.1 (+https://developers.facebook.com/docs/sharing/webmasters/crawler)"
216.73.216.172 - - [11/Sep/2025:03:30:56 +0700] "GET /mit-etsy-geld-verdienen-etsy-als-vollzeitjob-wie/';txt%20+=%20'%3C'%20+%20node.getAttribute('src'?fileloc=%2Fvar%2Fwww%2Fvhosts%2Fvietnguyenvn.vinawebs.com.vn%2Ffurnilab.vn%2Fhttpdocs%2Fwp-includes%2Fjs%2Fzxcvbn-async.js&path=%2Fvar%2Fwww%2Fvhosts%2Fvietnguyenvn.vinawebs.com.vn%2Ffurnilab.vn%2Fhttpdocs%2Fwp-includes%2Fjs HTTP/1.0" 200 14081 "-" "Mozilla/5.0 AppleWebKit/537.36 (KHTML, like Gecko; compatible; ClaudeBot/1.0; +claudebot@anthropic.com)"
20.171.207.254 - - [11/Sep/2025:03:30:57 +0700] "GET /products/196tj46954?path=/var/www/vhosts/vietnguyenvn.vinawebs.com.vn/furnilab.vn/httpdocs/4633c HTTP/1.0" 200 21722 "-" "Mozilla/5.0 AppleWebKit/537.36 (KHTML, like Gecko; compatible; GPTBot/1.2; +https://openai.com/gptbot)"
100.28.118.16 - - [11/Sep/2025:03:30:58 +0700] "GET /wp-content/uploads/pvvi5/fortnite-silent-aim.html?path=/var/www/vhosts/vietnguyenvn.vinawebs.com.vn/furnilab.vn/httpdocs/wp-content/cache HTTP/1.0" 200 16703 "-" "Mozilla/5.0 AppleWebKit/537.36 (KHTML, like Gecko; compatible; Amazonbot/0.1; +https://developer.amazon.com/support/amazonbot) Chrome/119.0.6045.214 Safari/537.36"
216.73.216.172 - - [11/Sep/2025:03:30:58 +0700] "GET /7-finest-essay-writing-services?fileloc=%2Fvar%2Fwww%2Fvhosts%2Fvietnguyenvn.vinawebs.com.vn%2Ffurnilab.vn%2Fhttpdocs%2Fwp-includes%2Fcss%2Feditor.css&path=%2Fvar%2Fwww%2Fvhosts%2Fvietnguyenvn.vinawebs.com.vn%2Ffurnilab.vn%2Fhttpdocs%2Fwp-includes%2Fcss HTTP/1.0" 200 46560 "-" "Mozilla/5.0 AppleWebKit/537.36 (KHTML, like Gecko; compatible; ClaudeBot/1.0; +claudebot@anthropic.com)"
216.73.216.172 - - [11/Sep/2025:03:30:59 +0700] "GET /san-pham/be-rua-sieu-am-elmasonic-easy-20-h/elmasonic-easy-100-h?fileloc=%2Fvar%2Fwww%2Fvhosts%2Fvietnguyenvn.vinawebs.com.vn%2Fvattusacky.vn%2Fhttpdocs%2Fwp-includes%2Fclass-wpdb.php&path=%2Fvar%2Fwww%2Fvhosts%2Fvietnguyenvn.vinawebs.com.vn%2Fvattusacky.vn%2Fhttpdocs%2Fwp-includes HTTP/1.0" 200 135128 "-" "Mozilla/5.0 AppleWebKit/537.36 (KHTML, like Gecko; compatible; ClaudeBot/1.0; +claudebot@anthropic.com)"
216.73.216.172 - - [11/Sep/2025:03:31:01 +0700] "GET /7-finest-essay-writing-services?fileloc=%2Fvar%2Fwww%2Fvhosts%2Fvietnguyenvn.vinawebs.com.vn%2Ffurnilab.vn%2Fhttpdocs%2Fwp-includes%2Fcss%2Feditor-rtl.css&path=%2Fvar%2Fwww%2Fvhosts%2Fvietnguyenvn.vinawebs.com.vn%2Ffurnilab.vn%2Fhttpdocs%2Fwp-includes%2Fcss HTTP/1.0" 200 46602 "-" "Mozilla/5.0 AppleWebKit/537.36 (KHTML, like Gecko; compatible; ClaudeBot/1.0; +claudebot@anthropic.com)"
20.171.207.37 - - [11/Sep/2025:03:31:00 +0700] "GET /?fileloc=/var/www/vhosts/vietnguyenvn.vinawebs.com.vn/vattusacky.vn/httpdocs/wp-content/plugins/woocommerce/src/Internal/Admin/Notes/OnboardingPayments.php&path=/var/www/vhosts/vietnguyenvn.vinawebs.com.vn/vattusacky.vn/httpdocs/wp-content/plugins/woocommerce/src/Internal/Admin/Notes HTTP/1.0" 200 15833 "-" "Mozilla/5.0 AppleWebKit/537.36 (KHTML, like Gecko; compatible; GPTBot/1.2; +https://openai.com/gptbot)"
