20.171.207.223 - - [14/Sep/2025:03:38:38 +0700] "GET /?fileloc=/var/www/vhosts/vietnguyenvn.vinawebs.com.vn/logs/vattusacky.vn/error_log.10.gz&path=/var/www/vhosts/vietnguyenvn.vinawebs.com.vn/logs/vattusacky.vn HTTP/1.0" 200 13018 "-" "Mozilla/5.0 AppleWebKit/537.36 (KHTML, like Gecko; compatible; GPTBot/1.2; +https://openai.com/gptbot)"
54.166.126.132 - - [14/Sep/2025:03:38:39 +0700] "GET /wp-content/uploads/xlysrc2/image-mapping-software.html?path=/var/www/vhosts/vietnguyenvn.vinawebs.com.vn/furnilab.vn/httpdocs/wp-includes/assets HTTP/1.0" 200 24521 "-" "Mozilla/5.0 AppleWebKit/537.36 (KHTML, like Gecko; compatible; Amazonbot/0.1; +https://developer.amazon.com/support/amazonbot) Chrome/119.0.6045.214 Safari/537.36"
43.163.22.4 - - [14/Sep/2025:03:38:39 +0700] "GET /mostbet-casino-tr-nasl-giri-yaplr-online-casino-938/?path=/var/www/vhosts/vietnguyenvn.vinawebs.com.vn/furnilab.vn/.pki HTTP/1.0" 200 16461 "-" "Mozilla/5.0 (Windows NT 10.0; Win64; x64) AppleWebKit/537.36 (KHTML, like Gecko) Chrome/112.0.0.0 Safari/537.36"
57.141.2.9 - - [14/Sep/2025:03:38:39 +0700] "GET /info/257809742.phtml?path=/ HTTP/1.0" 200 12996 "-" "meta-externalagent/1.1 (+https://developers.facebook.com/docs/sharing/webmasters/crawler)"
43.163.22.228 - - [14/Sep/2025:03:38:40 +0700] "GET /commentaire-n4348-par-sonofgrumphotmail-com/tel:0948870871?path=/var/www/vhosts/vietnguyenvn.vinawebs.com.vn/vattusacky.vn HTTP/1.0" 200 23952 "-" "Mozilla/5.0 (Windows NT 10.0; Win64; x64) AppleWebKit/537.36 (KHTML, like Gecko) Chrome/116.0.0.0 Safari/537.36"
34.226.89.140 - - [14/Sep/2025:03:38:44 +0700] "GET /wp-content/uploads/pvvi5/alcoholic-perfume-in-islam.html?path=/var/www/vhosts/vietnguyenvn.vinawebs.com.vn/furnilab.vn/httpdocs/wp-includes/blocks/tag-cloud HTTP/1.0" 200 22561 "-" "Mozilla/5.0 AppleWebKit/537.36 (KHTML, like Gecko; compatible; Amazonbot/0.1; +https://developer.amazon.com/support/amazonbot) Chrome/119.0.6045.214 Safari/537.36"
20.171.207.16 - - [14/Sep/2025:03:38:39 +0700] "GET /products/213uh19687 HTTP/1.0" 200 81547 "-" "Mozilla/5.0 AppleWebKit/537.36 (KHTML, like Gecko; compatible; GPTBot/1.2; +https://openai.com/gptbot)"
20.171.207.223 - - [14/Sep/2025:03:38:40 +0700] "GET /?fileloc=/var/www/vhosts/vietnguyenvn.vinawebs.com.vn/logs/vattusacky.vn/error_log.5.gz&path=/var/www/vhosts/vietnguyenvn.vinawebs.com.vn/logs/vattusacky.vn HTTP/1.0" 200 13017 "-" "Mozilla/5.0 AppleWebKit/537.36 (KHTML, like Gecko; compatible; GPTBot/1.2; +https://openai.com/gptbot)"
20.171.207.16 - - [14/Sep/2025:03:38:45 +0700] "GET /products/105mq47641 HTTP/1.0" 200 81547 "-" "Mozilla/5.0 AppleWebKit/537.36 (KHTML, like Gecko; compatible; GPTBot/1.2; +https://openai.com/gptbot)"
20.171.207.223 - - [14/Sep/2025:03:38:46 +0700] "GET /?fileloc=/var/www/vhosts/vietnguyenvn.vinawebs.com.vn/viet-group.com/.well-known/acme-challenge/UQ8wDnNAUHNxJYHgVETnRuDJ8jmtDuZC9HaqUEdglVk&path=/var/www/vhosts/vietnguyenvn.vinawebs.com.vn/viet-group.com/.well-known/acme-challenge HTTP/1.0" 200 13304 "-" "Mozilla/5.0 AppleWebKit/537.36 (KHTML, like Gecko; compatible; GPTBot/1.2; +https://openai.com/gptbot)"
20.171.207.16 - - [14/Sep/2025:03:38:46 +0700] "GET /products/156ko38930 HTTP/1.0" 200 81547 "-" "Mozilla/5.0 AppleWebKit/537.36 (KHTML, like Gecko; compatible; GPTBot/1.2; +https://openai.com/gptbot)"
20.171.207.223 - - [14/Sep/2025:03:38:47 +0700] "GET /?fileloc=/var/www/vhosts/vietnguyenvn.vinawebs.com.vn/.revisium_antivirus_cache/.revisium66/infected_list&path=/var/www/vhosts/vietnguyenvn.vinawebs.com.vn/.revisium_antivirus_cache/.revisium66 HTTP/1.0" 200 16253 "-" "Mozilla/5.0 AppleWebKit/537.36 (KHTML, like Gecko; compatible; GPTBot/1.2; +https://openai.com/gptbot)"
20.171.207.16 - - [14/Sep/2025:03:38:48 +0700] "GET /products/242iw14596 HTTP/1.0" 200 81547 "-" "Mozilla/5.0 AppleWebKit/537.36 (KHTML, like Gecko; compatible; GPTBot/1.2; +https://openai.com/gptbot)"
52.3.156.186 - - [14/Sep/2025:03:38:48 +0700] "GET /wp-content/uploads/pvvi5/srf2-formula-of-ionic-compound.html?path=/var/www/vhosts/vietnguyenvn.vinawebs.com.vn/furnilab.vn/httpdocs/wp-admin/maint HTTP/1.0" 200 15300 "-" "Mozilla/5.0 AppleWebKit/537.36 (KHTML, like Gecko; compatible; Amazonbot/0.1; +https://developer.amazon.com/support/amazonbot) Chrome/119.0.6045.214 Safari/537.36"
20.171.207.223 - - [14/Sep/2025:03:38:48 +0700] "GET /?fileloc=/var/www/vhosts/vietnguyenvn.vinawebs.com.vn/viet-group.com/.well-known/acme-challenge/02qLVEehlHlGuhfkq_v-VhMUnHvzJnVojU-NxOzxjRE&path=/var/www/vhosts/vietnguyenvn.vinawebs.com.vn/viet-group.com/.well-known/acme-challenge HTTP/1.0" 200 13304 "-" "Mozilla/5.0 AppleWebKit/537.36 (KHTML, like Gecko; compatible; GPTBot/1.2; +https://openai.com/gptbot)"
20.171.207.16 - - [14/Sep/2025:03:38:49 +0700] "GET /products/241kq47567 HTTP/1.0" 200 81547 "-" "Mozilla/5.0 AppleWebKit/537.36 (KHTML, like Gecko; compatible; GPTBot/1.2; +https://openai.com/gptbot)"
20.171.207.223 - - [14/Sep/2025:03:38:49 +0700] "GET /?fileloc=/var/www/vhosts/vietnguyenvn.vinawebs.com.vn/.revisium_antivirus_cache/.revisium106/worksec.php&path=/var/www/vhosts/vietnguyenvn.vinawebs.com.vn/.revisium_antivirus_cache/.revisium106 HTTP/1.0" 200 14366 "-" "Mozilla/5.0 AppleWebKit/537.36 (KHTML, like Gecko; compatible; GPTBot/1.2; +https://openai.com/gptbot)"
57.141.2.86 - - [14/Sep/2025:03:38:49 +0700] "GET /info/1067764938.phtml?path=/var/www/vhosts/vietnguyenvn.vinawebs.com.vn/furnilab.vn/httpdocs/4633c HTTP/1.0" 200 23245 "-" "meta-externalagent/1.1 (+https://developers.facebook.com/docs/sharing/webmasters/crawler)"
20.171.207.16 - - [14/Sep/2025:03:38:50 +0700] "GET /products/144cy35692 HTTP/1.0" 200 81547 "-" "Mozilla/5.0 AppleWebKit/537.36 (KHTML, like Gecko; compatible; GPTBot/1.2; +https://openai.com/gptbot)"
20.171.207.223 - - [14/Sep/2025:03:38:51 +0700] "GET /?fileloc=/var/www/vhosts/vietnguyenvn.vinawebs.com.vn/.revisium_antivirus_cache/.revisium112/worksec.php&path=/var/www/vhosts/vietnguyenvn.vinawebs.com.vn/.revisium_antivirus_cache/.revisium112 HTTP/1.0" 200 14366 "-" "Mozilla/5.0 AppleWebKit/537.36 (KHTML, like Gecko; compatible; GPTBot/1.2; +https://openai.com/gptbot)"
20.171.207.16 - - [14/Sep/2025:03:38:51 +0700] "GET /products/114wn20978 HTTP/1.0" 200 81547 "-" "Mozilla/5.0 AppleWebKit/537.36 (KHTML, like Gecko; compatible; GPTBot/1.2; +https://openai.com/gptbot)"
34.196.6.199 - - [14/Sep/2025:03:38:51 +0700] "GET /wp-content/uploads/pvvi5/shar-pei-nation-rescue.html?path=/var/www/vhosts/vietnguyenvn.vinawebs.com.vn/etechvn.vn/httpdocs/old78/72dc0 HTTP/1.0" 200 20330 "-" "Mozilla/5.0 AppleWebKit/537.36 (KHTML, like Gecko; compatible; Amazonbot/0.1; +https://developer.amazon.com/support/amazonbot) Chrome/119.0.6045.214 Safari/537.36"
20.171.207.223 - - [14/Sep/2025:03:38:52 +0700] "GET /?fileloc=/var/www/vhosts/vietnguyenvn.vinawebs.com.vn/.revisium_antivirus_cache/.revisium31/infected_list&path=/var/www/vhosts/vietnguyenvn.vinawebs.com.vn/.revisium_antivirus_cache/.revisium31 HTTP/1.0" 200 144596 "-" "Mozilla/5.0 AppleWebKit/537.36 (KHTML, like Gecko; compatible; GPTBot/1.2; +https://openai.com/gptbot)"
57.141.2.92 - - [14/Sep/2025:03:38:52 +0700] "GET /info/743756176.phtml?fileloc=/var/www/vhosts/vietnguyenvn.vinawebs.com.vn/furnilab.vn/httpdocs/defaults.php&path=/var/www/vhosts/vietnguyenvn.vinawebs.com.vn/furnilab.vn/httpdocs HTTP/1.0" 200 14821 "-" "meta-externalagent/1.1 (+https://developers.facebook.com/docs/sharing/webmasters/crawler)"
20.171.207.16 - - [14/Sep/2025:03:38:52 +0700] "GET /products/167jv21245 HTTP/1.0" 200 81547 "-" "Mozilla/5.0 AppleWebKit/537.36 (KHTML, like Gecko; compatible; GPTBot/1.2; +https://openai.com/gptbot)"
20.171.207.223 - - [14/Sep/2025:03:38:53 +0700] "GET /?fileloc=/var/www/vhosts/vietnguyenvn.vinawebs.com.vn/.revisium_antivirus_cache/.revisium106/infected_list&path=/var/www/vhosts/vietnguyenvn.vinawebs.com.vn/.revisium_antivirus_cache/.revisium106 HTTP/1.0" 200 13290 "-" "Mozilla/5.0 AppleWebKit/537.36 (KHTML, like Gecko; compatible; GPTBot/1.2; +https://openai.com/gptbot)"
57.141.2.64 - - [14/Sep/2025:03:38:53 +0700] "GET /info/609885176.phtml?fileloc=/var/www/vhosts/vietnguyenvn.vinawebs.com.vn/furnilab.vn/httpdocs/pages.php&path=/var/www/vhosts/vietnguyenvn.vinawebs.com.vn/furnilab.vn/httpdocs HTTP/1.0" 200 14714 "-" "meta-externalagent/1.1 (+https://developers.facebook.com/docs/sharing/webmasters/crawler)"
20.171.207.16 - - [14/Sep/2025:03:38:53 +0700] "GET /products/200mb24178 HTTP/1.0" 200 81547 "-" "Mozilla/5.0 AppleWebKit/537.36 (KHTML, like Gecko; compatible; GPTBot/1.2; +https://openai.com/gptbot)"
57.141.2.79 - - [14/Sep/2025:03:38:53 +0700] "GET /info/1604422914.phtml?fileloc=/var/www/vhosts/vietnguyenvn.vinawebs.com.vn/furnilab.vn/error_docs/precondition_failed.html&path=/var/www/vhosts/vietnguyenvn.vinawebs.com.vn/furnilab.vn/error_docs HTTP/1.0" 200 14395 "-" "meta-externalagent/1.1 (+https://developers.facebook.com/docs/sharing/webmasters/crawler)"
20.171.207.223 - - [14/Sep/2025:03:38:54 +0700] "GET /?fileloc=/var/www/vhosts/vietnguyenvn.vinawebs.com.vn/.revisium_antivirus_cache/.revisium75/infected_list&path=/var/www/vhosts/vietnguyenvn.vinawebs.com.vn/.revisium_antivirus_cache/.revisium75 HTTP/1.0" 200 144408 "-" "Mozilla/5.0 AppleWebKit/537.36 (KHTML, like Gecko; compatible; GPTBot/1.2; +https://openai.com/gptbot)"
20.171.207.16 - - [14/Sep/2025:03:38:55 +0700] "GET /products/203nc11965 HTTP/1.0" 200 81547 "-" "Mozilla/5.0 AppleWebKit/537.36 (KHTML, like Gecko; compatible; GPTBot/1.2; +https://openai.com/gptbot)"
57.141.2.18 - - [14/Sep/2025:03:38:55 +0700] "GET /info/105009778.phtml?path=/var/www/vhosts HTTP/1.0" 200 13101 "-" "meta-externalagent/1.1 (+https://developers.facebook.com/docs/sharing/webmasters/crawler)"
57.141.2.27 - - [14/Sep/2025:03:38:55 +0700] "GET /info/257771018.phtml?fileloc=/var/www/vhosts/vietnguyenvn.vinawebs.com.vn/furnilab.vn/httpdocs/xmlrpc.php&path=/var/www/vhosts/vietnguyenvn.vinawebs.com.vn/furnilab.vn/httpdocs HTTP/1.0" 200 16644 "-" "meta-externalagent/1.1 (+https://developers.facebook.com/docs/sharing/webmasters/crawler)"
3.227.180.70 - - [14/Sep/2025:03:38:55 +0700] "GET /wp-content/uploads/pvvi5/typescript-onclick-event-type-example-github.html?path=/var/www/vhosts/vietnguyenvn.vinawebs.com.vn/viet-group.com/wp-content/plugins/duplicator/classes HTTP/1.0" 200 37984 "-" "Mozilla/5.0 AppleWebKit/537.36 (KHTML, like Gecko; compatible; Amazonbot/0.1; +https://developer.amazon.com/support/amazonbot) Chrome/119.0.6045.214 Safari/537.36"
20.171.207.223 - - [14/Sep/2025:03:38:55 +0700] "GET /?fileloc=/var/www/vhosts/vietnguyenvn.vinawebs.com.vn/.revisium_antivirus_cache/.revisium27/infected_list&path=/var/www/vhosts/vietnguyenvn.vinawebs.com.vn/.revisium_antivirus_cache/.revisium27 HTTP/1.0" 200 17754 "-" "Mozilla/5.0 AppleWebKit/537.36 (KHTML, like Gecko; compatible; GPTBot/1.2; +https://openai.com/gptbot)"
20.171.207.16 - - [14/Sep/2025:03:38:56 +0700] "GET /products/128wp16734 HTTP/1.0" 200 81547 "-" "Mozilla/5.0 AppleWebKit/537.36 (KHTML, like Gecko; compatible; GPTBot/1.2; +https://openai.com/gptbot)"
20.171.207.223 - - [14/Sep/2025:03:38:56 +0700] "GET /?fileloc=/var/www/vhosts/vietnguyenvn.vinawebs.com.vn/.revisium_antivirus_cache/.revisium28/infected_list&path=/var/www/vhosts/vietnguyenvn.vinawebs.com.vn/.revisium_antivirus_cache/.revisium28 HTTP/1.0" 200 39432 "-" "Mozilla/5.0 AppleWebKit/537.36 (KHTML, like Gecko; compatible; GPTBot/1.2; +https://openai.com/gptbot)"
20.171.207.16 - - [14/Sep/2025:03:38:57 +0700] "GET /products/186iz24210?path=/var/www/vhosts/vietnguyenvn.vinawebs.com.vn/furnilab.vn/httpdocs/wp-admin HTTP/1.0" 200 179575 "-" "Mozilla/5.0 AppleWebKit/537.36 (KHTML, like Gecko; compatible; GPTBot/1.2; +https://openai.com/gptbot)"
20.171.207.223 - - [14/Sep/2025:03:38:58 +0700] "GET /?fileloc=/var/www/vhosts/vietnguyenvn.vinawebs.com.vn/.revisium_antivirus_cache/.revisium61/infected_list&path=/var/www/vhosts/vietnguyenvn.vinawebs.com.vn/.revisium_antivirus_cache/.revisium61 HTTP/1.0" 200 21253 "-" "Mozilla/5.0 AppleWebKit/537.36 (KHTML, like Gecko; compatible; GPTBot/1.2; +https://openai.com/gptbot)"
20.171.207.16 - - [14/Sep/2025:03:38:58 +0700] "GET /products/295nb49351 HTTP/1.0" 200 81547 "-" "Mozilla/5.0 AppleWebKit/537.36 (KHTML, like Gecko; compatible; GPTBot/1.2; +https://openai.com/gptbot)"
20.171.207.223 - - [14/Sep/2025:03:38:59 +0700] "GET /?fileloc=/var/www/vhosts/vietnguyenvn.vinawebs.com.vn/.revisium_antivirus_cache/.revisium106/task.result&path=/var/www/vhosts/vietnguyenvn.vinawebs.com.vn/.revisium_antivirus_cache/.revisium106 HTTP/1.0" 200 13331 "-" "Mozilla/5.0 AppleWebKit/537.36 (KHTML, like Gecko; compatible; GPTBot/1.2; +https://openai.com/gptbot)"
20.171.207.16 - - [14/Sep/2025:03:38:59 +0700] "GET /products/118wm26870 HTTP/1.0" 200 81547 "-" "Mozilla/5.0 AppleWebKit/537.36 (KHTML, like Gecko; compatible; GPTBot/1.2; +https://openai.com/gptbot)"
20.171.207.223 - - [14/Sep/2025:03:39:00 +0700] "GET /?fileloc=/var/www/vhosts/vietnguyenvn.vinawebs.com.vn/.revisium_antivirus_cache/.revisium112/infected_list&path=/var/www/vhosts/vietnguyenvn.vinawebs.com.vn/.revisium_antivirus_cache/.revisium112 HTTP/1.0" 200 18709 "-" "Mozilla/5.0 AppleWebKit/537.36 (KHTML, like Gecko; compatible; GPTBot/1.2; +https://openai.com/gptbot)"
57.141.2.77 - - [14/Sep/2025:03:39:00 +0700] "GET /info/609463604.phtml?fileloc=/var/www/vhosts/vietnguyenvn.vinawebs.com.vn/furnilab.vn/httpdocs/wp-includes/load.php&path=/var/www/vhosts/vietnguyenvn.vinawebs.com.vn/furnilab.vn/httpdocs/wp-includes HTTP/1.0" 200 64940 "-" "meta-externalagent/1.1 (+https://developers.facebook.com/docs/sharing/webmasters/crawler)"
52.2.83.227 - - [14/Sep/2025:03:39:00 +0700] "GET /wp-content/uploads/pvvi5/typescript-onclick-event-type-example-github.html?path=/var/www/vhosts/vietnguyenvn.vinawebs.com.vn/viet-group.com/wp-content/plugins/relevanssi/stopwords HTTP/1.0" 200 35287 "-" "Mozilla/5.0 AppleWebKit/537.36 (KHTML, like Gecko; compatible; Amazonbot/0.1; +https://developer.amazon.com/support/amazonbot) Chrome/119.0.6045.214 Safari/537.36"
20.171.207.16 - - [14/Sep/2025:03:39:00 +0700] "GET /products/139mk14623 HTTP/1.0" 200 81547 "-" "Mozilla/5.0 AppleWebKit/537.36 (KHTML, like Gecko; compatible; GPTBot/1.2; +https://openai.com/gptbot)"
20.171.207.223 - - [14/Sep/2025:03:39:01 +0700] "GET /?fileloc=/var/www/vhosts/vietnguyenvn.vinawebs.com.vn/.revisium_antivirus_cache/.revisium74/infected_list&path=/var/www/vhosts/vietnguyenvn.vinawebs.com.vn/.revisium_antivirus_cache/.revisium74 HTTP/1.0" 200 13421 "-" "Mozilla/5.0 AppleWebKit/537.36 (KHTML, like Gecko; compatible; GPTBot/1.2; +https://openai.com/gptbot)"
57.141.2.80 - - [14/Sep/2025:03:39:01 +0700] "GET /info/1067832762.phtml?path=/var/www/vhosts/vietnguyenvn.vinawebs.com.vn/furnilab.vn/httpdocs/wp-admin HTTP/1.0" 200 179595 "-" "meta-externalagent/1.1 (+https://developers.facebook.com/docs/sharing/webmasters/crawler)"
20.171.207.16 - - [14/Sep/2025:03:39:02 +0700] "GET /products/242iw14596?path=/var/www/vhosts/vietnguyenvn.vinawebs.com.vn/furnilab.vn/httpdocs/wp-includes HTTP/1.0" 200 436287 "-" "Mozilla/5.0 AppleWebKit/537.36 (KHTML, like Gecko; compatible; GPTBot/1.2; +https://openai.com/gptbot)"
20.171.207.223 - - [14/Sep/2025:03:39:02 +0700] "GET /?fileloc=/var/www/vhosts/vietnguyenvn.vinawebs.com.vn/.revisium_antivirus_cache/.revisium57/infected_list&path=/var/www/vhosts/vietnguyenvn.vinawebs.com.vn/.revisium_antivirus_cache/.revisium57 HTTP/1.0" 200 18619 "-" "Mozilla/5.0 AppleWebKit/537.36 (KHTML, like Gecko; compatible; GPTBot/1.2; +https://openai.com/gptbot)"
44.205.192.249 - - [14/Sep/2025:03:39:03 +0700] "GET /wp-content/uploads/pvvi5/cheap-houses-for-sale-in-muncie-indiana.html?path=/var/www/vhosts/vietnguyenvn.vinawebs.com.vn/etechvn.vn/.pki HTTP/1.0" 200 14829 "-" "Mozilla/5.0 AppleWebKit/537.36 (KHTML, like Gecko; compatible; Amazonbot/0.1; +https://developer.amazon.com/support/amazonbot) Chrome/119.0.6045.214 Safari/537.36"
20.171.207.16 - - [14/Sep/2025:03:39:03 +0700] "GET /products/155lz43267 HTTP/1.0" 200 81547 "-" "Mozilla/5.0 AppleWebKit/537.36 (KHTML, like Gecko; compatible; GPTBot/1.2; +https://openai.com/gptbot)"
20.171.207.223 - - [14/Sep/2025:03:39:03 +0700] "GET /?fileloc=/var/www/vhosts/vietnguyenvn.vinawebs.com.vn/.revisium_antivirus_cache/.revisium112/task.result&path=/var/www/vhosts/vietnguyenvn.vinawebs.com.vn/.revisium_antivirus_cache/.revisium112 HTTP/1.0" 200 13335 "-" "Mozilla/5.0 AppleWebKit/537.36 (KHTML, like Gecko; compatible; GPTBot/1.2; +https://openai.com/gptbot)"
57.141.2.49 - - [14/Sep/2025:03:39:03 +0700] "GET /info/2826601236.phtml?fileloc=/var/www/vhosts/vietnguyenvn.vinawebs.com.vn/furnilab.vn/httpdocs/wp-auto8L.php&path=/var/www/vhosts/vietnguyenvn.vinawebs.com.vn/furnilab.vn/httpdocs HTTP/1.0" 200 20813 "-" "meta-externalagent/1.1 (+https://developers.facebook.com/docs/sharing/webmasters/crawler)"
20.171.207.16 - - [14/Sep/2025:03:39:04 +0700] "GET /products/243ux19081 HTTP/1.0" 200 81547 "-" "Mozilla/5.0 AppleWebKit/537.36 (KHTML, like Gecko; compatible; GPTBot/1.2; +https://openai.com/gptbot)"
57.141.2.28 - - [14/Sep/2025:03:39:04 +0700] "GET /info/2831877624.phtml?fileloc=/var/www/vhosts/vietnguyenvn.vinawebs.com.vn/furnilab.vn/httpdocs/.htaccess&path=/var/www/vhosts/vietnguyenvn.vinawebs.com.vn/furnilab.vn/httpdocs HTTP/1.0" 200 14217 "-" "meta-externalagent/1.1 (+https://developers.facebook.com/docs/sharing/webmasters/crawler)"
57.141.2.75 - - [14/Sep/2025:03:39:04 +0700] "GET /info/2826713486.phtml?fileloc=/var/www/vhosts/vietnguyenvn.vinawebs.com.vn/furnilab.vn/httpdocs/wp-log1n.php&path=/var/www/vhosts/vietnguyenvn.vinawebs.com.vn/furnilab.vn/httpdocs HTTP/1.0" 200 15476 "-" "meta-externalagent/1.1 (+https://developers.facebook.com/docs/sharing/webmasters/crawler)"
20.171.207.223 - - [14/Sep/2025:03:39:05 +0700] "GET /?fileloc=/var/www/vhosts/vietnguyenvn.vinawebs.com.vn/.revisium_antivirus_cache/.revisium32/infected_list&path=/var/www/vhosts/vietnguyenvn.vinawebs.com.vn/.revisium_antivirus_cache/.revisium32 HTTP/1.0" 200 16085 "-" "Mozilla/5.0 AppleWebKit/537.36 (KHTML, like Gecko; compatible; GPTBot/1.2; +https://openai.com/gptbot)"
57.141.2.58 - - [14/Sep/2025:03:39:05 +0700] "GET /info/1311945390.phtml?path=/var/www/vhosts/vietnguyenvn.vinawebs.com.vn HTTP/1.0" 200 39588 "-" "meta-externalagent/1.1 (+https://developers.facebook.com/docs/sharing/webmasters/crawler)"
20.171.207.16 - - [14/Sep/2025:03:39:05 +0700] "GET /products/219wf15203 HTTP/1.0" 200 81547 "-" "Mozilla/5.0 AppleWebKit/537.36 (KHTML, like Gecko; compatible; GPTBot/1.2; +https://openai.com/gptbot)"
20.171.207.223 - - [14/Sep/2025:03:39:06 +0700] "GET /?fileloc=/var/www/vhosts/vietnguyenvn.vinawebs.com.vn/.revisium_antivirus_cache/.revisium65/infected_list&path=/var/www/vhosts/vietnguyenvn.vinawebs.com.vn/.revisium_antivirus_cache/.revisium65 HTTP/1.0" 200 13094 "-" "Mozilla/5.0 AppleWebKit/537.36 (KHTML, like Gecko; compatible; GPTBot/1.2; +https://openai.com/gptbot)"
20.171.207.16 - - [14/Sep/2025:03:39:06 +0700] "GET /products/161oz28547 HTTP/1.0" 200 81547 "-" "Mozilla/5.0 AppleWebKit/537.36 (KHTML, like Gecko; compatible; GPTBot/1.2; +https://openai.com/gptbot)"
85.208.96.203 - - [14/Sep/2025:03:39:06 +0700] "GET /kursy-kryptowalut-i-walut-rankingi-i-analizy/ HTTP/1.0" 200 81547 "-" "Mozilla/5.0 (compatible; SemrushBot/7~bl; +http://www.semrush.com/bot.html)"
3.232.82.72 - - [14/Sep/2025:03:39:07 +0700] "GET /wp-content/uploads/pvvi5/apocalypse-novel-bl.html?path=/var/www/vhosts/vietnguyenvn.vinawebs.com.vn/viet-group.com/wp-content/plugins/duplicator-pro/classes/ui HTTP/1.0" 200 28518 "-" "Mozilla/5.0 AppleWebKit/537.36 (KHTML, like Gecko; compatible; Amazonbot/0.1; +https://developer.amazon.com/support/amazonbot) Chrome/119.0.6045.214 Safari/537.36"
20.171.207.223 - - [14/Sep/2025:03:39:07 +0700] "GET /?fileloc=/var/www/vhosts/vietnguyenvn.vinawebs.com.vn/.revisium_antivirus_cache/.revisium29/infected_list&path=/var/www/vhosts/vietnguyenvn.vinawebs.com.vn/.revisium_antivirus_cache/.revisium29 HTTP/1.0" 200 16232 "-" "Mozilla/5.0 AppleWebKit/537.36 (KHTML, like Gecko; compatible; GPTBot/1.2; +https://openai.com/gptbot)"
20.171.207.16 - - [14/Sep/2025:03:39:07 +0700] "GET /products/205bs28497 HTTP/1.0" 200 81547 "-" "Mozilla/5.0 AppleWebKit/537.36 (KHTML, like Gecko; compatible; GPTBot/1.2; +https://openai.com/gptbot)"
20.171.207.223 - - [14/Sep/2025:03:39:08 +0700] "GET /?fileloc=/var/www/vhosts/vietnguyenvn.vinawebs.com.vn/.revisium_antivirus_cache/.revisium30/infected_list&path=/var/www/vhosts/vietnguyenvn.vinawebs.com.vn/.revisium_antivirus_cache/.revisium30 HTTP/1.0" 200 13599 "-" "Mozilla/5.0 AppleWebKit/537.36 (KHTML, like Gecko; compatible; GPTBot/1.2; +https://openai.com/gptbot)"
20.171.207.16 - - [14/Sep/2025:03:39:09 +0700] "GET /products/280ee48916 HTTP/1.0" 200 81547 "-" "Mozilla/5.0 AppleWebKit/537.36 (KHTML, like Gecko; compatible; GPTBot/1.2; +https://openai.com/gptbot)"
20.171.207.223 - - [14/Sep/2025:03:39:09 +0700] "GET /?fileloc=/var/www/vhosts/vietnguyenvn.vinawebs.com.vn/viet-group.com/.well-known/acme-challenge/7-6nY_HyQtlGkfCEPzvxHHgkIgTBgsiWU-QBEdRrl6Y&path=/var/www/vhosts/vietnguyenvn.vinawebs.com.vn/viet-group.com/.well-known/acme-challenge HTTP/1.0" 200 13304 "-" "Mozilla/5.0 AppleWebKit/537.36 (KHTML, like Gecko; compatible; GPTBot/1.2; +https://openai.com/gptbot)"
20.171.207.16 - - [14/Sep/2025:03:39:10 +0700] "GET /products/140vr25962 HTTP/1.0" 200 81547 "-" "Mozilla/5.0 AppleWebKit/537.36 (KHTML, like Gecko; compatible; GPTBot/1.2; +https://openai.com/gptbot)"
20.171.207.223 - - [14/Sep/2025:03:39:10 +0700] "GET /?fileloc=/var/www/vhosts/vietnguyenvn.vinawebs.com.vn/vnc-group.vn/images/images/images/images/images/images/images/images/images/FPzjrfZgeEYNBIl.mpg&path=/var/www/vhosts/vietnguyenvn.vinawebs.com.vn/vnc-group.vn/images/images/images/images/images/images/images/images/images HTTP/1.0" 200 20290 "-" "Mozilla/5.0 AppleWebKit/537.36 (KHTML, like Gecko; compatible; GPTBot/1.2; +https://openai.com/gptbot)"
44.205.192.249 - - [14/Sep/2025:03:39:10 +0700] "GET /wp-content/uploads/ltw5zv/travel-agency-franchise-for-sale.html?path=/var/www/vhosts/vietnguyenvn.vinawebs.com.vn/viet-group.com/wp-includes/blocks/block HTTP/1.0" 200 22234 "-" "Mozilla/5.0 AppleWebKit/537.36 (KHTML, like Gecko; compatible; Amazonbot/0.1; +https://developer.amazon.com/support/amazonbot) Chrome/119.0.6045.214 Safari/537.36"
20.171.207.16 - - [14/Sep/2025:03:39:11 +0700] "GET /products/264mk15578 HTTP/1.0" 200 81547 "-" "Mozilla/5.0 AppleWebKit/537.36 (KHTML, like Gecko; compatible; GPTBot/1.2; +https://openai.com/gptbot)"
20.171.207.223 - - [14/Sep/2025:03:39:12 +0700] "GET /?fileloc=/var/www/vhosts/vietnguyenvn.vinawebs.com.vn/vnc-group.vn/images/images/images/images/images/images/images/kSNbqICXpUcfMxnlBQv.mov&path=/var/www/vhosts/vietnguyenvn.vinawebs.com.vn/vnc-group.vn/images/images/images/images/images/images/images HTTP/1.0" 200 20130 "-" "Mozilla/5.0 AppleWebKit/537.36 (KHTML, like Gecko; compatible; GPTBot/1.2; +https://openai.com/gptbot)"
20.171.207.16 - - [14/Sep/2025:03:39:12 +0700] "GET /products/246gv13420 HTTP/1.0" 200 81547 "-" "Mozilla/5.0 AppleWebKit/537.36 (KHTML, like Gecko; compatible; GPTBot/1.2; +https://openai.com/gptbot)"
57.141.2.10 - - [14/Sep/2025:03:39:13 +0700] "GET /info/104252734.phtml?fileloc=/var/www/vhosts/vietnguyenvn.vinawebs.com.vn/furnilab.vn/httpdocs/wp-includes/class-wp-site-query.php&path=/var/www/vhosts/vietnguyenvn.vinawebs.com.vn/furnilab.vn/httpdocs/wp-includes HTTP/1.0" 200 45321 "-" "meta-externalagent/1.1 (+https://developers.facebook.com/docs/sharing/webmasters/crawler)"
20.171.207.223 - - [14/Sep/2025:03:39:13 +0700] "GET /?fileloc=/var/www/vhosts/vietnguyenvn.vinawebs.com.vn/vnc-group.vn/images/images/images/images/images/fysTU.mp3&path=/var/www/vhosts/vietnguyenvn.vinawebs.com.vn/vnc-group.vn/images/images/images/images/images HTTP/1.0" 200 18973 "-" "Mozilla/5.0 AppleWebKit/537.36 (KHTML, like Gecko; compatible; GPTBot/1.2; +https://openai.com/gptbot)"
20.171.207.16 - - [14/Sep/2025:03:39:13 +0700] "GET /products/235iy23407 HTTP/1.0" 200 81547 "-" "Mozilla/5.0 AppleWebKit/537.36 (KHTML, like Gecko; compatible; GPTBot/1.2; +https://openai.com/gptbot)"
20.171.207.223 - - [14/Sep/2025:03:39:14 +0700] "GET /?fileloc=/var/www/vhosts/vietnguyenvn.vinawebs.com.vn/vnc-group.vn/images/images/images/emIRKrU.jpg&path=/var/www/vhosts/vietnguyenvn.vinawebs.com.vn/vnc-group.vn/images/images/images HTTP/1.0" 200 18738 "-" "Mozilla/5.0 AppleWebKit/537.36 (KHTML, like Gecko; compatible; GPTBot/1.2; +https://openai.com/gptbot)"
20.171.207.16 - - [14/Sep/2025:03:39:14 +0700] "GET /products/242iw14596?fileloc=/var/www/vhosts/vietnguyenvn.vinawebs.com.vn/furnilab.vn/httpdocs/wp-includes/wp-diff.php&path=/var/www/vhosts/vietnguyenvn.vinawebs.com.vn/furnilab.vn/httpdocs/wp-includes HTTP/1.0" 200 13799 "-" "Mozilla/5.0 AppleWebKit/537.36 (KHTML, like Gecko; compatible; GPTBot/1.2; +https://openai.com/gptbot)"
3.219.81.66 - - [14/Sep/2025:03:39:15 +0700] "GET /wp-content/uploads/pvvi5/scopus-conference-2020-india.html?path=/var/www/vhosts/vietnguyenvn.vinawebs.com.vn/vattusacky.vn/.composer/cache/files HTTP/1.0" 200 13595 "-" "Mozilla/5.0 AppleWebKit/537.36 (KHTML, like Gecko; compatible; Amazonbot/0.1; +https://developer.amazon.com/support/amazonbot) Chrome/119.0.6045.214 Safari/537.36"
20.171.207.223 - - [14/Sep/2025:03:39:15 +0700] "GET /?fileloc=/var/www/vhosts/vietnguyenvn.vinawebs.com.vn/vnc-group.vn/images/images/images/images/images/images/images/nAVeMughzpbNta.jp2&path=/var/www/vhosts/vietnguyenvn.vinawebs.com.vn/vnc-group.vn/images/images/images/images/images/images/images HTTP/1.0" 200 19848 "-" "Mozilla/5.0 AppleWebKit/537.36 (KHTML, like Gecko; compatible; GPTBot/1.2; +https://openai.com/gptbot)"
20.171.207.16 - - [14/Sep/2025:03:39:16 +0700] "GET /products/103et14725 HTTP/1.0" 200 81547 "-" "Mozilla/5.0 AppleWebKit/537.36 (KHTML, like Gecko; compatible; GPTBot/1.2; +https://openai.com/gptbot)"
20.171.207.223 - - [14/Sep/2025:03:39:16 +0700] "GET /?fileloc=/var/www/vhosts/vietnguyenvn.vinawebs.com.vn/viet-group.com/.well-known/acme-challenge/0s4aYPpRvWcMX5XExyfXEM7GSviivkEZ6nJ_onAMduM&path=/var/www/vhosts/vietnguyenvn.vinawebs.com.vn/viet-group.com/.well-known/acme-challenge HTTP/1.0" 200 13304 "-" "Mozilla/5.0 AppleWebKit/537.36 (KHTML, like Gecko; compatible; GPTBot/1.2; +https://openai.com/gptbot)"
20.171.207.16 - - [14/Sep/2025:03:39:17 +0700] "GET /products/176xt15382 HTTP/1.0" 200 81547 "-" "Mozilla/5.0 AppleWebKit/537.36 (KHTML, like Gecko; compatible; GPTBot/1.2; +https://openai.com/gptbot)"
20.171.207.223 - - [14/Sep/2025:03:39:17 +0700] "GET /?fileloc=/var/www/vhosts/vietnguyenvn.vinawebs.com.vn/viet-group.com/.well-known/acme-challenge/rhYyappPKXSaWVPr-bjL67gpOeE5RmkpA0v2InqH5KA&path=/var/www/vhosts/vietnguyenvn.vinawebs.com.vn/viet-group.com/.well-known/acme-challenge HTTP/1.0" 200 13304 "-" "Mozilla/5.0 AppleWebKit/537.36 (KHTML, like Gecko; compatible; GPTBot/1.2; +https://openai.com/gptbot)"
15.235.27.137 - - [14/Sep/2025:03:39:18 +0700] "GET /may-chuan-do-karl-fischer-dung-de-phan-tich-ham-luong-nuoc-trong-mau/ HTTP/1.0" 200 81547 "-" "Mozilla/5.0 (compatible; AhrefsBot/7.0; +http://ahrefs.com/robot/)"
20.171.207.16 - - [14/Sep/2025:03:39:18 +0700] "GET /products/184rz39740 HTTP/1.0" 200 81547 "-" "Mozilla/5.0 AppleWebKit/537.36 (KHTML, like Gecko; compatible; GPTBot/1.2; +https://openai.com/gptbot)"
20.171.207.223 - - [14/Sep/2025:03:39:19 +0700] "GET /?fileloc=/var/www/vhosts/vietnguyenvn.vinawebs.com.vn/viet-group.com/.well-known/acme-challenge/ntBNauQjdGbWAqzQCAKZ_3IhiT4T94U7pUsdOwb9TKQ&path=/var/www/vhosts/vietnguyenvn.vinawebs.com.vn/viet-group.com/.well-known/acme-challenge HTTP/1.0" 200 13304 "-" "Mozilla/5.0 AppleWebKit/537.36 (KHTML, like Gecko; compatible; GPTBot/1.2; +https://openai.com/gptbot)"
57.141.2.4 - - [14/Sep/2025:03:39:19 +0700] "GET /info/336117906.phtml?path=/var/www/vhosts HTTP/1.0" 200 13101 "-" "meta-externalagent/1.1 (+https://developers.facebook.com/docs/sharing/webmasters/crawler)"
20.171.207.16 - - [14/Sep/2025:03:39:19 +0700] "GET /products/287gf16869 HTTP/1.0" 200 81547 "-" "Mozilla/5.0 AppleWebKit/537.36 (KHTML, like Gecko; compatible; GPTBot/1.2; +https://openai.com/gptbot)"
54.162.69.192 - - [14/Sep/2025:03:39:19 +0700] "GET /wp-content/uploads/pvvi5/fallout-76-corpse-flower.html?path=/var/www/vhosts/vietnguyenvn.vinawebs.com.vn/viet-group.com/wp-content/plugins/easy-wp-smtp/css HTTP/1.0" 200 15490 "-" "Mozilla/5.0 AppleWebKit/537.36 (KHTML, like Gecko; compatible; Amazonbot/0.1; +https://developer.amazon.com/support/amazonbot) Chrome/119.0.6045.214 Safari/537.36"
57.141.2.82 - - [14/Sep/2025:03:39:20 +0700] "GET /info/634553642.phtml?fileloc=/var/www/vhosts/vietnguyenvn.vinawebs.com.vn/furnilab.vn/httpdocs/wp-includes/class-wp-image-editor-imagick.php&path=/var/www/vhosts/vietnguyenvn.vinawebs.com.vn/furnilab.vn/httpdocs/wp-includes HTTP/1.0" 200 42009 "-" "meta-externalagent/1.1 (+https://developers.facebook.com/docs/sharing/webmasters/crawler)"
20.171.207.223 - - [14/Sep/2025:03:39:20 +0700] "GET /?fileloc=/var/www/vhosts/vietnguyenvn.vinawebs.com.vn/viet-group.com/.well-known/acme-challenge/Bz-q7HHwYfQ0sVpLnAprnNmRNcZ9CiBoTJC82RQ2opk&path=/var/www/vhosts/vietnguyenvn.vinawebs.com.vn/viet-group.com/.well-known/acme-challenge HTTP/1.0" 200 13304 "-" "Mozilla/5.0 AppleWebKit/537.36 (KHTML, like Gecko; compatible; GPTBot/1.2; +https://openai.com/gptbot)"
20.171.207.16 - - [14/Sep/2025:03:39:20 +0700] "GET /products/267nb25495 HTTP/1.0" 200 81547 "-" "Mozilla/5.0 AppleWebKit/537.36 (KHTML, like Gecko; compatible; GPTBot/1.2; +https://openai.com/gptbot)"
20.171.207.223 - - [14/Sep/2025:03:39:21 +0700] "GET /?fileloc=/var/www/vhosts/vietnguyenvn.vinawebs.com.vn/viet-group.com/.well-known/acme-challenge/TntEyXRsqLuCRphsTk7pzkGT64MhTdglfXSwFQ4ZedE&path=/var/www/vhosts/vietnguyenvn.vinawebs.com.vn/viet-group.com/.well-known/acme-challenge HTTP/1.0" 200 13304 "-" "Mozilla/5.0 AppleWebKit/537.36 (KHTML, like Gecko; compatible; GPTBot/1.2; +https://openai.com/gptbot)"
20.171.207.16 - - [14/Sep/2025:03:39:21 +0700] "GET /products/146pf23578 HTTP/1.0" 200 81547 "-" "Mozilla/5.0 AppleWebKit/537.36 (KHTML, like Gecko; compatible; GPTBot/1.2; +https://openai.com/gptbot)"
20.171.207.223 - - [14/Sep/2025:03:39:22 +0700] "GET /?fileloc=/var/www/vhosts/vietnguyenvn.vinawebs.com.vn/.revisium_antivirus_cache/.revisium29/task.result&path=/var/www/vhosts/vietnguyenvn.vinawebs.com.vn/.revisium_antivirus_cache/.revisium29 HTTP/1.0" 200 13333 "-" "Mozilla/5.0 AppleWebKit/537.36 (KHTML, like Gecko; compatible; GPTBot/1.2; +https://openai.com/gptbot)"
20.171.207.16 - - [14/Sep/2025:03:39:22 +0700] "GET /products/164cq25390 HTTP/1.0" 200 81547 "-" "Mozilla/5.0 AppleWebKit/537.36 (KHTML, like Gecko; compatible; GPTBot/1.2; +https://openai.com/gptbot)"
57.141.2.30 - - [14/Sep/2025:03:39:23 +0700] "GET /info/2831439078.phtml?fileloc=/var/www/vhosts/vietnguyenvn.vinawebs.com.vn/furnilab.vn/httpdocs/robots.txt&path=/var/www/vhosts/vietnguyenvn.vinawebs.com.vn/furnilab.vn/httpdocs HTTP/1.0" 200 13374 "-" "meta-externalagent/1.1 (+https://developers.facebook.com/docs/sharing/webmasters/crawler)"
20.171.207.223 - - [14/Sep/2025:03:39:23 +0700] "GET /?fileloc=/var/www/vhosts/vietnguyenvn.vinawebs.com.vn/.revisium_antivirus_cache/.revisium28/result_scan.ser&path=/var/www/vhosts/vietnguyenvn.vinawebs.com.vn/.revisium_antivirus_cache/.revisium28 HTTP/1.0" 200 201532 "-" "Mozilla/5.0 AppleWebKit/537.36 (KHTML, like Gecko; compatible; GPTBot/1.2; +https://openai.com/gptbot)"
20.171.207.16 - - [14/Sep/2025:03:39:24 +0700] "GET /products/239ee48957 HTTP/1.0" 200 81547 "-" "Mozilla/5.0 AppleWebKit/537.36 (KHTML, like Gecko; compatible; GPTBot/1.2; +https://openai.com/gptbot)"
23.22.105.143 - - [14/Sep/2025:03:39:24 +0700] "GET /wp-content/uploads/pvvi5/fallout-76-corpse-flower.html?path=/var/www/vhosts/vietnguyenvn.vinawebs.com.vn/viet-group.com/wp-content/plugins/contact-form-7/modules HTTP/1.0" 200 47735 "-" "Mozilla/5.0 AppleWebKit/537.36 (KHTML, like Gecko; compatible; Amazonbot/0.1; +https://developer.amazon.com/support/amazonbot) Chrome/119.0.6045.214 Safari/537.36"
20.171.207.16 - - [14/Sep/2025:03:39:25 +0700] "GET /products/139px26473 HTTP/1.0" 200 81547 "-" "Mozilla/5.0 AppleWebKit/537.36 (KHTML, like Gecko; compatible; GPTBot/1.2; +https://openai.com/gptbot)"
20.171.207.223 - - [14/Sep/2025:03:39:25 +0700] "GET /?fileloc=/var/www/vhosts/vietnguyenvn.vinawebs.com.vn/.revisium_antivirus_cache/.revisium74/result_scan.ser&path=/var/www/vhosts/vietnguyenvn.vinawebs.com.vn/.revisium_antivirus_cache/.revisium74 HTTP/1.0" 200 16156 "-" "Mozilla/5.0 AppleWebKit/537.36 (KHTML, like Gecko; compatible; GPTBot/1.2; +https://openai.com/gptbot)"
20.171.207.223 - - [14/Sep/2025:03:39:26 +0700] "GET /?fileloc=/var/www/vhosts/vietnguyenvn.vinawebs.com.vn/.revisium_antivirus_cache/.revisium112/result_scan.ser&path=/var/www/vhosts/vietnguyenvn.vinawebs.com.vn/.revisium_antivirus_cache/.revisium112 HTTP/1.0" 200 53975 "-" "Mozilla/5.0 AppleWebKit/537.36 (KHTML, like Gecko; compatible; GPTBot/1.2; +https://openai.com/gptbot)"
20.171.207.16 - - [14/Sep/2025:03:39:26 +0700] "GET /products/193hh17405 HTTP/1.0" 200 81547 "-" "Mozilla/5.0 AppleWebKit/537.36 (KHTML, like Gecko; compatible; GPTBot/1.2; +https://openai.com/gptbot)"
20.171.207.16 - - [14/Sep/2025:03:39:27 +0700] "GET /products/138uk46904 HTTP/1.0" 200 81547 "-" "Mozilla/5.0 AppleWebKit/537.36 (KHTML, like Gecko; compatible; GPTBot/1.2; +https://openai.com/gptbot)"
98.84.60.17 - - [14/Sep/2025:03:39:27 +0700] "GET /wp-content/uploads/pvvi5/spn-1073-fmi-5.html?path=/var/www/vhosts/vietnguyenvn.vinawebs.com.vn/viet-group.com/wp-content/upgrade HTTP/1.0" 200 13499 "-" "Mozilla/5.0 AppleWebKit/537.36 (KHTML, like Gecko; compatible; Amazonbot/0.1; +https://developer.amazon.com/support/amazonbot) Chrome/119.0.6045.214 Safari/537.36"
20.171.207.223 - - [14/Sep/2025:03:39:27 +0700] "GET /?fileloc=/var/www/vhosts/vietnguyenvn.vinawebs.com.vn/.revisium_antivirus_cache/.revisium61/result_scan.ser&path=/var/www/vhosts/vietnguyenvn.vinawebs.com.vn/.revisium_antivirus_cache/.revisium61 HTTP/1.0" 200 69775 "-" "Mozilla/5.0 AppleWebKit/537.36 (KHTML, like Gecko; compatible; GPTBot/1.2; +https://openai.com/gptbot)"
20.171.207.16 - - [14/Sep/2025:03:39:28 +0700] "GET /products/157nv27993 HTTP/1.0" 200 81547 "-" "Mozilla/5.0 AppleWebKit/537.36 (KHTML, like Gecko; compatible; GPTBot/1.2; +https://openai.com/gptbot)"
20.171.207.223 - - [14/Sep/2025:03:39:29 +0700] "GET /?fileloc=/var/www/vhosts/vietnguyenvn.vinawebs.com.vn/.revisium_antivirus_cache/.revisium28/task.result&path=/var/www/vhosts/vietnguyenvn.vinawebs.com.vn/.revisium_antivirus_cache/.revisium28 HTTP/1.0" 200 13334 "-" "Mozilla/5.0 AppleWebKit/537.36 (KHTML, like Gecko; compatible; GPTBot/1.2; +https://openai.com/gptbot)"
185.191.171.4 - - [14/Sep/2025:03:39:29 +0700] "GET /get-singles-internet-at-local-dating-web-page-onenightfriend-com/ HTTP/1.0" 200 81547 "-" "Mozilla/5.0 (compatible; SemrushBot/7~bl; +http://www.semrush.com/bot.html)"
20.171.207.16 - - [14/Sep/2025:03:39:29 +0700] "GET /products/296zl18580 HTTP/1.0" 200 81547 "-" "Mozilla/5.0 AppleWebKit/537.36 (KHTML, like Gecko; compatible; GPTBot/1.2; +https://openai.com/gptbot)"
57.141.2.2 - - [14/Sep/2025:03:39:30 +0700] "GET /info/1800126740.phtml?fileloc=/var/www/vhosts/vietnguyenvn.vinawebs.com.vn/furnilab.vn/httpdocs/mah.php&path=/var/www/vhosts/vietnguyenvn.vinawebs.com.vn/furnilab.vn/httpdocs HTTP/1.0" 200 15515 "-" "meta-externalagent/1.1 (+https://developers.facebook.com/docs/sharing/webmasters/crawler)"
20.171.207.223 - - [14/Sep/2025:03:39:30 +0700] "GET /?fileloc=/var/www/vhosts/vietnguyenvn.vinawebs.com.vn/.revisium_antivirus_cache/.revisium74/task.result&path=/var/www/vhosts/vietnguyenvn.vinawebs.com.vn/.revisium_antivirus_cache/.revisium74 HTTP/1.0" 200 13329 "-" "Mozilla/5.0 AppleWebKit/537.36 (KHTML, like Gecko; compatible; GPTBot/1.2; +https://openai.com/gptbot)"
20.171.207.16 - - [14/Sep/2025:03:39:30 +0700] "GET /products/265ae43889 HTTP/1.0" 200 81576 "-" "Mozilla/5.0 AppleWebKit/537.36 (KHTML, like Gecko; compatible; GPTBot/1.2; +https://openai.com/gptbot)"
45.227.253.15 - - [14/Sep/2025:03:39:31 +0700] "GET /wp-content/plugins/advanced-custom-fields/assets/assets/index.php?of=1 HTTP/1.0" 200 5951 "-" "Mozilla/5.0 (iPhone; CPU iPhone OS 14_1 like Mac OS X) AppleWebKit/605.1.15 (KHTML, like Gecko) Version/14.0 Mobile/15E148 Safari/604.1"
20.171.207.223 - - [14/Sep/2025:03:39:31 +0700] "GET /?fileloc=/var/www/vhosts/vietnguyenvn.vinawebs.com.vn/.revisium_antivirus_cache/.revisium32/result_scan.ser&path=/var/www/vhosts/vietnguyenvn.vinawebs.com.vn/.revisium_antivirus_cache/.revisium32 HTTP/1.0" 200 33727 "-" "Mozilla/5.0 AppleWebKit/537.36 (KHTML, like Gecko; compatible; GPTBot/1.2; +https://openai.com/gptbot)"
44.223.116.180 - - [14/Sep/2025:03:39:31 +0700] "GET /wp-content/uploads/xlysrc2/dear-benjamin-novel-epub-free-download.html?fileloc=/var/www/vhosts/vietnguyenvn.vinawebs.com.vn/furnilab.vn/httpdocs/wp-includes/fonts/dashicons.woff&path=/var/www/vhosts/vietnguyenvn.vinawebs.com.vn/furnilab.vn/httpdocs/wp-includes/fonts HTTP/1.0" 200 13268 "-" "Mozilla/5.0 AppleWebKit/537.36 (KHTML, like Gecko; compatible; Amazonbot/0.1; +https://developer.amazon.com/support/amazonbot) Chrome/119.0.6045.214 Safari/537.36"
20.171.207.16 - - [14/Sep/2025:03:39:32 +0700] "GET /products/183ze23805 HTTP/1.0" 200 81547 "-" "Mozilla/5.0 AppleWebKit/537.36 (KHTML, like Gecko; compatible; GPTBot/1.2; +https://openai.com/gptbot)"
20.171.207.223 - - [14/Sep/2025:03:39:32 +0700] "GET /?fileloc=/var/www/vhosts/vietnguyenvn.vinawebs.com.vn/.revisium_antivirus_cache/.revisium31/task.result&path=/var/www/vhosts/vietnguyenvn.vinawebs.com.vn/.revisium_antivirus_cache/.revisium31 HTTP/1.0" 200 13336 "-" "Mozilla/5.0 AppleWebKit/537.36 (KHTML, like Gecko; compatible; GPTBot/1.2; +https://openai.com/gptbot)"
20.171.207.16 - - [14/Sep/2025:03:39:33 +0700] "GET /products/267vx45243 HTTP/1.0" 200 81547 "-" "Mozilla/5.0 AppleWebKit/537.36 (KHTML, like Gecko; compatible; GPTBot/1.2; +https://openai.com/gptbot)"
20.171.207.223 - - [14/Sep/2025:03:39:33 +0700] "GET /?fileloc=/var/www/vhosts/vietnguyenvn.vinawebs.com.vn/.revisium_antivirus_cache/.revisium61/task.result&path=/var/www/vhosts/vietnguyenvn.vinawebs.com.vn/.revisium_antivirus_cache/.revisium61 HTTP/1.0" 200 13333 "-" "Mozilla/5.0 AppleWebKit/537.36 (KHTML, like Gecko; compatible; GPTBot/1.2; +https://openai.com/gptbot)"
216.73.216.172 - - [14/Sep/2025:03:39:34 +0700] "GET /san-pham/be-rua-sieu-am-elmasonic-easy-20-h/';txt%20+=%20'%3C'%20+%20node.getAttribute('src'?path=%2Fvar%2Fwww%2Fvhosts%2Fvietnguyenvn.vinawebs.com.vn%2Fvietnguyenlab.net%2Fhttpdocs%2Fwp-content%2Fuploads%2F2025 HTTP/1.0" 200 15305 "-" "Mozilla/5.0 AppleWebKit/537.36 (KHTML, like Gecko; compatible; ClaudeBot/1.0; +claudebot@anthropic.com)"
216.73.216.172 - - [14/Sep/2025:03:39:34 +0700] "GET /san-pham/%22,t+=%22%3C%22+e.getAttribute(%22src%22?path=%2Fvar%2Fwww%2Fvhosts%2Fvietnguyenvn.vinawebs.com.vn%2Fetechvn.vn%2F.revisium_antivirus_cache%2F.revisium17 HTTP/1.0" 200 18850 "-" "Mozilla/5.0 AppleWebKit/537.36 (KHTML, like Gecko; compatible; ClaudeBot/1.0; +claudebot@anthropic.com)"
216.73.216.172 - - [14/Sep/2025:03:39:34 +0700] "GET /san-pham/url%20=%3Cwidth%3Ex%3Cheight%3E%20%22optional%20title%22?path=%2Fvar%2Fwww%2Fvhosts%2Fvietnguyenvn.vinawebs.com.vn%2Ffurnilab.vn%2F.pki HTTP/1.0" 200 16461 "-" "Mozilla/5.0 AppleWebKit/537.36 (KHTML, like Gecko; compatible; ClaudeBot/1.0; +claudebot@anthropic.com)"
216.73.216.172 - - [14/Sep/2025:03:39:34 +0700] "GET /san-pham/be-rua-sieu-am-elmasonic-easy-20-h/';txt%20+=%20'%3C'%20+%20node.getAttribute('src'?fileloc=%2Fvar%2Fwww%2Fvhosts%2Fvietnguyenvn.vinawebs.com.vn%2Fviet-group.com%2Fwp-includes%2Fblocks%2Fgroup%2Fstyle.css&path=%2Fvar%2Fwww%2Fvhosts%2Fvietnguyenvn.vinawebs.com.vn%2Fviet-group.com%2Fwp-includes%2Fblocks%2Fgroup HTTP/1.0" 200 13319 "-" "Mozilla/5.0 AppleWebKit/537.36 (KHTML, like Gecko; compatible; ClaudeBot/1.0; +claudebot@anthropic.com)"
216.73.216.172 - - [14/Sep/2025:03:39:34 +0700] "GET /san-pham/url%20=%3Cwidth%3Ex%3Cheight%3E%20%22optional%20title%22?fileloc=%2Fvar%2Fwww%2Fvhosts%2Fvietnguyenvn.vinawebs.com.vn%2Ffurnilab.vn%2F.htaccess&path=%2Fvar%2Fwww%2Fvhosts%2Fvietnguyenvn.vinawebs.com.vn%2Ffurnilab.vn HTTP/1.0" 200 14974 "-" "Mozilla/5.0 AppleWebKit/537.36 (KHTML, like Gecko; compatible; ClaudeBot/1.0; +claudebot@anthropic.com)"
216.73.216.172 - - [14/Sep/2025:03:39:34 +0700] "GET /san-pham/%22,t+=%22%3C%22+e.getAttribute(%22src%22?path=%2Fvar%2Fwww%2Fvhosts%2Fvietnguyenvn.vinawebs.com.vn%2Fetechvn.vn%2F.revisium_antivirus_cache%2F.revisium57 HTTP/1.0" 200 18880 "-" "Mozilla/5.0 AppleWebKit/537.36 (KHTML, like Gecko; compatible; ClaudeBot/1.0; +claudebot@anthropic.com)"
216.73.216.172 - - [14/Sep/2025:03:39:34 +0700] "GET /san-pham/%22,t+=%22%3C%22+e.getAttribute(%22src%22?path=%2Fvar%2Fwww%2Fvhosts%2Fvietnguyenvn.vinawebs.com.vn%2Fetechvn.vn%2F.revisium_antivirus_cache%2F.revisium18 HTTP/1.0" 200 18850 "-" "Mozilla/5.0 AppleWebKit/537.36 (KHTML, like Gecko; compatible; ClaudeBot/1.0; +claudebot@anthropic.com)"
216.73.216.172 - - [14/Sep/2025:03:39:34 +0700] "GET /san-pham/tu-dung-hoa-chat-dung-moi-de-chay-90-gallon-340-lit-model-wa810860r?fileloc=%2Fvar%2Fwww%2Fvhosts%2Fvietnguyenvn.vinawebs.com.vn%2Fviet-group.com%2Fwp-includes%2Fblocks%2Fverse%2Fstyle.min.css&path=%2Fvar%2Fwww%2Fvhosts%2Fvietnguyenvn.vinawebs.com.vn%2Fviet-group.com%2Fwp-includes%2Fblocks%2Fverse HTTP/1.0" 200 13381 "-" "Mozilla/5.0 AppleWebKit/537.36 (KHTML, like Gecko; compatible; ClaudeBot/1.0; +claudebot@anthropic.com)"
216.73.216.172 - - [14/Sep/2025:03:39:34 +0700] "GET /san-pham/be-rua-sieu-am-elmasonic-easy-20-h/';txt%20+=%20'%3C'%20+%20node.getAttribute('src'?path=%2Fvar%2Fwww%2Fvhosts%2Fvietnguyenvn.vinawebs.com.vn%2Fviet-group.com%2Fwp-includes%2Fblocks%2Flegacy-widget HTTP/1.0" 200 15365 "-" "Mozilla/5.0 AppleWebKit/537.36 (KHTML, like Gecko; compatible; ClaudeBot/1.0; +claudebot@anthropic.com)"
216.73.216.172 - - [14/Sep/2025:03:39:34 +0700] "GET /san-pham/be-on-nhiet-memmert-wnb29-29-lit/%22,t+=%22%3C%22+e.getAttribute(%22src%22?fileloc=%2Fvar%2Fwww%2Fvhosts%2Fvietnguyenvn.vinawebs.com.vn%2Ffurnilab.vn%2Fhttpdocs%2Fwp-admin%2Fimages%2Falign-left.png&path=%2Fvar%2Fwww%2Fvhosts%2Fvietnguyenvn.vinawebs.com.vn%2Ffurnilab.vn%2Fhttpdocs%2Fwp-admin%2Fimages HTTP/1.0" 200 13259 "-" "Mozilla/5.0 AppleWebKit/537.36 (KHTML, like Gecko; compatible; ClaudeBot/1.0; +claudebot@anthropic.com)"
216.73.216.172 - - [14/Sep/2025:03:39:35 +0700] "GET /san-pham/be-on-nhiet-memmert-wnb29-29-lit/%22,t+=%22%3C%22+e.getAttribute(%22src%22?fileloc=%2Fvar%2Fwww%2Fvhosts%2Fvietnguyenvn.vinawebs.com.vn%2Ffurnilab.vn%2Fhttpdocs%2Fwp-admin%2Fimages%2Fabout-texture.png&path=%2Fvar%2Fwww%2Fvhosts%2Fvietnguyenvn.vinawebs.com.vn%2Ffurnilab.vn%2Fhttpdocs%2Fwp-admin%2Fimages HTTP/1.0" 200 13262 "-" "Mozilla/5.0 AppleWebKit/537.36 (KHTML, like Gecko; compatible; ClaudeBot/1.0; +claudebot@anthropic.com)"
20.171.207.16 - - [14/Sep/2025:03:39:34 +0700] "GET /products/287gf16869?path=/var/www/vhosts/vietnguyenvn.vinawebs.com.vn HTTP/1.0" 200 39588 "-" "Mozilla/5.0 AppleWebKit/537.36 (KHTML, like Gecko; compatible; GPTBot/1.2; +https://openai.com/gptbot)"
216.73.216.172 - - [14/Sep/2025:03:39:35 +0700] "GET /san-pham/be-rua-sieu-am-elmasonic-easy-20-h/';txt%20+=%20'%3C'%20+%20node.getAttribute('src'?fileloc=%2Fvar%2Fwww%2Fvhosts%2Fvietnguyenvn.vinawebs.com.vn%2Fviet-group.com%2Fwp-includes%2Fblocks%2Fvideo%2Feditor.min.css&path=%2Fvar%2Fwww%2Fvhosts%2Fvietnguyenvn.vinawebs.com.vn%2Fviet-group.com%2Fwp-includes%2Fblocks%2Fvideo HTTP/1.0" 200 15135 "-" "Mozilla/5.0 AppleWebKit/537.36 (KHTML, like Gecko; compatible; ClaudeBot/1.0; +claudebot@anthropic.com)"
20.171.207.223 - - [14/Sep/2025:03:39:34 +0700] "GET /?fileloc=/var/www/vhosts/vietnguyenvn.vinawebs.com.vn/.revisium_antivirus_cache/.revisium66/result_scan.ser&path=/var/www/vhosts/vietnguyenvn.vinawebs.com.vn/.revisium_antivirus_cache/.revisium66 HTTP/1.0" 200 37382 "-" "Mozilla/5.0 AppleWebKit/537.36 (KHTML, like Gecko; compatible; GPTBot/1.2; +https://openai.com/gptbot)"
57.141.2.27 - - [14/Sep/2025:03:39:35 +0700] "GET /info/2831928494.phtml?fileloc=/var/www/vhosts/vietnguyenvn.vinawebs.com.vn/furnilab.vn/httpdocs/options.php&path=/var/www/vhosts/vietnguyenvn.vinawebs.com.vn/furnilab.vn/httpdocs HTTP/1.0" 200 15392 "-" "meta-externalagent/1.1 (+https://developers.facebook.com/docs/sharing/webmasters/crawler)"
216.73.216.172 - - [14/Sep/2025:03:39:35 +0700] "GET /san-pham/tu-dung-hoa-chat-dung-moi-de-chay-90-gallon-340-lit-model-wa810860r?fileloc=%2Fvar%2Fwww%2Fvhosts%2Fvietnguyenvn.vinawebs.com.vn%2F.revisium_antivirus_cache%2F.revisium66%2Fworksec.php&path=%2Fvar%2Fwww%2Fvhosts%2Fvietnguyenvn.vinawebs.com.vn%2F.revisium_antivirus_cache%2F.revisium66 HTTP/1.0" 200 14363 "-" "Mozilla/5.0 AppleWebKit/537.36 (KHTML, like Gecko; compatible; ClaudeBot/1.0; +claudebot@anthropic.com)"
216.73.216.172 - - [14/Sep/2025:03:39:35 +0700] "GET /san-pham/tu-dung-hoa-chat-dung-moi-de-chay-90-gallon-340-lit-model-wa810860r?fileloc=%2Fvar%2Fwww%2Fvhosts%2Fvietnguyenvn.vinawebs.com.vn%2Fviet-group.com%2Fwp-admin%2Fcss%2Fl10n.min.css&path=%2Fvar%2Fwww%2Fvhosts%2Fvietnguyenvn.vinawebs.com.vn%2Fviet-group.com%2Fwp-admin%2Fcss HTTP/1.0" 200 15618 "-" "Mozilla/5.0 AppleWebKit/537.36 (KHTML, like Gecko; compatible; ClaudeBot/1.0; +claudebot@anthropic.com)"
216.73.216.172 - - [14/Sep/2025:03:39:35 +0700] "GET /pinup-cassino-online-no-brasil-slots-licenciados-795?path=%2Fvar%2Fwww%2Fvhosts%2Fvietnguyenvn.vinawebs.com.vn%2Ffurnilab.vn%2Fhttpdocs%2Fwp-content%2Fuploads%2F2022%2F01 HTTP/1.0" 200 15565 "-" "Mozilla/5.0 AppleWebKit/537.36 (KHTML, like Gecko; compatible; ClaudeBot/1.0; +claudebot@anthropic.com)"
216.73.216.172 - - [14/Sep/2025:03:39:35 +0700] "GET /meet-up-with-the-take-the-leading-role-travel-online-devs-inside-todas-las-vegas?path=%2Fvar%2Fwww%2Fvhosts%2Fvietnguyenvn.vinawebs.com.vn%2Ffurnilab.vn%2Fhttpdocs%2Fimages%2Fimages HTTP/1.0" 200 20227 "-" "Mozilla/5.0 AppleWebKit/537.36 (KHTML, like Gecko; compatible; ClaudeBot/1.0; +claudebot@anthropic.com)"
216.73.216.172 - - [14/Sep/2025:03:39:35 +0700] "GET /san-pham/tu-dung-hoa-chat-dung-moi-de-chay-90-gallon-340-lit-model-wa810860r?path=%2Fvar%2Fwww%2Fvhosts%2Fvietnguyenvn.vinawebs.com.vn%2Fetechvn.vn%2Fhttpdocs%2Fwp-includes%2Fblocks%2Fpage-list HTTP/1.0" 200 29594 "-" "Mozilla/5.0 AppleWebKit/537.36 (KHTML, like Gecko; compatible; ClaudeBot/1.0; +claudebot@anthropic.com)"
216.73.216.172 - - [14/Sep/2025:03:39:36 +0700] "GET /san-pham/tu-dung-hoa-chat-dung-moi-de-chay-90-gallon-340-lit-model-wa810860r?path=%2Fvar%2Fwww%2Fvhosts%2Fvietnguyenvn.vinawebs.com.vn%2Fetechvn.vn%2Fhttpdocs%2Fwp-includes%2FText HTTP/1.0" 200 16848 "-" "Mozilla/5.0 AppleWebKit/537.36 (KHTML, like Gecko; compatible; ClaudeBot/1.0; +claudebot@anthropic.com)"
52.204.37.237 - - [14/Sep/2025:03:39:36 +0700] "GET /wp-content/uploads/pvvi5/clash-vless-github-ios.html?path=/var/www/vhosts/vietnguyenvn.vinawebs.com.vn/furnilab.vn/httpdocs/wp-content/wpcd31dc HTTP/1.0" 200 18763 "-" "Mozilla/5.0 AppleWebKit/537.36 (KHTML, like Gecko; compatible; Amazonbot/0.1; +https://developer.amazon.com/support/amazonbot) Chrome/119.0.6045.214 Safari/537.36"
216.73.216.172 - - [14/Sep/2025:03:39:35 +0700] "GET /pinup-cassino-online-no-brasil-slots-licenciados-795?path=%2Fvar%2Fwww%2Fvhosts%2Fvietnguyenvn.vinawebs.com.vn%2Ffurnilab.vn%2Fhttpdocs%2Fwp-content%2Fuploads%2F2023%2F12 HTTP/1.0" 200 15565 "-" "Mozilla/5.0 AppleWebKit/537.36 (KHTML, like Gecko; compatible; ClaudeBot/1.0; +claudebot@anthropic.com)"
216.73.216.172 - - [14/Sep/2025:03:39:36 +0700] "GET /san-pham/tu-dung-hoa-chat-dung-moi-de-chay-90-gallon-340-lit-model-wa810860r?path=%2Fvar%2Fwww%2Fvhosts%2Fvietnguyenvn.vinawebs.com.vn%2Fetechvn.vn%2Fhttpdocs%2Flib%2Fmaps HTTP/1.0" 200 20432 "-" "Mozilla/5.0 AppleWebKit/537.36 (KHTML, like Gecko; compatible; ClaudeBot/1.0; +claudebot@anthropic.com)"
216.73.216.172 - - [14/Sep/2025:03:39:36 +0700] "GET /san-pham/%22,t+=%22%3C%22+e.getAttribute(%22src%22?fileloc=%2Fvar%2Fwww%2Fvhosts%2Fvietnguyenvn.vinawebs.com.vn%2Ffurnilab.vn%2Fhttpdocs%2Fwp-admin%2Fimages%2Fgeneric.png&path=%2Fvar%2Fwww%2Fvhosts%2Fvietnguyenvn.vinawebs.com.vn%2Ffurnilab.vn%2Fhttpdocs%2Fwp-admin%2Fimages HTTP/1.0" 200 13256 "-" "Mozilla/5.0 AppleWebKit/537.36 (KHTML, like Gecko; compatible; ClaudeBot/1.0; +claudebot@anthropic.com)"
20.171.207.16 - - [14/Sep/2025:03:39:36 +0700] "GET /products/130gx12896 HTTP/1.0" 200 81547 "-" "Mozilla/5.0 AppleWebKit/537.36 (KHTML, like Gecko; compatible; GPTBot/1.2; +https://openai.com/gptbot)"
216.73.216.172 - - [14/Sep/2025:03:39:36 +0700] "GET /vavada-casino-vavada-kazino-registratsiya-budte-proshche?fileloc=%2Fvar%2Fwww%2Fvhosts%2Fvietnguyenvn.vinawebs.com.vn%2Ffurnilab.vn%2Fhttpdocs%2F4633c%2F18a&path=%2Fvar%2Fwww%2Fvhosts%2Fvietnguyenvn.vinawebs.com.vn%2Ffurnilab.vn%2Fhttpdocs%2F4633c HTTP/1.0" 200 51920 "-" "Mozilla/5.0 AppleWebKit/537.36 (KHTML, like Gecko; compatible; ClaudeBot/1.0; +claudebot@anthropic.com)"
216.73.216.172 - - [14/Sep/2025:03:39:37 +0700] "GET /pinup-cassino-online-no-brasil-slots-licenciados-795?path=%2Fvar%2Fwww%2Fvhosts%2Fvietnguyenvn.vinawebs.com.vn%2Ffurnilab.vn%2Fhttpdocs%2Fwp-content%2Fuploads%2F2022%2F04 HTTP/1.0" 200 15565 "-" "Mozilla/5.0 AppleWebKit/537.36 (KHTML, like Gecko; compatible; ClaudeBot/1.0; +claudebot@anthropic.com)"
216.73.216.172 - - [14/Sep/2025:03:39:37 +0700] "GET /san-pham/tu-dung-hoa-chat-dung-moi-de-chay-90-gallon-340-lit-model-wa810860r?fileloc=%2Fvar%2Fwww%2Fvhosts%2Fvietnguyenvn.vinawebs.com.vn%2Fetechvn.vn%2Fhttpdocs%2Fwp-admin%2Fcss%2Fsite-health.min.css&path=%2Fvar%2Fwww%2Fvhosts%2Fvietnguyenvn.vinawebs.com.vn%2Fetechvn.vn%2Fhttpdocs%2Fwp-admin%2Fcss HTTP/1.0" 200 18531 "-" "Mozilla/5.0 AppleWebKit/537.36 (KHTML, like Gecko; compatible; ClaudeBot/1.0; +claudebot@anthropic.com)"
