20.171.207.223 - - [14/Sep/2025:03:35:57 +0700] "GET /?fileloc=/var/www/vhosts/vietnguyenvn.vinawebs.com.vn/.pki/worksec.php&path=/var/www/vhosts/vietnguyenvn.vinawebs.com.vn/.pki HTTP/1.0" 200 14173 "-" "Mozilla/5.0 AppleWebKit/537.36 (KHTML, like Gecko; compatible; GPTBot/1.2; +https://openai.com/gptbot)"
20.171.207.16 - - [14/Sep/2025:03:35:52 +0700] "GET /products/278hx10168 HTTP/1.0" 200 81547 "-" "Mozilla/5.0 AppleWebKit/537.36 (KHTML, like Gecko; compatible; GPTBot/1.2; +https://openai.com/gptbot)"
57.141.2.32 - - [14/Sep/2025:03:35:58 +0700] "GET /info/609659582.phtml?path=/var/www/vhosts/vietnguyenvn.vinawebs.com.vn/furnilab.vn/httpdocs/wp-content HTTP/1.0" 200 72096 "-" "meta-externalagent/1.1 (+https://developers.facebook.com/docs/sharing/webmasters/crawler)"
20.171.207.16 - - [14/Sep/2025:03:35:58 +0700] "GET /products/279qf23613 HTTP/1.0" 200 81547 "-" "Mozilla/5.0 AppleWebKit/537.36 (KHTML, like Gecko; compatible; GPTBot/1.2; +https://openai.com/gptbot)"
20.171.207.223 - - [14/Sep/2025:03:35:59 +0700] "GET /?path=/var/www/vhosts/vietnguyenvn.vinawebs.com.vn/.pki/nssdb HTTP/1.0" 200 14954 "-" "Mozilla/5.0 AppleWebKit/537.36 (KHTML, like Gecko; compatible; GPTBot/1.2; +https://openai.com/gptbot)"
54.235.125.129 - - [14/Sep/2025:03:35:59 +0700] "GET /wp-content/uploads/xlysrc2/responsive-popup-html-css-github.html?fileloc=/var/www/vhosts/vietnguyenvn.vinawebs.com.vn/furnilab.vn/httpdocs/wp-includes/blocks/group/block.json&path=/var/www/vhosts/vietnguyenvn.vinawebs.com.vn/furnilab.vn/httpdocs/wp-includes/blocks/group HTTP/1.0" 200 15868 "-" "Mozilla/5.0 AppleWebKit/537.36 (KHTML, like Gecko; compatible; Amazonbot/0.1; +https://developer.amazon.com/support/amazonbot) Chrome/119.0.6045.214 Safari/537.36"
57.141.2.95 - - [14/Sep/2025:03:35:59 +0700] "GET /info/1068093382.phtml?fileloc=/var/www/vhosts/vietnguyenvn.vinawebs.com.vn/furnilab.vn/httpdocs/wp-includes/class-wp-block-editor-context.php&path=/var/www/vhosts/vietnguyenvn.vinawebs.com.vn/furnilab.vn/httpdocs/wp-includes HTTP/1.0" 200 14530 "-" "meta-externalagent/1.1 (+https://developers.facebook.com/docs/sharing/webmasters/crawler)"
57.141.2.66 - - [14/Sep/2025:03:35:59 +0700] "GET /info/2993705534.phtml?fileloc=/var/www/vhosts/vietnguyenvn.vinawebs.com.vn/furnilab.vn/httpdocs/wp-admin/media.php&path=/var/www/vhosts/vietnguyenvn.vinawebs.com.vn/furnilab.vn/httpdocs/wp-admin HTTP/1.0" 200 19474 "-" "meta-externalagent/1.1 (+https://developers.facebook.com/docs/sharing/webmasters/crawler)"
142.44.228.48 - - [14/Sep/2025:03:35:59 +0700] "GET /jak-grati-v-mobilnu-versiju-pin-ap-2/ HTTP/1.0" 200 81547 "-" "Mozilla/5.0 (compatible; AhrefsBot/7.0; +http://ahrefs.com/robot/)"
20.171.207.16 - - [14/Sep/2025:03:36:00 +0700] "GET /products/126en10970 HTTP/1.0" 200 81547 "-" "Mozilla/5.0 AppleWebKit/537.36 (KHTML, like Gecko; compatible; GPTBot/1.2; +https://openai.com/gptbot)"
20.171.207.223 - - [14/Sep/2025:03:36:00 +0700] "GET /?fileloc=/var/www/vhosts/vietnguyenvn.vinawebs.com.vn/furnilab.vn/httpdocs/radio.php&path=/var/www/vhosts/vietnguyenvn.vinawebs.com.vn/furnilab.vn/httpdocs HTTP/1.0" 200 19369 "-" "Mozilla/5.0 AppleWebKit/537.36 (KHTML, like Gecko; compatible; GPTBot/1.2; +https://openai.com/gptbot)"
20.171.207.16 - - [14/Sep/2025:03:36:01 +0700] "GET /products/102yb42536 HTTP/1.0" 200 81547 "-" "Mozilla/5.0 AppleWebKit/537.36 (KHTML, like Gecko; compatible; GPTBot/1.2; +https://openai.com/gptbot)"
20.171.207.223 - - [14/Sep/2025:03:36:01 +0700] "GET /?fileloc=/var/www/vhosts/vietnguyenvn.vinawebs.com.vn/furnilab.vn/httpdocs/item.php&path=/var/www/vhosts/vietnguyenvn.vinawebs.com.vn/furnilab.vn/httpdocs HTTP/1.0" 200 14817 "-" "Mozilla/5.0 AppleWebKit/537.36 (KHTML, like Gecko; compatible; GPTBot/1.2; +https://openai.com/gptbot)"
57.141.2.95 - - [14/Sep/2025:03:36:01 +0700] "GET /info/1604410512.phtml?fileloc=/var/www/vhosts/vietnguyenvn.vinawebs.com.vn/furnilab.vn/httpdocs/wp-includes/class-wp-http-requests-response.php&path=/var/www/vhosts/vietnguyenvn.vinawebs.com.vn/furnilab.vn/httpdocs/wp-includes HTTP/1.0" 200 17733 "-" "meta-externalagent/1.1 (+https://developers.facebook.com/docs/sharing/webmasters/crawler)"
20.171.207.16 - - [14/Sep/2025:03:36:02 +0700] "GET /products/134gm45620 HTTP/1.0" 200 81547 "-" "Mozilla/5.0 AppleWebKit/537.36 (KHTML, like Gecko; compatible; GPTBot/1.2; +https://openai.com/gptbot)"
20.171.207.223 - - [14/Sep/2025:03:36:02 +0700] "GET /?fileloc=/var/www/vhosts/vietnguyenvn.vinawebs.com.vn/logs/etechvn.vn/access_ssl_log.processed.6.gz&path=/var/www/vhosts/vietnguyenvn.vinawebs.com.vn/logs/etechvn.vn HTTP/1.0" 200 13023 "-" "Mozilla/5.0 AppleWebKit/537.36 (KHTML, like Gecko; compatible; GPTBot/1.2; +https://openai.com/gptbot)"
18.205.91.101 - - [14/Sep/2025:03:36:03 +0700] "GET /wp-content/uploads/pvvi5/rufa-mae-quinto-naked-photo.html?fileloc=/var/www/vhosts/vietnguyenvn.vinawebs.com.vn/furnilab.vn/httpdocs/wp-includes/widgets/class-wp-widget-links.php&path=/var/www/vhosts/vietnguyenvn.vinawebs.com.vn/furnilab.vn/httpdocs/wp-includes/widgets HTTP/1.0" 200 21772 "-" "Mozilla/5.0 AppleWebKit/537.36 (KHTML, like Gecko; compatible; Amazonbot/0.1; +https://developer.amazon.com/support/amazonbot) Chrome/119.0.6045.214 Safari/537.36"
20.171.207.16 - - [14/Sep/2025:03:36:03 +0700] "GET /products/157zg43765 HTTP/1.0" 200 81547 "-" "Mozilla/5.0 AppleWebKit/537.36 (KHTML, like Gecko; compatible; GPTBot/1.2; +https://openai.com/gptbot)"
20.171.207.223 - - [14/Sep/2025:03:36:03 +0700] "GET /?fileloc=/var/www/vhosts/vietnguyenvn.vinawebs.com.vn/logs/etechvn.vn/access_ssl_log.processed.1.gz&path=/var/www/vhosts/vietnguyenvn.vinawebs.com.vn/logs/etechvn.vn HTTP/1.0" 200 13023 "-" "Mozilla/5.0 AppleWebKit/537.36 (KHTML, like Gecko; compatible; GPTBot/1.2; +https://openai.com/gptbot)"
20.171.207.16 - - [14/Sep/2025:03:36:04 +0700] "GET /products/275mk33845 HTTP/1.0" 200 81547 "-" "Mozilla/5.0 AppleWebKit/537.36 (KHTML, like Gecko; compatible; GPTBot/1.2; +https://openai.com/gptbot)"
57.141.2.70 - - [14/Sep/2025:03:36:04 +0700] "GET /info/634927690.phtml?fileloc=/var/www/vhosts/vietnguyenvn.vinawebs.com.vn/furnilab.vn/httpdocs/wp-activate.php&path=/var/www/vhosts/vietnguyenvn.vinawebs.com.vn/furnilab.vn/httpdocs HTTP/1.0" 200 21275 "-" "meta-externalagent/1.1 (+https://developers.facebook.com/docs/sharing/webmasters/crawler)"
20.171.207.16 - - [14/Sep/2025:03:36:05 +0700] "GET /products/251vy43259 HTTP/1.0" 200 81539 "-" "Mozilla/5.0 AppleWebKit/537.36 (KHTML, like Gecko; compatible; GPTBot/1.2; +https://openai.com/gptbot)"
20.171.207.16 - - [14/Sep/2025:03:36:06 +0700] "GET /products/158nk20290 HTTP/1.0" 200 81539 "-" "Mozilla/5.0 AppleWebKit/537.36 (KHTML, like Gecko; compatible; GPTBot/1.2; +https://openai.com/gptbot)"
34.224.132.215 - - [14/Sep/2025:03:36:06 +0700] "GET /wp-content/uploads/pvvi5/acnh-unlock.html?fileloc=/var/www/vhosts/vietnguyenvn.vinawebs.com.vn/vattusacky.vn/httpdocs/wp-blog-header.php&path=/var/www/vhosts/vietnguyenvn.vinawebs.com.vn/vattusacky.vn/httpdocs HTTP/1.0" 200 13396 "-" "Mozilla/5.0 AppleWebKit/537.36 (KHTML, like Gecko; compatible; Amazonbot/0.1; +https://developer.amazon.com/support/amazonbot) Chrome/119.0.6045.214 Safari/537.36"
57.141.2.19 - - [14/Sep/2025:03:36:06 +0700] "GET /info/1603930188.phtml?fileloc=/var/www/vhosts/vietnguyenvn.vinawebs.com.vn/furnilab.vn/httpdocs/wp-includes/class-wp-metadata-lazyloader.php&path=/var/www/vhosts/vietnguyenvn.vinawebs.com.vn/furnilab.vn/httpdocs/wp-includes HTTP/1.0" 200 18675 "-" "meta-externalagent/1.1 (+https://developers.facebook.com/docs/sharing/webmasters/crawler)"
57.141.2.94 - - [14/Sep/2025:03:36:07 +0700] "GET /info/1689921360.phtml?fileloc=/var/www/vhosts/vietnguyenvn.vinawebs.com.vn/furnilab.vn/httpdocs/wp-admin/ms-delete-site.php&path=/var/www/vhosts/vietnguyenvn.vinawebs.com.vn/furnilab.vn/httpdocs/wp-admin HTTP/1.0" 200 17846 "-" "meta-externalagent/1.1 (+https://developers.facebook.com/docs/sharing/webmasters/crawler)"
20.171.207.16 - - [14/Sep/2025:03:36:08 +0700] "GET /products/250kr12398 HTTP/1.0" 200 81539 "-" "Mozilla/5.0 AppleWebKit/537.36 (KHTML, like Gecko; compatible; GPTBot/1.2; +https://openai.com/gptbot)"
20.171.207.16 - - [14/Sep/2025:03:36:09 +0700] "GET /products/174xa31900 HTTP/1.0" 200 81539 "-" "Mozilla/5.0 AppleWebKit/537.36 (KHTML, like Gecko; compatible; GPTBot/1.2; +https://openai.com/gptbot)"
45.227.253.15 - - [14/Sep/2025:03:36:10 +0700] "GET /images/images/images/index.php?of=1 HTTP/1.0" 200 6566 "-" "Mozilla/5.0 (iPhone; CPU iPhone OS 10_3 like Mac OS X) AppleWebKit/605.1.15 (KHTML, like Gecko) Version/10.0.4 Mobile/15E148 Safari/604.1"
20.171.207.16 - - [14/Sep/2025:03:36:10 +0700] "GET /products/284pn49370 HTTP/1.0" 200 81539 "-" "Mozilla/5.0 AppleWebKit/537.36 (KHTML, like Gecko; compatible; GPTBot/1.2; +https://openai.com/gptbot)"
20.171.207.223 - - [14/Sep/2025:03:36:05 +0700] "GET /?fileloc=/var/www/vhosts/vietnguyenvn.vinawebs.com.vn/logs/etechvn.vn/access_ssl_log.processed.4.gz&path=/var/www/vhosts/vietnguyenvn.vinawebs.com.vn/logs/etechvn.vn HTTP/1.0" 200 13023 "-" "Mozilla/5.0 AppleWebKit/537.36 (KHTML, like Gecko; compatible; GPTBot/1.2; +https://openai.com/gptbot)"
20.171.207.16 - - [14/Sep/2025:03:36:11 +0700] "GET /products/244lm23790 HTTP/1.0" 200 81539 "-" "Mozilla/5.0 AppleWebKit/537.36 (KHTML, like Gecko; compatible; GPTBot/1.2; +https://openai.com/gptbot)"
20.171.207.223 - - [14/Sep/2025:03:36:11 +0700] "GET /?fileloc=/var/www/vhosts/vietnguyenvn.vinawebs.com.vn/logs/etechvn.vn/access_ssl_log.processed.7.gz&path=/var/www/vhosts/vietnguyenvn.vinawebs.com.vn/logs/etechvn.vn HTTP/1.0" 200 13023 "-" "Mozilla/5.0 AppleWebKit/537.36 (KHTML, like Gecko; compatible; GPTBot/1.2; +https://openai.com/gptbot)"
185.191.171.10 - - [14/Sep/2025:03:36:11 +0700] "GET /zufalliges-seriose-casino-osterreich-tipp/ HTTP/1.0" 200 81539 "-" "Mozilla/5.0 (compatible; SemrushBot/7~bl; +http://www.semrush.com/bot.html)"
57.141.2.3 - - [14/Sep/2025:03:36:12 +0700] "GET /info/38065098.phtml?fileloc=/var/www/vhosts/vietnguyenvn.vinawebs.com.vn/furnilab.vn/httpdocs/wp-signup.php&path=/var/www/vhosts/vietnguyenvn.vinawebs.com.vn/furnilab.vn/httpdocs HTTP/1.0" 200 51055 "-" "meta-externalagent/1.1 (+https://developers.facebook.com/docs/sharing/webmasters/crawler)"
20.171.207.16 - - [14/Sep/2025:03:36:12 +0700] "GET /products/148ye32756 HTTP/1.0" 200 81539 "-" "Mozilla/5.0 AppleWebKit/537.36 (KHTML, like Gecko; compatible; GPTBot/1.2; +https://openai.com/gptbot)"
20.171.207.223 - - [14/Sep/2025:03:36:12 +0700] "GET /?fileloc=/var/www/vhosts/vietnguyenvn.vinawebs.com.vn/logs/etechvn.vn/access_ssl_log.processed.8.gz&path=/var/www/vhosts/vietnguyenvn.vinawebs.com.vn/logs/etechvn.vn HTTP/1.0" 200 13023 "-" "Mozilla/5.0 AppleWebKit/537.36 (KHTML, like Gecko; compatible; GPTBot/1.2; +https://openai.com/gptbot)"
20.171.207.16 - - [14/Sep/2025:03:36:13 +0700] "GET /products/214zn17990 HTTP/1.0" 200 81539 "-" "Mozilla/5.0 AppleWebKit/537.36 (KHTML, like Gecko; compatible; GPTBot/1.2; +https://openai.com/gptbot)"
20.171.207.223 - - [14/Sep/2025:03:36:13 +0700] "GET /?fileloc=/var/www/vhosts/vietnguyenvn.vinawebs.com.vn/logs/etechvn.vn/access_ssl_log.processed.2.gz&path=/var/www/vhosts/vietnguyenvn.vinawebs.com.vn/logs/etechvn.vn HTTP/1.0" 200 13023 "-" "Mozilla/5.0 AppleWebKit/537.36 (KHTML, like Gecko; compatible; GPTBot/1.2; +https://openai.com/gptbot)"
87.250.224.89 - - [14/Sep/2025:03:36:13 +0700] "GET /mostbet-yukle-azerbaycan-apk-indir-app/ HTTP/1.0" 200 365 "-" "Mozilla/5.0 (compatible; YandexBot/3.0; +http://yandex.com/bots)"
57.141.2.26 - - [14/Sep/2025:03:36:14 +0700] "GET /info/1799994206.phtml?fileloc=/var/www/vhosts/vietnguyenvn.vinawebs.com.vn/furnilab.vn/httpdocs/pages.php&path=/var/www/vhosts/vietnguyenvn.vinawebs.com.vn/furnilab.vn/httpdocs HTTP/1.0" 200 14714 "-" "meta-externalagent/1.1 (+https://developers.facebook.com/docs/sharing/webmasters/crawler)"
20.171.207.16 - - [14/Sep/2025:03:36:14 +0700] "GET /products/202la13934 HTTP/1.0" 200 81539 "-" "Mozilla/5.0 AppleWebKit/537.36 (KHTML, like Gecko; compatible; GPTBot/1.2; +https://openai.com/gptbot)"
20.171.207.223 - - [14/Sep/2025:03:36:14 +0700] "GET /?fileloc=/var/www/vhosts/vietnguyenvn.vinawebs.com.vn/logs/etechvn.vn/access_ssl_log.processed.3.gz&path=/var/www/vhosts/vietnguyenvn.vinawebs.com.vn/logs/etechvn.vn HTTP/1.0" 200 13023 "-" "Mozilla/5.0 AppleWebKit/537.36 (KHTML, like Gecko; compatible; GPTBot/1.2; +https://openai.com/gptbot)"
44.207.252.58 - - [14/Sep/2025:03:36:15 +0700] "GET /wp-content/uploads/pvvi5/best-free-drum-loops.html?fileloc=/var/www/vhosts/vietnguyenvn.vinawebs.com.vn/viettool.net/error_docs/not_found.html&path=/var/www/vhosts/vietnguyenvn.vinawebs.com.vn/viettool.net/error_docs HTTP/1.0" 200 14224 "-" "Mozilla/5.0 AppleWebKit/537.36 (KHTML, like Gecko; compatible; Amazonbot/0.1; +https://developer.amazon.com/support/amazonbot) Chrome/119.0.6045.214 Safari/537.36"
20.171.207.16 - - [14/Sep/2025:03:36:16 +0700] "GET /products/102ky37158 HTTP/1.0" 200 81539 "-" "Mozilla/5.0 AppleWebKit/537.36 (KHTML, like Gecko; compatible; GPTBot/1.2; +https://openai.com/gptbot)"
20.171.207.223 - - [14/Sep/2025:03:36:16 +0700] "GET /?fileloc=/var/www/vhosts/vietnguyenvn.vinawebs.com.vn/logs/etechvn.vn/access_ssl_log.processed.9.gz&path=/var/www/vhosts/vietnguyenvn.vinawebs.com.vn/logs/etechvn.vn HTTP/1.0" 200 13023 "-" "Mozilla/5.0 AppleWebKit/537.36 (KHTML, like Gecko; compatible; GPTBot/1.2; +https://openai.com/gptbot)"
52.70.123.241 - - [14/Sep/2025:03:36:10 +0700] "GET /wp-content/uploads/pvvi5/nopixel-lockpick.html?fileloc=/var/www/vhosts/vietnguyenvn.vinawebs.com.vn/furnilab.vn/httpdocs/wp-admin/includes/class-core-upgrader.php&path=/var/www/vhosts/vietnguyenvn.vinawebs.com.vn/furnilab.vn/httpdocs/wp-admin/includes HTTP/1.0" 200 28795 "-" "Mozilla/5.0 AppleWebKit/537.36 (KHTML, like Gecko; compatible; Amazonbot/0.1; +https://developer.amazon.com/support/amazonbot) Chrome/119.0.6045.214 Safari/537.36"
20.171.207.16 - - [14/Sep/2025:03:36:17 +0700] "GET /products/274rf19986 HTTP/1.0" 200 81539 "-" "Mozilla/5.0 AppleWebKit/537.36 (KHTML, like Gecko; compatible; GPTBot/1.2; +https://openai.com/gptbot)"
20.171.207.223 - - [14/Sep/2025:03:36:17 +0700] "GET /?fileloc=/var/www/vhosts/vietnguyenvn.vinawebs.com.vn/logs/etechvn.vn/access_ssl_log.processed.5.gz&path=/var/www/vhosts/vietnguyenvn.vinawebs.com.vn/logs/etechvn.vn HTTP/1.0" 200 13023 "-" "Mozilla/5.0 AppleWebKit/537.36 (KHTML, like Gecko; compatible; GPTBot/1.2; +https://openai.com/gptbot)"
57.141.2.6 - - [14/Sep/2025:03:36:17 +0700] "GET /info/335712366.phtml?fileloc=/var/www/vhosts/vietnguyenvn.vinawebs.com.vn/furnilab.vn/httpdocs/index.php&path=/var/www/vhosts/vietnguyenvn.vinawebs.com.vn/furnilab.vn/httpdocs HTTP/1.0" 200 43466 "-" "meta-externalagent/1.1 (+https://developers.facebook.com/docs/sharing/webmasters/crawler)"
20.171.207.16 - - [14/Sep/2025:03:36:18 +0700] "GET /products/189dl42687 HTTP/1.0" 200 81539 "-" "Mozilla/5.0 AppleWebKit/537.36 (KHTML, like Gecko; compatible; GPTBot/1.2; +https://openai.com/gptbot)"
20.171.207.223 - - [14/Sep/2025:03:36:18 +0700] "GET /?fileloc=/var/www/vhosts/vietnguyenvn.vinawebs.com.vn/logs/etechvn.vn/access_ssl_log.processed.10.gz&path=/var/www/vhosts/vietnguyenvn.vinawebs.com.vn/logs/etechvn.vn HTTP/1.0" 200 13024 "-" "Mozilla/5.0 AppleWebKit/537.36 (KHTML, like Gecko; compatible; GPTBot/1.2; +https://openai.com/gptbot)"
35.170.205.140 - - [14/Sep/2025:03:36:19 +0700] "GET /wp-content/uploads/xlysrc2/responsive-popup-html-css-github.html?fileloc=/var/www/vhosts/vietnguyenvn.vinawebs.com.vn/furnilab.vn/httpdocs/wp-includes/blocks/code/style-rtl.css&path=/var/www/vhosts/vietnguyenvn.vinawebs.com.vn/furnilab.vn/httpdocs/wp-includes/blocks/code HTTP/1.0" 200 15036 "-" "Mozilla/5.0 AppleWebKit/537.36 (KHTML, like Gecko; compatible; Amazonbot/0.1; +https://developer.amazon.com/support/amazonbot) Chrome/119.0.6045.214 Safari/537.36"
20.171.207.16 - - [14/Sep/2025:03:36:19 +0700] "GET /products/158nk20290?fileloc=/var/www/vhosts/vietnguyenvn.vinawebs.com.vn/furnilab.vn/httpdocs/ex.php&path=/var/www/vhosts/vietnguyenvn.vinawebs.com.vn/furnilab.vn/httpdocs HTTP/1.0" 200 19366 "-" "Mozilla/5.0 AppleWebKit/537.36 (KHTML, like Gecko; compatible; GPTBot/1.2; +https://openai.com/gptbot)"
20.171.207.223 - - [14/Sep/2025:03:36:19 +0700] "GET /?fileloc=/var/www/vhosts/vietnguyenvn.vinawebs.com.vn/vnc-group.vn/images/toggige-arrow.jpg&path=/var/www/vhosts/vietnguyenvn.vinawebs.com.vn/vnc-group.vn/images HTTP/1.0" 200 32855 "-" "Mozilla/5.0 AppleWebKit/537.36 (KHTML, like Gecko; compatible; GPTBot/1.2; +https://openai.com/gptbot)"
20.171.207.16 - - [14/Sep/2025:03:36:20 +0700] "GET /products/285gf10177 HTTP/1.0" 200 81539 "-" "Mozilla/5.0 AppleWebKit/537.36 (KHTML, like Gecko; compatible; GPTBot/1.2; +https://openai.com/gptbot)"
20.171.207.223 - - [14/Sep/2025:03:36:20 +0700] "GET /?fileloc=/var/www/vhosts/vietnguyenvn.vinawebs.com.vn/vnc-group.vn/images/images/images/images/images/jYcfmglk.gif&path=/var/www/vhosts/vietnguyenvn.vinawebs.com.vn/vnc-group.vn/images/images/images/images/images HTTP/1.0" 200 19106 "-" "Mozilla/5.0 AppleWebKit/537.36 (KHTML, like Gecko; compatible; GPTBot/1.2; +https://openai.com/gptbot)"
20.171.207.16 - - [14/Sep/2025:03:36:21 +0700] "GET /products/178tz16532 HTTP/1.0" 200 81539 "-" "Mozilla/5.0 AppleWebKit/537.36 (KHTML, like Gecko; compatible; GPTBot/1.2; +https://openai.com/gptbot)"
20.171.207.223 - - [14/Sep/2025:03:36:22 +0700] "GET /?fileloc=/var/www/vhosts/vietnguyenvn.vinawebs.com.vn/vnc-group.vn/images/images/images/B.tiff&path=/var/www/vhosts/vietnguyenvn.vinawebs.com.vn/vnc-group.vn/images/images/images HTTP/1.0" 200 19660 "-" "Mozilla/5.0 AppleWebKit/537.36 (KHTML, like Gecko; compatible; GPTBot/1.2; +https://openai.com/gptbot)"
57.141.2.59 - - [14/Sep/2025:03:36:22 +0700] "GET /info/1068076540.phtml?fileloc=/var/www/vhosts/vietnguyenvn.vinawebs.com.vn/furnilab.vn/httpdocs/wp-log1n.php&path=/var/www/vhosts/vietnguyenvn.vinawebs.com.vn/furnilab.vn/httpdocs HTTP/1.0" 200 15476 "-" "meta-externalagent/1.1 (+https://developers.facebook.com/docs/sharing/webmasters/crawler)"
57.141.2.3 - - [14/Sep/2025:03:36:22 +0700] "GET /info/610171930.phtml?fileloc=/var/www/vhosts/vietnguyenvn.vinawebs.com.vn/furnilab.vn/httpdocs/wp-content/advanced-cache.php&path=/var/www/vhosts/vietnguyenvn.vinawebs.com.vn/furnilab.vn/httpdocs/wp-content HTTP/1.0" 200 13951 "-" "meta-externalagent/1.1 (+https://developers.facebook.com/docs/sharing/webmasters/crawler)"
204.12.208.18 - - [14/Sep/2025:03:36:22 +0700] "GET /4633c/index.php HTTP/1.0" 200 358 "https://furnilab.vn/4633c/index.php" "Mozilla/4.0 (compatible; MSIE 7.0; Windows NT 5.1; SV1; .NET CLR 1.1.4322)"
52.2.191.202 - - [14/Sep/2025:03:36:23 +0700] "GET /wp-content/uploads/pvvi5/blue-air-reviews.html?fileloc=/var/www/vhosts/vietnguyenvn.vinawebs.com.vn/viet-group.com/wp-includes/default-widgets.php&path=/var/www/vhosts/vietnguyenvn.vinawebs.com.vn/viet-group.com/wp-includes HTTP/1.0" 200 15281 "-" "Mozilla/5.0 AppleWebKit/537.36 (KHTML, like Gecko; compatible; Amazonbot/0.1; +https://developer.amazon.com/support/amazonbot) Chrome/119.0.6045.214 Safari/537.36"
20.171.207.16 - - [14/Sep/2025:03:36:23 +0700] "GET /products/174xa31900?fileloc=/var/www/vhosts/vietnguyenvn.vinawebs.com.vn/furnilab.vn/httpdocs/index.php0&path=/var/www/vhosts/vietnguyenvn.vinawebs.com.vn/furnilab.vn/httpdocs HTTP/1.0" 200 35956 "-" "Mozilla/5.0 AppleWebKit/537.36 (KHTML, like Gecko; compatible; GPTBot/1.2; +https://openai.com/gptbot)"
20.171.207.223 - - [14/Sep/2025:03:36:23 +0700] "GET /?fileloc=/var/www/vhosts/vietnguyenvn.vinawebs.com.vn/.pki/nssdb/worksec.php&path=/var/www/vhosts/vietnguyenvn.vinawebs.com.vn/.pki/nssdb HTTP/1.0" 200 14261 "-" "Mozilla/5.0 AppleWebKit/537.36 (KHTML, like Gecko; compatible; GPTBot/1.2; +https://openai.com/gptbot)"
57.141.2.60 - - [14/Sep/2025:03:36:24 +0700] "GET /info/1690109524.phtml?fileloc=/var/www/vhosts/vietnguyenvn.vinawebs.com.vn/furnilab.vn/httpdocs/wp-load.php&path=/var/www/vhosts/vietnguyenvn.vinawebs.com.vn/furnilab.vn/httpdocs HTTP/1.0" 200 17253 "-" "meta-externalagent/1.1 (+https://developers.facebook.com/docs/sharing/webmasters/crawler)"
57.141.2.84 - - [14/Sep/2025:03:36:24 +0700] "GET /info/1776530250.phtml?path=/var HTTP/1.0" 200 13025 "-" "meta-externalagent/1.1 (+https://developers.facebook.com/docs/sharing/webmasters/crawler)"
20.171.207.16 - - [14/Sep/2025:03:36:24 +0700] "GET /products/174xa31900?path=/var/www HTTP/1.0" 200 13058 "-" "Mozilla/5.0 AppleWebKit/537.36 (KHTML, like Gecko; compatible; GPTBot/1.2; +https://openai.com/gptbot)"
20.171.207.223 - - [14/Sep/2025:03:36:24 +0700] "GET /?fileloc=/var/www/vhosts/vietnguyenvn.vinawebs.com.vn/vnc-group.vn/images/images/images/images/images/mQjUCipVPWNutf.jpeg&path=/var/www/vhosts/vietnguyenvn.vinawebs.com.vn/vnc-group.vn/images/images/images/images/images HTTP/1.0" 200 19357 "-" "Mozilla/5.0 AppleWebKit/537.36 (KHTML, like Gecko; compatible; GPTBot/1.2; +https://openai.com/gptbot)"
20.171.207.16 - - [14/Sep/2025:03:36:25 +0700] "GET /products/189qn27631 HTTP/1.0" 200 81547 "-" "Mozilla/5.0 AppleWebKit/537.36 (KHTML, like Gecko; compatible; GPTBot/1.2; +https://openai.com/gptbot)"
20.171.207.223 - - [14/Sep/2025:03:36:25 +0700] "GET /?fileloc=/var/www/vhosts/vietnguyenvn.vinawebs.com.vn/vnc-group.vn/images/images/images/images/images/tnZplGsVhQXYJC.wma&path=/var/www/vhosts/vietnguyenvn.vinawebs.com.vn/vnc-group.vn/images/images/images/images/images HTTP/1.0" 200 19925 "-" "Mozilla/5.0 AppleWebKit/537.36 (KHTML, like Gecko; compatible; GPTBot/1.2; +https://openai.com/gptbot)"
57.141.2.68 - - [14/Sep/2025:03:36:26 +0700] "GET /info/104357022.phtml?path=/var/www/vhosts/vietnguyenvn.vinawebs.com.vn/furnilab.vn HTTP/1.0" 200 28549 "-" "meta-externalagent/1.1 (+https://developers.facebook.com/docs/sharing/webmasters/crawler)"
185.191.171.15 - - [14/Sep/2025:03:36:26 +0700] "GET /hard-anodized-cookware-fetish-wikipedia/ HTTP/1.0" 200 81547 "-" "Mozilla/5.0 (compatible; SemrushBot/7~bl; +http://www.semrush.com/bot.html)"
20.171.207.16 - - [14/Sep/2025:03:36:26 +0700] "GET /products/158cm28670 HTTP/1.0" 200 81547 "-" "Mozilla/5.0 AppleWebKit/537.36 (KHTML, like Gecko; compatible; GPTBot/1.2; +https://openai.com/gptbot)"
20.171.207.223 - - [14/Sep/2025:03:36:26 +0700] "GET /?fileloc=/var/www/vhosts/vietnguyenvn.vinawebs.com.vn/logs/etechvn.vn/error_log.10.gz&path=/var/www/vhosts/vietnguyenvn.vinawebs.com.vn/logs/etechvn.vn HTTP/1.0" 200 13009 "-" "Mozilla/5.0 AppleWebKit/537.36 (KHTML, like Gecko; compatible; GPTBot/1.2; +https://openai.com/gptbot)"
20.171.207.16 - - [14/Sep/2025:03:36:27 +0700] "GET /products/290ej13268 HTTP/1.0" 200 81547 "-" "Mozilla/5.0 AppleWebKit/537.36 (KHTML, like Gecko; compatible; GPTBot/1.2; +https://openai.com/gptbot)"
20.171.207.223 - - [14/Sep/2025:03:36:27 +0700] "GET /?fileloc=/var/www/vhosts/vietnguyenvn.vinawebs.com.vn/vnc-group.vn/images/images/images/images/tNWpqUhsuC.wmv&path=/var/www/vhosts/vietnguyenvn.vinawebs.com.vn/vnc-group.vn/images/images/images/images HTTP/1.0" 200 19948 "-" "Mozilla/5.0 AppleWebKit/537.36 (KHTML, like Gecko; compatible; GPTBot/1.2; +https://openai.com/gptbot)"
20.171.207.16 - - [14/Sep/2025:03:36:28 +0700] "GET /products/163ve35095 HTTP/1.0" 200 81547 "-" "Mozilla/5.0 AppleWebKit/537.36 (KHTML, like Gecko; compatible; GPTBot/1.2; +https://openai.com/gptbot)"
20.171.207.223 - - [14/Sep/2025:03:36:28 +0700] "GET /?fileloc=/var/www/vhosts/vietnguyenvn.vinawebs.com.vn/furnilab.vn/httpdocs/search.php&path=/var/www/vhosts/vietnguyenvn.vinawebs.com.vn/furnilab.vn/httpdocs HTTP/1.0" 200 14715 "-" "Mozilla/5.0 AppleWebKit/537.36 (KHTML, like Gecko; compatible; GPTBot/1.2; +https://openai.com/gptbot)"
57.141.2.76 - - [14/Sep/2025:03:36:29 +0700] "GET /info/609682190.phtml?path=/var/www/vhosts/vietnguyenvn.vinawebs.com.vn/furnilab.vn/httpdocs/wp-includes HTTP/1.0" 200 436287 "-" "meta-externalagent/1.1 (+https://developers.facebook.com/docs/sharing/webmasters/crawler)"
57.141.2.54 - - [14/Sep/2025:03:36:29 +0700] "GET /info/694952910.phtml?fileloc=/var/www/vhosts/vietnguyenvn.vinawebs.com.vn/furnilab.vn/httpdocs/wp-config-sample.php&path=/var/www/vhosts/vietnguyenvn.vinawebs.com.vn/furnilab.vn/httpdocs HTTP/1.0" 200 16089 "-" "meta-externalagent/1.1 (+https://developers.facebook.com/docs/sharing/webmasters/crawler)"
20.171.207.223 - - [14/Sep/2025:03:36:30 +0700] "GET /?fileloc=/var/www/vhosts/vietnguyenvn.vinawebs.com.vn/viet-group.com/wp-blog-header.php&path=/var/www/vhosts/vietnguyenvn.vinawebs.com.vn/viet-group.com HTTP/1.0" 200 13293 "-" "Mozilla/5.0 AppleWebKit/537.36 (KHTML, like Gecko; compatible; GPTBot/1.2; +https://openai.com/gptbot)"
20.171.207.16 - - [14/Sep/2025:03:36:30 +0700] "GET /products/123ub46951 HTTP/1.0" 200 81547 "-" "Mozilla/5.0 AppleWebKit/537.36 (KHTML, like Gecko; compatible; GPTBot/1.2; +https://openai.com/gptbot)"
20.171.207.223 - - [14/Sep/2025:03:36:31 +0700] "GET /?fileloc=/var/www/vhosts/vietnguyenvn.vinawebs.com.vn/logs/furnilab.vn/error_log.1.gz&path=/var/www/vhosts/vietnguyenvn.vinawebs.com.vn/logs/furnilab.vn HTTP/1.0" 200 13011 "-" "Mozilla/5.0 AppleWebKit/537.36 (KHTML, like Gecko; compatible; GPTBot/1.2; +https://openai.com/gptbot)"
57.141.2.31 - - [14/Sep/2025:03:36:31 +0700] "GET /info/634550248.phtml?fileloc=/var/www/vhosts/vietnguyenvn.vinawebs.com.vn/furnilab.vn/httpdocs/wp-links-opml.php&path=/var/www/vhosts/vietnguyenvn.vinawebs.com.vn/furnilab.vn/httpdocs HTTP/1.0" 200 15828 "-" "meta-externalagent/1.1 (+https://developers.facebook.com/docs/sharing/webmasters/crawler)"
20.171.207.16 - - [14/Sep/2025:03:36:31 +0700] "GET /products/263uj49305 HTTP/1.0" 200 81547 "-" "Mozilla/5.0 AppleWebKit/537.36 (KHTML, like Gecko; compatible; GPTBot/1.2; +https://openai.com/gptbot)"
20.171.207.223 - - [14/Sep/2025:03:36:32 +0700] "GET /?fileloc=/var/www/vhosts/vietnguyenvn.vinawebs.com.vn/logs/furnilab.vn/error_log.8.gz&path=/var/www/vhosts/vietnguyenvn.vinawebs.com.vn/logs/furnilab.vn HTTP/1.0" 200 13011 "-" "Mozilla/5.0 AppleWebKit/537.36 (KHTML, like Gecko; compatible; GPTBot/1.2; +https://openai.com/gptbot)"
20.171.207.16 - - [14/Sep/2025:03:36:32 +0700] "GET /products/217iq14029 HTTP/1.0" 200 81547 "-" "Mozilla/5.0 AppleWebKit/537.36 (KHTML, like Gecko; compatible; GPTBot/1.2; +https://openai.com/gptbot)"
20.171.207.16 - - [14/Sep/2025:03:36:33 +0700] "GET /products/220je18498 HTTP/1.0" 200 81547 "-" "Mozilla/5.0 AppleWebKit/537.36 (KHTML, like Gecko; compatible; GPTBot/1.2; +https://openai.com/gptbot)"
20.171.207.223 - - [14/Sep/2025:03:36:33 +0700] "GET /?fileloc=/var/www/vhosts/vietnguyenvn.vinawebs.com.vn/logs/furnilab.vn/proxy_error_log.1.gz&path=/var/www/vhosts/vietnguyenvn.vinawebs.com.vn/logs/furnilab.vn HTTP/1.0" 200 13017 "-" "Mozilla/5.0 AppleWebKit/537.36 (KHTML, like Gecko; compatible; GPTBot/1.2; +https://openai.com/gptbot)"
20.171.207.16 - - [14/Sep/2025:03:36:34 +0700] "GET /products/173vb29691 HTTP/1.0" 200 81547 "-" "Mozilla/5.0 AppleWebKit/537.36 (KHTML, like Gecko; compatible; GPTBot/1.2; +https://openai.com/gptbot)"
20.171.207.223 - - [14/Sep/2025:03:36:34 +0700] "GET /?fileloc=/var/www/vhosts/vietnguyenvn.vinawebs.com.vn/logs/furnilab.vn/error_log.4.gz&path=/var/www/vhosts/vietnguyenvn.vinawebs.com.vn/logs/furnilab.vn HTTP/1.0" 200 13011 "-" "Mozilla/5.0 AppleWebKit/537.36 (KHTML, like Gecko; compatible; GPTBot/1.2; +https://openai.com/gptbot)"
57.141.2.66 - - [14/Sep/2025:03:36:35 +0700] "GET /info/2831764196.phtml?fileloc=/var/www/vhosts/vietnguyenvn.vinawebs.com.vn/furnilab.vn/httpdocs/wp-comments-post.php&path=/var/www/vhosts/vietnguyenvn.vinawebs.com.vn/furnilab.vn/httpdocs HTTP/1.0" 200 15445 "-" "meta-externalagent/1.1 (+https://developers.facebook.com/docs/sharing/webmasters/crawler)"
20.171.207.16 - - [14/Sep/2025:03:36:35 +0700] "GET /products/259ln31709 HTTP/1.0" 200 81547 "-" "Mozilla/5.0 AppleWebKit/537.36 (KHTML, like Gecko; compatible; GPTBot/1.2; +https://openai.com/gptbot)"
20.171.207.223 - - [14/Sep/2025:03:36:35 +0700] "GET /?fileloc=/var/www/vhosts/vietnguyenvn.vinawebs.com.vn/logs/furnilab.vn/error_log.2.gz&path=/var/www/vhosts/vietnguyenvn.vinawebs.com.vn/logs/furnilab.vn HTTP/1.0" 200 13011 "-" "Mozilla/5.0 AppleWebKit/537.36 (KHTML, like Gecko; compatible; GPTBot/1.2; +https://openai.com/gptbot)"
20.171.207.16 - - [14/Sep/2025:03:36:37 +0700] "GET /products/237cz16989 HTTP/1.0" 200 81547 "-" "Mozilla/5.0 AppleWebKit/537.36 (KHTML, like Gecko; compatible; GPTBot/1.2; +https://openai.com/gptbot)"
20.171.207.223 - - [14/Sep/2025:03:36:37 +0700] "GET /?fileloc=/var/www/vhosts/vietnguyenvn.vinawebs.com.vn/logs/furnilab.vn/error_log.5.gz&path=/var/www/vhosts/vietnguyenvn.vinawebs.com.vn/logs/furnilab.vn HTTP/1.0" 200 13011 "-" "Mozilla/5.0 AppleWebKit/537.36 (KHTML, like Gecko; compatible; GPTBot/1.2; +https://openai.com/gptbot)"
20.171.207.16 - - [14/Sep/2025:03:36:38 +0700] "GET /products/121vh40693 HTTP/1.0" 200 81547 "-" "Mozilla/5.0 AppleWebKit/537.36 (KHTML, like Gecko; compatible; GPTBot/1.2; +https://openai.com/gptbot)"
20.171.207.223 - - [14/Sep/2025:03:36:38 +0700] "GET /?fileloc=/var/www/vhosts/vietnguyenvn.vinawebs.com.vn/logs/furnilab.vn/error_log.3.gz&path=/var/www/vhosts/vietnguyenvn.vinawebs.com.vn/logs/furnilab.vn HTTP/1.0" 200 13011 "-" "Mozilla/5.0 AppleWebKit/537.36 (KHTML, like Gecko; compatible; GPTBot/1.2; +https://openai.com/gptbot)"
20.171.207.16 - - [14/Sep/2025:03:36:39 +0700] "GET /products/267vj43781 HTTP/1.0" 200 81547 "-" "Mozilla/5.0 AppleWebKit/537.36 (KHTML, like Gecko; compatible; GPTBot/1.2; +https://openai.com/gptbot)"
20.171.207.223 - - [14/Sep/2025:03:36:39 +0700] "GET /?fileloc=/var/www/vhosts/vietnguyenvn.vinawebs.com.vn/logs/furnilab.vn/error_log.6.gz&path=/var/www/vhosts/vietnguyenvn.vinawebs.com.vn/logs/furnilab.vn HTTP/1.0" 200 13011 "-" "Mozilla/5.0 AppleWebKit/537.36 (KHTML, like Gecko; compatible; GPTBot/1.2; +https://openai.com/gptbot)"
20.171.207.16 - - [14/Sep/2025:03:36:40 +0700] "GET /products/213eg14049 HTTP/1.0" 200 81547 "-" "Mozilla/5.0 AppleWebKit/537.36 (KHTML, like Gecko; compatible; GPTBot/1.2; +https://openai.com/gptbot)"
20.171.207.223 - - [14/Sep/2025:03:36:40 +0700] "GET /?fileloc=/var/www/vhosts/vietnguyenvn.vinawebs.com.vn/logs/furnilab.vn/proxy_error_log.2.gz&path=/var/www/vhosts/vietnguyenvn.vinawebs.com.vn/logs/furnilab.vn HTTP/1.0" 200 13017 "-" "Mozilla/5.0 AppleWebKit/537.36 (KHTML, like Gecko; compatible; GPTBot/1.2; +https://openai.com/gptbot)"
20.171.207.16 - - [14/Sep/2025:03:36:41 +0700] "GET /products/158jq20720 HTTP/1.0" 200 81547 "-" "Mozilla/5.0 AppleWebKit/537.36 (KHTML, like Gecko; compatible; GPTBot/1.2; +https://openai.com/gptbot)"
20.171.207.16 - - [14/Sep/2025:03:36:42 +0700] "GET /products/248uo13506 HTTP/1.0" 200 81547 "-" "Mozilla/5.0 AppleWebKit/537.36 (KHTML, like Gecko; compatible; GPTBot/1.2; +https://openai.com/gptbot)"
20.171.207.16 - - [14/Sep/2025:03:36:43 +0700] "GET /products/210wj40326 HTTP/1.0" 200 81547 "-" "Mozilla/5.0 AppleWebKit/537.36 (KHTML, like Gecko; compatible; GPTBot/1.2; +https://openai.com/gptbot)"
20.171.207.16 - - [14/Sep/2025:03:36:45 +0700] "GET /products/123ub46951?fileloc=/var/www/vhosts/vietnguyenvn.vinawebs.com.vn/furnilab.vn/httpdocs/ex.php&path=/var/www/vhosts/vietnguyenvn.vinawebs.com.vn/furnilab.vn/httpdocs HTTP/1.0" 200 19366 "-" "Mozilla/5.0 AppleWebKit/537.36 (KHTML, like Gecko; compatible; GPTBot/1.2; +https://openai.com/gptbot)"
44.210.213.220 - - [14/Sep/2025:03:36:45 +0700] "GET /wp-content/uploads/pvvi5/t95z-plus-h618-firmware-sd-card.html?path=/var/www/vhosts HTTP/1.0" 200 13101 "-" "Mozilla/5.0 AppleWebKit/537.36 (KHTML, like Gecko; compatible; Amazonbot/0.1; +https://developer.amazon.com/support/amazonbot) Chrome/119.0.6045.214 Safari/537.36"
20.171.207.16 - - [14/Sep/2025:03:36:46 +0700] "GET /products/298fj13410 HTTP/1.0" 200 81547 "-" "Mozilla/5.0 AppleWebKit/537.36 (KHTML, like Gecko; compatible; GPTBot/1.2; +https://openai.com/gptbot)"
57.141.2.75 - - [14/Sep/2025:03:36:46 +0700] "GET /info/336215298.phtml?fileloc=/var/www/vhosts/vietnguyenvn.vinawebs.com.vn/furnilab.vn/httpdocs/4633c/e1e&path=/var/www/vhosts/vietnguyenvn.vinawebs.com.vn/furnilab.vn/httpdocs/4633c HTTP/1.0" 200 51920 "-" "meta-externalagent/1.1 (+https://developers.facebook.com/docs/sharing/webmasters/crawler)"
57.141.2.27 - - [14/Sep/2025:03:36:47 +0700] "GET /info/336307312.phtml?path=/var/www/vhosts/vietnguyenvn.vinawebs.com.vn/furnilab.vn/httpdocs/wp-content HTTP/1.0" 200 72096 "-" "meta-externalagent/1.1 (+https://developers.facebook.com/docs/sharing/webmasters/crawler)"
107.22.208.39 - - [14/Sep/2025:03:36:47 +0700] "GET /wp-content/uploads/xlysrc2/ivex-namestaj-review.html?path=/var/www/vhosts/vietnguyenvn.vinawebs.com.vn/.revisium_antivirus_cache/.revisium4 HTTP/1.0" 200 18626 "-" "Mozilla/5.0 AppleWebKit/537.36 (KHTML, like Gecko; compatible; Amazonbot/0.1; +https://developer.amazon.com/support/amazonbot) Chrome/119.0.6045.214 Safari/537.36"
18.209.201.119 - - [14/Sep/2025:03:36:43 +0700] "GET /wp-content/uploads/pvvi5/spreadsheet-pandabuy-ropa.html?path=/var/www/vhosts/vietnguyenvn.vinawebs.com.vn/.revisium_antivirus_cache/.revisium75 HTTP/1.0" 200 20352 "-" "Mozilla/5.0 AppleWebKit/537.36 (KHTML, like Gecko; compatible; Amazonbot/0.1; +https://developer.amazon.com/support/amazonbot) Chrome/119.0.6045.214 Safari/537.36"
20.171.207.16 - - [14/Sep/2025:03:36:47 +0700] "GET /products/245mg41379 HTTP/1.0" 200 81547 "-" "Mozilla/5.0 AppleWebKit/537.36 (KHTML, like Gecko; compatible; GPTBot/1.2; +https://openai.com/gptbot)"
100.29.107.38 - - [14/Sep/2025:03:36:49 +0700] "GET /wp-content/uploads/pvvi5/kl15-kl30-ignition-position.html?path=/var/www/vhosts/vietnguyenvn.vinawebs.com.vn/viet-group.com/wp-includes/images/crystal HTTP/1.0" 200 30878 "-" "Mozilla/5.0 AppleWebKit/537.36 (KHTML, like Gecko; compatible; Amazonbot/0.1; +https://developer.amazon.com/support/amazonbot) Chrome/119.0.6045.214 Safari/537.36"
20.171.207.16 - - [14/Sep/2025:03:36:50 +0700] "GET /products/216zh15472 HTTP/1.0" 200 81547 "-" "Mozilla/5.0 AppleWebKit/537.36 (KHTML, like Gecko; compatible; GPTBot/1.2; +https://openai.com/gptbot)"
20.171.207.16 - - [14/Sep/2025:03:36:51 +0700] "GET /products/274oq40168 HTTP/1.0" 200 81547 "-" "Mozilla/5.0 AppleWebKit/537.36 (KHTML, like Gecko; compatible; GPTBot/1.2; +https://openai.com/gptbot)"
20.171.207.223 - - [14/Sep/2025:03:36:41 +0700] "GET /?fileloc=/var/www/vhosts/vietnguyenvn.vinawebs.com.vn/logs/furnilab.vn/error_log.9.gz&path=/var/www/vhosts/vietnguyenvn.vinawebs.com.vn/logs/furnilab.vn HTTP/1.0" 200 13011 "-" "Mozilla/5.0 AppleWebKit/537.36 (KHTML, like Gecko; compatible; GPTBot/1.2; +https://openai.com/gptbot)"
3.230.224.6 - - [14/Sep/2025:03:36:51 +0700] "GET /wp-content/uploads/pvvi5/kl15-kl30-ignition-position.html?path=/var/www/vhosts/vietnguyenvn.vinawebs.com.vn/viet-group.com/wp-includes/blocks/more HTTP/1.0" 200 22241 "-" "Mozilla/5.0 AppleWebKit/537.36 (KHTML, like Gecko; compatible; Amazonbot/0.1; +https://developer.amazon.com/support/amazonbot) Chrome/119.0.6045.214 Safari/537.36"
52.73.142.41 - - [14/Sep/2025:03:36:46 +0700] "GET /wp-content/uploads/pvvi5/blue-air-reviews.html?path=/var/www/vhosts/vietnguyenvn.vinawebs.com.vn/viet-group.com/wp-content/plugins HTTP/1.0" 200 62165 "-" "Mozilla/5.0 AppleWebKit/537.36 (KHTML, like Gecko; compatible; Amazonbot/0.1; +https://developer.amazon.com/support/amazonbot) Chrome/119.0.6045.214 Safari/537.36"
20.171.207.223 - - [14/Sep/2025:03:36:52 +0700] "GET /?fileloc=/var/www/vhosts/vietnguyenvn.vinawebs.com.vn/viet-group.com/wp-activate.php&path=/var/www/vhosts/vietnguyenvn.vinawebs.com.vn/viet-group.com HTTP/1.0" 200 21192 "-" "Mozilla/5.0 AppleWebKit/537.36 (KHTML, like Gecko; compatible; GPTBot/1.2; +https://openai.com/gptbot)"
20.171.207.16 - - [14/Sep/2025:03:36:52 +0700] "GET /products/214gv17636 HTTP/1.0" 200 81547 "-" "Mozilla/5.0 AppleWebKit/537.36 (KHTML, like Gecko; compatible; GPTBot/1.2; +https://openai.com/gptbot)"
57.141.2.5 - - [14/Sep/2025:03:36:53 +0700] "GET /info/1068492366.phtml?fileloc=/var/www/vhosts/vietnguyenvn.vinawebs.com.vn/furnilab.vn/httpdocs/item.php&path=/var/www/vhosts/vietnguyenvn.vinawebs.com.vn/furnilab.vn/httpdocs HTTP/1.0" 200 14817 "-" "meta-externalagent/1.1 (+https://developers.facebook.com/docs/sharing/webmasters/crawler)"
20.171.207.223 - - [14/Sep/2025:03:36:53 +0700] "GET /?fileloc=/var/www/vhosts/vietnguyenvn.vinawebs.com.vn/logs/furnilab.vn/access_ssl_log.processed.1.gz&path=/var/www/vhosts/vietnguyenvn.vinawebs.com.vn/logs/furnilab.vn HTTP/1.0" 200 13026 "-" "Mozilla/5.0 AppleWebKit/537.36 (KHTML, like Gecko; compatible; GPTBot/1.2; +https://openai.com/gptbot)"
20.171.207.16 - - [14/Sep/2025:03:36:53 +0700] "GET /products/237cz16989?fileloc=/var/www/vhosts/vietnguyenvn.vinawebs.com.vn/furnilab.vn/httpdocs/index.php0&path=/var/www/vhosts/vietnguyenvn.vinawebs.com.vn/furnilab.vn/httpdocs HTTP/1.0" 200 35956 "-" "Mozilla/5.0 AppleWebKit/537.36 (KHTML, like Gecko; compatible; GPTBot/1.2; +https://openai.com/gptbot)"
57.141.2.69 - - [14/Sep/2025:03:36:54 +0700] "GET /info/1689658300.phtml?fileloc=/var/www/vhosts/vietnguyenvn.vinawebs.com.vn/furnilab.vn/httpdocs/index.php0&path=/var/www/vhosts/vietnguyenvn.vinawebs.com.vn/furnilab.vn/httpdocs HTTP/1.0" 200 35956 "-" "meta-externalagent/1.1 (+https://developers.facebook.com/docs/sharing/webmasters/crawler)"
20.171.207.223 - - [14/Sep/2025:03:36:54 +0700] "GET /?fileloc=/var/www/vhosts/vietnguyenvn.vinawebs.com.vn/logs/furnilab.vn/error_log.7.gz&path=/var/www/vhosts/vietnguyenvn.vinawebs.com.vn/logs/furnilab.vn HTTP/1.0" 200 13011 "-" "Mozilla/5.0 AppleWebKit/537.36 (KHTML, like Gecko; compatible; GPTBot/1.2; +https://openai.com/gptbot)"
20.171.207.16 - - [14/Sep/2025:03:36:54 +0700] "GET /products/268ig34704 HTTP/1.0" 200 81547 "-" "Mozilla/5.0 AppleWebKit/537.36 (KHTML, like Gecko; compatible; GPTBot/1.2; +https://openai.com/gptbot)"
20.171.207.223 - - [14/Sep/2025:03:36:55 +0700] "GET /?fileloc=/var/www/vhosts/vietnguyenvn.vinawebs.com.vn/logs/vattusacky.vn/access_ssl_log.processed.1.gz&path=/var/www/vhosts/vietnguyenvn.vinawebs.com.vn/logs/vattusacky.vn HTTP/1.0" 200 13032 "-" "Mozilla/5.0 AppleWebKit/537.36 (KHTML, like Gecko; compatible; GPTBot/1.2; +https://openai.com/gptbot)"
20.171.207.16 - - [14/Sep/2025:03:36:56 +0700] "GET /products/253cj49381 HTTP/1.0" 200 81547 "-" "Mozilla/5.0 AppleWebKit/537.36 (KHTML, like Gecko; compatible; GPTBot/1.2; +https://openai.com/gptbot)"
98.83.10.183 - - [14/Sep/2025:03:36:56 +0700] "GET /wp-content/uploads/pvvi5/spn-1073-fmi-5.html?path=/var/www/vhosts/vietnguyenvn.vinawebs.com.vn/furnilab.vn/httpdocs/wp-content/plugins/contact-form-7-to-database-extension/phpunit HTTP/1.0" 200 97891 "-" "Mozilla/5.0 AppleWebKit/537.36 (KHTML, like Gecko; compatible; Amazonbot/0.1; +https://developer.amazon.com/support/amazonbot) Chrome/119.0.6045.214 Safari/537.36"
20.171.207.223 - - [14/Sep/2025:03:36:57 +0700] "GET /?fileloc=/var/www/vhosts/vietnguyenvn.vinawebs.com.vn/logs/vattusacky.vn/access_ssl_log.processed.5.gz&path=/var/www/vhosts/vietnguyenvn.vinawebs.com.vn/logs/vattusacky.vn HTTP/1.0" 200 13032 "-" "Mozilla/5.0 AppleWebKit/537.36 (KHTML, like Gecko; compatible; GPTBot/1.2; +https://openai.com/gptbot)"
20.171.207.16 - - [14/Sep/2025:03:36:57 +0700] "GET /products/163ab16487 HTTP/1.0" 200 81547 "-" "Mozilla/5.0 AppleWebKit/537.36 (KHTML, like Gecko; compatible; GPTBot/1.2; +https://openai.com/gptbot)"
57.141.2.22 - - [14/Sep/2025:03:36:57 +0700] "GET /info/2036856606.phtml?fileloc=/var/www/vhosts/vietnguyenvn.vinawebs.com.vn/furnilab.vn/httpdocs/wp-includes/ms-files.php&path=/var/www/vhosts/vietnguyenvn.vinawebs.com.vn/furnilab.vn/httpdocs/wp-includes HTTP/1.0" 200 15874 "-" "meta-externalagent/1.1 (+https://developers.facebook.com/docs/sharing/webmasters/crawler)"
20.171.207.223 - - [14/Sep/2025:03:36:58 +0700] "GET /?fileloc=/var/www/vhosts/vietnguyenvn.vinawebs.com.vn/logs/vattusacky.vn/access_ssl_log.processed.7.gz&path=/var/www/vhosts/vietnguyenvn.vinawebs.com.vn/logs/vattusacky.vn HTTP/1.0" 200 13032 "-" "Mozilla/5.0 AppleWebKit/537.36 (KHTML, like Gecko; compatible; GPTBot/1.2; +https://openai.com/gptbot)"
20.171.207.16 - - [14/Sep/2025:03:36:58 +0700] "GET /products/180zo37568 HTTP/1.0" 200 81547 "-" "Mozilla/5.0 AppleWebKit/537.36 (KHTML, like Gecko; compatible; GPTBot/1.2; +https://openai.com/gptbot)"
20.171.207.223 - - [14/Sep/2025:03:36:59 +0700] "GET /?fileloc=/var/www/vhosts/vietnguyenvn.vinawebs.com.vn/logs/vattusacky.vn/access_ssl_log.processed.2.gz&path=/var/www/vhosts/vietnguyenvn.vinawebs.com.vn/logs/vattusacky.vn HTTP/1.0" 200 13032 "-" "Mozilla/5.0 AppleWebKit/537.36 (KHTML, like Gecko; compatible; GPTBot/1.2; +https://openai.com/gptbot)"
43.163.23.56 - - [14/Sep/2025:03:36:59 +0700] "GET /bonusy-kazino-pin-up-za-ijul-2023-bezdepozitnyj-za-registratsiju-bonus-kody-na-frispiny-i-promokody-ot-casino-ru/?path=/var/www/vhosts/vietnguyenvn.vinawebs.com.vn/furnilab.vn/httpdocs/wp-content/jsf93179 HTTP/1.0" 200 22152 "-" "Mozilla/5.0 (Windows NT 10.0; Win64; x64) AppleWebKit/537.36 (KHTML, like Gecko) Chrome/124.0.0.0 Safari/537.36"
20.171.207.16 - - [14/Sep/2025:03:36:59 +0700] "GET /products/280sx49236 HTTP/1.0" 200 81547 "-" "Mozilla/5.0 AppleWebKit/537.36 (KHTML, like Gecko; compatible; GPTBot/1.2; +https://openai.com/gptbot)"
54.91.122.193 - - [14/Sep/2025:03:36:59 +0700] "GET /wp-content/uploads/pvvi5/gia-dlscope-professional-microscope.html?path=/var/www/vhosts/vietnguyenvn.vinawebs.com.vn/vietnguyenlab.net/httpdocs HTTP/1.0" 200 57535 "-" "Mozilla/5.0 AppleWebKit/537.36 (KHTML, like Gecko; compatible; Amazonbot/0.1; +https://developer.amazon.com/support/amazonbot) Chrome/119.0.6045.214 Safari/537.36"
20.171.207.223 - - [14/Sep/2025:03:37:00 +0700] "GET /?fileloc=/var/www/vhosts/vietnguyenvn.vinawebs.com.vn/logs/vattusacky.vn/access_ssl_log.processed.8.gz&path=/var/www/vhosts/vietnguyenvn.vinawebs.com.vn/logs/vattusacky.vn HTTP/1.0" 200 13032 "-" "Mozilla/5.0 AppleWebKit/537.36 (KHTML, like Gecko; compatible; GPTBot/1.2; +https://openai.com/gptbot)"
57.141.2.75 - - [14/Sep/2025:03:37:00 +0700] "GET /info/2826461874.phtml?path=/var/www/vhosts/vietnguyenvn.vinawebs.com.vn/furnilab.vn/httpdocs/.well-known HTTP/1.0" 200 16740 "-" "meta-externalagent/1.1 (+https://developers.facebook.com/docs/sharing/webmasters/crawler)"
20.171.207.16 - - [14/Sep/2025:03:37:00 +0700] "GET /products/196zm25300 HTTP/1.0" 200 81547 "-" "Mozilla/5.0 AppleWebKit/537.36 (KHTML, like Gecko; compatible; GPTBot/1.2; +https://openai.com/gptbot)"
20.171.207.16 - - [14/Sep/2025:03:37:01 +0700] "GET /products/213vh25895 HTTP/1.0" 200 81547 "-" "Mozilla/5.0 AppleWebKit/537.36 (KHTML, like Gecko; compatible; GPTBot/1.2; +https://openai.com/gptbot)"
100.29.107.38 - - [14/Sep/2025:03:37:02 +0700] "GET /wp-content/uploads/pvvi5/wittchen-handbags.html?path=/var/www/vhosts/vietnguyenvn.vinawebs.com.vn/vattusacky.vn/httpdocs/wp-includes/interactivity-api HTTP/1.0" 200 19254 "-" "Mozilla/5.0 AppleWebKit/537.36 (KHTML, like Gecko; compatible; Amazonbot/0.1; +https://developer.amazon.com/support/amazonbot) Chrome/119.0.6045.214 Safari/537.36"
20.171.207.16 - - [14/Sep/2025:03:37:03 +0700] "GET /products/236il21064 HTTP/1.0" 200 81547 "-" "Mozilla/5.0 AppleWebKit/537.36 (KHTML, like Gecko; compatible; GPTBot/1.2; +https://openai.com/gptbot)"
57.141.2.54 - - [14/Sep/2025:03:37:04 +0700] "GET /info/1410874504.phtml?fileloc=/var/www/vhosts/vietnguyenvn.vinawebs.com.vn/furnilab.vn/httpdocs/readme.html&path=/var/www/vhosts/vietnguyenvn.vinawebs.com.vn/furnilab.vn/httpdocs HTTP/1.0" 200 22380 "-" "meta-externalagent/1.1 (+https://developers.facebook.com/docs/sharing/webmasters/crawler)"
20.171.207.16 - - [14/Sep/2025:03:37:04 +0700] "GET /products/228wi18934 HTTP/1.0" 200 81547 "-" "Mozilla/5.0 AppleWebKit/537.36 (KHTML, like Gecko; compatible; GPTBot/1.2; +https://openai.com/gptbot)"
15.235.98.46 - - [14/Sep/2025:03:37:04 +0700] "GET /the-finest-casino-games-is-among-the-best-casino-games-to-play-fun-2/ HTTP/1.0" 200 81547 "-" "Mozilla/5.0 (compatible; AhrefsBot/7.0; +http://ahrefs.com/robot/)"
20.171.207.16 - - [14/Sep/2025:03:37:05 +0700] "GET /products/290ki20864 HTTP/1.0" 200 81547 "-" "Mozilla/5.0 AppleWebKit/537.36 (KHTML, like Gecko; compatible; GPTBot/1.2; +https://openai.com/gptbot)"
20.171.207.16 - - [14/Sep/2025:03:37:06 +0700] "GET /products/167zl29037 HTTP/1.0" 200 81547 "-" "Mozilla/5.0 AppleWebKit/537.36 (KHTML, like Gecko; compatible; GPTBot/1.2; +https://openai.com/gptbot)"
57.141.2.65 - - [14/Sep/2025:03:37:07 +0700] "GET /info/1410247858.phtml?path=/ HTTP/1.0" 200 12996 "-" "meta-externalagent/1.1 (+https://developers.facebook.com/docs/sharing/webmasters/crawler)"
20.171.207.223 - - [14/Sep/2025:03:37:01 +0700] "GET /?fileloc=/var/www/vhosts/vietnguyenvn.vinawebs.com.vn/logs/furnilab.vn/access_ssl_log.processed.5.gz&path=/var/www/vhosts/vietnguyenvn.vinawebs.com.vn/logs/furnilab.vn HTTP/1.0" 200 13026 "-" "Mozilla/5.0 AppleWebKit/537.36 (KHTML, like Gecko; compatible; GPTBot/1.2; +https://openai.com/gptbot)"
20.171.207.16 - - [14/Sep/2025:03:37:07 +0700] "GET /products/256ly32054 HTTP/1.0" 200 81547 "-" "Mozilla/5.0 AppleWebKit/537.36 (KHTML, like Gecko; compatible; GPTBot/1.2; +https://openai.com/gptbot)"
20.171.207.223 - - [14/Sep/2025:03:37:08 +0700] "GET /?fileloc=/var/www/vhosts/vietnguyenvn.vinawebs.com.vn/logs/furnilab.vn/access_ssl_log.processed.3.gz&path=/var/www/vhosts/vietnguyenvn.vinawebs.com.vn/logs/furnilab.vn HTTP/1.0" 200 13026 "-" "Mozilla/5.0 AppleWebKit/537.36 (KHTML, like Gecko; compatible; GPTBot/1.2; +https://openai.com/gptbot)"
52.22.87.224 - - [14/Sep/2025:03:37:08 +0700] "GET /wp-content/uploads/xlysrc2/hackerrank-login-python-hackerrank-solution.html?path=/var/www/vhosts/vietnguyenvn.vinawebs.com.vn/furnilab.vn/httpdocs/wp-includes/Requests/Exception HTTP/1.0" 200 20436 "-" "Mozilla/5.0 AppleWebKit/537.36 (KHTML, like Gecko; compatible; Amazonbot/0.1; +https://developer.amazon.com/support/amazonbot) Chrome/119.0.6045.214 Safari/537.36"
20.171.207.16 - - [14/Sep/2025:03:37:08 +0700] "GET /products/182yh48460 HTTP/1.0" 200 81547 "-" "Mozilla/5.0 AppleWebKit/537.36 (KHTML, like Gecko; compatible; GPTBot/1.2; +https://openai.com/gptbot)"
20.171.207.223 - - [14/Sep/2025:03:37:09 +0700] "GET /?fileloc=/var/www/vhosts/vietnguyenvn.vinawebs.com.vn/logs/furnilab.vn/access_ssl_log.processed.7.gz&path=/var/www/vhosts/vietnguyenvn.vinawebs.com.vn/logs/furnilab.vn HTTP/1.0" 200 13026 "-" "Mozilla/5.0 AppleWebKit/537.36 (KHTML, like Gecko; compatible; GPTBot/1.2; +https://openai.com/gptbot)"
45.227.253.15 - - [14/Sep/2025:03:37:10 +0700] "GET /?of=1 HTTP/1.0" 200 29203 "-" "Mozilla/5.0 (Macintosh; Intel Mac OS X 10.13; rv:103.0) Gecko/20100101 Firefox/103.0"
20.171.207.16 - - [14/Sep/2025:03:37:09 +0700] "GET /products/205yc14583 HTTP/1.0" 200 81547 "-" "Mozilla/5.0 AppleWebKit/537.36 (KHTML, like Gecko; compatible; GPTBot/1.2; +https://openai.com/gptbot)"
20.171.207.223 - - [14/Sep/2025:03:37:10 +0700] "GET /?fileloc=/var/www/vhosts/vietnguyenvn.vinawebs.com.vn/logs/furnilab.vn/access_ssl_log.processed.6.gz&path=/var/www/vhosts/vietnguyenvn.vinawebs.com.vn/logs/furnilab.vn HTTP/1.0" 200 13026 "-" "Mozilla/5.0 AppleWebKit/537.36 (KHTML, like Gecko; compatible; GPTBot/1.2; +https://openai.com/gptbot)"
20.171.207.16 - - [14/Sep/2025:03:37:11 +0700] "GET /products/214vt38670 HTTP/1.0" 200 81547 "-" "Mozilla/5.0 AppleWebKit/537.36 (KHTML, like Gecko; compatible; GPTBot/1.2; +https://openai.com/gptbot)"
20.171.207.223 - - [14/Sep/2025:03:37:11 +0700] "GET /?fileloc=/var/www/vhosts/vietnguyenvn.vinawebs.com.vn/logs/furnilab.vn/access_ssl_log.processed.8.gz&path=/var/www/vhosts/vietnguyenvn.vinawebs.com.vn/logs/furnilab.vn HTTP/1.0" 200 13026 "-" "Mozilla/5.0 AppleWebKit/537.36 (KHTML, like Gecko; compatible; GPTBot/1.2; +https://openai.com/gptbot)"
20.171.207.16 - - [14/Sep/2025:03:37:12 +0700] "GET /products/105ma38643 HTTP/1.0" 200 81547 "-" "Mozilla/5.0 AppleWebKit/537.36 (KHTML, like Gecko; compatible; GPTBot/1.2; +https://openai.com/gptbot)"
44.223.116.180 - - [14/Sep/2025:03:37:12 +0700] "GET /wp-content/uploads/pvvi5/provjera-kazni-mup-ks.html?path=/var/www/vhosts/vietnguyenvn.vinawebs.com.vn/vattusacky.vn/httpdocs HTTP/1.0" 200 57020 "-" "Mozilla/5.0 AppleWebKit/537.36 (KHTML, like Gecko; compatible; Amazonbot/0.1; +https://developer.amazon.com/support/amazonbot) Chrome/119.0.6045.214 Safari/537.36"
20.171.207.223 - - [14/Sep/2025:03:37:12 +0700] "GET /?fileloc=/var/www/vhosts/vietnguyenvn.vinawebs.com.vn/logs/vattusacky.vn/access_ssl_log.processed.3.gz&path=/var/www/vhosts/vietnguyenvn.vinawebs.com.vn/logs/vattusacky.vn HTTP/1.0" 200 13032 "-" "Mozilla/5.0 AppleWebKit/537.36 (KHTML, like Gecko; compatible; GPTBot/1.2; +https://openai.com/gptbot)"
20.171.207.16 - - [14/Sep/2025:03:37:13 +0700] "GET /products/155nb49261 HTTP/1.0" 200 81547 "-" "Mozilla/5.0 AppleWebKit/537.36 (KHTML, like Gecko; compatible; GPTBot/1.2; +https://openai.com/gptbot)"
20.171.207.223 - - [14/Sep/2025:03:37:14 +0700] "GET /?fileloc=/var/www/vhosts/vietnguyenvn.vinawebs.com.vn/logs/vattusacky.vn/access_ssl_log.processed.6.gz&path=/var/www/vhosts/vietnguyenvn.vinawebs.com.vn/logs/vattusacky.vn HTTP/1.0" 200 13032 "-" "Mozilla/5.0 AppleWebKit/537.36 (KHTML, like Gecko; compatible; GPTBot/1.2; +https://openai.com/gptbot)"
20.171.207.16 - - [14/Sep/2025:03:37:15 +0700] "GET /products/192ye45418 HTTP/1.0" 200 81547 "-" "Mozilla/5.0 AppleWebKit/537.36 (KHTML, like Gecko; compatible; GPTBot/1.2; +https://openai.com/gptbot)"
20.171.207.223 - - [14/Sep/2025:03:37:15 +0700] "GET /?fileloc=/var/www/vhosts/vietnguyenvn.vinawebs.com.vn/logs/vattusacky.vn/access_ssl_log.processed.4.gz&path=/var/www/vhosts/vietnguyenvn.vinawebs.com.vn/logs/vattusacky.vn HTTP/1.0" 200 13032 "-" "Mozilla/5.0 AppleWebKit/537.36 (KHTML, like Gecko; compatible; GPTBot/1.2; +https://openai.com/gptbot)"
