20.171.207.16 - - [14/Sep/2025:03:46:10 +0700] "GET /products/148ad25842?fileloc=/var/www/vhosts/vietnguyenvn.vinawebs.com.vn/furnilab.vn/httpdocs/wp-settings.php&path=/var/www/vhosts/vietnguyenvn.vinawebs.com.vn/furnilab.vn/httpdocs HTTP/1.0" 200 37788 "-" "Mozilla/5.0 AppleWebKit/537.36 (KHTML, like Gecko; compatible; GPTBot/1.2; +https://openai.com/gptbot)"
216.73.216.172 - - [14/Sep/2025:03:46:10 +0700] "GET /vavada-casino-vavada-kazino-registratsiya-budte-proshche?fileloc=%2Fvar%2Fwww%2Fvhosts%2Fvietnguyenvn.vinawebs.com.vn%2Ffurnilab.vn%2Fhttpdocs%2Fwp-admin%2Fimport.php&path=%2Fvar%2Fwww%2Fvhosts%2Fvietnguyenvn.vinawebs.com.vn%2Ffurnilab.vn%2Fhttpdocs%2Fwp-admin HTTP/1.0" 200 21468 "-" "Mozilla/5.0 AppleWebKit/537.36 (KHTML, like Gecko; compatible; ClaudeBot/1.0; +claudebot@anthropic.com)"
20.171.207.223 - - [14/Sep/2025:03:46:10 +0700] "GET /?fileloc=/var/www/vhosts/vietnguyenvn.vinawebs.com.vn/viet-group.com/wp-content/plugins/wordpress-importer/parsers/class-wxr-parser-simplexml.php&path=/var/www/vhosts/vietnguyenvn.vinawebs.com.vn/viet-group.com/wp-content/plugins/wordpress-importer/parsers HTTP/1.0" 200 21586 "-" "Mozilla/5.0 AppleWebKit/537.36 (KHTML, like Gecko; compatible; GPTBot/1.2; +https://openai.com/gptbot)"
216.73.216.172 - - [14/Sep/2025:03:46:10 +0700] "GET /san-pham/tu-dung-hoa-chat-dung-moi-de-chay-90-gallon-340-lit-model-wa810860r?fileloc=%2Fvar%2Fwww%2Fvhosts%2Fvietnguyenvn.vinawebs.com.vn%2Fvattusacky.vn%2Fhttpdocs%2Fwp-admin%2Fsetup-config.php&path=%2Fvar%2Fwww%2Fvhosts%2Fvietnguyenvn.vinawebs.com.vn%2Fvattusacky.vn%2Fhttpdocs%2Fwp-admin HTTP/1.0" 200 34150 "-" "Mozilla/5.0 AppleWebKit/537.36 (KHTML, like Gecko; compatible; ClaudeBot/1.0; +claudebot@anthropic.com)"
216.73.216.172 - - [14/Sep/2025:03:46:11 +0700] "GET /san-pham/tu-dung-hoa-chat-dung-moi-de-chay-90-gallon-340-lit-model-wa810860r?fileloc=%2Fvar%2Fwww%2Fvhosts%2Fvietnguyenvn.vinawebs.com.vn%2Fvattusacky.vn%2Fhttpdocs%2Fwp-admin%2Fuser-edit.php&path=%2Fvar%2Fwww%2Fvhosts%2Fvietnguyenvn.vinawebs.com.vn%2Fvattusacky.vn%2Fhttpdocs%2Fwp-admin HTTP/1.0" 200 61698 "-" "Mozilla/5.0 AppleWebKit/537.36 (KHTML, like Gecko; compatible; ClaudeBot/1.0; +claudebot@anthropic.com)"
216.73.216.172 - - [14/Sep/2025:03:46:11 +0700] "GET /san-pham/tu-dung-hoa-chat-dung-moi-de-chay-90-gallon-340-lit-model-wa810860r?fileloc=%2Fvar%2Fwww%2Fvhosts%2Fvietnguyenvn.vinawebs.com.vn%2Fvattusacky.vn%2Fhttpdocs%2Fwp-admin%2Fwidgets-form.php&path=%2Fvar%2Fwww%2Fvhosts%2Fvietnguyenvn.vinawebs.com.vn%2Fvattusacky.vn%2Fhttpdocs%2Fwp-admin HTTP/1.0" 200 35442 "-" "Mozilla/5.0 AppleWebKit/537.36 (KHTML, like Gecko; compatible; ClaudeBot/1.0; +claudebot@anthropic.com)"
66.249.64.97 - - [14/Sep/2025:03:46:12 +0700] "GET /wp-content/uploads/2018/04/furnilab-cong-ty-sgs-viet-nam-1.jpg HTTP/1.0" 200 439 "-" "Googlebot-Image/1.0"
44.207.252.58 - - [14/Sep/2025:03:46:11 +0700] "GET /wp-content/uploads/xlysrc2/al-ain-university-pharmacy-fees.html?path=/var/www/vhosts/vietnguyenvn.vinawebs.com.vn/furnilab.vn/httpdocs/wp-includes/blocks/calendar HTTP/1.0" 200 22540 "-" "Mozilla/5.0 AppleWebKit/537.36 (KHTML, like Gecko; compatible; Amazonbot/0.1; +https://developer.amazon.com/support/amazonbot) Chrome/119.0.6045.214 Safari/537.36"
85.208.96.199 - - [14/Sep/2025:03:46:11 +0700] "GET /roboche-dzerkalo-kazino-josera-vidminnij-zasib-2/ HTTP/1.0" 200 81547 "-" "Mozilla/5.0 (compatible; SemrushBot/7~bl; +http://www.semrush.com/bot.html)"
216.73.216.172 - - [14/Sep/2025:03:46:11 +0700] "GET /san-pham/%22,t+=%22%3C%22+e.getAttribute(%22src%22?fileloc=%2Fvar%2Fwww%2Fvhosts%2Fvietnguyenvn.vinawebs.com.vn%2Flogs%2Fvietnguyenlab.net%2Fproxy_access_ssl_log&path=%2Fvar%2Fwww%2Fvhosts%2Fvietnguyenvn.vinawebs.com.vn%2Flogs%2Fvietnguyenlab.net HTTP/1.0" 200 13035 "-" "Mozilla/5.0 AppleWebKit/537.36 (KHTML, like Gecko; compatible; ClaudeBot/1.0; +claudebot@anthropic.com)"
216.73.216.172 - - [14/Sep/2025:03:46:11 +0700] "GET /vavada-casino-vavada-kazino-registratsiya-budte-proshche?fileloc=%2Fvar%2Fwww%2Fvhosts%2Fvietnguyenvn.vinawebs.com.vn%2Ffurnilab.vn%2Fhttpdocs%2Fwp-admin%2Fcss%2Frevisions-rtl.css&path=%2Fvar%2Fwww%2Fvhosts%2Fvietnguyenvn.vinawebs.com.vn%2Ffurnilab.vn%2Fhttpdocs%2Fwp-admin%2Fcss HTTP/1.0" 200 23440 "-" "Mozilla/5.0 AppleWebKit/537.36 (KHTML, like Gecko; compatible; ClaudeBot/1.0; +claudebot@anthropic.com)"
216.73.216.172 - - [14/Sep/2025:03:46:11 +0700] "GET /pinup-cassino-online-no-brasil-slots-licenciados-795?fileloc=%2Fvar%2Fwww%2Fvhosts%2Fvietnguyenvn.vinawebs.com.vn%2Fvattusacky.vn%2Fhttpdocs%2Fwp-admin%2Fedit-form-blocks.php&path=%2Fvar%2Fwww%2Fvhosts%2Fvietnguyenvn.vinawebs.com.vn%2Fvattusacky.vn%2Fhttpdocs%2Fwp-admin HTTP/1.0" 200 28505 "-" "Mozilla/5.0 AppleWebKit/537.36 (KHTML, like Gecko; compatible; ClaudeBot/1.0; +claudebot@anthropic.com)"
20.171.207.16 - - [14/Sep/2025:03:46:11 +0700] "GET /products/173od28305 HTTP/1.0" 200 81547 "-" "Mozilla/5.0 AppleWebKit/537.36 (KHTML, like Gecko; compatible; GPTBot/1.2; +https://openai.com/gptbot)"
216.73.216.172 - - [14/Sep/2025:03:46:11 +0700] "GET /pinup-cassino-online-no-brasil-slots-licenciados-795?fileloc=%2Fvar%2Fwww%2Fvhosts%2Fvietnguyenvn.vinawebs.com.vn%2Fvattusacky.vn%2Fhttpdocs%2Fwp-admin%2Fms-upgrade-network.php&path=%2Fvar%2Fwww%2Fvhosts%2Fvietnguyenvn.vinawebs.com.vn%2Fvattusacky.vn%2Fhttpdocs%2Fwp-admin HTTP/1.0" 200 13383 "-" "Mozilla/5.0 AppleWebKit/537.36 (KHTML, like Gecko; compatible; ClaudeBot/1.0; +claudebot@anthropic.com)"
216.73.216.172 - - [14/Sep/2025:03:46:12 +0700] "GET /pinup-cassino-online-no-brasil-slots-licenciados-795?fileloc=%2Fvar%2Fwww%2Fvhosts%2Fvietnguyenvn.vinawebs.com.vn%2Fviet-group.com%2Fwp-includes%2Fcss%2Fwp-auth-check.min.css&path=%2Fvar%2Fwww%2Fvhosts%2Fvietnguyenvn.vinawebs.com.vn%2Fviet-group.com%2Fwp-includes%2Fcss HTTP/1.0" 200 15098 "-" "Mozilla/5.0 AppleWebKit/537.36 (KHTML, like Gecko; compatible; ClaudeBot/1.0; +claudebot@anthropic.com)"
216.73.216.172 - - [14/Sep/2025:03:46:11 +0700] "GET /vavada-casino-vavada-kazino-registratsiya-budte-proshche?fileloc=%2Fvar%2Fwww%2Fvhosts%2Fvietnguyenvn.vinawebs.com.vn%2Ferror_docs%2Finternal_server_error.html&path=%2Fvar%2Fwww%2Fvhosts%2Fvietnguyenvn.vinawebs.com.vn%2Ferror_docs HTTP/1.0" 200 14429 "-" "Mozilla/5.0 AppleWebKit/537.36 (KHTML, like Gecko; compatible; ClaudeBot/1.0; +claudebot@anthropic.com)"
20.171.207.223 - - [14/Sep/2025:03:46:12 +0700] "GET /?fileloc=/var/www/vhosts/vietnguyenvn.vinawebs.com.vn/viet-group.com/wp-content/plugins/wordpress-importer/parsers/class-wxr-parser.php&path=/var/www/vhosts/vietnguyenvn.vinawebs.com.vn/viet-group.com/wp-content/plugins/wordpress-importer/parsers HTTP/1.0" 200 15455 "-" "Mozilla/5.0 AppleWebKit/537.36 (KHTML, like Gecko; compatible; GPTBot/1.2; +https://openai.com/gptbot)"
216.73.216.172 - - [14/Sep/2025:03:46:12 +0700] "GET /vavada-casino-vavada-kazino-registratsiya-budte-proshche?fileloc=%2Fvar%2Fwww%2Fvhosts%2Fvietnguyenvn.vinawebs.com.vn%2Ffurnilab.vn%2Fhttpdocs%2Fwp-admin%2Fcss%2Fforms.css&path=%2Fvar%2Fwww%2Fvhosts%2Fvietnguyenvn.vinawebs.com.vn%2Ffurnilab.vn%2Fhttpdocs%2Fwp-admin%2Fcss HTTP/1.0" 200 49191 "-" "Mozilla/5.0 AppleWebKit/537.36 (KHTML, like Gecko; compatible; ClaudeBot/1.0; +claudebot@anthropic.com)"
216.73.216.172 - - [14/Sep/2025:03:46:12 +0700] "GET /san-pham/tu-dung-hoa-chat-dung-moi-de-chay-90-gallon-340-lit-model-wa810860r?fileloc=%2Fvar%2Fwww%2Fvhosts%2Fvietnguyenvn.vinawebs.com.vn%2Fvattusacky.vn%2Fhttpdocs%2Fwp-admin%2Fadmin.php&path=%2Fvar%2Fwww%2Fvhosts%2Fvietnguyenvn.vinawebs.com.vn%2Fvattusacky.vn%2Fhttpdocs%2Fwp-admin HTTP/1.0" 200 26079 "-" "Mozilla/5.0 AppleWebKit/537.36 (KHTML, like Gecko; compatible; ClaudeBot/1.0; +claudebot@anthropic.com)"
216.73.216.172 - - [14/Sep/2025:03:46:12 +0700] "GET /san-pham/tu-dung-hoa-chat-dung-moi-de-chay-90-gallon-340-lit-model-wa810860r?fileloc=%2Fvar%2Fwww%2Fvhosts%2Fvietnguyenvn.vinawebs.com.vn%2Fvattusacky.vn%2Fhttpdocs%2Fwp-admin%2Fupdate-core.php&path=%2Fvar%2Fwww%2Fvhosts%2Fvietnguyenvn.vinawebs.com.vn%2Fvattusacky.vn%2Fhttpdocs%2Fwp-admin HTTP/1.0" 200 64805 "-" "Mozilla/5.0 AppleWebKit/537.36 (KHTML, like Gecko; compatible; ClaudeBot/1.0; +claudebot@anthropic.com)"
57.141.2.82 - - [14/Sep/2025:03:46:12 +0700] "GET /info/2826300970.phtml?fileloc=/var/www/vhosts/vietnguyenvn.vinawebs.com.vn/furnilab.vn/httpdocs/wp-includes/class-wp-block-template.php&path=/var/www/vhosts/vietnguyenvn.vinawebs.com.vn/furnilab.vn/httpdocs/wp-includes HTTP/1.0" 200 15010 "-" "meta-externalagent/1.1 (+https://developers.facebook.com/docs/sharing/webmasters/crawler)"
216.73.216.172 - - [14/Sep/2025:03:46:13 +0700] "GET /san-pham/tu-dung-hoa-chat-dung-moi-de-chay-90-gallon-340-lit-model-wa810860r?fileloc=%2Fvar%2Fwww%2Fvhosts%2Fvietnguyenvn.vinawebs.com.vn%2Fvattusacky.vn%2Fhttpdocs%2Fwp-admin%2Foptions-permalink.php&path=%2Fvar%2Fwww%2Fvhosts%2Fvietnguyenvn.vinawebs.com.vn%2Fvattusacky.vn%2Fhttpdocs%2Fwp-admin HTTP/1.0" 200 38197 "-" "Mozilla/5.0 AppleWebKit/537.36 (KHTML, like Gecko; compatible; ClaudeBot/1.0; +claudebot@anthropic.com)"
216.73.216.172 - - [14/Sep/2025:03:46:13 +0700] "GET /vavada-casino-vavada-kazino-registratsiya-budte-proshche?fileloc=%2Fvar%2Fwww%2Fvhosts%2Fvietnguyenvn.vinawebs.com.vn%2Ffurnilab.vn%2Fhttpdocs%2Fwp-admin%2Fcss%2Fwp-admin.css&path=%2Fvar%2Fwww%2Fvhosts%2Fvietnguyenvn.vinawebs.com.vn%2Ffurnilab.vn%2Fhttpdocs%2Fwp-admin%2Fcss HTTP/1.0" 200 13643 "-" "Mozilla/5.0 AppleWebKit/537.36 (KHTML, like Gecko; compatible; ClaudeBot/1.0; +claudebot@anthropic.com)"
216.73.216.172 - - [14/Sep/2025:03:46:13 +0700] "GET /san-pham/tu-dung-hoa-chat-dung-moi-de-chay-90-gallon-340-lit-model-wa810860r?path=%2Fvar%2Fwww%2Fvhosts%2Fvietnguyenvn.vinawebs.com.vn%2Fvattusacky.vn%2Fhttpdocs%2Fwp-includes%2Fsodium_compat%2Fsrc HTTP/1.0" 200 27357 "-" "Mozilla/5.0 AppleWebKit/537.36 (KHTML, like Gecko; compatible; ClaudeBot/1.0; +claudebot@anthropic.com)"
20.171.207.16 - - [14/Sep/2025:03:46:13 +0700] "GET /products/165wp11627 HTTP/1.0" 200 81547 "-" "Mozilla/5.0 AppleWebKit/537.36 (KHTML, like Gecko; compatible; GPTBot/1.2; +https://openai.com/gptbot)"
216.73.216.172 - - [14/Sep/2025:03:46:13 +0700] "GET /san-pham/tu-dung-hoa-chat-dung-moi-de-chay-90-gallon-340-lit-model-wa810860r?fileloc=%2Fvar%2Fwww%2Fvhosts%2Fvietnguyenvn.vinawebs.com.vn%2Fvattusacky.vn%2Fhttpdocs%2Fwp-includes%2Fpomo%2Fmo.php&path=%2Fvar%2Fwww%2Fvhosts%2Fvietnguyenvn.vinawebs.com.vn%2Fvattusacky.vn%2Fhttpdocs%2Fwp-includes%2Fpomo HTTP/1.0" 200 23197 "-" "Mozilla/5.0 AppleWebKit/537.36 (KHTML, like Gecko; compatible; ClaudeBot/1.0; +claudebot@anthropic.com)"
57.141.2.24 - - [14/Sep/2025:03:46:13 +0700] "GET /info/1067839722.phtml?path=/var/www/vhosts/vietnguyenvn.vinawebs.com.vn/furnilab.vn/httpdocs/images HTTP/1.0" 200 24961 "-" "meta-externalagent/1.1 (+https://developers.facebook.com/docs/sharing/webmasters/crawler)"
216.73.216.172 - - [14/Sep/2025:03:46:13 +0700] "GET /san-pham/tu-dung-hoa-chat-dung-moi-de-chay-90-gallon-340-lit-model-wa810860r?fileloc=%2Fvar%2Fwww%2Fvhosts%2Fvietnguyenvn.vinawebs.com.vn%2Fvattusacky.vn%2Fhttpdocs%2Fwp-admin%2Fadmin-footer.php&path=%2Fvar%2Fwww%2Fvhosts%2Fvietnguyenvn.vinawebs.com.vn%2Fvattusacky.vn%2Fhttpdocs%2Fwp-admin HTTP/1.0" 200 16421 "-" "Mozilla/5.0 AppleWebKit/537.36 (KHTML, like Gecko; compatible; ClaudeBot/1.0; +claudebot@anthropic.com)"
216.73.216.172 - - [14/Sep/2025:03:46:14 +0700] "GET /san-pham/tu-dung-hoa-chat-dung-moi-de-chay-90-gallon-340-lit-model-wa810860r?fileloc=%2Fvar%2Fwww%2Fvhosts%2Fvietnguyenvn.vinawebs.com.vn%2Fvattusacky.vn%2Fhttpdocs%2Fwp-admin%2Fms-upgrade-network.php&path=%2Fvar%2Fwww%2Fvhosts%2Fvietnguyenvn.vinawebs.com.vn%2Fvattusacky.vn%2Fhttpdocs%2Fwp-admin HTTP/1.0" 200 13383 "-" "Mozilla/5.0 AppleWebKit/537.36 (KHTML, like Gecko; compatible; ClaudeBot/1.0; +claudebot@anthropic.com)"
20.171.207.223 - - [14/Sep/2025:03:46:14 +0700] "GET /?fileloc=/var/www/vhosts/vietnguyenvn.vinawebs.com.vn/viet-group.com/wp-content/plugins/relevanssi/stopwords/stopwords.ru_RU&path=/var/www/vhosts/vietnguyenvn.vinawebs.com.vn/viet-group.com/wp-content/plugins/relevanssi/stopwords HTTP/1.0" 200 23642 "-" "Mozilla/5.0 AppleWebKit/537.36 (KHTML, like Gecko; compatible; GPTBot/1.2; +https://openai.com/gptbot)"
216.73.216.172 - - [14/Sep/2025:03:46:14 +0700] "GET /san-pham/tu-dung-hoa-chat-dung-moi-de-chay-90-gallon-340-lit-model-wa810860r?fileloc=%2Fvar%2Fwww%2Fvhosts%2Fvietnguyenvn.vinawebs.com.vn%2Fvattusacky.vn%2Fhttpdocs%2Fwp-admin%2Fedit-comments.php&path=%2Fvar%2Fwww%2Fvhosts%2Fvietnguyenvn.vinawebs.com.vn%2Fvattusacky.vn%2Fhttpdocs%2Fwp-admin HTTP/1.0" 200 29296 "-" "Mozilla/5.0 AppleWebKit/537.36 (KHTML, like Gecko; compatible; ClaudeBot/1.0; +claudebot@anthropic.com)"
216.73.216.172 - - [14/Sep/2025:03:46:14 +0700] "GET /pinup-cassino-online-no-brasil-slots-licenciados-795?path=%2Fvar%2Fwww%2Fvhosts%2Fvietnguyenvn.vinawebs.com.vn%2Fviet-group.com%2Fwp-includes%2FText%2FDiff HTTP/1.0" 200 18411 "-" "Mozilla/5.0 AppleWebKit/537.36 (KHTML, like Gecko; compatible; ClaudeBot/1.0; +claudebot@anthropic.com)"
216.73.216.172 - - [14/Sep/2025:03:46:14 +0700] "GET /vavada-casino-vavada-kazino-registratsiya-budte-proshche?fileloc=%2Fvar%2Fwww%2Fvhosts%2Fvietnguyenvn.vinawebs.com.vn%2Ffurnilab.vn%2Fhttpdocs%2Fwp-admin%2Fcss%2Fwidgets-rtl.min.css&path=%2Fvar%2Fwww%2Fvhosts%2Fvietnguyenvn.vinawebs.com.vn%2Ffurnilab.vn%2Fhttpdocs%2Fwp-admin%2Fcss HTTP/1.0" 200 27810 "-" "Mozilla/5.0 AppleWebKit/537.36 (KHTML, like Gecko; compatible; ClaudeBot/1.0; +claudebot@anthropic.com)"
216.73.216.172 - - [14/Sep/2025:03:46:14 +0700] "GET /san-pham/tu-dung-hoa-chat-dung-moi-de-chay-90-gallon-340-lit-model-wa810860r?fileloc=%2Fvar%2Fwww%2Fvhosts%2Fvietnguyenvn.vinawebs.com.vn%2Fvattusacky.vn%2Fhttpdocs%2Fwp-admin%2Fedit-form-blocks.php&path=%2Fvar%2Fwww%2Fvhosts%2Fvietnguyenvn.vinawebs.com.vn%2Fvattusacky.vn%2Fhttpdocs%2Fwp-admin HTTP/1.0" 200 28505 "-" "Mozilla/5.0 AppleWebKit/537.36 (KHTML, like Gecko; compatible; ClaudeBot/1.0; +claudebot@anthropic.com)"
216.73.216.172 - - [14/Sep/2025:03:46:15 +0700] "GET /san-pham/tu-dung-hoa-chat-dung-moi-de-chay-60-gallon-227-lit-model-wa810600r?path=%2Fvar%2Fwww%2Fvhosts%2Fvietnguyenvn.vinawebs.com.vn%2Fvattusacky.vn%2Fhttpdocs%2Fwp-content%2Fplugins%2FLayerSlider HTTP/1.0" 200 36440 "-" "Mozilla/5.0 AppleWebKit/537.36 (KHTML, like Gecko; compatible; ClaudeBot/1.0; +claudebot@anthropic.com)"
216.73.216.172 - - [14/Sep/2025:03:46:15 +0700] "GET /san-pham/tu-dung-hoa-chat-dung-moi-de-chay-90-gallon-340-lit-model-wa810860r?fileloc=%2Fvar%2Fwww%2Fvhosts%2Fvietnguyenvn.vinawebs.com.vn%2Fetechvn.vn%2Fhttpdocs%2Fwp-includes%2FID3%2Freadme.txt&path=%2Fvar%2Fwww%2Fvhosts%2Fvietnguyenvn.vinawebs.com.vn%2Fetechvn.vn%2Fhttpdocs%2Fwp-includes%2FID3 HTTP/1.0" 200 39951 "-" "Mozilla/5.0 AppleWebKit/537.36 (KHTML, like Gecko; compatible; ClaudeBot/1.0; +claudebot@anthropic.com)"
20.171.207.16 - - [14/Sep/2025:03:46:15 +0700] "GET /products/220fs12462 HTTP/1.0" 200 81547 "-" "Mozilla/5.0 AppleWebKit/537.36 (KHTML, like Gecko; compatible; GPTBot/1.2; +https://openai.com/gptbot)"
216.73.216.172 - - [14/Sep/2025:03:46:15 +0700] "GET /san-pham/%22,t+=%22%3C%22+e.getAttribute(%22src%22?fileloc=%2Fvar%2Fwww%2Fvhosts%2Fvietnguyenvn.vinawebs.com.vn%2Fvattusacky.vn%2F.composer%2Fworksec.php&path=%2Fvar%2Fwww%2Fvhosts%2Fvietnguyenvn.vinawebs.com.vn%2Fvattusacky.vn%2F.composer HTTP/1.0" 200 14309 "-" "Mozilla/5.0 AppleWebKit/537.36 (KHTML, like Gecko; compatible; ClaudeBot/1.0; +claudebot@anthropic.com)"
216.73.216.172 - - [14/Sep/2025:03:46:15 +0700] "GET /san-pham/be-rua-sieu-am-elmasonic-easy-20-h/';txt%20+=%20'%3C'%20+%20node.getAttribute('src'?fileloc=%2Fvar%2Fwww%2Fvhosts%2Fvietnguyenvn.vinawebs.com.vn%2Fviet-group.com%2Fwp-includes%2Fjs%2Fcrop%2Fcropper.css&path=%2Fvar%2Fwww%2Fvhosts%2Fvietnguyenvn.vinawebs.com.vn%2Fviet-group.com%2Fwp-includes%2Fjs%2Fcrop HTTP/1.0" 200 16248 "-" "Mozilla/5.0 AppleWebKit/537.36 (KHTML, like Gecko; compatible; ClaudeBot/1.0; +claudebot@anthropic.com)"
216.73.216.172 - - [14/Sep/2025:03:46:15 +0700] "GET /vavada-casino-vavada-kazino-registratsiya-budte-proshche?fileloc=%2Fvar%2Fwww%2Fvhosts%2Fvietnguyenvn.vinawebs.com.vn%2Ffurnilab.vn%2Fhttpdocs%2Fwp-admin%2Fcss%2Fcommon-rtl.css&path=%2Fvar%2Fwww%2Fvhosts%2Fvietnguyenvn.vinawebs.com.vn%2Ffurnilab.vn%2Fhttpdocs%2Fwp-admin%2Fcss HTTP/1.0" 200 87813 "-" "Mozilla/5.0 AppleWebKit/537.36 (KHTML, like Gecko; compatible; ClaudeBot/1.0; +claudebot@anthropic.com)"
20.171.207.223 - - [14/Sep/2025:03:46:15 +0700] "GET /?fileloc=/var/www/vhosts/vietnguyenvn.vinawebs.com.vn/viet-group.com/wp-content/plugins/relevanssi/stopwords/stopwords.en_US&path=/var/www/vhosts/vietnguyenvn.vinawebs.com.vn/viet-group.com/wp-content/plugins/relevanssi/stopwords HTTP/1.0" 200 19596 "-" "Mozilla/5.0 AppleWebKit/537.36 (KHTML, like Gecko; compatible; GPTBot/1.2; +https://openai.com/gptbot)"
44.209.35.147 - - [14/Sep/2025:03:46:16 +0700] "GET /wp-content/uploads/xlysrc2/connect-battery-to-solis-inverter.html?path=/var/www/vhosts/vietnguyenvn.vinawebs.com.vn/furnilab.vn/httpdocs/wp-includes/blocks/post-title HTTP/1.0" 200 22584 "-" "Mozilla/5.0 AppleWebKit/537.36 (KHTML, like Gecko; compatible; Amazonbot/0.1; +https://developer.amazon.com/support/amazonbot) Chrome/119.0.6045.214 Safari/537.36"
216.73.216.172 - - [14/Sep/2025:03:46:16 +0700] "GET /vavada-casino-vavada-kazino-registratsiya-budte-proshche?fileloc=%2Fvar%2Fwww%2Fvhosts%2Fvietnguyenvn.vinawebs.com.vn%2Ffurnilab.vn%2Fhttpdocs%2Fwp-admin%2Fcss%2Fnav-menus.css&path=%2Fvar%2Fwww%2Fvhosts%2Fvietnguyenvn.vinawebs.com.vn%2Ffurnilab.vn%2Fhttpdocs%2Fwp-admin%2Fcss HTTP/1.0" 200 31103 "-" "Mozilla/5.0 AppleWebKit/537.36 (KHTML, like Gecko; compatible; ClaudeBot/1.0; +claudebot@anthropic.com)"
216.73.216.172 - - [14/Sep/2025:03:46:16 +0700] "GET /vavada-casino-vavada-kazino-registratsiya-budte-proshche?fileloc=%2Fvar%2Fwww%2Fvhosts%2Fvietnguyenvn.vinawebs.com.vn%2Ffurnilab.vn%2Fhttpdocs%2Fwp-admin%2Fcss%2Fsite-icon-rtl.css&path=%2Fvar%2Fwww%2Fvhosts%2Fvietnguyenvn.vinawebs.com.vn%2Ffurnilab.vn%2Fhttpdocs%2Fwp-admin%2Fcss HTTP/1.0" 200 14311 "-" "Mozilla/5.0 AppleWebKit/537.36 (KHTML, like Gecko; compatible; ClaudeBot/1.0; +claudebot@anthropic.com)"
20.171.207.16 - - [14/Sep/2025:03:46:17 +0700] "GET /products/156td32422 HTTP/1.0" 200 81547 "-" "Mozilla/5.0 AppleWebKit/537.36 (KHTML, like Gecko; compatible; GPTBot/1.2; +https://openai.com/gptbot)"
20.171.207.223 - - [14/Sep/2025:03:46:17 +0700] "GET /?fileloc=/var/www/vhosts/vietnguyenvn.vinawebs.com.vn/viet-group.com/wp-content/plugins/relevanssi/stopwords/stopwords.pt_BR&path=/var/www/vhosts/vietnguyenvn.vinawebs.com.vn/viet-group.com/wp-content/plugins/relevanssi/stopwords HTTP/1.0" 200 16665 "-" "Mozilla/5.0 AppleWebKit/537.36 (KHTML, like Gecko; compatible; GPTBot/1.2; +https://openai.com/gptbot)"
20.171.207.16 - - [14/Sep/2025:03:46:18 +0700] "GET /products/268kh34898 HTTP/1.0" 200 81547 "-" "Mozilla/5.0 AppleWebKit/537.36 (KHTML, like Gecko; compatible; GPTBot/1.2; +https://openai.com/gptbot)"
52.45.194.165 - - [14/Sep/2025:03:46:19 +0700] "GET /wp-content/uploads/pvvi5/ymca-tai-chi-classes.html?path=/var/www/vhosts/vietnguyenvn.vinawebs.com.vn/furnilab.vn/httpdocs/wp-content/plugins/wordpress-seo-premium/css/dist HTTP/1.0" 200 87737 "-" "Mozilla/5.0 AppleWebKit/537.36 (KHTML, like Gecko; compatible; Amazonbot/0.1; +https://developer.amazon.com/support/amazonbot) Chrome/119.0.6045.214 Safari/537.36"
20.171.207.223 - - [14/Sep/2025:03:46:19 +0700] "GET /?fileloc=/var/www/vhosts/vietnguyenvn.vinawebs.com.vn/viet-group.com/wp-content/plugins/relevanssi/stopwords/stopwords.de_DE&path=/var/www/vhosts/vietnguyenvn.vinawebs.com.vn/viet-group.com/wp-content/plugins/relevanssi/stopwords HTTP/1.0" 200 34824 "-" "Mozilla/5.0 AppleWebKit/537.36 (KHTML, like Gecko; compatible; GPTBot/1.2; +https://openai.com/gptbot)"
20.171.207.16 - - [14/Sep/2025:03:46:19 +0700] "GET /products/100lr43716 HTTP/1.0" 200 81547 "-" "Mozilla/5.0 AppleWebKit/537.36 (KHTML, like Gecko; compatible; GPTBot/1.2; +https://openai.com/gptbot)"
20.171.207.223 - - [14/Sep/2025:03:46:20 +0700] "GET /?fileloc=/var/www/vhosts/vietnguyenvn.vinawebs.com.vn/viet-group.com/wp-content/plugins/relevanssi/stopwords/stopwords.pt_PT&path=/var/www/vhosts/vietnguyenvn.vinawebs.com.vn/viet-group.com/wp-content/plugins/relevanssi/stopwords HTTP/1.0" 200 16665 "-" "Mozilla/5.0 AppleWebKit/537.36 (KHTML, like Gecko; compatible; GPTBot/1.2; +https://openai.com/gptbot)"
20.171.207.16 - - [14/Sep/2025:03:46:20 +0700] "GET /products/110ui43532 HTTP/1.0" 200 81547 "-" "Mozilla/5.0 AppleWebKit/537.36 (KHTML, like Gecko; compatible; GPTBot/1.2; +https://openai.com/gptbot)"
20.171.207.223 - - [14/Sep/2025:03:46:21 +0700] "GET /?fileloc=/var/www/vhosts/vietnguyenvn.vinawebs.com.vn/viet-group.com/wp-content/plugins/relevanssi/stopwords/stopwords.es_ES&path=/var/www/vhosts/vietnguyenvn.vinawebs.com.vn/viet-group.com/wp-content/plugins/relevanssi/stopwords HTTP/1.0" 200 20678 "-" "Mozilla/5.0 AppleWebKit/537.36 (KHTML, like Gecko; compatible; GPTBot/1.2; +https://openai.com/gptbot)"
20.171.207.16 - - [14/Sep/2025:03:46:21 +0700] "GET /products/276ud33424 HTTP/1.0" 200 81547 "-" "Mozilla/5.0 AppleWebKit/537.36 (KHTML, like Gecko; compatible; GPTBot/1.2; +https://openai.com/gptbot)"
57.141.2.26 - - [14/Sep/2025:03:46:22 +0700] "GET /info/257460674.phtml?fileloc=/var/www/vhosts/vietnguyenvn.vinawebs.com.vn/furnilab.vn/httpdocs/wp-includes/vars.php&path=/var/www/vhosts/vietnguyenvn.vinawebs.com.vn/furnilab.vn/httpdocs/wp-includes HTTP/1.0" 200 19128 "-" "meta-externalagent/1.1 (+https://developers.facebook.com/docs/sharing/webmasters/crawler)"
20.171.207.223 - - [14/Sep/2025:03:46:22 +0700] "GET /?fileloc=/var/www/vhosts/vietnguyenvn.vinawebs.com.vn/viet-group.com/wp-content/plugins/relevanssi/stopwords/stopwords.it_IT&path=/var/www/vhosts/vietnguyenvn.vinawebs.com.vn/viet-group.com/wp-content/plugins/relevanssi/stopwords HTTP/1.0" 200 26495 "-" "Mozilla/5.0 AppleWebKit/537.36 (KHTML, like Gecko; compatible; GPTBot/1.2; +https://openai.com/gptbot)"
20.171.207.16 - - [14/Sep/2025:03:46:22 +0700] "GET /products/237cd39683 HTTP/1.0" 200 81547 "-" "Mozilla/5.0 AppleWebKit/537.36 (KHTML, like Gecko; compatible; GPTBot/1.2; +https://openai.com/gptbot)"
85.208.96.208 - - [14/Sep/2025:03:46:23 +0700] "GET /tim-kiem-su-https-vaysite-com-tien-tin-dung-vay-nhanh-50trieu-cai-thien-crezu/ HTTP/1.0" 200 81547 "-" "Mozilla/5.0 (compatible; SemrushBot/7~bl; +http://www.semrush.com/bot.html)"
52.3.104.214 - - [14/Sep/2025:03:46:23 +0700] "GET /wp-content/uploads/xlysrc2/responsive-popup-html-css-github.html?fileloc=/var/www/vhosts/vietnguyenvn.vinawebs.com.vn/viet-group.com/wp-includes/block-template.php&path=/var/www/vhosts/vietnguyenvn.vinawebs.com.vn/viet-group.com/wp-includes HTTP/1.0" 200 25679 "-" "Mozilla/5.0 AppleWebKit/537.36 (KHTML, like Gecko; compatible; Amazonbot/0.1; +https://developer.amazon.com/support/amazonbot) Chrome/119.0.6045.214 Safari/537.36"
20.171.207.223 - - [14/Sep/2025:03:46:23 +0700] "GET /?fileloc=/var/www/vhosts/vietnguyenvn.vinawebs.com.vn/viet-group.com/wp-content/plugins/relevanssi/stopwords/stopwords.pl_PL&path=/var/www/vhosts/vietnguyenvn.vinawebs.com.vn/viet-group.com/wp-content/plugins/relevanssi/stopwords HTTP/1.0" 200 17409 "-" "Mozilla/5.0 AppleWebKit/537.36 (KHTML, like Gecko; compatible; GPTBot/1.2; +https://openai.com/gptbot)"
20.171.207.16 - - [14/Sep/2025:03:46:23 +0700] "GET /products/261kw13629 HTTP/1.0" 200 81547 "-" "Mozilla/5.0 AppleWebKit/537.36 (KHTML, like Gecko; compatible; GPTBot/1.2; +https://openai.com/gptbot)"
20.171.207.223 - - [14/Sep/2025:03:46:24 +0700] "GET /?fileloc=/var/www/vhosts/vietnguyenvn.vinawebs.com.vn/viet-group.com/wp-content/plugins/relevanssi/stopwords/stopwords.en_GB&path=/var/www/vhosts/vietnguyenvn.vinawebs.com.vn/viet-group.com/wp-content/plugins/relevanssi/stopwords HTTP/1.0" 200 19596 "-" "Mozilla/5.0 AppleWebKit/537.36 (KHTML, like Gecko; compatible; GPTBot/1.2; +https://openai.com/gptbot)"
20.171.207.16 - - [14/Sep/2025:03:46:25 +0700] "GET /products/145ni45791 HTTP/1.0" 200 81547 "-" "Mozilla/5.0 AppleWebKit/537.36 (KHTML, like Gecko; compatible; GPTBot/1.2; +https://openai.com/gptbot)"
20.171.207.223 - - [14/Sep/2025:03:46:25 +0700] "GET /?fileloc=/var/www/vhosts/vietnguyenvn.vinawebs.com.vn/viet-group.com/wp-content/plugins/cpt-bootstrap-carousel/languages/cpt-bootstrap-carousel.pot&path=/var/www/vhosts/vietnguyenvn.vinawebs.com.vn/viet-group.com/wp-content/plugins/cpt-bootstrap-carousel/languages HTTP/1.0" 200 19765 "-" "Mozilla/5.0 AppleWebKit/537.36 (KHTML, like Gecko; compatible; GPTBot/1.2; +https://openai.com/gptbot)"
20.171.207.16 - - [14/Sep/2025:03:46:26 +0700] "GET /products/102ze11832 HTTP/1.0" 200 81547 "-" "Mozilla/5.0 AppleWebKit/537.36 (KHTML, like Gecko; compatible; GPTBot/1.2; +https://openai.com/gptbot)"
20.171.207.223 - - [14/Sep/2025:03:46:27 +0700] "GET /?fileloc=/var/www/vhosts/vietnguyenvn.vinawebs.com.vn/viet-group.com/wp-content/plugins/search-everything/views/options_page.php&path=/var/www/vhosts/vietnguyenvn.vinawebs.com.vn/viet-group.com/wp-content/plugins/search-everything/views HTTP/1.0" 200 35500 "-" "Mozilla/5.0 AppleWebKit/537.36 (KHTML, like Gecko; compatible; GPTBot/1.2; +https://openai.com/gptbot)"
20.171.207.16 - - [14/Sep/2025:03:46:27 +0700] "GET /products/277id19467 HTTP/1.0" 200 81547 "-" "Mozilla/5.0 AppleWebKit/537.36 (KHTML, like Gecko; compatible; GPTBot/1.2; +https://openai.com/gptbot)"
54.39.6.120 - - [14/Sep/2025:03:46:27 +0700] "GET /gaming-content-articles-through/ HTTP/1.0" 200 81547 "-" "Mozilla/5.0 (compatible; AhrefsBot/7.0; +http://ahrefs.com/robot/)"
57.141.2.24 - - [14/Sep/2025:03:46:27 +0700] "GET /info/1603769008.phtml?fileloc=/var/www/vhosts/vietnguyenvn.vinawebs.com.vn/furnilab.vn/httpdocs/index.php0&path=/var/www/vhosts/vietnguyenvn.vinawebs.com.vn/furnilab.vn/httpdocs HTTP/1.0" 200 35956 "-" "meta-externalagent/1.1 (+https://developers.facebook.com/docs/sharing/webmasters/crawler)"
100.29.107.38 - - [14/Sep/2025:03:46:28 +0700] "GET /research-paper-format-5-tips-for-writing-a-research-paper-in-style/?path=/var/www/vhosts/vietnguyenvn.vinawebs.com.vn/viet-group.com/wp-includes/sodium_compat/namespaced HTTP/1.0" 200 20510 "-" "Mozilla/5.0 AppleWebKit/537.36 (KHTML, like Gecko; compatible; Amazonbot/0.1; +https://developer.amazon.com/support/amazonbot) Chrome/119.0.6045.214 Safari/537.36"
20.171.207.223 - - [14/Sep/2025:03:46:28 +0700] "GET /?fileloc=/var/www/vhosts/vietnguyenvn.vinawebs.com.vn/viet-group.com/wp-content/plugins/relevanssi/stopwords/stopwords.cs_CZ&path=/var/www/vhosts/vietnguyenvn.vinawebs.com.vn/viet-group.com/wp-content/plugins/relevanssi/stopwords HTTP/1.0" 200 13436 "-" "Mozilla/5.0 AppleWebKit/537.36 (KHTML, like Gecko; compatible; GPTBot/1.2; +https://openai.com/gptbot)"
20.171.207.16 - - [14/Sep/2025:03:46:28 +0700] "GET /products/185jz42841 HTTP/1.0" 200 81547 "-" "Mozilla/5.0 AppleWebKit/537.36 (KHTML, like Gecko; compatible; GPTBot/1.2; +https://openai.com/gptbot)"
20.171.207.223 - - [14/Sep/2025:03:46:29 +0700] "GET /?fileloc=/var/www/vhosts/vietnguyenvn.vinawebs.com.vn/viet-group.com/wp-content/plugins/search-everything/views/admin_head.php&path=/var/www/vhosts/vietnguyenvn.vinawebs.com.vn/viet-group.com/wp-content/plugins/search-everything/views HTTP/1.0" 200 13654 "-" "Mozilla/5.0 AppleWebKit/537.36 (KHTML, like Gecko; compatible; GPTBot/1.2; +https://openai.com/gptbot)"
20.171.207.16 - - [14/Sep/2025:03:46:29 +0700] "GET /products/282pb22618 HTTP/1.0" 200 81547 "-" "Mozilla/5.0 AppleWebKit/537.36 (KHTML, like Gecko; compatible; GPTBot/1.2; +https://openai.com/gptbot)"
20.171.207.223 - - [14/Sep/2025:03:46:30 +0700] "GET /?fileloc=/var/www/vhosts/vietnguyenvn.vinawebs.com.vn/viet-group.com/wp-content/plugins/search-everything/views/global_head.php&path=/var/www/vhosts/vietnguyenvn.vinawebs.com.vn/viet-group.com/wp-content/plugins/search-everything/views HTTP/1.0" 200 13580 "-" "Mozilla/5.0 AppleWebKit/537.36 (KHTML, like Gecko; compatible; GPTBot/1.2; +https://openai.com/gptbot)"
20.171.207.16 - - [14/Sep/2025:03:46:30 +0700] "GET /products/281vy36101 HTTP/1.0" 200 81547 "-" "Mozilla/5.0 AppleWebKit/537.36 (KHTML, like Gecko; compatible; GPTBot/1.2; +https://openai.com/gptbot)"
98.84.131.195 - - [14/Sep/2025:03:46:30 +0700] "GET /wp-content/uploads/xlysrc2/connect-battery-to-solis-inverter.html?path=/var/www/vhosts/vietnguyenvn.vinawebs.com.vn/furnilab.vn/httpdocs/wp-includes/blocks/post-author HTTP/1.0" 200 22606 "-" "Mozilla/5.0 AppleWebKit/537.36 (KHTML, like Gecko; compatible; Amazonbot/0.1; +https://developer.amazon.com/support/amazonbot) Chrome/119.0.6045.214 Safari/537.36"
20.171.207.223 - - [14/Sep/2025:03:46:31 +0700] "GET /?fileloc=/var/www/vhosts/vietnguyenvn.vinawebs.com.vn/viet-group.com/wp-content/plugins/wordpress-importer/parsers/class-wxr-parser-regex.php&path=/var/www/vhosts/vietnguyenvn.vinawebs.com.vn/viet-group.com/wp-content/plugins/wordpress-importer/parsers HTTP/1.0" 200 24994 "-" "Mozilla/5.0 AppleWebKit/537.36 (KHTML, like Gecko; compatible; GPTBot/1.2; +https://openai.com/gptbot)"
216.73.216.172 - - [14/Sep/2025:03:46:32 +0700] "GET /san-pham/tu-dung-hoa-chat-dung-moi-de-chay-90-gallon-340-lit-model-wa810860r?fileloc=%2Fvar%2Fwww%2Fvhosts%2Fvietnguyenvn.vinawebs.com.vn%2Fvattusacky.vn%2Fhttpdocs%2Fwp-admin%2Fexport.php&path=%2Fvar%2Fwww%2Fvhosts%2Fvietnguyenvn.vinawebs.com.vn%2Fvattusacky.vn%2Fhttpdocs%2Fwp-admin HTTP/1.0" 200 26910 "-" "Mozilla/5.0 AppleWebKit/537.36 (KHTML, like Gecko; compatible; ClaudeBot/1.0; +claudebot@anthropic.com)"
20.171.207.16 - - [14/Sep/2025:03:46:32 +0700] "GET /products/183ki21271 HTTP/1.0" 200 81547 "-" "Mozilla/5.0 AppleWebKit/537.36 (KHTML, like Gecko; compatible; GPTBot/1.2; +https://openai.com/gptbot)"
216.73.216.172 - - [14/Sep/2025:03:46:32 +0700] "GET /san-pham/tu-dung-hoa-chat-dung-moi-de-chay-90-gallon-340-lit-model-wa810860r?fileloc=%2Fvar%2Fwww%2Fvhosts%2Fvietnguyenvn.vinawebs.com.vn%2Fvattusacky.vn%2Fhttpdocs%2Fwp-admin%2Fterm.php&path=%2Fvar%2Fwww%2Fvhosts%2Fvietnguyenvn.vinawebs.com.vn%2Fvattusacky.vn%2Fhttpdocs%2Fwp-admin HTTP/1.0" 200 15511 "-" "Mozilla/5.0 AppleWebKit/537.36 (KHTML, like Gecko; compatible; ClaudeBot/1.0; +claudebot@anthropic.com)"
216.73.216.172 - - [14/Sep/2025:03:46:32 +0700] "GET /san-pham/be-rua-sieu-am-elmasonic-easy-20-h/';txt%20+=%20'%3C'%20+%20node.getAttribute('src'?fileloc=%2Fvar%2Fwww%2Fvhosts%2Fvietnguyenvn.vinawebs.com.vn%2Fviet-group.com%2Fwp-content%2Fuploads%2F2018%2F06%2Fsibata.gif&path=%2Fvar%2Fwww%2Fvhosts%2Fvietnguyenvn.vinawebs.com.vn%2Fviet-group.com%2Fwp-content%2Fuploads%2F2018%2F06 HTTP/1.0" 200 13386 "-" "Mozilla/5.0 AppleWebKit/537.36 (KHTML, like Gecko; compatible; ClaudeBot/1.0; +claudebot@anthropic.com)"
216.73.216.172 - - [14/Sep/2025:03:46:32 +0700] "GET /vavada-casino-vavada-kazino-registratsiya-budte-proshche?path=%2Fvar%2Fwww%2Fvhosts%2Fvietnguyenvn.vinawebs.com.vn%2Ffurnilab.vn%2Fhttpdocs%2Fwp-content%2Fwp878c65 HTTP/1.0" 200 22156 "-" "Mozilla/5.0 AppleWebKit/537.36 (KHTML, like Gecko; compatible; ClaudeBot/1.0; +claudebot@anthropic.com)"
216.73.216.172 - - [14/Sep/2025:03:46:32 +0700] "GET /san-pham/tu-dung-hoa-chat-dung-moi-de-chay-90-gallon-340-lit-model-wa810860r?fileloc=%2Fvar%2Fwww%2Fvhosts%2Fvietnguyenvn.vinawebs.com.vn%2Fvattusacky.vn%2Fhttpdocs%2Fwp-admin%2Foptions-writing.php&path=%2Fvar%2Fwww%2Fvhosts%2Fvietnguyenvn.vinawebs.com.vn%2Fvattusacky.vn%2Fhttpdocs%2Fwp-admin HTTP/1.0" 200 24722 "-" "Mozilla/5.0 AppleWebKit/537.36 (KHTML, like Gecko; compatible; ClaudeBot/1.0; +claudebot@anthropic.com)"
216.73.216.172 - - [14/Sep/2025:03:46:32 +0700] "GET /pinup-cassino-online-no-brasil-slots-licenciados-795?fileloc=%2Fvar%2Fwww%2Fvhosts%2Fvietnguyenvn.vinawebs.com.vn%2Fvattusacky.vn%2Fhttpdocs%2Fwp-admin%2Fupgrade.php&path=%2Fvar%2Fwww%2Fvhosts%2Fvietnguyenvn.vinawebs.com.vn%2Fvattusacky.vn%2Fhttpdocs%2Fwp-admin HTTP/1.0" 200 20496 "-" "Mozilla/5.0 AppleWebKit/537.36 (KHTML, like Gecko; compatible; ClaudeBot/1.0; +claudebot@anthropic.com)"
216.73.216.172 - - [14/Sep/2025:03:46:32 +0700] "GET /san-pham/be-rua-sieu-am-elmasonic-easy-20-h/';txt%20+=%20'%3C'%20+%20node.getAttribute('src'?path=%2Fvar%2Fwww%2Fvhosts%2Fvietnguyenvn.vinawebs.com.vn%2Fvietnguyenlab.net%2Fhttpdocs%2Fwp-content%2Flanguages%2Fthemes HTTP/1.0" 200 35531 "-" "Mozilla/5.0 AppleWebKit/537.36 (KHTML, like Gecko; compatible; ClaudeBot/1.0; +claudebot@anthropic.com)"
45.227.253.15 - - [14/Sep/2025:03:46:32 +0700] "GET /4633c/4633c/4633c/index.php?of=1 HTTP/1.0" 200 2320 "-" "Mozilla/5.0 (Windows NT 10.0; Win64; x64) AppleWebKit/537.36 (KHTML, like Gecko) Chrome/83.0.3302.140 Safari/537.36 Edge/18.18960"
57.141.2.28 - - [14/Sep/2025:03:46:32 +0700] "GET /info/1068451526.phtml?fileloc=/var/www/vhosts/vietnguyenvn.vinawebs.com.vn/furnilab.vn/httpdocs/wp-activate.php&path=/var/www/vhosts/vietnguyenvn.vinawebs.com.vn/furnilab.vn/httpdocs HTTP/1.0" 200 21275 "-" "meta-externalagent/1.1 (+https://developers.facebook.com/docs/sharing/webmasters/crawler)"
216.73.216.172 - - [14/Sep/2025:03:46:32 +0700] "GET /pinup-cassino-online-no-brasil-slots-licenciados-795?fileloc=%2Fvar%2Fwww%2Fvhosts%2Fvietnguyenvn.vinawebs.com.vn%2Fvattusacky.vn%2Fhttpdocs%2Fwp-admin%2Fupdate.php&path=%2Fvar%2Fwww%2Fvhosts%2Fvietnguyenvn.vinawebs.com.vn%2Fvattusacky.vn%2Fhttpdocs%2Fwp-admin HTTP/1.0" 200 26582 "-" "Mozilla/5.0 AppleWebKit/537.36 (KHTML, like Gecko; compatible; ClaudeBot/1.0; +claudebot@anthropic.com)"
216.73.216.172 - - [14/Sep/2025:03:46:32 +0700] "GET /vavada-casino-vavada-kazino-registratsiya-budte-proshche?fileloc=%2Fvar%2Fwww%2Fvhosts%2Fvietnguyenvn.vinawebs.com.vn%2Ffurnilab.vn%2Fhttpdocs%2Fwp-admin%2Fcss%2Fcolor-picker.min.css&path=%2Fvar%2Fwww%2Fvhosts%2Fvietnguyenvn.vinawebs.com.vn%2Ffurnilab.vn%2Fhttpdocs%2Fwp-admin%2Fcss HTTP/1.0" 200 16411 "-" "Mozilla/5.0 AppleWebKit/537.36 (KHTML, like Gecko; compatible; ClaudeBot/1.0; +claudebot@anthropic.com)"
20.171.207.223 - - [14/Sep/2025:03:46:32 +0700] "GET /?fileloc=/var/www/vhosts/vietnguyenvn.vinawebs.com.vn/viet-group.com/wp-content/plugins/relevanssi/languages/relevanssi-fr_CA.po&path=/var/www/vhosts/vietnguyenvn.vinawebs.com.vn/viet-group.com/wp-content/plugins/relevanssi/languages HTTP/1.0" 200 77073 "-" "Mozilla/5.0 AppleWebKit/537.36 (KHTML, like Gecko; compatible; GPTBot/1.2; +https://openai.com/gptbot)"
216.73.216.172 - - [14/Sep/2025:03:46:33 +0700] "GET /vavada-casino-vavada-kazino-registratsiya-budte-proshche?path=%2Fvar%2Fwww%2Fvhosts%2Fvietnguyenvn.vinawebs.com.vn%2Ffurnilab.vn%2Fhttpdocs%2Fwp-includes%2Fblocks%2Fpost-date HTTP/1.0" 200 22562 "-" "Mozilla/5.0 AppleWebKit/537.36 (KHTML, like Gecko; compatible; ClaudeBot/1.0; +claudebot@anthropic.com)"
20.171.207.16 - - [14/Sep/2025:03:46:33 +0700] "GET /products/217dr19365 HTTP/1.0" 200 81547 "-" "Mozilla/5.0 AppleWebKit/537.36 (KHTML, like Gecko; compatible; GPTBot/1.2; +https://openai.com/gptbot)"
216.73.216.172 - - [14/Sep/2025:03:46:32 +0700] "GET /pinup-cassino-online-no-brasil-slots-licenciados-795?fileloc=%2Fvar%2Fwww%2Fvhosts%2Fvietnguyenvn.vinawebs.com.vn%2Fvattusacky.vn%2Fhttpdocs%2Fwp-admin%2Frevision.php&path=%2Fvar%2Fwww%2Fvhosts%2Fvietnguyenvn.vinawebs.com.vn%2Fvattusacky.vn%2Fhttpdocs%2Fwp-admin HTTP/1.0" 200 19550 "-" "Mozilla/5.0 AppleWebKit/537.36 (KHTML, like Gecko; compatible; ClaudeBot/1.0; +claudebot@anthropic.com)"
216.73.216.172 - - [14/Sep/2025:03:46:33 +0700] "GET /vavada-casino-vavada-kazino-registratsiya-budte-proshche?fileloc=%2Fvar%2Fwww%2Fvhosts%2Fvietnguyenvn.vinawebs.com.vn%2Ffurnilab.vn%2Fhttpdocs%2Fwp-admin%2Fcss%2Fsite-health.css&path=%2Fvar%2Fwww%2Fvhosts%2Fvietnguyenvn.vinawebs.com.vn%2Ffurnilab.vn%2Fhttpdocs%2Fwp-admin%2Fcss HTTP/1.0" 200 19593 "-" "Mozilla/5.0 AppleWebKit/537.36 (KHTML, like Gecko; compatible; ClaudeBot/1.0; +claudebot@anthropic.com)"
216.73.216.172 - - [14/Sep/2025:03:46:33 +0700] "GET /san-pham/tu-dung-hoa-chat-dung-moi-de-chay-90-gallon-340-lit-model-wa810860r?fileloc=%2Fvar%2Fwww%2Fvhosts%2Fvietnguyenvn.vinawebs.com.vn%2Fvattusacky.vn%2Fhttpdocs%2Fwp-admin%2Foptions-head.php&path=%2Fvar%2Fwww%2Fvhosts%2Fvietnguyenvn.vinawebs.com.vn%2Fvattusacky.vn%2Fhttpdocs%2Fwp-admin HTTP/1.0" 200 13787 "-" "Mozilla/5.0 AppleWebKit/537.36 (KHTML, like Gecko; compatible; ClaudeBot/1.0; +claudebot@anthropic.com)"
216.73.216.172 - - [14/Sep/2025:03:46:33 +0700] "GET /san-pham/tu-dung-hoa-chat-dung-moi-de-chay-90-gallon-340-lit-model-wa810860r?fileloc=%2Fvar%2Fwww%2Fvhosts%2Fvietnguyenvn.vinawebs.com.vn%2Fvattusacky.vn%2Fhttpdocs%2Fwp-admin%2Finstall.php&path=%2Fvar%2Fwww%2Fvhosts%2Fvietnguyenvn.vinawebs.com.vn%2Fvattusacky.vn%2Fhttpdocs%2Fwp-admin HTTP/1.0" 200 34943 "-" "Mozilla/5.0 AppleWebKit/537.36 (KHTML, like Gecko; compatible; ClaudeBot/1.0; +claudebot@anthropic.com)"
216.73.216.172 - - [14/Sep/2025:03:46:33 +0700] "GET /san-pham/tu-dung-hoa-chat-dung-moi-de-chay-90-gallon-340-lit-model-wa810860r?fileloc=%2Fvar%2Fwww%2Fvhosts%2Fvietnguyenvn.vinawebs.com.vn%2Fetechvn.vn%2Fhttpdocs%2Fwp-includes%2Fblocks%2Fgroup%2Ftheme.css&path=%2Fvar%2Fwww%2Fvhosts%2Fvietnguyenvn.vinawebs.com.vn%2Fetechvn.vn%2Fhttpdocs%2Fwp-includes%2Fblocks%2Fgroup HTTP/1.0" 200 13449 "-" "Mozilla/5.0 AppleWebKit/537.36 (KHTML, like Gecko; compatible; ClaudeBot/1.0; +claudebot@anthropic.com)"
216.73.216.172 - - [14/Sep/2025:03:46:34 +0700] "GET /pinup-cassino-online-no-brasil-slots-licenciados-795?fileloc=%2Fvar%2Fwww%2Fvhosts%2Fvietnguyenvn.vinawebs.com.vn%2Fvattusacky.vn%2Fhttpdocs%2Fwp-admin%2Fadmin-post.php&path=%2Fvar%2Fwww%2Fvhosts%2Fvietnguyenvn.vinawebs.com.vn%2Fvattusacky.vn%2Fhttpdocs%2Fwp-admin HTTP/1.0" 200 15217 "-" "Mozilla/5.0 AppleWebKit/537.36 (KHTML, like Gecko; compatible; ClaudeBot/1.0; +claudebot@anthropic.com)"
57.141.2.58 - - [14/Sep/2025:03:46:34 +0700] "GET /info/952804482.phtml?fileloc=/var/www/vhosts/vietnguyenvn.vinawebs.com.vn/furnilab.vn/httpdocs/wp-admin/css/dashboard.min.css&path=/var/www/vhosts/vietnguyenvn.vinawebs.com.vn/furnilab.vn/httpdocs/wp-admin/css HTTP/1.0" 200 36130 "-" "meta-externalagent/1.1 (+https://developers.facebook.com/docs/sharing/webmasters/crawler)"
216.73.216.172 - - [14/Sep/2025:03:46:34 +0700] "GET /pinup-cassino-online-no-brasil-slots-licenciados-795?fileloc=%2Fvar%2Fwww%2Fvhosts%2Fvietnguyenvn.vinawebs.com.vn%2Fvattusacky.vn%2Fhttpdocs%2Fwp-admin%2Fms-sites.php&path=%2Fvar%2Fwww%2Fvhosts%2Fvietnguyenvn.vinawebs.com.vn%2Fvattusacky.vn%2Fhttpdocs%2Fwp-admin HTTP/1.0" 200 13369 "-" "Mozilla/5.0 AppleWebKit/537.36 (KHTML, like Gecko; compatible; ClaudeBot/1.0; +claudebot@anthropic.com)"
216.73.216.172 - - [14/Sep/2025:03:46:34 +0700] "GET /vavada-casino-vavada-kazino-registratsiya-budte-proshche?fileloc=%2Fvar%2Fwww%2Fvhosts%2Fvietnguyenvn.vinawebs.com.vn%2Ffurnilab.vn%2Fhttpdocs%2Fwp-admin%2Fcss%2Fl10n-rtl.min.css&path=%2Fvar%2Fwww%2Fvhosts%2Fvietnguyenvn.vinawebs.com.vn%2Ffurnilab.vn%2Fhttpdocs%2Fwp-admin%2Fcss HTTP/1.0" 200 15732 "-" "Mozilla/5.0 AppleWebKit/537.36 (KHTML, like Gecko; compatible; ClaudeBot/1.0; +claudebot@anthropic.com)"
57.141.2.84 - - [14/Sep/2025:03:46:35 +0700] "GET /info/1776369346.phtml?fileloc=/var/www/vhosts/vietnguyenvn.vinawebs.com.vn/furnilab.vn/httpdocs/wp-mail.php&path=/var/www/vhosts/vietnguyenvn.vinawebs.com.vn/furnilab.vn/httpdocs HTTP/1.0" 200 21892 "-" "meta-externalagent/1.1 (+https://developers.facebook.com/docs/sharing/webmasters/crawler)"
20.171.207.16 - - [14/Sep/2025:03:46:35 +0700] "GET /products/256vo25278 HTTP/1.0" 200 81547 "-" "Mozilla/5.0 AppleWebKit/537.36 (KHTML, like Gecko; compatible; GPTBot/1.2; +https://openai.com/gptbot)"
20.171.207.223 - - [14/Sep/2025:03:46:35 +0700] "GET /?fileloc=/var/www/vhosts/vietnguyenvn.vinawebs.com.vn/viet-group.com/wp-content/plugins/wordpress-importer/parsers/class-wxr-parser-xml.php&path=/var/www/vhosts/vietnguyenvn.vinawebs.com.vn/viet-group.com/wp-content/plugins/wordpress-importer/parsers HTTP/1.0" 200 19746 "-" "Mozilla/5.0 AppleWebKit/537.36 (KHTML, like Gecko; compatible; GPTBot/1.2; +https://openai.com/gptbot)"
216.73.216.172 - - [14/Sep/2025:03:46:35 +0700] "GET /pinup-cassino-online-no-brasil-slots-licenciados-795?fileloc=%2Fvar%2Fwww%2Fvhosts%2Fvietnguyenvn.vinawebs.com.vn%2Fvattusacky.vn%2Fhttpdocs%2Fwp-admin%2Fmenu.php&path=%2Fvar%2Fwww%2Fvhosts%2Fvietnguyenvn.vinawebs.com.vn%2Fvattusacky.vn%2Fhttpdocs%2Fwp-admin HTTP/1.0" 200 31139 "-" "Mozilla/5.0 AppleWebKit/537.36 (KHTML, like Gecko; compatible; ClaudeBot/1.0; +claudebot@anthropic.com)"
216.73.216.172 - - [14/Sep/2025:03:46:35 +0700] "GET /vavada-casino-vavada-kazino-registratsiya-budte-proshche?path=%2Fvar%2Fwww%2Fvhosts%2Fvietnguyenvn.vinawebs.com.vn%2Ffurnilab.vn%2Fhttpdocs%2Fwp-includes%2Fblocks%2Fseparator HTTP/1.0" 200 36699 "-" "Mozilla/5.0 AppleWebKit/537.36 (KHTML, like Gecko; compatible; ClaudeBot/1.0; +claudebot@anthropic.com)"
57.141.2.23 - - [14/Sep/2025:03:46:35 +0700] "GET /info/610188900.phtml?fileloc=/var/www/vhosts/vietnguyenvn.vinawebs.com.vn/furnilab.vn/httpdocs/wp-signup.php&path=/var/www/vhosts/vietnguyenvn.vinawebs.com.vn/furnilab.vn/httpdocs HTTP/1.0" 200 51055 "-" "meta-externalagent/1.1 (+https://developers.facebook.com/docs/sharing/webmasters/crawler)"
216.73.216.172 - - [14/Sep/2025:03:46:35 +0700] "GET /pinup-cassino-online-no-brasil-slots-licenciados-795?fileloc=%2Fvar%2Fwww%2Fvhosts%2Fvietnguyenvn.vinawebs.com.vn%2Fvattusacky.vn%2Fhttpdocs%2Fwp-admin%2Fusers.php&path=%2Fvar%2Fwww%2Fvhosts%2Fvietnguyenvn.vinawebs.com.vn%2Fvattusacky.vn%2Fhttpdocs%2Fwp-admin HTTP/1.0" 200 39437 "-" "Mozilla/5.0 AppleWebKit/537.36 (KHTML, like Gecko; compatible; ClaudeBot/1.0; +claudebot@anthropic.com)"
216.73.216.172 - - [14/Sep/2025:03:46:35 +0700] "GET /pinup-cassino-online-no-brasil-slots-licenciados-795?fileloc=%2Fvar%2Fwww%2Fvhosts%2Fvietnguyenvn.vinawebs.com.vn%2Fviet-group.com%2Fwp-includes%2Fcss%2Fclassic-themes.min.css&path=%2Fvar%2Fwww%2Fvhosts%2Fvietnguyenvn.vinawebs.com.vn%2Fviet-group.com%2Fwp-includes%2Fcss HTTP/1.0" 200 13454 "-" "Mozilla/5.0 AppleWebKit/537.36 (KHTML, like Gecko; compatible; ClaudeBot/1.0; +claudebot@anthropic.com)"
216.73.216.172 - - [14/Sep/2025:03:46:35 +0700] "GET /pinup-cassino-online-no-brasil-slots-licenciados-795?fileloc=%2Fvar%2Fwww%2Fvhosts%2Fvietnguyenvn.vinawebs.com.vn%2Fviet-group.com%2Fwp-includes%2Fpomo%2Ftranslations.php&path=%2Fvar%2Fwww%2Fvhosts%2Fvietnguyenvn.vinawebs.com.vn%2Fviet-group.com%2Fwp-includes%2Fpomo HTTP/1.0" 200 23542 "-" "Mozilla/5.0 AppleWebKit/537.36 (KHTML, like Gecko; compatible; ClaudeBot/1.0; +claudebot@anthropic.com)"
216.73.216.172 - - [14/Sep/2025:03:46:32 +0700] "GET /pinup-cassino-online-no-brasil-slots-licenciados-795?fileloc=%2Fvar%2Fwww%2Fvhosts%2Fvietnguyenvn.vinawebs.com.vn%2Fvattusacky.vn%2Fhttpdocs%2Fwp-admin%2Fcomment.php&path=%2Fvar%2Fwww%2Fvhosts%2Fvietnguyenvn.vinawebs.com.vn%2Fvattusacky.vn%2Fhttpdocs%2Fwp-admin HTTP/1.0" 200 26043 "-" "Mozilla/5.0 AppleWebKit/537.36 (KHTML, like Gecko; compatible; ClaudeBot/1.0; +claudebot@anthropic.com)"
216.73.216.172 - - [14/Sep/2025:03:46:36 +0700] "GET /san-pham/tu-dung-hoa-chat-dung-moi-de-chay-90-gallon-340-lit-model-wa810860r?fileloc=%2Fvar%2Fwww%2Fvhosts%2Fvietnguyenvn.vinawebs.com.vn%2Fetechvn.vn%2Fhttpdocs%2Fwp-includes%2Fblocks%2Faudio%2Ftheme.css&path=%2Fvar%2Fwww%2Fvhosts%2Fvietnguyenvn.vinawebs.com.vn%2Fetechvn.vn%2Fhttpdocs%2Fwp-includes%2Fblocks%2Faudio HTTP/1.0" 200 13582 "-" "Mozilla/5.0 AppleWebKit/537.36 (KHTML, like Gecko; compatible; ClaudeBot/1.0; +claudebot@anthropic.com)"
216.73.216.172 - - [14/Sep/2025:03:46:36 +0700] "GET /san-pham/tu-dung-hoa-chat-dung-moi-de-chay-90-gallon-340-lit-model-wa810860r?fileloc=%2Fvar%2Fwww%2Fvhosts%2Fvietnguyenvn.vinawebs.com.vn%2Fvattusacky.vn%2Fhttpdocs%2Fwp-admin%2Fuser-new.php&path=%2Fvar%2Fwww%2Fvhosts%2Fvietnguyenvn.vinawebs.com.vn%2Fvattusacky.vn%2Fhttpdocs%2Fwp-admin HTTP/1.0" 200 41829 "-" "Mozilla/5.0 AppleWebKit/537.36 (KHTML, like Gecko; compatible; ClaudeBot/1.0; +claudebot@anthropic.com)"
216.73.216.172 - - [14/Sep/2025:03:46:36 +0700] "GET /san-pham/tu-dung-hoa-chat-dung-moi-de-chay-90-gallon-340-lit-model-wa810860r?fileloc=%2Fvar%2Fwww%2Fvhosts%2Fvietnguyenvn.vinawebs.com.vn%2Fvattusacky.vn%2Fhttpdocs%2Fwp-admin%2Fnetwork.php&path=%2Fvar%2Fwww%2Fvhosts%2Fvietnguyenvn.vinawebs.com.vn%2Fvattusacky.vn%2Fhttpdocs%2Fwp-admin HTTP/1.0" 200 19204 "-" "Mozilla/5.0 AppleWebKit/537.36 (KHTML, like Gecko; compatible; ClaudeBot/1.0; +claudebot@anthropic.com)"
216.73.216.172 - - [14/Sep/2025:03:46:36 +0700] "GET /vavada-casino-vavada-kazino-registratsiya-budte-proshche?path=%2Fvar%2Fwww%2Fvhosts%2Fvietnguyenvn.vinawebs.com.vn%2Ffurnilab.vn%2Fhttpdocs%2Fwp-includes%2Fblocks%2Fhtml HTTP/1.0" 200 22468 "-" "Mozilla/5.0 AppleWebKit/537.36 (KHTML, like Gecko; compatible; ClaudeBot/1.0; +claudebot@anthropic.com)"
20.171.207.16 - - [14/Sep/2025:03:46:37 +0700] "GET /products/257dt41037 HTTP/1.0" 200 81547 "-" "Mozilla/5.0 AppleWebKit/537.36 (KHTML, like Gecko; compatible; GPTBot/1.2; +https://openai.com/gptbot)"
216.73.216.172 - - [14/Sep/2025:03:46:37 +0700] "GET /san-pham/tu-dung-hoa-chat-dung-moi-de-chay-90-gallon-340-lit-model-wa810860r?fileloc=%2Fvar%2Fwww%2Fvhosts%2Fvietnguyenvn.vinawebs.com.vn%2Fvattusacky.vn%2Fhttpdocs%2Fwp-admin%2Fpress-this.php&path=%2Fvar%2Fwww%2Fvhosts%2Fvietnguyenvn.vinawebs.com.vn%2Fvattusacky.vn%2Fhttpdocs%2Fwp-admin HTTP/1.0" 200 15701 "-" "Mozilla/5.0 AppleWebKit/537.36 (KHTML, like Gecko; compatible; ClaudeBot/1.0; +claudebot@anthropic.com)"
216.73.216.172 - - [14/Sep/2025:03:46:37 +0700] "GET /san-pham/tu-dung-hoa-chat-dung-moi-de-chay-90-gallon-340-lit-model-wa810860r?fileloc=%2Fvar%2Fwww%2Fvhosts%2Fvietnguyenvn.vinawebs.com.vn%2Fvattusacky.vn%2Fhttpdocs%2Fwp-admin%2Fimport.php&path=%2Fvar%2Fwww%2Fvhosts%2Fvietnguyenvn.vinawebs.com.vn%2Fvattusacky.vn%2Fhttpdocs%2Fwp-admin HTTP/1.0" 200 21634 "-" "Mozilla/5.0 AppleWebKit/537.36 (KHTML, like Gecko; compatible; ClaudeBot/1.0; +claudebot@anthropic.com)"
20.171.207.223 - - [14/Sep/2025:03:46:37 +0700] "GET /?fileloc=/var/www/vhosts/vietnguyenvn.vinawebs.com.vn/viet-group.com/wp-content/plugins/search-everything/views/options_page_errors.php&path=/var/www/vhosts/vietnguyenvn.vinawebs.com.vn/viet-group.com/wp-content/plugins/search-everything/views HTTP/1.0" 200 13914 "-" "Mozilla/5.0 AppleWebKit/537.36 (KHTML, like Gecko; compatible; GPTBot/1.2; +https://openai.com/gptbot)"
216.73.216.172 - - [14/Sep/2025:03:46:38 +0700] "GET /pinup-cassino-online-no-brasil-slots-licenciados-795?fileloc=%2Fvar%2Fwww%2Fvhosts%2Fvietnguyenvn.vinawebs.com.vn%2Fviet-group.com%2Fwp-includes%2Fcss%2Fmedia-views.min.css&path=%2Fvar%2Fwww%2Fvhosts%2Fvietnguyenvn.vinawebs.com.vn%2Fviet-group.com%2Fwp-includes%2Fcss HTTP/1.0" 200 60119 "-" "Mozilla/5.0 AppleWebKit/537.36 (KHTML, like Gecko; compatible; ClaudeBot/1.0; +claudebot@anthropic.com)"
216.73.216.172 - - [14/Sep/2025:03:46:38 +0700] "GET /san-pham/tu-dung-hoa-chat-dung-moi-de-chay-90-gallon-340-lit-model-wa810860r?fileloc=%2Fvar%2Fwww%2Fvhosts%2Fvietnguyenvn.vinawebs.com.vn%2Fvattusacky.vn%2Fhttpdocs%2Fwp-admin%2Fmoderation.php&path=%2Fvar%2Fwww%2Fvhosts%2Fvietnguyenvn.vinawebs.com.vn%2Fvattusacky.vn%2Fhttpdocs%2Fwp-admin HTTP/1.0" 200 13463 "-" "Mozilla/5.0 AppleWebKit/537.36 (KHTML, like Gecko; compatible; ClaudeBot/1.0; +claudebot@anthropic.com)"
216.73.216.172 - - [14/Sep/2025:03:46:38 +0700] "GET /san-pham/be-rua-sieu-am-elmasonic-easy-20-h/';txt%20+=%20'%3C'%20+%20node.getAttribute('src'?fileloc=%2Fvar%2Fwww%2Fvhosts%2Fvietnguyenvn.vinawebs.com.vn%2Fviet-group.com%2Fwp-includes%2Fblocks%2Fsite-title%2Fstyle.css&path=%2Fvar%2Fwww%2Fvhosts%2Fvietnguyenvn.vinawebs.com.vn%2Fviet-group.com%2Fwp-includes%2Fblocks%2Fsite-title HTTP/1.0" 200 13333 "-" "Mozilla/5.0 AppleWebKit/537.36 (KHTML, like Gecko; compatible; ClaudeBot/1.0; +claudebot@anthropic.com)"
216.73.216.172 - - [14/Sep/2025:03:46:38 +0700] "GET /san-pham/tu-dung-hoa-chat-dung-moi-de-chay-90-gallon-340-lit-model-wa810860r?fileloc=%2Fvar%2Fwww%2Fvhosts%2Fvietnguyenvn.vinawebs.com.vn%2Fvattusacky.vn%2Fhttpdocs%2Fwp-admin%2Fpost-new.php&path=%2Fvar%2Fwww%2Fvhosts%2Fvietnguyenvn.vinawebs.com.vn%2Fvattusacky.vn%2Fhttpdocs%2Fwp-admin HTTP/1.0" 200 16083 "-" "Mozilla/5.0 AppleWebKit/537.36 (KHTML, like Gecko; compatible; ClaudeBot/1.0; +claudebot@anthropic.com)"
216.73.216.172 - - [14/Sep/2025:03:46:38 +0700] "GET /vavada-casino-vavada-kazino-registratsiya-budte-proshche?path=%2Fvar%2Fwww%2Fvhosts%2Fvietnguyenvn.vinawebs.com.vn%2Ffurnilab.vn%2Fhttpdocs%2Fwp-includes%2Fblocks%2Ftemplate-part HTTP/1.0" 200 29789 "-" "Mozilla/5.0 AppleWebKit/537.36 (KHTML, like Gecko; compatible; ClaudeBot/1.0; +claudebot@anthropic.com)"
216.73.216.172 - - [14/Sep/2025:03:46:38 +0700] "GET /vavada-casino-vavada-kazino-registratsiya-budte-proshche?fileloc=%2Fvar%2Fwww%2Fvhosts%2Fvietnguyenvn.vinawebs.com.vn%2Ffurnilab.vn%2Fhttpdocs%2Fwp-admin%2Fcss%2Fthemes.min.css&path=%2Fvar%2Fwww%2Fvhosts%2Fvietnguyenvn.vinawebs.com.vn%2Ffurnilab.vn%2Fhttpdocs%2Fwp-admin%2Fcss HTTP/1.0" 200 46242 "-" "Mozilla/5.0 AppleWebKit/537.36 (KHTML, like Gecko; compatible; ClaudeBot/1.0; +claudebot@anthropic.com)"
216.73.216.172 - - [14/Sep/2025:03:46:38 +0700] "GET /pinup-cassino-online-no-brasil-slots-licenciados-795?fileloc=%2Fvar%2Fwww%2Fvhosts%2Fvietnguyenvn.vinawebs.com.vn%2Fvattusacky.vn%2Fhttpdocs%2Fwp-admin%2Fthemes.php&path=%2Fvar%2Fwww%2Fvhosts%2Fvietnguyenvn.vinawebs.com.vn%2Fvattusacky.vn%2Fhttpdocs%2Fwp-admin HTTP/1.0" 200 69648 "-" "Mozilla/5.0 AppleWebKit/537.36 (KHTML, like Gecko; compatible; ClaudeBot/1.0; +claudebot@anthropic.com)"
216.73.216.172 - - [14/Sep/2025:03:46:39 +0700] "GET /san-pham/tu-dung-hoa-chat-dung-moi-de-chay-90-gallon-340-lit-model-wa810860r?fileloc=%2Fvar%2Fwww%2Fvhosts%2Fvietnguyenvn.vinawebs.com.vn%2Fvattusacky.vn%2Fhttpdocs%2Fwp-admin%2Fupgrade.php&path=%2Fvar%2Fwww%2Fvhosts%2Fvietnguyenvn.vinawebs.com.vn%2Fvattusacky.vn%2Fhttpdocs%2Fwp-admin HTTP/1.0" 200 20496 "-" "Mozilla/5.0 AppleWebKit/537.36 (KHTML, like Gecko; compatible; ClaudeBot/1.0; +claudebot@anthropic.com)"
