216.73.216.123 - - [14/Sep/2025:03:40:55 +0700] "GET /san-pham/be-on-nhiet-memmert-wne7-07-lit/wne7-2?fileloc=%2Fvar%2Fwww%2Fvhosts%2Fvietnguyenvn.vinawebs.com.vn%2Ffurnilab.vn%2Fhttpdocs%2Fwp-includes%2Fhttp.php&path=%2Fvar%2Fwww%2Fvhosts%2Fvietnguyenvn.vinawebs.com.vn%2Ffurnilab.vn%2Fhttpdocs%2Fwp-includes HTTP/1.0" 200 36596 "-" "Mozilla/5.0 AppleWebKit/537.36 (KHTML, like Gecko; compatible; ClaudeBot/1.0; +claudebot@anthropic.com)"
216.73.216.123 - - [14/Sep/2025:03:40:55 +0700] "GET /san-pham/be-on-nhiet-memmert-wne7-07-lit/wne7-2?fileloc=%2Fvar%2Fwww%2Fvhosts%2Fvietnguyenvn.vinawebs.com.vn%2Ffurnilab.vn%2Fhttpdocs%2Fwp-includes%2Fclass-wpdb.php&path=%2Fvar%2Fwww%2Fvhosts%2Fvietnguyenvn.vinawebs.com.vn%2Ffurnilab.vn%2Fhttpdocs%2Fwp-includes HTTP/1.0" 200 127244 "-" "Mozilla/5.0 AppleWebKit/537.36 (KHTML, like Gecko; compatible; ClaudeBot/1.0; +claudebot@anthropic.com)"
216.73.216.123 - - [14/Sep/2025:03:40:55 +0700] "GET /san-pham/be-on-nhiet-memmert-wne7-07-lit/wne7-2?path=%2Fvar%2Fwww%2Fvhosts%2Fvietnguyenvn.vinawebs.com.vn%2Ffurnilab.vn%2Fhttpdocs%2Fwp-includes%2Frest-api HTTP/1.0" 200 23603 "-" "Mozilla/5.0 AppleWebKit/537.36 (KHTML, like Gecko; compatible; ClaudeBot/1.0; +claudebot@anthropic.com)"
57.141.2.70 - - [14/Sep/2025:03:40:55 +0700] "GET /info/634277178.phtml?fileloc=/var/www/vhosts/vietnguyenvn.vinawebs.com.vn/furnilab.vn/httpdocs/item.php&path=/var/www/vhosts/vietnguyenvn.vinawebs.com.vn/furnilab.vn/httpdocs HTTP/1.0" 200 14817 "-" "meta-externalagent/1.1 (+https://developers.facebook.com/docs/sharing/webmasters/crawler)"
57.141.2.59 - - [14/Sep/2025:03:40:53 +0700] "GET /info/695661108.phtml?fileloc=/var/www/vhosts/vietnguyenvn.vinawebs.com.vn/furnilab.vn/httpdocs/index.php&path=/var/www/vhosts/vietnguyenvn.vinawebs.com.vn/furnilab.vn/httpdocs HTTP/1.0" 200 43466 "-" "meta-externalagent/1.1 (+https://developers.facebook.com/docs/sharing/webmasters/crawler)"
216.73.216.123 - - [14/Sep/2025:03:40:56 +0700] "GET /meet-up-with-the-take-the-leading-role-travel-online-devs-inside-todas-las-vegas?fileloc=%2Fvar%2Fwww%2Fvhosts%2Fvietnguyenvn.vinawebs.com.vn%2Ffurnilab.vn%2Fhttpdocs%2Fwp-includes%2Fclass-wp-scripts.php&path=%2Fvar%2Fwww%2Fvhosts%2Fvietnguyenvn.vinawebs.com.vn%2Ffurnilab.vn%2Fhttpdocs%2Fwp-includes HTTP/1.0" 200 33378 "-" "Mozilla/5.0 AppleWebKit/537.36 (KHTML, like Gecko; compatible; ClaudeBot/1.0; +claudebot@anthropic.com)"
216.73.216.123 - - [14/Sep/2025:03:40:56 +0700] "GET /san-pham/be-on-nhiet-memmert-wne7-07-lit/wne7-2?fileloc=%2Fvar%2Fwww%2Fvhosts%2Fvietnguyenvn.vinawebs.com.vn%2Ffurnilab.vn%2Fhttpdocs%2Fwp-includes%2Fstyle-engine.php&path=%2Fvar%2Fwww%2Fvhosts%2Fvietnguyenvn.vinawebs.com.vn%2Ffurnilab.vn%2Fhttpdocs%2Fwp-includes HTTP/1.0" 200 19730 "-" "Mozilla/5.0 AppleWebKit/537.36 (KHTML, like Gecko; compatible; ClaudeBot/1.0; +claudebot@anthropic.com)"
98.82.214.73 - - [14/Sep/2025:03:40:56 +0700] "GET /wp-content/uploads/pvvi5/snapeda-kicad.html?path=/var/www/vhosts/vietnguyenvn.vinawebs.com.vn/furnilab.vn/.pki HTTP/1.0" 200 16461 "-" "Mozilla/5.0 AppleWebKit/537.36 (KHTML, like Gecko; compatible; Amazonbot/0.1; +https://developer.amazon.com/support/amazonbot) Chrome/119.0.6045.214 Safari/537.36"
216.73.216.123 - - [14/Sep/2025:03:40:57 +0700] "GET /san-pham/be-on-nhiet-memmert-wne7-07-lit/wne7-2?fileloc=%2Fvar%2Fwww%2Fvhosts%2Fvietnguyenvn.vinawebs.com.vn%2Ffurnilab.vn%2Fhttpdocs%2Fwp-includes%2Fplugin.php&path=%2Fvar%2Fwww%2Fvhosts%2Fvietnguyenvn.vinawebs.com.vn%2Ffurnilab.vn%2Fhttpdocs%2Fwp-includes HTTP/1.0" 200 49368 "-" "Mozilla/5.0 AppleWebKit/537.36 (KHTML, like Gecko; compatible; ClaudeBot/1.0; +claudebot@anthropic.com)"
20.171.207.16 - - [14/Sep/2025:03:40:57 +0700] "GET /products/161xb39685 HTTP/1.0" 200 81547 "-" "Mozilla/5.0 AppleWebKit/537.36 (KHTML, like Gecko; compatible; GPTBot/1.2; +https://openai.com/gptbot)"
216.73.216.123 - - [14/Sep/2025:03:40:57 +0700] "GET /san-pham/be-on-nhiet-memmert-wne7-07-lit/wne7-2?fileloc=%2Fvar%2Fwww%2Fvhosts%2Fvietnguyenvn.vinawebs.com.vn%2Ffurnilab.vn%2Fhttpdocs%2Fwp-includes%2Fwp-db.php&path=%2Fvar%2Fwww%2Fvhosts%2Fvietnguyenvn.vinawebs.com.vn%2Ffurnilab.vn%2Fhttpdocs%2Fwp-includes HTTP/1.0" 200 13595 "-" "Mozilla/5.0 AppleWebKit/537.36 (KHTML, like Gecko; compatible; ClaudeBot/1.0; +claudebot@anthropic.com)"
57.141.2.79 - - [14/Sep/2025:03:40:57 +0700] "GET /info/1604163356.phtml?path=/var/www/vhosts/vietnguyenvn.vinawebs.com.vn/furnilab.vn/httpdocs/wp-includes/js HTTP/1.0" 200 202827 "-" "meta-externalagent/1.1 (+https://developers.facebook.com/docs/sharing/webmasters/crawler)"
57.141.2.84 - - [14/Sep/2025:03:40:57 +0700] "GET /info/572794594.phtml HTTP/1.0" 200 81547 "-" "meta-externalagent/1.1 (+https://developers.facebook.com/docs/sharing/webmasters/crawler)"
20.171.207.223 - - [14/Sep/2025:03:40:57 +0700] "GET /?fileloc=/var/www/vhosts/vietnguyenvn.vinawebs.com.vn/furnilab.vn/httpdocs/4633c/18a&path=/var/www/vhosts/vietnguyenvn.vinawebs.com.vn/furnilab.vn/httpdocs/4633c HTTP/1.0" 200 51920 "-" "Mozilla/5.0 AppleWebKit/537.36 (KHTML, like Gecko; compatible; GPTBot/1.2; +https://openai.com/gptbot)"
216.73.216.123 - - [14/Sep/2025:03:40:57 +0700] "GET /meet-up-with-the-take-the-leading-role-travel-online-devs-inside-todas-las-vegas?fileloc=%2Fvar%2Fwww%2Fvhosts%2Fvietnguyenvn.vinawebs.com.vn%2Ffurnilab.vn%2Fhttpdocs%2Fwp-includes%2Fshortcodes.php&path=%2Fvar%2Fwww%2Fvhosts%2Fvietnguyenvn.vinawebs.com.vn%2Ffurnilab.vn%2Fhttpdocs%2Fwp-includes HTTP/1.0" 200 35114 "-" "Mozilla/5.0 AppleWebKit/537.36 (KHTML, like Gecko; compatible; ClaudeBot/1.0; +claudebot@anthropic.com)"
216.73.216.123 - - [14/Sep/2025:03:40:58 +0700] "GET /meet-up-with-the-take-the-leading-role-travel-online-devs-inside-todas-las-vegas?fileloc=%2Fvar%2Fwww%2Fvhosts%2Fvietnguyenvn.vinawebs.com.vn%2Ffurnilab.vn%2Fhttpdocs%2Fwp-includes%2Fhttps-migration.php&path=%2Fvar%2Fwww%2Fvhosts%2Fvietnguyenvn.vinawebs.com.vn%2Ffurnilab.vn%2Fhttpdocs%2Fwp-includes HTTP/1.0" 200 17964 "-" "Mozilla/5.0 AppleWebKit/537.36 (KHTML, like Gecko; compatible; ClaudeBot/1.0; +claudebot@anthropic.com)"
216.73.216.123 - - [14/Sep/2025:03:40:58 +0700] "GET /meet-up-with-the-take-the-leading-role-travel-online-devs-inside-todas-las-vegas?fileloc=%2Fvar%2Fwww%2Fvhosts%2Fvietnguyenvn.vinawebs.com.vn%2Ffurnilab.vn%2Fhttpdocs%2Fwp-includes%2Frest-api.php&path=%2Fvar%2Fwww%2Fvhosts%2Fvietnguyenvn.vinawebs.com.vn%2Ffurnilab.vn%2Fhttpdocs%2Fwp-includes HTTP/1.0" 200 111481 "-" "Mozilla/5.0 AppleWebKit/537.36 (KHTML, like Gecko; compatible; ClaudeBot/1.0; +claudebot@anthropic.com)"
216.73.216.123 - - [14/Sep/2025:03:40:58 +0700] "GET /san-pham/be-on-nhiet-memmert-wne7-07-lit/wne7-2?fileloc=%2Fvar%2Fwww%2Fvhosts%2Fvietnguyenvn.vinawebs.com.vn%2Ffurnilab.vn%2Fhttpdocs%2Fwp-includes%2Fclass-phpmailer.php&path=%2Fvar%2Fwww%2Fvhosts%2Fvietnguyenvn.vinawebs.com.vn%2Ffurnilab.vn%2Fhttpdocs%2Fwp-includes HTTP/1.0" 200 13824 "-" "Mozilla/5.0 AppleWebKit/537.36 (KHTML, like Gecko; compatible; ClaudeBot/1.0; +claudebot@anthropic.com)"
216.73.216.123 - - [14/Sep/2025:03:40:59 +0700] "GET /meet-up-with-the-take-the-leading-role-travel-online-devs-inside-todas-las-vegas?fileloc=%2Fvar%2Fwww%2Fvhosts%2Fvietnguyenvn.vinawebs.com.vn%2Ffurnilab.vn%2Fhttpdocs%2Fwp-includes%2Fms-functions.php&path=%2Fvar%2Fwww%2Fvhosts%2Fvietnguyenvn.vinawebs.com.vn%2Ffurnilab.vn%2Fhttpdocs%2Fwp-includes HTTP/1.0" 200 105934 "-" "Mozilla/5.0 AppleWebKit/537.36 (KHTML, like Gecko; compatible; ClaudeBot/1.0; +claudebot@anthropic.com)"
216.73.216.123 - - [14/Sep/2025:03:40:59 +0700] "GET /san-pham/be-on-nhiet-memmert-wne7-07-lit/wne7-2?fileloc=%2Fvar%2Fwww%2Fvhosts%2Fvietnguyenvn.vinawebs.com.vn%2Ffurnilab.vn%2Fhttpdocs%2Fwp-includes%2Fms-deprecated.php&path=%2Fvar%2Fwww%2Fvhosts%2Fvietnguyenvn.vinawebs.com.vn%2Ffurnilab.vn%2Fhttpdocs%2Fwp-includes HTTP/1.0" 200 35436 "-" "Mozilla/5.0 AppleWebKit/537.36 (KHTML, like Gecko; compatible; ClaudeBot/1.0; +claudebot@anthropic.com)"
34.224.132.215 - - [14/Sep/2025:03:40:59 +0700] "GET /wp-content/uploads/pvvi5/cheap-houses-for-sale-in-muncie-indiana.html?path=/var/www/vhosts/vietnguyenvn.vinawebs.com.vn/viet-group.com/wp-includes HTTP/1.0" 200 440705 "-" "Mozilla/5.0 AppleWebKit/537.36 (KHTML, like Gecko; compatible; Amazonbot/0.1; +https://developer.amazon.com/support/amazonbot) Chrome/119.0.6045.214 Safari/537.36"
216.73.216.123 - - [14/Sep/2025:03:40:59 +0700] "GET /san-pham/be-on-nhiet-memmert-wne7-07-lit/wne7-2?fileloc=%2Fvar%2Fwww%2Fvhosts%2Fvietnguyenvn.vinawebs.com.vn%2Ffurnilab.vn%2Fhttpdocs%2Fwp-includes%2Fclass-wp.php&path=%2Fvar%2Fwww%2Fvhosts%2Fvietnguyenvn.vinawebs.com.vn%2Ffurnilab.vn%2Fhttpdocs%2Fwp-includes HTTP/1.0" 200 39983 "-" "Mozilla/5.0 AppleWebKit/537.36 (KHTML, like Gecko; compatible; ClaudeBot/1.0; +claudebot@anthropic.com)"
20.171.207.16 - - [14/Sep/2025:03:40:59 +0700] "GET /products/255fh39091 HTTP/1.0" 200 81547 "-" "Mozilla/5.0 AppleWebKit/537.36 (KHTML, like Gecko; compatible; GPTBot/1.2; +https://openai.com/gptbot)"
216.73.216.123 - - [14/Sep/2025:03:41:00 +0700] "GET /san-pham/be-on-nhiet-memmert-wne7-07-lit/wne7-2?path=%2Fvar%2Fwww%2Fvhosts%2Fvietnguyenvn.vinawebs.com.vn%2Ffurnilab.vn%2Fhttpdocs%2Fwp-includes%2Fblock-patterns HTTP/1.0" 200 26293 "-" "Mozilla/5.0 AppleWebKit/537.36 (KHTML, like Gecko; compatible; ClaudeBot/1.0; +claudebot@anthropic.com)"
216.73.216.123 - - [14/Sep/2025:03:41:00 +0700] "GET /san-pham/be-on-nhiet-memmert-wne7-07-lit/wne7-2?fileloc=%2Fvar%2Fwww%2Fvhosts%2Fvietnguyenvn.vinawebs.com.vn%2Ffurnilab.vn%2Fhttpdocs%2Fwp-includes%2Fclass-simplepie.php&path=%2Fvar%2Fwww%2Fvhosts%2Fvietnguyenvn.vinawebs.com.vn%2Ffurnilab.vn%2Fhttpdocs%2Fwp-includes HTTP/1.0" 200 114882 "-" "Mozilla/5.0 AppleWebKit/537.36 (KHTML, like Gecko; compatible; ClaudeBot/1.0; +claudebot@anthropic.com)"
20.171.207.223 - - [14/Sep/2025:03:41:00 +0700] "GET /?fileloc=/var/www/vhosts/vietnguyenvn.vinawebs.com.vn/viet-group.com/.well-known/acme-challenge/1oD2OY6T1YTAf0_FeGYSVUMAg4Ov9IZXe91EwQCirPI&path=/var/www/vhosts/vietnguyenvn.vinawebs.com.vn/viet-group.com/.well-known/acme-challenge HTTP/1.0" 200 13304 "-" "Mozilla/5.0 AppleWebKit/537.36 (KHTML, like Gecko; compatible; GPTBot/1.2; +https://openai.com/gptbot)"
216.73.216.123 - - [14/Sep/2025:03:41:00 +0700] "GET /san-pham/be-on-nhiet-memmert-wne7-07-lit/wne7-2?fileloc=%2Fvar%2Fwww%2Fvhosts%2Fvietnguyenvn.vinawebs.com.vn%2Ffurnilab.vn%2Fhttpdocs%2Fwp-includes%2Ffeed-rss.php&path=%2Fvar%2Fwww%2Fvhosts%2Fvietnguyenvn.vinawebs.com.vn%2Ffurnilab.vn%2Fhttpdocs%2Fwp-includes HTTP/1.0" 200 14603 "-" "Mozilla/5.0 AppleWebKit/537.36 (KHTML, like Gecko; compatible; ClaudeBot/1.0; +claudebot@anthropic.com)"
216.73.216.123 - - [14/Sep/2025:03:41:01 +0700] "GET /meet-up-with-the-take-the-leading-role-travel-online-devs-inside-todas-las-vegas?fileloc=%2Fvar%2Fwww%2Fvhosts%2Fvietnguyenvn.vinawebs.com.vn%2Ffurnilab.vn%2Fhttpdocs%2Fwp-includes%2Fblock-editor.php&path=%2Fvar%2Fwww%2Fvhosts%2Fvietnguyenvn.vinawebs.com.vn%2Ffurnilab.vn%2Fhttpdocs%2Fwp-includes HTTP/1.0" 200 37023 "-" "Mozilla/5.0 AppleWebKit/537.36 (KHTML, like Gecko; compatible; ClaudeBot/1.0; +claudebot@anthropic.com)"
216.73.216.123 - - [14/Sep/2025:03:41:01 +0700] "GET /san-pham/be-on-nhiet-memmert-wne7-07-lit/wne7-2?fileloc=%2Fvar%2Fwww%2Fvhosts%2Fvietnguyenvn.vinawebs.com.vn%2Ffurnilab.vn%2Fhttpdocs%2Fwp-includes%2Fwidgets.php&path=%2Fvar%2Fwww%2Fvhosts%2Fvietnguyenvn.vinawebs.com.vn%2Ffurnilab.vn%2Fhttpdocs%2Fwp-includes HTTP/1.0" 200 84598 "-" "Mozilla/5.0 AppleWebKit/537.36 (KHTML, like Gecko; compatible; ClaudeBot/1.0; +claudebot@anthropic.com)"
57.141.2.80 - - [14/Sep/2025:03:41:01 +0700] "GET /info/1311788056.phtml?path=/var/www/vhosts/vietnguyenvn.vinawebs.com.vn/furnilab.vn HTTP/1.0" 200 28549 "-" "meta-externalagent/1.1 (+https://developers.facebook.com/docs/sharing/webmasters/crawler)"
216.73.216.123 - - [14/Sep/2025:03:41:02 +0700] "GET /san-pham/be-on-nhiet-memmert-wne7-07-lit/wne7-2?fileloc=%2Fvar%2Fwww%2Fvhosts%2Fvietnguyenvn.vinawebs.com.vn%2Ffurnilab.vn%2Fhttpdocs%2Fwp-includes%2Fclass-oembed.php&path=%2Fvar%2Fwww%2Fvhosts%2Fvietnguyenvn.vinawebs.com.vn%2Ffurnilab.vn%2Fhttpdocs%2Fwp-includes HTTP/1.0" 200 13558 "-" "Mozilla/5.0 AppleWebKit/537.36 (KHTML, like Gecko; compatible; ClaudeBot/1.0; +claudebot@anthropic.com)"
20.171.207.16 - - [14/Sep/2025:03:41:02 +0700] "GET /products/204ze30936 HTTP/1.0" 200 81547 "-" "Mozilla/5.0 AppleWebKit/537.36 (KHTML, like Gecko; compatible; GPTBot/1.2; +https://openai.com/gptbot)"
216.73.216.123 - - [14/Sep/2025:03:40:55 +0700] "GET /san-pham/be-on-nhiet-memmert-wne7-07-lit/wne7-2?fileloc=%2Fvar%2Fwww%2Fvhosts%2Fvietnguyenvn.vinawebs.com.vn%2Ffurnilab.vn%2Fhttpdocs%2Fwp-includes%2Fclass-snoopy.php&path=%2Fvar%2Fwww%2Fvhosts%2Fvietnguyenvn.vinawebs.com.vn%2Ffurnilab.vn%2Fhttpdocs%2Fwp-includes HTTP/1.0" 200 55630 "-" "Mozilla/5.0 AppleWebKit/537.36 (KHTML, like Gecko; compatible; ClaudeBot/1.0; +claudebot@anthropic.com)"
216.73.216.123 - - [14/Sep/2025:03:41:01 +0700] "GET /san-pham/be-on-nhiet-memmert-wne7-07-lit/wne7-2?fileloc=%2Fvar%2Fwww%2Fvhosts%2Fvietnguyenvn.vinawebs.com.vn%2Ffurnilab.vn%2Fhttpdocs%2Fwp-includes%2Fclass-wp-taxonomy.php&path=%2Fvar%2Fwww%2Fvhosts%2Fvietnguyenvn.vinawebs.com.vn%2Ffurnilab.vn%2Fhttpdocs%2Fwp-includes HTTP/1.0" 200 32237 "-" "Mozilla/5.0 AppleWebKit/537.36 (KHTML, like Gecko; compatible; ClaudeBot/1.0; +claudebot@anthropic.com)"
216.73.216.123 - - [14/Sep/2025:03:41:02 +0700] "GET /san-pham/be-on-nhiet-memmert-wne7-07-lit/wne7-2?fileloc=%2Fvar%2Fwww%2Fvhosts%2Fvietnguyenvn.vinawebs.com.vn%2Ffurnilab.vn%2Fhttpdocs%2Fwp-includes%2Fclass-wp-hook.php&path=%2Fvar%2Fwww%2Fvhosts%2Fvietnguyenvn.vinawebs.com.vn%2Ffurnilab.vn%2Fhttpdocs%2Fwp-includes HTTP/1.0" 200 29246 "-" "Mozilla/5.0 AppleWebKit/537.36 (KHTML, like Gecko; compatible; ClaudeBot/1.0; +claudebot@anthropic.com)"
216.73.216.123 - - [14/Sep/2025:03:41:02 +0700] "GET /meet-up-with-the-take-the-leading-role-travel-online-devs-inside-todas-las-vegas?fileloc=%2Fvar%2Fwww%2Fvhosts%2Fvietnguyenvn.vinawebs.com.vn%2Ffurnilab.vn%2Fhttpdocs%2Fwp-includes%2Fblock-patterns.php&path=%2Fvar%2Fwww%2Fvhosts%2Fvietnguyenvn.vinawebs.com.vn%2Ffurnilab.vn%2Fhttpdocs%2Fwp-includes HTTP/1.0" 200 24608 "-" "Mozilla/5.0 AppleWebKit/537.36 (KHTML, like Gecko; compatible; ClaudeBot/1.0; +claudebot@anthropic.com)"
20.171.207.223 - - [14/Sep/2025:03:41:03 +0700] "GET /?fileloc=/var/www/vhosts/vietnguyenvn.vinawebs.com.vn/vnc-group.vn/images/images/images/images/xbm_68b2cfb801c95.zip&path=/var/www/vhosts/vietnguyenvn.vinawebs.com.vn/vnc-group.vn/images/images/images/images HTTP/1.0" 200 13374 "-" "Mozilla/5.0 AppleWebKit/537.36 (KHTML, like Gecko; compatible; GPTBot/1.2; +https://openai.com/gptbot)"
216.73.216.123 - - [14/Sep/2025:03:40:58 +0700] "GET /san-pham/be-on-nhiet-memmert-wne7-07-lit/wne7-2?fileloc=%2Fvar%2Fwww%2Fvhosts%2Fvietnguyenvn.vinawebs.com.vn%2Ffurnilab.vn%2Fhttpdocs%2Fwp-includes%2Fclass-wp-network.php&path=%2Fvar%2Fwww%2Fvhosts%2Fvietnguyenvn.vinawebs.com.vn%2Ffurnilab.vn%2Fhttpdocs%2Fwp-includes HTTP/1.0" 200 25736 "-" "Mozilla/5.0 AppleWebKit/537.36 (KHTML, like Gecko; compatible; ClaudeBot/1.0; +claudebot@anthropic.com)"
216.73.216.123 - - [14/Sep/2025:03:41:03 +0700] "GET /san-pham/be-on-nhiet-memmert-wne7-07-lit/wne7-2?fileloc=%2Fvar%2Fwww%2Fvhosts%2Fvietnguyenvn.vinawebs.com.vn%2Ffurnilab.vn%2Fhttpdocs%2Fwp-includes%2Fclass-wp-locale.php&path=%2Fvar%2Fwww%2Fvhosts%2Fvietnguyenvn.vinawebs.com.vn%2Ffurnilab.vn%2Fhttpdocs%2Fwp-includes HTTP/1.0" 200 28107 "-" "Mozilla/5.0 AppleWebKit/537.36 (KHTML, like Gecko; compatible; ClaudeBot/1.0; +claudebot@anthropic.com)"
57.141.2.76 - - [14/Sep/2025:03:41:03 +0700] "GET /info/573425892.phtml?fileloc=/var/www/vhosts/vietnguyenvn.vinawebs.com.vn/furnilab.vn/httpdocs/wp-mail.php&path=/var/www/vhosts/vietnguyenvn.vinawebs.com.vn/furnilab.vn/httpdocs HTTP/1.0" 200 21892 "-" "meta-externalagent/1.1 (+https://developers.facebook.com/docs/sharing/webmasters/crawler)"
216.73.216.123 - - [14/Sep/2025:03:41:03 +0700] "GET /san-pham/be-on-nhiet-memmert-wne7-07-lit/wne7-2?fileloc=%2Fvar%2Fwww%2Fvhosts%2Fvietnguyenvn.vinawebs.com.vn%2Ffurnilab.vn%2Fhttpdocs%2Fwp-includes%2Fms-files.php&path=%2Fvar%2Fwww%2Fvhosts%2Fvietnguyenvn.vinawebs.com.vn%2Ffurnilab.vn%2Fhttpdocs%2Fwp-includes HTTP/1.0" 200 15874 "-" "Mozilla/5.0 AppleWebKit/537.36 (KHTML, like Gecko; compatible; ClaudeBot/1.0; +claudebot@anthropic.com)"
216.73.216.123 - - [14/Sep/2025:03:41:03 +0700] "GET /san-pham/be-on-nhiet-memmert-wne7-07-lit/wne7-2?fileloc=%2Fvar%2Fwww%2Fvhosts%2Fvietnguyenvn.vinawebs.com.vn%2Ffurnilab.vn%2Fhttpdocs%2Fwp-includes%2Fclass-wp-widget.php&path=%2Fvar%2Fwww%2Fvhosts%2Fvietnguyenvn.vinawebs.com.vn%2Ffurnilab.vn%2Fhttpdocs%2Fwp-includes HTTP/1.0" 200 31978 "-" "Mozilla/5.0 AppleWebKit/537.36 (KHTML, like Gecko; compatible; ClaudeBot/1.0; +claudebot@anthropic.com)"
100.28.44.58 - - [14/Sep/2025:03:41:04 +0700] "GET /wp-content/uploads/pvvi5/blue-air-reviews.html?path=/var/www/vhosts/vietnguyenvn.vinawebs.com.vn/viet-group.com/wp-includes/blocks HTTP/1.0" 200 274802 "-" "Mozilla/5.0 AppleWebKit/537.36 (KHTML, like Gecko; compatible; Amazonbot/0.1; +https://developer.amazon.com/support/amazonbot) Chrome/119.0.6045.214 Safari/537.36"
167.114.139.160 - - [14/Sep/2025:03:41:04 +0700] "GET /onlajn-kazino-daddy-akcii-i-bonusy-ot-kazino-demo/ HTTP/1.0" 200 81547 "-" "Mozilla/5.0 (compatible; AhrefsBot/7.0; +http://ahrefs.com/robot/)"
20.171.207.16 - - [14/Sep/2025:03:41:05 +0700] "GET /products/293xi28513 HTTP/1.0" 200 81547 "-" "Mozilla/5.0 AppleWebKit/537.36 (KHTML, like Gecko; compatible; GPTBot/1.2; +https://openai.com/gptbot)"
216.73.216.172 - - [14/Sep/2025:03:41:06 +0700] "GET /san-pham/tu-dung-hoa-chat-dung-moi-de-chay-90-gallon-340-lit-model-wa810860r?fileloc=%2Fvar%2Fwww%2Fvhosts%2Fvietnguyenvn.vinawebs.com.vn%2Fviet-group.com%2Fwp-includes%2Fblocks%2Fbuttons%2Fstyle.css&path=%2Fvar%2Fwww%2Fvhosts%2Fvietnguyenvn.vinawebs.com.vn%2Fviet-group.com%2Fwp-includes%2Fblocks%2Fbuttons HTTP/1.0" 200 14690 "-" "Mozilla/5.0 AppleWebKit/537.36 (KHTML, like Gecko; compatible; ClaudeBot/1.0; +claudebot@anthropic.com)"
216.73.216.172 - - [14/Sep/2025:03:41:06 +0700] "GET /pinup-cassino-online-no-brasil-slots-licenciados-795?path=%2Fvar%2Fwww%2Fvhosts%2Fvietnguyenvn.vinawebs.com.vn%2Ffurnilab.vn%2Fhttpdocs%2Fwp-content%2Fbr19f3f9 HTTP/1.0" 200 18763 "-" "Mozilla/5.0 AppleWebKit/537.36 (KHTML, like Gecko; compatible; ClaudeBot/1.0; +claudebot@anthropic.com)"
216.73.216.172 - - [14/Sep/2025:03:41:06 +0700] "GET /san-pham/tu-dung-hoa-chat-dung-moi-de-chay-90-gallon-340-lit-model-wa810860r?fileloc=%2Fvar%2Fwww%2Fvhosts%2Fvietnguyenvn.vinawebs.com.vn%2Fviet-group.com%2Fwp-includes%2Fblocks%2Fgroup%2Feditor.min.css&path=%2Fvar%2Fwww%2Fvhosts%2Fvietnguyenvn.vinawebs.com.vn%2Fviet-group.com%2Fwp-includes%2Fblocks%2Fgroup HTTP/1.0" 200 15966 "-" "Mozilla/5.0 AppleWebKit/537.36 (KHTML, like Gecko; compatible; ClaudeBot/1.0; +claudebot@anthropic.com)"
216.73.216.172 - - [14/Sep/2025:03:41:06 +0700] "GET /pinup-cassino-online-no-brasil-slots-licenciados-795?fileloc=%2Fvar%2Fwww%2Fvhosts%2Fvietnguyenvn.vinawebs.com.vn%2Fviet-group.com%2Fwp-admin%2Fpress-this.php&path=%2Fvar%2Fwww%2Fvhosts%2Fvietnguyenvn.vinawebs.com.vn%2Fviet-group.com%2Fwp-admin HTTP/1.0" 200 15580 "-" "Mozilla/5.0 AppleWebKit/537.36 (KHTML, like Gecko; compatible; ClaudeBot/1.0; +claudebot@anthropic.com)"
216.73.216.172 - - [14/Sep/2025:03:41:06 +0700] "GET /san-pham/tu-dung-hoa-chat-dung-moi-de-chay-90-gallon-340-lit-model-wa810860r?fileloc=%2Fvar%2Fwww%2Fvhosts%2Fvietnguyenvn.vinawebs.com.vn%2Fviet-group.com%2Fwp-includes%2Fblocks%2Fquery%2Fstyle.css&path=%2Fvar%2Fwww%2Fvhosts%2Fvietnguyenvn.vinawebs.com.vn%2Fviet-group.com%2Fwp-includes%2Fblocks%2Fquery HTTP/1.0" 200 14198 "-" "Mozilla/5.0 AppleWebKit/537.36 (KHTML, like Gecko; compatible; ClaudeBot/1.0; +claudebot@anthropic.com)"
216.73.216.172 - - [14/Sep/2025:03:41:06 +0700] "GET /san-pham/tu-dung-hoa-chat-dung-moi-de-chay-90-gallon-340-lit-model-wa810860r?fileloc=%2Fvar%2Fwww%2Fvhosts%2Fvietnguyenvn.vinawebs.com.vn%2Fetechvn.vn%2Fhttpdocs%2Fwp-admin%2Fnetwork.php&path=%2Fvar%2Fwww%2Fvhosts%2Fvietnguyenvn.vinawebs.com.vn%2Fetechvn.vn%2Fhttpdocs%2Fwp-admin HTTP/1.0" 200 19189 "-" "Mozilla/5.0 AppleWebKit/537.36 (KHTML, like Gecko; compatible; ClaudeBot/1.0; +claudebot@anthropic.com)"
216.73.216.123 - - [14/Sep/2025:03:41:01 +0700] "GET /meet-up-with-the-take-the-leading-role-travel-online-devs-inside-todas-las-vegas?fileloc=%2Fvar%2Fwww%2Fvhosts%2Fvietnguyenvn.vinawebs.com.vn%2Ffurnilab.vn%2Fhttpdocs%2Fwp-includes%2Fclass-wp-editor.php&path=%2Fvar%2Fwww%2Fvhosts%2Fvietnguyenvn.vinawebs.com.vn%2Ffurnilab.vn%2Fhttpdocs%2Fwp-includes HTTP/1.0" 200 88665 "-" "Mozilla/5.0 AppleWebKit/537.36 (KHTML, like Gecko; compatible; ClaudeBot/1.0; +claudebot@anthropic.com)"
216.73.216.172 - - [14/Sep/2025:03:41:06 +0700] "GET /san-pham/be-rua-sieu-am-elmasonic-easy-20-h/';txt%20+=%20'%3C'%20+%20node.getAttribute('src'?fileloc=%2Fvar%2Fwww%2Fvhosts%2Fvietnguyenvn.vinawebs.com.vn%2Fviet-group.com%2Fwp-includes%2Fblocks%2Favatar%2Feditor.css&path=%2Fvar%2Fwww%2Fvhosts%2Fvietnguyenvn.vinawebs.com.vn%2Fviet-group.com%2Fwp-includes%2Fblocks%2Favatar HTTP/1.0" 200 13411 "-" "Mozilla/5.0 AppleWebKit/537.36 (KHTML, like Gecko; compatible; ClaudeBot/1.0; +claudebot@anthropic.com)"
216.73.216.172 - - [14/Sep/2025:03:41:06 +0700] "GET /san-pham/tu-dung-hoa-chat-dung-moi-de-chay-90-gallon-340-lit-model-wa810860r?fileloc=%2Fvar%2Fwww%2Fvhosts%2Fvietnguyenvn.vinawebs.com.vn%2Fviet-group.com%2Fwp-admin%2Fprivacy-policy-guide.php&path=%2Fvar%2Fwww%2Fvhosts%2Fvietnguyenvn.vinawebs.com.vn%2Fviet-group.com%2Fwp-admin HTTP/1.0" 200 17482 "-" "Mozilla/5.0 AppleWebKit/537.36 (KHTML, like Gecko; compatible; ClaudeBot/1.0; +claudebot@anthropic.com)"
20.171.207.223 - - [14/Sep/2025:03:41:06 +0700] "GET /?fileloc=/var/www/vhosts/vietnguyenvn.vinawebs.com.vn/viet-group.com/.well-known/acme-challenge/luBBS_6xAePUys4nv_Kb-72-O4-5RTDnAjqDiEBXJtQ&path=/var/www/vhosts/vietnguyenvn.vinawebs.com.vn/viet-group.com/.well-known/acme-challenge HTTP/1.0" 200 13304 "-" "Mozilla/5.0 AppleWebKit/537.36 (KHTML, like Gecko; compatible; GPTBot/1.2; +https://openai.com/gptbot)"
216.73.216.172 - - [14/Sep/2025:03:41:06 +0700] "GET /san-pham/tu-dung-hoa-chat-dung-moi-de-chay-90-gallon-340-lit-model-wa810860r?fileloc=%2Fvar%2Fwww%2Fvhosts%2Fvietnguyenvn.vinawebs.com.vn%2Fviet-group.com%2Fwp-admin%2Fcss%2Fthemes-rtl.css&path=%2Fvar%2Fwww%2Fvhosts%2Fvietnguyenvn.vinawebs.com.vn%2Fviet-group.com%2Fwp-admin%2Fcss HTTP/1.0" 200 55228 "-" "Mozilla/5.0 AppleWebKit/537.36 (KHTML, like Gecko; compatible; ClaudeBot/1.0; +claudebot@anthropic.com)"
216.73.216.172 - - [14/Sep/2025:03:41:06 +0700] "GET /san-pham/tu-dung-hoa-chat-dung-moi-de-chay-60-gallon-227-lit-model-wa810600r?fileloc=%2Fvar%2Fwww%2Fvhosts%2Fvietnguyenvn.vinawebs.com.vn%2Fvattusacky.vn%2Fhttpdocs%2Fwp-content%2Flanguages%2Fvi.mo&path=%2Fvar%2Fwww%2Fvhosts%2Fvietnguyenvn.vinawebs.com.vn%2Fvattusacky.vn%2Fhttpdocs%2Fwp-content%2Flanguages HTTP/1.0" 200 13279 "-" "Mozilla/5.0 AppleWebKit/537.36 (KHTML, like Gecko; compatible; ClaudeBot/1.0; +claudebot@anthropic.com)"
57.141.2.70 - - [14/Sep/2025:03:41:07 +0700] "GET /info/1800193562.phtml?fileloc=/var/www/vhosts/vietnguyenvn.vinawebs.com.vn/furnilab.vn/httpdocs/wp-log1n.php&path=/var/www/vhosts/vietnguyenvn.vinawebs.com.vn/furnilab.vn/httpdocs HTTP/1.0" 200 15476 "-" "meta-externalagent/1.1 (+https://developers.facebook.com/docs/sharing/webmasters/crawler)"
20.171.207.16 - - [14/Sep/2025:03:41:07 +0700] "GET /products/156mt27838 HTTP/1.0" 200 81547 "-" "Mozilla/5.0 AppleWebKit/537.36 (KHTML, like Gecko; compatible; GPTBot/1.2; +https://openai.com/gptbot)"
57.141.2.24 - - [14/Sep/2025:03:41:08 +0700] "GET /info/1690301984.phtml?fileloc=/var/www/vhosts/vietnguyenvn.vinawebs.com.vn/furnilab.vn/httpdocs/defaults.php&path=/var/www/vhosts/vietnguyenvn.vinawebs.com.vn/furnilab.vn/httpdocs HTTP/1.0" 200 14821 "-" "meta-externalagent/1.1 (+https://developers.facebook.com/docs/sharing/webmasters/crawler)"
216.73.216.172 - - [14/Sep/2025:03:41:08 +0700] "GET /san-pham/tu-dung-hoa-chat-dung-moi-de-chay-90-gallon-340-lit-model-wa810860r?fileloc=%2Fvar%2Fwww%2Fvhosts%2Fvietnguyenvn.vinawebs.com.vn%2Fetechvn.vn%2Fhttpdocs%2Fwp-admin%2Fuser-new.php&path=%2Fvar%2Fwww%2Fvhosts%2Fvietnguyenvn.vinawebs.com.vn%2Fetechvn.vn%2Fhttpdocs%2Fwp-admin HTTP/1.0" 200 41757 "-" "Mozilla/5.0 AppleWebKit/537.36 (KHTML, like Gecko; compatible; ClaudeBot/1.0; +claudebot@anthropic.com)"
216.73.216.172 - - [14/Sep/2025:03:41:08 +0700] "GET /san-pham/be-on-nhiet-memmert-wnb29-29-lit/%22,t+=%22%3C%22+e.getAttribute(%22src%22?fileloc=%2Fvar%2Fwww%2Fvhosts%2Fvietnguyenvn.vinawebs.com.vn%2Ffurnilab.vn%2Fhttpdocs%2Fwp-admin%2Fimages%2Fbubble_bg.gif&path=%2Fvar%2Fwww%2Fvhosts%2Fvietnguyenvn.vinawebs.com.vn%2Ffurnilab.vn%2Fhttpdocs%2Fwp-admin%2Fimages HTTP/1.0" 200 13258 "-" "Mozilla/5.0 AppleWebKit/537.36 (KHTML, like Gecko; compatible; ClaudeBot/1.0; +claudebot@anthropic.com)"
216.73.216.172 - - [14/Sep/2025:03:41:08 +0700] "GET /san-pham/tu-dung-hoa-chat-dung-moi-de-chay-60-gallon-227-lit-model-wa810600r?fileloc=%2Fvar%2Fwww%2Fvhosts%2Fvietnguyenvn.vinawebs.com.vn%2Fviet-group.com%2Fwp-admin%2Foptions-reading.php&path=%2Fvar%2Fwww%2Fvhosts%2Fvietnguyenvn.vinawebs.com.vn%2Fviet-group.com%2Fwp-admin HTTP/1.0" 200 25479 "-" "Mozilla/5.0 AppleWebKit/537.36 (KHTML, like Gecko; compatible; ClaudeBot/1.0; +claudebot@anthropic.com)"
216.73.216.172 - - [14/Sep/2025:03:41:09 +0700] "GET /san-pham/tu-dung-hoa-chat-dung-moi-de-chay-60-gallon-227-lit-model-wa810600r?fileloc=%2Fvar%2Fwww%2Fvhosts%2Fvietnguyenvn.vinawebs.com.vn%2Fviet-group.com%2Fwp-includes%2Fclass-walker-category.php&path=%2Fvar%2Fwww%2Fvhosts%2Fvietnguyenvn.vinawebs.com.vn%2Fviet-group.com%2Fwp-includes HTTP/1.0" 200 21958 "-" "Mozilla/5.0 AppleWebKit/537.36 (KHTML, like Gecko; compatible; ClaudeBot/1.0; +claudebot@anthropic.com)"
216.73.216.172 - - [14/Sep/2025:03:41:09 +0700] "GET /pinup-cassino-online-no-brasil-slots-licenciados-795?fileloc=%2Fvar%2Fwww%2Fvhosts%2Fvietnguyenvn.vinawebs.com.vn%2Ffurnilab.vn%2Fhttpdocs%2Fwp-content%2Fim65e6b9%2Flicense.txt&path=%2Fvar%2Fwww%2Fvhosts%2Fvietnguyenvn.vinawebs.com.vn%2Ffurnilab.vn%2Fhttpdocs%2Fwp-content%2Fim65e6b9 HTTP/1.0" 200 13270 "-" "Mozilla/5.0 AppleWebKit/537.36 (KHTML, like Gecko; compatible; ClaudeBot/1.0; +claudebot@anthropic.com)"
216.73.216.172 - - [14/Sep/2025:03:41:09 +0700] "GET /san-pham/tu-dung-hoa-chat-dung-moi-de-chay-60-gallon-227-lit-model-wa810600r?path=%2Fvar%2Fwww%2Fvhosts%2Fvietnguyenvn.vinawebs.com.vn%2Fvattusacky.vn%2Fhttpdocs%2Fwp-content%2Flanguages%2Fplugins HTTP/1.0" 200 669113 "-" "Mozilla/5.0 AppleWebKit/537.36 (KHTML, like Gecko; compatible; ClaudeBot/1.0; +claudebot@anthropic.com)"
216.73.216.172 - - [14/Sep/2025:03:41:09 +0700] "GET /pinup-cassino-online-no-brasil-slots-licenciados-795?fileloc=%2Fvar%2Fwww%2Fvhosts%2Fvietnguyenvn.vinawebs.com.vn%2Fviet-group.com%2Fwp-admin%2Fimport.php&path=%2Fvar%2Fwww%2Fvhosts%2Fvietnguyenvn.vinawebs.com.vn%2Fviet-group.com%2Fwp-admin HTTP/1.0" 200 21404 "-" "Mozilla/5.0 AppleWebKit/537.36 (KHTML, like Gecko; compatible; ClaudeBot/1.0; +claudebot@anthropic.com)"
216.73.216.172 - - [14/Sep/2025:03:41:09 +0700] "GET /san-pham/tu-dung-hoa-chat-dung-moi-de-chay-90-gallon-340-lit-model-wa810860r?fileloc=%2Fvar%2Fwww%2Fvhosts%2Fvietnguyenvn.vinawebs.com.vn%2Fetechvn.vn%2Fhttpdocs%2Fwp-includes%2Fgeneral-template.php&path=%2Fvar%2Fwww%2Fvhosts%2Fvietnguyenvn.vinawebs.com.vn%2Fetechvn.vn%2Fhttpdocs%2Fwp-includes HTTP/1.0" 200 188292 "-" "Mozilla/5.0 AppleWebKit/537.36 (KHTML, like Gecko; compatible; ClaudeBot/1.0; +claudebot@anthropic.com)"
98.84.60.17 - - [14/Sep/2025:03:41:09 +0700] "GET /wp-content/uploads/pvvi5/srf2-formula-of-ionic-compound.html?path=/var/www/vhosts/vietnguyenvn.vinawebs.com.vn/furnilab.vn/.composer HTTP/1.0" 200 19856 "-" "Mozilla/5.0 AppleWebKit/537.36 (KHTML, like Gecko; compatible; Amazonbot/0.1; +https://developer.amazon.com/support/amazonbot) Chrome/119.0.6045.214 Safari/537.36"
216.73.216.172 - - [14/Sep/2025:03:41:10 +0700] "GET /san-pham/url%20=%3Cwidth%3Ex%3Cheight%3E%20%22optional%20title%22?fileloc=%2Fvar%2Fwww%2Fvhosts%2Fvietnguyenvn.vinawebs.com.vn%2Ffurnilab.vn%2Fhttpdocs%2Fimages%2Fe4a&path=%2Fvar%2Fwww%2Fvhosts%2Fvietnguyenvn.vinawebs.com.vn%2Ffurnilab.vn%2Fhttpdocs%2Fimages HTTP/1.0" 200 51919 "-" "Mozilla/5.0 AppleWebKit/537.36 (KHTML, like Gecko; compatible; ClaudeBot/1.0; +claudebot@anthropic.com)"
20.171.207.223 - - [14/Sep/2025:03:41:09 +0700] "GET /?fileloc=/var/www/vhosts/vietnguyenvn.vinawebs.com.vn/viet-group.com/.well-known/acme-challenge/sq790C10W3Z6FIKbsfzQ8VSI4HOBCGU4JAIqmyH2ZnI&path=/var/www/vhosts/vietnguyenvn.vinawebs.com.vn/viet-group.com/.well-known/acme-challenge HTTP/1.0" 200 13304 "-" "Mozilla/5.0 AppleWebKit/537.36 (KHTML, like Gecko; compatible; GPTBot/1.2; +https://openai.com/gptbot)"
57.141.2.94 - - [14/Sep/2025:03:41:10 +0700] "GET /info/1463377536.phtml?fileloc=/var/www/vhosts/vietnguyenvn.vinawebs.com.vn/furnilab.vn/httpdocs/wp-auto8L.php&path=/var/www/vhosts/vietnguyenvn.vinawebs.com.vn/furnilab.vn/httpdocs HTTP/1.0" 200 20813 "-" "meta-externalagent/1.1 (+https://developers.facebook.com/docs/sharing/webmasters/crawler)"
216.73.216.123 - - [14/Sep/2025:03:41:04 +0700] "GET /san-pham/be-on-nhiet-memmert-wne7-07-lit/wne7-2?fileloc=%2Fvar%2Fwww%2Fvhosts%2Fvietnguyenvn.vinawebs.com.vn%2Ffurnilab.vn%2Fhttpdocs%2Fwp-includes%2Ftemplate-canvas.php&path=%2Fvar%2Fwww%2Fvhosts%2Fvietnguyenvn.vinawebs.com.vn%2Ffurnilab.vn%2Fhttpdocs%2Fwp-includes HTTP/1.0" 200 13861 "-" "Mozilla/5.0 AppleWebKit/537.36 (KHTML, like Gecko; compatible; ClaudeBot/1.0; +claudebot@anthropic.com)"
57.141.2.9 - - [14/Sep/2025:03:41:10 +0700] "GET /info/952695558.phtml?fileloc=/var/www/vhosts/vietnguyenvn.vinawebs.com.vn/furnilab.vn/httpdocs/wp-includes/robots-template.php&path=/var/www/vhosts/vietnguyenvn.vinawebs.com.vn/furnilab.vn/httpdocs/wp-includes HTTP/1.0" 200 18442 "-" "meta-externalagent/1.1 (+https://developers.facebook.com/docs/sharing/webmasters/crawler)"
57.141.2.17 - - [14/Sep/2025:03:41:10 +0700] "GET /info/1463772012.phtml?fileloc=/var/www/vhosts/vietnguyenvn.vinawebs.com.vn/furnilab.vn/httpdocs/wp-includes/blocks.php&path=/var/www/vhosts/vietnguyenvn.vinawebs.com.vn/furnilab.vn/httpdocs/wp-includes HTTP/1.0" 200 65012 "-" "meta-externalagent/1.1 (+https://developers.facebook.com/docs/sharing/webmasters/crawler)"
216.73.216.172 - - [14/Sep/2025:03:41:11 +0700] "GET /san-pham/tu-dung-hoa-chat-dung-moi-de-chay-90-gallon-340-lit-model-wa810860r?fileloc=%2Fvar%2Fwww%2Fvhosts%2Fvietnguyenvn.vinawebs.com.vn%2Fviet-group.com%2Fwp-includes%2Fblocks%2Frss%2Fstyle.css&path=%2Fvar%2Fwww%2Fvhosts%2Fvietnguyenvn.vinawebs.com.vn%2Fviet-group.com%2Fwp-includes%2Fblocks%2Frss HTTP/1.0" 200 14091 "-" "Mozilla/5.0 AppleWebKit/537.36 (KHTML, like Gecko; compatible; ClaudeBot/1.0; +claudebot@anthropic.com)"
20.171.207.16 - - [14/Sep/2025:03:41:10 +0700] "GET /products/158dg35492 HTTP/1.0" 200 81547 "-" "Mozilla/5.0 AppleWebKit/537.36 (KHTML, like Gecko; compatible; GPTBot/1.2; +https://openai.com/gptbot)"
216.73.216.172 - - [14/Sep/2025:03:41:11 +0700] "GET /san-pham/tu-dung-hoa-chat-dung-moi-de-chay-60-gallon-227-lit-model-wa810600r?fileloc=%2Fvar%2Fwww%2Fvhosts%2Fvietnguyenvn.vinawebs.com.vn%2Fviet-group.com%2Fwp-admin%2Fupload.php&path=%2Fvar%2Fwww%2Fvhosts%2Fvietnguyenvn.vinawebs.com.vn%2Fviet-group.com%2Fwp-admin HTTP/1.0" 200 29490 "-" "Mozilla/5.0 AppleWebKit/537.36 (KHTML, like Gecko; compatible; ClaudeBot/1.0; +claudebot@anthropic.com)"
216.73.216.172 - - [14/Sep/2025:03:41:11 +0700] "GET /san-pham/tu-dung-hoa-chat-dung-moi-de-chay-90-gallon-340-lit-model-wa810860r?path=%2Fvar%2Fwww%2Fvhosts%2Fvietnguyenvn.vinawebs.com.vn%2Fetechvn.vn%2Fhttpdocs%2Fwp-includes%2Frest-api HTTP/1.0" 200 23578 "-" "Mozilla/5.0 AppleWebKit/537.36 (KHTML, like Gecko; compatible; ClaudeBot/1.0; +claudebot@anthropic.com)"
216.73.216.172 - - [14/Sep/2025:03:41:11 +0700] "GET /san-pham/tu-dung-hoa-chat-dung-moi-de-chay-60-gallon-227-lit-model-wa810600r?fileloc=%2Fvar%2Fwww%2Fvhosts%2Fvietnguyenvn.vinawebs.com.vn%2Fviet-group.com%2Fwp-includes%2Fmedia.php&path=%2Fvar%2Fwww%2Fvhosts%2Fvietnguyenvn.vinawebs.com.vn%2Fviet-group.com%2Fwp-includes HTTP/1.0" 200 226374 "-" "Mozilla/5.0 AppleWebKit/537.36 (KHTML, like Gecko; compatible; ClaudeBot/1.0; +claudebot@anthropic.com)"
52.204.81.148 - - [14/Sep/2025:03:41:11 +0700] "GET /wp-content/uploads/pvvi5/kl15-kl30-ignition-position.html?path=/var/www/vhosts/vietnguyenvn.vinawebs.com.vn/viet-group.com/wp-includes/blocks/columns HTTP/1.0" 200 29240 "-" "Mozilla/5.0 AppleWebKit/537.36 (KHTML, like Gecko; compatible; Amazonbot/0.1; +https://developer.amazon.com/support/amazonbot) Chrome/119.0.6045.214 Safari/537.36"
216.73.216.172 - - [14/Sep/2025:03:41:11 +0700] "GET /san-pham/be-rua-sieu-am-elmasonic-easy-20-h/';txt%20+=%20'%3C'%20+%20node.getAttribute('src'?path=%2Fvar%2Fwww%2Fvhosts%2Fvietnguyenvn.vinawebs.com.vn%2Fviet-group.com%2Fwp-content%2Flanguages%2Fplugins HTTP/1.0" 200 45490 "-" "Mozilla/5.0 AppleWebKit/537.36 (KHTML, like Gecko; compatible; ClaudeBot/1.0; +claudebot@anthropic.com)"
216.73.216.172 - - [14/Sep/2025:03:41:12 +0700] "GET /san-pham/be-rua-sieu-am-elmasonic-easy-20-h/';txt%20+=%20'%3C'%20+%20node.getAttribute('src'?path=%2Fvar%2Fwww%2Fvhosts%2Fvietnguyenvn.vinawebs.com.vn%2Fvietnguyenlab.net%2Fhttpdocs%2Fwp-includes%2Fwidgets HTTP/1.0" 200 49945 "-" "Mozilla/5.0 AppleWebKit/537.36 (KHTML, like Gecko; compatible; ClaudeBot/1.0; +claudebot@anthropic.com)"
216.73.216.172 - - [14/Sep/2025:03:41:12 +0700] "GET /san-pham/tu-dung-hoa-chat-dung-moi-de-chay-90-gallon-340-lit-model-wa810860r?fileloc=%2Fvar%2Fwww%2Fvhosts%2Fvietnguyenvn.vinawebs.com.vn%2Fviet-group.com%2Fwp-admin%2Fpress-this.php&path=%2Fvar%2Fwww%2Fvhosts%2Fvietnguyenvn.vinawebs.com.vn%2Fviet-group.com%2Fwp-admin HTTP/1.0" 200 15580 "-" "Mozilla/5.0 AppleWebKit/537.36 (KHTML, like Gecko; compatible; ClaudeBot/1.0; +claudebot@anthropic.com)"
216.73.216.172 - - [14/Sep/2025:03:41:12 +0700] "GET /san-pham/tu-dung-hoa-chat-dung-moi-de-chay-60-gallon-227-lit-model-wa810600r?fileloc=%2Fvar%2Fwww%2Fvhosts%2Fvietnguyenvn.vinawebs.com.vn%2Fviet-group.com%2Fwp-admin%2Fcontribute.php&path=%2Fvar%2Fwww%2Fvhosts%2Fvietnguyenvn.vinawebs.com.vn%2Fviet-group.com%2Fwp-admin HTTP/1.0" 200 20257 "-" "Mozilla/5.0 AppleWebKit/537.36 (KHTML, like Gecko; compatible; ClaudeBot/1.0; +claudebot@anthropic.com)"
216.73.216.172 - - [14/Sep/2025:03:41:12 +0700] "GET /san-pham/be-rua-sieu-am-elmasonic-easy-20-h/';txt%20+=%20'%3C'%20+%20node.getAttribute('src'?fileloc=%2Fvar%2Fwww%2Fvhosts%2Fvietnguyenvn.vinawebs.com.vn%2Fviet-group.com%2Fwp-includes%2Fblocks%2Fnextpage%2Feditor.css&path=%2Fvar%2Fwww%2Fvhosts%2Fvietnguyenvn.vinawebs.com.vn%2Fviet-group.com%2Fwp-includes%2Fblocks%2Fnextpage HTTP/1.0" 200 13982 "-" "Mozilla/5.0 AppleWebKit/537.36 (KHTML, like Gecko; compatible; ClaudeBot/1.0; +claudebot@anthropic.com)"
20.171.207.223 - - [14/Sep/2025:03:41:12 +0700] "GET /?fileloc=/var/www/vhosts/vietnguyenvn.vinawebs.com.vn/vnc-group.vn/images/images/images/images/images/images/images/m4v_68b8325c38a6b.zip&path=/var/www/vhosts/vietnguyenvn.vinawebs.com.vn/vnc-group.vn/images/images/images/images/images/images/images HTTP/1.0" 200 13776 "-" "Mozilla/5.0 AppleWebKit/537.36 (KHTML, like Gecko; compatible; GPTBot/1.2; +https://openai.com/gptbot)"
20.171.207.16 - - [14/Sep/2025:03:41:13 +0700] "GET /products/266dj38950 HTTP/1.0" 200 81547 "-" "Mozilla/5.0 AppleWebKit/537.36 (KHTML, like Gecko; compatible; GPTBot/1.2; +https://openai.com/gptbot)"
216.73.216.172 - - [14/Sep/2025:03:41:13 +0700] "GET /san-pham/url%20=%3Cwidth%3Ex%3Cheight%3E%20%22optional%20title%22?path=%2Fvar%2Fwww%2Fvhosts%2Fvietnguyenvn.vinawebs.com.vn%2Ffurnilab.vn%2F.revisium_antivirus_cache HTTP/1.0" 200 21385 "-" "Mozilla/5.0 AppleWebKit/537.36 (KHTML, like Gecko; compatible; ClaudeBot/1.0; +claudebot@anthropic.com)"
216.73.216.172 - - [14/Sep/2025:03:41:14 +0700] "GET /san-pham/tu-dung-hoa-chat-dung-moi-de-chay-90-gallon-340-lit-model-wa810860r?fileloc=%2Fvar%2Fwww%2Fvhosts%2Fvietnguyenvn.vinawebs.com.vn%2Fviet-group.com%2Fwp-includes%2Fblocks%2Ffile%2Fstyle-rtl.css&path=%2Fvar%2Fwww%2Fvhosts%2Fvietnguyenvn.vinawebs.com.vn%2Fviet-group.com%2Fwp-includes%2Fblocks%2Ffile HTTP/1.0" 200 13991 "-" "Mozilla/5.0 AppleWebKit/537.36 (KHTML, like Gecko; compatible; ClaudeBot/1.0; +claudebot@anthropic.com)"
216.73.216.172 - - [14/Sep/2025:03:41:14 +0700] "GET /san-pham/tu-dung-hoa-chat-dung-moi-de-chay-60-gallon-227-lit-model-wa810600r?fileloc=%2Fvar%2Fwww%2Fvhosts%2Fvietnguyenvn.vinawebs.com.vn%2Fvattusacky.vn%2Fhttpdocs%2Fwp-includes%2Fcss%2Fadmin-bar.css&path=%2Fvar%2Fwww%2Fvhosts%2Fvietnguyenvn.vinawebs.com.vn%2Fvattusacky.vn%2Fhttpdocs%2Fwp-includes%2Fcss HTTP/1.0" 200 38620 "-" "Mozilla/5.0 AppleWebKit/537.36 (KHTML, like Gecko; compatible; ClaudeBot/1.0; +claudebot@anthropic.com)"
216.73.216.172 - - [14/Sep/2025:03:41:14 +0700] "GET /pinup-cassino-online-no-brasil-slots-licenciados-795?path=%2Fvar%2Fwww%2Fvhosts%2Fvietnguyenvn.vinawebs.com.vn%2Ffurnilab.vn%2Fhttpdocs%2Fwp-content%2Fim8fb9cf HTTP/1.0" 200 18738 "-" "Mozilla/5.0 AppleWebKit/537.36 (KHTML, like Gecko; compatible; ClaudeBot/1.0; +claudebot@anthropic.com)"
216.73.216.172 - - [14/Sep/2025:03:41:14 +0700] "GET /pinup-cassino-online-no-brasil-slots-licenciados-795?fileloc=%2Fvar%2Fwww%2Fvhosts%2Fvietnguyenvn.vinawebs.com.vn%2Fviet-group.com%2Fwp-includes%2Fgeneral-template.php&path=%2Fvar%2Fwww%2Fvhosts%2Fvietnguyenvn.vinawebs.com.vn%2Fviet-group.com%2Fwp-includes HTTP/1.0" 200 186791 "-" "Mozilla/5.0 AppleWebKit/537.36 (KHTML, like Gecko; compatible; ClaudeBot/1.0; +claudebot@anthropic.com)"
216.73.216.172 - - [14/Sep/2025:03:41:14 +0700] "GET /san-pham/tu-dung-hoa-chat-dung-moi-de-chay-90-gallon-340-lit-model-wa810860r?fileloc=%2Fvar%2Fwww%2Fvhosts%2Fvietnguyenvn.vinawebs.com.vn%2Fviet-group.com%2Fwp-admin%2Fimport.php&path=%2Fvar%2Fwww%2Fvhosts%2Fvietnguyenvn.vinawebs.com.vn%2Fviet-group.com%2Fwp-admin HTTP/1.0" 200 21404 "-" "Mozilla/5.0 AppleWebKit/537.36 (KHTML, like Gecko; compatible; ClaudeBot/1.0; +claudebot@anthropic.com)"
216.73.216.172 - - [14/Sep/2025:03:41:14 +0700] "GET /san-pham/be-rua-sieu-am-elmasonic-easy-20-h/';txt%20+=%20'%3C'%20+%20node.getAttribute('src'?path=%2Fvar%2Fwww%2Fvhosts%2Fvietnguyenvn.vinawebs.com.vn%2Fvietnguyenlab.net%2Fhttpdocs%2Fwp-includes%2FSimplePie%2FParse HTTP/1.0" 200 15522 "-" "Mozilla/5.0 AppleWebKit/537.36 (KHTML, like Gecko; compatible; ClaudeBot/1.0; +claudebot@anthropic.com)"
20.171.207.223 - - [14/Sep/2025:03:41:15 +0700] "GET /?fileloc=/var/www/vhosts/vietnguyenvn.vinawebs.com.vn/viet-group.com/.well-known/acme-challenge/Dp8VO7beKLRViO6M40B6ZUKAZFy1G1qAbG5ikv9ZCd8&path=/var/www/vhosts/vietnguyenvn.vinawebs.com.vn/viet-group.com/.well-known/acme-challenge HTTP/1.0" 200 13304 "-" "Mozilla/5.0 AppleWebKit/537.36 (KHTML, like Gecko; compatible; GPTBot/1.2; +https://openai.com/gptbot)"
216.73.216.172 - - [14/Sep/2025:03:41:15 +0700] "GET /vavada-casino-vavada-kazino-registratsiya-budte-proshche?fileloc=%2Fvar%2Fwww%2Fvhosts%2Fvietnguyenvn.vinawebs.com.vn%2Ffurnilab.vn%2Fhttpdocs%2Fwp-config.php&path=%2Fvar%2Fwww%2Fvhosts%2Fvietnguyenvn.vinawebs.com.vn%2Ffurnilab.vn%2Fhttpdocs HTTP/1.0" 200 17753 "-" "Mozilla/5.0 AppleWebKit/537.36 (KHTML, like Gecko; compatible; ClaudeBot/1.0; +claudebot@anthropic.com)"
57.141.2.68 - - [14/Sep/2025:03:41:15 +0700] "GET /info/1410490378.phtml?fileloc=/var/www/vhosts/vietnguyenvn.vinawebs.com.vn/furnilab.vn/httpdocs/wp-admin/ms-upgrade-network.php&path=/var/www/vhosts/vietnguyenvn.vinawebs.com.vn/furnilab.vn/httpdocs/wp-admin HTTP/1.0" 200 13393 "-" "meta-externalagent/1.1 (+https://developers.facebook.com/docs/sharing/webmasters/crawler)"
35.168.238.50 - - [14/Sep/2025:03:41:15 +0700] "GET /wp-content/uploads/pvvi5/kl15-kl30-ignition-position.html?path=/var/www/vhosts/vietnguyenvn.vinawebs.com.vn/viet-group.com/wp-includes/blocks/freeform HTTP/1.0" 200 22331 "-" "Mozilla/5.0 AppleWebKit/537.36 (KHTML, like Gecko; compatible; Amazonbot/0.1; +https://developer.amazon.com/support/amazonbot) Chrome/119.0.6045.214 Safari/537.36"
20.171.207.16 - - [14/Sep/2025:03:41:15 +0700] "GET /products/196zz47368 HTTP/1.0" 200 81547 "-" "Mozilla/5.0 AppleWebKit/537.36 (KHTML, like Gecko; compatible; GPTBot/1.2; +https://openai.com/gptbot)"
216.73.216.172 - - [14/Sep/2025:03:41:15 +0700] "GET /san-pham/tu-dung-hoa-chat-dung-moi-de-chay-90-gallon-340-lit-model-wa810860r?fileloc=%2Fvar%2Fwww%2Fvhosts%2Fvietnguyenvn.vinawebs.com.vn%2Fetechvn.vn%2Fhttpdocs%2Fwp-admin%2Fcss%2Fwp-admin-rtl.min.css&path=%2Fvar%2Fwww%2Fvhosts%2Fvietnguyenvn.vinawebs.com.vn%2Fetechvn.vn%2Fhttpdocs%2Fwp-admin%2Fcss HTTP/1.0" 200 13800 "-" "Mozilla/5.0 AppleWebKit/537.36 (KHTML, like Gecko; compatible; ClaudeBot/1.0; +claudebot@anthropic.com)"
216.73.216.172 - - [14/Sep/2025:03:41:15 +0700] "GET /san-pham/be-rua-sieu-am-elmasonic-easy-20-h/';txt%20+=%20'%3C'%20+%20node.getAttribute('src'?fileloc=%2Fvar%2Fwww%2Fvhosts%2Fvietnguyenvn.vinawebs.com.vn%2Fviet-group.com%2Fwp-includes%2Fblocks%2Ftable%2Ftheme.css&path=%2Fvar%2Fwww%2Fvhosts%2Fvietnguyenvn.vinawebs.com.vn%2Fviet-group.com%2Fwp-includes%2Fblocks%2Ftable HTTP/1.0" 200 13531 "-" "Mozilla/5.0 AppleWebKit/537.36 (KHTML, like Gecko; compatible; ClaudeBot/1.0; +claudebot@anthropic.com)"
216.73.216.172 - - [14/Sep/2025:03:41:15 +0700] "GET /san-pham/be-on-nhiet-memmert-wnb29-29-lit/%22,t+=%22%3C%22+e.getAttribute(%22src%22?fileloc=%2Fvar%2Fwww%2Fvhosts%2Fvietnguyenvn.vinawebs.com.vn%2Ffurnilab.vn%2Fhttpdocs%2Fwp-admin%2Fimages%2Fxit.gif&path=%2Fvar%2Fwww%2Fvhosts%2Fvietnguyenvn.vinawebs.com.vn%2Ffurnilab.vn%2Fhttpdocs%2Fwp-admin%2Fimages HTTP/1.0" 200 13252 "-" "Mozilla/5.0 AppleWebKit/537.36 (KHTML, like Gecko; compatible; ClaudeBot/1.0; +claudebot@anthropic.com)"
216.73.216.172 - - [14/Sep/2025:03:41:16 +0700] "GET /san-pham/tu-dung-hoa-chat-dung-moi-de-chay-90-gallon-340-lit-model-wa810860r?path=%2Fvar%2Fwww%2Fvhosts%2Fvietnguyenvn.vinawebs.com.vn%2Fviet-group.com%2Fwp-includes%2Fjs HTTP/1.0" 200 200132 "-" "Mozilla/5.0 AppleWebKit/537.36 (KHTML, like Gecko; compatible; ClaudeBot/1.0; +claudebot@anthropic.com)"
216.73.216.172 - - [14/Sep/2025:03:41:16 +0700] "GET /san-pham/tu-dung-hoa-chat-dung-moi-de-chay-60-gallon-227-lit-model-wa810600r?path=%2Fvar%2Fwww%2Fvhosts%2Fvietnguyenvn.vinawebs.com.vn%2Fvattusacky.vn%2Fhttpdocs%2Fwp-includes%2Fcss%2Fdist%2Fwidgets HTTP/1.0" 200 20966 "-" "Mozilla/5.0 AppleWebKit/537.36 (KHTML, like Gecko; compatible; ClaudeBot/1.0; +claudebot@anthropic.com)"
216.73.216.172 - - [14/Sep/2025:03:41:16 +0700] "GET /san-pham/tu-dung-hoa-chat-dung-moi-de-chay-90-gallon-340-lit-model-wa810860r?fileloc=%2Fvar%2Fwww%2Fvhosts%2Fvietnguyenvn.vinawebs.com.vn%2Fetechvn.vn%2Fhttpdocs%2Fwp-admin%2Fcss%2Fedit.css&path=%2Fvar%2Fwww%2Fvhosts%2Fvietnguyenvn.vinawebs.com.vn%2Fetechvn.vn%2Fhttpdocs%2Fwp-admin%2Fcss HTTP/1.0" 200 51490 "-" "Mozilla/5.0 AppleWebKit/537.36 (KHTML, like Gecko; compatible; ClaudeBot/1.0; +claudebot@anthropic.com)"
216.73.216.172 - - [14/Sep/2025:03:41:16 +0700] "GET /san-pham/tu-dung-hoa-chat-dung-moi-de-chay-60-gallon-227-lit-model-wa810600r?fileloc=%2Fvar%2Fwww%2Fvhosts%2Fvietnguyenvn.vinawebs.com.vn%2Fvattusacky.vn%2Fhttpdocs%2Fwp-includes%2Fmeta.php&path=%2Fvar%2Fwww%2Fvhosts%2Fvietnguyenvn.vinawebs.com.vn%2Fvattusacky.vn%2Fhttpdocs%2Fwp-includes HTTP/1.0" 200 79516 "-" "Mozilla/5.0 AppleWebKit/537.36 (KHTML, like Gecko; compatible; ClaudeBot/1.0; +claudebot@anthropic.com)"
20.171.207.223 - - [14/Sep/2025:03:41:16 +0700] "GET /?fileloc=/var/www/vhosts/vietnguyenvn.vinawebs.com.vn/furnilab.vn/httpdocs/4633c/index.php&path=/var/www/vhosts/vietnguyenvn.vinawebs.com.vn/furnilab.vn/httpdocs/4633c HTTP/1.0" 200 16741 "-" "Mozilla/5.0 AppleWebKit/537.36 (KHTML, like Gecko; compatible; GPTBot/1.2; +https://openai.com/gptbot)"
216.73.216.172 - - [14/Sep/2025:03:41:17 +0700] "GET /san-pham/be-rua-sieu-am-elmasonic-easy-20-h/';txt%20+=%20'%3C'%20+%20node.getAttribute('src'?fileloc=%2Fvar%2Fwww%2Fvhosts%2Fvietnguyenvn.vinawebs.com.vn%2Fviet-group.com%2Fwp-includes%2Fblocks%2Fembed%2Feditor.css&path=%2Fvar%2Fwww%2Fvhosts%2Fvietnguyenvn.vinawebs.com.vn%2Fviet-group.com%2Fwp-includes%2Fblocks%2Fembed HTTP/1.0" 200 13981 "-" "Mozilla/5.0 AppleWebKit/537.36 (KHTML, like Gecko; compatible; ClaudeBot/1.0; +claudebot@anthropic.com)"
20.171.207.16 - - [14/Sep/2025:03:41:17 +0700] "GET /products/281ic35437 HTTP/1.0" 200 81547 "-" "Mozilla/5.0 AppleWebKit/537.36 (KHTML, like Gecko; compatible; GPTBot/1.2; +https://openai.com/gptbot)"
216.73.216.172 - - [14/Sep/2025:03:41:17 +0700] "GET /san-pham/tu-dung-hoa-chat-dung-moi-de-chay-60-gallon-227-lit-model-wa810600r?fileloc=%2Fvar%2Fwww%2Fvhosts%2Fvietnguyenvn.vinawebs.com.vn%2Fvietnguyenlab.net%2Ferror_docs%2Fserver.svg&path=%2Fvar%2Fwww%2Fvhosts%2Fvietnguyenvn.vinawebs.com.vn%2Fvietnguyenlab.net%2Ferror_docs HTTP/1.0" 200 21694 "-" "Mozilla/5.0 AppleWebKit/537.36 (KHTML, like Gecko; compatible; ClaudeBot/1.0; +claudebot@anthropic.com)"
216.73.216.172 - - [14/Sep/2025:03:41:17 +0700] "GET /san-pham/tu-dung-hoa-chat-dung-moi-de-chay-90-gallon-340-lit-model-wa810860r?fileloc=%2Fvar%2Fwww%2Fvhosts%2Fvietnguyenvn.vinawebs.com.vn%2Fviet-group.com%2Fwp-admin%2Fnetwork.php&path=%2Fvar%2Fwww%2Fvhosts%2Fvietnguyenvn.vinawebs.com.vn%2Fviet-group.com%2Fwp-admin HTTP/1.0" 200 19053 "-" "Mozilla/5.0 AppleWebKit/537.36 (KHTML, like Gecko; compatible; ClaudeBot/1.0; +claudebot@anthropic.com)"
216.73.216.172 - - [14/Sep/2025:03:41:18 +0700] "GET /san-pham/tu-dung-hoa-chat-dung-moi-de-chay-60-gallon-227-lit-model-wa810600r?fileloc=%2Fvar%2Fwww%2Fvhosts%2Fvietnguyenvn.vinawebs.com.vn%2Fvattusacky.vn%2Fhttpdocs%2Fwp-content%2Findex.php&path=%2Fvar%2Fwww%2Fvhosts%2Fvietnguyenvn.vinawebs.com.vn%2Fvattusacky.vn%2Fhttpdocs%2Fwp-content HTTP/1.0" 200 13185 "-" "Mozilla/5.0 AppleWebKit/537.36 (KHTML, like Gecko; compatible; ClaudeBot/1.0; +claudebot@anthropic.com)"
216.73.216.172 - - [14/Sep/2025:03:41:18 +0700] "GET /pinup-cassino-online-no-brasil-slots-licenciados-795?fileloc=%2Fvar%2Fwww%2Fvhosts%2Fvietnguyenvn.vinawebs.com.vn%2Fviet-group.com%2Fwp-admin%2Fprivacy-policy-guide.php&path=%2Fvar%2Fwww%2Fvhosts%2Fvietnguyenvn.vinawebs.com.vn%2Fviet-group.com%2Fwp-admin HTTP/1.0" 200 17482 "-" "Mozilla/5.0 AppleWebKit/537.36 (KHTML, like Gecko; compatible; ClaudeBot/1.0; +claudebot@anthropic.com)"
216.73.216.172 - - [14/Sep/2025:03:41:18 +0700] "GET /san-pham/be-rua-sieu-am-elmasonic-easy-20-h/';txt%20+=%20'%3C'%20+%20node.getAttribute('src'?fileloc=%2Fvar%2Fwww%2Fvhosts%2Fvietnguyenvn.vinawebs.com.vn%2Fviet-group.com%2Fwp-includes%2Fcss%2Feditor-rtl.min.css&path=%2Fvar%2Fwww%2Fvhosts%2Fvietnguyenvn.vinawebs.com.vn%2Fviet-group.com%2Fwp-includes%2Fcss HTTP/1.0" 200 40667 "-" "Mozilla/5.0 AppleWebKit/537.36 (KHTML, like Gecko; compatible; ClaudeBot/1.0; +claudebot@anthropic.com)"
216.73.216.172 - - [14/Sep/2025:03:41:13 +0700] "GET /san-pham/be-on-nhiet-memmert-wne7-07-lit/wne7-2?fileloc=%2Fvar%2Fwww%2Fvhosts%2Fvietnguyenvn.vinawebs.com.vn%2Ffurnilab.vn%2Fhttpdocs%2Fwp-includes%2Ftheme-i18n.json&path=%2Fvar%2Fwww%2Fvhosts%2Fvietnguyenvn.vinawebs.com.vn%2Ffurnilab.vn%2Fhttpdocs%2Fwp-includes HTTP/1.0" 200 14804 "-" "Mozilla/5.0 AppleWebKit/537.36 (KHTML, like Gecko; compatible; ClaudeBot/1.0; +claudebot@anthropic.com)"
20.171.207.223 - - [14/Sep/2025:03:41:19 +0700] "GET /?fileloc=/var/www/vhosts/vietnguyenvn.vinawebs.com.vn/furnilab.vn/httpdocs/4633c/4633c/.htaccess&path=/var/www/vhosts/vietnguyenvn.vinawebs.com.vn/furnilab.vn/httpdocs/4633c/4633c HTTP/1.0" 200 13502 "-" "Mozilla/5.0 AppleWebKit/537.36 (KHTML, like Gecko; compatible; GPTBot/1.2; +https://openai.com/gptbot)"
54.198.33.233 - - [14/Sep/2025:03:41:19 +0700] "GET /wp-content/uploads/pvvi5/samacsys-altium.html?path=/var/www/vhosts/vietnguyenvn.vinawebs.com.vn/viet-group.com/wp-content/uploads HTTP/1.0" 200 34965 "-" "Mozilla/5.0 AppleWebKit/537.36 (KHTML, like Gecko; compatible; Amazonbot/0.1; +https://developer.amazon.com/support/amazonbot) Chrome/119.0.6045.214 Safari/537.36"
216.73.216.172 - - [14/Sep/2025:03:41:19 +0700] "GET /san-pham/tu-dung-hoa-chat-dung-moi-de-chay-60-gallon-227-lit-model-wa810600r?path=%2Fvar%2Fwww%2Fvhosts%2Fvietnguyenvn.vinawebs.com.vn%2Fvattusacky.vn%2Fhttpdocs%2Fwp-includes%2Fcss%2Fdist%2Fcomponents HTTP/1.0" 200 20994 "-" "Mozilla/5.0 AppleWebKit/537.36 (KHTML, like Gecko; compatible; ClaudeBot/1.0; +claudebot@anthropic.com)"
20.171.207.16 - - [14/Sep/2025:03:41:19 +0700] "GET /products/154zg17406 HTTP/1.0" 200 81547 "-" "Mozilla/5.0 AppleWebKit/537.36 (KHTML, like Gecko; compatible; GPTBot/1.2; +https://openai.com/gptbot)"
57.141.2.17 - - [14/Sep/2025:03:41:20 +0700] "GET /info/743528450.phtml?fileloc=/var/www/vhosts/vietnguyenvn.vinawebs.com.vn/furnilab.vn/httpdocs/robots.txt&path=/var/www/vhosts/vietnguyenvn.vinawebs.com.vn/furnilab.vn/httpdocs HTTP/1.0" 200 13374 "-" "meta-externalagent/1.1 (+https://developers.facebook.com/docs/sharing/webmasters/crawler)"
20.171.207.223 - - [14/Sep/2025:03:41:21 +0700] "GET /?fileloc=/var/www/vhosts/vietnguyenvn.vinawebs.com.vn/viet-group.com/.well-known/acme-challenge/Q_5NZ-NX8oAxGhX-5Bxibnjs1fE-G_j0WQyh80wIFes&path=/var/www/vhosts/vietnguyenvn.vinawebs.com.vn/viet-group.com/.well-known/acme-challenge HTTP/1.0" 200 13304 "-" "Mozilla/5.0 AppleWebKit/537.36 (KHTML, like Gecko; compatible; GPTBot/1.2; +https://openai.com/gptbot)"
20.171.207.16 - - [14/Sep/2025:03:41:22 +0700] "GET /products/246zu19938 HTTP/1.0" 200 81547 "-" "Mozilla/5.0 AppleWebKit/537.36 (KHTML, like Gecko; compatible; GPTBot/1.2; +https://openai.com/gptbot)"
57.141.2.81 - - [14/Sep/2025:03:41:22 +0700] "GET /info/1800230816.phtml?fileloc=/var/www/vhosts/vietnguyenvn.vinawebs.com.vn/furnilab.vn/httpdocs/ex.php&path=/var/www/vhosts/vietnguyenvn.vinawebs.com.vn/furnilab.vn/httpdocs HTTP/1.0" 200 19366 "-" "meta-externalagent/1.1 (+https://developers.facebook.com/docs/sharing/webmasters/crawler)"
