54.39.210.168 - - [13/Sep/2025:12:05:37 +0700] "GET /finding-meaningful-connections-in-a-digital-world-insights-from-omegle-and-ometv-users/ HTTP/1.0" 200 92289 "-" "Mozilla/5.0 (compatible; AhrefsBot/7.0; +http://ahrefs.com/robot/)"
45.117.177.72 - - [13/Sep/2025:12:06:58 +0700] "POST /wp-cron.php?doing_wp_cron=1757740018.0073509216308593750000 HTTP/1.0" 200 416 "-" "WordPress/6.8.1; https://vattusacky.vn"
185.191.171.13 - - [13/Sep/2025:12:06:56 +0700] "GET /category/mostbet-casino-92/ HTTP/1.0" 200 63598 "-" "Mozilla/5.0 (compatible; SemrushBot/7~bl; +http://www.semrush.com/bot.html)"
85.208.96.193 - - [13/Sep/2025:12:07:15 +0700] "GET /where-to-find-the-best-data-room-critiques/ HTTP/1.0" 200 205500 "-" "Mozilla/5.0 (compatible; SemrushBot/7~bl; +http://www.semrush.com/bot.html)"
45.117.177.72 - - [13/Sep/2025:12:07:24 +0700] "POST /wp-cron.php?doing_wp_cron=1757740044.3131999969482421875000 HTTP/1.0" 200 416 "-" "WordPress/6.8.1; https://vattusacky.vn"
185.191.171.8 - - [13/Sep/2025:12:07:23 +0700] "GET /foreign-dating-how-to-find-somebody-overseas/ HTTP/1.0" 200 208970 "-" "Mozilla/5.0 (compatible; SemrushBot/7~bl; +http://www.semrush.com/bot.html)"
20.97.189.103 - - [13/Sep/2025:12:08:02 +0700] "GET / HTTP/1.0" 503 8085 "-" "Mozilla/5.0 AppleWebKit/537.36 (KHTML, like Gecko); compatible; ChatGPT-User/1.0; +https://openai.com/bot"
45.117.177.72 - - [13/Sep/2025:12:08:54 +0700] "POST /wp-cron.php?doing_wp_cron=1757740134.0733730792999267578125 HTTP/1.0" 200 416 "-" "WordPress/6.8.1; https://vattusacky.vn"
142.44.220.123 - - [13/Sep/2025:12:08:52 +0700] "GET /finding-love-or-laughter-across-borders-omegles-global-reach/ HTTP/1.0" 200 91788 "-" "Mozilla/5.0 (compatible; AhrefsBot/7.0; +http://ahrefs.com/robot/)"
157.55.39.55 - - [13/Sep/2025:12:09:52 +0700] "GET /wp-content/uploads/2016/12/alpha-water-sampler-horizontal-acrylic-kit-includes-carry-case-transparent-acrylic-32l-180x180.jpg HTTP/1.0" 200 502 "-" "Mozilla/5.0 AppleWebKit/537.36 (KHTML, like Gecko; compatible; bingbot/2.0; +http://www.bing.com/bingbot.htm) Chrome/116.0.1938.76 Safari/537.36"
45.117.177.72 - - [13/Sep/2025:12:10:37 +0700] "POST /wp-cron.php?doing_wp_cron=1757740236.9304969310760498046875 HTTP/1.0" 200 416 "-" "WordPress/6.8.1; https://vattusacky.vn"
194.163.158.166 - - [13/Sep/2025:12:10:34 +0700] "POST /xmlrpc.php HTTP/1.0" 200 954 "-" "Mozilla/5.0 (X11; Ubuntu; Linux x86_64; rv:85.0) Gecko/20100101 Firefox/91.0"
45.117.177.72 - - [13/Sep/2025:12:12:08 +0700] "POST /wp-cron.php?doing_wp_cron=1757740328.1356918811798095703125 HTTP/1.0" 200 416 "-" "WordPress/6.8.1; https://vattusacky.vn"
148.113.130.104 - - [13/Sep/2025:12:12:06 +0700] "GET /finding-mentors-and-role-models-on-omegle-and-ometv/ HTTP/1.0" 200 91014 "-" "Mozilla/5.0 (compatible; AhrefsBot/7.0; +http://ahrefs.com/robot/)"
45.117.177.72 - - [13/Sep/2025:12:15:22 +0700] "POST /wp-cron.php?doing_wp_cron=1757740522.5398240089416503906250 HTTP/1.0" 200 416 "-" "WordPress/6.8.1; https://vattusacky.vn"
142.44.228.230 - - [13/Sep/2025:12:15:21 +0700] "GET /category/uncategorized/page/187/ HTTP/1.0" 200 75984 "-" "Mozilla/5.0 (compatible; AhrefsBot/7.0; +http://ahrefs.com/robot/)"
45.117.177.72 - - [13/Sep/2025:12:18:01 +0700] "POST /wp-cron.php?doing_wp_cron=1757740681.5643808841705322265625 HTTP/1.0" 200 416 "-" "WordPress/6.8.1; https://vattusacky.vn"
18.206.47.187 - - [13/Sep/2025:12:18:00 +0700] "GET /san-pham/do-da-chi-tieu-kim-loai/ HTTP/1.0" 200 134248 "-" "Mozilla/5.0 AppleWebKit/537.36 (KHTML, like Gecko; compatible; Amazonbot/0.1; +https://developer.amazon.com/support/amazonbot) Chrome/119.0.6045.214 Safari/537.36"
185.191.171.18 - - [13/Sep/2025:12:18:01 +0700] "GET /author/yanz/page/126/ HTTP/1.0" 200 77163 "-" "Mozilla/5.0 (compatible; SemrushBot/7~bl; +http://www.semrush.com/bot.html)"
3.214.176.44 - - [13/Sep/2025:12:18:04 +0700] "GET /danh-muc/co-ba%CC%89n-thi-nghie%CC%A3m/can-phan-tich-can-ky%CC%83-thua%CC%A3t/ HTTP/1.0" 200 99802 "-" "Mozilla/5.0 AppleWebKit/537.36 (KHTML, like Gecko; compatible; Amazonbot/0.1; +https://developer.amazon.com/support/amazonbot) Chrome/119.0.6045.214 Safari/537.36"
45.117.177.72 - - [13/Sep/2025:12:18:30 +0700] "POST /wp-cron.php?doing_wp_cron=1757740710.6072969436645507812500 HTTP/1.0" 200 416 "-" "WordPress/6.8.1; https://vattusacky.vn"
142.44.233.5 - - [13/Sep/2025:12:18:29 +0700] "GET /serendipity-and-personal-discovery-exploring-new-interests-online/ HTTP/1.0" 200 93447 "-" "Mozilla/5.0 (compatible; AhrefsBot/7.0; +http://ahrefs.com/robot/)"
185.191.171.12 - - [13/Sep/2025:12:19:05 +0700] "GET /san-pham/htturb-d0-do-duc/ HTTP/1.0" 200 162715 "-" "Mozilla/5.0 (compatible; SemrushBot/7~bl; +http://www.semrush.com/bot.html)"
45.117.177.72 - - [13/Sep/2025:12:21:22 +0700] "POST /wp-cron.php?doing_wp_cron=1757740882.7076430320739746093750 HTTP/1.0" 200 416 "-" "WordPress/6.8.1; https://vattusacky.vn"
54.39.6.64 - - [13/Sep/2025:12:21:21 +0700] "GET /amplifying-marginalized-voices-through-virtual-empathy-on-omegle/ HTTP/1.0" 200 91690 "-" "Mozilla/5.0 (compatible; AhrefsBot/7.0; +http://ahrefs.com/robot/)"
185.191.171.18 - - [13/Sep/2025:12:21:37 +0700] "GET /can-omegle-be-a-tool-for-social-change-and-activism/ HTTP/1.0" 200 90327 "-" "Mozilla/5.0 (compatible; SemrushBot/7~bl; +http://www.semrush.com/bot.html)"
185.191.171.3 - - [13/Sep/2025:12:22:06 +0700] "GET /lam-the-nao-de-co-duoc-app-vay-tien-senmo-mot-tien-do-ngay-lap-tuc/ HTTP/1.0" 200 213409 "-" "Mozilla/5.0 (compatible; SemrushBot/7~bl; +http://www.semrush.com/bot.html)"
45.117.177.72 - - [13/Sep/2025:12:22:28 +0700] "POST /wp-cron.php?doing_wp_cron=1757740948.2360920906066894531250 HTTP/1.0" 200 416 "-" "WordPress/6.8.1; https://vattusacky.vn"
172.190.142.176 - - [13/Sep/2025:12:22:26 +0700] "GET / HTTP/1.0" 200 60070 "-" "-"
172.190.142.176 - - [13/Sep/2025:12:22:30 +0700] "GET / HTTP/1.0" 200 60070 "-" "-"
172.190.142.176 - - [13/Sep/2025:12:22:32 +0700] "GET /wp-content/plugins/hellopress/wp_filemanager.php HTTP/1.0" 404 70812 "-" "-"
172.190.142.176 - - [13/Sep/2025:12:22:35 +0700] "GET /mr.php HTTP/1.0" 403 567 "-" "-"
172.190.142.176 - - [13/Sep/2025:12:22:35 +0700] "GET /pm.php HTTP/1.0" 403 567 "-" "-"
172.190.142.176 - - [13/Sep/2025:12:22:36 +0700] "GET /vxrl.php HTTP/1.0" 403 569 "-" "-"
172.190.142.176 - - [13/Sep/2025:12:22:36 +0700] "GET /shorw.php HTTP/1.0" 403 570 "-" "-"
172.190.142.176 - - [13/Sep/2025:12:22:37 +0700] "GET /gifclass.php HTTP/1.0" 403 573 "-" "-"
172.190.142.176 - - [13/Sep/2025:12:22:37 +0700] "GET /orm.php HTTP/1.0" 403 568 "-" "-"
172.190.142.176 - - [13/Sep/2025:12:22:38 +0700] "GET /gmo.php HTTP/1.0" 403 568 "-" "-"
172.190.142.176 - - [13/Sep/2025:12:22:38 +0700] "GET /ioxi2.php HTTP/1.0" 403 570 "-" "-"
172.190.142.176 - - [13/Sep/2025:12:22:39 +0700] "GET /MARIJUANA.php HTTP/1.0" 403 574 "-" "-"
172.190.142.176 - - [13/Sep/2025:12:22:39 +0700] "GET /file17.php HTTP/1.0" 403 571 "-" "-"
172.190.142.176 - - [13/Sep/2025:12:22:40 +0700] "GET /H.php HTTP/1.0" 403 566 "-" "-"
172.190.142.176 - - [13/Sep/2025:12:22:40 +0700] "GET /zcxb.php HTTP/1.0" 403 569 "-" "-"
172.190.142.176 - - [13/Sep/2025:12:22:41 +0700] "GET /wpls.php HTTP/1.0" 403 569 "-" "-"
172.190.142.176 - - [13/Sep/2025:12:22:41 +0700] "GET /testas.php HTTP/1.0" 403 571 "-" "-"
172.190.142.176 - - [13/Sep/2025:12:22:41 +0700] "GET /nope.php HTTP/1.0" 403 569 "-" "-"
172.190.142.176 - - [13/Sep/2025:12:22:42 +0700] "GET /reyna.php HTTP/1.0" 403 570 "-" "-"
172.190.142.176 - - [13/Sep/2025:12:22:42 +0700] "GET /ma1.php HTTP/1.0" 403 568 "-" "-"
172.190.142.176 - - [13/Sep/2025:12:22:43 +0700] "GET /bypltspd.php HTTP/1.0" 403 573 "-" "-"
172.190.142.176 - - [13/Sep/2025:12:22:43 +0700] "GET /aaa.php HTTP/1.0" 403 568 "-" "-"
172.190.142.176 - - [13/Sep/2025:12:22:44 +0700] "GET /wp-xx.php HTTP/1.0" 403 570 "-" "-"
172.190.142.176 - - [13/Sep/2025:12:22:44 +0700] "GET /wp-xm.php HTTP/1.0" 403 570 "-" "-"
172.190.142.176 - - [13/Sep/2025:12:22:45 +0700] "GET /zeal.php HTTP/1.0" 403 569 "-" "-"
172.190.142.176 - - [13/Sep/2025:12:22:45 +0700] "GET /h8h9.php HTTP/1.0" 403 569 "-" "-"
172.190.142.176 - - [13/Sep/2025:12:22:46 +0700] "GET /zasd.php HTTP/1.0" 403 569 "-" "-"
172.190.142.176 - - [13/Sep/2025:12:22:46 +0700] "GET /xzs.php HTTP/1.0" 403 568 "-" "-"
172.190.142.176 - - [13/Sep/2025:12:22:47 +0700] "GET /yep.php HTTP/1.0" 403 568 "-" "-"
172.190.142.176 - - [13/Sep/2025:12:22:47 +0700] "GET /des.php HTTP/1.0" 403 568 "-" "-"
172.190.142.176 - - [13/Sep/2025:12:22:48 +0700] "GET /xex.php HTTP/1.0" 403 568 "-" "-"
172.190.142.176 - - [13/Sep/2025:12:22:48 +0700] "GET /tox.php HTTP/1.0" 403 568 "-" "-"
172.190.142.176 - - [13/Sep/2025:12:22:49 +0700] "GET /racs3.php HTTP/1.0" 403 570 "-" "-"
172.190.142.176 - - [13/Sep/2025:12:22:49 +0700] "GET /wp-cliner.php HTTP/1.0" 403 574 "-" "-"
172.190.142.176 - - [13/Sep/2025:12:22:50 +0700] "GET /law.php HTTP/1.0" 403 568 "-" "-"
172.190.142.176 - - [13/Sep/2025:12:22:50 +0700] "GET /moo.php HTTP/1.0" 403 568 "-" "-"
172.190.142.176 - - [13/Sep/2025:12:22:51 +0700] "GET /89.php HTTP/1.0" 403 567 "-" "-"
172.190.142.176 - - [13/Sep/2025:12:22:51 +0700] "GET /noe.php HTTP/1.0" 403 568 "-" "-"
172.190.142.176 - - [13/Sep/2025:12:22:52 +0700] "GET /fe5.php HTTP/1.0" 403 568 "-" "-"
172.190.142.176 - - [13/Sep/2025:12:22:52 +0700] "GET /gg.php HTTP/1.0" 403 567 "-" "-"
172.190.142.176 - - [13/Sep/2025:12:22:53 +0700] "GET /fresh3.php HTTP/1.0" 403 571 "-" "-"
172.190.142.176 - - [13/Sep/2025:12:22:53 +0700] "GET /mo.php HTTP/1.0" 403 567 "-" "-"
172.190.142.176 - - [13/Sep/2025:12:22:54 +0700] "GET /6erg.php HTTP/1.0" 403 569 "-" "-"
172.190.142.176 - - [13/Sep/2025:12:22:54 +0700] "GET /rsnu.php HTTP/1.0" 403 569 "-" "-"
172.190.142.176 - - [13/Sep/2025:12:22:55 +0700] "GET /card.php HTTP/1.0" 403 569 "-" "-"
172.190.142.176 - - [13/Sep/2025:12:22:55 +0700] "GET /aa17.php HTTP/1.0" 403 569 "-" "-"
172.190.142.176 - - [13/Sep/2025:12:22:56 +0700] "GET /admi.php HTTP/1.0" 403 569 "-" "-"
172.190.142.176 - - [13/Sep/2025:12:22:56 +0700] "GET /note.php HTTP/1.0" 403 569 "-" "-"
172.190.142.176 - - [13/Sep/2025:12:22:57 +0700] "GET /png.php HTTP/1.0" 403 568 "-" "-"
217.182.194.45 - - [13/Sep/2025:12:22:56 +0700] "GET /robots.txt HTTP/1.0" 200 984 "-" "Mozilla/5.0 (compatible; MJ12bot/v1.4.8; http://mj12bot.com/)"
172.190.142.176 - - [13/Sep/2025:12:22:57 +0700] "GET /ava.php HTTP/1.0" 403 568 "-" "-"
172.190.142.176 - - [13/Sep/2025:12:22:58 +0700] "GET /resp.php HTTP/1.0" 403 569 "-" "-"
172.190.142.176 - - [13/Sep/2025:12:22:58 +0700] "GET /algox.php HTTP/1.0" 403 570 "-" "-"
172.190.142.176 - - [13/Sep/2025:12:22:58 +0700] "GET /v2.php HTTP/1.0" 403 567 "-" "-"
172.190.142.176 - - [13/Sep/2025:12:22:59 +0700] "GET /hb02ugyh.php HTTP/1.0" 403 573 "-" "-"
172.190.142.176 - - [13/Sep/2025:12:22:59 +0700] "GET /sxb.php HTTP/1.0" 403 568 "-" "-"
172.190.142.176 - - [13/Sep/2025:12:23:00 +0700] "GET /gm.php HTTP/1.0" 403 567 "-" "-"
172.190.142.176 - - [13/Sep/2025:12:23:00 +0700] "GET /jga.php HTTP/1.0" 403 568 "-" "-"
172.190.142.176 - - [13/Sep/2025:12:23:01 +0700] "GET /file5.php HTTP/1.0" 403 570 "-" "-"
172.190.142.176 - - [13/Sep/2025:12:23:01 +0700] "GET /miansha.php HTTP/1.0" 403 572 "-" "-"
172.190.142.176 - - [13/Sep/2025:12:23:02 +0700] "GET /mjq.php HTTP/1.0" 403 568 "-" "-"
172.190.142.176 - - [13/Sep/2025:12:23:02 +0700] "GET /yasnu.php HTTP/1.0" 403 570 "-" "-"
172.190.142.176 - - [13/Sep/2025:12:23:03 +0700] "GET /yanki.php HTTP/1.0" 403 570 "-" "-"
172.190.142.176 - - [13/Sep/2025:12:23:03 +0700] "GET /elf.php HTTP/1.0" 403 568 "-" "-"
172.190.142.176 - - [13/Sep/2025:12:23:04 +0700] "GET /7wom.php HTTP/1.0" 403 569 "-" "-"
172.190.142.176 - - [13/Sep/2025:12:23:04 +0700] "GET /new4.php HTTP/1.0" 403 569 "-" "-"
172.190.142.176 - - [13/Sep/2025:12:23:05 +0700] "GET /pola.php HTTP/1.0" 403 569 "-" "-"
172.190.142.176 - - [13/Sep/2025:12:23:05 +0700] "GET /mbg.php HTTP/1.0" 403 568 "-" "-"
172.190.142.176 - - [13/Sep/2025:12:23:06 +0700] "GET /1a.php HTTP/1.0" 403 567 "-" "-"
172.190.142.176 - - [13/Sep/2025:12:23:06 +0700] "GET /karak.php HTTP/1.0" 403 570 "-" "-"
172.190.142.176 - - [13/Sep/2025:12:23:07 +0700] "GET /loli.php HTTP/1.0" 403 569 "-" "-"
172.190.142.176 - - [13/Sep/2025:12:23:07 +0700] "GET /667.php HTTP/1.0" 403 568 "-" "-"
172.190.142.176 - - [13/Sep/2025:12:23:08 +0700] "GET /a2.php HTTP/1.0" 403 567 "-" "-"
172.190.142.176 - - [13/Sep/2025:12:23:08 +0700] "GET /ertg.php HTTP/1.0" 403 569 "-" "-"
172.190.142.176 - - [13/Sep/2025:12:23:09 +0700] "GET /jlex3.php HTTP/1.0" 403 570 "-" "-"
172.190.142.176 - - [13/Sep/2025:12:23:09 +0700] "GET /cool.php HTTP/1.0" 403 569 "-" "-"
172.190.142.176 - - [13/Sep/2025:12:23:10 +0700] "GET /13.php HTTP/1.0" 403 567 "-" "-"
172.190.142.176 - - [13/Sep/2025:12:23:10 +0700] "GET /lol.php HTTP/1.0" 403 568 "-" "-"
172.190.142.176 - - [13/Sep/2025:12:23:11 +0700] "GET /iov.php HTTP/1.0" 403 568 "-" "-"
172.190.142.176 - - [13/Sep/2025:12:23:11 +0700] "GET /bolt.php HTTP/1.0" 403 569 "-" "-"
172.190.142.176 - - [13/Sep/2025:12:23:12 +0700] "GET /as4AaPasd.php HTTP/1.0" 403 574 "-" "-"
172.190.142.176 - - [13/Sep/2025:12:23:12 +0700] "GET /w3llstore.php HTTP/1.0" 403 574 "-" "-"
172.190.142.176 - - [13/Sep/2025:12:23:12 +0700] "GET /shell20250630.php HTTP/1.0" 403 578 "-" "-"
172.190.142.176 - - [13/Sep/2025:12:23:13 +0700] "GET /aaaa.php HTTP/1.0" 403 569 "-" "-"
172.190.142.176 - - [13/Sep/2025:12:23:13 +0700] "GET /css.php HTTP/1.0" 403 568 "-" "-"
172.190.142.176 - - [13/Sep/2025:12:23:14 +0700] "GET /.lajuju.php HTTP/1.0" 403 572 "-" "-"
185.191.171.3 - - [13/Sep/2025:12:23:13 +0700] "GET /anonymity-unleashed-unpredictable-experiences-on-omegle-and-ometv/ HTTP/1.0" 200 92541 "-" "Mozilla/5.0 (compatible; SemrushBot/7~bl; +http://www.semrush.com/bot.html)"
172.190.142.176 - - [13/Sep/2025:12:23:14 +0700] "GET /wp-gr.php HTTP/1.0" 403 570 "-" "-"
172.190.142.176 - - [13/Sep/2025:12:23:15 +0700] "GET /ffile.php HTTP/1.0" 403 570 "-" "-"
172.190.142.176 - - [13/Sep/2025:12:23:15 +0700] "GET /trd.php HTTP/1.0" 403 568 "-" "-"
172.190.142.176 - - [13/Sep/2025:12:23:16 +0700] "GET /goh.php HTTP/1.0" 403 568 "-" "-"
172.190.142.176 - - [13/Sep/2025:12:23:16 +0700] "GET /class-t.api.php HTTP/1.0" 403 576 "-" "-"
172.190.142.176 - - [13/Sep/2025:12:23:17 +0700] "GET /tcp.php HTTP/1.0" 403 568 "-" "-"
172.190.142.176 - - [13/Sep/2025:12:23:17 +0700] "GET /ioxi.php HTTP/1.0" 403 569 "-" "-"
172.190.142.176 - - [13/Sep/2025:12:23:18 +0700] "GET /jmfi2.php HTTP/1.0" 403 570 "-" "-"
172.190.142.176 - - [13/Sep/2025:12:23:18 +0700] "GET /zwso.php HTTP/1.0" 403 569 "-" "-"
172.190.142.176 - - [13/Sep/2025:12:23:19 +0700] "GET /wp-xrm.php HTTP/1.0" 403 571 "-" "-"
172.190.142.176 - - [13/Sep/2025:12:23:19 +0700] "GET /r4f_1.php HTTP/1.0" 403 570 "-" "-"
172.190.142.176 - - [13/Sep/2025:12:23:20 +0700] "GET /nbm.php HTTP/1.0" 403 568 "-" "-"
172.190.142.176 - - [13/Sep/2025:12:23:20 +0700] "GET /ff.php HTTP/1.0" 403 567 "-" "-"
172.190.142.176 - - [13/Sep/2025:12:23:21 +0700] "GET /mws.php HTTP/1.0" 403 568 "-" "-"
172.190.142.176 - - [13/Sep/2025:12:23:21 +0700] "GET /alf4.php HTTP/1.0" 403 569 "-" "-"
172.190.142.176 - - [13/Sep/2025:12:23:22 +0700] "GET /mtrje.php HTTP/1.0" 403 570 "-" "-"
172.190.142.176 - - [13/Sep/2025:12:23:22 +0700] "GET /shell1.php HTTP/1.0" 403 571 "-" "-"
172.190.142.176 - - [13/Sep/2025:12:23:23 +0700] "GET /chn.php HTTP/1.0" 403 568 "-" "-"
172.190.142.176 - - [13/Sep/2025:12:23:23 +0700] "GET /mnkalo.php HTTP/1.0" 403 571 "-" "-"
172.190.142.176 - - [13/Sep/2025:12:23:24 +0700] "GET /vxrl.php HTTP/1.0" 403 569 "-" "-"
172.190.142.176 - - [13/Sep/2025:12:23:24 +0700] "GET /abt.php HTTP/1.0" 403 568 "-" "-"
172.190.142.176 - - [13/Sep/2025:12:23:25 +0700] "GET /awi.php HTTP/1.0" 403 568 "-" "-"
172.190.142.176 - - [13/Sep/2025:12:23:25 +0700] "GET /malo.php HTTP/1.0" 403 569 "-" "-"
172.190.142.176 - - [13/Sep/2025:12:23:26 +0700] "GET /upgrade.php HTTP/1.0" 403 572 "-" "-"
172.190.142.176 - - [13/Sep/2025:12:23:26 +0700] "GET /10266.php HTTP/1.0" 403 570 "-" "-"
172.190.142.176 - - [13/Sep/2025:12:23:27 +0700] "GET /xpass.php HTTP/1.0" 403 570 "-" "-"
172.190.142.176 - - [13/Sep/2025:12:23:27 +0700] "GET /hg.php HTTP/1.0" 403 567 "-" "-"
172.190.142.176 - - [13/Sep/2025:12:23:27 +0700] "GET /async.php HTTP/1.0" 403 570 "-" "-"
172.190.142.176 - - [13/Sep/2025:12:23:28 +0700] "GET /class.1.php HTTP/1.0" 403 572 "-" "-"
172.190.142.176 - - [13/Sep/2025:12:23:28 +0700] "GET /gfile1.php HTTP/1.0" 403 571 "-" "-"
172.190.142.176 - - [13/Sep/2025:12:23:29 +0700] "GET /whv.php HTTP/1.0" 403 568 "-" "-"
172.190.142.176 - - [13/Sep/2025:12:23:29 +0700] "GET /ioxi-o.php HTTP/1.0" 403 571 "-" "-"
172.190.142.176 - - [13/Sep/2025:12:23:30 +0700] "GET /1a.php HTTP/1.0" 403 567 "-" "-"
172.190.142.176 - - [13/Sep/2025:12:23:30 +0700] "GET /volka.php HTTP/1.0" 403 570 "-" "-"
45.117.177.72 - - [13/Sep/2025:12:24:24 +0700] "POST /wp-cron.php?doing_wp_cron=1757741064.3684730529785156250000 HTTP/1.0" 200 416 "-" "WordPress/6.8.1; https://vattusacky.vn"
217.182.194.45 - - [13/Sep/2025:12:24:23 +0700] "GET /san-pham/thiet-bi-lay-mau-bui-pm10-pm2-5-pm1-0-1-0-%C3%B7-3-5-m3h/ HTTP/1.0" 200 511159 "-" "Mozilla/5.0 (compatible; MJ12bot/v1.4.8; http://mj12bot.com/)"
217.182.194.45 - - [13/Sep/2025:12:24:27 +0700] "GET /san-pham/thiet-bi-lay-mau-bui-pm10-pm2-5-pm1-0-1-0-%C3%B7-3-5-m3h-2/ HTTP/1.0" 200 509231 "-" "Mozilla/5.0 (compatible; MJ12bot/v1.4.8; http://mj12bot.com/)"
167.114.139.208 - - [13/Sep/2025:12:24:44 +0700] "GET /finding-love-on-omegle/ HTTP/1.0" 200 89394 "-" "Mozilla/5.0 (compatible; AhrefsBot/7.0; +http://ahrefs.com/robot/)"
45.117.177.72 - - [13/Sep/2025:12:26:17 +0700] "POST /wp-cron.php?doing_wp_cron=1757741177.1027040481567382812500 HTTP/1.0" 200 416 "-" "WordPress/6.8.1; https://vattusacky.vn"
51.222.168.101 - - [13/Sep/2025:12:26:15 +0700] "GET /finding-new-connections-how-to-make-friends-on-omegle/ HTTP/1.0" 200 92002 "-" "Mozilla/5.0 (compatible; AhrefsBot/7.0; +http://ahrefs.com/robot/)"
209.141.53.103 - - [13/Sep/2025:12:26:59 +0700] "GET /wp-login.php HTTP/1.0" 200 11388 "-" "Mozilla/5.0 (Windows NT 6.1; WOW64; rv:24.0) Gecko/20100101 Firefox/24.0"
45.117.177.72 - - [13/Sep/2025:12:27:56 +0700] "POST /wp-cron.php?doing_wp_cron=1757741276.4050400257110595703125 HTTP/1.0" 200 416 "-" "WordPress/6.8.1; https://vattusacky.vn"
54.39.136.27 - - [13/Sep/2025:12:27:55 +0700] "GET /exploring-the-serendipitous-side-of-online-dating-on-omegle-and-ometv/ HTTP/1.0" 200 90647 "-" "Mozilla/5.0 (compatible; AhrefsBot/7.0; +http://ahrefs.com/robot/)"
45.117.177.72 - - [13/Sep/2025:12:29:21 +0700] "POST /wp-cron.php?doing_wp_cron=1757741360.9649939537048339843750 HTTP/1.0" 200 416 "-" "WordPress/6.8.1; https://vattusacky.vn"
54.39.89.242 - - [13/Sep/2025:12:29:19 +0700] "GET /omegle-and-cyberbullying-addressing-and-preventing-bullying-in-anonymous-chats/ HTTP/1.0" 200 83675 "-" "Mozilla/5.0 (compatible; AhrefsBot/7.0; +http://ahrefs.com/robot/)"
45.117.177.72 - - [13/Sep/2025:12:30:46 +0700] "POST /wp-cron.php?doing_wp_cron=1757741446.4151270389556884765625 HTTP/1.0" 200 416 "-" "WordPress/6.8.1; https://vattusacky.vn"
167.114.139.91 - - [13/Sep/2025:12:30:45 +0700] "GET /benefit-gives-par-les-gambling-establishment-en-28/ HTTP/1.0" 200 77071 "-" "Mozilla/5.0 (compatible; AhrefsBot/7.0; +http://ahrefs.com/robot/)"
45.117.177.72 - - [13/Sep/2025:12:32:15 +0700] "POST /wp-cron.php?doing_wp_cron=1757741535.6735630035400390625000 HTTP/1.0" 200 416 "-" "WordPress/6.8.1; https://vattusacky.vn"
15.235.98.162 - - [13/Sep/2025:12:32:14 +0700] "GET /omegle-and-anonymous-confessions-sharing-secrets-with-strangers/ HTTP/1.0" 200 90060 "-" "Mozilla/5.0 (compatible; AhrefsBot/7.0; +http://ahrefs.com/robot/)"
45.117.177.72 - - [13/Sep/2025:12:33:46 +0700] "POST /wp-cron.php?doing_wp_cron=1757741626.3697850704193115234375 HTTP/1.0" 200 416 "-" "WordPress/6.8.1; https://vattusacky.vn"
51.161.37.32 - - [13/Sep/2025:12:33:45 +0700] "GET /1win-1vin-75000-rublej-bonus-vhod-na-ofitsialnyj-sajt-1win/ HTTP/1.0" 200 96263 "-" "Mozilla/5.0 (compatible; AhrefsBot/7.0; +http://ahrefs.com/robot/)"
45.117.177.72 - - [13/Sep/2025:12:34:40 +0700] "POST /wp-cron.php?doing_wp_cron=1757741680.5994551181793212890625 HTTP/1.0" 200 416 "-" "WordPress/6.8.1; https://vattusacky.vn"
85.208.96.196 - - [13/Sep/2025:12:34:39 +0700] "GET /category/uncategorized/page/136/ HTTP/1.0" 200 76944 "-" "Mozilla/5.0 (compatible; SemrushBot/7~bl; +http://www.semrush.com/bot.html)"
45.117.177.72 - - [13/Sep/2025:12:35:35 +0700] "POST /wp-cron.php?doing_wp_cron=1757741735.1258618831634521484375 HTTP/1.0" 200 416 "-" "WordPress/6.8.1; https://vattusacky.vn"
51.222.168.254 - - [13/Sep/2025:12:35:33 +0700] "GET /a-detailed-comparison-of-omegle-and-ometv-features/ HTTP/1.0" 200 90664 "-" "Mozilla/5.0 (compatible; AhrefsBot/7.0; +http://ahrefs.com/robot/)"
45.117.177.72 - - [13/Sep/2025:12:36:59 +0700] "POST /wp-cron.php?doing_wp_cron=1757741819.3311579227447509765625 HTTP/1.0" 200 416 "-" "WordPress/6.8.1; https://vattusacky.vn"
142.44.225.116 - - [13/Sep/2025:12:36:58 +0700] "GET /raising-the-bar-for-random-chats-omegles-next-phase/ HTTP/1.0" 200 90629 "-" "Mozilla/5.0 (compatible; AhrefsBot/7.0; +http://ahrefs.com/robot/)"
45.117.177.72 - - [13/Sep/2025:12:38:29 +0700] "POST /wp-cron.php?doing_wp_cron=1757741909.3001549243927001953125 HTTP/1.0" 200 416 "-" "WordPress/6.8.1; https://vattusacky.vn"
15.235.98.176 - - [13/Sep/2025:12:38:27 +0700] "GET /the-importance-of-algorithms-in-pairing-users-on-omegle-and-ometv/ HTTP/1.0" 200 92550 "-" "Mozilla/5.0 (compatible; AhrefsBot/7.0; +http://ahrefs.com/robot/)"
45.117.177.72 - - [13/Sep/2025:12:40:04 +0700] "POST /wp-cron.php?doing_wp_cron=1757742004.6058309078216552734375 HTTP/1.0" 200 416 "-" "WordPress/6.8.1; https://vattusacky.vn"
54.39.210.182 - - [13/Sep/2025:12:40:03 +0700] "GET /omegle-and-mental-health-awareness-promoting-conversations-and-support-for-those-struggling/ HTTP/1.0" 200 93827 "-" "Mozilla/5.0 (compatible; AhrefsBot/7.0; +http://ahrefs.com/robot/)"
45.117.177.72 - - [13/Sep/2025:12:41:39 +0700] "POST /wp-cron.php?doing_wp_cron=1757742099.6155760288238525390625 HTTP/1.0" 200 416 "-" "WordPress/6.8.1; https://vattusacky.vn"
148.113.128.152 - - [13/Sep/2025:12:41:38 +0700] "GET /building-professional-networks-on-omegle-leveraging-the-platform-for-career-growth/ HTTP/1.0" 200 93628 "-" "Mozilla/5.0 (compatible; AhrefsBot/7.0; +http://ahrefs.com/robot/)"
45.117.177.72 - - [13/Sep/2025:12:43:16 +0700] "POST /wp-cron.php?doing_wp_cron=1757742196.1192760467529296875000 HTTP/1.0" 200 416 "-" "WordPress/6.8.1; https://vattusacky.vn"
142.44.225.51 - - [13/Sep/2025:12:43:14 +0700] "GET /building-empathy-in-a-fast-paced-digital-world/ HTTP/1.0" 200 91065 "-" "Mozilla/5.0 (compatible; AhrefsBot/7.0; +http://ahrefs.com/robot/)"
216.244.66.237 - - [13/Sep/2025:12:43:39 +0700] "GET /robots.txt HTTP/1.0" 200 984 "-" "Mozilla/5.0 (compatible; DotBot/1.2; +https://opensiteexplorer.org/dotbot; help@moz.com)"
45.117.177.72 - - [13/Sep/2025:12:44:46 +0700] "POST /wp-cron.php?doing_wp_cron=1757742286.0374240875244140625000 HTTP/1.0" 200 416 "-" "WordPress/6.8.1; https://vattusacky.vn"
142.44.220.208 - - [13/Sep/2025:12:44:44 +0700] "GET /igniting-imagination-how-omegle-sparks-creativity-in-artists/ HTTP/1.0" 200 92542 "-" "Mozilla/5.0 (compatible; AhrefsBot/7.0; +http://ahrefs.com/robot/)"
45.117.177.72 - - [13/Sep/2025:12:46:27 +0700] "POST /wp-cron.php?doing_wp_cron=1757742387.4244229793548583984375 HTTP/1.0" 200 416 "-" "WordPress/6.8.1; https://vattusacky.vn"
15.235.27.8 - - [13/Sep/2025:12:46:26 +0700] "GET /the-implications-of-anonymity-and-authenticity-for-online-relationships-on-omegle/ HTTP/1.0" 200 93671 "-" "Mozilla/5.0 (compatible; AhrefsBot/7.0; +http://ahrefs.com/robot/)"
45.117.177.72 - - [13/Sep/2025:12:47:52 +0700] "POST /wp-cron.php?doing_wp_cron=1757742472.1052529811859130859375 HTTP/1.0" 200 416 "-" "WordPress/6.8.1; https://vattusacky.vn"
167.114.139.161 - - [13/Sep/2025:12:47:50 +0700] "GET /omegle-video-chat-for-gaming-communities/ HTTP/1.0" 200 89653 "-" "Mozilla/5.0 (compatible; AhrefsBot/7.0; +http://ahrefs.com/robot/)"
45.117.177.72 - - [13/Sep/2025:12:48:19 +0700] "POST /wp-cron.php?doing_wp_cron=1757742499.2185089588165283203125 HTTP/1.0" 200 416 "-" "WordPress/6.8.1; https://vattusacky.vn"
185.191.171.3 - - [13/Sep/2025:12:48:17 +0700] "GET /noi-de-tim-vaytienuytin24h-com-breaks-nhanh-chong/ HTTP/1.0" 200 210836 "-" "Mozilla/5.0 (compatible; SemrushBot/7~bl; +http://www.semrush.com/bot.html)"
45.117.177.72 - - [13/Sep/2025:12:49:28 +0700] "POST /wp-cron.php?doing_wp_cron=1757742568.3063280582427978515625 HTTP/1.0" 200 416 "-" "WordPress/6.8.1; https://vattusacky.vn"
54.39.203.215 - - [13/Sep/2025:12:49:26 +0700] "GET /the-power-of-serendipity-on-omegles-cosmic-connections/ HTTP/1.0" 200 91095 "-" "Mozilla/5.0 (compatible; AhrefsBot/7.0; +http://ahrefs.com/robot/)"
45.117.177.72 - - [13/Sep/2025:12:51:06 +0700] "POST /wp-cron.php?doing_wp_cron=1757742666.0767240524291992187500 HTTP/1.0" 200 416 "-" "WordPress/6.8.1; https://vattusacky.vn"
148.113.128.231 - - [13/Sep/2025:12:51:04 +0700] "GET /improving-your-online-communication-skills-on-omegle-video-chat/ HTTP/1.0" 200 96394 "-" "Mozilla/5.0 (compatible; AhrefsBot/7.0; +http://ahrefs.com/robot/)"
45.117.177.72 - - [13/Sep/2025:12:52:05 +0700] "POST /wp-cron.php?doing_wp_cron=1757742724.8280758857727050781250 HTTP/1.0" 200 416 "-" "WordPress/6.8.1; https://vattusacky.vn"
216.244.66.237 - - [13/Sep/2025:12:52:03 +0700] "GET /omegle-and-the-benefits-of-stepping-out-of-your-comfort-zone/ HTTP/1.0" 200 85218 "-" "Mozilla/5.0 (compatible; DotBot/1.2; +https://opensiteexplorer.org/dotbot; help@moz.com)"
85.208.96.212 - - [13/Sep/2025:12:52:13 +0700] "GET /tag/betapace/ HTTP/1.0" 200 58530 "-" "Mozilla/5.0 (compatible; SemrushBot/7~bl; +http://www.semrush.com/bot.html)"
45.117.177.72 - - [13/Sep/2025:12:52:35 +0700] "POST /wp-cron.php?doing_wp_cron=1757742755.4466900825500488281250 HTTP/1.0" 200 416 "-" "WordPress/6.8.1; https://vattusacky.vn"
148.113.128.197 - - [13/Sep/2025:12:52:34 +0700] "GET /omegle-and-ometv-a-social-experiment-in-the-age-of-technology/ HTTP/1.0" 200 90413 "-" "Mozilla/5.0 (compatible; AhrefsBot/7.0; +http://ahrefs.com/robot/)"
45.117.177.72 - - [13/Sep/2025:12:53:37 +0700] "POST /wp-cron.php?doing_wp_cron=1757742817.5477159023284912109375 HTTP/1.0" 200 416 "-" "WordPress/6.8.1; https://vattusacky.vn"
189.63.42.100 - - [13/Sep/2025:12:53:35 +0700] "GET /images/logo-vietnguyen.png HTTP/1.0" 404 70812 "-" "Opera/8.26.(X11; Linux x86_64; wo-SN) Presto/2.9.190 Version/11.00"
15.235.96.150 - - [13/Sep/2025:12:54:06 +0700] "GET /the-importance-of-clear-communication-in-online-relationships/ HTTP/1.0" 200 91769 "-" "Mozilla/5.0 (compatible; AhrefsBot/7.0; +http://ahrefs.com/robot/)"
45.117.177.72 - - [13/Sep/2025:12:54:17 +0700] "POST /wp-cron.php?doing_wp_cron=1757742857.7423229217529296875000 HTTP/1.0" 200 416 "-" "WordPress/6.8.1; https://vattusacky.vn"
85.208.96.204 - - [13/Sep/2025:12:54:16 +0700] "GET /free-hookup-no-subscription/ HTTP/1.0" 200 205245 "-" "Mozilla/5.0 (compatible; SemrushBot/7~bl; +http://www.semrush.com/bot.html)"
65.0.163.5 - - [13/Sep/2025:12:54:37 +0700] "GET /?p=10454 HTTP/1.0" 301 627 "-" "Mozilla/5.0 (Windows NT 6.1; Win64; x64) AppleWebKit/537.36 (KHTML, like Gecko) Chrome/72.0.3626.119 Safari/537.36"
65.0.163.5 - - [13/Sep/2025:12:54:39 +0700] "GET /is-hair-care-comparison-worth-to-you/ HTTP/1.0" 200 91372 "-" "Mozilla/5.0 (Windows NT 6.1; Win64; x64) AppleWebKit/537.36 (KHTML, like Gecko) Chrome/72.0.3626.119 Safari/537.36"
65.0.163.5 - - [13/Sep/2025:12:54:41 +0700] "GET /robots.txt HTTP/1.0" 200 984 "-" "Mozilla/5.0 (Windows NT 6.1; Win64; x64) AppleWebKit/537.36 (KHTML, like Gecko) Chrome/72.0.3626.119 Safari/537.36"
185.191.171.4 - - [13/Sep/2025:12:55:09 +0700] "GET /pathan-film-obtain-21/ HTTP/1.0" 200 247957 "-" "Mozilla/5.0 (compatible; SemrushBot/7~bl; +http://www.semrush.com/bot.html)"
45.117.177.72 - - [13/Sep/2025:12:55:49 +0700] "POST /wp-cron.php?doing_wp_cron=1757742949.2106180191040039062500 HTTP/1.0" 200 416 "-" "WordPress/6.8.1; https://vattusacky.vn"
54.39.6.142 - - [13/Sep/2025:12:55:47 +0700] "GET /ometv-etiquette-and-rules/ HTTP/1.0" 200 90665 "-" "Mozilla/5.0 (compatible; AhrefsBot/7.0; +http://ahrefs.com/robot/)"
157.55.39.11 - - [13/Sep/2025:12:55:49 +0700] "GET /the-role-of-reciprocity-in-networking-on-omegle-and-ometv/ HTTP/1.0" 200 86522 "-" "Mozilla/5.0 AppleWebKit/537.36 (KHTML, like Gecko; compatible; bingbot/2.0; +http://www.bing.com/bingbot.htm) Chrome/116.0.1938.76 Safari/537.36"
45.117.177.72 - - [13/Sep/2025:12:56:17 +0700] "POST /wp-cron.php?doing_wp_cron=1757742977.1778249740600585937500 HTTP/1.0" 200 416 "-" "WordPress/6.8.1; https://vattusacky.vn"
85.208.96.204 - - [13/Sep/2025:12:56:15 +0700] "GET /tag/thong-tu-24/ HTTP/1.0" 200 59433 "-" "Mozilla/5.0 (compatible; SemrushBot/7~bl; +http://www.semrush.com/bot.html)"
142.44.220.197 - - [13/Sep/2025:12:57:07 +0700] "GET /ometv-for-entertainment/ HTTP/1.0" 200 88177 "-" "Mozilla/5.0 (compatible; AhrefsBot/7.0; +http://ahrefs.com/robot/)"
45.117.177.72 - - [13/Sep/2025:12:58:36 +0700] "POST /wp-cron.php?doing_wp_cron=1757743116.0774090290069580078125 HTTP/1.0" 200 416 "-" "WordPress/6.8.1; https://vattusacky.vn"
51.222.95.115 - - [13/Sep/2025:12:58:34 +0700] "GET /navigating-the-twists-and-turns-of-friendship-in-omelove/ HTTP/1.0" 200 91458 "-" "Mozilla/5.0 (compatible; AhrefsBot/7.0; +http://ahrefs.com/robot/)"
213.180.203.21 - - [13/Sep/2025:12:58:45 +0700] "GET /robots.txt HTTP/1.0" 200 984 "-" "Mozilla/5.0 (compatible; YandexBot/3.0; +http://yandex.com/bots)"
95.108.213.194 - - [13/Sep/2025:12:58:47 +0700] "GET /exploring-the-emoticon-language-on-omegle/ HTTP/1.0" 200 75233 "-" "Mozilla/5.0 (compatible; YandexBot/3.0; +http://yandex.com/bots)"
54.36.60.45 - - [13/Sep/2025:12:59:04 +0700] "GET /robots.txt HTTP/1.0" 200 984 "-" "Mozilla/5.0 (compatible; MJ12bot/v1.4.8; http://mj12bot.com/)"
54.36.60.45 - - [13/Sep/2025:12:59:07 +0700] "GET /danh-muc/thiet-bi%CC%A3-do-luong/thiet-bi-do-anh-sang/ HTTP/1.0" 200 60125 "-" "Mozilla/5.0 (compatible; MJ12bot/v1.4.8; http://mj12bot.com/)"
45.117.177.72 - - [13/Sep/2025:12:59:19 +0700] "POST /wp-cron.php?doing_wp_cron=1757743159.1777269840240478515625 HTTP/1.0" 200 416 "-" "WordPress/6.8.1; https://vattusacky.vn"
54.36.60.45 - - [13/Sep/2025:12:59:17 +0700] "GET /danh-muc/thiet-bi%CC%A3-do-luong/thiet-bi-do-ap-suat/ HTTP/1.0" 200 60114 "-" "Mozilla/5.0 (compatible; MJ12bot/v1.4.8; http://mj12bot.com/)"
54.36.60.45 - - [13/Sep/2025:12:59:21 +0700] "GET /danh-muc/thiet-bi%CC%A3-do-luong/thiet-bi-do-nhiet-cap-nhiet-dien/ HTTP/1.0" 200 60405 "-" "Mozilla/5.0 (compatible; MJ12bot/v1.4.8; http://mj12bot.com/)"
54.36.60.45 - - [13/Sep/2025:12:59:25 +0700] "GET /danh-muc/thiet-bi%CC%A3-do-luong/thiet-bi-kiem-tra-dong-xoay/ HTTP/1.0" 200 60258 "-" "Mozilla/5.0 (compatible; MJ12bot/v1.4.8; http://mj12bot.com/)"
54.36.60.45 - - [13/Sep/2025:12:59:28 +0700] "GET /danh-muc/thiet-bi%CC%A3-do-luong/x-ray-pipeline-crawlers/ HTTP/1.0" 200 60105 "-" "Mozilla/5.0 (compatible; MJ12bot/v1.4.8; http://mj12bot.com/)"
54.36.60.45 - - [13/Sep/2025:12:59:32 +0700] "GET /dd%C2%B9d%C2%BD-dodd-d%C2%B8d%C2%BDd%C2%BE-ddonedd%C2%B8d%C2%BDn-n%C6%92donedd%C2%B8d%C2%BDn%C2%81dod%C2%B8d%C2%B5-gambling-den-d%C2%BDd-ned%C2%B5d/ HTTP/1.0" 200 212356 "-" "Mozilla/5.0 (compatible; MJ12bot/v1.4.8; http://mj12bot.com/)"
54.36.60.45 - - [13/Sep/2025:12:59:36 +0700] "GET /from-fandoma%C2%84%C2%A2-community-15-first-date-ideas-for-film-buffs-gamers-and-fans/ HTTP/1.0" 200 222778 "-" "Mozilla/5.0 (compatible; MJ12bot/v1.4.8; http://mj12bot.com/)"
54.39.203.182 - - [13/Sep/2025:12:59:38 +0700] "GET /navigating-the-twists-and-turns-of-friendship-in-omelove/ HTTP/1.0" 200 91458 "-" "Mozilla/5.0 (compatible; AhrefsBot/7.0; +http://ahrefs.com/robot/)"
54.36.60.45 - - [13/Sep/2025:12:59:41 +0700] "GET /install-1xbet-app-%E2%AD%90-1xbet-app-acquire-fscore-orguk-6/ HTTP/1.0" 200 240935 "-" "Mozilla/5.0 (compatible; MJ12bot/v1.4.8; http://mj12bot.com/)"
85.208.96.193 - - [13/Sep/2025:12:59:44 +0700] "GET /robots.txt HTTP/1.0" 200 984 "-" "Mozilla/5.0 (compatible; SemrushBot/7~bl; +http://www.semrush.com/bot.html)"
54.36.60.45 - - [13/Sep/2025:12:59:45 +0700] "GET /lisenziyali-onlayn-kazinolar-sayti-nec%C9%99-secm%C9%99k-olar-694/ HTTP/1.0" 200 83381 "-" "Mozilla/5.0 (compatible; MJ12bot/v1.4.8; http://mj12bot.com/)"
185.191.171.7 - - [13/Sep/2025:12:59:47 +0700] "GET /the-pros-and-cons-of-open-affairs/ HTTP/1.0" 200 209810 "-" "Mozilla/5.0 (compatible; SemrushBot/7~bl; +http://www.semrush.com/bot.html)"
54.36.60.45 - - [13/Sep/2025:12:59:49 +0700] "GET /mostbet-giris-%F0%9D%97%9Au%F0%9D%97%BB%F0%9D%97%B0%F0%9D%97%B2%F0%9D%97%B9-%F0%9D%90%80%F0%9D%90%9D%F0%9D%90%AB%F0%9D%90%9E%F0%9D%90%AC%F0%9D%90%A2-mostbet-294-mostbet-12-04-2023-521/ HTTP/1.0" 200 88203 "-" "Mozilla/5.0 (compatible; MJ12bot/v1.4.8; http://mj12bot.com/)"
148.113.130.52 - - [13/Sep/2025:12:59:49 +0700] "GET /navigating-through-cultural-differences-on-omegle/ HTTP/1.0" 200 90775 "-" "Mozilla/5.0 (compatible; AhrefsBot/7.0; +http://ahrefs.com/robot/)"
54.36.60.45 - - [13/Sep/2025:12:59:52 +0700] "GET /san-pham/bo-lay-mau-loi-1-1-2%E2%80%B3-x-6%E2%80%B3-co-ky-hieu-signature-scs-complete/ HTTP/1.0" 200 328157 "-" "Mozilla/5.0 (compatible; MJ12bot/v1.4.8; http://mj12bot.com/)"
54.36.60.45 - - [13/Sep/2025:12:59:56 +0700] "GET /san-pham/bo-lay-mau-loi-2%E2%80%B3-x-6%E2%80%B3-co-ky-hieu-signature-scs-complete/ HTTP/1.0" 200 328245 "-" "Mozilla/5.0 (compatible; MJ12bot/v1.4.8; http://mj12bot.com/)"
54.36.60.45 - - [13/Sep/2025:13:00:01 +0700] "GET /san-pham/bom-lay-mau-bui-pm10pm2-5-pm1-0-1-%C3%B7-3-5-m3h/ HTTP/1.0" 200 515376 "-" "Mozilla/5.0 (compatible; MJ12bot/v1.4.8; http://mj12bot.com/)"
54.36.60.45 - - [13/Sep/2025:13:00:06 +0700] "GET /san-pham/bui-pm10-pm2-5-pm1-0-amiang-bay-hoi-1-5-%C3%B7-5-5-m3h/ HTTP/1.0" 200 511712 "-" "Mozilla/5.0 (compatible; MJ12bot/v1.4.8; http://mj12bot.com/)"
54.36.60.45 - - [13/Sep/2025:13:00:10 +0700] "GET /san-pham/dau-khoan-bun-2-1-4%E2%80%B3-co-ky-hieu-signature-mud-auger/ HTTP/1.0" 200 328134 "-" "Mozilla/5.0 (compatible; MJ12bot/v1.4.8; http://mj12bot.com/)"
54.36.60.45 - - [13/Sep/2025:13:00:15 +0700] "GET /san-pham/dau-khoan-bun-2-1-4%E2%80%B3-mud-auger/ HTTP/1.0" 200 327691 "-" "Mozilla/5.0 (compatible; MJ12bot/v1.4.8; http://mj12bot.com/)"
45.117.177.72 - - [13/Sep/2025:13:00:21 +0700] "POST /wp-cron.php?doing_wp_cron=1757743221.0702850818634033203125 HTTP/1.0" 200 416 "-" "WordPress/6.8.1; https://vattusacky.vn"
54.36.60.45 - - [13/Sep/2025:13:00:19 +0700] "GET /san-pham/dau-khoan-bun-3-1-4%E2%80%B3-co-ky-hieu-signature-mud-auger/ HTTP/1.0" 200 328073 "-" "Mozilla/5.0 (compatible; MJ12bot/v1.4.8; http://mj12bot.com/)"
54.235.125.129 - - [13/Sep/2025:13:00:21 +0700] "GET /danh-muc/thiet-bi%CC%A3-do-luong/may-do-nhiet-do-do-am/ HTTP/1.0" 200 69476 "-" "Mozilla/5.0 AppleWebKit/537.36 (KHTML, like Gecko; compatible; Amazonbot/0.1; +https://developer.amazon.com/support/amazonbot) Chrome/119.0.6045.214 Safari/537.36"
54.36.60.45 - - [13/Sep/2025:13:00:25 +0700] "GET /san-pham/dau-khoan-bun-3-1-4%E2%80%B3-mud-auger/ HTTP/1.0" 200 327569 "-" "Mozilla/5.0 (compatible; MJ12bot/v1.4.8; http://mj12bot.com/)"
23.23.213.182 - - [13/Sep/2025:13:00:26 +0700] "GET /the/asen-trong-nuoc/ HTTP/1.0" 200 68001 "-" "Mozilla/5.0 AppleWebKit/537.36 (KHTML, like Gecko; compatible; Amazonbot/0.1; +https://developer.amazon.com/support/amazonbot) Chrome/119.0.6045.214 Safari/537.36"
18.235.81.246 - - [13/Sep/2025:13:00:29 +0700] "GET /san-pham/thiet-bi-do-cod-al-200-cod/ HTTP/1.0" 200 100502 "-" "Mozilla/5.0 AppleWebKit/537.36 (KHTML, like Gecko; compatible; Amazonbot/0.1; +https://developer.amazon.com/support/amazonbot) Chrome/119.0.6045.214 Safari/537.36"
54.36.60.45 - - [13/Sep/2025:13:00:29 +0700] "GET /san-pham/dau-khoan-cat-2-1-4%E2%80%B3-co-ky-hieu-signature-sand-auger/ HTTP/1.0" 200 327890 "-" "Mozilla/5.0 (compatible; MJ12bot/v1.4.8; http://mj12bot.com/)"
184.73.195.18 - - [13/Sep/2025:13:00:32 +0700] "GET /danh-muc/moi-truong-nuoc/may-do-nuoc-da-chi-tieu-hien-truong/?s= HTTP/1.0" 200 154671 "-" "Mozilla/5.0 AppleWebKit/537.36 (KHTML, like Gecko; compatible; Amazonbot/0.1; +https://developer.amazon.com/support/amazonbot) Chrome/119.0.6045.214 Safari/537.36"
54.36.60.45 - - [13/Sep/2025:13:00:33 +0700] "GET /san-pham/khoan-lay-mau-dat-3-1-4%E2%80%B3-co-ky-hieu-signature-regular-auger/ HTTP/1.0" 200 329665 "-" "Mozilla/5.0 (compatible; MJ12bot/v1.4.8; http://mj12bot.com/)"
18.206.47.187 - - [13/Sep/2025:13:00:37 +0700] "GET /san-pham/hi-q-_-dau-va-cham-dong-hoc-hinh-khuyen-annular-kinetic-impactor-heads-voi-bo-dieu-chinh-khoang-cach-dung/ HTTP/1.0" 200 368400 "-" "Mozilla/5.0 AppleWebKit/537.36 (KHTML, like Gecko; compatible; Amazonbot/0.1; +https://developer.amazon.com/support/amazonbot) Chrome/119.0.6045.214 Safari/537.36"
54.36.60.45 - - [13/Sep/2025:13:00:38 +0700] "GET /san-pham/khoan-lay-mau-dat-3-1-4%E2%80%B3-regular-auger/ HTTP/1.0" 200 327850 "-" "Mozilla/5.0 (compatible; MJ12bot/v1.4.8; http://mj12bot.com/)"
54.36.60.45 - - [13/Sep/2025:13:00:42 +0700] "GET /san-pham/lay-bui-pm10-pm2-5-pm1-0-amiangde-bay-hoi-1-%C3%B7-3-5-m3h/ HTTP/1.0" 200 508946 "-" "Mozilla/5.0 (compatible; MJ12bot/v1.4.8; http://mj12bot.com/)"
54.36.60.45 - - [13/Sep/2025:13:00:46 +0700] "GET /san-pham/may-quang-pho-tu-ngoai-kha-kien-uvvis-02-bo-don-sac-khe-lien-tuc-tu-0-1-5nm-anh-sang-lac-%E2%89%A40-00004t/ HTTP/1.0" 200 378889 "-" "Mozilla/5.0 (compatible; MJ12bot/v1.4.8; http://mj12bot.com/)"
45.117.177.72 - - [13/Sep/2025:13:00:54 +0700] "POST /wp-cron.php?doing_wp_cron=1757743254.2843399047851562500000 HTTP/1.0" 200 416 "-" "WordPress/6.8.1; https://vattusacky.vn"
54.36.60.45 - - [13/Sep/2025:13:00:53 +0700] "GET /san-pham/spectrophotometer-may-quang-pho-tu-ngoai-kha-kien-uvvis-02-bo-don-sac-khe-lien-tuc-tu-0-1-5nm-anh-sang-lac-%E2%89%A40-0001t/ HTTP/1.0" 200 378571 "-" "Mozilla/5.0 (compatible; MJ12bot/v1.4.8; http://mj12bot.com/)"
54.36.60.45 - - [13/Sep/2025:13:00:58 +0700] "GET /san-pham/thiet-bi-lay-mau-bui-pm10-pm2-5-15-%C3%B7-35-m3-gio/ HTTP/1.0" 200 508861 "-" "Mozilla/5.0 (compatible; MJ12bot/v1.4.8; http://mj12bot.com/)"
54.36.60.45 - - [13/Sep/2025:13:01:03 +0700] "GET /san-pham/thiet-bi-lay-mau-bui-pm10-pm2-5-va-pm1-0-1-5-%C3%B7-5-5-m3h/ HTTP/1.0" 200 512075 "-" "Mozilla/5.0 (compatible; MJ12bot/v1.4.8; http://mj12bot.com/)"
54.36.60.45 - - [13/Sep/2025:13:01:07 +0700] "GET /san-pham/thiet-bi-lay-mau-bui-tsp-pm10-pm-2-5-15-%C3%B7-35-lpm/ HTTP/1.0" 200 510653 "-" "Mozilla/5.0 (compatible; MJ12bot/v1.4.8; http://mj12bot.com/)"
54.36.60.45 - - [13/Sep/2025:13:01:12 +0700] "GET /the-dangers-of-online-dating-sites-a%C2%80%C2%94-7-studies-5-methods-to-protect-yourself/ HTTP/1.0" 200 217198 "-" "Mozilla/5.0 (compatible; MJ12bot/v1.4.8; http://mj12bot.com/)"
54.36.60.45 - - [13/Sep/2025:13:01:15 +0700] "GET /the-reason-why-some-girls-triumph-at-lovea%C2%80%C2%A6and-others-you-should-not/ HTTP/1.0" 200 208507 "-" "Mozilla/5.0 (compatible; MJ12bot/v1.4.8; http://mj12bot.com/)"
45.117.177.72 - - [13/Sep/2025:13:01:21 +0700] "POST /wp-cron.php?doing_wp_cron=1757743281.2379670143127441406250 HTTP/1.0" 200 416 "-" "WordPress/6.8.1; https://vattusacky.vn"
148.113.130.137 - - [13/Sep/2025:13:01:20 +0700] "GET /be-part-of-1xbets-prize-hunt-promotion-for-38/ HTTP/1.0" 200 240412 "-" "Mozilla/5.0 (compatible; AhrefsBot/7.0; +http://ahrefs.com/robot/)"
54.36.60.45 - - [13/Sep/2025:13:01:20 +0700] "GET /t%C9%99yyar%C9%99-oyunu-mostbet-mostbet-aviator-game-439/ HTTP/1.0" 200 83462 "-" "Mozilla/5.0 (compatible; MJ12bot/v1.4.8; http://mj12bot.com/)"
68.183.106.79 - - [13/Sep/2025:13:01:20 +0700] "POST /xmlrpc.php HTTP/1.0" 200 954 "-" "Mozilla/5.0 (X11; Ubuntu; Linux x86_64; rv:85.0) Gecko/20100101 Firefox/91.0"
54.36.60.45 - - [13/Sep/2025:13:01:24 +0700] "GET /vulkan-vegas-kasyno-%EF%B8%8F-wybierz-najlepsze-kasyno-online-2023-907/ HTTP/1.0" 200 89549 "-" "Mozilla/5.0 (compatible; MJ12bot/v1.4.8; http://mj12bot.com/)"
54.36.60.45 - - [13/Sep/2025:13:01:27 +0700] "GET /want-native-hookups-%EF%B8%8F-go-to-igetnaughty-com/ HTTP/1.0" 200 208236 "-" "Mozilla/5.0 (compatible; MJ12bot/v1.4.8; http://mj12bot.com/)"
54.36.60.45 - - [13/Sep/2025:13:01:32 +0700] "GET /%D0%B4%D0%B5%D1%80%D0%B5%D0%B2%D1%8F%D0%BD%D0%BD%D1%8B%D0%B5-%D0%B4%D0%BE%D0%BC%D0%B0-%D0%B2-%D1%88%D0%B2%D0%B5%D0%B9%D1%86%D0%B0%D1%80%D1%81%D0%BA%D0%BE%D0%BC-%D1%81%D1%82%D0%B8%D0%BB%D0%B5/ HTTP/1.0" 200 187138 "-" "Mozilla/5.0 (compatible; MJ12bot/v1.4.8; http://mj12bot.com/)"
54.36.60.45 - - [13/Sep/2025:13:01:36 +0700] "GET /%D0%B4%D0%BE%D0%BC%D0%B0-%D0%B8%D0%B7-%D0%B1%D1%80%D0%B5%D0%B2%D0%BD%D0%B0-%D1%81-%D0%B3%D0%BE%D1%82%D0%BE%D0%B2%D1%8B%D0%BC-%D0%B4%D0%B8%D0%B7%D0%B0%D0%B9%D0%BD%D0%BE%D0%BC/ HTTP/1.0" 200 163557 "-" "Mozilla/5.0 (compatible; MJ12bot/v1.4.8; http://mj12bot.com/)"
40.77.167.116 - - [13/Sep/2025:13:01:38 +0700] "GET /omegles-random-chat-feature-pros-and-cons/ HTTP/1.0" 200 90018 "-" "Mozilla/5.0 AppleWebKit/537.36 (KHTML, like Gecko; compatible; bingbot/2.0; +http://www.bing.com/bingbot.htm) Chrome/116.0.1938.76 Safari/537.36"
54.36.60.45 - - [13/Sep/2025:13:01:40 +0700] "GET /%D0%B4%D0%BE%D0%BC%D0%B0-%D0%B8%D0%B7-%D0%B1%D1%80%D0%B5%D0%B2%D0%BD%D0%B0-%D1%81-%D1%82%D0%B5%D1%80%D1%80%D0%B0%D1%81%D0%BE%D0%B9/ HTTP/1.0" 200 166028 "-" "Mozilla/5.0 (compatible; MJ12bot/v1.4.8; http://mj12bot.com/)"
45.61.184.196 - - [13/Sep/2025:13:01:50 +0700] "GET /wp-login.php HTTP/1.0" 200 11388 "-" "Mozilla/5.0 (Macintosh; Intel Mac OS X 10_9_2) AppleWebKit/537.75.14 (KHTML, like Gecko) Version/7.0.3 Safari/537.75.14"
45.117.177.72 - - [13/Sep/2025:13:02:26 +0700] "POST /wp-cron.php?doing_wp_cron=1757743346.0744779109954833984375 HTTP/1.0" 200 416 "-" "WordPress/6.8.1; https://vattusacky.vn"
85.208.96.198 - - [13/Sep/2025:13:02:24 +0700] "GET /benefits-of-using-omegle-for-global-connections/ HTTP/1.0" 200 86969 "-" "Mozilla/5.0 (compatible; SemrushBot/7~bl; +http://www.semrush.com/bot.html)"
85.208.96.200 - - [13/Sep/2025:13:02:41 +0700] "GET /does-anonymity-breed-trolls-examining-online-harassment-on-omegle-and-ometv/ HTTP/1.0" 200 93094 "-" "Mozilla/5.0 (compatible; SemrushBot/7~bl; +http://www.semrush.com/bot.html)"
85.208.96.210 - - [13/Sep/2025:13:02:47 +0700] "GET /women-at-war-ukraines-female-soldiers-dream-of-freedom-fight-for-survival/ HTTP/1.0" 200 211676 "-" "Mozilla/5.0 (compatible; SemrushBot/7~bl; +http://www.semrush.com/bot.html)"
51.222.95.6 - - [13/Sep/2025:13:02:50 +0700] "GET /omegle-and-ometv-connecting-individuals-with-different-backgrounds-and-perspectives/ HTTP/1.0" 200 92657 "-" "Mozilla/5.0 (compatible; AhrefsBot/7.0; +http://ahrefs.com/robot/)"
45.117.177.72 - - [13/Sep/2025:13:04:06 +0700] "POST /wp-cron.php?doing_wp_cron=1757743446.5876839160919189453125 HTTP/1.0" 200 416 "-" "WordPress/6.8.1; https://vattusacky.vn"
142.44.220.73 - - [13/Sep/2025:13:04:05 +0700] "GET /omegles-impact-on-society-a-global-perspective/ HTTP/1.0" 200 92375 "-" "Mozilla/5.0 (compatible; AhrefsBot/7.0; +http://ahrefs.com/robot/)"
45.117.177.72 - - [13/Sep/2025:13:04:29 +0700] "POST /wp-cron.php?doing_wp_cron=1757743469.4479598999023437500000 HTTP/1.0" 200 416 "-" "WordPress/6.8.1; https://vattusacky.vn"
51.161.37.221 - - [13/Sep/2025:13:04:28 +0700] "GET /omegles-impact-on-society-a-global-perspective/ HTTP/1.0" 200 92375 "-" "Mozilla/5.0 (compatible; AhrefsBot/7.0; +http://ahrefs.com/robot/)"
45.117.177.72 - - [13/Sep/2025:13:05:28 +0700] "POST /wp-cron.php?doing_wp_cron=1757743527.9522359371185302734375 HTTP/1.0" 200 416 "-" "WordPress/6.8.1; https://vattusacky.vn"
142.44.220.239 - - [13/Sep/2025:13:05:26 +0700] "GET /comedy-unleashed-hilarious-videos-on-omegle-and-ometv/ HTTP/1.0" 200 88838 "-" "Mozilla/5.0 (compatible; AhrefsBot/7.0; +http://ahrefs.com/robot/)"
45.117.177.72 - - [13/Sep/2025:13:06:52 +0700] "POST /wp-cron.php?doing_wp_cron=1757743612.6299829483032226562500 HTTP/1.0" 200 416 "-" "WordPress/6.8.1; https://vattusacky.vn"
51.161.37.248 - - [13/Sep/2025:13:06:51 +0700] "GET /top-ten-most-popular-business-applications/ HTTP/1.0" 200 72448 "-" "Mozilla/5.0 (compatible; AhrefsBot/7.0; +http://ahrefs.com/robot/)"
45.117.177.72 - - [13/Sep/2025:13:08:14 +0700] "POST /wp-cron.php?doing_wp_cron=1757743694.5187010765075683593750 HTTP/1.0" 200 416 "-" "WordPress/6.8.1; https://vattusacky.vn"
148.113.130.204 - - [13/Sep/2025:13:08:13 +0700] "GET /top-tips-to-play-online-slots/ HTTP/1.0" 200 73063 "-" "Mozilla/5.0 (compatible; AhrefsBot/7.0; +http://ahrefs.com/robot/)"
45.117.177.72 - - [13/Sep/2025:13:09:41 +0700] "POST /wp-cron.php?doing_wp_cron=1757743781.4989929199218750000000 HTTP/1.0" 200 416 "-" "WordPress/6.8.1; https://vattusacky.vn"
15.235.96.117 - - [13/Sep/2025:13:09:40 +0700] "GET /panduan-lengkap-memilih-slot-gacor-terbaik-untuk-pemula/ HTTP/1.0" 200 65266 "-" "Mozilla/5.0 (compatible; AhrefsBot/7.0; +http://ahrefs.com/robot/)"
45.117.177.72 - - [13/Sep/2025:13:11:30 +0700] "POST /wp-cron.php?doing_wp_cron=1757743890.6248209476470947265625 HTTP/1.0" 200 416 "-" "WordPress/6.8.1; https://vattusacky.vn"
142.44.225.95 - - [13/Sep/2025:13:11:29 +0700] "GET /polnyy-gayd-po-pinap-registratsiya-igry-kak-ispolzovat-mobilnye-prilozheniya-i-popast-na-sayt-cherez-zerkalo/ HTTP/1.0" 200 111391 "-" "Mozilla/5.0 (compatible; AhrefsBot/7.0; +http://ahrefs.com/robot/)"
45.117.177.72 - - [13/Sep/2025:13:12:54 +0700] "POST /wp-cron.php?doing_wp_cron=1757743974.4343590736389160156250 HTTP/1.0" 200 416 "-" "WordPress/6.8.1; https://vattusacky.vn"
198.98.55.41 - - [13/Sep/2025:13:12:51 +0700] "GET /wp-login.php HTTP/1.0" 200 11447 "-" "Mozilla/5.0 (Macintosh; Intel Mac OS X 10_6_8) AppleWebKit/537.36 (KHTML, like Gecko) Chrome/36.0.1985.125 Safari/537.36"
51.222.95.189 - - [13/Sep/2025:13:13:02 +0700] "GET /can-you-meet-new-people-on-ometv/ HTTP/1.0" 200 85989 "-" "Mozilla/5.0 (compatible; AhrefsBot/7.0; +http://ahrefs.com/robot/)"
45.117.177.72 - - [13/Sep/2025:13:14:23 +0700] "POST /wp-cron.php?doing_wp_cron=1757744063.1728808879852294921875 HTTP/1.0" 200 416 "-" "WordPress/6.8.1; https://vattusacky.vn"
54.39.136.169 - - [13/Sep/2025:13:14:21 +0700] "GET /best-practices-for-staying-safe-on-ometv/ HTTP/1.0" 200 91187 "-" "Mozilla/5.0 (compatible; AhrefsBot/7.0; +http://ahrefs.com/robot/)"
45.117.177.72 - - [13/Sep/2025:13:15:40 +0700] "POST /wp-cron.php?doing_wp_cron=1757744140.0681390762329101562500 HTTP/1.0" 200 416 "-" "WordPress/6.8.1; https://vattusacky.vn"
51.161.37.157 - - [13/Sep/2025:13:15:38 +0700] "GET /important-features-of-deliver-order-birdes-to-be-websites/ HTTP/1.0" 200 206037 "-" "Mozilla/5.0 (compatible; AhrefsBot/7.0; +http://ahrefs.com/robot/)"
45.117.177.72 - - [13/Sep/2025:13:17:08 +0700] "POST /wp-cron.php?doing_wp_cron=1757744228.2747230529785156250000 HTTP/1.0" 200 416 "-" "WordPress/6.8.1; https://vattusacky.vn"
54.39.89.153 - - [13/Sep/2025:13:17:06 +0700] "GET /omegle-and-cyberbullying-promoting-kindness-and-tolerance/ HTTP/1.0" 200 90392 "-" "Mozilla/5.0 (compatible; AhrefsBot/7.0; +http://ahrefs.com/robot/)"
45.117.177.72 - - [13/Sep/2025:13:17:22 +0700] "POST /wp-cron.php?doing_wp_cron=1757744241.9654610157012939453125 HTTP/1.0" 200 416 "-" "WordPress/6.8.1; https://vattusacky.vn"
185.191.171.4 - - [13/Sep/2025:13:17:20 +0700] "GET /category/slide1/ HTTP/1.0" 200 75621 "-" "Mozilla/5.0 (compatible; SemrushBot/7~bl; +http://www.semrush.com/bot.html)"
52.167.144.221 - - [13/Sep/2025:13:17:29 +0700] "GET /omegles-role-in-breaking-social-barriers-and-embracing-diversity/ HTTP/1.0" 200 91137 "-" "Mozilla/5.0 AppleWebKit/537.36 (KHTML, like Gecko; compatible; bingbot/2.0; +http://www.bing.com/bingbot.htm) Chrome/116.0.1938.76 Safari/537.36"
45.117.177.72 - - [13/Sep/2025:13:18:37 +0700] "POST /wp-cron.php?doing_wp_cron=1757744317.6150400638580322265625 HTTP/1.0" 200 416 "-" "WordPress/6.8.1; https://vattusacky.vn"
15.235.98.73 - - [13/Sep/2025:13:18:36 +0700] "GET /can-you-meet-new-people-on-omegle/ HTTP/1.0" 200 86298 "-" "Mozilla/5.0 (compatible; AhrefsBot/7.0; +http://ahrefs.com/robot/)"
45.117.177.72 - - [13/Sep/2025:13:19:26 +0700] "POST /wp-cron.php?doing_wp_cron=1757744366.2260589599609375000000 HTTP/1.0" 200 416 "-" "WordPress/6.8.1; https://vattusacky.vn"
185.191.171.3 - - [13/Sep/2025:13:19:24 +0700] "GET /baba-ijebu-result-premier-lotto-outcome-baba-ijebu-10/ HTTP/1.0" 200 237473 "-" "Mozilla/5.0 (compatible; SemrushBot/7~bl; +http://www.semrush.com/bot.html)"
45.117.177.72 - - [13/Sep/2025:13:20:21 +0700] "POST /wp-cron.php?doing_wp_cron=1757744421.5987889766693115234375 HTTP/1.0" 200 416 "-" "WordPress/6.8.1; https://vattusacky.vn"
85.208.96.195 - - [13/Sep/2025:13:20:20 +0700] "GET /loratadine-original-online-pharmacy/ HTTP/1.0" 200 135796 "-" "Mozilla/5.0 (compatible; SemrushBot/7~bl; +http://www.semrush.com/bot.html)"
167.114.139.215 - - [13/Sep/2025:13:20:22 +0700] "GET /sitemap_index.xml HTTP/1.0" 200 2426 "-" "Mozilla/5.0 (compatible; AhrefsBot/7.0; +http://ahrefs.com/robot/)"
54.39.203.37 - - [13/Sep/2025:13:20:25 +0700] "GET /post-sitemap.xml HTTP/1.0" 500 3278 "-" "Mozilla/5.0 (compatible; AhrefsBot/7.0; +http://ahrefs.com/robot/)"
15.235.96.218 - - [13/Sep/2025:13:20:32 +0700] "GET /post-sitemap2.xml HTTP/1.0" 200 158032 "-" "Mozilla/5.0 (compatible; AhrefsBot/7.0; +http://ahrefs.com/robot/)"
167.114.139.251 - - [13/Sep/2025:13:20:42 +0700] "GET /post-sitemap3.xml HTTP/1.0" 200 155802 "-" "Mozilla/5.0 (compatible; AhrefsBot/7.0; +http://ahrefs.com/robot/)"
54.39.136.137 - - [13/Sep/2025:13:20:47 +0700] "GET /post-sitemap4.xml HTTP/1.0" 200 157863 "-" "Mozilla/5.0 (compatible; AhrefsBot/7.0; +http://ahrefs.com/robot/)"
148.113.130.133 - - [13/Sep/2025:13:20:52 +0700] "GET /post-sitemap5.xml HTTP/1.0" 200 159938 "-" "Mozilla/5.0 (compatible; AhrefsBot/7.0; +http://ahrefs.com/robot/)"
