98.83.94.113 - - [18/Sep/2025:12:07:09 +0700] "GET /exploring-the-challenges-of-omegles-social-experiment/ HTTP/1.0" 200 92109 "-" "Mozilla/5.0 AppleWebKit/537.36 (KHTML, like Gecko; compatible; Amazonbot/0.1; +https://developer.amazon.com/support/amazonbot) Chrome/119.0.6045.214 Safari/537.36"
18.215.24.66 - - [18/Sep/2025:12:07:13 +0700] "GET /omegle-and-online-scams-protecting-yourself-from-fraud/ HTTP/1.0" 200 81075 "-" "Mozilla/5.0 AppleWebKit/537.36 (KHTML, like Gecko; compatible; Amazonbot/0.1; +https://developer.amazon.com/support/amazonbot) Chrome/119.0.6045.214 Safari/537.36"
45.117.177.72 - - [18/Sep/2025:12:07:19 +0700] "POST /wp-cron.php?doing_wp_cron=1758172039.0642030239105224609375 HTTP/1.0" 200 416 "-" "WordPress/6.8.1; https://vattusacky.vn"
3.94.199.128 - - [18/Sep/2025:12:07:18 +0700] "GET /omegles-role-in-promoting-empathy-and-inclusion/ HTTP/1.0" 200 91753 "-" "Mozilla/5.0 AppleWebKit/537.36 (KHTML, like Gecko; compatible; Amazonbot/0.1; +https://developer.amazon.com/support/amazonbot) Chrome/119.0.6045.214 Safari/537.36"
23.21.225.190 - - [18/Sep/2025:12:07:22 +0700] "GET /breaking-cultural-barriers-video-vs-text-on-omegle-and-ometv/ HTTP/1.0" 200 90268 "-" "Mozilla/5.0 AppleWebKit/537.36 (KHTML, like Gecko; compatible; Amazonbot/0.1; +https://developer.amazon.com/support/amazonbot) Chrome/119.0.6045.214 Safari/537.36"
18.206.47.187 - - [18/Sep/2025:12:07:25 +0700] "GET /how-omegle-fosters-empathy-and-compassion-in-unexpected-ways/ HTTP/1.0" 200 92636 "-" "Mozilla/5.0 AppleWebKit/537.36 (KHTML, like Gecko; compatible; Amazonbot/0.1; +https://developer.amazon.com/support/amazonbot) Chrome/119.0.6045.214 Safari/537.36"
54.90.244.132 - - [18/Sep/2025:12:07:30 +0700] "GET /omegle-as-a-research-tool-gathering-data-through-online-surveys/ HTTP/1.0" 200 93880 "-" "Mozilla/5.0 AppleWebKit/537.36 (KHTML, like Gecko; compatible; Amazonbot/0.1; +https://developer.amazon.com/support/amazonbot) Chrome/119.0.6045.214 Safari/537.36"
52.6.5.24 - - [18/Sep/2025:12:07:33 +0700] "GET /virtual-empathy-a-new-frontier-in-human-connection/ HTTP/1.0" 200 92408 "-" "Mozilla/5.0 AppleWebKit/537.36 (KHTML, like Gecko; compatible; Amazonbot/0.1; +https://developer.amazon.com/support/amazonbot) Chrome/119.0.6045.214 Safari/537.36"
54.83.240.58 - - [18/Sep/2025:12:07:37 +0700] "GET /omegles-role-in-fostering-cross-cultural-friendships/ HTTP/1.0" 200 91120 "-" "Mozilla/5.0 AppleWebKit/537.36 (KHTML, like Gecko; compatible; Amazonbot/0.1; +https://developer.amazon.com/support/amazonbot) Chrome/119.0.6045.214 Safari/537.36"
44.215.61.66 - - [18/Sep/2025:12:07:42 +0700] "GET /the-role-of-push-notifications-in-user-retention-on-omegle-and-ometv/ HTTP/1.0" 200 93871 "-" "Mozilla/5.0 AppleWebKit/537.36 (KHTML, like Gecko; compatible; Amazonbot/0.1; +https://developer.amazon.com/support/amazonbot) Chrome/119.0.6045.214 Safari/537.36"
52.4.229.9 - - [18/Sep/2025:12:07:45 +0700] "GET /finding-connection-and-understanding-through-virtual-masks-on-omegle/ HTTP/1.0" 200 91286 "-" "Mozilla/5.0 AppleWebKit/537.36 (KHTML, like Gecko; compatible; Amazonbot/0.1; +https://developer.amazon.com/support/amazonbot) Chrome/119.0.6045.214 Safari/537.36"
34.206.212.24 - - [18/Sep/2025:12:07:49 +0700] "GET /omegle-and-ometv-for-exploring-music-and-art/ HTTP/1.0" 200 89808 "-" "Mozilla/5.0 AppleWebKit/537.36 (KHTML, like Gecko; compatible; Amazonbot/0.1; +https://developer.amazon.com/support/amazonbot) Chrome/119.0.6045.214 Safari/537.36"
18.235.158.19 - - [18/Sep/2025:12:07:53 +0700] "GET /embracing-innovation-omegles-vision-for-the-future/ HTTP/1.0" 200 90888 "-" "Mozilla/5.0 AppleWebKit/537.36 (KHTML, like Gecko; compatible; Amazonbot/0.1; +https://developer.amazon.com/support/amazonbot) Chrome/119.0.6045.214 Safari/537.36"
52.0.218.219 - - [18/Sep/2025:12:07:57 +0700] "GET /the-importance-of-algorithms-in-pairing-users-on-omegle-and-ometv/ HTTP/1.0" 200 92550 "-" "Mozilla/5.0 AppleWebKit/537.36 (KHTML, like Gecko; compatible; Amazonbot/0.1; +https://developer.amazon.com/support/amazonbot) Chrome/119.0.6045.214 Safari/537.36"
184.73.195.18 - - [18/Sep/2025:12:08:01 +0700] "GET /embracing-the-complexities-of-friendship-in-omelove-stories/ HTTP/1.0" 200 92529 "-" "Mozilla/5.0 AppleWebKit/537.36 (KHTML, like Gecko; compatible; Amazonbot/0.1; +https://developer.amazon.com/support/amazonbot) Chrome/119.0.6045.214 Safari/537.36"
52.45.77.169 - - [18/Sep/2025:12:08:06 +0700] "GET /omegle-and-ometv-a-platform-for-expression-and-creativity/ HTTP/1.0" 200 91390 "-" "Mozilla/5.0 AppleWebKit/537.36 (KHTML, like Gecko; compatible; Amazonbot/0.1; +https://developer.amazon.com/support/amazonbot) Chrome/119.0.6045.214 Safari/537.36"
18.210.105.45 - - [18/Sep/2025:12:08:06 +0700] "HEAD /exploring-strategies-for-online-conflict-resolution/ HTTP/1.0" 200 137 "-" "Mozilla/5.0 AppleWebKit/605.1.15 (KHTML, like Gecko) Chrome/139.0.0.0 Safari/605.1.15"
3.219.81.66 - - [18/Sep/2025:12:08:10 +0700] "GET /how-omegles-social-experiment-brings-people-together/ HTTP/1.0" 200 90632 "-" "Mozilla/5.0 AppleWebKit/537.36 (KHTML, like Gecko; compatible; Amazonbot/0.1; +https://developer.amazon.com/support/amazonbot) Chrome/119.0.6045.214 Safari/537.36"
23.21.228.180 - - [18/Sep/2025:12:08:13 +0700] "GET /getting-to-know-the-real-you-authenticity-in-omegle-and-ometv-conversations/ HTTP/1.0" 200 91178 "-" "Mozilla/5.0 AppleWebKit/537.36 (KHTML, like Gecko; compatible; Amazonbot/0.1; +https://developer.amazon.com/support/amazonbot) Chrome/119.0.6045.214 Safari/537.36"
45.117.177.72 - - [18/Sep/2025:12:08:18 +0700] "POST /wp-cron.php?doing_wp_cron=1758172098.1580960750579833984375 HTTP/1.0" 200 416 "-" "WordPress/6.8.1; https://vattusacky.vn"
34.233.114.237 - - [18/Sep/2025:12:08:17 +0700] "GET /combating-loneliness-through-virtual-empathy-on-omegle/ HTTP/1.0" 200 91130 "-" "Mozilla/5.0 AppleWebKit/537.36 (KHTML, like Gecko; compatible; Amazonbot/0.1; +https://developer.amazon.com/support/amazonbot) Chrome/119.0.6045.214 Safari/537.36"
54.156.248.117 - - [18/Sep/2025:12:08:22 +0700] "GET /breaking-the-cycle-tips-for-overcoming-omegle-addiction/ HTTP/1.0" 200 92944 "-" "Mozilla/5.0 AppleWebKit/537.36 (KHTML, like Gecko; compatible; Amazonbot/0.1; +https://developer.amazon.com/support/amazonbot) Chrome/119.0.6045.214 Safari/537.36"
98.82.38.120 - - [18/Sep/2025:12:08:25 +0700] "GET /anonymity-and-authenticity-the-intersection-of-privacy-and-communication-on-omegle/ HTTP/1.0" 200 90545 "-" "Mozilla/5.0 AppleWebKit/537.36 (KHTML, like Gecko; compatible; Amazonbot/0.1; +https://developer.amazon.com/support/amazonbot) Chrome/119.0.6045.214 Safari/537.36"
34.231.156.59 - - [18/Sep/2025:12:08:30 +0700] "GET /connecting-across-borders-exploring-cultural-diversity-on-omegle-vs-ometv/ HTTP/1.0" 200 92261 "-" "Mozilla/5.0 AppleWebKit/537.36 (KHTML, like Gecko; compatible; Amazonbot/0.1; +https://developer.amazon.com/support/amazonbot) Chrome/119.0.6045.214 Safari/537.36"
100.28.133.214 - - [18/Sep/2025:12:08:33 +0700] "GET /ometv-a-rising-star-in-the-world-of-random-chats/ HTTP/1.0" 200 80212 "-" "Mozilla/5.0 AppleWebKit/537.36 (KHTML, like Gecko; compatible; Amazonbot/0.1; +https://developer.amazon.com/support/amazonbot) Chrome/119.0.6045.214 Safari/537.36"
34.239.85.139 - - [18/Sep/2025:12:08:38 +0700] "GET /omegles-influence-on-online-behavior-and-digital-etiquette/ HTTP/1.0" 200 89304 "-" "Mozilla/5.0 AppleWebKit/537.36 (KHTML, like Gecko; compatible; Amazonbot/0.1; +https://developer.amazon.com/support/amazonbot) Chrome/119.0.6045.214 Safari/537.36"
45.117.177.72 - - [18/Sep/2025:12:08:42 +0700] "POST /wp-cron.php?doing_wp_cron=1758172122.1778450012207031250000 HTTP/1.0" 200 416 "-" "WordPress/6.8.1; https://vattusacky.vn"
23.23.180.225 - - [18/Sep/2025:12:08:41 +0700] "GET /managing-expectations-on-omegle/ HTTP/1.0" 200 90484 "-" "Mozilla/5.0 AppleWebKit/537.36 (KHTML, like Gecko; compatible; Amazonbot/0.1; +https://developer.amazon.com/support/amazonbot) Chrome/119.0.6045.214 Safari/537.36"
52.45.92.83 - - [18/Sep/2025:12:08:44 +0700] "GET /overcoming-stereotypes-in-online-interactions/ HTTP/1.0" 200 89877 "-" "Mozilla/5.0 AppleWebKit/537.36 (KHTML, like Gecko; compatible; Amazonbot/0.1; +https://developer.amazon.com/support/amazonbot) Chrome/119.0.6045.214 Safari/537.36"
3.89.170.186 - - [18/Sep/2025:12:08:49 +0700] "GET /omegle-as-a-platform-for-professional-networking/ HTTP/1.0" 200 92367 "-" "Mozilla/5.0 AppleWebKit/537.36 (KHTML, like Gecko; compatible; Amazonbot/0.1; +https://developer.amazon.com/support/amazonbot) Chrome/119.0.6045.214 Safari/537.36"
45.117.177.72 - - [18/Sep/2025:12:08:54 +0700] "POST /wp-cron.php?doing_wp_cron=1758172134.1241240501403808593750 HTTP/1.0" 200 416 "-" "WordPress/6.8.1; https://vattusacky.vn"
35.174.141.243 - - [18/Sep/2025:12:08:53 +0700] "GET /how-omegles-social-experiment-impacts-individual-lives/ HTTP/1.0" 200 91206 "-" "Mozilla/5.0 AppleWebKit/537.36 (KHTML, like Gecko; compatible; Amazonbot/0.1; +https://developer.amazon.com/support/amazonbot) Chrome/119.0.6045.214 Safari/537.36"
98.82.39.241 - - [18/Sep/2025:12:08:57 +0700] "GET /pros-and-cons-video-vs-text-communication-on-omegle-and-ometv/ HTTP/1.0" 200 91190 "-" "Mozilla/5.0 AppleWebKit/537.36 (KHTML, like Gecko; compatible; Amazonbot/0.1; +https://developer.amazon.com/support/amazonbot) Chrome/119.0.6045.214 Safari/537.36"
3.229.164.203 - - [18/Sep/2025:12:09:01 +0700] "GET /the-anonymity-factor-in-omegle-virtual-masks-and-identity-exploration/ HTTP/1.0" 200 94264 "-" "Mozilla/5.0 AppleWebKit/537.36 (KHTML, like Gecko; compatible; Amazonbot/0.1; +https://developer.amazon.com/support/amazonbot) Chrome/119.0.6045.214 Safari/537.36"
3.229.95.193 - - [18/Sep/2025:12:09:04 +0700] "GET /the-role-of-moderation-in-maintaining-a-safe-environment-on-omegle/ HTTP/1.0" 200 91846 "-" "Mozilla/5.0 AppleWebKit/537.36 (KHTML, like Gecko; compatible; Amazonbot/0.1; +https://developer.amazon.com/support/amazonbot) Chrome/119.0.6045.214 Safari/537.36"
23.21.119.232 - - [18/Sep/2025:12:09:09 +0700] "GET /connecting-cultures-omegles-cross-cultural-encounters/ HTTP/1.0" 200 90546 "-" "Mozilla/5.0 AppleWebKit/537.36 (KHTML, like Gecko; compatible; Amazonbot/0.1; +https://developer.amazon.com/support/amazonbot) Chrome/119.0.6045.214 Safari/537.36"
35.169.119.108 - - [18/Sep/2025:12:09:21 +0700] "GET /the-dark-side-of-omegle-exposed-tips-for-safe-internet-usage/ HTTP/1.0" 200 90101 "-" "Mozilla/5.0 AppleWebKit/537.36 (KHTML, like Gecko; compatible; Amazonbot/0.1; +https://developer.amazon.com/support/amazonbot) Chrome/119.0.6045.214 Safari/537.36"
45.117.177.72 - - [18/Sep/2025:12:09:28 +0700] "POST /wp-cron.php?doing_wp_cron=1758172168.5450210571289062500000 HTTP/1.0" 200 416 "-" "WordPress/6.8.1; https://vattusacky.vn"
34.227.234.246 - - [18/Sep/2025:12:09:27 +0700] "GET /omegles-influence-on-social-skills-developing-confidence-in-interaction/ HTTP/1.0" 200 88993 "-" "Mozilla/5.0 AppleWebKit/537.36 (KHTML, like Gecko; compatible; Amazonbot/0.1; +https://developer.amazon.com/support/amazonbot) Chrome/119.0.6045.214 Safari/537.36"
34.234.197.175 - - [18/Sep/2025:12:09:31 +0700] "GET /omegle-an-uncharted-territory-of-unique-encounters/ HTTP/1.0" 200 89846 "-" "Mozilla/5.0 AppleWebKit/537.36 (KHTML, like Gecko; compatible; Amazonbot/0.1; +https://developer.amazon.com/support/amazonbot) Chrome/119.0.6045.214 Safari/537.36"
100.29.160.53 - - [18/Sep/2025:12:09:34 +0700] "GET /omegle-and-ometv-understanding-the-motivations-and-goals-of-users/ HTTP/1.0" 200 91975 "-" "Mozilla/5.0 AppleWebKit/537.36 (KHTML, like Gecko; compatible; Amazonbot/0.1; +https://developer.amazon.com/support/amazonbot) Chrome/119.0.6045.214 Safari/537.36"
52.2.83.227 - - [18/Sep/2025:12:09:34 +0700] "GET /ometv-etiquette-and-rules/ HTTP/1.0" 200 90665 "-" "Mozilla/5.0 AppleWebKit/537.36 (KHTML, like Gecko; compatible; Amazonbot/0.1; +https://developer.amazon.com/support/amazonbot) Chrome/119.0.6045.214 Safari/537.36"
34.231.118.144 - - [18/Sep/2025:12:09:36 +0700] "GET /omegle-and-its-connection-to-adolescent-development-and-socialization/ HTTP/1.0" 200 92041 "-" "Mozilla/5.0 AppleWebKit/537.36 (KHTML, like Gecko; compatible; Amazonbot/0.1; +https://developer.amazon.com/support/amazonbot) Chrome/119.0.6045.214 Safari/537.36"
44.197.76.210 - - [18/Sep/2025:12:09:38 +0700] "GET /gay-kopija-10-kopija-kopija-kopija-kopija-kopija-2/ HTTP/1.0" 200 74068 "-" "Mozilla/5.0 AppleWebKit/537.36 (KHTML, like Gecko; compatible; Amazonbot/0.1; +https://developer.amazon.com/support/amazonbot) Chrome/119.0.6045.214 Safari/537.36"
54.163.169.168 - - [18/Sep/2025:12:09:41 +0700] "GET /making-friends-from-different-countries-on-omegle/ HTTP/1.0" 200 91733 "-" "Mozilla/5.0 AppleWebKit/537.36 (KHTML, like Gecko; compatible; Amazonbot/0.1; +https://developer.amazon.com/support/amazonbot) Chrome/119.0.6045.214 Safari/537.36"
52.203.65.83 - - [18/Sep/2025:12:09:46 +0700] "GET /omegle-for-business-building-professional-connections-and-networking/ HTTP/1.0" 200 93040 "-" "Mozilla/5.0 AppleWebKit/537.36 (KHTML, like Gecko; compatible; Amazonbot/0.1; +https://developer.amazon.com/support/amazonbot) Chrome/119.0.6045.214 Safari/537.36"
54.225.98.148 - - [18/Sep/2025:12:09:50 +0700] "GET /the-role-of-reciprocity-in-networking-on-omegle-and-ometv/ HTTP/1.0" 200 86522 "-" "Mozilla/5.0 AppleWebKit/537.36 (KHTML, like Gecko; compatible; Amazonbot/0.1; +https://developer.amazon.com/support/amazonbot) Chrome/119.0.6045.214 Safari/537.36"
45.117.177.72 - - [18/Sep/2025:12:10:33 +0700] "POST /wp-cron.php?doing_wp_cron=1758172233.0265150070190429687500 HTTP/1.0" 200 416 "-" "WordPress/6.8.1; https://vattusacky.vn"
185.191.171.8 - - [18/Sep/2025:12:10:31 +0700] "GET /how-to-find-a-wedding-dress-thats-right-suitable-for-you/ HTTP/1.0" 200 208965 "-" "Mozilla/5.0 (compatible; SemrushBot/7~bl; +http://www.semrush.com/bot.html)"
45.117.177.72 - - [18/Sep/2025:12:12:01 +0700] "POST /wp-cron.php?doing_wp_cron=1758172321.3804008960723876953125 HTTP/1.0" 200 416 "-" "WordPress/6.8.1; https://vattusacky.vn"
43.153.19.83 - - [18/Sep/2025:12:11:59 +0700] "GET /?p=1843 HTTP/1.0" 301 620 "-" "Mozilla/5.0 (iPhone; CPU iPhone OS 13_2_3 like Mac OS X) AppleWebKit/605.1.15 (KHTML, like Gecko) Version/13.0.3 Mobile/15E148 Safari/604.1"
43.153.19.83 - - [18/Sep/2025:12:12:06 +0700] "GET /quan-trac-moi-truong-lao-dong/ HTTP/1.0" 200 219175 "https://vattusacky.vn/?p=1843" "Mozilla/5.0 (iPhone; CPU iPhone OS 13_2_3 like Mac OS X) AppleWebKit/605.1.15 (KHTML, like Gecko) Version/13.0.3 Mobile/15E148 Safari/604.1"
45.117.177.72 - - [18/Sep/2025:12:13:55 +0700] "POST /wp-cron.php?doing_wp_cron=1758172435.1713030338287353515625 HTTP/1.0" 200 416 "-" "WordPress/6.8.1; https://vattusacky.vn"
20.204.24.243 - - [18/Sep/2025:12:13:54 +0700] "GET / HTTP/1.0" 200 60070 "-" "Mozilla/5.0 AppleWebKit/537.36 (KHTML, like Gecko); compatible; ChatGPT-User/1.0; +https://openai.com/bot"
45.117.177.72 - - [18/Sep/2025:12:14:27 +0700] "POST /wp-cron.php?doing_wp_cron=1758172467.3227469921112060546875 HTTP/1.0" 200 416 "-" "WordPress/6.8.1; https://vattusacky.vn"
54.84.93.8 - - [18/Sep/2025:12:14:26 +0700] "GET /the/nuoc-song/ HTTP/1.0" 200 90031 "-" "Mozilla/5.0 AppleWebKit/537.36 (KHTML, like Gecko; compatible; Amazonbot/0.1; +https://developer.amazon.com/support/amazonbot) Chrome/119.0.6045.214 Safari/537.36"
54.84.250.51 - - [18/Sep/2025:12:14:29 +0700] "GET /the/may-quang-pho-uv-vis/ HTTP/1.0" 200 169398 "-" "Mozilla/5.0 AppleWebKit/537.36 (KHTML, like Gecko; compatible; Amazonbot/0.1; +https://developer.amazon.com/support/amazonbot) Chrome/119.0.6045.214 Safari/537.36"
34.195.248.30 - - [18/Sep/2025:12:14:36 +0700] "GET /sustanon-250-steroid-tutto-cio-che-devi-sapere-6/ HTTP/1.0" 200 204117 "-" "Mozilla/5.0 AppleWebKit/537.36 (KHTML, like Gecko; compatible; Amazonbot/0.1; +https://developer.amazon.com/support/amazonbot) Chrome/119.0.6045.214 Safari/537.36"
44.223.116.180 - - [18/Sep/2025:12:14:39 +0700] "GET /1win-casino-onlajn-frispiny-za-vhod-v-kazino-2/ HTTP/1.0" 200 93823 "-" "Mozilla/5.0 AppleWebKit/537.36 (KHTML, like Gecko; compatible; Amazonbot/0.1; +https://developer.amazon.com/support/amazonbot) Chrome/119.0.6045.214 Safari/537.36"
54.209.100.30 - - [18/Sep/2025:12:14:41 +0700] "GET /betwinner-314/ HTTP/1.0" 200 78584 "-" "Mozilla/5.0 AppleWebKit/537.36 (KHTML, like Gecko; compatible; Amazonbot/0.1; +https://developer.amazon.com/support/amazonbot) Chrome/119.0.6045.214 Safari/537.36"
44.221.180.179 - - [18/Sep/2025:12:14:44 +0700] "GET /author/yanz/page/3/ HTTP/1.0" 200 76669 "-" "Mozilla/5.0 AppleWebKit/537.36 (KHTML, like Gecko; compatible; Amazonbot/0.1; +https://developer.amazon.com/support/amazonbot) Chrome/119.0.6045.214 Safari/537.36"
45.117.177.72 - - [18/Sep/2025:12:21:22 +0700] "POST /wp-cron.php?doing_wp_cron=1758172882.1505479812622070312500 HTTP/1.0" 200 416 "-" "WordPress/6.8.1; https://vattusacky.vn"
43.167.239.66 - - [18/Sep/2025:12:21:20 +0700] "GET /tag/khi-thai-ong-khoi/ HTTP/1.0" 200 59442 "-" "Mozilla/5.0 (iPhone; CPU iPhone OS 13_2_3 like Mac OS X) AppleWebKit/605.1.15 (KHTML, like Gecko) Version/13.0.3 Mobile/15E148 Safari/604.1"
45.117.177.72 - - [18/Sep/2025:12:23:41 +0700] "POST /wp-cron.php?doing_wp_cron=1758173020.7803881168365478515625 HTTP/1.0" 200 416 "-" "WordPress/6.8.1; https://vattusacky.vn"
20.171.207.41 - - [18/Sep/2025:12:23:39 +0700] "GET /sitemap_index.xml HTTP/1.0" 200 2426 "-" "Mozilla/5.0 AppleWebKit/537.36 (KHTML, like Gecko; compatible; GPTBot/1.2; +https://openai.com/gptbot)"
20.171.207.41 - - [18/Sep/2025:12:24:00 +0700] "GET /post-sitemap4.xml HTTP/1.0" 200 157717 "-" "Mozilla/5.0 AppleWebKit/537.36 (KHTML, like Gecko; compatible; GPTBot/1.2; +https://openai.com/gptbot)"
20.171.207.41 - - [18/Sep/2025:12:24:07 +0700] "GET /post-sitemap.xml HTTP/1.0" 500 3132 "-" "Mozilla/5.0 AppleWebKit/537.36 (KHTML, like Gecko; compatible; GPTBot/1.2; +https://openai.com/gptbot)"
45.117.177.72 - - [18/Sep/2025:12:24:55 +0700] "POST /wp-cron.php?doing_wp_cron=1758173094.9783339500427246093750 HTTP/1.0" 200 416 "-" "WordPress/6.8.1; https://vattusacky.vn"
20.171.207.41 - - [18/Sep/2025:12:24:53 +0700] "GET /omegle-and-mental-health-potential-impact-on-users/ HTTP/1.0" 200 91816 "-" "Mozilla/5.0 AppleWebKit/537.36 (KHTML, like Gecko; compatible; GPTBot/1.2; +https://openai.com/gptbot)"
20.171.207.41 - - [18/Sep/2025:12:25:05 +0700] "GET /omegle-and-mental-health-support-an-unlikely-source-of-comfort/ HTTP/1.0" 200 93322 "-" "Mozilla/5.0 AppleWebKit/537.36 (KHTML, like Gecko; compatible; GPTBot/1.2; +https://openai.com/gptbot)"
20.171.207.41 - - [18/Sep/2025:12:25:13 +0700] "GET /omegle-and-online-dating-safety-meeting-strangers-in-person/ HTTP/1.0" 200 90930 "-" "Mozilla/5.0 AppleWebKit/537.36 (KHTML, like Gecko; compatible; GPTBot/1.2; +https://openai.com/gptbot)"
45.117.177.72 - - [18/Sep/2025:12:25:22 +0700] "POST /wp-cron.php?doing_wp_cron=1758173122.6311879158020019531250 HTTP/1.0" 200 416 "-" "WordPress/6.8.1; https://vattusacky.vn"
20.171.207.41 - - [18/Sep/2025:12:25:21 +0700] "GET /memorable-omegle-fails-and-funny-conversations/ HTTP/1.0" 200 86944 "-" "Mozilla/5.0 AppleWebKit/537.36 (KHTML, like Gecko; compatible; GPTBot/1.2; +https://openai.com/gptbot)"
20.171.207.41 - - [18/Sep/2025:12:25:30 +0700] "GET /omegle-vs-ometv-an-in-depth-comparison-of-user-interface-design/ HTTP/1.0" 200 94333 "-" "Mozilla/5.0 AppleWebKit/537.36 (KHTML, like Gecko; compatible; GPTBot/1.2; +https://openai.com/gptbot)"
20.171.207.41 - - [18/Sep/2025:12:25:41 +0700] "GET /omegle-vs-ometv-the-impact-of-advertisement-on-user-experience/ HTTP/1.0" 200 92774 "-" "Mozilla/5.0 AppleWebKit/537.36 (KHTML, like Gecko; compatible; GPTBot/1.2; +https://openai.com/gptbot)"
20.171.207.41 - - [18/Sep/2025:12:25:50 +0700] "GET /omegles-role-in-shaping-the-future-of-online-privacy/ HTTP/1.0" 200 88149 "-" "Mozilla/5.0 AppleWebKit/537.36 (KHTML, like Gecko; compatible; GPTBot/1.2; +https://openai.com/gptbot)"
20.171.207.41 - - [18/Sep/2025:12:26:00 +0700] "GET /omegle-and-mental-health-support-utilizing-the-platform-for-emotional-connection-and-crisis-assistance/ HTTP/1.0" 200 91799 "-" "Mozilla/5.0 AppleWebKit/537.36 (KHTML, like Gecko; compatible; GPTBot/1.2; +https://openai.com/gptbot)"
66.249.71.194 - - [18/Sep/2025:12:26:06 +0700] "GET /danh-muc/thiet-bi%CC%A3-do-luong/may-do-do-on/ HTTP/1.0" 200 110025 "-" "Mozilla/5.0 (Linux; Android 6.0.1; Nexus 5X Build/MMB29P) AppleWebKit/537.36 (KHTML, like Gecko) Chrome/140.0.7339.127 Mobile Safari/537.36 (compatible; Googlebot/2.1; +http://www.google.com/bot.html)"
66.249.70.192 - - [18/Sep/2025:12:26:13 +0700] "GET /wp-content/themes/tem_techno_v2/inc/js/main.min.js?ver=6.8.1 HTTP/1.0" 200 439 "https://vattusacky.vn/danh-muc/thiet-bi%CC%A3-do-luong/may-do-do-on/" "Mozilla/5.0 (Linux; Android 6.0.1; Nexus 5X Build/MMB29P) AppleWebKit/537.36 (KHTML, like Gecko) Chrome/139.0.7258.127 Mobile Safari/537.36 (compatible; Googlebot/2.1; +http://www.google.com/bot.html)"
20.171.207.41 - - [18/Sep/2025:12:26:12 +0700] "GET /omegles-role-in-the-digital-age-connecting-people-across-the-world/ HTTP/1.0" 200 78192 "-" "Mozilla/5.0 AppleWebKit/537.36 (KHTML, like Gecko; compatible; GPTBot/1.2; +https://openai.com/gptbot)"
66.249.70.192 - - [18/Sep/2025:12:26:13 +0700] "GET /wp-content/themes/tem_techno_v2/inc/js/main.min.js?ver=6.8.1 HTTP/1.1" 200 427 "https://vattusacky.vn/danh-muc/thiet-bi%CC%A3-do-luong/may-do-do-on/" "Mozilla/5.0 (Linux; Android 6.0.1; Nexus 5X Build/MMB29P) AppleWebKit/537.36 (KHTML, like Gecko) Chrome/139.0.7258.127 Mobile Safari/537.36 (compatible; Googlebot/2.1; +http://www.google.com/bot.html)"
66.249.71.192 - - [18/Sep/2025:12:26:24 +0700] "GET /wp-includes/js/dist/i18n.min.js?ver=5e580eb46a90c2b997e6 HTTP/1.1" 200 3551 "https://vattusacky.vn/danh-muc/thiet-bi%CC%A3-do-luong/may-do-do-on/" "Mozilla/5.0 (Linux; Android 6.0.1; Nexus 5X Build/MMB29P) AppleWebKit/537.36 (KHTML, like Gecko) Chrome/139.0.7258.127 Mobile Safari/537.36 (compatible; Googlebot/2.1; +http://www.google.com/bot.html)"
66.249.71.192 - - [18/Sep/2025:12:26:24 +0700] "GET /wp-includes/js/dist/i18n.min.js?ver=5e580eb46a90c2b997e6 HTTP/1.0" 200 420 "https://vattusacky.vn/danh-muc/thiet-bi%CC%A3-do-luong/may-do-do-on/" "Mozilla/5.0 (Linux; Android 6.0.1; Nexus 5X Build/MMB29P) AppleWebKit/537.36 (KHTML, like Gecko) Chrome/139.0.7258.127 Mobile Safari/537.36 (compatible; Googlebot/2.1; +http://www.google.com/bot.html)"
20.171.207.41 - - [18/Sep/2025:12:26:23 +0700] "GET /is-serendipity-a-product-of-chance-or-design-on-omegle-and-ometv/ HTTP/1.0" 200 88771 "-" "Mozilla/5.0 AppleWebKit/537.36 (KHTML, like Gecko; compatible; GPTBot/1.2; +https://openai.com/gptbot)"
66.249.71.192 - - [18/Sep/2025:12:26:30 +0700] "GET /wp-content/plugins/woocommerce/assets/js/jquery-blockui/jquery.blockUI.min.js?ver=2.7.0-wc.9.8.3 HTTP/1.0" 200 466 "https://vattusacky.vn/danh-muc/thiet-bi%CC%A3-do-luong/may-do-do-on/" "Mozilla/5.0 (Linux; Android 6.0.1; Nexus 5X Build/MMB29P) AppleWebKit/537.36 (KHTML, like Gecko) Chrome/139.0.7258.127 Mobile Safari/537.36 (compatible; Googlebot/2.1; +http://www.google.com/bot.html)"
66.249.71.192 - - [18/Sep/2025:12:26:30 +0700] "GET /wp-content/plugins/woocommerce/assets/js/jquery-blockui/jquery.blockUI.min.js?ver=2.7.0-wc.9.8.3 HTTP/1.1" 200 3288 "https://vattusacky.vn/danh-muc/thiet-bi%CC%A3-do-luong/may-do-do-on/" "Mozilla/5.0 (Linux; Android 6.0.1; Nexus 5X Build/MMB29P) AppleWebKit/537.36 (KHTML, like Gecko) Chrome/139.0.7258.127 Mobile Safari/537.36 (compatible; Googlebot/2.1; +http://www.google.com/bot.html)"
20.171.207.41 - - [18/Sep/2025:12:26:44 +0700] "GET /?p=7460 HTTP/1.0" 301 504 "-" "Mozilla/5.0 AppleWebKit/537.36 (KHTML, like Gecko; compatible; GPTBot/1.2; +https://openai.com/gptbot)"
20.171.207.41 - - [18/Sep/2025:12:26:46 +0700] "GET /omegle-and-online-dating-safety-meeting-strangers-in-person/ HTTP/1.0" 200 90930 "-" "Mozilla/5.0 AppleWebKit/537.36 (KHTML, like Gecko; compatible; GPTBot/1.2; +https://openai.com/gptbot)"
20.171.207.41 - - [18/Sep/2025:12:26:58 +0700] "GET /omegle-and-ometv-for-finding-like-minded-individuals/ HTTP/1.0" 200 88724 "-" "Mozilla/5.0 AppleWebKit/537.36 (KHTML, like Gecko; compatible; GPTBot/1.2; +https://openai.com/gptbot)"
66.249.70.192 - - [18/Sep/2025:12:26:54 +0700] "GET /danh-muc/thiet-bi%CC%A3-do-luong/may-do-do-on/ HTTP/1.0" 200 110025 "-" "Mozilla/5.0 (Linux; Android 6.0.1; Nexus 5X Build/MMB29P) AppleWebKit/537.36 (KHTML, like Gecko) Chrome/140.0.7339.127 Mobile Safari/537.36 (compatible; GoogleOther)"
20.171.207.41 - - [18/Sep/2025:12:27:09 +0700] "GET /?p=7747 HTTP/1.0" 301 508 "-" "Mozilla/5.0 AppleWebKit/537.36 (KHTML, like Gecko; compatible; GPTBot/1.2; +https://openai.com/gptbot)"
20.171.207.41 - - [18/Sep/2025:12:27:10 +0700] "GET /omegle-vs-ometv-an-in-depth-comparison-of-user-interface-design/ HTTP/1.0" 200 94333 "-" "Mozilla/5.0 AppleWebKit/537.36 (KHTML, like Gecko; compatible; GPTBot/1.2; +https://openai.com/gptbot)"
20.171.207.41 - - [18/Sep/2025:12:27:20 +0700] "GET /?p=7361 HTTP/1.0" 301 495 "-" "Mozilla/5.0 AppleWebKit/537.36 (KHTML, like Gecko; compatible; GPTBot/1.2; +https://openai.com/gptbot)"
20.171.207.41 - - [18/Sep/2025:12:27:21 +0700] "GET /omegle-and-mental-health-potential-impact-on-users/ HTTP/1.0" 200 91816 "-" "Mozilla/5.0 AppleWebKit/537.36 (KHTML, like Gecko; compatible; GPTBot/1.2; +https://openai.com/gptbot)"
45.117.177.72 - - [18/Sep/2025:12:27:28 +0700] "POST /wp-cron.php?doing_wp_cron=1758173248.5529620647430419921875 HTTP/1.0" 200 416 "-" "WordPress/6.8.1; https://vattusacky.vn"
20.171.207.41 - - [18/Sep/2025:12:27:27 +0700] "GET / HTTP/1.0" 200 59924 "-" "Mozilla/5.0 AppleWebKit/537.36 (KHTML, like Gecko; compatible; GPTBot/1.2; +https://openai.com/gptbot)"
20.171.207.41 - - [18/Sep/2025:12:27:32 +0700] "GET /navigating-the-cosmic-web-of-connections-on-omegle/ HTTP/1.0" 200 90647 "-" "Mozilla/5.0 AppleWebKit/537.36 (KHTML, like Gecko; compatible; GPTBot/1.2; +https://openai.com/gptbot)"
20.171.207.41 - - [18/Sep/2025:12:27:38 +0700] "GET /?p=7363 HTTP/1.0" 301 507 "-" "Mozilla/5.0 AppleWebKit/537.36 (KHTML, like Gecko; compatible; GPTBot/1.2; +https://openai.com/gptbot)"
20.171.207.41 - - [18/Sep/2025:12:27:40 +0700] "GET /omegle-and-mental-health-support-an-unlikely-source-of-comfort/ HTTP/1.0" 200 93322 "-" "Mozilla/5.0 AppleWebKit/537.36 (KHTML, like Gecko; compatible; GPTBot/1.2; +https://openai.com/gptbot)"
20.171.207.41 - - [18/Sep/2025:12:27:48 +0700] "GET /?p=7213 HTTP/1.0" 301 491 "-" "Mozilla/5.0 AppleWebKit/537.36 (KHTML, like Gecko; compatible; GPTBot/1.2; +https://openai.com/gptbot)"
20.171.207.41 - - [18/Sep/2025:12:27:49 +0700] "GET /memorable-omegle-fails-and-funny-conversations/ HTTP/1.0" 200 86944 "-" "Mozilla/5.0 AppleWebKit/537.36 (KHTML, like Gecko; compatible; GPTBot/1.2; +https://openai.com/gptbot)"
20.171.207.41 - - [18/Sep/2025:12:27:58 +0700] "GET /?p=7974 HTTP/1.0" 301 497 "-" "Mozilla/5.0 AppleWebKit/537.36 (KHTML, like Gecko; compatible; GPTBot/1.2; +https://openai.com/gptbot)"
20.171.207.41 - - [18/Sep/2025:12:28:00 +0700] "GET /omegles-role-in-shaping-the-future-of-online-privacy/ HTTP/1.0" 200 88149 "-" "Mozilla/5.0 AppleWebKit/537.36 (KHTML, like Gecko; compatible; GPTBot/1.2; +https://openai.com/gptbot)"
20.171.207.41 - - [18/Sep/2025:12:28:06 +0700] "GET /?p=7762 HTTP/1.0" 301 507 "-" "Mozilla/5.0 AppleWebKit/537.36 (KHTML, like Gecko; compatible; GPTBot/1.2; +https://openai.com/gptbot)"
20.171.207.41 - - [18/Sep/2025:12:28:07 +0700] "GET /omegle-vs-ometv-the-impact-of-advertisement-on-user-experience/ HTTP/1.0" 200 92774 "-" "Mozilla/5.0 AppleWebKit/537.36 (KHTML, like Gecko; compatible; GPTBot/1.2; +https://openai.com/gptbot)"
45.117.177.72 - - [18/Sep/2025:12:28:17 +0700] "POST /wp-cron.php?doing_wp_cron=1758173297.4099540710449218750000 HTTP/1.0" 200 416 "-" "WordPress/6.8.1; https://vattusacky.vn"
20.171.207.41 - - [18/Sep/2025:12:28:16 +0700] "GET /omegles-history-and-evolution-a-look-back-at-the-anonymous-chat-platform/ HTTP/1.0" 200 90556 "-" "Mozilla/5.0 AppleWebKit/537.36 (KHTML, like Gecko; compatible; GPTBot/1.2; +https://openai.com/gptbot)"
20.171.207.41 - - [18/Sep/2025:12:28:24 +0700] "GET /?p=7148 HTTP/1.0" 301 509 "-" "Mozilla/5.0 AppleWebKit/537.36 (KHTML, like Gecko; compatible; GPTBot/1.2; +https://openai.com/gptbot)"
20.171.207.41 - - [18/Sep/2025:12:28:25 +0700] "GET /is-serendipity-a-product-of-chance-or-design-on-omegle-and-ometv/ HTTP/1.0" 200 88771 "-" "Mozilla/5.0 AppleWebKit/537.36 (KHTML, like Gecko; compatible; GPTBot/1.2; +https://openai.com/gptbot)"
20.171.207.41 - - [18/Sep/2025:12:28:34 +0700] "GET /navigating-the-future-of-random-chats-omegle-paves-the-way/ HTTP/1.0" 200 92906 "-" "Mozilla/5.0 AppleWebKit/537.36 (KHTML, like Gecko; compatible; GPTBot/1.2; +https://openai.com/gptbot)"
20.171.207.41 - - [18/Sep/2025:12:28:39 +0700] "GET /?p=7370 HTTP/1.0" 301 547 "-" "Mozilla/5.0 AppleWebKit/537.36 (KHTML, like Gecko; compatible; GPTBot/1.2; +https://openai.com/gptbot)"
20.171.207.41 - - [18/Sep/2025:12:28:40 +0700] "GET /omegle-and-mental-health-support-utilizing-the-platform-for-emotional-connection-and-crisis-assistance/ HTTP/1.0" 200 91799 "-" "Mozilla/5.0 AppleWebKit/537.36 (KHTML, like Gecko; compatible; GPTBot/1.2; +https://openai.com/gptbot)"
20.171.207.41 - - [18/Sep/2025:12:28:45 +0700] "GET /?p=7246 HTTP/1.0" 301 641 "-" "Mozilla/5.0 AppleWebKit/537.36 (KHTML, like Gecko; compatible; GPTBot/1.2; +https://openai.com/gptbot)"
20.171.207.41 - - [18/Sep/2025:12:28:46 +0700] "GET /navigating-the-cosmic-web-of-connections-on-omegle/ HTTP/1.0" 200 90647 "-" "Mozilla/5.0 AppleWebKit/537.36 (KHTML, like Gecko; compatible; GPTBot/1.2; +https://openai.com/gptbot)"
20.171.207.41 - - [18/Sep/2025:12:28:53 +0700] "GET /how-to-handle-catfishing-on-omegle-and-ometv/ HTTP/1.0" 200 86520 "-" "Mozilla/5.0 AppleWebKit/537.36 (KHTML, like Gecko; compatible; GPTBot/1.2; +https://openai.com/gptbot)"
20.171.207.41 - - [18/Sep/2025:12:29:02 +0700] "GET /omegle-vs-ometv-which-random-chatting-platform-is-right-for-you/ HTTP/1.0" 200 89867 "-" "Mozilla/5.0 AppleWebKit/537.36 (KHTML, like Gecko; compatible; GPTBot/1.2; +https://openai.com/gptbot)"
20.171.207.41 - - [18/Sep/2025:12:29:11 +0700] "GET /?p=7408 HTTP/1.0" 301 497 "-" "Mozilla/5.0 AppleWebKit/537.36 (KHTML, like Gecko; compatible; GPTBot/1.2; +https://openai.com/gptbot)"
20.171.207.41 - - [18/Sep/2025:12:29:12 +0700] "GET /omegle-and-ometv-for-finding-like-minded-individuals/ HTTP/1.0" 200 88724 "-" "Mozilla/5.0 AppleWebKit/537.36 (KHTML, like Gecko; compatible; GPTBot/1.2; +https://openai.com/gptbot)"
45.117.177.72 - - [18/Sep/2025:12:29:18 +0700] "POST /wp-cron.php?doing_wp_cron=1758173358.7095310688018798828125 HTTP/1.0" 200 416 "-" "WordPress/6.8.1; https://vattusacky.vn"
20.171.207.41 - - [18/Sep/2025:12:29:17 +0700] "GET /?p=7978 HTTP/1.0" 301 511 "-" "Mozilla/5.0 AppleWebKit/537.36 (KHTML, like Gecko; compatible; GPTBot/1.2; +https://openai.com/gptbot)"
20.171.207.41 - - [18/Sep/2025:12:29:19 +0700] "GET /omegles-role-in-the-digital-age-connecting-people-across-the-world/ HTTP/1.0" 200 78192 "-" "Mozilla/5.0 AppleWebKit/537.36 (KHTML, like Gecko; compatible; GPTBot/1.2; +https://openai.com/gptbot)"
20.171.207.41 - - [18/Sep/2025:12:29:24 +0700] "GET /omegles-terms-of-service-understanding-the-legalese/ HTTP/1.0" 200 90192 "-" "Mozilla/5.0 AppleWebKit/537.36 (KHTML, like Gecko; compatible; GPTBot/1.2; +https://openai.com/gptbot)"
20.171.207.41 - - [18/Sep/2025:12:29:33 +0700] "GET /omegles-influence-on-the-development-of-online-social-rituals/ HTTP/1.0" 200 92510 "-" "Mozilla/5.0 AppleWebKit/537.36 (KHTML, like Gecko; compatible; GPTBot/1.2; +https://openai.com/gptbot)"
20.171.207.41 - - [18/Sep/2025:12:29:50 +0700] "GET /?p=7822 HTTP/1.0" 301 517 "-" "Mozilla/5.0 AppleWebKit/537.36 (KHTML, like Gecko; compatible; GPTBot/1.2; +https://openai.com/gptbot)"
20.171.207.41 - - [18/Sep/2025:12:29:51 +0700] "GET /omegles-history-and-evolution-a-look-back-at-the-anonymous-chat-platform/ HTTP/1.0" 200 90556 "-" "Mozilla/5.0 AppleWebKit/537.36 (KHTML, like Gecko; compatible; GPTBot/1.2; +https://openai.com/gptbot)"
20.171.207.41 - - [18/Sep/2025:12:29:57 +0700] "GET /omegles-role-in-online-dating-and-relationships/ HTTP/1.0" 200 89281 "-" "Mozilla/5.0 AppleWebKit/537.36 (KHTML, like Gecko; compatible; GPTBot/1.2; +https://openai.com/gptbot)"
20.171.207.41 - - [18/Sep/2025:12:30:01 +0700] "GET /omegles-role-in-combating-social-anxiety-and-shyness/ HTTP/1.0" 200 91911 "-" "Mozilla/5.0 AppleWebKit/537.36 (KHTML, like Gecko; compatible; GPTBot/1.2; +https://openai.com/gptbot)"
20.171.207.41 - - [18/Sep/2025:12:30:06 +0700] "GET /?p=7249 HTTP/1.0" 301 503 "-" "Mozilla/5.0 AppleWebKit/537.36 (KHTML, like Gecko; compatible; GPTBot/1.2; +https://openai.com/gptbot)"
20.171.207.41 - - [18/Sep/2025:12:30:07 +0700] "GET /navigating-the-future-of-random-chats-omegle-paves-the-way/ HTTP/1.0" 200 92906 "-" "Mozilla/5.0 AppleWebKit/537.36 (KHTML, like Gecko; compatible; GPTBot/1.2; +https://openai.com/gptbot)"
45.117.177.72 - - [18/Sep/2025:12:30:23 +0700] "POST /wp-cron.php?doing_wp_cron=1758173423.2467110157012939453125 HTTP/1.0" 200 416 "-" "WordPress/6.8.1; https://vattusacky.vn"
20.171.207.41 - - [18/Sep/2025:12:30:22 +0700] "GET /omegle-and-online-education-using-the-platform-for-virtual-learning/ HTTP/1.0" 200 93010 "-" "Mozilla/5.0 AppleWebKit/537.36 (KHTML, like Gecko; compatible; GPTBot/1.2; +https://openai.com/gptbot)"
20.171.207.41 - - [18/Sep/2025:12:30:30 +0700] "GET /?p=7793 HTTP/1.0" 301 508 "-" "Mozilla/5.0 AppleWebKit/537.36 (KHTML, like Gecko; compatible; GPTBot/1.2; +https://openai.com/gptbot)"
20.171.207.41 - - [18/Sep/2025:12:30:31 +0700] "GET /omegle-vs-ometv-which-random-chatting-platform-is-right-for-you/ HTTP/1.0" 200 89867 "-" "Mozilla/5.0 AppleWebKit/537.36 (KHTML, like Gecko; compatible; GPTBot/1.2; +https://openai.com/gptbot)"
20.171.207.41 - - [18/Sep/2025:12:30:36 +0700] "GET /how-omegle-fosters-a-sense-of-belonging-in-marginalized-communities/ HTTP/1.0" 200 91449 "-" "Mozilla/5.0 AppleWebKit/537.36 (KHTML, like Gecko; compatible; GPTBot/1.2; +https://openai.com/gptbot)"
20.171.207.41 - - [18/Sep/2025:12:30:39 +0700] "GET /omegle-and-the-evolution-of-online-gaming-from-text-based-chats-to-virtual-realities/ HTTP/1.0" 200 92110 "-" "Mozilla/5.0 AppleWebKit/537.36 (KHTML, like Gecko; compatible; GPTBot/1.2; +https://openai.com/gptbot)"
20.171.207.41 - - [18/Sep/2025:12:30:44 +0700] "GET /omegles-influence-on-internet-culture-and-memes/ HTTP/1.0" 200 90541 "-" "Mozilla/5.0 AppleWebKit/537.36 (KHTML, like Gecko; compatible; GPTBot/1.2; +https://openai.com/gptbot)"
20.171.207.41 - - [18/Sep/2025:12:30:49 +0700] "GET /omegles-impact-on-the-mental-health-of-vulnerable-populations/ HTTP/1.0" 200 90043 "-" "Mozilla/5.0 AppleWebKit/537.36 (KHTML, like Gecko; compatible; GPTBot/1.2; +https://openai.com/gptbot)"
20.171.207.41 - - [18/Sep/2025:12:30:54 +0700] "GET /?p=7065 HTTP/1.0" 301 489 "-" "Mozilla/5.0 AppleWebKit/537.36 (KHTML, like Gecko; compatible; GPTBot/1.2; +https://openai.com/gptbot)"
20.171.207.41 - - [18/Sep/2025:12:30:55 +0700] "GET /how-to-handle-catfishing-on-omegle-and-ometv/ HTTP/1.0" 200 86520 "-" "Mozilla/5.0 AppleWebKit/537.36 (KHTML, like Gecko; compatible; GPTBot/1.2; +https://openai.com/gptbot)"
20.171.207.41 - - [18/Sep/2025:12:30:59 +0700] "GET /?p=7936 HTTP/1.0" 301 497 "-" "Mozilla/5.0 AppleWebKit/537.36 (KHTML, like Gecko; compatible; GPTBot/1.2; +https://openai.com/gptbot)"
20.171.207.41 - - [18/Sep/2025:12:31:00 +0700] "GET /omegles-role-in-combating-social-anxiety-and-shyness/ HTTP/1.0" 200 91911 "-" "Mozilla/5.0 AppleWebKit/537.36 (KHTML, like Gecko; compatible; GPTBot/1.2; +https://openai.com/gptbot)"
20.171.207.41 - - [18/Sep/2025:12:31:04 +0700] "GET /?p=7028 HTTP/1.0" 301 512 "-" "Mozilla/5.0 AppleWebKit/537.36 (KHTML, like Gecko; compatible; GPTBot/1.2; +https://openai.com/gptbot)"
20.171.207.41 - - [18/Sep/2025:12:31:05 +0700] "GET /how-omegle-fosters-a-sense-of-belonging-in-marginalized-communities/ HTTP/1.0" 200 91449 "-" "Mozilla/5.0 AppleWebKit/537.36 (KHTML, like Gecko; compatible; GPTBot/1.2; +https://openai.com/gptbot)"
20.171.207.41 - - [18/Sep/2025:12:31:09 +0700] "GET /lessons-learned-from-serendipitous-encounters-on-omegle-and-ometv/ HTTP/1.0" 200 93004 "-" "Mozilla/5.0 AppleWebKit/537.36 (KHTML, like Gecko; compatible; GPTBot/1.2; +https://openai.com/gptbot)"
20.171.207.41 - - [18/Sep/2025:12:31:12 +0700] "GET /?p=7892 HTTP/1.0" 301 506 "-" "Mozilla/5.0 AppleWebKit/537.36 (KHTML, like Gecko; compatible; GPTBot/1.2; +https://openai.com/gptbot)"
20.171.207.41 - - [18/Sep/2025:12:31:14 +0700] "GET /omegles-influence-on-the-development-of-online-social-rituals/ HTTP/1.0" 200 92510 "-" "Mozilla/5.0 AppleWebKit/537.36 (KHTML, like Gecko; compatible; GPTBot/1.2; +https://openai.com/gptbot)"
45.117.177.72 - - [18/Sep/2025:12:31:19 +0700] "POST /wp-cron.php?doing_wp_cron=1758173479.4461700916290283203125 HTTP/1.0" 200 416 "-" "WordPress/6.8.1; https://vattusacky.vn"
20.171.207.41 - - [18/Sep/2025:12:31:18 +0700] "GET /omegles-influence-on-modern-communication-relevance-in-the-digital-age/ HTTP/1.0" 200 92461 "-" "Mozilla/5.0 AppleWebKit/537.36 (KHTML, like Gecko; compatible; GPTBot/1.2; +https://openai.com/gptbot)"
20.171.207.41 - - [18/Sep/2025:12:31:23 +0700] "GET /?p=7516 HTTP/1.0" 301 529 "-" "Mozilla/5.0 AppleWebKit/537.36 (KHTML, like Gecko; compatible; GPTBot/1.2; +https://openai.com/gptbot)"
20.171.207.41 - - [18/Sep/2025:12:31:24 +0700] "GET /omegle-and-the-evolution-of-online-gaming-from-text-based-chats-to-virtual-realities/ HTTP/1.0" 200 92110 "-" "Mozilla/5.0 AppleWebKit/537.36 (KHTML, like Gecko; compatible; GPTBot/1.2; +https://openai.com/gptbot)"
20.171.207.41 - - [18/Sep/2025:12:31:28 +0700] "GET /omegles-role-in-challenging-societal-norms-and-expectations/ HTTP/1.0" 200 89954 "-" "Mozilla/5.0 AppleWebKit/537.36 (KHTML, like Gecko; compatible; GPTBot/1.2; +https://openai.com/gptbot)"
20.171.207.41 - - [18/Sep/2025:12:31:33 +0700] "GET /omegle-for-socializing-making-new-friends-online/ HTTP/1.0" 200 91117 "-" "Mozilla/5.0 AppleWebKit/537.36 (KHTML, like Gecko; compatible; GPTBot/1.2; +https://openai.com/gptbot)"
20.171.207.41 - - [18/Sep/2025:12:31:37 +0700] "GET /leveraging-technology-for-network-building-on-omegle-and-ometv/ HTTP/1.0" 200 91850 "-" "Mozilla/5.0 AppleWebKit/537.36 (KHTML, like Gecko; compatible; GPTBot/1.2; +https://openai.com/gptbot)"
20.171.207.41 - - [18/Sep/2025:12:31:41 +0700] "GET /?p=7170 HTTP/1.0" 301 510 "-" "Mozilla/5.0 AppleWebKit/537.36 (KHTML, like Gecko; compatible; GPTBot/1.2; +https://openai.com/gptbot)"
20.171.207.41 - - [18/Sep/2025:12:31:42 +0700] "GET /lessons-learned-from-serendipitous-encounters-on-omegle-and-ometv/ HTTP/1.0" 200 93004 "-" "Mozilla/5.0 AppleWebKit/537.36 (KHTML, like Gecko; compatible; GPTBot/1.2; +https://openai.com/gptbot)"
20.171.207.41 - - [18/Sep/2025:12:31:46 +0700] "GET /?p=7874 HTTP/1.0" 301 515 "-" "Mozilla/5.0 AppleWebKit/537.36 (KHTML, like Gecko; compatible; GPTBot/1.2; +https://openai.com/gptbot)"
20.171.207.41 - - [18/Sep/2025:12:31:47 +0700] "GET /omegles-influence-on-modern-communication-relevance-in-the-digital-age/ HTTP/1.0" 200 92461 "-" "Mozilla/5.0 AppleWebKit/537.36 (KHTML, like Gecko; compatible; GPTBot/1.2; +https://openai.com/gptbot)"
20.171.207.41 - - [18/Sep/2025:12:31:51 +0700] "GET /is-chatroulette-or-omegle-more-suitable-for-gaming-communities/ HTTP/1.0" 200 77011 "-" "Mozilla/5.0 AppleWebKit/537.36 (KHTML, like Gecko; compatible; GPTBot/1.2; +https://openai.com/gptbot)"
20.171.207.41 - - [18/Sep/2025:12:31:55 +0700] "GET /?p=7930 HTTP/1.0" 301 504 "-" "Mozilla/5.0 AppleWebKit/537.36 (KHTML, like Gecko; compatible; GPTBot/1.2; +https://openai.com/gptbot)"
20.171.207.41 - - [18/Sep/2025:12:31:56 +0700] "GET /omegles-role-in-challenging-societal-norms-and-expectations/ HTTP/1.0" 200 89954 "-" "Mozilla/5.0 AppleWebKit/537.36 (KHTML, like Gecko; compatible; GPTBot/1.2; +https://openai.com/gptbot)"
20.171.207.41 - - [18/Sep/2025:12:32:00 +0700] "GET /?p=7175 HTTP/1.0" 301 507 "-" "Mozilla/5.0 AppleWebKit/537.36 (KHTML, like Gecko; compatible; GPTBot/1.2; +https://openai.com/gptbot)"
20.171.207.41 - - [18/Sep/2025:12:32:02 +0700] "GET /leveraging-technology-for-network-building-on-omegle-and-ometv/ HTTP/1.0" 200 91850 "-" "Mozilla/5.0 AppleWebKit/537.36 (KHTML, like Gecko; compatible; GPTBot/1.2; +https://openai.com/gptbot)"
20.171.207.41 - - [18/Sep/2025:12:32:05 +0700] "GET /omegle-and-the-quest-for-authenticity-finding-real-connections/ HTTP/1.0" 200 90795 "-" "Mozilla/5.0 AppleWebKit/537.36 (KHTML, like Gecko; compatible; GPTBot/1.2; +https://openai.com/gptbot)"
20.171.207.41 - - [18/Sep/2025:12:32:08 +0700] "GET /?p=7658 HTTP/1.0" 301 493 "-" "Mozilla/5.0 AppleWebKit/537.36 (KHTML, like Gecko; compatible; GPTBot/1.2; +https://openai.com/gptbot)"
20.171.207.41 - - [18/Sep/2025:12:32:10 +0700] "GET /omegle-for-socializing-making-new-friends-online/ HTTP/1.0" 200 91117 "-" "Mozilla/5.0 AppleWebKit/537.36 (KHTML, like Gecko; compatible; GPTBot/1.2; +https://openai.com/gptbot)"
20.171.207.41 - - [18/Sep/2025:12:32:13 +0700] "GET /omegles-future-redefining-connection-in-the-digital-age/ HTTP/1.0" 200 90396 "-" "Mozilla/5.0 AppleWebKit/537.36 (KHTML, like Gecko; compatible; GPTBot/1.2; +https://openai.com/gptbot)"
45.117.177.72 - - [18/Sep/2025:12:32:18 +0700] "POST /wp-cron.php?doing_wp_cron=1758173538.8191139698028564453125 HTTP/1.0" 200 416 "-" "WordPress/6.8.1; https://vattusacky.vn"
20.171.207.41 - - [18/Sep/2025:12:32:17 +0700] "GET /?p=7137 HTTP/1.0" 301 507 "-" "Mozilla/5.0 AppleWebKit/537.36 (KHTML, like Gecko; compatible; GPTBot/1.2; +https://openai.com/gptbot)"
20.171.207.41 - - [18/Sep/2025:12:32:19 +0700] "GET /is-chatroulette-or-omegle-more-suitable-for-gaming-communities/ HTTP/1.0" 200 77011 "-" "Mozilla/5.0 AppleWebKit/537.36 (KHTML, like Gecko; compatible; GPTBot/1.2; +https://openai.com/gptbot)"
43.166.240.231 - - [18/Sep/2025:12:32:21 +0700] "GET / HTTP/1.0" 200 60071 "http://vattusacky.vn" "Mozilla/5.0 (iPhone; CPU iPhone OS 13_2_3 like Mac OS X) AppleWebKit/605.1.15 (KHTML, like Gecko) Version/13.0.3 Mobile/15E148 Safari/604.1"
20.171.207.41 - - [18/Sep/2025:12:32:24 +0700] "GET /omegle-and-ometv-for-exploring-music-and-art/ HTTP/1.0" 200 89662 "-" "Mozilla/5.0 AppleWebKit/537.36 (KHTML, like Gecko; compatible; GPTBot/1.2; +https://openai.com/gptbot)"
43.130.67.6 - - [18/Sep/2025:12:32:27 +0700] "GET /?p=848 HTTP/1.0" 301 616 "-" "Mozilla/5.0 (iPhone; CPU iPhone OS 13_2_3 like Mac OS X) AppleWebKit/605.1.15 (KHTML, like Gecko) Version/13.0.3 Mobile/15E148 Safari/604.1"
20.171.207.41 - - [18/Sep/2025:12:32:29 +0700] "GET /omegle-and-ometv-investigating-the-impact-on-self-esteem-and-social-anxiety/ HTTP/1.0" 200 91644 "-" "Mozilla/5.0 AppleWebKit/537.36 (KHTML, like Gecko; compatible; GPTBot/1.2; +https://openai.com/gptbot)"
20.171.207.41 - - [18/Sep/2025:12:32:33 +0700] "GET /omegle-vs-chatroulette-a-comparison-of-chat-platforms/ HTTP/1.0" 200 91827 "-" "Mozilla/5.0 AppleWebKit/537.36 (KHTML, like Gecko; compatible; GPTBot/1.2; +https://openai.com/gptbot)"
20.171.207.41 - - [18/Sep/2025:12:32:36 +0700] "GET /?p=7534 HTTP/1.0" 301 507 "-" "Mozilla/5.0 AppleWebKit/537.36 (KHTML, like Gecko; compatible; GPTBot/1.2; +https://openai.com/gptbot)"
20.171.207.41 - - [18/Sep/2025:12:32:38 +0700] "GET /omegle-and-the-quest-for-authenticity-finding-real-connections/ HTTP/1.0" 200 90795 "-" "Mozilla/5.0 AppleWebKit/537.36 (KHTML, like Gecko; compatible; GPTBot/1.2; +https://openai.com/gptbot)"
43.130.67.6 - - [18/Sep/2025:12:32:39 +0700] "GET /quantracmoitruongungquanh/ HTTP/1.0" 200 261521 "https://vattusacky.vn/?p=848" "Mozilla/5.0 (iPhone; CPU iPhone OS 13_2_3 like Mac OS X) AppleWebKit/605.1.15 (KHTML, like Gecko) Version/13.0.3 Mobile/15E148 Safari/604.1"
20.171.207.41 - - [18/Sep/2025:12:32:41 +0700] "GET /omegle-and-ometv-innovative-tools-for-breaking-barriers/ HTTP/1.0" 200 91074 "-" "Mozilla/5.0 AppleWebKit/537.36 (KHTML, like Gecko; compatible; GPTBot/1.2; +https://openai.com/gptbot)"
20.171.207.41 - - [18/Sep/2025:12:32:44 +0700] "GET /omegle-for-research-utilizing-the-platform-for-social-and-behavioral-studies/ HTTP/1.0" 200 92833 "-" "Mozilla/5.0 AppleWebKit/537.36 (KHTML, like Gecko; compatible; GPTBot/1.2; +https://openai.com/gptbot)"
20.171.207.41 - - [18/Sep/2025:12:32:48 +0700] "GET /?p=7816 HTTP/1.0" 301 500 "-" "Mozilla/5.0 AppleWebKit/537.36 (KHTML, like Gecko; compatible; GPTBot/1.2; +https://openai.com/gptbot)"
20.171.207.41 - - [18/Sep/2025:12:32:50 +0700] "GET /omegles-future-redefining-connection-in-the-digital-age/ HTTP/1.0" 200 90396 "-" "Mozilla/5.0 AppleWebKit/537.36 (KHTML, like Gecko; compatible; GPTBot/1.2; +https://openai.com/gptbot)"
20.171.207.41 - - [18/Sep/2025:12:32:53 +0700] "GET /?p=7407 HTTP/1.0" 301 489 "-" "Mozilla/5.0 AppleWebKit/537.36 (KHTML, like Gecko; compatible; GPTBot/1.2; +https://openai.com/gptbot)"
20.171.207.41 - - [18/Sep/2025:12:32:55 +0700] "GET /omegle-and-ometv-for-exploring-music-and-art/ HTTP/1.0" 200 89662 "-" "Mozilla/5.0 AppleWebKit/537.36 (KHTML, like Gecko; compatible; GPTBot/1.2; +https://openai.com/gptbot)"
20.171.207.41 - - [18/Sep/2025:12:32:58 +0700] "GET /?p=7444 HTTP/1.0" 301 520 "-" "Mozilla/5.0 AppleWebKit/537.36 (KHTML, like Gecko; compatible; GPTBot/1.2; +https://openai.com/gptbot)"
20.171.207.41 - - [18/Sep/2025:12:33:00 +0700] "GET /omegle-and-ometv-investigating-the-impact-on-self-esteem-and-social-anxiety/ HTTP/1.0" 200 91644 "-" "Mozilla/5.0 AppleWebKit/537.36 (KHTML, like Gecko; compatible; GPTBot/1.2; +https://openai.com/gptbot)"
20.171.207.41 - - [18/Sep/2025:12:33:04 +0700] "GET /?p=7728 HTTP/1.0" 301 498 "-" "Mozilla/5.0 AppleWebKit/537.36 (KHTML, like Gecko; compatible; GPTBot/1.2; +https://openai.com/gptbot)"
20.171.207.41 - - [18/Sep/2025:12:33:05 +0700] "GET /omegle-vs-chatroulette-a-comparison-of-chat-platforms/ HTTP/1.0" 200 91827 "-" "Mozilla/5.0 AppleWebKit/537.36 (KHTML, like Gecko; compatible; GPTBot/1.2; +https://openai.com/gptbot)"
20.171.207.41 - - [18/Sep/2025:12:33:10 +0700] "GET /?s={search_term_string} HTTP/1.0" 200 57703 "-" "Mozilla/5.0 AppleWebKit/537.36 (KHTML, like Gecko; compatible; GPTBot/1.2; +https://openai.com/gptbot)"
45.117.177.72 - - [18/Sep/2025:12:33:39 +0700] "POST /wp-cron.php?doing_wp_cron=1758173619.5147259235382080078125 HTTP/1.0" 200 416 "-" "WordPress/6.8.1; https://vattusacky.vn"
20.171.207.41 - - [18/Sep/2025:12:33:38 +0700] "GET /?p=7654 HTTP/1.0" 301 521 "-" "Mozilla/5.0 AppleWebKit/537.36 (KHTML, like Gecko; compatible; GPTBot/1.2; +https://openai.com/gptbot)"
20.171.207.41 - - [18/Sep/2025:12:33:39 +0700] "GET /omegle-for-research-utilizing-the-platform-for-social-and-behavioral-studies/ HTTP/1.0" 200 92833 "-" "Mozilla/5.0 AppleWebKit/537.36 (KHTML, like Gecko; compatible; GPTBot/1.2; +https://openai.com/gptbot)"
20.171.207.41 - - [18/Sep/2025:12:33:48 +0700] "GET /wp-json/oembed/1.0/embed?url=https%3A%2F%2Fvattusacky.vn%2Fomegle-and-mental-health-support-utilizing-the-platform-for-emotional-connection-and-crisis-assistance%2F HTTP/1.0" 200 3917 "-" "Mozilla/5.0 AppleWebKit/537.36 (KHTML, like Gecko; compatible; GPTBot/1.2; +https://openai.com/gptbot)"
20.171.207.41 - - [18/Sep/2025:12:33:52 +0700] "GET /?p=7869 HTTP/1.0" 301 492 "-" "Mozilla/5.0 AppleWebKit/537.36 (KHTML, like Gecko; compatible; GPTBot/1.2; +https://openai.com/gptbot)"
20.171.207.41 - - [18/Sep/2025:12:33:53 +0700] "GET /omegles-influence-on-internet-culture-and-memes/ HTTP/1.0" 200 90541 "-" "Mozilla/5.0 AppleWebKit/537.36 (KHTML, like Gecko; compatible; GPTBot/1.2; +https://openai.com/gptbot)"
20.171.207.41 - - [18/Sep/2025:12:33:57 +0700] "GET /?p=7461 HTTP/1.0" 301 512 "-" "Mozilla/5.0 AppleWebKit/537.36 (KHTML, like Gecko; compatible; GPTBot/1.2; +https://openai.com/gptbot)"
20.171.207.41 - - [18/Sep/2025:12:33:59 +0700] "GET /omegle-and-online-education-using-the-platform-for-virtual-learning/ HTTP/1.0" 200 93010 "-" "Mozilla/5.0 AppleWebKit/537.36 (KHTML, like Gecko; compatible; GPTBot/1.2; +https://openai.com/gptbot)"
20.171.207.41 - - [18/Sep/2025:12:34:03 +0700] "GET /wp-json/oembed/1.0/embed?url=https%3A%2F%2Fvattusacky.vn%2Fomegles-history-and-evolution-a-look-back-at-the-anonymous-chat-platform%2F HTTP/1.0" 200 3571 "-" "Mozilla/5.0 AppleWebKit/537.36 (KHTML, like Gecko; compatible; GPTBot/1.2; +https://openai.com/gptbot)"
20.171.207.41 - - [18/Sep/2025:12:34:07 +0700] "GET /?p=7982 HTTP/1.0" 301 496 "-" "Mozilla/5.0 AppleWebKit/537.36 (KHTML, like Gecko; compatible; GPTBot/1.2; +https://openai.com/gptbot)"
20.171.207.41 - - [18/Sep/2025:12:34:08 +0700] "GET /omegles-terms-of-service-understanding-the-legalese/ HTTP/1.0" 200 90192 "-" "Mozilla/5.0 AppleWebKit/537.36 (KHTML, like Gecko; compatible; GPTBot/1.2; +https://openai.com/gptbot)"
20.171.207.41 - - [18/Sep/2025:12:34:12 +0700] "GET /?p=7963 HTTP/1.0" 301 492 "-" "Mozilla/5.0 AppleWebKit/537.36 (KHTML, like Gecko; compatible; GPTBot/1.2; +https://openai.com/gptbot)"
20.171.207.41 - - [18/Sep/2025:12:34:13 +0700] "GET /omegles-role-in-online-dating-and-relationships/ HTTP/1.0" 200 89281 "-" "Mozilla/5.0 AppleWebKit/537.36 (KHTML, like Gecko; compatible; GPTBot/1.2; +https://openai.com/gptbot)"
45.117.177.72 - - [18/Sep/2025:12:34:20 +0700] "POST /wp-cron.php?doing_wp_cron=1758173660.1852281093597412109375 HTTP/1.0" 200 416 "-" "WordPress/6.8.1; https://vattusacky.vn"
20.171.207.41 - - [18/Sep/2025:12:34:19 +0700] "GET /omegle-vs-ometv-a-comparative-study-of-language-translation-features/ HTTP/1.0" 200 92329 "-" "Mozilla/5.0 AppleWebKit/537.36 (KHTML, like Gecko; compatible; GPTBot/1.2; +https://openai.com/gptbot)"
20.171.207.41 - - [18/Sep/2025:12:34:24 +0700] "GET /wp-json/oembed/1.0/embed?url=https%3A%2F%2Fvattusacky.vn%2Fomegle-for-research-utilizing-the-platform-for-social-and-behavioral-studies%2F HTTP/1.0" 200 3615 "-" "Mozilla/5.0 AppleWebKit/537.36 (KHTML, like Gecko; compatible; GPTBot/1.2; +https://openai.com/gptbot)"
