20.171.207.41 - - [18/Sep/2025:12:34:29 +0700] "GET /?p=7866 HTTP/1.0" 301 506 "-" "Mozilla/5.0 AppleWebKit/537.36 (KHTML, like Gecko; compatible; GPTBot/1.2; +https://openai.com/gptbot)"
20.171.207.41 - - [18/Sep/2025:12:34:30 +0700] "GET /omegles-impact-on-the-mental-health-of-vulnerable-populations/ HTTP/1.0" 200 90043 "-" "Mozilla/5.0 AppleWebKit/537.36 (KHTML, like Gecko; compatible; GPTBot/1.2; +https://openai.com/gptbot)"
20.171.207.41 - - [18/Sep/2025:12:34:35 +0700] "GET /?p=7443 HTTP/1.0" 301 500 "-" "Mozilla/5.0 AppleWebKit/537.36 (KHTML, like Gecko; compatible; GPTBot/1.2; +https://openai.com/gptbot)"
20.171.207.41 - - [18/Sep/2025:12:34:37 +0700] "GET /omegle-and-ometv-innovative-tools-for-breaking-barriers/ HTTP/1.0" 200 91074 "-" "Mozilla/5.0 AppleWebKit/537.36 (KHTML, like Gecko; compatible; GPTBot/1.2; +https://openai.com/gptbot)"
20.171.207.41 - - [18/Sep/2025:12:34:43 +0700] "GET /?s=%7Bsearch_term_string%7D HTTP/1.0" 200 57703 "-" "Mozilla/5.0 AppleWebKit/537.36 (KHTML, like Gecko; compatible; GPTBot/1.2; +https://openai.com/gptbot)"
20.171.207.41 - - [18/Sep/2025:12:35:07 +0700] "GET /wp-json/oembed/1.0/embed?url=https%3A%2F%2Fvattusacky.vn%2Fomegles-terms-of-service-understanding-the-legalese%2F HTTP/1.0" 200 3474 "-" "Mozilla/5.0 AppleWebKit/537.36 (KHTML, like Gecko; compatible; GPTBot/1.2; +https://openai.com/gptbot)"
20.171.207.41 - - [18/Sep/2025:12:35:12 +0700] "GET /wp-json/oembed/1.0/embed?url=https%3A%2F%2Fvattusacky.vn%2Fomegles-role-in-shaping-the-future-of-online-privacy%2F HTTP/1.0" 200 3474 "-" "Mozilla/5.0 AppleWebKit/537.36 (KHTML, like Gecko; compatible; GPTBot/1.2; +https://openai.com/gptbot)"
45.117.177.72 - - [18/Sep/2025:12:35:18 +0700] "POST /wp-cron.php?doing_wp_cron=1758173717.8816719055175781250000 HTTP/1.0" 200 416 "-" "WordPress/6.8.1; https://vattusacky.vn"
20.171.207.41 - - [18/Sep/2025:12:35:16 +0700] "GET /wp-json/oembed/1.0/embed?url=https%3A%2F%2Fvattusacky.vn%2Fomegle-and-ometv-innovative-tools-for-breaking-barriers%2F HTTP/1.0" 200 3496 "-" "Mozilla/5.0 AppleWebKit/537.36 (KHTML, like Gecko; compatible; GPTBot/1.2; +https://openai.com/gptbot)"
20.171.207.41 - - [18/Sep/2025:12:35:20 +0700] "GET /wp-json/oembed/1.0/embed?url=https%3A%2F%2Fvattusacky.vn%2Fis-chatroulette-or-omegle-more-suitable-for-gaming-communities%2F HTTP/1.0" 200 3511 "-" "Mozilla/5.0 AppleWebKit/537.36 (KHTML, like Gecko; compatible; GPTBot/1.2; +https://openai.com/gptbot)"
20.171.207.41 - - [18/Sep/2025:12:35:25 +0700] "GET /wp-json/oembed/1.0/embed?url=https%3A%2F%2Fvattusacky.vn%2Fomegle-and-mental-health-support-an-unlikely-source-of-comfort%2F HTTP/1.0" 200 3520 "-" "Mozilla/5.0 AppleWebKit/537.36 (KHTML, like Gecko; compatible; GPTBot/1.2; +https://openai.com/gptbot)"
20.171.207.41 - - [18/Sep/2025:12:35:30 +0700] "GET /wp-json/oembed/1.0/embed?url=https%3A%2F%2Fvattusacky.vn%2Fleveraging-technology-for-network-building-on-omegle-and-ometv%2F HTTP/1.0" 200 3532 "-" "Mozilla/5.0 AppleWebKit/537.36 (KHTML, like Gecko; compatible; GPTBot/1.2; +https://openai.com/gptbot)"
20.171.207.41 - - [18/Sep/2025:12:35:34 +0700] "GET /?p=7737 HTTP/1.0" 301 513 "-" "Mozilla/5.0 AppleWebKit/537.36 (KHTML, like Gecko; compatible; GPTBot/1.2; +https://openai.com/gptbot)"
20.171.207.41 - - [18/Sep/2025:12:35:35 +0700] "GET /omegle-vs-ometv-a-comparative-study-of-language-translation-features/ HTTP/1.0" 200 92329 "-" "Mozilla/5.0 AppleWebKit/537.36 (KHTML, like Gecko; compatible; GPTBot/1.2; +https://openai.com/gptbot)"
20.171.207.41 - - [18/Sep/2025:12:35:38 +0700] "GET /wp-json/oembed/1.0/embed?url=https%3A%2F%2Fvattusacky.vn%2Fnavigating-the-future-of-random-chats-omegle-paves-the-way%2F HTTP/1.0" 200 3472 "-" "Mozilla/5.0 AppleWebKit/537.36 (KHTML, like Gecko; compatible; GPTBot/1.2; +https://openai.com/gptbot)"
20.171.207.41 - - [18/Sep/2025:12:35:42 +0700] "GET /wp-json/oembed/1.0/embed?url=https%3A%2F%2Fvattusacky.vn%2Fnavigating-the-cosmic-web-of-connections-on-omegle%2F HTTP/1.0" 200 3474 "-" "Mozilla/5.0 AppleWebKit/537.36 (KHTML, like Gecko; compatible; GPTBot/1.2; +https://openai.com/gptbot)"
20.171.207.41 - - [18/Sep/2025:12:35:46 +0700] "GET /wp-json/oembed/1.0/embed?url=https%3A%2F%2Fvattusacky.vn%2Fomegles-role-in-the-digital-age-connecting-people-across-the-world%2F HTTP/1.0" 200 3550 "-" "Mozilla/5.0 AppleWebKit/537.36 (KHTML, like Gecko; compatible; GPTBot/1.2; +https://openai.com/gptbot)"
185.191.171.5 - - [18/Sep/2025:12:35:50 +0700] "GET /robots.txt HTTP/1.0" 200 984 "-" "Mozilla/5.0 (compatible; SemrushBot/7~bl; +http://www.semrush.com/bot.html)"
20.171.207.41 - - [18/Sep/2025:12:35:49 +0700] "GET /wp-json/oembed/1.0/embed?url=https%3A%2F%2Fvattusacky.vn%2Fomegle-vs-ometv-which-random-chatting-platform-is-right-for-you%2F HTTP/1.0" 200 3498 "-" "Mozilla/5.0 AppleWebKit/537.36 (KHTML, like Gecko; compatible; GPTBot/1.2; +https://openai.com/gptbot)"
85.208.96.196 - - [18/Sep/2025:12:35:52 +0700] "GET /hello-world-6/ HTTP/1.0" 200 202923 "-" "Mozilla/5.0 (compatible; SemrushBot/7~bl; +http://www.semrush.com/bot.html)"
20.171.207.41 - - [18/Sep/2025:12:35:54 +0700] "GET /wp-json/oembed/1.0/embed?url=https%3A%2F%2Fvattusacky.vn%2Fomegle-and-ometv-for-finding-like-minded-individuals%2F HTTP/1.0" 200 3463 "-" "Mozilla/5.0 AppleWebKit/537.36 (KHTML, like Gecko; compatible; GPTBot/1.2; +https://openai.com/gptbot)"
20.171.207.41 - - [18/Sep/2025:12:35:57 +0700] "GET /wp-json/oembed/1.0/embed?url=https%3A%2F%2Fvattusacky.vn%2Fomegle-and-mental-health-potential-impact-on-users%2F HTTP/1.0" 200 3434 "-" "Mozilla/5.0 AppleWebKit/537.36 (KHTML, like Gecko; compatible; GPTBot/1.2; +https://openai.com/gptbot)"
20.171.207.41 - - [18/Sep/2025:12:36:01 +0700] "GET /wp-json/wp/v2/posts/7978 HTTP/1.0" 200 26715 "-" "Mozilla/5.0 AppleWebKit/537.36 (KHTML, like Gecko; compatible; GPTBot/1.2; +https://openai.com/gptbot)"
20.171.207.41 - - [18/Sep/2025:12:36:04 +0700] "GET /wp-json/oembed/1.0/embed?url=https%3A%2F%2Fvattusacky.vn%2Fomegle-and-online-dating-safety-meeting-strangers-in-person%2F HTTP/1.0" 200 3523 "-" "Mozilla/5.0 AppleWebKit/537.36 (KHTML, like Gecko; compatible; GPTBot/1.2; +https://openai.com/gptbot)"
20.171.207.41 - - [18/Sep/2025:12:36:08 +0700] "GET /wp-json/wp/v2/posts/7793 HTTP/1.0" 200 38476 "-" "Mozilla/5.0 AppleWebKit/537.36 (KHTML, like Gecko; compatible; GPTBot/1.2; +https://openai.com/gptbot)"
20.171.207.41 - - [18/Sep/2025:12:36:12 +0700] "GET /wp-json/wp/v2/posts/7654 HTTP/1.0" 200 41580 "-" "Mozilla/5.0 AppleWebKit/537.36 (KHTML, like Gecko; compatible; GPTBot/1.2; +https://openai.com/gptbot)"
45.117.177.72 - - [18/Sep/2025:12:36:18 +0700] "POST /wp-cron.php?doing_wp_cron=1758173778.6807289123535156250000 HTTP/1.0" 200 416 "-" "WordPress/6.8.1; https://vattusacky.vn"
20.171.207.41 - - [18/Sep/2025:12:36:17 +0700] "GET /wp-json/wp/v2/posts/7370 HTTP/1.0" 200 40602 "-" "Mozilla/5.0 AppleWebKit/537.36 (KHTML, like Gecko; compatible; GPTBot/1.2; +https://openai.com/gptbot)"
20.171.207.41 - - [18/Sep/2025:12:36:21 +0700] "GET /wp-json/wp/v2/posts/7249 HTTP/1.0" 200 41490 "-" "Mozilla/5.0 AppleWebKit/537.36 (KHTML, like Gecko; compatible; GPTBot/1.2; +https://openai.com/gptbot)"
20.171.207.41 - - [18/Sep/2025:12:36:24 +0700] "GET /wp-json/wp/v2/posts/7175 HTTP/1.0" 200 40564 "-" "Mozilla/5.0 AppleWebKit/537.36 (KHTML, like Gecko; compatible; GPTBot/1.2; +https://openai.com/gptbot)"
20.171.207.41 - - [18/Sep/2025:12:36:28 +0700] "GET /wp-json/wp/v2/posts/7137 HTTP/1.0" 200 25469 "-" "Mozilla/5.0 AppleWebKit/537.36 (KHTML, like Gecko; compatible; GPTBot/1.2; +https://openai.com/gptbot)"
20.171.207.41 - - [18/Sep/2025:12:36:32 +0700] "GET /wp-json/wp/v2/posts/7443 HTTP/1.0" 200 39667 "-" "Mozilla/5.0 AppleWebKit/537.36 (KHTML, like Gecko; compatible; GPTBot/1.2; +https://openai.com/gptbot)"
20.171.207.41 - - [18/Sep/2025:12:36:36 +0700] "GET /wp-json/wp/v2/posts/7408 HTTP/1.0" 200 37384 "-" "Mozilla/5.0 AppleWebKit/537.36 (KHTML, like Gecko; compatible; GPTBot/1.2; +https://openai.com/gptbot)"
20.171.207.41 - - [18/Sep/2025:12:36:39 +0700] "GET /wp-json/wp/v2/posts/7982 HTTP/1.0" 200 38961 "-" "Mozilla/5.0 AppleWebKit/537.36 (KHTML, like Gecko; compatible; GPTBot/1.2; +https://openai.com/gptbot)"
20.171.207.41 - - [18/Sep/2025:12:36:43 +0700] "GET /wp-json/oembed/1.0/embed?url=https%3A%2F%2Fvattusacky.vn%2Fis-serendipity-a-product-of-chance-or-design-on-omegle-and-ometv%2F HTTP/1.0" 200 3480 "-" "Mozilla/5.0 AppleWebKit/537.36 (KHTML, like Gecko; compatible; GPTBot/1.2; +https://openai.com/gptbot)"
20.171.207.41 - - [18/Sep/2025:12:36:46 +0700] "GET /omegles-role-in-shaping-the-future-of-online-privacy/feed/ HTTP/1.0" 200 1607 "-" "Mozilla/5.0 AppleWebKit/537.36 (KHTML, like Gecko; compatible; GPTBot/1.2; +https://openai.com/gptbot)"
20.171.207.41 - - [18/Sep/2025:12:36:48 +0700] "GET /wp-json/wp/v2/posts/7822 HTTP/1.0" 200 39226 "-" "Mozilla/5.0 AppleWebKit/537.36 (KHTML, like Gecko; compatible; GPTBot/1.2; +https://openai.com/gptbot)"
20.171.207.41 - - [18/Sep/2025:12:36:51 +0700] "GET /wp-json/wp/v2/posts/7762 HTTP/1.0" 200 41392 "-" "Mozilla/5.0 AppleWebKit/537.36 (KHTML, like Gecko; compatible; GPTBot/1.2; +https://openai.com/gptbot)"
20.171.207.41 - - [18/Sep/2025:12:36:54 +0700] "GET /wp-json/wp/v2/posts/7747 HTTP/1.0" 200 43103 "-" "Mozilla/5.0 AppleWebKit/537.36 (KHTML, like Gecko; compatible; GPTBot/1.2; +https://openai.com/gptbot)"
20.171.207.41 - - [18/Sep/2025:12:36:56 +0700] "GET /omegle-and-mental-health-support-utilizing-the-platform-for-emotional-connection-and-crisis-assistance/feed/ HTTP/1.0" 200 1757 "-" "Mozilla/5.0 AppleWebKit/537.36 (KHTML, like Gecko; compatible; GPTBot/1.2; +https://openai.com/gptbot)"
20.171.207.41 - - [18/Sep/2025:12:36:59 +0700] "GET /wp-json/oembed/1.0/embed?url=https%3A%2F%2Fvattusacky.vn%2Fomegle-vs-ometv-an-in-depth-comparison-of-user-interface-design%2F HTTP/1.0" 200 3530 "-" "Mozilla/5.0 AppleWebKit/537.36 (KHTML, like Gecko; compatible; GPTBot/1.2; +https://openai.com/gptbot)"
20.171.207.41 - - [18/Sep/2025:12:37:02 +0700] "GET /wp-json/wp/v2/posts/7148 HTTP/1.0" 200 37396 "-" "Mozilla/5.0 AppleWebKit/537.36 (KHTML, like Gecko; compatible; GPTBot/1.2; +https://openai.com/gptbot)"
20.171.207.41 - - [18/Sep/2025:12:37:06 +0700] "GET /omegle-vs-ometv-the-impact-of-advertisement-on-user-experience/feed/ HTTP/1.0" 200 1637 "-" "Mozilla/5.0 AppleWebKit/537.36 (KHTML, like Gecko; compatible; GPTBot/1.2; +https://openai.com/gptbot)"
20.171.207.41 - - [18/Sep/2025:12:37:09 +0700] "GET /wp-json/oembed/1.0/embed?url=https%3A%2F%2Fvattusacky.vn%2Fomegle-vs-ometv-the-impact-of-advertisement-on-user-experience%2F HTTP/1.0" 200 3521 "-" "Mozilla/5.0 AppleWebKit/537.36 (KHTML, like Gecko; compatible; GPTBot/1.2; +https://openai.com/gptbot)"
20.171.207.41 - - [18/Sep/2025:12:37:13 +0700] "GET /omegle-and-mental-health-support-an-unlikely-source-of-comfort/feed/ HTTP/1.0" 200 1637 "-" "Mozilla/5.0 AppleWebKit/537.36 (KHTML, like Gecko; compatible; GPTBot/1.2; +https://openai.com/gptbot)"
45.117.177.72 - - [18/Sep/2025:12:37:18 +0700] "POST /wp-cron.php?doing_wp_cron=1758173837.8780300617218017578125 HTTP/1.0" 200 416 "-" "WordPress/6.8.1; https://vattusacky.vn"
20.171.207.41 - - [18/Sep/2025:12:37:16 +0700] "GET /omegle-for-research-utilizing-the-platform-for-social-and-behavioral-studies/feed/ HTTP/1.0" 200 1679 "-" "Mozilla/5.0 AppleWebKit/537.36 (KHTML, like Gecko; compatible; GPTBot/1.2; +https://openai.com/gptbot)"
20.171.207.41 - - [18/Sep/2025:12:37:20 +0700] "GET /omegle-and-online-dating-safety-meeting-strangers-in-person/feed/ HTTP/1.0" 200 1628 "-" "Mozilla/5.0 AppleWebKit/537.36 (KHTML, like Gecko; compatible; GPTBot/1.2; +https://openai.com/gptbot)"
20.171.207.41 - - [18/Sep/2025:12:37:23 +0700] "GET /omegle-vs-ometv-which-random-chatting-platform-is-right-for-you/feed/ HTTP/1.0" 200 1640 "-" "Mozilla/5.0 AppleWebKit/537.36 (KHTML, like Gecko; compatible; GPTBot/1.2; +https://openai.com/gptbot)"
20.171.207.41 - - [18/Sep/2025:12:37:26 +0700] "GET /omegles-terms-of-service-understanding-the-legalese/feed/ HTTP/1.0" 200 1604 "-" "Mozilla/5.0 AppleWebKit/537.36 (KHTML, like Gecko; compatible; GPTBot/1.2; +https://openai.com/gptbot)"
20.171.207.41 - - [18/Sep/2025:12:37:29 +0700] "GET /navigating-the-future-of-random-chats-omegle-paves-the-way/feed/ HTTP/1.0" 200 1625 "-" "Mozilla/5.0 AppleWebKit/537.36 (KHTML, like Gecko; compatible; GPTBot/1.2; +https://openai.com/gptbot)"
20.171.207.41 - - [18/Sep/2025:12:37:32 +0700] "GET /omegles-history-and-evolution-a-look-back-at-the-anonymous-chat-platform/feed/ HTTP/1.0" 200 1667 "-" "Mozilla/5.0 AppleWebKit/537.36 (KHTML, like Gecko; compatible; GPTBot/1.2; +https://openai.com/gptbot)"
20.171.207.41 - - [18/Sep/2025:12:37:34 +0700] "GET /leveraging-technology-for-network-building-on-omegle-and-ometv/feed/ HTTP/1.0" 200 1637 "-" "Mozilla/5.0 AppleWebKit/537.36 (KHTML, like Gecko; compatible; GPTBot/1.2; +https://openai.com/gptbot)"
20.171.207.41 - - [18/Sep/2025:12:37:38 +0700] "GET /is-chatroulette-or-omegle-more-suitable-for-gaming-communities/feed/ HTTP/1.0" 200 1637 "-" "Mozilla/5.0 AppleWebKit/537.36 (KHTML, like Gecko; compatible; GPTBot/1.2; +https://openai.com/gptbot)"
216.244.66.237 - - [18/Sep/2025:12:37:41 +0700] "GET /robots.txt HTTP/1.0" 200 984 "-" "Mozilla/5.0 (compatible; DotBot/1.2; +https://opensiteexplorer.org/dotbot; help@moz.com)"
20.171.207.41 - - [18/Sep/2025:12:37:42 +0700] "GET /omegle-vs-ometv-an-in-depth-comparison-of-user-interface-design/feed/ HTTP/1.0" 200 1640 "-" "Mozilla/5.0 AppleWebKit/537.36 (KHTML, like Gecko; compatible; GPTBot/1.2; +https://openai.com/gptbot)"
20.171.207.41 - - [18/Sep/2025:12:37:46 +0700] "GET /omegle-and-ometv-innovative-tools-for-breaking-barriers/feed/ HTTP/1.0" 200 1616 "-" "Mozilla/5.0 AppleWebKit/537.36 (KHTML, like Gecko; compatible; GPTBot/1.2; +https://openai.com/gptbot)"
20.171.207.41 - - [18/Sep/2025:12:37:49 +0700] "GET /omegle-and-ometv-for-finding-like-minded-individuals/feed/ HTTP/1.0" 200 1607 "-" "Mozilla/5.0 AppleWebKit/537.36 (KHTML, like Gecko; compatible; GPTBot/1.2; +https://openai.com/gptbot)"
20.171.207.41 - - [18/Sep/2025:12:37:52 +0700] "GET /wp-json/oembed/1.0/embed?format=xml&url=https%3A%2F%2Fvattusacky.vn%2Fomegle-and-mental-health-support-utilizing-the-platform-for-emotional-connection-and-crisis-assistance%2F HTTP/1.0" 200 3946 "-" "Mozilla/5.0 AppleWebKit/537.36 (KHTML, like Gecko; compatible; GPTBot/1.2; +https://openai.com/gptbot)"
20.171.207.41 - - [18/Sep/2025:12:37:56 +0700] "GET /omegle-and-mental-health-potential-impact-on-users/feed/ HTTP/1.0" 200 1601 "-" "Mozilla/5.0 AppleWebKit/537.36 (KHTML, like Gecko; compatible; GPTBot/1.2; +https://openai.com/gptbot)"
20.171.207.41 - - [18/Sep/2025:12:38:00 +0700] "GET /navigating-the-cosmic-web-of-connections-on-omegle/feed/ HTTP/1.0" 200 1601 "-" "Mozilla/5.0 AppleWebKit/537.36 (KHTML, like Gecko; compatible; GPTBot/1.2; +https://openai.com/gptbot)"
20.171.207.41 - - [18/Sep/2025:12:38:03 +0700] "GET /wp-json/oembed/1.0/embed?format=xml&url=https%3A%2F%2Fvattusacky.vn%2Fomegles-history-and-evolution-a-look-back-at-the-anonymous-chat-platform%2F HTTP/1.0" 200 3747 "-" "Mozilla/5.0 AppleWebKit/537.36 (KHTML, like Gecko; compatible; GPTBot/1.2; +https://openai.com/gptbot)"
20.171.207.41 - - [18/Sep/2025:12:38:05 +0700] "GET /wp-json/oembed/1.0/embed?format=xml&url=https%3A%2F%2Fvattusacky.vn%2Fomegle-for-research-utilizing-the-platform-for-social-and-behavioral-studies%2F HTTP/1.0" 200 3789 "-" "Mozilla/5.0 AppleWebKit/537.36 (KHTML, like Gecko; compatible; GPTBot/1.2; +https://openai.com/gptbot)"
20.171.207.41 - - [18/Sep/2025:12:38:09 +0700] "GET /wp-json/oembed/1.0/embed?format=xml&url=https%3A%2F%2Fvattusacky.vn%2Fomegle-and-mental-health-support-an-unlikely-source-of-comfort%2F HTTP/1.0" 200 3694 "-" "Mozilla/5.0 AppleWebKit/537.36 (KHTML, like Gecko; compatible; GPTBot/1.2; +https://openai.com/gptbot)"
20.171.207.41 - - [18/Sep/2025:12:38:12 +0700] "GET /wp-json/oembed/1.0/embed?format=xml&url=https%3A%2F%2Fvattusacky.vn%2Fomegles-terms-of-service-understanding-the-legalese%2F HTTP/1.0" 200 3650 "-" "Mozilla/5.0 AppleWebKit/537.36 (KHTML, like Gecko; compatible; GPTBot/1.2; +https://openai.com/gptbot)"
45.117.177.72 - - [18/Sep/2025:12:38:17 +0700] "POST /wp-cron.php?doing_wp_cron=1758173897.4942240715026855468750 HTTP/1.0" 200 416 "-" "WordPress/6.8.1; https://vattusacky.vn"
20.171.207.41 - - [18/Sep/2025:12:38:16 +0700] "GET /omegle-and-mental-health-support-utilizing-the-platform-for-emotional-connection-and-crisis-assistance/embed/ HTTP/1.0" 200 24104 "-" "Mozilla/5.0 AppleWebKit/537.36 (KHTML, like Gecko; compatible; GPTBot/1.2; +https://openai.com/gptbot)"
20.171.207.41 - - [18/Sep/2025:12:38:19 +0700] "GET /is-serendipity-a-product-of-chance-or-design-on-omegle-and-ometv/feed/ HTTP/1.0" 200 1643 "-" "Mozilla/5.0 AppleWebKit/537.36 (KHTML, like Gecko; compatible; GPTBot/1.2; +https://openai.com/gptbot)"
20.171.207.41 - - [18/Sep/2025:12:38:23 +0700] "GET /omegles-role-in-the-digital-age-connecting-people-across-the-world/feed/ HTTP/1.0" 200 1649 "-" "Mozilla/5.0 AppleWebKit/537.36 (KHTML, like Gecko; compatible; GPTBot/1.2; +https://openai.com/gptbot)"
20.171.207.41 - - [18/Sep/2025:12:38:27 +0700] "GET /omegles-history-and-evolution-a-look-back-at-the-anonymous-chat-platform/embed/ HTTP/1.0" 200 23694 "-" "Mozilla/5.0 AppleWebKit/537.36 (KHTML, like Gecko; compatible; GPTBot/1.2; +https://openai.com/gptbot)"
20.171.207.41 - - [18/Sep/2025:12:38:31 +0700] "GET /wp-json/oembed/1.0/embed?format=xml&url=https%3A%2F%2Fvattusacky.vn%2Fomegles-role-in-the-digital-age-connecting-people-across-the-world%2F HTTP/1.0" 200 3727 "-" "Mozilla/5.0 AppleWebKit/537.36 (KHTML, like Gecko; compatible; GPTBot/1.2; +https://openai.com/gptbot)"
20.171.207.41 - - [18/Sep/2025:12:38:35 +0700] "GET /omegle-for-research-utilizing-the-platform-for-social-and-behavioral-studies/embed/ HTTP/1.0" 200 23766 "-" "Mozilla/5.0 AppleWebKit/537.36 (KHTML, like Gecko; compatible; GPTBot/1.2; +https://openai.com/gptbot)"
20.171.207.41 - - [18/Sep/2025:12:38:38 +0700] "GET /omegles-terms-of-service-understanding-the-legalese/embed/ HTTP/1.0" 200 23450 "-" "Mozilla/5.0 AppleWebKit/537.36 (KHTML, like Gecko; compatible; GPTBot/1.2; +https://openai.com/gptbot)"
20.171.207.41 - - [18/Sep/2025:12:38:40 +0700] "GET /omegle-and-mental-health-support-an-unlikely-source-of-comfort/embed/ HTTP/1.0" 200 23573 "-" "Mozilla/5.0 AppleWebKit/537.36 (KHTML, like Gecko; compatible; GPTBot/1.2; +https://openai.com/gptbot)"
20.171.207.41 - - [18/Sep/2025:12:38:42 +0700] "GET /wp-json/oembed/1.0/embed?format=xml&url=https%3A%2F%2Fvattusacky.vn%2Fleveraging-technology-for-network-building-on-omegle-and-ometv%2F HTTP/1.0" 200 3707 "-" "Mozilla/5.0 AppleWebKit/537.36 (KHTML, like Gecko; compatible; GPTBot/1.2; +https://openai.com/gptbot)"
20.171.207.41 - - [18/Sep/2025:12:38:45 +0700] "GET /wp-json/oembed/1.0/embed?format=xml&url=https%3A%2F%2Fvattusacky.vn%2Fis-chatroulette-or-omegle-more-suitable-for-gaming-communities%2F HTTP/1.0" 200 3685 "-" "Mozilla/5.0 AppleWebKit/537.36 (KHTML, like Gecko; compatible; GPTBot/1.2; +https://openai.com/gptbot)"
20.171.207.41 - - [18/Sep/2025:12:38:48 +0700] "GET /wp-json/oembed/1.0/embed?format=xml&url=https%3A%2F%2Fvattusacky.vn%2Fomegles-role-in-shaping-the-future-of-online-privacy%2F HTTP/1.0" 200 3649 "-" "Mozilla/5.0 AppleWebKit/537.36 (KHTML, like Gecko; compatible; GPTBot/1.2; +https://openai.com/gptbot)"
20.171.207.41 - - [18/Sep/2025:12:38:52 +0700] "GET /omegles-role-in-the-digital-age-connecting-people-across-the-world/embed/ HTTP/1.0" 200 23777 "-" "Mozilla/5.0 AppleWebKit/537.36 (KHTML, like Gecko; compatible; GPTBot/1.2; +https://openai.com/gptbot)"
20.171.207.41 - - [18/Sep/2025:12:38:55 +0700] "GET /wp-json/oembed/1.0/embed?format=xml&url=https%3A%2F%2Fvattusacky.vn%2Fomegle-vs-ometv-which-random-chatting-platform-is-right-for-you%2F HTTP/1.0" 200 3672 "-" "Mozilla/5.0 AppleWebKit/537.36 (KHTML, like Gecko; compatible; GPTBot/1.2; +https://openai.com/gptbot)"
20.171.207.41 - - [18/Sep/2025:12:38:59 +0700] "GET /wp-json/oembed/1.0/embed?format=xml&url=https%3A%2F%2Fvattusacky.vn%2Fnavigating-the-future-of-random-chats-omegle-paves-the-way%2F HTTP/1.0" 200 3646 "-" "Mozilla/5.0 AppleWebKit/537.36 (KHTML, like Gecko; compatible; GPTBot/1.2; +https://openai.com/gptbot)"
20.171.207.41 - - [18/Sep/2025:12:39:02 +0700] "GET /wp-json/oembed/1.0/embed?format=xml&url=https%3A%2F%2Fvattusacky.vn%2Fomegle-vs-ometv-an-in-depth-comparison-of-user-interface-design%2F HTTP/1.0" 200 3704 "-" "Mozilla/5.0 AppleWebKit/537.36 (KHTML, like Gecko; compatible; GPTBot/1.2; +https://openai.com/gptbot)"
20.171.207.41 - - [18/Sep/2025:12:39:06 +0700] "GET /wp-json/oembed/1.0/embed?format=xml&url=https%3A%2F%2Fvattusacky.vn%2Fomegle-vs-ometv-the-impact-of-advertisement-on-user-experience%2F HTTP/1.0" 200 3695 "-" "Mozilla/5.0 AppleWebKit/537.36 (KHTML, like Gecko; compatible; GPTBot/1.2; +https://openai.com/gptbot)"
20.171.207.41 - - [18/Sep/2025:12:39:09 +0700] "GET /leveraging-technology-for-network-building-on-omegle-and-ometv/embed/ HTTP/1.0" 200 23585 "-" "Mozilla/5.0 AppleWebKit/537.36 (KHTML, like Gecko; compatible; GPTBot/1.2; +https://openai.com/gptbot)"
20.171.207.41 - - [18/Sep/2025:12:39:11 +0700] "GET /omegles-role-in-shaping-the-future-of-online-privacy/embed/ HTTP/1.0" 200 23449 "-" "Mozilla/5.0 AppleWebKit/537.36 (KHTML, like Gecko; compatible; GPTBot/1.2; +https://openai.com/gptbot)"
20.171.207.41 - - [18/Sep/2025:12:39:14 +0700] "GET /wp-json/oembed/1.0/embed?format=xml&url=https%3A%2F%2Fvattusacky.vn%2Fomegle-and-online-dating-safety-meeting-strangers-in-person%2F HTTP/1.0" 200 3698 "-" "Mozilla/5.0 AppleWebKit/537.36 (KHTML, like Gecko; compatible; GPTBot/1.2; +https://openai.com/gptbot)"
45.117.177.72 - - [18/Sep/2025:12:39:18 +0700] "POST /wp-cron.php?doing_wp_cron=1758173958.7293670177459716796875 HTTP/1.0" 200 416 "-" "WordPress/6.8.1; https://vattusacky.vn"
20.171.207.41 - - [18/Sep/2025:12:39:17 +0700] "GET /omegle-vs-ometv-which-random-chatting-platform-is-right-for-you/embed/ HTTP/1.0" 200 23558 "-" "Mozilla/5.0 AppleWebKit/537.36 (KHTML, like Gecko; compatible; GPTBot/1.2; +https://openai.com/gptbot)"
20.171.207.41 - - [18/Sep/2025:12:39:20 +0700] "GET /navigating-the-future-of-random-chats-omegle-paves-the-way/embed/ HTTP/1.0" 200 23497 "-" "Mozilla/5.0 AppleWebKit/537.36 (KHTML, like Gecko; compatible; GPTBot/1.2; +https://openai.com/gptbot)"
20.171.207.41 - - [18/Sep/2025:12:39:22 +0700] "GET /is-chatroulette-or-omegle-more-suitable-for-gaming-communities/embed/ HTTP/1.0" 200 23556 "-" "Mozilla/5.0 AppleWebKit/537.36 (KHTML, like Gecko; compatible; GPTBot/1.2; +https://openai.com/gptbot)"
20.171.207.41 - - [18/Sep/2025:12:39:26 +0700] "GET /omegle-vs-ometv-an-in-depth-comparison-of-user-interface-design/embed/ HTTP/1.0" 200 23582 "-" "Mozilla/5.0 AppleWebKit/537.36 (KHTML, like Gecko; compatible; GPTBot/1.2; +https://openai.com/gptbot)"
20.171.207.41 - - [18/Sep/2025:12:39:29 +0700] "GET /wp-json/oembed/1.0/embed?format=xml&url=https%3A%2F%2Fvattusacky.vn%2Fomegle-and-mental-health-potential-impact-on-users%2F HTTP/1.0" 200 3608 "-" "Mozilla/5.0 AppleWebKit/537.36 (KHTML, like Gecko; compatible; GPTBot/1.2; +https://openai.com/gptbot)"
20.171.207.41 - - [18/Sep/2025:12:39:32 +0700] "GET /omegle-vs-ometv-the-impact-of-advertisement-on-user-experience/embed/ HTTP/1.0" 200 23574 "-" "Mozilla/5.0 AppleWebKit/537.36 (KHTML, like Gecko; compatible; GPTBot/1.2; +https://openai.com/gptbot)"
20.171.207.41 - - [18/Sep/2025:12:39:35 +0700] "GET /wp-json/oembed/1.0/embed?format=xml&url=https%3A%2F%2Fvattusacky.vn%2Fomegle-and-ometv-innovative-tools-for-breaking-barriers%2F HTTP/1.0" 200 3670 "-" "Mozilla/5.0 AppleWebKit/537.36 (KHTML, like Gecko; compatible; GPTBot/1.2; +https://openai.com/gptbot)"
20.171.207.41 - - [18/Sep/2025:12:39:39 +0700] "GET /omegle-and-online-dating-safety-meeting-strangers-in-person/embed/ HTTP/1.0" 200 23547 "-" "Mozilla/5.0 AppleWebKit/537.36 (KHTML, like Gecko; compatible; GPTBot/1.2; +https://openai.com/gptbot)"
20.171.207.41 - - [18/Sep/2025:12:39:42 +0700] "GET /wp-json/oembed/1.0/embed?format=xml&url=https%3A%2F%2Fvattusacky.vn%2Fnavigating-the-cosmic-web-of-connections-on-omegle%2F HTTP/1.0" 200 3648 "-" "Mozilla/5.0 AppleWebKit/537.36 (KHTML, like Gecko; compatible; GPTBot/1.2; +https://openai.com/gptbot)"
20.171.207.41 - - [18/Sep/2025:12:39:45 +0700] "GET /wp-json/oembed/1.0/embed?format=xml&url=https%3A%2F%2Fvattusacky.vn%2Fomegle-and-ometv-for-finding-like-minded-individuals%2F HTTP/1.0" 200 3637 "-" "Mozilla/5.0 AppleWebKit/537.36 (KHTML, like Gecko; compatible; GPTBot/1.2; +https://openai.com/gptbot)"
20.171.207.41 - - [18/Sep/2025:12:39:48 +0700] "GET /wp-json/oembed/1.0/embed?format=xml&url=https%3A%2F%2Fvattusacky.vn%2Fis-serendipity-a-product-of-chance-or-design-on-omegle-and-ometv%2F HTTP/1.0" 200 3654 "-" "Mozilla/5.0 AppleWebKit/537.36 (KHTML, like Gecko; compatible; GPTBot/1.2; +https://openai.com/gptbot)"
40.77.167.55 - - [18/Sep/2025:12:39:50 +0700] "GET /san-pham/bep-cach-thuy-be-on-nhiet-22-lit-wnb22-memmert/ HTTP/1.0" 301 608 "-" "Mozilla/5.0 AppleWebKit/537.36 (KHTML, like Gecko; compatible; bingbot/2.0; +http://www.bing.com/bingbot.htm) Chrome/116.0.1938.76 Safari/537.36"
20.171.207.41 - - [18/Sep/2025:12:39:52 +0700] "GET /omegle-and-mental-health-potential-impact-on-users/embed/ HTTP/1.0" 200 23403 "-" "Mozilla/5.0 AppleWebKit/537.36 (KHTML, like Gecko; compatible; GPTBot/1.2; +https://openai.com/gptbot)"
20.171.207.41 - - [18/Sep/2025:12:39:54 +0700] "GET /omegle-and-ometv-innovative-tools-for-breaking-barriers/embed/ HTTP/1.0" 200 23500 "-" "Mozilla/5.0 AppleWebKit/537.36 (KHTML, like Gecko; compatible; GPTBot/1.2; +https://openai.com/gptbot)"
20.171.207.41 - - [18/Sep/2025:12:39:57 +0700] "GET /wp-json/wp/v2/posts/7246 HTTP/1.0" 200 39301 "-" "Mozilla/5.0 AppleWebKit/537.36 (KHTML, like Gecko; compatible; GPTBot/1.2; +https://openai.com/gptbot)"
20.171.207.41 - - [18/Sep/2025:12:40:00 +0700] "GET /navigating-the-cosmic-web-of-connections-on-omegle/embed/ HTTP/1.0" 200 23443 "-" "Mozilla/5.0 AppleWebKit/537.36 (KHTML, like Gecko; compatible; GPTBot/1.2; +https://openai.com/gptbot)"
20.171.207.41 - - [18/Sep/2025:12:40:03 +0700] "GET /wp-json/wp/v2/posts/7460 HTTP/1.0" 200 39677 "-" "Mozilla/5.0 AppleWebKit/537.36 (KHTML, like Gecko; compatible; GPTBot/1.2; +https://openai.com/gptbot)"
20.171.207.41 - - [18/Sep/2025:12:40:06 +0700] "GET /wp-json/wp/v2/posts/7361 HTTP/1.0" 200 40381 "-" "Mozilla/5.0 AppleWebKit/537.36 (KHTML, like Gecko; compatible; GPTBot/1.2; +https://openai.com/gptbot)"
20.171.207.41 - - [18/Sep/2025:12:40:10 +0700] "GET /is-serendipity-a-product-of-chance-or-design-on-omegle-and-ometv/embed/ HTTP/1.0" 200 23547 "-" "Mozilla/5.0 AppleWebKit/537.36 (KHTML, like Gecko; compatible; GPTBot/1.2; +https://openai.com/gptbot)"
20.171.207.41 - - [18/Sep/2025:12:40:13 +0700] "GET /omegle-and-ometv-for-finding-like-minded-individuals/embed/ HTTP/1.0" 200 23446 "-" "Mozilla/5.0 AppleWebKit/537.36 (KHTML, like Gecko; compatible; GPTBot/1.2; +https://openai.com/gptbot)"
45.117.177.72 - - [18/Sep/2025:12:40:18 +0700] "POST /wp-cron.php?doing_wp_cron=1758174017.9022068977355957031250 HTTP/1.0" 200 416 "-" "WordPress/6.8.1; https://vattusacky.vn"
20.171.207.41 - - [18/Sep/2025:12:40:16 +0700] "GET /wp-json/wp/v2/posts/7974 HTTP/1.0" 200 36845 "-" "Mozilla/5.0 AppleWebKit/537.36 (KHTML, like Gecko; compatible; GPTBot/1.2; +https://openai.com/gptbot)"
85.208.96.204 - - [18/Sep/2025:12:40:18 +0700] "GET /category/latin-dating/ HTTP/1.0" 200 58829 "-" "Mozilla/5.0 (compatible; SemrushBot/7~bl; +http://www.semrush.com/bot.html)"
20.171.207.41 - - [18/Sep/2025:12:40:19 +0700] "GET /wp-json/wp/v2/posts/7363 HTTP/1.0" 200 41965 "-" "Mozilla/5.0 AppleWebKit/537.36 (KHTML, like Gecko; compatible; GPTBot/1.2; +https://openai.com/gptbot)"
45.117.177.72 - - [18/Sep/2025:12:44:06 +0700] "POST /wp-cron.php?doing_wp_cron=1758174246.0373160839080810546875 HTTP/1.0" 200 416 "-" "WordPress/6.8.1; https://vattusacky.vn"
52.167.144.25 - - [18/Sep/2025:12:44:04 +0700] "GET /maksim-krippa-strategija-bystrogo-i-bezopasnogo-1445/ HTTP/1.0" 200 263724 "-" "Mozilla/5.0 AppleWebKit/537.36 (KHTML, like Gecko; compatible; bingbot/2.0; +http://www.bing.com/bingbot.htm) Chrome/116.0.1938.76 Safari/537.36"
45.117.177.72 - - [18/Sep/2025:12:45:00 +0700] "POST /wp-cron.php?doing_wp_cron=1758174299.8362970352172851562500 HTTP/1.0" 200 416 "-" "WordPress/6.8.1; https://vattusacky.vn"
216.244.66.237 - - [18/Sep/2025:12:44:58 +0700] "GET /shaping-the-future-of-random-chats-omegles-bold-moves/ HTTP/1.0" 200 88605 "-" "Mozilla/5.0 (compatible; DotBot/1.2; +https://opensiteexplorer.org/dotbot; help@moz.com)"
45.117.177.72 - - [18/Sep/2025:12:47:09 +0700] "POST /wp-cron.php?doing_wp_cron=1758174429.6979439258575439453125 HTTP/1.0" 200 416 "-" "WordPress/6.8.1; https://vattusacky.vn"
52.200.58.199 - - [18/Sep/2025:12:47:08 +0700] "GET /san-pham/bom-lay-mau-khi-the-tich-050-den-300-l-phut-sibata-mp-sigma300nii/ HTTP/1.0" 200 184874 "-" "Mozilla/5.0 AppleWebKit/537.36 (KHTML, like Gecko; compatible; Amazonbot/0.1; +https://developer.amazon.com/support/amazonbot) Chrome/119.0.6045.214 Safari/537.36"
52.22.87.224 - - [18/Sep/2025:12:47:10 +0700] "GET /betwinner-2256/ HTTP/1.0" 200 78615 "-" "Mozilla/5.0 AppleWebKit/537.36 (KHTML, like Gecko; compatible; Amazonbot/0.1; +https://developer.amazon.com/support/amazonbot) Chrome/119.0.6045.214 Safari/537.36"
23.22.105.143 - - [18/Sep/2025:12:47:11 +0700] "GET /beyond-small-talk-deep-connections-on-omegle/ HTTP/1.0" 200 90912 "-" "Mozilla/5.0 AppleWebKit/537.36 (KHTML, like Gecko; compatible; Amazonbot/0.1; +https://developer.amazon.com/support/amazonbot) Chrome/119.0.6045.214 Safari/537.36"
45.117.177.72 - - [18/Sep/2025:12:47:55 +0700] "POST /wp-cron.php?doing_wp_cron=1758174475.6031179428100585937500 HTTP/1.0" 200 416 "-" "WordPress/6.8.1; https://vattusacky.vn"
85.208.96.210 - - [18/Sep/2025:12:47:54 +0700] "GET /connecting-with-people-from-around-the-world-on-omegle/ HTTP/1.0" 200 89555 "-" "Mozilla/5.0 (compatible; SemrushBot/7~bl; +http://www.semrush.com/bot.html)"
45.117.177.72 - - [18/Sep/2025:12:52:33 +0700] "POST /wp-cron.php?doing_wp_cron=1758174753.3565979003906250000000 HTTP/1.0" 200 416 "-" "WordPress/6.8.1; https://vattusacky.vn"
113.15.123.189 - - [18/Sep/2025:12:52:30 +0700] "POST /wp-comments-post.php HTTP/1.0" 302 1135 "-" "Mozilla/5.0 (Windows NT 10.0; Win64; x64) AppleWebKit/537.36 (KHTML, like Gecko) Chrome/108.0.0.0 Safari/537.36 Edg/108.0.1462.46"
113.15.123.189 - - [18/Sep/2025:12:52:34 +0700] "GET /astrology-and-online-dating-sites/?unapproved=1550&moderation-hash=1db2869a86bbd7644cbb628cb55c1e38 HTTP/1.0" 200 206455 "-" "Mozilla/5.0 (Windows NT 10.0; Win64; x64) AppleWebKit/537.36 (KHTML, like Gecko) Chrome/108.0.0.0 Safari/537.36 Edg/108.0.1462.46"
4.227.36.49 - - [18/Sep/2025:12:52:44 +0700] "GET /robots.txt HTTP/1.0" 301 562 "-" "Mozilla/5.0 AppleWebKit/537.36 (KHTML, like Gecko; compatible; GPTBot/1.2; +https://openai.com/gptbot)"
4.227.36.31 - - [18/Sep/2025:12:52:45 +0700] "GET /robots.txt HTTP/1.0" 200 984 "http://vattusacky.vn/robots.txt" "Mozilla/5.0 AppleWebKit/537.36 (KHTML, like Gecko; compatible; GPTBot/1.2; +https://openai.com/gptbot)"
20.171.207.185 - - [18/Sep/2025:12:52:45 +0700] "GET / HTTP/1.0" 301 598 "-" "Mozilla/5.0 AppleWebKit/537.36 (KHTML, like Gecko; compatible; GPTBot/1.2; +https://openai.com/gptbot)"
4.227.36.49 - - [18/Sep/2025:12:52:45 +0700] "GET /robots.txt HTTP/1.0" 200 984 "https://www.vattusacky.vn/robots.txt" "Mozilla/5.0 AppleWebKit/537.36 (KHTML, like Gecko; compatible; GPTBot/1.2; +https://openai.com/gptbot)"
20.171.207.41 - - [18/Sep/2025:12:52:47 +0700] "GET /guvenilir-anadolu-en-iyi-casino-sitesii-2 HTTP/1.0" 301 632 "-" "Mozilla/5.0 AppleWebKit/537.36 (KHTML, like Gecko; compatible; GPTBot/1.2; +https://openai.com/gptbot)"
20.171.207.185 - - [18/Sep/2025:12:52:48 +0700] "GET / HTTP/1.0" 301 444 "-" "Mozilla/5.0 AppleWebKit/537.36 (KHTML, like Gecko; compatible; GPTBot/1.2; +https://openai.com/gptbot)"
20.171.207.41 - - [18/Sep/2025:12:52:48 +0700] "GET /guvenilir-anadolu-en-iyi-casino-sitesii-2/ HTTP/1.0" 200 220027 "-" "Mozilla/5.0 AppleWebKit/537.36 (KHTML, like Gecko; compatible; GPTBot/1.2; +https://openai.com/gptbot)"
4.227.36.49 - - [18/Sep/2025:12:52:49 +0700] "GET /robots.txt HTTP/1.0" 301 562 "http://www.vattusacky.vn/robots.txt" "Mozilla/5.0 AppleWebKit/537.36 (KHTML, like Gecko; compatible; GPTBot/1.2; +https://openai.com/gptbot)"
20.171.207.41 - - [18/Sep/2025:12:52:50 +0700] "GET /?p=1843 HTTP/1.0" 301 474 "-" "Mozilla/5.0 AppleWebKit/537.36 (KHTML, like Gecko; compatible; GPTBot/1.2; +https://openai.com/gptbot)"
4.227.36.49 - - [18/Sep/2025:12:52:51 +0700] "GET /robots.txt HTTP/1.0" 200 984 "https://www.vattusacky.vn/robots.txt" "Mozilla/5.0 AppleWebKit/537.36 (KHTML, like Gecko; compatible; GPTBot/1.2; +https://openai.com/gptbot)"
20.171.207.41 - - [18/Sep/2025:12:52:52 +0700] "GET /quan-trac-moi-truong-lao-dong/ HTTP/1.0" 200 219028 "-" "Mozilla/5.0 AppleWebKit/537.36 (KHTML, like Gecko; compatible; GPTBot/1.2; +https://openai.com/gptbot)"
20.171.207.41 - - [18/Sep/2025:12:52:55 +0700] "GET /guvenilir-anadolu-en-iyi-casino-sitesii-2 HTTP/1.0" 301 486 "-" "Mozilla/5.0 AppleWebKit/537.36 (KHTML, like Gecko; compatible; GPTBot/1.2; +https://openai.com/gptbot)"
20.171.207.41 - - [18/Sep/2025:12:52:56 +0700] "GET /guvenilir-anadolu-en-iyi-casino-sitesii-2/ HTTP/1.0" 200 220027 "-" "Mozilla/5.0 AppleWebKit/537.36 (KHTML, like Gecko; compatible; GPTBot/1.2; +https://openai.com/gptbot)"
20.171.207.41 - - [18/Sep/2025:12:53:00 +0700] "GET /?p=848 HTTP/1.0" 301 470 "-" "Mozilla/5.0 AppleWebKit/537.36 (KHTML, like Gecko; compatible; GPTBot/1.2; +https://openai.com/gptbot)"
20.171.207.41 - - [18/Sep/2025:12:53:01 +0700] "GET /quantracmoitruongungquanh/ HTTP/1.0" 200 261374 "-" "Mozilla/5.0 AppleWebKit/537.36 (KHTML, like Gecko; compatible; GPTBot/1.2; +https://openai.com/gptbot)"
20.171.207.41 - - [18/Sep/2025:12:53:05 +0700] "GET / HTTP/1.0" 200 59924 "-" "Mozilla/5.0 AppleWebKit/537.36 (KHTML, like Gecko; compatible; GPTBot/1.2; +https://openai.com/gptbot)"
20.171.207.41 - - [18/Sep/2025:12:53:08 +0700] "GET /?p=3807 HTTP/1.0" 301 486 "-" "Mozilla/5.0 AppleWebKit/537.36 (KHTML, like Gecko; compatible; GPTBot/1.2; +https://openai.com/gptbot)"
20.171.207.41 - - [18/Sep/2025:12:53:09 +0700] "GET /guvenilir-anadolu-en-iyi-casino-sitesii-2/ HTTP/1.0" 200 220027 "-" "Mozilla/5.0 AppleWebKit/537.36 (KHTML, like Gecko; compatible; GPTBot/1.2; +https://openai.com/gptbot)"
20.171.207.41 - - [18/Sep/2025:12:53:13 +0700] "GET /wp-editor.php HTTP/1.0" 403 574 "-" "Mozilla/5.0 AppleWebKit/537.36 (KHTML, like Gecko; compatible; GPTBot/1.2; +https://openai.com/gptbot)"
20.171.207.41 - - [18/Sep/2025:12:53:15 +0700] "GET /gifclass.php HTTP/1.0" 403 573 "-" "Mozilla/5.0 AppleWebKit/537.36 (KHTML, like Gecko; compatible; GPTBot/1.2; +https://openai.com/gptbot)"
20.171.207.41 - - [18/Sep/2025:12:53:18 +0700] "GET /clas.php HTTP/1.0" 403 569 "-" "Mozilla/5.0 AppleWebKit/537.36 (KHTML, like Gecko; compatible; GPTBot/1.2; +https://openai.com/gptbot)"
20.171.207.41 - - [18/Sep/2025:12:53:20 +0700] "GET /wp-includes/js/tinymce/skins/lightgray/img/index.php?p HTTP/1.0" 301 553 "-" "Mozilla/5.0 AppleWebKit/537.36 (KHTML, like Gecko; compatible; GPTBot/1.2; +https://openai.com/gptbot)"
45.117.177.72 - - [18/Sep/2025:12:53:21 +0700] "POST /wp-cron.php?doing_wp_cron=1758174801.2919380664825439453125 HTTP/1.0" 200 416 "-" "WordPress/6.8.1; https://vattusacky.vn"
20.171.207.41 - - [18/Sep/2025:12:53:22 +0700] "GET /wp-includes/js/tinymce/skins/lightgray/img/ HTTP/1.0" 403 604 "-" "Mozilla/5.0 AppleWebKit/537.36 (KHTML, like Gecko; compatible; GPTBot/1.2; +https://openai.com/gptbot)"
20.171.207.41 - - [18/Sep/2025:12:53:25 +0700] "GET /flower.php HTTP/1.0" 403 571 "-" "Mozilla/5.0 AppleWebKit/537.36 (KHTML, like Gecko; compatible; GPTBot/1.2; +https://openai.com/gptbot)"
20.171.207.41 - - [18/Sep/2025:12:53:28 +0700] "GET /wp-json HTTP/1.0" 200 1895624 "-" "Mozilla/5.0 AppleWebKit/537.36 (KHTML, like Gecko; compatible; GPTBot/1.2; +https://openai.com/gptbot)"
20.171.207.41 - - [18/Sep/2025:12:53:31 +0700] "GET /akcc.php HTTP/1.0" 403 569 "-" "Mozilla/5.0 AppleWebKit/537.36 (KHTML, like Gecko; compatible; GPTBot/1.2; +https://openai.com/gptbot)"
45.117.177.72 - - [18/Sep/2025:12:55:23 +0700] "POST /wp-cron.php?doing_wp_cron=1758174923.1962120532989501953125 HTTP/1.0" 200 416 "-" "WordPress/6.8.1; https://vattusacky.vn"
185.191.171.15 - - [18/Sep/2025:12:55:22 +0700] "GET /1xbet-uganda-enroll-offer-32/ HTTP/1.0" 200 227747 "-" "Mozilla/5.0 (compatible; SemrushBot/7~bl; +http://www.semrush.com/bot.html)"
52.167.144.203 - - [18/Sep/2025:12:55:46 +0700] "GET /san-pham/phan-tich-nuoc-phong-thi-nghiem-hs-2300plus-humas/ HTTP/1.0" 200 116229 "-" "Mozilla/5.0 AppleWebKit/537.36 (KHTML, like Gecko; compatible; bingbot/2.0; +http://www.bing.com/bingbot.htm) Chrome/116.0.1938.76 Safari/537.36"
45.117.177.72 - - [18/Sep/2025:12:57:56 +0700] "POST /wp-cron.php?doing_wp_cron=1758175076.0202550888061523437500 HTTP/1.0" 200 416 "-" "WordPress/6.8.1; https://vattusacky.vn"
107.136.207.122 - - [18/Sep/2025:12:57:54 +0700] "GET /wp-login.php HTTP/1.0" 200 11374 "-" "GRequests/0.10"
107.136.207.122 - - [18/Sep/2025:12:58:03 +0700] "POST /wp-login.php HTTP/1.0" 200 11752 "-" "GRequests/0.10"
45.117.177.72 - - [18/Sep/2025:12:58:48 +0700] "POST /wp-cron.php?doing_wp_cron=1758175128.4902369976043701171875 HTTP/1.0" 200 416 "-" "WordPress/6.8.1; https://vattusacky.vn"
52.167.144.207 - - [18/Sep/2025:12:58:47 +0700] "GET /personal-stories-of-finding-companionship-on-omegle/ HTTP/1.0" 200 91234 "-" "Mozilla/5.0 AppleWebKit/537.36 (KHTML, like Gecko; compatible; bingbot/2.0; +http://www.bing.com/bingbot.htm) Chrome/116.0.1938.76 Safari/537.36"
45.117.177.72 - - [18/Sep/2025:13:04:07 +0700] "POST /wp-cron.php?doing_wp_cron=1758175447.5091309547424316406250 HTTP/1.0" 200 416 "-" "WordPress/6.8.1; https://vattusacky.vn"
185.191.171.19 - - [18/Sep/2025:13:04:06 +0700] "GET /unraveling-the-enigma-the-technology-of-omegle-vs-ometv-exposed/ HTTP/1.0" 200 92402 "-" "Mozilla/5.0 (compatible; SemrushBot/7~bl; +http://www.semrush.com/bot.html)"
45.117.177.72 - - [18/Sep/2025:13:08:12 +0700] "POST /wp-cron.php?doing_wp_cron=1758175691.6918909549713134765625 HTTP/1.0" 200 416 "-" "WordPress/6.8.1; https://vattusacky.vn"
85.208.96.196 - - [18/Sep/2025:13:08:10 +0700] "GET /tag/nuoc-ngam/ HTTP/1.0" 200 59373 "-" "Mozilla/5.0 (compatible; SemrushBot/7~bl; +http://www.semrush.com/bot.html)"
45.117.177.72 - - [18/Sep/2025:13:14:19 +0700] "POST /wp-cron.php?doing_wp_cron=1758176058.8923389911651611328125 HTTP/1.0" 200 416 "-" "WordPress/6.8.1; https://vattusacky.vn"
52.167.144.158 - - [18/Sep/2025:13:14:17 +0700] "GET /san-pham/chai-dung-dich-hoa-chat-do-o2-fyrite-fyrite-fluid/ HTTP/1.0" 200 100204 "-" "Mozilla/5.0 AppleWebKit/537.36 (KHTML, like Gecko; compatible; bingbot/2.0; +http://www.bing.com/bingbot.htm) Chrome/116.0.1938.76 Safari/537.36"
45.117.177.72 - - [18/Sep/2025:13:15:21 +0700] "POST /wp-cron.php?doing_wp_cron=1758176121.3564670085906982421875 HTTP/1.0" 200 416 "-" "WordPress/6.8.1; https://vattusacky.vn"
159.223.146.201 - - [18/Sep/2025:13:15:19 +0700] "GET / HTTP/1.0" 200 60070 "-" "Mozilla/5.0 (Macintosh; Intel Mac OS X 10.15; rv:134.0) Gecko/20100101 Firefox/134.0"
44.207.207.36 - - [18/Sep/2025:13:16:01 +0700] "GET /tag/college/ HTTP/1.0" 200 58498 "-" "Mozilla/5.0 AppleWebKit/537.36 (KHTML, like Gecko; compatible; Amazonbot/0.1; +https://developer.amazon.com/support/amazonbot) Chrome/119.0.6045.214 Safari/537.36"
34.197.28.78 - - [18/Sep/2025:13:16:06 +0700] "GET /premier-guess-casino-slots-57/ HTTP/1.0" 200 226665 "-" "Mozilla/5.0 AppleWebKit/537.36 (KHTML, like Gecko; compatible; Amazonbot/0.1; +https://developer.amazon.com/support/amazonbot) Chrome/119.0.6045.214 Safari/537.36"
52.4.238.8 - - [18/Sep/2025:13:16:10 +0700] "GET /22bet-withdrawal-148/ HTTP/1.0" 200 241676 "-" "Mozilla/5.0 AppleWebKit/537.36 (KHTML, like Gecko; compatible; Amazonbot/0.1; +https://developer.amazon.com/support/amazonbot) Chrome/119.0.6045.214 Safari/537.36"
45.117.177.72 - - [18/Sep/2025:13:16:58 +0700] "POST /wp-cron.php?doing_wp_cron=1758176217.9027729034423828125000 HTTP/1.0" 200 416 "-" "WordPress/6.8.1; https://vattusacky.vn"
45.61.186.244 - - [18/Sep/2025:13:16:56 +0700] "GET /wp-login.php HTTP/1.0" 200 11447 "-" "Mozilla/5.0 (Macintosh; Intel Mac OS X 10_9_4) AppleWebKit/537.78.2 (KHTML, like Gecko) Version/7.0.6 Safari/537.78.2"
45.117.177.72 - - [18/Sep/2025:13:17:57 +0700] "POST /wp-cron.php?doing_wp_cron=1758176277.0906350612640380859375 HTTP/1.0" 200 416 "-" "WordPress/6.8.1; https://vattusacky.vn"
185.191.171.2 - - [18/Sep/2025:13:17:56 +0700] "GET /a-comparative-analysis-of-user-feedback-on-omegle-and-ometv/ HTTP/1.0" 200 91021 "-" "Mozilla/5.0 (compatible; SemrushBot/7~bl; +http://www.semrush.com/bot.html)"
45.117.177.72 - - [18/Sep/2025:13:20:30 +0700] "POST /wp-cron.php?doing_wp_cron=1758176430.4707899093627929687500 HTTP/1.0" 200 416 "-" "WordPress/6.8.1; https://vattusacky.vn"
107.189.28.60 - - [18/Sep/2025:13:20:28 +0700] "GET /wp-login.php HTTP/1.0" 200 11447 "-" "Mozilla/5.0 (Macintosh; Intel Mac OS X 10_9_2) AppleWebKit/537.75.14 (KHTML, like Gecko) Version/7.0.3 Safari/537.75.14"
216.244.66.237 - - [18/Sep/2025:13:20:59 +0700] "GET /robots.txt HTTP/1.0" 200 984 "-" "Mozilla/5.0 (compatible; DotBot/1.2; +https://opensiteexplorer.org/dotbot; help@moz.com)"
45.117.177.72 - - [18/Sep/2025:13:22:11 +0700] "POST /wp-cron.php?doing_wp_cron=1758176531.2067670822143554687500 HTTP/1.0" 200 416 "-" "WordPress/6.8.1; https://vattusacky.vn"
40.77.167.55 - - [18/Sep/2025:13:22:09 +0700] "GET /the/thiet-bi-lay-mau-theo-epa5/ HTTP/1.0" 200 78961 "-" "Mozilla/5.0 AppleWebKit/537.36 (KHTML, like Gecko; compatible; bingbot/2.0; +http://www.bing.com/bingbot.htm) Chrome/116.0.1938.76 Safari/537.36"
45.117.177.72 - - [18/Sep/2025:13:31:41 +0700] "POST /wp-cron.php?doing_wp_cron=1758177101.3132619857788085937500 HTTP/1.0" 200 416 "-" "WordPress/6.8.1; https://vattusacky.vn"
85.208.96.197 - - [18/Sep/2025:13:31:40 +0700] "GET /search-results-for-1xbet-cc6-bet-1xbet-cc6-bet-138/ HTTP/1.0" 200 244341 "-" "Mozilla/5.0 (compatible; SemrushBot/7~bl; +http://www.semrush.com/bot.html)"
45.117.177.72 - - [18/Sep/2025:13:32:44 +0700] "POST /wp-cron.php?doing_wp_cron=1758177164.1015019416809082031250 HTTP/1.0" 200 416 "-" "WordPress/6.8.1; https://vattusacky.vn"
185.191.171.3 - - [18/Sep/2025:13:32:42 +0700] "GET /sustanon-250-steroid-tutto-cio-che-devi-sapere-6/ HTTP/1.0" 200 204117 "-" "Mozilla/5.0 (compatible; SemrushBot/7~bl; +http://www.semrush.com/bot.html)"
45.117.177.72 - - [18/Sep/2025:13:33:52 +0700] "POST /wp-cron.php?doing_wp_cron=1758177232.3082830905914306640625 HTTP/1.0" 200 416 "-" "WordPress/6.8.1; https://vattusacky.vn"
85.208.96.202 - - [18/Sep/2025:13:33:51 +0700] "GET /category/mail-order-bride-services/ HTTP/1.0" 200 106900 "-" "Mozilla/5.0 (compatible; SemrushBot/7~bl; +http://www.semrush.com/bot.html)"
45.117.177.72 - - [18/Sep/2025:13:36:05 +0700] "POST /wp-cron.php?doing_wp_cron=1758177365.4474871158599853515625 HTTP/1.0" 200 416 "-" "WordPress/6.8.1; https://vattusacky.vn"
185.191.171.14 - - [18/Sep/2025:13:36:04 +0700] "GET /robots.txt HTTP/1.0" 200 984 "-" "Mozilla/5.0 (compatible; SemrushBot/7~bl; +http://www.semrush.com/bot.html)"
85.208.96.206 - - [18/Sep/2025:13:36:08 +0700] "GET /tag/etodolac/ HTTP/1.0" 200 58565 "-" "Mozilla/5.0 (compatible; SemrushBot/7~bl; +http://www.semrush.com/bot.html)"
45.117.177.72 - - [18/Sep/2025:13:36:25 +0700] "POST /wp-cron.php?doing_wp_cron=1758177385.7756810188293457031250 HTTP/1.0" 200 416 "-" "WordPress/6.8.1; https://vattusacky.vn"
216.244.66.237 - - [18/Sep/2025:13:36:24 +0700] "GET /how-omegles-social-experiment-brings-people-together/ HTTP/1.0" 200 90632 "-" "Mozilla/5.0 (compatible; DotBot/1.2; +https://opensiteexplorer.org/dotbot; help@moz.com)"
85.208.96.211 - - [18/Sep/2025:13:36:35 +0700] "GET /drip-casino-igraj-na-aktualnom-zerkale-demo-sloty-2/ HTTP/1.0" 200 214457 "-" "Mozilla/5.0 (compatible; SemrushBot/7~bl; +http://www.semrush.com/bot.html)"
45.117.177.72 - - [18/Sep/2025:13:41:26 +0700] "POST /wp-cron.php?doing_wp_cron=1758177686.1406750679016113281250 HTTP/1.0" 200 416 "-" "WordPress/6.8.1; https://vattusacky.vn"
85.208.96.204 - - [18/Sep/2025:13:41:25 +0700] "GET /can-you-meet-new-people-on-omegle/ HTTP/1.0" 200 86298 "-" "Mozilla/5.0 (compatible; SemrushBot/7~bl; +http://www.semrush.com/bot.html)"
44.193.115.232 - - [18/Sep/2025:13:41:56 +0700] "GET /robots.txt HTTP/1.0" 200 984 "-" "Mozilla/5.0 AppleWebKit/537.36 (KHTML, like Gecko; compatible; Amazonbot/0.1; +https://developer.amazon.com/support/amazonbot) Chrome/119.0.6045.214 Safari/537.36"
3.215.221.125 - - [18/Sep/2025:13:42:08 +0700] "GET /danh-muc/moi-truong-khi/may-do-khi-do-khi/ HTTP/1.0" 200 68353 "-" "Mozilla/5.0 AppleWebKit/537.36 (KHTML, like Gecko; compatible; Amazonbot/0.1; +https://developer.amazon.com/support/amazonbot) Chrome/119.0.6045.214 Safari/537.36"
52.203.237.170 - - [18/Sep/2025:13:42:12 +0700] "GET /wp-content/uploads/2018/08/fyrite_datasheet.pdf HTTP/1.0" 200 429 "-" "Mozilla/5.0 AppleWebKit/537.36 (KHTML, like Gecko; compatible; Amazonbot/0.1; +https://developer.amazon.com/support/amazonbot) Chrome/119.0.6045.214 Safari/537.36"
34.238.45.183 - - [18/Sep/2025:13:42:11 +0700] "GET /daddy-casino-onlajn-kazino-bonusy-demo-bystryj/ HTTP/1.0" 200 96625 "-" "Mozilla/5.0 AppleWebKit/537.36 (KHTML, like Gecko; compatible; Amazonbot/0.1; +https://developer.amazon.com/support/amazonbot) Chrome/119.0.6045.214 Safari/537.36"
52.203.237.170 - - [18/Sep/2025:13:42:12 +0700] "GET /wp-content/uploads/2018/08/fyrite_datasheet.pdf HTTP/1.1" 200 66656 "-" "Mozilla/5.0 AppleWebKit/537.36 (KHTML, like Gecko; compatible; Amazonbot/0.1; +https://developer.amazon.com/support/amazonbot) Chrome/119.0.6045.214 Safari/537.36"
45.117.177.72 - - [18/Sep/2025:13:48:53 +0700] "POST /wp-cron.php?doing_wp_cron=1758178132.9612090587615966796875 HTTP/1.0" 200 416 "-" "WordPress/6.8.1; https://vattusacky.vn"
95.108.213.145 - - [18/Sep/2025:13:48:51 +0700] "GET /robots.txt HTTP/1.0" 200 984 "-" "Mozilla/5.0 (compatible; YandexBot/3.0; +http://yandex.com/bots)"
213.180.203.135 - - [18/Sep/2025:13:48:54 +0700] "GET /best-live-cam-websites-inspectorcams-com/ HTTP/1.0" 200 219794 "-" "Mozilla/5.0 (compatible; YandexBot/3.0; +http://yandex.com/bots)"
45.117.177.72 - - [18/Sep/2025:13:50:16 +0700] "POST /wp-cron.php?doing_wp_cron=1758178216.5292639732360839843750 HTTP/1.0" 200 416 "-" "WordPress/6.8.1; https://vattusacky.vn"
40.77.167.46 - - [18/Sep/2025:13:50:13 +0700] "GET /omegle-and-emotional-support-finding-solace-and-understanding-in-anonymous-interactions/ HTTP/1.0" 200 90697 "-" "Mozilla/5.0 (Windows NT 10.0; Win64; x64) AppleWebKit/537.36 (KHTML, like Gecko) Chrome/112.0.0.0 Safari/537.36 Edg/112.0.1722.68"
3.222.190.107 - - [18/Sep/2025:13:51:05 +0700] "GET /how-to-get-free-cash-with-no-bonus-bonuses-for-depositing-at-poker-sites/ HTTP/1.0" 200 75640 "-" "Mozilla/5.0 AppleWebKit/537.36 (KHTML, like Gecko; compatible; Amazonbot/0.1; +https://developer.amazon.com/support/amazonbot) Chrome/119.0.6045.214 Safari/537.36"
34.225.87.80 - - [18/Sep/2025:13:51:09 +0700] "GET /fostering-empathy-video-vs-text-on-omegle-and-ometv/ HTTP/1.0" 200 92520 "-" "Mozilla/5.0 AppleWebKit/537.36 (KHTML, like Gecko; compatible; Amazonbot/0.1; +https://developer.amazon.com/support/amazonbot) Chrome/119.0.6045.214 Safari/537.36"
34.224.132.215 - - [18/Sep/2025:13:51:13 +0700] "GET /unveiling-the-reality-of-anonymity-on-omegle/ HTTP/1.0" 200 89215 "-" "Mozilla/5.0 AppleWebKit/537.36 (KHTML, like Gecko; compatible; Amazonbot/0.1; +https://developer.amazon.com/support/amazonbot) Chrome/119.0.6045.214 Safari/537.36"
45.117.177.72 - - [18/Sep/2025:13:51:18 +0700] "POST /wp-cron.php?doing_wp_cron=1758178278.0645339488983154296875 HTTP/1.0" 200 416 "-" "WordPress/6.8.1; https://vattusacky.vn"
54.235.125.129 - - [18/Sep/2025:13:51:16 +0700] "GET /inspiring-and-empowering-omegle-artistrys-impact-on-artists/ HTTP/1.0" 200 92550 "-" "Mozilla/5.0 AppleWebKit/537.36 (KHTML, like Gecko; compatible; Amazonbot/0.1; +https://developer.amazon.com/support/amazonbot) Chrome/119.0.6045.214 Safari/537.36"
52.45.15.233 - - [18/Sep/2025:13:51:20 +0700] "GET /omg-you-will-burst-into-laughter-with-these-hilarious-omegle-chats/ HTTP/1.0" 200 85736 "-" "Mozilla/5.0 AppleWebKit/537.36 (KHTML, like Gecko; compatible; Amazonbot/0.1; +https://developer.amazon.com/support/amazonbot) Chrome/119.0.6045.214 Safari/537.36"
3.219.81.66 - - [18/Sep/2025:13:51:25 +0700] "GET /exploring-collaborative-possibilities-omegles-impact-on-artistic-collaboration/ HTTP/1.0" 200 93518 "-" "Mozilla/5.0 AppleWebKit/537.36 (KHTML, like Gecko; compatible; Amazonbot/0.1; +https://developer.amazon.com/support/amazonbot) Chrome/119.0.6045.214 Safari/537.36"
44.208.193.63 - - [18/Sep/2025:13:51:29 +0700] "GET /omegles-role-in-connecting-strangers-from-different-backgrounds/ HTTP/1.0" 200 81392 "-" "Mozilla/5.0 AppleWebKit/537.36 (KHTML, like Gecko; compatible; Amazonbot/0.1; +https://developer.amazon.com/support/amazonbot) Chrome/119.0.6045.214 Safari/537.36"
3.224.104.67 - - [18/Sep/2025:13:51:32 +0700] "GET /the-impact-of-cultural-factors-on-cosmic-connections-on-omegle/ HTTP/1.0" 200 81340 "-" "Mozilla/5.0 AppleWebKit/537.36 (KHTML, like Gecko; compatible; Amazonbot/0.1; +https://developer.amazon.com/support/amazonbot) Chrome/119.0.6045.214 Safari/537.36"
52.71.46.142 - - [18/Sep/2025:13:51:36 +0700] "GET /celebrating-the-intensity-of-love-in-omelove/ HTTP/1.0" 200 91395 "-" "Mozilla/5.0 AppleWebKit/537.36 (KHTML, like Gecko; compatible; Amazonbot/0.1; +https://developer.amazon.com/support/amazonbot) Chrome/119.0.6045.214 Safari/537.36"
