57.141.2.60 - - [08/Sep/2025:09:05:42 +0700] "GET /goods/plum30043874.htm HTTP/1.0" 200 323 "-" "meta-externalagent/1.1 (+https://developers.facebook.com/docs/sharing/webmasters/crawler)"
57.141.2.62 - - [08/Sep/2025:09:05:42 +0700] "GET /goods/ruler70333134.htm HTTP/1.0" 200 323 "-" "meta-externalagent/1.1 (+https://developers.facebook.com/docs/sharing/webmasters/crawler)"
57.141.2.51 - - [08/Sep/2025:09:05:46 +0700] "GET /goods/revol12482296.htm HTTP/1.0" 200 323 "-" "meta-externalagent/1.1 (+https://developers.facebook.com/docs/sharing/webmasters/crawler)"
20.171.207.17 - - [08/Sep/2025:09:05:47 +0700] "GET /goods/nor30541258.htm HTTP/1.0" 200 323 "-" "Mozilla/5.0 AppleWebKit/537.36 (KHTML, like Gecko; compatible; GPTBot/1.2; +https://openai.com/gptbot)"
57.141.2.44 - - [08/Sep/2025:09:05:53 +0700] "GET /goods/talen60125605.htm HTTP/1.0" 200 323 "-" "meta-externalagent/1.1 (+https://developers.facebook.com/docs/sharing/webmasters/crawler)"
57.141.2.52 - - [08/Sep/2025:09:05:54 +0700] "GET /goods/hole80897463.htm HTTP/1.0" 200 323 "-" "meta-externalagent/1.1 (+https://developers.facebook.com/docs/sharing/webmasters/crawler)"
57.141.2.42 - - [08/Sep/2025:09:05:56 +0700] "GET /goods/tremb31278410.htm HTTP/1.0" 200 323 "-" "meta-externalagent/1.1 (+https://developers.facebook.com/docs/sharing/webmasters/crawler)"
57.141.2.53 - - [08/Sep/2025:09:05:58 +0700] "GET /goods/socie12196192.htm HTTP/1.0" 200 323 "-" "meta-externalagent/1.1 (+https://developers.facebook.com/docs/sharing/webmasters/crawler)"
57.141.2.55 - - [08/Sep/2025:09:06:03 +0700] "GET /goods/snake50620452.htm HTTP/1.0" 200 323 "-" "meta-externalagent/1.1 (+https://developers.facebook.com/docs/sharing/webmasters/crawler)"
66.249.70.64 - - [08/Sep/2025:09:06:02 +0700] "GET /goods/nake41235867.htm HTTP/1.0" 200 176771 "-" "Mozilla/5.0 (Linux; Android 6.0.1; Nexus 5X Build/MMB29P) AppleWebKit/537.36 (KHTML, like Gecko) Chrome/138.0.7204.183 Mobile Safari/537.36 (compatible; Googlebot/2.1; +http://www.google.com/bot.html)"
57.141.2.44 - - [08/Sep/2025:09:06:20 +0700] "GET /goods/innov72374030.htm HTTP/1.0" 200 323 "-" "meta-externalagent/1.1 (+https://developers.facebook.com/docs/sharing/webmasters/crawler)"
57.141.2.35 - - [08/Sep/2025:09:06:25 +0700] "GET /goods/lens50011612.htm HTTP/1.0" 200 323 "-" "meta-externalagent/1.1 (+https://developers.facebook.com/docs/sharing/webmasters/crawler)"
57.141.2.29 - - [08/Sep/2025:09:06:27 +0700] "GET /goods/whist20107625.htm HTTP/1.0" 200 323 "-" "meta-externalagent/1.1 (+https://developers.facebook.com/docs/sharing/webmasters/crawler)"
57.141.2.29 - - [08/Sep/2025:09:06:28 +0700] "GET /goods/earth12828704.htm HTTP/1.0" 200 323 "-" "meta-externalagent/1.1 (+https://developers.facebook.com/docs/sharing/webmasters/crawler)"
20.171.207.17 - - [08/Sep/2025:09:06:30 +0700] "GET /xx.php HTTP/1.0" 403 1229 "-" "Mozilla/5.0 AppleWebKit/537.36 (KHTML, like Gecko; compatible; GPTBot/1.2; +https://openai.com/gptbot)"
57.141.2.42 - - [08/Sep/2025:09:06:38 +0700] "GET /goods/onus22475873.htm HTTP/1.0" 200 323 "-" "meta-externalagent/1.1 (+https://developers.facebook.com/docs/sharing/webmasters/crawler)"
57.141.2.37 - - [08/Sep/2025:09:06:39 +0700] "GET /goods/tide40217891.htm HTTP/1.0" 200 323 "-" "meta-externalagent/1.1 (+https://developers.facebook.com/docs/sharing/webmasters/crawler)"
57.141.2.45 - - [08/Sep/2025:09:06:39 +0700] "GET /goods/humid12579208.htm HTTP/1.0" 200 323 "-" "meta-externalagent/1.1 (+https://developers.facebook.com/docs/sharing/webmasters/crawler)"
57.141.2.51 - - [08/Sep/2025:09:06:43 +0700] "GET /goods/spotl50321452.htm HTTP/1.0" 200 323 "-" "meta-externalagent/1.1 (+https://developers.facebook.com/docs/sharing/webmasters/crawler)"
57.141.2.27 - - [08/Sep/2025:09:06:45 +0700] "GET /goods/frust32773330.htm HTTP/1.0" 200 323 "-" "meta-externalagent/1.1 (+https://developers.facebook.com/docs/sharing/webmasters/crawler)"
57.141.2.42 - - [08/Sep/2025:09:06:46 +0700] "GET /goods/noon40348483.htm HTTP/1.0" 200 323 "-" "meta-externalagent/1.1 (+https://developers.facebook.com/docs/sharing/webmasters/crawler)"
57.141.2.42 - - [08/Sep/2025:09:06:48 +0700] "GET /goods/print40536051.htm HTTP/1.0" 200 323 "-" "meta-externalagent/1.1 (+https://developers.facebook.com/docs/sharing/webmasters/crawler)"
57.141.2.25 - - [08/Sep/2025:09:06:56 +0700] "GET /goods/eveni20220825.htm HTTP/1.0" 200 323 "-" "meta-externalagent/1.1 (+https://developers.facebook.com/docs/sharing/webmasters/crawler)"
20.171.207.17 - - [08/Sep/2025:09:06:57 +0700] "GET /randkeyword.php HTTP/1.0" 403 1229 "-" "Mozilla/5.0 AppleWebKit/537.36 (KHTML, like Gecko; compatible; GPTBot/1.2; +https://openai.com/gptbot)"
57.141.2.17 - - [08/Sep/2025:09:07:09 +0700] "GET /goods/zoo31208402.htm HTTP/1.0" 200 323 "-" "meta-externalagent/1.1 (+https://developers.facebook.com/docs/sharing/webmasters/crawler)"
57.141.2.20 - - [08/Sep/2025:09:07:12 +0700] "GET /goods/alloy22298625.htm HTTP/1.0" 200 323 "-" "meta-externalagent/1.1 (+https://developers.facebook.com/docs/sharing/webmasters/crawler)"
66.249.70.70 - - [08/Sep/2025:09:07:24 +0700] "GET /goods/hunge82645527.htm HTTP/1.0" 200 174090 "-" "Mozilla/5.0 (Linux; Android 6.0.1; Nexus 5X Build/MMB29P) AppleWebKit/537.36 (KHTML, like Gecko) Chrome/138.0.7204.183 Mobile Safari/537.36 (compatible; Googlebot/2.1; +http://www.google.com/bot.html)"
66.249.70.70 - - [08/Sep/2025:09:07:45 +0700] "POST /get-message-notify HTTP/1.0" 200 174317 "https://vnc-group.vn/goods/hunge82645527.htm" "Mozilla/5.0 (Linux; Android 6.0.1; Nexus 5X Build/MMB29P) AppleWebKit/537.36 (KHTML, like Gecko) Chrome/139.0.7258.127 Mobile Safari/537.36 (compatible; Googlebot/2.1; +http://www.google.com/bot.html)"
57.141.2.23 - - [08/Sep/2025:09:07:52 +0700] "GET /goods/quest72013262.htm HTTP/1.0" 200 323 "-" "meta-externalagent/1.1 (+https://developers.facebook.com/docs/sharing/webmasters/crawler)"
20.171.207.17 - - [08/Sep/2025:09:07:55 +0700] "GET /goods/tax42075811.htm HTTP/1.0" 200 323 "-" "Mozilla/5.0 AppleWebKit/537.36 (KHTML, like Gecko; compatible; GPTBot/1.2; +https://openai.com/gptbot)"
57.141.2.44 - - [08/Sep/2025:09:07:55 +0700] "GET /goods/stran31356554.htm HTTP/1.0" 200 323 "-" "meta-externalagent/1.1 (+https://developers.facebook.com/docs/sharing/webmasters/crawler)"
57.141.2.41 - - [08/Sep/2025:09:08:00 +0700] "GET /goods/plot51471420.htm HTTP/1.0" 200 323 "-" "meta-externalagent/1.1 (+https://developers.facebook.com/docs/sharing/webmasters/crawler)"
57.141.2.57 - - [08/Sep/2025:09:08:06 +0700] "GET /goods/lamb61460565.htm HTTP/1.0" 200 323 "-" "meta-externalagent/1.1 (+https://developers.facebook.com/docs/sharing/webmasters/crawler)"
57.141.2.32 - - [08/Sep/2025:09:08:08 +0700] "GET /goods/facil81506407.htm HTTP/1.0" 200 323 "-" "meta-externalagent/1.1 (+https://developers.facebook.com/docs/sharing/webmasters/crawler)"
57.141.2.22 - - [08/Sep/2025:09:08:08 +0700] "GET /goods/spide70485702.htm HTTP/1.0" 200 323 "-" "meta-externalagent/1.1 (+https://developers.facebook.com/docs/sharing/webmasters/crawler)"
57.141.2.20 - - [08/Sep/2025:09:08:13 +0700] "GET /goods/breas80434807.htm HTTP/1.0" 200 323 "-" "meta-externalagent/1.1 (+https://developers.facebook.com/docs/sharing/webmasters/crawler)"
57.141.2.23 - - [08/Sep/2025:09:08:13 +0700] "GET /goods/extre61482525.htm HTTP/1.0" 200 323 "-" "meta-externalagent/1.1 (+https://developers.facebook.com/docs/sharing/webmasters/crawler)"
57.141.2.46 - - [08/Sep/2025:09:08:17 +0700] "GET /goods/posta51535060.htm HTTP/1.0" 200 323 "-" "meta-externalagent/1.1 (+https://developers.facebook.com/docs/sharing/webmasters/crawler)"
57.141.2.20 - - [08/Sep/2025:09:08:19 +0700] "GET /goods/make50305500.htm HTTP/1.0" 200 323 "-" "meta-externalagent/1.1 (+https://developers.facebook.com/docs/sharing/webmasters/crawler)"
57.141.2.40 - - [08/Sep/2025:09:08:20 +0700] "GET /goods/ancho72902806.htm HTTP/1.0" 200 323 "-" "meta-externalagent/1.1 (+https://developers.facebook.com/docs/sharing/webmasters/crawler)"
57.141.2.40 - - [08/Sep/2025:09:08:23 +0700] "GET /goods/guess30457082.htm HTTP/1.0" 200 323 "-" "meta-externalagent/1.1 (+https://developers.facebook.com/docs/sharing/webmasters/crawler)"
57.141.2.59 - - [08/Sep/2025:09:08:27 +0700] "GET /goods/joy82753015.htm HTTP/1.0" 200 323 "-" "meta-externalagent/1.1 (+https://developers.facebook.com/docs/sharing/webmasters/crawler)"
57.141.2.60 - - [08/Sep/2025:09:08:28 +0700] "GET /goods/ident12134000.htm HTTP/1.0" 200 323 "-" "meta-externalagent/1.1 (+https://developers.facebook.com/docs/sharing/webmasters/crawler)"
20.171.207.17 - - [08/Sep/2025:09:08:33 +0700] "GET /goods/pay12961328.htm HTTP/1.0" 200 323 "-" "Mozilla/5.0 AppleWebKit/537.36 (KHTML, like Gecko; compatible; GPTBot/1.2; +https://openai.com/gptbot)"
57.141.2.41 - - [08/Sep/2025:09:08:41 +0700] "GET /goods/goal71548502.htm HTTP/1.0" 200 323 "-" "meta-externalagent/1.1 (+https://developers.facebook.com/docs/sharing/webmasters/crawler)"
66.249.70.70 - - [08/Sep/2025:09:08:41 +0700] "GET /goods/helpf22145001.htm HTTP/1.0" 200 187526 "-" "Mozilla/5.0 (Linux; Android 6.0.1; Nexus 5X Build/MMB29P) AppleWebKit/537.36 (KHTML, like Gecko) Chrome/138.0.7204.183 Mobile Safari/537.36 (compatible; Googlebot/2.1; +http://www.google.com/bot.html)"
20.171.207.17 - - [08/Sep/2025:09:08:51 +0700] "GET /goods/oar22139057.htm HTTP/1.0" 200 323 "-" "Mozilla/5.0 AppleWebKit/537.36 (KHTML, like Gecko; compatible; GPTBot/1.2; +https://openai.com/gptbot)"
57.141.2.44 - - [08/Sep/2025:09:09:03 +0700] "GET /goods/bind21563177.htm HTTP/1.0" 200 323 "-" "meta-externalagent/1.1 (+https://developers.facebook.com/docs/sharing/webmasters/crawler)"
20.171.207.17 - - [08/Sep/2025:09:09:12 +0700] "GET /goods/air12516680.htm HTTP/1.0" 200 323 "-" "Mozilla/5.0 AppleWebKit/537.36 (KHTML, like Gecko; compatible; GPTBot/1.2; +https://openai.com/gptbot)"
57.141.2.55 - - [08/Sep/2025:09:09:15 +0700] "GET /goods/minus40759027.htm HTTP/1.0" 200 323 "-" "meta-externalagent/1.1 (+https://developers.facebook.com/docs/sharing/webmasters/crawler)"
57.141.2.58 - - [08/Sep/2025:09:09:17 +0700] "GET /goods/beef41756723.htm HTTP/1.0" 200 323 "-" "meta-externalagent/1.1 (+https://developers.facebook.com/docs/sharing/webmasters/crawler)"
20.171.207.17 - - [08/Sep/2025:09:09:33 +0700] "GET /goods/jet21506793.htm HTTP/1.0" 200 323 "-" "Mozilla/5.0 AppleWebKit/537.36 (KHTML, like Gecko; compatible; GPTBot/1.2; +https://openai.com/gptbot)"
57.141.2.18 - - [08/Sep/2025:09:09:44 +0700] "GET /goods/grass70864518.htm HTTP/1.0" 200 323 "-" "meta-externalagent/1.1 (+https://developers.facebook.com/docs/sharing/webmasters/crawler)"
20.171.207.17 - - [08/Sep/2025:09:09:58 +0700] "GET /goods/mud80179543.htm HTTP/1.0" 200 323 "-" "Mozilla/5.0 AppleWebKit/537.36 (KHTML, like Gecko; compatible; GPTBot/1.2; +https://openai.com/gptbot)"
57.141.2.56 - - [08/Sep/2025:09:10:08 +0700] "GET /goods/start50044396.htm HTTP/1.0" 200 323 "-" "meta-externalagent/1.1 (+https://developers.facebook.com/docs/sharing/webmasters/crawler)"
20.171.207.17 - - [08/Sep/2025:09:10:17 +0700] "GET /goods/oak72385710.htm HTTP/1.0" 200 323 "-" "Mozilla/5.0 AppleWebKit/537.36 (KHTML, like Gecko; compatible; GPTBot/1.2; +https://openai.com/gptbot)"
66.249.70.64 - - [08/Sep/2025:09:10:19 +0700] "GET /goods/scrap21727337.htm HTTP/1.0" 200 175025 "-" "Mozilla/5.0 (Linux; Android 6.0.1; Nexus 5X Build/MMB29P) AppleWebKit/537.36 (KHTML, like Gecko) Chrome/138.0.7204.183 Mobile Safari/537.36 (compatible; Googlebot/2.1; +http://www.google.com/bot.html)"
57.141.2.52 - - [08/Sep/2025:09:10:27 +0700] "GET /goods/amid22375801.htm HTTP/1.0" 200 323 "-" "meta-externalagent/1.1 (+https://developers.facebook.com/docs/sharing/webmasters/crawler)"
57.141.2.6 - - [08/Sep/2025:09:10:29 +0700] "GET /goods/belt60561469.htm HTTP/1.0" 200 323 "-" "meta-externalagent/1.1 (+https://developers.facebook.com/docs/sharing/webmasters/crawler)"
20.171.207.17 - - [08/Sep/2025:09:10:31 +0700] "GET /goods/far71833646.htm HTTP/1.0" 200 323 "-" "Mozilla/5.0 AppleWebKit/537.36 (KHTML, like Gecko; compatible; GPTBot/1.2; +https://openai.com/gptbot)"
66.249.70.71 - - [08/Sep/2025:09:10:35 +0700] "POST /get-message-notify HTTP/1.0" 200 174895 "https://vnc-group.vn/goods/scrap21727337.htm" "Mozilla/5.0 (Linux; Android 6.0.1; Nexus 5X Build/MMB29P) AppleWebKit/537.36 (KHTML, like Gecko) Chrome/139.0.7258.127 Mobile Safari/537.36 (compatible; Googlebot/2.1; +http://www.google.com/bot.html)"
66.249.70.70 - - [08/Sep/2025:09:10:51 +0700] "GET /goods/tiff80843895.htm HTTP/1.0" 200 177712 "-" "Mozilla/5.0 (Linux; Android 6.0.1; Nexus 5X Build/MMB29P) AppleWebKit/537.36 (KHTML, like Gecko) Chrome/138.0.7204.183 Mobile Safari/537.36 (compatible; Googlebot/2.1; +http://www.google.com/bot.html)"
20.171.207.17 - - [08/Sep/2025:09:10:56 +0700] "GET /goods/sea82736759.htm HTTP/1.0" 200 323 "-" "Mozilla/5.0 AppleWebKit/537.36 (KHTML, like Gecko; compatible; GPTBot/1.2; +https://openai.com/gptbot)"
57.141.2.27 - - [08/Sep/2025:09:11:10 +0700] "GET /goods/cerem80046119.htm HTTP/1.0" 200 323 "-" "meta-externalagent/1.1 (+https://developers.facebook.com/docs/sharing/webmasters/crawler)"
66.249.70.70 - - [08/Sep/2025:09:11:08 +0700] "GET /goods/satur42012835.htm HTTP/1.0" 200 176759 "-" "Mozilla/5.0 (Linux; Android 6.0.1; Nexus 5X Build/MMB29P) AppleWebKit/537.36 (KHTML, like Gecko) Chrome/138.0.7204.183 Mobile Safari/537.36 (compatible; GoogleOther)"
57.141.2.57 - - [08/Sep/2025:09:11:14 +0700] "GET /goods/roman40127139.htm HTTP/1.0" 200 323 "-" "meta-externalagent/1.1 (+https://developers.facebook.com/docs/sharing/webmasters/crawler)"
57.141.2.23 - - [08/Sep/2025:09:11:22 +0700] "GET /goods/owl62298933.htm HTTP/1.0" 200 323 "-" "meta-externalagent/1.1 (+https://developers.facebook.com/docs/sharing/webmasters/crawler)"
20.171.207.17 - - [08/Sep/2025:09:11:24 +0700] "GET /goods/sea81724759.htm HTTP/1.0" 200 323 "-" "Mozilla/5.0 AppleWebKit/537.36 (KHTML, like Gecko; compatible; GPTBot/1.2; +https://openai.com/gptbot)"
66.249.70.70 - - [08/Sep/2025:09:11:24 +0700] "POST /get-message-notify HTTP/1.0" 200 174208 "https://vnc-group.vn/goods/satur42012835.htm" "Mozilla/5.0 (Linux; Android 6.0.1; Nexus 5X Build/MMB29P) AppleWebKit/537.36 (KHTML, like Gecko) Chrome/139.0.7258.127 Mobile Safari/537.36 (compatible; Googlebot/2.1; +http://www.google.com/bot.html)"
66.249.70.70 - - [08/Sep/2025:09:11:41 +0700] "GET /goods/metal22096969.htm HTTP/1.0" 200 172450 "-" "Mozilla/5.0 (Linux; Android 6.0.1; Nexus 5X Build/MMB29P) AppleWebKit/537.36 (KHTML, like Gecko) Chrome/138.0.7204.183 Mobile Safari/537.36 (compatible; Googlebot/2.1; +http://www.google.com/bot.html)"
57.141.2.18 - - [08/Sep/2025:09:12:08 +0700] "GET /goods/potat31129098.htm HTTP/1.0" 200 323 "-" "meta-externalagent/1.1 (+https://developers.facebook.com/docs/sharing/webmasters/crawler)"
66.249.70.70 - - [08/Sep/2025:09:12:14 +0700] "GET /goods/claw11514832.htm HTTP/1.0" 200 188956 "-" "Mozilla/5.0 (Linux; Android 6.0.1; Nexus 5X Build/MMB29P) AppleWebKit/537.36 (KHTML, like Gecko) Chrome/138.0.7204.183 Mobile Safari/537.36 (compatible; Googlebot/2.1; +http://www.google.com/bot.html)"
20.171.207.17 - - [08/Sep/2025:09:12:34 +0700] "GET /goods/ant30489162.htm HTTP/1.0" 200 323 "-" "Mozilla/5.0 AppleWebKit/537.36 (KHTML, like Gecko; compatible; GPTBot/1.2; +https://openai.com/gptbot)"
57.141.2.36 - - [08/Sep/2025:09:12:45 +0700] "GET /goods/banan30281106.htm HTTP/1.0" 200 323 "-" "meta-externalagent/1.1 (+https://developers.facebook.com/docs/sharing/webmasters/crawler)"
66.249.70.70 - - [08/Sep/2025:09:12:45 +0700] "GET /goods/biote62295741.htm HTTP/1.0" 200 170810 "-" "Mozilla/5.0 (Linux; Android 6.0.1; Nexus 5X Build/MMB29P) AppleWebKit/537.36 (KHTML, like Gecko) Chrome/138.0.7204.183 Mobile Safari/537.36 (compatible; Googlebot/2.1; +http://www.google.com/bot.html)"
66.249.70.70 - - [08/Sep/2025:09:12:59 +0700] "POST /get-message-notify HTTP/1.0" 200 174804 "https://vnc-group.vn/goods/biote62295741.htm" "Mozilla/5.0 (Linux; Android 6.0.1; Nexus 5X Build/MMB29P) AppleWebKit/537.36 (KHTML, like Gecko) Chrome/139.0.7258.127 Mobile Safari/537.36 (compatible; Googlebot/2.1; +http://www.google.com/bot.html)"
66.249.70.70 - - [08/Sep/2025:09:13:14 +0700] "GET /goods/canoe21602521.htm HTTP/1.0" 200 177143 "-" "Mozilla/5.0 (Linux; Android 6.0.1; Nexus 5X Build/MMB29P) AppleWebKit/537.36 (KHTML, like Gecko) Chrome/138.0.7204.183 Mobile Safari/537.36 (compatible; Googlebot/2.1; +http://www.google.com/bot.html)"
20.171.207.17 - - [08/Sep/2025:09:13:28 +0700] "GET /goods/paw32902778.htm HTTP/1.0" 200 323 "-" "Mozilla/5.0 AppleWebKit/537.36 (KHTML, like Gecko; compatible; GPTBot/1.2; +https://openai.com/gptbot)"
20.171.207.17 - - [08/Sep/2025:09:14:04 +0700] "GET /goods/pie12620576.htm HTTP/1.0" 200 323 "-" "Mozilla/5.0 AppleWebKit/537.36 (KHTML, like Gecko; compatible; GPTBot/1.2; +https://openai.com/gptbot)"
20.171.207.17 - - [08/Sep/2025:09:14:20 +0700] "GET /goods/dag62307941.htm HTTP/1.0" 200 323 "-" "Mozilla/5.0 AppleWebKit/537.36 (KHTML, like Gecko; compatible; GPTBot/1.2; +https://openai.com/gptbot)"
66.249.70.71 - - [08/Sep/2025:09:14:21 +0700] "GET /goods/summi81179759.htm HTTP/1.0" 200 174921 "-" "Mozilla/5.0 (Linux; Android 6.0.1; Nexus 5X Build/MMB29P) AppleWebKit/537.36 (KHTML, like Gecko) Chrome/138.0.7204.183 Mobile Safari/537.36 (compatible; GoogleOther)"
20.171.207.17 - - [08/Sep/2025:09:14:39 +0700] "GET /goods/wax21514537.htm HTTP/1.0" 200 323 "-" "Mozilla/5.0 AppleWebKit/537.36 (KHTML, like Gecko; compatible; GPTBot/1.2; +https://openai.com/gptbot)"
20.171.207.17 - - [08/Sep/2025:09:14:57 +0700] "GET /goods/raw51339324.htm HTTP/1.0" 200 323 "-" "Mozilla/5.0 AppleWebKit/537.36 (KHTML, like Gecko; compatible; GPTBot/1.2; +https://openai.com/gptbot)"
20.171.207.17 - - [08/Sep/2025:09:15:10 +0700] "GET /goods/bit42560867.htm HTTP/1.0" 200 323 "-" "Mozilla/5.0 AppleWebKit/537.36 (KHTML, like Gecko; compatible; GPTBot/1.2; +https://openai.com/gptbot)"
20.171.207.17 - - [08/Sep/2025:09:15:33 +0700] "GET /goods/day41160875.htm HTTP/1.0" 200 323 "-" "Mozilla/5.0 AppleWebKit/537.36 (KHTML, like Gecko; compatible; GPTBot/1.2; +https://openai.com/gptbot)"
66.249.70.71 - - [08/Sep/2025:09:15:45 +0700] "GET /goods/prais10265256.htm HTTP/1.0" 200 177355 "-" "Mozilla/5.0 (Linux; Android 6.0.1; Nexus 5X Build/MMB29P) AppleWebKit/537.36 (KHTML, like Gecko) Chrome/138.0.7204.183 Mobile Safari/537.36 (compatible; Googlebot/2.1; +http://www.google.com/bot.html)"
20.171.207.17 - - [08/Sep/2025:09:16:00 +0700] "GET /goods/cup71660382.htm HTTP/1.0" 200 323 "-" "Mozilla/5.0 AppleWebKit/537.36 (KHTML, like Gecko; compatible; GPTBot/1.2; +https://openai.com/gptbot)"
66.249.70.71 - - [08/Sep/2025:09:16:04 +0700] "GET /goods/deaf80100591.htm HTTP/1.0" 200 173629 "-" "Mozilla/5.0 (Linux; Android 6.0.1; Nexus 5X Build/MMB29P) AppleWebKit/537.36 (KHTML, like Gecko) Chrome/138.0.7204.183 Mobile Safari/537.36 (compatible; Googlebot/2.1; +http://www.google.com/bot.html)"
20.171.207.17 - - [08/Sep/2025:09:16:25 +0700] "GET /goods/far70537646.htm HTTP/1.0" 200 323 "-" "Mozilla/5.0 AppleWebKit/537.36 (KHTML, like Gecko; compatible; GPTBot/1.2; +https://openai.com/gptbot)"
20.171.207.17 - - [08/Sep/2025:09:16:55 +0700] "GET /goods/rid70130542.htm HTTP/1.0" 200 323 "-" "Mozilla/5.0 AppleWebKit/537.36 (KHTML, like Gecko; compatible; GPTBot/1.2; +https://openai.com/gptbot)"
57.141.2.57 - - [08/Sep/2025:09:17:15 +0700] "GET /goods/input42702715.htm HTTP/1.0" 200 323 "-" "meta-externalagent/1.1 (+https://developers.facebook.com/docs/sharing/webmasters/crawler)"
20.171.207.17 - - [08/Sep/2025:09:17:19 +0700] "GET /goods/gay51490796.htm HTTP/1.0" 200 323 "-" "Mozilla/5.0 AppleWebKit/537.36 (KHTML, like Gecko; compatible; GPTBot/1.2; +https://openai.com/gptbot)"
66.249.70.70 - - [08/Sep/2025:09:17:19 +0700] "GET /goods/want30568842.htm HTTP/1.0" 200 174217 "-" "Mozilla/5.0 (Linux; Android 6.0.1; Nexus 5X Build/MMB29P) AppleWebKit/537.36 (KHTML, like Gecko) Chrome/138.0.7204.183 Mobile Safari/537.36 (compatible; Googlebot/2.1; +http://www.google.com/bot.html)"
4.230.37.189 - - [08/Sep/2025:09:17:27 +0700] "GET /wp-content/plugins/hellopress/wp_filemanager.php HTTP/1.0" 200 323 "-" "-"
4.230.37.189 - - [08/Sep/2025:09:17:27 +0700] "GET /lc.php HTTP/1.0" 403 1229 "-" "-"
4.230.37.189 - - [08/Sep/2025:09:17:27 +0700] "GET /mr.php HTTP/1.0" 403 1229 "-" "-"
4.230.37.189 - - [08/Sep/2025:09:17:27 +0700] "GET /goods.php HTTP/1.0" 403 1229 "-" "-"
4.230.37.189 - - [08/Sep/2025:09:17:28 +0700] "GET /file.php HTTP/1.0" 403 1229 "-" "-"
4.230.37.189 - - [08/Sep/2025:09:17:28 +0700] "GET /pm.php HTTP/1.0" 403 1229 "-" "-"
4.230.37.189 - - [08/Sep/2025:09:17:28 +0700] "GET /new4.php HTTP/1.0" 403 1229 "-" "-"
4.230.37.189 - - [08/Sep/2025:09:17:28 +0700] "GET /vxrl.php HTTP/1.0" 403 1229 "-" "-"
4.230.37.189 - - [08/Sep/2025:09:17:28 +0700] "GET /shorw.php HTTP/1.0" 403 1229 "-" "-"
4.230.37.189 - - [08/Sep/2025:09:17:28 +0700] "GET /giclass.php HTTP/1.0" 403 1229 "-" "-"
4.230.37.189 - - [08/Sep/2025:09:17:29 +0700] "GET /orm.php HTTP/1.0" 403 1229 "-" "-"
4.230.37.189 - - [08/Sep/2025:09:17:29 +0700] "GET /gmo.php HTTP/1.0" 403 1229 "-" "-"
4.230.37.189 - - [08/Sep/2025:09:17:29 +0700] "GET /ioxi2.php HTTP/1.0" 403 1229 "-" "-"
4.230.37.189 - - [08/Sep/2025:09:17:29 +0700] "GET /zcxb.php HTTP/1.0" 403 1229 "-" "-"
4.230.37.189 - - [08/Sep/2025:09:17:29 +0700] "GET /wpls.php HTTP/1.0" 403 1229 "-" "-"
4.230.37.189 - - [08/Sep/2025:09:17:29 +0700] "GET /testas.php HTTP/1.0" 403 1229 "-" "-"
4.230.37.189 - - [08/Sep/2025:09:17:30 +0700] "GET /nope.php HTTP/1.0" 403 1229 "-" "-"
4.230.37.189 - - [08/Sep/2025:09:17:30 +0700] "GET /reyha.php HTTP/1.0" 403 1229 "-" "-"
4.230.37.189 - - [08/Sep/2025:09:17:30 +0700] "GET /ma1.php HTTP/1.0" 403 1229 "-" "-"
4.230.37.189 - - [08/Sep/2025:09:17:30 +0700] "GET /bypltspd.php HTTP/1.0" 403 1229 "-" "-"
4.230.37.189 - - [08/Sep/2025:09:17:30 +0700] "GET /aaa.php HTTP/1.0" 403 1229 "-" "-"
4.230.37.189 - - [08/Sep/2025:09:17:30 +0700] "GET /wp-xm.php HTTP/1.0" 403 1229 "-" "-"
4.230.37.189 - - [08/Sep/2025:09:17:31 +0700] "GET /zeal.php HTTP/1.0" 403 1229 "-" "-"
4.230.37.189 - - [08/Sep/2025:09:17:31 +0700] "GET /h8h9.php HTTP/1.0" 403 1229 "-" "-"
4.230.37.189 - - [08/Sep/2025:09:17:31 +0700] "GET /zasd.php HTTP/1.0" 403 1229 "-" "-"
4.230.37.189 - - [08/Sep/2025:09:17:31 +0700] "GET /xzs.php HTTP/1.0" 403 1229 "-" "-"
4.230.37.189 - - [08/Sep/2025:09:17:31 +0700] "GET /yep.php HTTP/1.0" 403 1229 "-" "-"
4.230.37.189 - - [08/Sep/2025:09:17:31 +0700] "GET /des.php HTTP/1.0" 403 1229 "-" "-"
4.230.37.189 - - [08/Sep/2025:09:17:32 +0700] "GET /xex.php HTTP/1.0" 403 1229 "-" "-"
4.230.37.189 - - [08/Sep/2025:09:17:32 +0700] "GET /tox.php HTTP/1.0" 403 1229 "-" "-"
4.230.37.189 - - [08/Sep/2025:09:17:32 +0700] "GET /racs3.php HTTP/1.0" 403 1229 "-" "-"
4.230.37.189 - - [08/Sep/2025:09:17:32 +0700] "GET /wp-cliner.php HTTP/1.0" 403 1229 "-" "-"
4.230.37.189 - - [08/Sep/2025:09:17:32 +0700] "GET /law.php HTTP/1.0" 403 1229 "-" "-"
4.230.37.189 - - [08/Sep/2025:09:17:32 +0700] "GET /moo.php HTTP/1.0" 403 1229 "-" "-"
4.230.37.189 - - [08/Sep/2025:09:17:33 +0700] "GET /file4.php HTTP/1.0" 403 1229 "-" "-"
4.230.37.189 - - [08/Sep/2025:09:17:33 +0700] "GET /file17.php HTTP/1.0" 403 1229 "-" "-"
4.230.37.189 - - [08/Sep/2025:09:17:33 +0700] "GET /nae.php HTTP/1.0" 403 1229 "-" "-"
20.171.207.17 - - [08/Sep/2025:09:17:33 +0700] "GET /goods/guy80259663.htm HTTP/1.0" 200 323 "-" "Mozilla/5.0 AppleWebKit/537.36 (KHTML, like Gecko; compatible; GPTBot/1.2; +https://openai.com/gptbot)"
66.249.70.71 - - [08/Sep/2025:09:17:37 +0700] "POST /get-message-notify HTTP/1.0" 200 174482 "https://vnc-group.vn/goods/want30568842.htm" "Mozilla/5.0 (Linux; Android 6.0.1; Nexus 5X Build/MMB29P) AppleWebKit/537.36 (KHTML, like Gecko) Chrome/139.0.7258.127 Mobile Safari/537.36 (compatible; Googlebot/2.1; +http://www.google.com/bot.html)"
66.249.70.70 - - [08/Sep/2025:09:17:55 +0700] "GET /goods/van52482604.htm HTTP/1.0" 200 179609 "-" "Mozilla/5.0 (Linux; Android 6.0.1; Nexus 5X Build/MMB29P) AppleWebKit/537.36 (KHTML, like Gecko) Chrome/138.0.7204.183 Mobile Safari/537.36 (compatible; GoogleOther)"
66.249.70.70 - - [08/Sep/2025:09:18:13 +0700] "GET /goods/showe50480660.htm HTTP/1.0" 200 176788 "-" "Mozilla/5.0 (Linux; Android 6.0.1; Nexus 5X Build/MMB29P) AppleWebKit/537.36 (KHTML, like Gecko) Chrome/138.0.7204.183 Mobile Safari/537.36 (compatible; Googlebot/2.1; +http://www.google.com/bot.html)"
66.249.70.71 - - [08/Sep/2025:09:18:30 +0700] "GET /sitemapj.xml HTTP/1.0" 200 115541 "-" "Mozilla/5.0 (compatible; Googlebot/2.1; +http://www.google.com/bot.html)"
66.249.70.71 - - [08/Sep/2025:09:18:47 +0700] "GET /goods/cherr31475594.htm HTTP/1.0" 200 181693 "-" "Mozilla/5.0 (Linux; Android 6.0.1; Nexus 5X Build/MMB29P) AppleWebKit/537.36 (KHTML, like Gecko) Chrome/138.0.7204.183 Mobile Safari/537.36 (compatible; Googlebot/2.1; +http://www.google.com/bot.html)"
66.249.70.70 - - [08/Sep/2025:09:19:02 +0700] "POST /get-message-notify HTTP/1.0" 200 174162 "https://vnc-group.vn/goods/cherr31475594.htm" "Mozilla/5.0 (Linux; Android 6.0.1; Nexus 5X Build/MMB29P) AppleWebKit/537.36 (KHTML, like Gecko) Chrome/139.0.7258.127 Mobile Safari/537.36 (compatible; Googlebot/2.1; +http://www.google.com/bot.html)"
20.171.207.17 - - [08/Sep/2025:09:19:06 +0700] "GET /goods/die81704583.htm HTTP/1.0" 200 323 "-" "Mozilla/5.0 AppleWebKit/537.36 (KHTML, like Gecko; compatible; GPTBot/1.2; +https://openai.com/gptbot)"
20.171.207.17 - - [08/Sep/2025:09:19:40 +0700] "GET /goods/lip10058696.htm HTTP/1.0" 200 323 "-" "Mozilla/5.0 AppleWebKit/537.36 (KHTML, like Gecko; compatible; GPTBot/1.2; +https://openai.com/gptbot)"
66.249.70.71 - - [08/Sep/2025:09:19:35 +0700] "GET /goods/bond11330912.htm HTTP/1.0" 200 323 "-" "Mozilla/5.0 (Linux; Android 6.0.1; Nexus 5X Build/MMB29P) AppleWebKit/537.36 (KHTML, like Gecko) Chrome/138.0.7204.183 Mobile Safari/537.36 (compatible; Googlebot/2.1; +http://www.google.com/bot.html)"
20.171.207.17 - - [08/Sep/2025:09:19:58 +0700] "GET /goods/kid70612134.htm HTTP/1.0" 200 323 "-" "Mozilla/5.0 AppleWebKit/537.36 (KHTML, like Gecko; compatible; GPTBot/1.2; +https://openai.com/gptbot)"
20.171.207.17 - - [08/Sep/2025:09:20:38 +0700] "GET /goods/ray82167615.htm HTTP/1.0" 200 323 "-" "Mozilla/5.0 AppleWebKit/537.36 (KHTML, like Gecko; compatible; GPTBot/1.2; +https://openai.com/gptbot)"
66.249.70.71 - - [08/Sep/2025:09:20:45 +0700] "GET /goods/agenc30686034.htm HTTP/1.0" 200 174103 "-" "Mozilla/5.0 (Linux; Android 6.0.1; Nexus 5X Build/MMB29P) AppleWebKit/537.36 (KHTML, like Gecko) Chrome/138.0.7204.183 Mobile Safari/537.36 (compatible; Googlebot/2.1; +http://www.google.com/bot.html)"
20.171.207.17 - - [08/Sep/2025:09:21:15 +0700] "GET /goods/gay52802796.htm HTTP/1.0" 200 323 "-" "Mozilla/5.0 AppleWebKit/537.36 (KHTML, like Gecko; compatible; GPTBot/1.2; +https://openai.com/gptbot)"
66.249.70.70 - - [08/Sep/2025:09:21:19 +0700] "GET /goods/feet52691836.htm HTTP/1.0" 200 173850 "-" "Mozilla/5.0 (Linux; Android 6.0.1; Nexus 5X Build/MMB29P) AppleWebKit/537.36 (KHTML, like Gecko) Chrome/138.0.7204.183 Mobile Safari/537.36 (compatible; Googlebot/2.1; +http://www.google.com/bot.html)"
57.141.2.65 - - [08/Sep/2025:09:21:25 +0700] "GET /sitemape.xml HTTP/1.0" 200 99363 "-" "meta-externalagent/1.1 (+https://developers.facebook.com/docs/sharing/webmasters/crawler)"
66.249.70.71 - - [08/Sep/2025:09:21:35 +0700] "GET /goods/cure40023099.htm HTTP/1.0" 200 187610 "-" "Mozilla/5.0 (Linux; Android 6.0.1; Nexus 5X Build/MMB29P) AppleWebKit/537.36 (KHTML, like Gecko) Chrome/138.0.7204.183 Mobile Safari/537.36 (compatible; GoogleOther)"
20.171.207.17 - - [08/Sep/2025:09:21:42 +0700] "GET /goods/era80985871.htm HTTP/1.0" 200 323 "-" "Mozilla/5.0 AppleWebKit/537.36 (KHTML, like Gecko; compatible; GPTBot/1.2; +https://openai.com/gptbot)"
20.171.207.17 - - [08/Sep/2025:09:22:04 +0700] "GET /goods/sun52208196.htm HTTP/1.0" 200 323 "-" "Mozilla/5.0 AppleWebKit/537.36 (KHTML, like Gecko; compatible; GPTBot/1.2; +https://openai.com/gptbot)"
66.249.70.71 - - [08/Sep/2025:09:22:04 +0700] "GET /goods/sheet62399565.htm HTTP/1.0" 200 173135 "-" "Mozilla/5.0 (Linux; Android 6.0.1; Nexus 5X Build/MMB29P) AppleWebKit/537.36 (KHTML, like Gecko) Chrome/138.0.7204.183 Mobile Safari/537.36 (compatible; Googlebot/2.1; +http://www.google.com/bot.html)"
66.249.70.70 - - [08/Sep/2025:09:22:18 +0700] "POST /get-message-notify HTTP/1.0" 200 174313 "https://vnc-group.vn/goods/sheet62399565.htm" "Mozilla/5.0 (Linux; Android 6.0.1; Nexus 5X Build/MMB29P) AppleWebKit/537.36 (KHTML, like Gecko) Chrome/139.0.7258.127 Mobile Safari/537.36 (compatible; Googlebot/2.1; +http://www.google.com/bot.html)"
20.171.207.17 - - [08/Sep/2025:09:22:23 +0700] "GET /goods/inn32059194.htm HTTP/1.0" 200 323 "-" "Mozilla/5.0 AppleWebKit/537.36 (KHTML, like Gecko; compatible; GPTBot/1.2; +https://openai.com/gptbot)"
66.249.70.64 - - [08/Sep/2025:09:22:32 +0700] "GET /goods/homew20784753.htm HTTP/1.0" 200 174482 "-" "Mozilla/5.0 (Linux; Android 6.0.1; Nexus 5X Build/MMB29P) AppleWebKit/537.36 (KHTML, like Gecko) Chrome/138.0.7204.183 Mobile Safari/537.36 (compatible; Googlebot/2.1; +http://www.google.com/bot.html)"
20.171.207.17 - - [08/Sep/2025:09:22:48 +0700] "GET /goods/lip10362696.htm HTTP/1.0" 200 323 "-" "Mozilla/5.0 AppleWebKit/537.36 (KHTML, like Gecko; compatible; GPTBot/1.2; +https://openai.com/gptbot)"
66.249.70.71 - - [08/Sep/2025:09:22:47 +0700] "GET /goods/simpl22525305.htm HTTP/1.0" 200 178075 "-" "Mozilla/5.0 (Linux; Android 6.0.1; Nexus 5X Build/MMB29P) AppleWebKit/537.36 (KHTML, like Gecko) Chrome/138.0.7204.183 Mobile Safari/537.36 (compatible; Googlebot/2.1; +http://www.google.com/bot.html)"
20.171.207.17 - - [08/Sep/2025:09:22:55 +0700] "GET /goods/que22451937.htm HTTP/1.0" 200 323 "-" "Mozilla/5.0 AppleWebKit/537.36 (KHTML, like Gecko; compatible; GPTBot/1.2; +https://openai.com/gptbot)"
20.171.207.17 - - [08/Sep/2025:09:23:10 +0700] "GET /goods/rob60127749.htm HTTP/1.0" 200 323 "-" "Mozilla/5.0 AppleWebKit/537.36 (KHTML, like Gecko; compatible; GPTBot/1.2; +https://openai.com/gptbot)"
20.171.207.17 - - [08/Sep/2025:09:23:17 +0700] "GET /goods/win80489671.htm HTTP/1.0" 200 323 "-" "Mozilla/5.0 AppleWebKit/537.36 (KHTML, like Gecko; compatible; GPTBot/1.2; +https://openai.com/gptbot)"
20.171.207.17 - - [08/Sep/2025:09:23:34 +0700] "GET /goods/pay10401328.htm HTTP/1.0" 200 323 "-" "Mozilla/5.0 AppleWebKit/537.36 (KHTML, like Gecko; compatible; GPTBot/1.2; +https://openai.com/gptbot)"
66.249.70.71 - - [08/Sep/2025:09:23:45 +0700] "GET /goods/diffe12024904.htm HTTP/1.0" 200 175516 "-" "Mozilla/5.0 (Linux; Android 6.0.1; Nexus 5X Build/MMB29P) AppleWebKit/537.36 (KHTML, like Gecko) Chrome/138.0.7204.183 Mobile Safari/537.36 (compatible; Googlebot/2.1; +http://www.google.com/bot.html)"
20.171.207.17 - - [08/Sep/2025:09:23:55 +0700] "GET /goods/fry72629718.htm HTTP/1.0" 200 323 "-" "Mozilla/5.0 AppleWebKit/537.36 (KHTML, like Gecko; compatible; GPTBot/1.2; +https://openai.com/gptbot)"
20.171.207.17 - - [08/Sep/2025:09:24:15 +0700] "GET /goods/jar10266504.htm HTTP/1.0" 200 323 "-" "Mozilla/5.0 AppleWebKit/537.36 (KHTML, like Gecko; compatible; GPTBot/1.2; +https://openai.com/gptbot)"
66.249.70.70 - - [08/Sep/2025:09:24:13 +0700] "GET /goods/assig72278006.htm HTTP/1.0" 200 174969 "-" "Mozilla/5.0 (Linux; Android 6.0.1; Nexus 5X Build/MMB29P) AppleWebKit/537.36 (KHTML, like Gecko) Chrome/138.0.7204.183 Mobile Safari/537.36 (compatible; Googlebot/2.1; +http://www.google.com/bot.html)"
66.249.70.70 - - [08/Sep/2025:09:24:26 +0700] "POST /get-message-notify HTTP/1.0" 200 323 "https://vnc-group.vn/goods/assig72278006.htm" "Mozilla/5.0 (Linux; Android 6.0.1; Nexus 5X Build/MMB29P) AppleWebKit/537.36 (KHTML, like Gecko) Chrome/139.0.7258.127 Mobile Safari/537.36 (compatible; Googlebot/2.1; +http://www.google.com/bot.html)"
20.171.207.17 - - [08/Sep/2025:09:24:32 +0700] "GET /goods/bye62612957.htm HTTP/1.0" 200 323 "-" "Mozilla/5.0 AppleWebKit/537.36 (KHTML, like Gecko; compatible; GPTBot/1.2; +https://openai.com/gptbot)"
20.171.207.17 - - [08/Sep/2025:09:24:47 +0700] "GET /goods/raw50883324.htm HTTP/1.0" 200 323 "-" "Mozilla/5.0 AppleWebKit/537.36 (KHTML, like Gecko; compatible; GPTBot/1.2; +https://openai.com/gptbot)"
20.171.207.17 - - [08/Sep/2025:09:25:03 +0700] "GET /goods/flu30984706.htm HTTP/1.0" 200 323 "-" "Mozilla/5.0 AppleWebKit/537.36 (KHTML, like Gecko; compatible; GPTBot/1.2; +https://openai.com/gptbot)"
20.171.207.17 - - [08/Sep/2025:09:25:22 +0700] "GET /goods/flu31764706.htm HTTP/1.0" 200 323 "-" "Mozilla/5.0 AppleWebKit/537.36 (KHTML, like Gecko; compatible; GPTBot/1.2; +https://openai.com/gptbot)"
20.171.207.17 - - [08/Sep/2025:09:25:42 +0700] "GET /goods/pea51259372.htm HTTP/1.0" 200 323 "-" "Mozilla/5.0 AppleWebKit/537.36 (KHTML, like Gecko; compatible; GPTBot/1.2; +https://openai.com/gptbot)"
66.249.70.70 - - [08/Sep/2025:09:25:49 +0700] "GET /goods/fifth40393195.htm HTTP/1.0" 200 173552 "-" "Mozilla/5.0 (Linux; Android 6.0.1; Nexus 5X Build/MMB29P) AppleWebKit/537.36 (KHTML, like Gecko) Chrome/138.0.7204.183 Mobile Safari/537.36 (compatible; Googlebot/2.1; +http://www.google.com/bot.html)"
20.171.207.17 - - [08/Sep/2025:09:25:57 +0700] "GET /goods/jew11069392.htm HTTP/1.0" 200 323 "-" "Mozilla/5.0 AppleWebKit/537.36 (KHTML, like Gecko; compatible; GPTBot/1.2; +https://openai.com/gptbot)"
66.249.70.70 - - [08/Sep/2025:09:25:56 +0700] "POST /get-message-notify HTTP/1.0" 200 174267 "https://vnc-group.vn/goods/fifth40393195.htm" "Mozilla/5.0 (Linux; Android 6.0.1; Nexus 5X Build/MMB29P) AppleWebKit/537.36 (KHTML, like Gecko) Chrome/139.0.7258.127 Mobile Safari/537.36 (compatible; Googlebot/2.1; +http://www.google.com/bot.html)"
66.249.70.70 - - [08/Sep/2025:09:26:07 +0700] "GET /goods/coast81292263.htm HTTP/1.0" 200 172660 "-" "Mozilla/5.0 (Linux; Android 6.0.1; Nexus 5X Build/MMB29P) AppleWebKit/537.36 (KHTML, like Gecko) Chrome/138.0.7204.183 Mobile Safari/537.36 (compatible; Googlebot/2.1; +http://www.google.com/bot.html)"
20.171.207.17 - - [08/Sep/2025:09:26:15 +0700] "GET /goods/arm31780298.htm HTTP/1.0" 200 323 "-" "Mozilla/5.0 AppleWebKit/537.36 (KHTML, like Gecko; compatible; GPTBot/1.2; +https://openai.com/gptbot)"
66.249.70.70 - - [08/Sep/2025:09:26:27 +0700] "GET /goods/milk61000813.htm HTTP/1.0" 200 178346 "-" "Mozilla/5.0 (Linux; Android 6.0.1; Nexus 5X Build/MMB29P) AppleWebKit/537.36 (KHTML, like Gecko) Chrome/138.0.7204.183 Mobile Safari/537.36 (compatible; Googlebot/2.1; +http://www.google.com/bot.html)"
66.249.70.70 - - [08/Sep/2025:09:26:31 +0700] "GET /goods/sever61336029.htm HTTP/1.0" 200 175442 "-" "Mozilla/5.0 (Linux; Android 6.0.1; Nexus 5X Build/MMB29P) AppleWebKit/537.36 (KHTML, like Gecko) Chrome/138.0.7204.183 Mobile Safari/537.36 (compatible; Googlebot/2.1; +http://www.google.com/bot.html)"
20.171.207.17 - - [08/Sep/2025:09:26:38 +0700] "GET /goods/kit80827935.htm HTTP/1.0" 200 323 "-" "Mozilla/5.0 AppleWebKit/537.36 (KHTML, like Gecko; compatible; GPTBot/1.2; +https://openai.com/gptbot)"
66.249.70.70 - - [08/Sep/2025:09:26:35 +0700] "GET /goods/they31240154.htm HTTP/1.0" 200 172876 "-" "Mozilla/5.0 (Linux; Android 6.0.1; Nexus 5X Build/MMB29P) AppleWebKit/537.36 (KHTML, like Gecko) Chrome/138.0.7204.183 Mobile Safari/537.36 (compatible; Googlebot/2.1; +http://www.google.com/bot.html)"
66.249.70.70 - - [08/Sep/2025:09:26:40 +0700] "GET /goods/tent70664478.htm HTTP/1.0" 200 181429 "-" "Mozilla/5.0 (Linux; Android 6.0.1; Nexus 5X Build/MMB29P) AppleWebKit/537.36 (KHTML, like Gecko) Chrome/138.0.7204.183 Mobile Safari/537.36 (compatible; Googlebot/2.1; +http://www.google.com/bot.html)"
66.249.70.70 - - [08/Sep/2025:09:26:49 +0700] "GET /goods/overe50366004.htm HTTP/1.0" 200 173689 "-" "Mozilla/5.0 (Linux; Android 6.0.1; Nexus 5X Build/MMB29P) AppleWebKit/537.36 (KHTML, like Gecko) Chrome/138.0.7204.183 Mobile Safari/537.36 (compatible; Googlebot/2.1; +http://www.google.com/bot.html)"
20.171.207.17 - - [08/Sep/2025:09:27:01 +0700] "GET /goods/jaw82687495.htm HTTP/1.0" 200 323 "-" "Mozilla/5.0 AppleWebKit/537.36 (KHTML, like Gecko; compatible; GPTBot/1.2; +https://openai.com/gptbot)"
66.249.70.70 - - [08/Sep/2025:09:27:08 +0700] "POST /get-message-notify HTTP/1.0" 200 173972 "https://vnc-group.vn/goods/overe50366004.htm" "Mozilla/5.0 (Linux; Android 6.0.1; Nexus 5X Build/MMB29P) AppleWebKit/537.36 (KHTML, like Gecko) Chrome/139.0.7258.127 Mobile Safari/537.36 (compatible; Googlebot/2.1; +http://www.google.com/bot.html)"
66.249.70.70 - - [08/Sep/2025:09:27:20 +0700] "GET /goods/forei10400224.htm HTTP/1.0" 200 176523 "-" "Mozilla/5.0 (Linux; Android 6.0.1; Nexus 5X Build/MMB29P) AppleWebKit/537.36 (KHTML, like Gecko) Chrome/138.0.7204.183 Mobile Safari/537.36 (compatible; Googlebot/2.1; +http://www.google.com/bot.html)"
20.171.207.17 - - [08/Sep/2025:09:27:27 +0700] "GET /goods/van52854604.htm HTTP/1.0" 200 323 "-" "Mozilla/5.0 AppleWebKit/537.36 (KHTML, like Gecko; compatible; GPTBot/1.2; +https://openai.com/gptbot)"
66.249.70.64 - - [08/Sep/2025:09:27:29 +0700] "GET /goods/tin62739237.htm HTTP/1.0" 200 176865 "-" "Mozilla/5.0 (Linux; Android 6.0.1; Nexus 5X Build/MMB29P) AppleWebKit/537.36 (KHTML, like Gecko) Chrome/138.0.7204.183 Mobile Safari/537.36 (compatible; GoogleOther)"
66.249.70.71 - - [08/Sep/2025:09:27:37 +0700] "GET /goods/fahre61422637.htm HTTP/1.0" 200 180155 "-" "Mozilla/5.0 (Linux; Android 6.0.1; Nexus 5X Build/MMB29P) AppleWebKit/537.36 (KHTML, like Gecko) Chrome/138.0.7204.183 Mobile Safari/537.36 (compatible; Googlebot/2.1; +http://www.google.com/bot.html)"
20.171.207.17 - - [08/Sep/2025:09:27:48 +0700] "GET /goods/bar70659062.htm HTTP/1.0" 200 323 "-" "Mozilla/5.0 AppleWebKit/537.36 (KHTML, like Gecko; compatible; GPTBot/1.2; +https://openai.com/gptbot)"
20.171.207.17 - - [08/Sep/2025:09:28:15 +0700] "GET /goods/raw51207324.htm HTTP/1.0" 200 323 "-" "Mozilla/5.0 AppleWebKit/537.36 (KHTML, like Gecko; compatible; GPTBot/1.2; +https://openai.com/gptbot)"
66.249.70.70 - - [08/Sep/2025:09:28:14 +0700] "GET /goods/centr70276118.htm HTTP/1.0" 200 175419 "-" "Mozilla/5.0 (Linux; Android 6.0.1; Nexus 5X Build/MMB29P) AppleWebKit/537.36 (KHTML, like Gecko) Chrome/138.0.7204.183 Mobile Safari/537.36 (compatible; Googlebot/2.1; +http://www.google.com/bot.html)"
66.249.70.70 - - [08/Sep/2025:09:28:18 +0700] "GET /goods/denti21360465.htm HTTP/1.0" 200 172811 "-" "Mozilla/5.0 (Linux; Android 6.0.1; Nexus 5X Build/MMB29P) AppleWebKit/537.36 (KHTML, like Gecko) Chrome/138.0.7204.183 Mobile Safari/537.36 (compatible; Googlebot/2.1; +http://www.google.com/bot.html)"
66.249.70.70 - - [08/Sep/2025:09:28:23 +0700] "GET /goods/way72684198.htm HTTP/1.0" 200 173872 "-" "Mozilla/5.0 (Linux; Android 6.0.1; Nexus 5X Build/MMB29P) AppleWebKit/537.36 (KHTML, like Gecko) Chrome/138.0.7204.183 Mobile Safari/537.36 (compatible; Googlebot/2.1; +http://www.google.com/bot.html)"
66.249.70.70 - - [08/Sep/2025:09:28:30 +0700] "POST /get-message-notify HTTP/1.0" 200 174428 "https://vnc-group.vn/goods/denti21360465.htm" "Mozilla/5.0 (Linux; Android 6.0.1; Nexus 5X Build/MMB29P) AppleWebKit/537.36 (KHTML, like Gecko) Chrome/139.0.7258.127 Mobile Safari/537.36 (compatible; Googlebot/2.1; +http://www.google.com/bot.html)"
20.171.207.17 - - [08/Sep/2025:09:28:42 +0700] "GET /goods/nor31909258.htm HTTP/1.0" 200 323 "-" "Mozilla/5.0 AppleWebKit/537.36 (KHTML, like Gecko; compatible; GPTBot/1.2; +https://openai.com/gptbot)"
66.249.70.70 - - [08/Sep/2025:09:28:46 +0700] "GET /goods/quali22777513.htm HTTP/1.0" 200 204815 "-" "Mozilla/5.0 (Linux; Android 6.0.1; Nexus 5X Build/MMB29P) AppleWebKit/537.36 (KHTML, like Gecko) Chrome/138.0.7204.183 Mobile Safari/537.36 (compatible; GoogleOther)"
66.249.70.70 - - [08/Sep/2025:09:29:05 +0700] "GET /goods/japan42788491.htm HTTP/1.0" 200 174645 "-" "Mozilla/5.0 (Linux; Android 6.0.1; Nexus 5X Build/MMB29P) AppleWebKit/537.36 (KHTML, like Gecko) Chrome/138.0.7204.183 Mobile Safari/537.36 (compatible; Googlebot/2.1; +http://www.google.com/bot.html)"
20.171.207.17 - - [08/Sep/2025:09:29:08 +0700] "GET /goods/red81597247.htm HTTP/1.0" 200 323 "-" "Mozilla/5.0 AppleWebKit/537.36 (KHTML, like Gecko; compatible; GPTBot/1.2; +https://openai.com/gptbot)"
20.171.207.17 - - [08/Sep/2025:09:29:15 +0700] "GET /goods/pen72004398.htm HTTP/1.0" 200 323 "-" "Mozilla/5.0 AppleWebKit/537.36 (KHTML, like Gecko; compatible; GPTBot/1.2; +https://openai.com/gptbot)"
66.249.70.70 - - [08/Sep/2025:09:29:23 +0700] "GET /goods/fifth41809195.htm HTTP/1.0" 200 176621 "-" "Mozilla/5.0 (Linux; Android 6.0.1; Nexus 5X Build/MMB29P) AppleWebKit/537.36 (KHTML, like Gecko) Chrome/138.0.7204.183 Mobile Safari/537.36 (compatible; Googlebot/2.1; +http://www.google.com/bot.html)"
66.249.70.70 - - [08/Sep/2025:09:29:38 +0700] "GET /goods/past10760456.htm HTTP/1.0" 200 180211 "-" "Mozilla/5.0 (Linux; Android 6.0.1; Nexus 5X Build/MMB29P) AppleWebKit/537.36 (KHTML, like Gecko) Chrome/138.0.7204.183 Mobile Safari/537.36 (compatible; Googlebot/2.1; +http://www.google.com/bot.html)"
66.249.70.70 - - [08/Sep/2025:09:30:09 +0700] "GET /goods/atomi11222992.htm HTTP/1.0" 200 172930 "-" "Mozilla/5.0 (Linux; Android 6.0.1; Nexus 5X Build/MMB29P) AppleWebKit/537.36 (KHTML, like Gecko) Chrome/138.0.7204.183 Mobile Safari/537.36 (compatible; Googlebot/2.1; +http://www.google.com/bot.html)"
66.249.70.64 - - [08/Sep/2025:09:31:00 +0700] "GET /goods/above51408140.htm HTTP/1.0" 200 179669 "-" "Mozilla/5.0 (Linux; Android 6.0.1; Nexus 5X Build/MMB29P) AppleWebKit/537.36 (KHTML, like Gecko) Chrome/138.0.7204.183 Mobile Safari/537.36 (compatible; GoogleOther)"
20.171.207.17 - - [08/Sep/2025:09:31:20 +0700] "GET /goods/hen81704927.htm HTTP/1.0" 200 323 "-" "Mozilla/5.0 AppleWebKit/537.36 (KHTML, like Gecko; compatible; GPTBot/1.2; +https://openai.com/gptbot)"
66.249.70.71 - - [08/Sep/2025:09:31:21 +0700] "GET /goods/motor30429146.htm HTTP/1.0" 200 173608 "-" "Mozilla/5.0 (Linux; Android 6.0.1; Nexus 5X Build/MMB29P) AppleWebKit/537.36 (KHTML, like Gecko) Chrome/138.0.7204.183 Mobile Safari/537.36 (compatible; Googlebot/2.1; +http://www.google.com/bot.html)"
66.249.70.70 - - [08/Sep/2025:09:31:33 +0700] "GET /goods/curse22907473.htm HTTP/1.0" 200 175787 "-" "Mozilla/5.0 (Linux; Android 6.0.1; Nexus 5X Build/MMB29P) AppleWebKit/537.36 (KHTML, like Gecko) Chrome/138.0.7204.183 Mobile Safari/537.36 (compatible; Googlebot/2.1; +http://www.google.com/bot.html)"
20.171.207.17 - - [08/Sep/2025:09:31:42 +0700] "GET /goods/act71608350.htm HTTP/1.0" 200 323 "-" "Mozilla/5.0 AppleWebKit/537.36 (KHTML, like Gecko; compatible; GPTBot/1.2; +https://openai.com/gptbot)"
66.249.70.70 - - [08/Sep/2025:09:31:47 +0700] "GET /goods/cap72501222.htm HTTP/1.0" 200 179961 "-" "Mozilla/5.0 (Linux; Android 6.0.1; Nexus 5X Build/MMB29P) AppleWebKit/537.36 (KHTML, like Gecko) Chrome/138.0.7204.183 Mobile Safari/537.36 (compatible; Googlebot/2.1; +http://www.google.com/bot.html)"
20.171.207.17 - - [08/Sep/2025:09:32:08 +0700] "GET /goods/far72681646.htm HTTP/1.0" 200 323 "-" "Mozilla/5.0 AppleWebKit/537.36 (KHTML, like Gecko; compatible; GPTBot/1.2; +https://openai.com/gptbot)"
57.141.2.34 - - [08/Sep/2025:09:32:27 +0700] "GET /goods/reach41544627.htm HTTP/1.0" 200 323 "-" "meta-externalagent/1.1 (+https://developers.facebook.com/docs/sharing/webmasters/crawler)"
20.171.207.17 - - [08/Sep/2025:09:32:30 +0700] "GET /goods/ray82331615.htm HTTP/1.0" 200 323 "-" "Mozilla/5.0 AppleWebKit/537.36 (KHTML, like Gecko; compatible; GPTBot/1.2; +https://openai.com/gptbot)"
66.249.70.71 - - [08/Sep/2025:09:32:41 +0700] "GET /goods/all21252921.htm HTTP/1.0" 200 178041 "-" "Mozilla/5.0 (Linux; Android 6.0.1; Nexus 5X Build/MMB29P) AppleWebKit/537.36 (KHTML, like Gecko) Chrome/138.0.7204.183 Mobile Safari/537.36 (compatible; Googlebot/2.1; +http://www.google.com/bot.html)"
66.249.70.71 - - [08/Sep/2025:09:32:47 +0700] "GET /goods/sexis80303655.htm HTTP/1.0" 200 191033 "-" "Mozilla/5.0 (Linux; Android 6.0.1; Nexus 5X Build/MMB29P) AppleWebKit/537.36 (KHTML, like Gecko) Chrome/138.0.7204.183 Mobile Safari/537.36 (compatible; Googlebot/2.1; +http://www.google.com/bot.html)"
66.249.70.70 - - [08/Sep/2025:09:33:02 +0700] "GET /goods/ladde71542566.htm HTTP/1.0" 200 174409 "-" "Mozilla/5.0 (Linux; Android 6.0.1; Nexus 5X Build/MMB29P) AppleWebKit/537.36 (KHTML, like Gecko) Chrome/138.0.7204.183 Mobile Safari/537.36 (compatible; Googlebot/2.1; +http://www.google.com/bot.html)"
20.171.207.17 - - [08/Sep/2025:09:33:09 +0700] "GET /goods/for40897315.htm HTTP/1.0" 200 323 "-" "Mozilla/5.0 AppleWebKit/537.36 (KHTML, like Gecko; compatible; GPTBot/1.2; +https://openai.com/gptbot)"
66.249.70.70 - - [08/Sep/2025:09:33:15 +0700] "GET /goods/good62082757.htm HTTP/1.0" 200 177719 "-" "Mozilla/5.0 (Linux; Android 6.0.1; Nexus 5X Build/MMB29P) AppleWebKit/537.36 (KHTML, like Gecko) Chrome/138.0.7204.183 Mobile Safari/537.36 (compatible; GoogleOther)"
66.249.70.70 - - [08/Sep/2025:09:33:22 +0700] "POST /get-message-notify HTTP/1.0" 200 174234 "https://vnc-group.vn/goods/good62082757.htm" "Mozilla/5.0 (Linux; Android 6.0.1; Nexus 5X Build/MMB29P) AppleWebKit/537.36 (KHTML, like Gecko) Chrome/139.0.7258.127 Mobile Safari/537.36 (compatible; Googlebot/2.1; +http://www.google.com/bot.html)"
66.249.70.70 - - [08/Sep/2025:09:33:33 +0700] "GET /goods/healt20620033.htm HTTP/1.0" 200 175953 "-" "Mozilla/5.0 (Linux; Android 6.0.1; Nexus 5X Build/MMB29P) AppleWebKit/537.36 (KHTML, like Gecko) Chrome/138.0.7204.183 Mobile Safari/537.36 (compatible; Googlebot/2.1; +http://www.google.com/bot.html)"
20.171.207.17 - - [08/Sep/2025:09:33:40 +0700] "GET /goods/tax40927811.htm HTTP/1.0" 200 323 "-" "Mozilla/5.0 AppleWebKit/537.36 (KHTML, like Gecko; compatible; GPTBot/1.2; +https://openai.com/gptbot)"
66.249.70.70 - - [08/Sep/2025:09:33:37 +0700] "GET /goods/raw52711324.htm HTTP/1.0" 200 172786 "-" "Mozilla/5.0 (Linux; Android 6.0.1; Nexus 5X Build/MMB29P) AppleWebKit/537.36 (KHTML, like Gecko) Chrome/138.0.7204.183 Mobile Safari/537.36 (compatible; Googlebot/2.1; +http://www.google.com/bot.html)"
66.249.70.70 - - [08/Sep/2025:09:33:42 +0700] "GET /goods/tumor62141917.htm HTTP/1.0" 200 173505 "-" "Mozilla/5.0 (Linux; Android 6.0.1; Nexus 5X Build/MMB29P) AppleWebKit/537.36 (KHTML, like Gecko) Chrome/138.0.7204.183 Mobile Safari/537.36 (compatible; Googlebot/2.1; +http://www.google.com/bot.html)"
66.249.70.70 - - [08/Sep/2025:09:33:49 +0700] "GET /goods/impro22437073.htm HTTP/1.0" 200 179705 "-" "Mozilla/5.0 (Linux; Android 6.0.1; Nexus 5X Build/MMB29P) AppleWebKit/537.36 (KHTML, like Gecko) Chrome/138.0.7204.183 Mobile Safari/537.36 (compatible; Googlebot/2.1; +http://www.google.com/bot.html)"
66.249.70.70 - - [08/Sep/2025:09:33:54 +0700] "GET /goods/suit80613655.htm HTTP/1.0" 200 172357 "-" "Mozilla/5.0 (Linux; Android 6.0.1; Nexus 5X Build/MMB29P) AppleWebKit/537.36 (KHTML, like Gecko) Chrome/138.0.7204.183 Mobile Safari/537.36 (compatible; Googlebot/2.1; +http://www.google.com/bot.html)"
20.171.207.17 - - [08/Sep/2025:09:34:13 +0700] "GET /goods/paw30286778.htm HTTP/1.0" 200 323 "-" "Mozilla/5.0 AppleWebKit/537.36 (KHTML, like Gecko; compatible; GPTBot/1.2; +https://openai.com/gptbot)"
66.249.70.64 - - [08/Sep/2025:09:34:55 +0700] "GET /goods/highl42086363.htm HTTP/1.0" 200 173233 "-" "Mozilla/5.0 (Linux; Android 6.0.1; Nexus 5X Build/MMB29P) AppleWebKit/537.36 (KHTML, like Gecko) Chrome/138.0.7204.183 Mobile Safari/537.36 (compatible; Googlebot/2.1; +http://www.google.com/bot.html)"
66.249.70.64 - - [08/Sep/2025:09:34:59 +0700] "GET /goods/proce81778047.htm HTTP/1.0" 200 174071 "-" "Mozilla/5.0 (Linux; Android 6.0.1; Nexus 5X Build/MMB29P) AppleWebKit/537.36 (KHTML, like Gecko) Chrome/138.0.7204.183 Mobile Safari/537.36 (compatible; Googlebot/2.1; +http://www.google.com/bot.html)"
20.171.207.17 - - [08/Sep/2025:09:35:06 +0700] "GET /goods/bid61894093.htm HTTP/1.0" 200 323 "-" "Mozilla/5.0 AppleWebKit/537.36 (KHTML, like Gecko; compatible; GPTBot/1.2; +https://openai.com/gptbot)"
66.249.70.70 - - [08/Sep/2025:09:35:06 +0700] "GET /goods/impre11101784.htm HTTP/1.0" 200 173480 "-" "Mozilla/5.0 (Linux; Android 6.0.1; Nexus 5X Build/MMB29P) AppleWebKit/537.36 (KHTML, like Gecko) Chrome/138.0.7204.183 Mobile Safari/537.36 (compatible; Googlebot/2.1; +http://www.google.com/bot.html)"
20.171.207.17 - - [08/Sep/2025:09:35:18 +0700] "GET /goods/car82064567.htm HTTP/1.0" 200 323 "-" "Mozilla/5.0 AppleWebKit/537.36 (KHTML, like Gecko; compatible; GPTBot/1.2; +https://openai.com/gptbot)"
66.249.70.70 - - [08/Sep/2025:09:35:13 +0700] "GET /goods/oblig21847193.htm HTTP/1.0" 200 323 "-" "Mozilla/5.0 (Linux; Android 6.0.1; Nexus 5X Build/MMB29P) AppleWebKit/537.36 (KHTML, like Gecko) Chrome/138.0.7204.183 Mobile Safari/537.36 (compatible; Googlebot/2.1; +http://www.google.com/bot.html)"
66.249.70.70 - - [08/Sep/2025:09:35:19 +0700] "GET /goods/gunpo60155117.htm HTTP/1.0" 200 190626 "-" "Mozilla/5.0 (Linux; Android 6.0.1; Nexus 5X Build/MMB29P) AppleWebKit/537.36 (KHTML, like Gecko) Chrome/138.0.7204.183 Mobile Safari/537.36 (compatible; Googlebot/2.1; +http://www.google.com/bot.html)"
66.249.70.70 - - [08/Sep/2025:09:35:22 +0700] "GET /goods/anxie32503170.htm HTTP/1.0" 200 174277 "-" "Mozilla/5.0 (Linux; Android 6.0.1; Nexus 5X Build/MMB29P) AppleWebKit/537.36 (KHTML, like Gecko) Chrome/138.0.7204.183 Mobile Safari/537.36 (compatible; Googlebot/2.1; +http://www.google.com/bot.html)"
66.249.70.70 - - [08/Sep/2025:09:35:27 +0700] "GET /goods/crow52975260.htm HTTP/1.0" 200 186424 "-" "Mozilla/5.0 (Linux; Android 6.0.1; Nexus 5X Build/MMB29P) AppleWebKit/537.36 (KHTML, like Gecko) Chrome/138.0.7204.183 Mobile Safari/537.36 (compatible; Googlebot/2.1; +http://www.google.com/bot.html)"
66.249.70.71 - - [08/Sep/2025:09:35:31 +0700] "GET /goods/weed70734942.htm HTTP/1.0" 200 183808 "-" "Mozilla/5.0 (Linux; Android 6.0.1; Nexus 5X Build/MMB29P) AppleWebKit/537.36 (KHTML, like Gecko) Chrome/138.0.7204.183 Mobile Safari/537.36 (compatible; Googlebot/2.1; +http://www.google.com/bot.html)"
