66.249.70.64 - - [08/Sep/2025:15:59:42 +0700] "GET /goods/unifo21889537.htm HTTP/1.0" 200 183701 "-" "Mozilla/5.0 (Linux; Android 6.0.1; Nexus 5X Build/MMB29P) AppleWebKit/537.36 (KHTML, like Gecko) Chrome/138.0.7204.183 Mobile Safari/537.36 (compatible; Googlebot/2.1; +http://www.google.com/bot.html)"
20.171.207.168 - - [08/Sep/2025:16:00:36 +0700] "GET /goods/god41281075.htm HTTP/1.0" 200 323 "-" "Mozilla/5.0 AppleWebKit/537.36 (KHTML, like Gecko; compatible; GPTBot/1.2; +https://openai.com/gptbot)"
66.249.70.71 - - [08/Sep/2025:16:00:54 +0700] "GET /goods/aircr12127408.htm HTTP/1.0" 200 189031 "-" "Mozilla/5.0 (Linux; Android 6.0.1; Nexus 5X Build/MMB29P) AppleWebKit/537.36 (KHTML, like Gecko) Chrome/138.0.7204.183 Mobile Safari/537.36 (compatible; GoogleOther)"
66.249.70.71 - - [08/Sep/2025:16:01:20 +0700] "GET /goods/tradi12272616.htm HTTP/1.0" 200 174915 "-" "Mozilla/5.0 (Linux; Android 6.0.1; Nexus 5X Build/MMB29P) AppleWebKit/537.36 (KHTML, like Gecko) Chrome/138.0.7204.183 Mobile Safari/537.36 (compatible; Googlebot/2.1; +http://www.google.com/bot.html)"
20.171.207.168 - - [08/Sep/2025:16:01:28 +0700] "GET /goods/kit80935935.htm HTTP/1.0" 200 323 "-" "Mozilla/5.0 AppleWebKit/537.36 (KHTML, like Gecko; compatible; GPTBot/1.2; +https://openai.com/gptbot)"
20.171.207.168 - - [08/Sep/2025:16:02:43 +0700] "GET /goods/rub42755755.htm HTTP/1.0" 200 323 "-" "Mozilla/5.0 AppleWebKit/537.36 (KHTML, like Gecko; compatible; GPTBot/1.2; +https://openai.com/gptbot)"
66.249.70.64 - - [08/Sep/2025:16:02:49 +0700] "GET /goods/elabo40978931.htm HTTP/1.0" 200 175313 "-" "Mozilla/5.0 (Linux; Android 6.0.1; Nexus 5X Build/MMB29P) AppleWebKit/537.36 (KHTML, like Gecko) Chrome/138.0.7204.183 Mobile Safari/537.36 (compatible; GoogleOther)"
20.39.204.92 - - [08/Sep/2025:16:03:07 +0700] "GET /wp-content/plugins/hellopress/wp_filemanager.php HTTP/1.0" 200 323 "-" "-"
20.39.204.92 - - [08/Sep/2025:16:03:07 +0700] "GET /abcd.php HTTP/1.0" 403 1229 "-" "-"
20.39.204.92 - - [08/Sep/2025:16:03:07 +0700] "GET /nc4.php HTTP/1.0" 403 1229 "-" "-"
20.39.204.92 - - [08/Sep/2025:16:03:07 +0700] "GET /we.php HTTP/1.0" 403 1229 "-" "-"
20.39.204.92 - - [08/Sep/2025:16:03:07 +0700] "GET /lock360.php HTTP/1.0" 403 1229 "-" "-"
20.39.204.92 - - [08/Sep/2025:16:03:08 +0700] "GET /class.php HTTP/1.0" 403 1229 "-" "-"
20.39.204.92 - - [08/Sep/2025:16:03:08 +0700] "GET /d.php HTTP/1.0" 403 1229 "-" "-"
20.39.204.92 - - [08/Sep/2025:16:03:08 +0700] "GET /file15.php HTTP/1.0" 403 1229 "-" "-"
20.39.204.92 - - [08/Sep/2025:16:03:08 +0700] "GET /php.php HTTP/1.0" 403 1229 "-" "-"
20.39.204.92 - - [08/Sep/2025:16:03:08 +0700] "GET /W.php HTTP/1.0" 403 1229 "-" "-"
20.39.204.92 - - [08/Sep/2025:16:03:08 +0700] "GET /ar.php HTTP/1.0" 403 1229 "-" "-"
20.39.204.92 - - [08/Sep/2025:16:03:09 +0700] "GET /file.php? HTTP/1.0" 403 1229 "-" "-"
20.39.204.92 - - [08/Sep/2025:16:03:09 +0700] "GET /item.php HTTP/1.0" 403 1229 "-" "-"
20.39.204.92 - - [08/Sep/2025:16:03:09 +0700] "GET /admin.php?p= HTTP/1.0" 200 323 "-" "-"
20.39.204.92 - - [08/Sep/2025:16:03:09 +0700] "GET /cache.php HTTP/1.0" 403 1229 "-" "-"
20.39.204.92 - - [08/Sep/2025:16:03:09 +0700] "GET /buy.php HTTP/1.0" 403 1229 "-" "-"
20.39.204.92 - - [08/Sep/2025:16:03:09 +0700] "GET /lv.php HTTP/1.0" 403 1229 "-" "-"
20.39.204.92 - - [08/Sep/2025:16:03:09 +0700] "GET /cong.php HTTP/1.0" 403 1229 "-" "-"
20.39.204.92 - - [08/Sep/2025:16:03:10 +0700] "GET /about.php?p= HTTP/1.0" 403 1229 "-" "-"
20.39.204.92 - - [08/Sep/2025:16:03:10 +0700] "GET /repair.php HTTP/1.0" 403 1229 "-" "-"
20.39.204.92 - - [08/Sep/2025:16:03:10 +0700] "GET /wp-admin/maint/about.php7 HTTP/1.0" 200 323 "-" "-"
20.39.204.92 - - [08/Sep/2025:16:03:10 +0700] "GET /js.php HTTP/1.0" 403 1229 "-" "-"
20.39.204.92 - - [08/Sep/2025:16:03:10 +0700] "GET /wso.php HTTP/1.0" 403 1229 "-" "-"
20.39.204.92 - - [08/Sep/2025:16:03:10 +0700] "GET /view.php HTTP/1.0" 403 1229 "-" "-"
20.39.204.92 - - [08/Sep/2025:16:03:10 +0700] "GET /goods.php HTTP/1.0" 403 1229 "-" "-"
20.39.204.92 - - [08/Sep/2025:16:03:11 +0700] "GET /admin.php HTTP/1.0" 200 323 "-" "-"
20.39.204.92 - - [08/Sep/2025:16:03:11 +0700] "GET /jlc14ng3.php HTTP/1.0" 403 1229 "-" "-"
20.39.204.92 - - [08/Sep/2025:16:03:11 +0700] "GET /num.php HTTP/1.0" 403 1229 "-" "-"
20.39.204.92 - - [08/Sep/2025:16:03:11 +0700] "GET /makeasmtp.php?p= HTTP/1.0" 403 1229 "-" "-"
20.39.204.92 - - [08/Sep/2025:16:03:11 +0700] "GET /moon.php?p= HTTP/1.0" 403 1229 "-" "-"
20.39.204.92 - - [08/Sep/2025:16:03:11 +0700] "GET /simple.php HTTP/1.0" 403 1229 "-" "-"
20.39.204.92 - - [08/Sep/2025:16:03:12 +0700] "GET /atomlib.php HTTP/1.0" 403 1229 "-" "-"
20.39.204.92 - - [08/Sep/2025:16:03:12 +0700] "GET /karak.php HTTP/1.0" 403 1229 "-" "-"
20.39.204.92 - - [08/Sep/2025:16:03:12 +0700] "GET /function.php HTTP/1.0" 403 1229 "-" "-"
20.39.204.92 - - [08/Sep/2025:16:03:12 +0700] "GET /classwithtostring.php HTTP/1.0" 403 1229 "-" "-"
20.39.204.92 - - [08/Sep/2025:16:03:12 +0700] "GET /wp-activate.php HTTP/1.0" 200 323 "-" "-"
20.39.204.92 - - [08/Sep/2025:16:03:12 +0700] "GET /f.php HTTP/1.0" 403 1229 "-" "-"
20.39.204.92 - - [08/Sep/2025:16:03:12 +0700] "GET /autoload_classmap.php?p= HTTP/1.0" 403 1229 "-" "-"
20.39.204.92 - - [08/Sep/2025:16:03:13 +0700] "GET /uhddppix.php HTTP/1.0" 403 1229 "-" "-"
20.39.204.92 - - [08/Sep/2025:16:03:13 +0700] "GET /qwturjyu.php HTTP/1.0" 403 1229 "-" "-"
20.39.204.92 - - [08/Sep/2025:16:03:13 +0700] "GET /index.php0 HTTP/1.0" 200 323 "-" "-"
20.39.204.92 - - [08/Sep/2025:16:03:13 +0700] "GET /gqksqsxc.php HTTP/1.0" 403 1229 "-" "-"
20.39.204.92 - - [08/Sep/2025:16:03:13 +0700] "GET /radio.php HTTP/1.0" 403 1229 "-" "-"
20.39.204.92 - - [08/Sep/2025:16:03:13 +0700] "GET /as.php HTTP/1.0" 403 1229 "-" "-"
20.39.204.92 - - [08/Sep/2025:16:03:14 +0700] "GET /0.php HTTP/1.0" 403 1229 "-" "-"
20.39.204.92 - - [08/Sep/2025:16:03:14 +0700] "GET /alfa.php HTTP/1.0" 403 1229 "-" "-"
20.39.204.92 - - [08/Sep/2025:16:03:14 +0700] "GET /inputs.php?p= HTTP/1.0" 200 323 "-" "-"
20.39.204.92 - - [08/Sep/2025:16:03:14 +0700] "GET /ty.php?p= HTTP/1.0" 403 1229 "-" "-"
20.39.204.92 - - [08/Sep/2025:16:03:14 +0700] "GET /content.php HTTP/1.0" 403 1229 "-" "-"
20.39.204.92 - - [08/Sep/2025:16:03:14 +0700] "GET /v2.php HTTP/1.0" 403 1229 "-" "-"
20.39.204.92 - - [08/Sep/2025:16:03:15 +0700] "GET /403.php HTTP/1.0" 403 1229 "-" "-"
20.39.204.92 - - [08/Sep/2025:16:03:15 +0700] "GET /.htaccess.php HTTP/1.0" 403 1229 "-" "-"
20.39.204.92 - - [08/Sep/2025:16:03:15 +0700] "GET /shell.php HTTP/1.0" 403 1229 "-" "-"
20.39.204.92 - - [08/Sep/2025:16:03:15 +0700] "GET /admin836.php HTTP/1.0" 403 1229 "-" "-"
20.39.204.92 - - [08/Sep/2025:16:03:15 +0700] "GET /3.php HTTP/1.0" 403 1229 "-" "-"
20.39.204.92 - - [08/Sep/2025:16:03:15 +0700] "GET /I3zu2h.php HTTP/1.0" 403 1229 "-" "-"
20.39.204.92 - - [08/Sep/2025:16:03:15 +0700] "GET /pu1.php HTTP/1.0" 403 1229 "-" "-"
20.39.204.92 - - [08/Sep/2025:16:03:16 +0700] "GET /data532.php HTTP/1.0" 403 1229 "-" "-"
20.39.204.92 - - [08/Sep/2025:16:03:16 +0700] "GET /helper043.php HTTP/1.0" 403 1229 "-" "-"
20.39.204.92 - - [08/Sep/2025:16:03:16 +0700] "GET /core885.php HTTP/1.0" 403 1229 "-" "-"
20.39.204.92 - - [08/Sep/2025:16:03:16 +0700] "GET /wp.php HTTP/1.0" 403 1229 "-" "-"
20.39.204.92 - - [08/Sep/2025:16:03:16 +0700] "GET /xx.php HTTP/1.0" 403 1229 "-" "-"
20.39.204.92 - - [08/Sep/2025:16:03:16 +0700] "GET /rss.php HTTP/1.0" 403 1229 "-" "-"
20.39.204.92 - - [08/Sep/2025:16:03:17 +0700] "GET /mar.php HTTP/1.0" 403 1229 "-" "-"
20.39.204.92 - - [08/Sep/2025:16:03:17 +0700] "GET /themes.php HTTP/1.0" 200 323 "-" "-"
20.39.204.92 - - [08/Sep/2025:16:03:17 +0700] "GET /warm.PhP7 HTTP/1.0" 200 323 "-" "-"
20.39.204.92 - - [08/Sep/2025:16:03:17 +0700] "GET /ava.php HTTP/1.0" 403 1229 "-" "-"
20.39.204.92 - - [08/Sep/2025:16:03:17 +0700] "GET /hugo.php HTTP/1.0" 403 1229 "-" "-"
20.39.204.92 - - [08/Sep/2025:16:03:17 +0700] "GET /406.php HTTP/1.0" 403 1229 "-" "-"
20.39.204.92 - - [08/Sep/2025:16:03:17 +0700] "GET /xmrlpc.php?p= HTTP/1.0" 403 1229 "-" "-"
20.39.204.92 - - [08/Sep/2025:16:03:18 +0700] "GET /about.php HTTP/1.0" 403 1229 "-" "-"
20.39.204.92 - - [08/Sep/2025:16:03:18 +0700] "GET /00.php HTTP/1.0" 403 1229 "-" "-"
20.39.204.92 - - [08/Sep/2025:16:03:18 +0700] "GET /11.php HTTP/1.0" 403 1229 "-" "-"
20.39.204.92 - - [08/Sep/2025:16:03:18 +0700] "GET /byp.php HTTP/1.0" 403 1229 "-" "-"
20.39.204.92 - - [08/Sep/2025:16:03:18 +0700] "GET /chosen.php?p= HTTP/1.0" 403 1229 "-" "-"
20.39.204.92 - - [08/Sep/2025:16:03:18 +0700] "GET /error.php HTTP/1.0" 403 1229 "-" "-"
20.39.204.92 - - [08/Sep/2025:16:03:19 +0700] "GET /asasx.php?p= HTTP/1.0" 403 1229 "-" "-"
20.39.204.92 - - [08/Sep/2025:16:03:19 +0700] "GET /1.php HTTP/1.0" 403 1229 "-" "-"
20.39.204.92 - - [08/Sep/2025:16:03:19 +0700] "GET /elp.php HTTP/1.0" 403 1229 "-" "-"
20.39.204.92 - - [08/Sep/2025:16:03:19 +0700] "GET /mini.php HTTP/1.0" 403 1229 "-" "-"
20.39.204.92 - - [08/Sep/2025:16:03:19 +0700] "GET /adminfuns.php HTTP/1.0" 200 323 "-" "-"
20.39.204.92 - - [08/Sep/2025:16:03:19 +0700] "GET /asd67.php HTTP/1.0" 403 1229 "-" "-"
20.39.204.92 - - [08/Sep/2025:16:03:19 +0700] "GET /lc.php HTTP/1.0" 403 1229 "-" "-"
20.39.204.92 - - [08/Sep/2025:16:03:20 +0700] "GET /222.php?p= HTTP/1.0" 403 1229 "-" "-"
20.39.204.92 - - [08/Sep/2025:16:03:20 +0700] "GET /wp-22.php HTTP/1.0" 403 1229 "-" "-"
20.39.204.92 - - [08/Sep/2025:16:03:20 +0700] "GET /sts.php HTTP/1.0" 403 1229 "-" "-"
20.39.204.92 - - [08/Sep/2025:16:03:20 +0700] "GET /sa.php7 HTTP/1.0" 200 323 "-" "-"
20.39.204.92 - - [08/Sep/2025:16:03:20 +0700] "GET /shell_wso.php7 HTTP/1.0" 200 323 "-" "-"
20.39.204.92 - - [08/Sep/2025:16:03:20 +0700] "GET /gh.php HTTP/1.0" 403 1229 "-" "-"
20.39.204.92 - - [08/Sep/2025:16:03:21 +0700] "GET /red.php HTTP/1.0" 403 1229 "-" "-"
20.39.204.92 - - [08/Sep/2025:16:03:21 +0700] "GET /shellv3.php HTTP/1.0" 403 1229 "-" "-"
20.39.204.92 - - [08/Sep/2025:16:03:21 +0700] "GET /mah.php HTTP/1.0" 403 1229 "-" "-"
20.39.204.92 - - [08/Sep/2025:16:03:21 +0700] "GET /ee8.php HTTP/1.0" 403 1229 "-" "-"
20.39.204.92 - - [08/Sep/2025:16:03:21 +0700] "GET /up.php HTTP/1.0" 403 1229 "-" "-"
20.39.204.92 - - [08/Sep/2025:16:03:21 +0700] "GET /success.php HTTP/1.0" 403 1229 "-" "-"
20.39.204.92 - - [08/Sep/2025:16:03:21 +0700] "GET /atombil.php HTTP/1.0" 403 1229 "-" "-"
20.39.204.92 - - [08/Sep/2025:16:03:22 +0700] "GET /sxo.php HTTP/1.0" 403 1229 "-" "-"
20.39.204.92 - - [08/Sep/2025:16:03:22 +0700] "GET /fox.php HTTP/1.0" 403 1229 "-" "-"
20.39.204.92 - - [08/Sep/2025:16:03:22 +0700] "GET /g3.php HTTP/1.0" 403 1229 "-" "-"
20.39.204.92 - - [08/Sep/2025:16:03:22 +0700] "GET /too.php HTTP/1.0" 403 1229 "-" "-"
20.39.204.92 - - [08/Sep/2025:16:03:22 +0700] "GET /NewFile.php HTTP/1.0" 403 1229 "-" "-"
20.39.204.92 - - [08/Sep/2025:16:03:22 +0700] "GET /akc.php HTTP/1.0" 403 1229 "-" "-"
20.39.204.92 - - [08/Sep/2025:16:03:23 +0700] "GET /themes.php HTTP/1.0" 200 323 "-" "-"
20.39.204.92 - - [08/Sep/2025:16:03:23 +0700] "GET /phpfox.php HTTP/1.0" 403 1229 "-" "-"
20.39.204.92 - - [08/Sep/2025:16:03:23 +0700] "GET /yanz.php HTTP/1.0" 403 1229 "-" "-"
20.39.204.92 - - [08/Sep/2025:16:03:23 +0700] "GET /c.php HTTP/1.0" 403 1229 "-" "-"
20.171.207.168 - - [08/Sep/2025:16:03:44 +0700] "GET /goods/hay22722785.htm HTTP/1.0" 200 323 "-" "Mozilla/5.0 AppleWebKit/537.36 (KHTML, like Gecko; compatible; GPTBot/1.2; +https://openai.com/gptbot)"
66.249.70.71 - - [08/Sep/2025:16:04:33 +0700] "GET /goods/recit41833235.htm HTTP/1.0" 200 172566 "-" "Mozilla/5.0 (Linux; Android 6.0.1; Nexus 5X Build/MMB29P) AppleWebKit/537.36 (KHTML, like Gecko) Chrome/138.0.7204.183 Mobile Safari/537.36 (compatible; GoogleOther)"
20.171.207.168 - - [08/Sep/2025:16:05:02 +0700] "GET /goods/ban20994209.htm HTTP/1.0" 200 323 "-" "Mozilla/5.0 AppleWebKit/537.36 (KHTML, like Gecko; compatible; GPTBot/1.2; +https://openai.com/gptbot)"
66.249.70.70 - - [08/Sep/2025:16:05:18 +0700] "GET /goods/verif30022706.htm HTTP/1.0" 200 178509 "-" "Mozilla/5.0 (Linux; Android 6.0.1; Nexus 5X Build/MMB29P) AppleWebKit/537.36 (KHTML, like Gecko) Chrome/138.0.7204.183 Mobile Safari/537.36 (compatible; Googlebot/2.1; +http://www.google.com/bot.html)"
20.171.207.168 - - [08/Sep/2025:16:06:13 +0700] "GET /goods/god40553075.htm HTTP/1.0" 200 323 "-" "Mozilla/5.0 AppleWebKit/537.36 (KHTML, like Gecko; compatible; GPTBot/1.2; +https://openai.com/gptbot)"
66.249.70.71 - - [08/Sep/2025:16:06:15 +0700] "GET /goods/forei10416224.htm HTTP/1.0" 200 174724 "-" "Mozilla/5.0 (Linux; Android 6.0.1; Nexus 5X Build/MMB29P) AppleWebKit/537.36 (KHTML, like Gecko) Chrome/138.0.7204.183 Mobile Safari/537.36 (compatible; GoogleOther)"
66.249.70.71 - - [08/Sep/2025:16:06:31 +0700] "GET /goods/kingd21195265.htm HTTP/1.0" 200 173754 "-" "Mozilla/5.0 (Linux; Android 6.0.1; Nexus 5X Build/MMB29P) AppleWebKit/537.36 (KHTML, like Gecko) Chrome/138.0.7204.183 Mobile Safari/537.36 (compatible; Googlebot/2.1; +http://www.google.com/bot.html)"
66.249.70.70 - - [08/Sep/2025:16:06:37 +0700] "POST /get-message-notify HTTP/1.0" 200 174431 "https://vnc-group.vn/goods/forei10416224.htm" "Mozilla/5.0 (Linux; Android 6.0.1; Nexus 5X Build/MMB29P) AppleWebKit/537.36 (KHTML, like Gecko) Chrome/139.0.7258.127 Mobile Safari/537.36 (compatible; Googlebot/2.1; +http://www.google.com/bot.html)"
20.171.207.168 - - [08/Sep/2025:16:07:33 +0700] "GET /goods/fan11140128.htm HTTP/1.0" 200 323 "-" "Mozilla/5.0 AppleWebKit/537.36 (KHTML, like Gecko; compatible; GPTBot/1.2; +https://openai.com/gptbot)"
20.171.207.168 - - [08/Sep/2025:16:08:47 +0700] "GET /goods/sat51699940.htm HTTP/1.0" 200 323 "-" "Mozilla/5.0 AppleWebKit/537.36 (KHTML, like Gecko; compatible; GPTBot/1.2; +https://openai.com/gptbot)"
66.249.70.64 - - [08/Sep/2025:16:09:11 +0700] "GET /goods/evapo80543047.htm HTTP/1.0" 200 173948 "-" "Mozilla/5.0 (Linux; Android 6.0.1; Nexus 5X Build/MMB29P) AppleWebKit/537.36 (KHTML, like Gecko) Chrome/138.0.7204.183 Mobile Safari/537.36 (compatible; Googlebot/2.1; +http://www.google.com/bot.html)"
20.171.207.168 - - [08/Sep/2025:16:09:57 +0700] "GET /goods/cap72725222.htm HTTP/1.0" 200 323 "-" "Mozilla/5.0 AppleWebKit/537.36 (KHTML, like Gecko; compatible; GPTBot/1.2; +https://openai.com/gptbot)"
66.249.70.71 - - [08/Sep/2025:16:11:15 +0700] "GET /goods/flat32449042.htm HTTP/1.0" 200 174729 "-" "Mozilla/5.0 (Linux; Android 6.0.1; Nexus 5X Build/MMB29P) AppleWebKit/537.36 (KHTML, like Gecko) Chrome/138.0.7204.183 Mobile Safari/537.36 (compatible; Googlebot/2.1; +http://www.google.com/bot.html)"
20.171.207.168 - - [08/Sep/2025:16:11:22 +0700] "GET /goods/key62000261.htm HTTP/1.0" 200 323 "-" "Mozilla/5.0 AppleWebKit/537.36 (KHTML, like Gecko; compatible; GPTBot/1.2; +https://openai.com/gptbot)"
66.249.70.71 - - [08/Sep/2025:16:12:21 +0700] "GET /goods/seam42283883.htm HTTP/1.0" 200 178099 "-" "Mozilla/5.0 (Linux; Android 6.0.1; Nexus 5X Build/MMB29P) AppleWebKit/537.36 (KHTML, like Gecko) Chrome/138.0.7204.183 Mobile Safari/537.36 (compatible; Googlebot/2.1; +http://www.google.com/bot.html)"
20.171.207.168 - - [08/Sep/2025:16:12:45 +0700] "GET /goods/was22255945.htm HTTP/1.0" 200 323 "-" "Mozilla/5.0 AppleWebKit/537.36 (KHTML, like Gecko; compatible; GPTBot/1.2; +https://openai.com/gptbot)"
20.171.207.168 - - [08/Sep/2025:16:14:02 +0700] "GET /goods/its12700024.htm HTTP/1.0" 200 323 "-" "Mozilla/5.0 AppleWebKit/537.36 (KHTML, like Gecko; compatible; GPTBot/1.2; +https://openai.com/gptbot)"
20.171.207.168 - - [08/Sep/2025:16:15:06 +0700] "GET /goods/sat50111940.htm HTTP/1.0" 200 323 "-" "Mozilla/5.0 AppleWebKit/537.36 (KHTML, like Gecko; compatible; GPTBot/1.2; +https://openai.com/gptbot)"
66.249.70.70 - - [08/Sep/2025:16:15:05 +0700] "GET /goods/unifo21889537.htm HTTP/1.0" 200 183545 "-" "Mozilla/5.0 (Linux; Android 6.0.1; Nexus 5X Build/MMB29P) AppleWebKit/537.36 (KHTML, like Gecko) Chrome/138.0.7204.183 Mobile Safari/537.36 (compatible; GoogleOther)"
66.249.70.70 - - [08/Sep/2025:16:15:24 +0700] "POST /get-message-notify HTTP/1.0" 503 8544 "https://vnc-group.vn/goods/unifo21889537.htm" "Mozilla/5.0 (Linux; Android 6.0.1; Nexus 5X Build/MMB29P) AppleWebKit/537.36 (KHTML, like Gecko) Chrome/139.0.7258.127 Mobile Safari/537.36 (compatible; Googlebot/2.1; +http://www.google.com/bot.html)"
20.171.207.168 - - [08/Sep/2025:16:16:19 +0700] "GET /goods/son70888574.htm HTTP/1.0" 200 323 "-" "Mozilla/5.0 AppleWebKit/537.36 (KHTML, like Gecko; compatible; GPTBot/1.2; +https://openai.com/gptbot)"
66.249.70.64 - - [08/Sep/2025:16:16:32 +0700] "GET /goods/twelv51964732.htm HTTP/1.0" 200 172418 "-" "Mozilla/5.0 (Linux; Android 6.0.1; Nexus 5X Build/MMB29P) AppleWebKit/537.36 (KHTML, like Gecko) Chrome/138.0.7204.183 Mobile Safari/537.36 (compatible; Googlebot/2.1; +http://www.google.com/bot.html)"
66.249.70.71 - - [08/Sep/2025:16:16:48 +0700] "GET /goods/optic40799499.htm HTTP/1.0" 200 174024 "-" "Mozilla/5.0 (Linux; Android 6.0.1; Nexus 5X Build/MMB29P) AppleWebKit/537.36 (KHTML, like Gecko) Chrome/138.0.7204.183 Mobile Safari/537.36 (compatible; Googlebot/2.1; +http://www.google.com/bot.html)"
20.171.207.168 - - [08/Sep/2025:16:17:47 +0700] "GET /goods/why31001010.htm HTTP/1.0" 200 323 "-" "Mozilla/5.0 AppleWebKit/537.36 (KHTML, like Gecko; compatible; GPTBot/1.2; +https://openai.com/gptbot)"
66.249.70.70 - - [08/Sep/2025:16:18:28 +0700] "GET /goods/day42008875.htm HTTP/1.0" 200 201360 "-" "Mozilla/5.0 (Linux; Android 6.0.1; Nexus 5X Build/MMB29P) AppleWebKit/537.36 (KHTML, like Gecko) Chrome/138.0.7204.183 Mobile Safari/537.36 (compatible; Googlebot/2.1; +http://www.google.com/bot.html)"
66.249.70.70 - - [08/Sep/2025:16:19:37 +0700] "GET /goods/error50742580.htm HTTP/1.0" 200 172508 "-" "Mozilla/5.0 (Linux; Android 6.0.1; Nexus 5X Build/MMB29P) AppleWebKit/537.36 (KHTML, like Gecko) Chrome/138.0.7204.183 Mobile Safari/537.36 (compatible; Googlebot/2.1; +http://www.google.com/bot.html)"
20.171.207.168 - - [08/Sep/2025:16:19:47 +0700] "GET /goods/lot21212497.htm HTTP/1.0" 200 323 "-" "Mozilla/5.0 AppleWebKit/537.36 (KHTML, like Gecko; compatible; GPTBot/1.2; +https://openai.com/gptbot)"
66.249.70.71 - - [08/Sep/2025:16:19:55 +0700] "POST /get-message-notify HTTP/1.0" 503 8544 "https://vnc-group.vn/goods/error50742580.htm" "Mozilla/5.0 (Linux; Android 6.0.1; Nexus 5X Build/MMB29P) AppleWebKit/537.36 (KHTML, like Gecko) Chrome/139.0.7258.127 Mobile Safari/537.36 (compatible; Googlebot/2.1; +http://www.google.com/bot.html)"
66.249.70.64 - - [08/Sep/2025:16:20:26 +0700] "GET /goods/tenni72293422.htm HTTP/1.0" 200 323 "-" "Mozilla/5.0 (Linux; Android 6.0.1; Nexus 5X Build/MMB29P) AppleWebKit/537.36 (KHTML, like Gecko) Chrome/138.0.7204.183 Mobile Safari/537.36 (compatible; Googlebot/2.1; +http://www.google.com/bot.html)"
20.171.207.168 - - [08/Sep/2025:16:21:51 +0700] "GET /goods/zig50299932.htm HTTP/1.0" 200 323 "-" "Mozilla/5.0 AppleWebKit/537.36 (KHTML, like Gecko; compatible; GPTBot/1.2; +https://openai.com/gptbot)"
20.171.207.168 - - [08/Sep/2025:16:23:41 +0700] "GET /goods/toe11150640.htm HTTP/1.0" 200 323 "-" "Mozilla/5.0 AppleWebKit/537.36 (KHTML, like Gecko; compatible; GPTBot/1.2; +https://openai.com/gptbot)"
66.249.70.71 - - [08/Sep/2025:16:24:33 +0700] "GET /goods/rib62919621.htm HTTP/1.0" 200 180887 "-" "Mozilla/5.0 (Linux; Android 6.0.1; Nexus 5X Build/MMB29P) AppleWebKit/537.36 (KHTML, like Gecko) Chrome/138.0.7204.183 Mobile Safari/537.36 (compatible; Googlebot/2.1; +http://www.google.com/bot.html)"
66.249.70.71 - - [08/Sep/2025:16:24:43 +0700] "GET /goods/campa82518319.htm HTTP/1.0" 200 174217 "-" "Mozilla/5.0 (Linux; Android 6.0.1; Nexus 5X Build/MMB29P) AppleWebKit/537.36 (KHTML, like Gecko) Chrome/138.0.7204.183 Mobile Safari/537.36 (compatible; Googlebot/2.1; +http://www.google.com/bot.html)"
20.171.207.168 - - [08/Sep/2025:16:25:07 +0700] "GET /goods/lot21116497.htm HTTP/1.0" 200 323 "-" "Mozilla/5.0 AppleWebKit/537.36 (KHTML, like Gecko; compatible; GPTBot/1.2; +https://openai.com/gptbot)"
66.249.70.70 - - [08/Sep/2025:16:25:22 +0700] "GET /goods/forbi62713669.htm HTTP/1.0" 200 199239 "-" "Mozilla/5.0 (Linux; Android 6.0.1; Nexus 5X Build/MMB29P) AppleWebKit/537.36 (KHTML, like Gecko) Chrome/138.0.7204.183 Mobile Safari/537.36 (compatible; Googlebot/2.1; +http://www.google.com/bot.html)"
20.171.207.168 - - [08/Sep/2025:16:26:16 +0700] "GET /goods/tea20141113.htm HTTP/1.0" 200 323 "-" "Mozilla/5.0 AppleWebKit/537.36 (KHTML, like Gecko; compatible; GPTBot/1.2; +https://openai.com/gptbot)"
20.171.207.168 - - [08/Sep/2025:16:27:19 +0700] "GET /goods/cut70001382.htm HTTP/1.0" 200 323 "-" "Mozilla/5.0 AppleWebKit/537.36 (KHTML, like Gecko; compatible; GPTBot/1.2; +https://openai.com/gptbot)"
66.249.70.71 - - [08/Sep/2025:16:27:26 +0700] "GET /goods/exten61518013.htm HTTP/1.0" 200 323 "-" "Mozilla/5.0 (Linux; Android 6.0.1; Nexus 5X Build/MMB29P) AppleWebKit/537.36 (KHTML, like Gecko) Chrome/138.0.7204.183 Mobile Safari/537.36 (compatible; Googlebot/2.1; +http://www.google.com/bot.html)"
20.171.207.168 - - [08/Sep/2025:16:28:05 +0700] "GET /goods/hub70334446.htm HTTP/1.0" 200 323 "-" "Mozilla/5.0 AppleWebKit/537.36 (KHTML, like Gecko; compatible; GPTBot/1.2; +https://openai.com/gptbot)"
20.171.207.168 - - [08/Sep/2025:16:28:49 +0700] "GET /goods/gum11198064.htm HTTP/1.0" 200 323 "-" "Mozilla/5.0 AppleWebKit/537.36 (KHTML, like Gecko; compatible; GPTBot/1.2; +https://openai.com/gptbot)"
20.171.207.168 - - [08/Sep/2025:16:29:38 +0700] "GET /goods/pit82755511.htm HTTP/1.0" 200 323 "-" "Mozilla/5.0 AppleWebKit/537.36 (KHTML, like Gecko; compatible; GPTBot/1.2; +https://openai.com/gptbot)"
20.171.207.168 - - [08/Sep/2025:16:30:16 +0700] "GET /goods/gum12666064.htm HTTP/1.0" 200 323 "-" "Mozilla/5.0 AppleWebKit/537.36 (KHTML, like Gecko; compatible; GPTBot/1.2; +https://openai.com/gptbot)"
20.171.207.168 - - [08/Sep/2025:16:31:01 +0700] "GET /goods/fan11164128.htm HTTP/1.0" 200 323 "-" "Mozilla/5.0 AppleWebKit/537.36 (KHTML, like Gecko; compatible; GPTBot/1.2; +https://openai.com/gptbot)"
57.141.2.34 - - [08/Sep/2025:16:31:18 +0700] "GET /goods/grey82270831.htm HTTP/1.0" 200 323 "-" "meta-externalagent/1.1 (+https://developers.facebook.com/docs/sharing/webmasters/crawler)"
66.249.70.64 - - [08/Sep/2025:16:31:55 +0700] "GET /goods/opini62509541.htm HTTP/1.0" 200 175473 "-" "Mozilla/5.0 (Linux; Android 6.0.1; Nexus 5X Build/MMB29P) AppleWebKit/537.36 (KHTML, like Gecko) Chrome/138.0.7204.183 Mobile Safari/537.36 (compatible; Googlebot/2.1; +http://www.google.com/bot.html)"
66.249.70.70 - - [08/Sep/2025:16:32:52 +0700] "GET /goods/eleve22717265.htm HTTP/1.0" 200 176848 "-" "Mozilla/5.0 (Linux; Android 6.0.1; Nexus 5X Build/MMB29P) AppleWebKit/537.36 (KHTML, like Gecko) Chrome/138.0.7204.183 Mobile Safari/537.36 (compatible; Googlebot/2.1; +http://www.google.com/bot.html)"
20.171.207.168 - - [08/Sep/2025:16:33:04 +0700] "GET /goods/bus70244430.htm HTTP/1.0" 200 323 "-" "Mozilla/5.0 AppleWebKit/537.36 (KHTML, like Gecko; compatible; GPTBot/1.2; +https://openai.com/gptbot)"
20.171.207.168 - - [08/Sep/2025:16:34:13 +0700] "GET /goods/con31033354.htm HTTP/1.0" 200 323 "-" "Mozilla/5.0 AppleWebKit/537.36 (KHTML, like Gecko; compatible; GPTBot/1.2; +https://openai.com/gptbot)"
66.249.70.71 - - [08/Sep/2025:16:34:39 +0700] "GET /goods/garde60032773.htm HTTP/1.0" 200 199312 "-" "Mozilla/5.0 (Linux; Android 6.0.1; Nexus 5X Build/MMB29P) AppleWebKit/537.36 (KHTML, like Gecko) Chrome/138.0.7204.183 Mobile Safari/537.36 (compatible; Googlebot/2.1; +http://www.google.com/bot.html)"
20.171.207.168 - - [08/Sep/2025:16:35:04 +0700] "GET /goods/coke42664083.htm HTTP/1.0" 200 323 "-" "Mozilla/5.0 AppleWebKit/537.36 (KHTML, like Gecko; compatible; GPTBot/1.2; +https://openai.com/gptbot)"
20.171.207.168 - - [08/Sep/2025:16:35:21 +0700] "GET /goods/arm32220298.htm HTTP/1.0" 200 323 "-" "Mozilla/5.0 AppleWebKit/537.36 (KHTML, like Gecko; compatible; GPTBot/1.2; +https://openai.com/gptbot)"
57.141.2.24 - - [08/Sep/2025:16:35:30 +0700] "GET /goods/ambit11982384.htm HTTP/1.0" 200 323 "-" "meta-externalagent/1.1 (+https://developers.facebook.com/docs/sharing/webmasters/crawler)"
66.249.70.71 - - [08/Sep/2025:16:35:27 +0700] "GET /goods/abroa20765257.htm HTTP/1.0" 200 175679 "-" "Mozilla/5.0 (Linux; Android 6.0.1; Nexus 5X Build/MMB29P) AppleWebKit/537.36 (KHTML, like Gecko) Chrome/138.0.7204.183 Mobile Safari/537.36 (compatible; Googlebot/2.1; +http://www.google.com/bot.html)"
66.249.70.71 - - [08/Sep/2025:16:35:42 +0700] "POST /get-message-notify HTTP/1.0" 200 174073 "https://vnc-group.vn/goods/abroa20765257.htm" "Mozilla/5.0 (Linux; Android 6.0.1; Nexus 5X Build/MMB29P) AppleWebKit/537.36 (KHTML, like Gecko) Chrome/139.0.7258.127 Mobile Safari/537.36 (compatible; Googlebot/2.1; +http://www.google.com/bot.html)"
20.171.207.168 - - [08/Sep/2025:16:35:47 +0700] "GET /goods/able60201085.htm HTTP/1.0" 200 323 "-" "Mozilla/5.0 AppleWebKit/537.36 (KHTML, like Gecko; compatible; GPTBot/1.2; +https://openai.com/gptbot)"
20.171.207.168 - - [08/Sep/2025:16:36:14 +0700] "GET /goods/or32444498.htm HTTP/1.0" 200 323 "-" "Mozilla/5.0 AppleWebKit/537.36 (KHTML, like Gecko; compatible; GPTBot/1.2; +https://openai.com/gptbot)"
20.171.207.168 - - [08/Sep/2025:16:36:36 +0700] "GET /login.php HTTP/1.0" 403 1229 "-" "Mozilla/5.0 AppleWebKit/537.36 (KHTML, like Gecko; compatible; GPTBot/1.2; +https://openai.com/gptbot)"
66.249.70.64 - - [08/Sep/2025:16:36:32 +0700] "GET /goods/clone22105273.htm HTTP/1.0" 200 173554 "-" "Mozilla/5.0 (Linux; Android 6.0.1; Nexus 5X Build/MMB29P) AppleWebKit/537.36 (KHTML, like Gecko) Chrome/138.0.7204.183 Mobile Safari/537.36 (compatible; Googlebot/2.1; +http://www.google.com/bot.html)"
66.249.70.71 - - [08/Sep/2025:16:36:37 +0700] "GET /goods/trace40210435.htm HTTP/1.0" 200 323 "-" "Mozilla/5.0 (Linux; Android 6.0.1; Nexus 5X Build/MMB29P) AppleWebKit/537.36 (KHTML, like Gecko) Chrome/138.0.7204.183 Mobile Safari/537.36 (compatible; Googlebot/2.1; +http://www.google.com/bot.html)"
20.171.207.168 - - [08/Sep/2025:16:36:54 +0700] "GET /goods/it11157112.htm HTTP/1.0" 200 323 "-" "Mozilla/5.0 AppleWebKit/537.36 (KHTML, like Gecko; compatible; GPTBot/1.2; +https://openai.com/gptbot)"
20.171.207.168 - - [08/Sep/2025:16:37:26 +0700] "GET /goods/air11100680.htm HTTP/1.0" 200 323 "-" "Mozilla/5.0 AppleWebKit/537.36 (KHTML, like Gecko; compatible; GPTBot/1.2; +https://openai.com/gptbot)"
57.141.2.22 - - [08/Sep/2025:16:37:37 +0700] "GET /goods/condu10342944.htm HTTP/1.0" 200 323 "-" "meta-externalagent/1.1 (+https://developers.facebook.com/docs/sharing/webmasters/crawler)"
66.249.70.71 - - [08/Sep/2025:16:38:07 +0700] "GET /goods/despe41611123.htm HTTP/1.0" 200 174175 "-" "Mozilla/5.0 (Linux; Android 6.0.1; Nexus 5X Build/MMB29P) AppleWebKit/537.36 (KHTML, like Gecko) Chrome/138.0.7204.183 Mobile Safari/537.36 (compatible; Googlebot/2.1; +http://www.google.com/bot.html)"
66.249.70.70 - - [08/Sep/2025:16:38:22 +0700] "POST /get-message-notify HTTP/1.0" 200 174250 "https://vnc-group.vn/goods/despe41611123.htm" "Mozilla/5.0 (Linux; Android 6.0.1; Nexus 5X Build/MMB29P) AppleWebKit/537.36 (KHTML, like Gecko) Chrome/139.0.7258.127 Mobile Safari/537.36 (compatible; Googlebot/2.1; +http://www.google.com/bot.html)"
66.249.70.70 - - [08/Sep/2025:16:38:29 +0700] "GET /goods/so32744770.htm HTTP/1.0" 200 173480 "-" "Mozilla/5.0 (Linux; Android 6.0.1; Nexus 5X Build/MMB29P) AppleWebKit/537.36 (KHTML, like Gecko) Chrome/138.0.7204.183 Mobile Safari/537.36 (compatible; Googlebot/2.1; +http://www.google.com/bot.html)"
20.171.207.168 - - [08/Sep/2025:16:40:05 +0700] "GET /goods/furl81959975.htm HTTP/1.0" 200 323 "-" "Mozilla/5.0 AppleWebKit/537.36 (KHTML, like Gecko; compatible; GPTBot/1.2; +https://openai.com/gptbot)"
66.249.70.64 - - [08/Sep/2025:16:40:30 +0700] "GET /goods/illus50186268.htm HTTP/1.0" 200 172477 "-" "Mozilla/5.0 (Linux; Android 6.0.1; Nexus 5X Build/MMB29P) AppleWebKit/537.36 (KHTML, like Gecko) Chrome/138.0.7204.183 Mobile Safari/537.36 (compatible; Googlebot/2.1; +http://www.google.com/bot.html)"
66.249.70.70 - - [08/Sep/2025:16:42:08 +0700] "GET /goods/chops62665253.htm HTTP/1.0" 200 172783 "-" "Mozilla/5.0 (Linux; Android 6.0.1; Nexus 5X Build/MMB29P) AppleWebKit/537.36 (KHTML, like Gecko) Chrome/138.0.7204.183 Mobile Safari/537.36 (compatible; Googlebot/2.1; +http://www.google.com/bot.html)"
20.171.207.168 - - [08/Sep/2025:16:42:19 +0700] "GET /goods/help31240522.htm HTTP/1.0" 200 323 "-" "Mozilla/5.0 AppleWebKit/537.36 (KHTML, like Gecko; compatible; GPTBot/1.2; +https://openai.com/gptbot)"
66.249.70.71 - - [08/Sep/2025:16:42:22 +0700] "GET /goods/accep12268200.htm HTTP/1.0" 200 174226 "-" "Mozilla/5.0 (Linux; Android 6.0.1; Nexus 5X Build/MMB29P) AppleWebKit/537.36 (KHTML, like Gecko) Chrome/138.0.7204.183 Mobile Safari/537.36 (compatible; Googlebot/2.1; +http://www.google.com/bot.html)"
66.249.70.70 - - [08/Sep/2025:16:42:29 +0700] "POST /get-message-notify HTTP/1.0" 200 174153 "https://vnc-group.vn/goods/accep12268200.htm" "Mozilla/5.0 (Linux; Android 6.0.1; Nexus 5X Build/MMB29P) AppleWebKit/537.36 (KHTML, like Gecko) Chrome/139.0.7258.127 Mobile Safari/537.36 (compatible; Googlebot/2.1; +http://www.google.com/bot.html)"
66.249.70.70 - - [08/Sep/2025:16:43:09 +0700] "GET /goods/brand30651002.htm HTTP/1.0" 200 323 "-" "Mozilla/5.0 (Linux; Android 6.0.1; Nexus 5X Build/MMB29P) AppleWebKit/537.36 (KHTML, like Gecko) Chrome/138.0.7204.183 Mobile Safari/537.36 (compatible; Googlebot/2.1; +http://www.google.com/bot.html)"
66.249.70.71 - - [08/Sep/2025:16:44:07 +0700] "GET /goods/close50764580.htm HTTP/1.0" 200 176425 "-" "Mozilla/5.0 (Linux; Android 6.0.1; Nexus 5X Build/MMB29P) AppleWebKit/537.36 (KHTML, like Gecko) Chrome/138.0.7204.183 Mobile Safari/537.36 (compatible; Googlebot/2.1; +http://www.google.com/bot.html)"
66.249.70.70 - - [08/Sep/2025:16:44:45 +0700] "GET /goods/careg71549982.htm HTTP/1.0" 200 175543 "-" "Mozilla/5.0 (Linux; Android 6.0.1; Nexus 5X Build/MMB29P) AppleWebKit/537.36 (KHTML, like Gecko) Chrome/138.0.7204.183 Mobile Safari/537.36 (compatible; Googlebot/2.1; +http://www.google.com/bot.html)"
66.249.70.70 - - [08/Sep/2025:16:45:05 +0700] "POST /get-message-notify HTTP/1.0" 503 8544 "https://vnc-group.vn/goods/careg71549982.htm" "Mozilla/5.0 (Linux; Android 6.0.1; Nexus 5X Build/MMB29P) AppleWebKit/537.36 (KHTML, like Gecko) Chrome/139.0.7258.127 Mobile Safari/537.36 (compatible; Googlebot/2.1; +http://www.google.com/bot.html)"
66.249.70.70 - - [08/Sep/2025:16:45:19 +0700] "GET /goods/sign12637728.htm HTTP/1.0" 200 174217 "-" "Mozilla/5.0 (Linux; Android 6.0.1; Nexus 5X Build/MMB29P) AppleWebKit/537.36 (KHTML, like Gecko) Chrome/138.0.7204.183 Mobile Safari/537.36 (compatible; Googlebot/2.1; +http://www.google.com/bot.html)"
66.249.70.70 - - [08/Sep/2025:16:45:43 +0700] "GET /goods/mild30878946.htm HTTP/1.0" 200 178514 "-" "Mozilla/5.0 (Linux; Android 6.0.1; Nexus 5X Build/MMB29P) AppleWebKit/537.36 (KHTML, like Gecko) Chrome/138.0.7204.183 Mobile Safari/537.36 (compatible; Googlebot/2.1; +http://www.google.com/bot.html)"
66.249.70.70 - - [08/Sep/2025:16:46:03 +0700] "GET /goods/bedro12692976.htm HTTP/1.0" 200 175928 "-" "Mozilla/5.0 (Linux; Android 6.0.1; Nexus 5X Build/MMB29P) AppleWebKit/537.36 (KHTML, like Gecko) Chrome/138.0.7204.183 Mobile Safari/537.36 (compatible; Googlebot/2.1; +http://www.google.com/bot.html)"
20.171.207.168 - - [08/Sep/2025:16:46:35 +0700] "GET /goods/loft20583849.htm HTTP/1.0" 200 323 "-" "Mozilla/5.0 AppleWebKit/537.36 (KHTML, like Gecko; compatible; GPTBot/1.2; +https://openai.com/gptbot)"
66.249.70.71 - - [08/Sep/2025:16:46:40 +0700] "GET /goods/wedne62616149.htm HTTP/1.0" 200 176905 "-" "Mozilla/5.0 (Linux; Android 6.0.1; Nexus 5X Build/MMB29P) AppleWebKit/537.36 (KHTML, like Gecko) Chrome/138.0.7204.183 Mobile Safari/537.36 (compatible; Googlebot/2.1; +http://www.google.com/bot.html)"
20.171.207.168 - - [08/Sep/2025:16:47:17 +0700] "GET /goods/rich32352074.htm HTTP/1.0" 200 323 "-" "Mozilla/5.0 AppleWebKit/537.36 (KHTML, like Gecko; compatible; GPTBot/1.2; +https://openai.com/gptbot)"
66.249.70.70 - - [08/Sep/2025:16:47:35 +0700] "GET /goods/subsi31681858.htm HTTP/1.0" 200 172443 "-" "Mozilla/5.0 (Linux; Android 6.0.1; Nexus 5X Build/MMB29P) AppleWebKit/537.36 (KHTML, like Gecko) Chrome/138.0.7204.183 Mobile Safari/537.36 (compatible; Googlebot/2.1; +http://www.google.com/bot.html)"
20.171.207.168 - - [08/Sep/2025:16:47:51 +0700] "GET /goods/part30184090.htm HTTP/1.0" 200 323 "-" "Mozilla/5.0 AppleWebKit/537.36 (KHTML, like Gecko; compatible; GPTBot/1.2; +https://openai.com/gptbot)"
66.249.70.71 - - [08/Sep/2025:16:47:51 +0700] "GET /goods/appoi50981428.htm HTTP/1.0" 200 177551 "-" "Mozilla/5.0 (Linux; Android 6.0.1; Nexus 5X Build/MMB29P) AppleWebKit/537.36 (KHTML, like Gecko) Chrome/138.0.7204.183 Mobile Safari/537.36 (compatible; Googlebot/2.1; +http://www.google.com/bot.html)"
20.171.207.168 - - [08/Sep/2025:16:48:43 +0700] "GET /goods/sour71856974.htm HTTP/1.0" 200 323 "-" "Mozilla/5.0 AppleWebKit/537.36 (KHTML, like Gecko; compatible; GPTBot/1.2; +https://openai.com/gptbot)"
66.249.70.64 - - [08/Sep/2025:16:48:43 +0700] "GET /goods/pie11540576.htm HTTP/1.0" 200 195038 "-" "Mozilla/5.0 (Linux; Android 6.0.1; Nexus 5X Build/MMB29P) AppleWebKit/537.36 (KHTML, like Gecko) Chrome/138.0.7204.183 Mobile Safari/537.36 (compatible; Googlebot/2.1; +http://www.google.com/bot.html)"
20.171.207.168 - - [08/Sep/2025:16:49:29 +0700] "GET /goods/glue41987259.htm HTTP/1.0" 200 323 "-" "Mozilla/5.0 AppleWebKit/537.36 (KHTML, like Gecko; compatible; GPTBot/1.2; +https://openai.com/gptbot)"
66.249.70.71 - - [08/Sep/2025:16:49:33 +0700] "GET /goods/trim80703287.htm HTTP/1.0" 200 173133 "-" "Mozilla/5.0 (Linux; Android 6.0.1; Nexus 5X Build/MMB29P) AppleWebKit/537.36 (KHTML, like Gecko) Chrome/138.0.7204.183 Mobile Safari/537.36 (compatible; GoogleOther)"
66.249.70.64 - - [08/Sep/2025:16:49:46 +0700] "GET /goods/tasty60701621.htm HTTP/1.0" 200 173297 "-" "Mozilla/5.0 (Linux; Android 6.0.1; Nexus 5X Build/MMB29P) AppleWebKit/537.36 (KHTML, like Gecko) Chrome/138.0.7204.183 Mobile Safari/537.36 (compatible; Googlebot/2.1; +http://www.google.com/bot.html)"
66.249.70.70 - - [08/Sep/2025:16:50:08 +0700] "GET /goods/fitne81334431.htm HTTP/1.0" 200 174773 "-" "Mozilla/5.0 (Linux; Android 6.0.1; Nexus 5X Build/MMB29P) AppleWebKit/537.36 (KHTML, like Gecko) Chrome/138.0.7204.183 Mobile Safari/537.36 (compatible; Googlebot/2.1; +http://www.google.com/bot.html)"
66.249.70.71 - - [08/Sep/2025:16:50:57 +0700] "GET /goods/massi22577985.htm HTTP/1.0" 200 179796 "-" "Mozilla/5.0 (Linux; Android 6.0.1; Nexus 5X Build/MMB29P) AppleWebKit/537.36 (KHTML, like Gecko) Chrome/138.0.7204.183 Mobile Safari/537.36 (compatible; Googlebot/2.1; +http://www.google.com/bot.html)"
66.249.70.70 - - [08/Sep/2025:16:51:23 +0700] "GET /goods/perfe21324953.htm HTTP/1.0" 200 175297 "-" "Mozilla/5.0 (Linux; Android 6.0.1; Nexus 5X Build/MMB29P) AppleWebKit/537.36 (KHTML, like Gecko) Chrome/138.0.7204.183 Mobile Safari/537.36 (compatible; Googlebot/2.1; +http://www.google.com/bot.html)"
66.249.70.70 - - [08/Sep/2025:16:51:51 +0700] "GET /goods/blow71601798.htm HTTP/1.0" 200 323 "-" "Mozilla/5.0 (Linux; Android 6.0.1; Nexus 5X Build/MMB29P) AppleWebKit/537.36 (KHTML, like Gecko) Chrome/138.0.7204.183 Mobile Safari/537.36 (compatible; Googlebot/2.1; +http://www.google.com/bot.html)"
20.171.207.168 - - [08/Sep/2025:16:52:04 +0700] "GET /goods/keep20357665.htm HTTP/1.0" 200 323 "-" "Mozilla/5.0 AppleWebKit/537.36 (KHTML, like Gecko; compatible; GPTBot/1.2; +https://openai.com/gptbot)"
57.141.2.41 - - [08/Sep/2025:16:52:25 +0700] "GET /goods/dairy61558789.htm HTTP/1.0" 200 323 "-" "meta-externalagent/1.1 (+https://developers.facebook.com/docs/sharing/webmasters/crawler)"
66.249.70.71 - - [08/Sep/2025:16:52:29 +0700] "GET /goods/past12072456.htm HTTP/1.0" 200 172230 "-" "Mozilla/5.0 (Linux; Android 6.0.1; Nexus 5X Build/MMB29P) AppleWebKit/537.36 (KHTML, like Gecko) Chrome/138.0.7204.183 Mobile Safari/537.36 (compatible; GoogleOther)"
66.249.70.70 - - [08/Sep/2025:16:52:53 +0700] "GET /goods/penal80230023.htm HTTP/1.0" 200 172885 "-" "Mozilla/5.0 (Linux; Android 6.0.1; Nexus 5X Build/MMB29P) AppleWebKit/537.36 (KHTML, like Gecko) Chrome/138.0.7204.183 Mobile Safari/537.36 (compatible; Googlebot/2.1; +http://www.google.com/bot.html)"
66.249.70.70 - - [08/Sep/2025:16:53:13 +0700] "GET /goods/garag61893757.htm HTTP/1.0" 200 323 "-" "Mozilla/5.0 (Linux; Android 6.0.1; Nexus 5X Build/MMB29P) AppleWebKit/537.36 (KHTML, like Gecko) Chrome/138.0.7204.183 Mobile Safari/537.36 (compatible; Googlebot/2.1; +http://www.google.com/bot.html)"
66.249.70.64 - - [08/Sep/2025:16:53:57 +0700] "GET /goods/fever30352954.htm HTTP/1.0" 200 177644 "-" "Mozilla/5.0 (Linux; Android 6.0.1; Nexus 5X Build/MMB29P) AppleWebKit/537.36 (KHTML, like Gecko) Chrome/138.0.7204.183 Mobile Safari/537.36 (compatible; Googlebot/2.1; +http://www.google.com/bot.html)"
66.249.70.64 - - [08/Sep/2025:16:54:32 +0700] "POST /get-message-notify HTTP/1.0" 200 174511 "https://vnc-group.vn/goods/trim80703287.htm" "Mozilla/5.0 (Linux; Android 6.0.1; Nexus 5X Build/MMB29P) AppleWebKit/537.36 (KHTML, like Gecko) Chrome/139.0.7258.127 Mobile Safari/537.36 (compatible; Googlebot/2.1; +http://www.google.com/bot.html)"
66.249.70.70 - - [08/Sep/2025:16:55:15 +0700] "GET /goods/death20948145.htm HTTP/1.0" 200 172188 "-" "Mozilla/5.0 (Linux; Android 6.0.1; Nexus 5X Build/MMB29P) AppleWebKit/537.36 (KHTML, like Gecko) Chrome/138.0.7204.183 Mobile Safari/537.36 (compatible; Googlebot/2.1; +http://www.google.com/bot.html)"
66.249.70.70 - - [08/Sep/2025:16:55:30 +0700] "GET /goods/quick62392021.htm HTTP/1.0" 200 175764 "-" "Mozilla/5.0 (Linux; Android 6.0.1; Nexus 5X Build/MMB29P) AppleWebKit/537.36 (KHTML, like Gecko) Chrome/138.0.7204.183 Mobile Safari/537.36 (compatible; GoogleOther)"
20.171.207.168 - - [08/Sep/2025:16:55:53 +0700] "GET /goods/cube11463264.htm HTTP/1.0" 200 323 "-" "Mozilla/5.0 AppleWebKit/537.36 (KHTML, like Gecko; compatible; GPTBot/1.2; +https://openai.com/gptbot)"
66.249.70.70 - - [08/Sep/2025:16:56:22 +0700] "GET /goods/immed30844562.htm HTTP/1.0" 200 174818 "-" "Mozilla/5.0 (Linux; Android 6.0.1; Nexus 5X Build/MMB29P) AppleWebKit/537.36 (KHTML, like Gecko) Chrome/138.0.7204.183 Mobile Safari/537.36 (compatible; Googlebot/2.1; +http://www.google.com/bot.html)"
66.249.70.70 - - [08/Sep/2025:16:56:55 +0700] "GET /goods/cone11327952.htm HTTP/1.0" 200 173433 "-" "Mozilla/5.0 (Linux; Android 6.0.1; Nexus 5X Build/MMB29P) AppleWebKit/537.36 (KHTML, like Gecko) Chrome/138.0.7204.183 Mobile Safari/537.36 (compatible; Googlebot/2.1; +http://www.google.com/bot.html)"
20.171.207.168 - - [08/Sep/2025:16:57:09 +0700] "GET /goods/fare52323004.htm HTTP/1.0" 200 323 "-" "Mozilla/5.0 AppleWebKit/537.36 (KHTML, like Gecko; compatible; GPTBot/1.2; +https://openai.com/gptbot)"
66.249.70.70 - - [08/Sep/2025:16:57:16 +0700] "GET /goods/was20719945.htm HTTP/1.0" 200 174831 "-" "Mozilla/5.0 (Linux; Android 6.0.1; Nexus 5X Build/MMB29P) AppleWebKit/537.36 (KHTML, like Gecko) Chrome/138.0.7204.183 Mobile Safari/537.36 (compatible; Googlebot/2.1; +http://www.google.com/bot.html)"
66.249.70.70 - - [08/Sep/2025:16:57:28 +0700] "GET /goods/dress21420665.htm HTTP/1.0" 200 179234 "-" "Mozilla/5.0 (Linux; Android 6.0.1; Nexus 5X Build/MMB29P) AppleWebKit/537.36 (KHTML, like Gecko) Chrome/138.0.7204.183 Mobile Safari/537.36 (compatible; GoogleOther)"
66.249.70.70 - - [08/Sep/2025:16:57:39 +0700] "POST /get-message-notify HTTP/1.0" 200 323 "https://vnc-group.vn/goods/death20948145.htm" "Mozilla/5.0 (Linux; Android 6.0.1; Nexus 5X Build/MMB29P) AppleWebKit/537.36 (KHTML, like Gecko) Chrome/139.0.7258.127 Mobile Safari/537.36 (compatible; Googlebot/2.1; +http://www.google.com/bot.html)"
20.171.207.168 - - [08/Sep/2025:16:58:21 +0700] "GET /goods/skip50551892.htm HTTP/1.0" 200 323 "-" "Mozilla/5.0 AppleWebKit/537.36 (KHTML, like Gecko; compatible; GPTBot/1.2; +https://openai.com/gptbot)"
66.249.70.70 - - [08/Sep/2025:16:58:25 +0700] "GET /goods/whist20251625.htm HTTP/1.0" 200 174284 "-" "Mozilla/5.0 (Linux; Android 6.0.1; Nexus 5X Build/MMB29P) AppleWebKit/537.36 (KHTML, like Gecko) Chrome/138.0.7204.183 Mobile Safari/537.36 (compatible; Googlebot/2.1; +http://www.google.com/bot.html)"
20.171.207.168 - - [08/Sep/2025:16:59:10 +0700] "GET /goods/pick62980893.htm HTTP/1.0" 200 323 "-" "Mozilla/5.0 AppleWebKit/537.36 (KHTML, like Gecko; compatible; GPTBot/1.2; +https://openai.com/gptbot)"
66.249.70.70 - - [08/Sep/2025:16:59:03 +0700] "GET /goods/sugar12012216.htm HTTP/1.0" 200 174434 "-" "Mozilla/5.0 (Linux; Android 6.0.1; Nexus 5X Build/MMB29P) AppleWebKit/537.36 (KHTML, like Gecko) Chrome/138.0.7204.183 Mobile Safari/537.36 (compatible; GoogleOther)"
66.249.70.70 - - [08/Sep/2025:16:59:27 +0700] "GET /goods/swim61957405.htm HTTP/1.0" 200 189318 "-" "Mozilla/5.0 (Linux; Android 6.0.1; Nexus 5X Build/MMB29P) AppleWebKit/537.36 (KHTML, like Gecko) Chrome/138.0.7204.183 Mobile Safari/537.36 (compatible; Googlebot/2.1; +http://www.google.com/bot.html)"
20.171.207.168 - - [08/Sep/2025:16:59:56 +0700] "GET /goods/vile31655906.htm HTTP/1.0" 200 323 "-" "Mozilla/5.0 AppleWebKit/537.36 (KHTML, like Gecko; compatible; GPTBot/1.2; +https://openai.com/gptbot)"
20.171.207.168 - - [08/Sep/2025:17:00:22 +0700] "GET /goods/burn12829368.htm HTTP/1.0" 200 323 "-" "Mozilla/5.0 AppleWebKit/537.36 (KHTML, like Gecko; compatible; GPTBot/1.2; +https://openai.com/gptbot)"
66.249.70.71 - - [08/Sep/2025:17:00:34 +0700] "GET /goods/rapid40492795.htm HTTP/1.0" 200 172868 "-" "Mozilla/5.0 (Linux; Android 6.0.1; Nexus 5X Build/MMB29P) AppleWebKit/537.36 (KHTML, like Gecko) Chrome/138.0.7204.183 Mobile Safari/537.36 (compatible; Googlebot/2.1; +http://www.google.com/bot.html)"
57.141.2.54 - - [08/Sep/2025:17:00:52 +0700] "GET /goods/outsk61802973.htm HTTP/1.0" 200 323 "-" "meta-externalagent/1.1 (+https://developers.facebook.com/docs/sharing/webmasters/crawler)"
20.171.207.168 - - [08/Sep/2025:17:00:56 +0700] "GET /goods/raid60431773.htm HTTP/1.0" 200 323 "-" "Mozilla/5.0 AppleWebKit/537.36 (KHTML, like Gecko; compatible; GPTBot/1.2; +https://openai.com/gptbot)"
20.171.207.168 - - [08/Sep/2025:17:02:20 +0700] "GET /goods/zinc81795927.htm HTTP/1.0" 200 323 "-" "Mozilla/5.0 AppleWebKit/537.36 (KHTML, like Gecko; compatible; GPTBot/1.2; +https://openai.com/gptbot)"
66.249.70.64 - - [08/Sep/2025:17:02:26 +0700] "GET /goods/ear80624599.htm HTTP/1.0" 200 172324 "-" "Mozilla/5.0 (Linux; Android 6.0.1; Nexus 5X Build/MMB29P) AppleWebKit/537.36 (KHTML, like Gecko) Chrome/138.0.7204.183 Mobile Safari/537.36 (compatible; Googlebot/2.1; +http://www.google.com/bot.html)"
66.249.70.71 - - [08/Sep/2025:17:02:40 +0700] "POST /get-message-notify HTTP/1.0" 200 174457 "https://vnc-group.vn/goods/ear80624599.htm" "Mozilla/5.0 (Linux; Android 6.0.1; Nexus 5X Build/MMB29P) AppleWebKit/537.36 (KHTML, like Gecko) Chrome/139.0.7258.127 Mobile Safari/537.36 (compatible; Googlebot/2.1; +http://www.google.com/bot.html)"
20.171.207.168 - - [08/Sep/2025:17:03:00 +0700] "GET /goods/bark31675522.htm HTTP/1.0" 200 323 "-" "Mozilla/5.0 AppleWebKit/537.36 (KHTML, like Gecko; compatible; GPTBot/1.2; +https://openai.com/gptbot)"
20.171.207.168 - - [08/Sep/2025:17:03:36 +0700] "GET /goods/risk61004549.htm HTTP/1.0" 200 323 "-" "Mozilla/5.0 AppleWebKit/537.36 (KHTML, like Gecko; compatible; GPTBot/1.2; +https://openai.com/gptbot)"
20.171.207.168 - - [08/Sep/2025:17:03:53 +0700] "GET /goods/type41605779.htm HTTP/1.0" 200 323 "-" "Mozilla/5.0 AppleWebKit/537.36 (KHTML, like Gecko; compatible; GPTBot/1.2; +https://openai.com/gptbot)"
20.171.207.168 - - [08/Sep/2025:17:04:25 +0700] "GET /goods/farm42681051.htm HTTP/1.0" 200 323 "-" "Mozilla/5.0 AppleWebKit/537.36 (KHTML, like Gecko; compatible; GPTBot/1.2; +https://openai.com/gptbot)"
20.171.207.168 - - [08/Sep/2025:17:05:14 +0700] "GET /goods/chef30970226.htm HTTP/1.0" 200 323 "-" "Mozilla/5.0 AppleWebKit/537.36 (KHTML, like Gecko; compatible; GPTBot/1.2; +https://openai.com/gptbot)"
66.249.70.71 - - [08/Sep/2025:17:05:17 +0700] "GET /goods/ask81537039.htm HTTP/1.0" 200 180322 "-" "Mozilla/5.0 (Linux; Android 6.0.1; Nexus 5X Build/MMB29P) AppleWebKit/537.36 (KHTML, like Gecko) Chrome/138.0.7204.183 Mobile Safari/537.36 (compatible; GoogleOther)"
20.171.207.168 - - [08/Sep/2025:17:05:57 +0700] "GET /goods/wine60404709.htm HTTP/1.0" 200 323 "-" "Mozilla/5.0 AppleWebKit/537.36 (KHTML, like Gecko; compatible; GPTBot/1.2; +https://openai.com/gptbot)"
66.249.70.71 - - [08/Sep/2025:17:06:09 +0700] "GET /goods/illne31836474.htm HTTP/1.0" 200 179201 "-" "Mozilla/5.0 (Linux; Android 6.0.1; Nexus 5X Build/MMB29P) AppleWebKit/537.36 (KHTML, like Gecko) Chrome/138.0.7204.183 Mobile Safari/537.36 (compatible; Googlebot/2.1; +http://www.google.com/bot.html)"
20.171.207.168 - - [08/Sep/2025:17:06:27 +0700] "GET /goods/lung50934564.htm HTTP/1.0" 200 323 "-" "Mozilla/5.0 AppleWebKit/537.36 (KHTML, like Gecko; compatible; GPTBot/1.2; +https://openai.com/gptbot)"
20.171.207.168 - - [08/Sep/2025:17:07:05 +0700] "GET /goods/clap22716337.htm HTTP/1.0" 200 323 "-" "Mozilla/5.0 AppleWebKit/537.36 (KHTML, like Gecko; compatible; GPTBot/1.2; +https://openai.com/gptbot)"
20.171.207.168 - - [08/Sep/2025:17:07:43 +0700] "GET /goods/plot51183420.htm HTTP/1.0" 200 323 "-" "Mozilla/5.0 AppleWebKit/537.36 (KHTML, like Gecko; compatible; GPTBot/1.2; +https://openai.com/gptbot)"
66.249.70.64 - - [08/Sep/2025:17:07:58 +0700] "GET /goods/pursu10706280.htm HTTP/1.0" 200 174418 "-" "Mozilla/5.0 (Linux; Android 6.0.1; Nexus 5X Build/MMB29P) AppleWebKit/537.36 (KHTML, like Gecko) Chrome/138.0.7204.183 Mobile Safari/537.36 (compatible; GoogleOther)"
66.249.70.71 - - [08/Sep/2025:17:08:10 +0700] "GET /goods/hardw60542253.htm HTTP/1.0" 200 175785 "-" "Mozilla/5.0 (Linux; Android 6.0.1; Nexus 5X Build/MMB29P) AppleWebKit/537.36 (KHTML, like Gecko) Chrome/138.0.7204.183 Mobile Safari/537.36 (compatible; Googlebot/2.1; +http://www.google.com/bot.html)"
66.249.70.64 - - [08/Sep/2025:17:08:44 +0700] "POST /get-message-notify HTTP/1.0" 503 8544 "https://vnc-group.vn/goods/pursu10706280.htm" "Mozilla/5.0 (Linux; Android 6.0.1; Nexus 5X Build/MMB29P) AppleWebKit/537.36 (KHTML, like Gecko) Chrome/139.0.7258.127 Mobile Safari/537.36 (compatible; Googlebot/2.1; +http://www.google.com/bot.html)"
20.171.207.168 - - [08/Sep/2025:17:09:02 +0700] "GET /goods/help31420522.htm HTTP/1.0" 200 323 "-" "Mozilla/5.0 AppleWebKit/537.36 (KHTML, like Gecko; compatible; GPTBot/1.2; +https://openai.com/gptbot)"
66.249.70.70 - - [08/Sep/2025:17:09:15 +0700] "GET /goods/vibra21543289.htm HTTP/1.0" 200 176212 "-" "Mozilla/5.0 (Linux; Android 6.0.1; Nexus 5X Build/MMB29P) AppleWebKit/537.36 (KHTML, like Gecko) Chrome/138.0.7204.183 Mobile Safari/537.36 (compatible; Googlebot/2.1; +http://www.google.com/bot.html)"
20.171.207.168 - - [08/Sep/2025:17:09:34 +0700] "GET /goods/pure12942752.htm HTTP/1.0" 200 323 "-" "Mozilla/5.0 AppleWebKit/537.36 (KHTML, like Gecko; compatible; GPTBot/1.2; +https://openai.com/gptbot)"
66.249.70.70 - - [08/Sep/2025:17:09:42 +0700] "GET /goods/knit42151403.htm HTTP/1.0" 200 189012 "-" "Mozilla/5.0 (Linux; Android 6.0.1; Nexus 5X Build/MMB29P) AppleWebKit/537.36 (KHTML, like Gecko) Chrome/138.0.7204.183 Mobile Safari/537.36 (compatible; Googlebot/2.1; +http://www.google.com/bot.html)"
20.171.207.168 - - [08/Sep/2025:17:10:04 +0700] "GET /goods/tick11415896.htm HTTP/1.0" 200 323 "-" "Mozilla/5.0 AppleWebKit/537.36 (KHTML, like Gecko; compatible; GPTBot/1.2; +https://openai.com/gptbot)"
20.171.207.168 - - [08/Sep/2025:17:10:32 +0700] "GET /goods/claw12994832.htm HTTP/1.0" 200 323 "-" "Mozilla/5.0 AppleWebKit/537.36 (KHTML, like Gecko; compatible; GPTBot/1.2; +https://openai.com/gptbot)"
66.249.70.71 - - [08/Sep/2025:17:10:29 +0700] "GET /goods/scare62209781.htm HTTP/1.0" 200 323 "-" "Mozilla/5.0 (Linux; Android 6.0.1; Nexus 5X Build/MMB29P) AppleWebKit/537.36 (KHTML, like Gecko) Chrome/138.0.7204.183 Mobile Safari/537.36 (compatible; Googlebot/2.1; +http://www.google.com/bot.html)"
66.249.70.71 - - [08/Sep/2025:17:10:45 +0700] "GET /goods/add10553240.htm HTTP/1.0" 200 175395 "-" "Mozilla/5.0 (Linux; Android 6.0.1; Nexus 5X Build/MMB29P) AppleWebKit/537.36 (KHTML, like Gecko) Chrome/138.0.7204.183 Mobile Safari/537.36 (compatible; Googlebot/2.1; +http://www.google.com/bot.html)"
20.171.207.168 - - [08/Sep/2025:17:10:58 +0700] "GET /goods/read31561602.htm HTTP/1.0" 200 323 "-" "Mozilla/5.0 AppleWebKit/537.36 (KHTML, like Gecko; compatible; GPTBot/1.2; +https://openai.com/gptbot)"
20.171.207.168 - - [08/Sep/2025:17:11:33 +0700] "GET /goods/pray10087328.htm HTTP/1.0" 200 323 "-" "Mozilla/5.0 AppleWebKit/537.36 (KHTML, like Gecko; compatible; GPTBot/1.2; +https://openai.com/gptbot)"
66.249.70.70 - - [08/Sep/2025:17:11:32 +0700] "GET /goods/low81004399.htm HTTP/1.0" 200 172612 "-" "Mozilla/5.0 (Linux; Android 6.0.1; Nexus 5X Build/MMB29P) AppleWebKit/537.36 (KHTML, like Gecko) Chrome/138.0.7204.183 Mobile Safari/537.36 (compatible; GoogleOther)"
20.171.207.168 - - [08/Sep/2025:17:11:49 +0700] "GET /goods/numb51623868.htm HTTP/1.0" 200 323 "-" "Mozilla/5.0 AppleWebKit/537.36 (KHTML, like Gecko; compatible; GPTBot/1.2; +https://openai.com/gptbot)"
20.171.207.168 - - [08/Sep/2025:17:12:19 +0700] "GET /goods/rank71449686.htm HTTP/1.0" 200 323 "-" "Mozilla/5.0 AppleWebKit/537.36 (KHTML, like Gecko; compatible; GPTBot/1.2; +https://openai.com/gptbot)"
66.249.70.71 - - [08/Sep/2025:17:12:22 +0700] "GET /goods/arbit52131588.htm HTTP/1.0" 200 173968 "-" "Mozilla/5.0 (Linux; Android 6.0.1; Nexus 5X Build/MMB29P) AppleWebKit/537.36 (KHTML, like Gecko) Chrome/138.0.7204.183 Mobile Safari/537.36 (compatible; Googlebot/2.1; +http://www.google.com/bot.html)"
66.249.70.70 - - [08/Sep/2025:17:12:29 +0700] "GET /goods/salt60045301.htm HTTP/1.0" 200 180704 "-" "Mozilla/5.0 (Linux; Android 6.0.1; Nexus 5X Build/MMB29P) AppleWebKit/537.36 (KHTML, like Gecko) Chrome/138.0.7204.183 Mobile Safari/537.36 (compatible; Googlebot/2.1; +http://www.google.com/bot.html)"
