66.249.70.71 - - [08/Sep/2025:12:28:29 +0700] "GET /goods/jury41774843.htm HTTP/1.0" 200 323 "-" "Mozilla/5.0 (Linux; Android 6.0.1; Nexus 5X Build/MMB29P) AppleWebKit/537.36 (KHTML, like Gecko) Chrome/138.0.7204.183 Mobile Safari/537.36 (compatible; Googlebot/2.1; +http://www.google.com/bot.html)"
66.249.70.70 - - [08/Sep/2025:12:29:16 +0700] "GET /goods/inser61807101.htm HTTP/1.0" 200 178858 "-" "Mozilla/5.0 (Linux; Android 6.0.1; Nexus 5X Build/MMB29P) AppleWebKit/537.36 (KHTML, like Gecko) Chrome/138.0.7204.183 Mobile Safari/537.36 (compatible; Googlebot/2.1; +http://www.google.com/bot.html)"
20.171.207.168 - - [08/Sep/2025:12:29:23 +0700] "GET /goods/bee40504179.htm HTTP/1.0" 200 323 "-" "Mozilla/5.0 AppleWebKit/537.36 (KHTML, like Gecko; compatible; GPTBot/1.2; +https://openai.com/gptbot)"
66.249.70.70 - - [08/Sep/2025:12:29:21 +0700] "GET /goods/shiel10990560.htm HTTP/1.0" 200 175704 "-" "Mozilla/5.0 (Linux; Android 6.0.1; Nexus 5X Build/MMB29P) AppleWebKit/537.36 (KHTML, like Gecko) Chrome/138.0.7204.183 Mobile Safari/537.36 (compatible; GoogleOther)"
66.249.70.70 - - [08/Sep/2025:12:29:55 +0700] "GET /goods/rear50879020.htm HTTP/1.0" 200 177101 "-" "Mozilla/5.0 (Linux; Android 6.0.1; Nexus 5X Build/MMB29P) AppleWebKit/537.36 (KHTML, like Gecko) Chrome/138.0.7204.183 Mobile Safari/537.36 (compatible; Googlebot/2.1; +http://www.google.com/bot.html)"
20.171.207.168 - - [08/Sep/2025:12:30:23 +0700] "GET /goods/zoo32028402.htm HTTP/1.0" 200 323 "-" "Mozilla/5.0 AppleWebKit/537.36 (KHTML, like Gecko; compatible; GPTBot/1.2; +https://openai.com/gptbot)"
66.249.70.70 - - [08/Sep/2025:12:30:28 +0700] "GET /goods/speak11881296.htm HTTP/1.0" 200 186820 "-" "Mozilla/5.0 (Linux; Android 6.0.1; Nexus 5X Build/MMB29P) AppleWebKit/537.36 (KHTML, like Gecko) Chrome/138.0.7204.183 Mobile Safari/537.36 (compatible; GoogleOther)"
66.249.70.70 - - [08/Sep/2025:12:30:40 +0700] "POST /get-message-notify HTTP/1.0" 200 174309 "https://vnc-group.vn/goods/speak11881296.htm" "Mozilla/5.0 (Linux; Android 6.0.1; Nexus 5X Build/MMB29P) AppleWebKit/537.36 (KHTML, like Gecko) Chrome/139.0.7258.127 Mobile Safari/537.36 (compatible; Googlebot/2.1; +http://www.google.com/bot.html)"
66.249.70.70 - - [08/Sep/2025:12:31:05 +0700] "GET /goods/syste51966700.htm HTTP/1.0" 200 172436 "-" "Mozilla/5.0 (Linux; Android 6.0.1; Nexus 5X Build/MMB29P) AppleWebKit/537.36 (KHTML, like Gecko) Chrome/138.0.7204.183 Mobile Safari/537.36 (compatible; Googlebot/2.1; +http://www.google.com/bot.html)"
66.249.70.70 - - [08/Sep/2025:12:31:12 +0700] "POST /get-message-notify HTTP/1.0" 200 174299 "https://vnc-group.vn/goods/syste51966700.htm" "Mozilla/5.0 (Linux; Android 6.0.1; Nexus 5X Build/MMB29P) AppleWebKit/537.36 (KHTML, like Gecko) Chrome/139.0.7258.127 Mobile Safari/537.36 (compatible; Googlebot/2.1; +http://www.google.com/bot.html)"
20.171.207.168 - - [08/Sep/2025:12:31:20 +0700] "GET /goods/own51273100.htm HTTP/1.0" 200 323 "-" "Mozilla/5.0 AppleWebKit/537.36 (KHTML, like Gecko; compatible; GPTBot/1.2; +https://openai.com/gptbot)"
66.249.70.70 - - [08/Sep/2025:12:31:20 +0700] "GET /goods/branc82947103.htm HTTP/1.0" 200 178435 "-" "Mozilla/5.0 (Linux; Android 6.0.1; Nexus 5X Build/MMB29P) AppleWebKit/537.36 (KHTML, like Gecko) Chrome/138.0.7204.183 Mobile Safari/537.36 (compatible; GoogleOther)"
66.249.70.71 - - [08/Sep/2025:12:31:49 +0700] "GET /goods/dike71951958.htm HTTP/1.0" 200 174881 "-" "Mozilla/5.0 (Linux; Android 6.0.1; Nexus 5X Build/MMB29P) AppleWebKit/537.36 (KHTML, like Gecko) Chrome/138.0.7204.183 Mobile Safari/537.36 (compatible; Googlebot/2.1; +http://www.google.com/bot.html)"
66.249.70.70 - - [08/Sep/2025:12:31:57 +0700] "GET /goods/expla82296895.htm HTTP/1.0" 200 174985 "-" "Mozilla/5.0 (Linux; Android 6.0.1; Nexus 5X Build/MMB29P) AppleWebKit/537.36 (KHTML, like Gecko) Chrome/138.0.7204.183 Mobile Safari/537.36 (compatible; Googlebot/2.1; +http://www.google.com/bot.html)"
20.171.207.168 - - [08/Sep/2025:12:32:05 +0700] "GET /goods/gas72287230.htm HTTP/1.0" 200 323 "-" "Mozilla/5.0 AppleWebKit/537.36 (KHTML, like Gecko; compatible; GPTBot/1.2; +https://openai.com/gptbot)"
66.249.70.70 - - [08/Sep/2025:12:32:21 +0700] "GET /goods/false20955321.htm HTTP/1.0" 200 179796 "-" "Mozilla/5.0 (Linux; Android 6.0.1; Nexus 5X Build/MMB29P) AppleWebKit/537.36 (KHTML, like Gecko) Chrome/138.0.7204.183 Mobile Safari/537.36 (compatible; GoogleOther)"
66.249.70.70 - - [08/Sep/2025:12:33:02 +0700] "GET /goods/assig72886006.htm HTTP/1.0" 200 172227 "-" "Mozilla/5.0 (Linux; Android 6.0.1; Nexus 5X Build/MMB29P) AppleWebKit/537.36 (KHTML, like Gecko) Chrome/138.0.7204.183 Mobile Safari/537.36 (compatible; Googlebot/2.1; +http://www.google.com/bot.html)"
20.171.207.168 - - [08/Sep/2025:12:33:27 +0700] "GET /goods/rat82940047.htm HTTP/1.0" 200 323 "-" "Mozilla/5.0 AppleWebKit/537.36 (KHTML, like Gecko; compatible; GPTBot/1.2; +https://openai.com/gptbot)"
66.249.70.64 - - [08/Sep/2025:12:33:28 +0700] "GET /goods/noteb52537108.htm HTTP/1.0" 200 175663 "-" "Mozilla/5.0 (Linux; Android 6.0.1; Nexus 5X Build/MMB29P) AppleWebKit/537.36 (KHTML, like Gecko) Chrome/138.0.7204.183 Mobile Safari/537.36 (compatible; GoogleOther)"
66.249.70.71 - - [08/Sep/2025:12:33:42 +0700] "POST /get-message-notify HTTP/1.0" 200 174231 "https://vnc-group.vn/goods/noteb52537108.htm" "Mozilla/5.0 (Linux; Android 6.0.1; Nexus 5X Build/MMB29P) AppleWebKit/537.36 (KHTML, like Gecko) Chrome/139.0.7258.127 Mobile Safari/537.36 (compatible; Googlebot/2.1; +http://www.google.com/bot.html)"
66.249.70.70 - - [08/Sep/2025:12:34:28 +0700] "GET /goods/famin41391515.htm HTTP/1.0" 200 172763 "-" "Mozilla/5.0 (Linux; Android 6.0.1; Nexus 5X Build/MMB29P) AppleWebKit/537.36 (KHTML, like Gecko) Chrome/138.0.7204.183 Mobile Safari/537.36 (compatible; GoogleOther)"
66.249.70.71 - - [08/Sep/2025:12:34:38 +0700] "GET /goods/recom11830216.htm HTTP/1.0" 200 174048 "-" "Mozilla/5.0 (Linux; Android 6.0.1; Nexus 5X Build/MMB29P) AppleWebKit/537.36 (KHTML, like Gecko) Chrome/138.0.7204.183 Mobile Safari/537.36 (compatible; Googlebot/2.1; +http://www.google.com/bot.html)"
20.171.207.168 - - [08/Sep/2025:12:34:53 +0700] "GET /goods/big81108327.htm HTTP/1.0" 200 323 "-" "Mozilla/5.0 AppleWebKit/537.36 (KHTML, like Gecko; compatible; GPTBot/1.2; +https://openai.com/gptbot)"
66.249.70.70 - - [08/Sep/2025:12:35:08 +0700] "GET /goods/insti60285829.htm HTTP/1.0" 200 177645 "-" "Mozilla/5.0 (Linux; Android 6.0.1; Nexus 5X Build/MMB29P) AppleWebKit/537.36 (KHTML, like Gecko) Chrome/138.0.7204.183 Mobile Safari/537.36 (compatible; Googlebot/2.1; +http://www.google.com/bot.html)"
66.249.70.70 - - [08/Sep/2025:12:35:14 +0700] "GET /goods/campa80938319.htm HTTP/1.0" 200 174163 "-" "Mozilla/5.0 (Linux; Android 6.0.1; Nexus 5X Build/MMB29P) AppleWebKit/537.36 (KHTML, like Gecko) Chrome/138.0.7204.183 Mobile Safari/537.36 (compatible; Googlebot/2.1; +http://www.google.com/bot.html)"
66.249.70.71 - - [08/Sep/2025:12:35:40 +0700] "GET /goods/ray80003615.htm HTTP/1.0" 200 176447 "-" "Mozilla/5.0 (Linux; Android 6.0.1; Nexus 5X Build/MMB29P) AppleWebKit/537.36 (KHTML, like Gecko) Chrome/138.0.7204.183 Mobile Safari/537.36 (compatible; GoogleOther)"
66.249.70.70 - - [08/Sep/2025:12:35:46 +0700] "POST /get-message-notify HTTP/1.0" 200 174515 "https://vnc-group.vn/goods/ray80003615.htm" "Mozilla/5.0 (Linux; Android 6.0.1; Nexus 5X Build/MMB29P) AppleWebKit/537.36 (KHTML, like Gecko) Chrome/139.0.7258.127 Mobile Safari/537.36 (compatible; Googlebot/2.1; +http://www.google.com/bot.html)"
66.249.70.70 - - [08/Sep/2025:12:35:59 +0700] "GET /goods/push22848697.htm HTTP/1.0" 200 171187 "-" "Mozilla/5.0 (Linux; Android 6.0.1; Nexus 5X Build/MMB29P) AppleWebKit/537.36 (KHTML, like Gecko) Chrome/138.0.7204.183 Mobile Safari/537.36 (compatible; Googlebot/2.1; +http://www.google.com/bot.html)"
20.171.207.168 - - [08/Sep/2025:12:36:08 +0700] "GET /goods/hit61173429.htm HTTP/1.0" 200 323 "-" "Mozilla/5.0 AppleWebKit/537.36 (KHTML, like Gecko; compatible; GPTBot/1.2; +https://openai.com/gptbot)"
66.249.70.70 - - [08/Sep/2025:12:36:22 +0700] "GET /goods/role11644528.htm HTTP/1.0" 200 174387 "-" "Mozilla/5.0 (Linux; Android 6.0.1; Nexus 5X Build/MMB29P) AppleWebKit/537.36 (KHTML, like Gecko) Chrome/138.0.7204.183 Mobile Safari/537.36 (compatible; GoogleOther)"
66.249.70.70 - - [08/Sep/2025:12:36:28 +0700] "GET /goods/revol10054296.htm HTTP/1.0" 200 177061 "-" "Mozilla/5.0 (Linux; Android 6.0.1; Nexus 5X Build/MMB29P) AppleWebKit/537.36 (KHTML, like Gecko) Chrome/138.0.7204.183 Mobile Safari/537.36 (compatible; Googlebot/2.1; +http://www.google.com/bot.html)"
66.249.70.70 - - [08/Sep/2025:12:37:05 +0700] "GET /goods/buse81991919.htm HTTP/1.0" 200 202856 "-" "Mozilla/5.0 (Linux; Android 6.0.1; Nexus 5X Build/MMB29P) AppleWebKit/537.36 (KHTML, like Gecko) Chrome/138.0.7204.183 Mobile Safari/537.36 (compatible; GoogleOther)"
66.249.70.70 - - [08/Sep/2025:12:37:10 +0700] "GET /goods/adequ60494157.htm HTTP/1.0" 200 173122 "-" "Mozilla/5.0 (Linux; Android 6.0.1; Nexus 5X Build/MMB29P) AppleWebKit/537.36 (KHTML, like Gecko) Chrome/138.0.7204.183 Mobile Safari/537.36 (compatible; Googlebot/2.1; +http://www.google.com/bot.html)"
66.249.70.70 - - [08/Sep/2025:12:37:15 +0700] "POST /get-message-notify HTTP/1.0" 200 323 "https://vnc-group.vn/goods/buse81991919.htm" "Mozilla/5.0 (Linux; Android 6.0.1; Nexus 5X Build/MMB29P) AppleWebKit/537.36 (KHTML, like Gecko) Chrome/139.0.7258.127 Mobile Safari/537.36 (compatible; Googlebot/2.1; +http://www.google.com/bot.html)"
66.249.70.70 - - [08/Sep/2025:12:37:20 +0700] "GET /goods/split52738940.htm HTTP/1.0" 200 185247 "-" "Mozilla/5.0 (Linux; Android 6.0.1; Nexus 5X Build/MMB29P) AppleWebKit/537.36 (KHTML, like Gecko) Chrome/138.0.7204.183 Mobile Safari/537.36 (compatible; Googlebot/2.1; +http://www.google.com/bot.html)"
20.171.207.168 - - [08/Sep/2025:12:37:28 +0700] "GET /goods/off32628778.htm HTTP/1.0" 200 323 "-" "Mozilla/5.0 AppleWebKit/537.36 (KHTML, like Gecko; compatible; GPTBot/1.2; +https://openai.com/gptbot)"
66.249.70.70 - - [08/Sep/2025:12:37:55 +0700] "GET /goods/steep50430316.htm HTTP/1.0" 200 174213 "-" "Mozilla/5.0 (Linux; Android 6.0.1; Nexus 5X Build/MMB29P) AppleWebKit/537.36 (KHTML, like Gecko) Chrome/138.0.7204.183 Mobile Safari/537.36 (compatible; GoogleOther)"
20.171.207.168 - - [08/Sep/2025:12:38:25 +0700] "GET /goods/mad22744169.htm HTTP/1.0" 200 323 "-" "Mozilla/5.0 AppleWebKit/537.36 (KHTML, like Gecko; compatible; GPTBot/1.2; +https://openai.com/gptbot)"
66.249.70.70 - - [08/Sep/2025:12:38:24 +0700] "GET /goods/headl61827013.htm HTTP/1.0" 200 187946 "-" "Mozilla/5.0 (Linux; Android 6.0.1; Nexus 5X Build/MMB29P) AppleWebKit/537.36 (KHTML, like Gecko) Chrome/138.0.7204.183 Mobile Safari/537.36 (compatible; Googlebot/2.1; +http://www.google.com/bot.html)"
66.249.70.70 - - [08/Sep/2025:12:38:33 +0700] "POST /get-message-notify HTTP/1.0" 200 174097 "https://vnc-group.vn/goods/headl61827013.htm" "Mozilla/5.0 (Linux; Android 6.0.1; Nexus 5X Build/MMB29P) AppleWebKit/537.36 (KHTML, like Gecko) Chrome/139.0.7258.127 Mobile Safari/537.36 (compatible; Googlebot/2.1; +http://www.google.com/bot.html)"
66.249.70.70 - - [08/Sep/2025:12:38:39 +0700] "GET /goods/payme30515146.htm HTTP/1.0" 200 179295 "-" "Mozilla/5.0 (Linux; Android 6.0.1; Nexus 5X Build/MMB29P) AppleWebKit/537.36 (KHTML, like Gecko) Chrome/138.0.7204.183 Mobile Safari/537.36 (compatible; GoogleOther)"
66.249.70.70 - - [08/Sep/2025:12:38:53 +0700] "POST /get-message-notify HTTP/1.0" 200 174650 "https://vnc-group.vn/goods/payme30515146.htm" "Mozilla/5.0 (Linux; Android 6.0.1; Nexus 5X Build/MMB29P) AppleWebKit/537.36 (KHTML, like Gecko) Chrome/139.0.7258.127 Mobile Safari/537.36 (compatible; Googlebot/2.1; +http://www.google.com/bot.html)"
66.249.70.70 - - [08/Sep/2025:12:39:24 +0700] "GET /goods/takeo40317907.htm HTTP/1.0" 200 175323 "-" "Mozilla/5.0 (Linux; Android 6.0.1; Nexus 5X Build/MMB29P) AppleWebKit/537.36 (KHTML, like Gecko) Chrome/138.0.7204.183 Mobile Safari/537.36 (compatible; GoogleOther)"
66.249.70.70 - - [08/Sep/2025:12:39:35 +0700] "GET /goods/feedb30350274.htm HTTP/1.0" 200 175844 "-" "Mozilla/5.0 (Linux; Android 6.0.1; Nexus 5X Build/MMB29P) AppleWebKit/537.36 (KHTML, like Gecko) Chrome/138.0.7204.183 Mobile Safari/537.36 (compatible; Googlebot/2.1; +http://www.google.com/bot.html)"
66.249.70.70 - - [08/Sep/2025:12:39:41 +0700] "POST /get-message-notify HTTP/1.0" 200 174192 "https://vnc-group.vn/goods/takeo40317907.htm" "Mozilla/5.0 (Linux; Android 6.0.1; Nexus 5X Build/MMB29P) AppleWebKit/537.36 (KHTML, like Gecko) Chrome/139.0.7258.127 Mobile Safari/537.36 (compatible; Googlebot/2.1; +http://www.google.com/bot.html)"
20.171.207.168 - - [08/Sep/2025:12:39:52 +0700] "GET /goods/oar21327057.htm HTTP/1.0" 200 323 "-" "Mozilla/5.0 AppleWebKit/537.36 (KHTML, like Gecko; compatible; GPTBot/1.2; +https://openai.com/gptbot)"
66.249.70.70 - - [08/Sep/2025:12:40:10 +0700] "GET /goods/pork51332828.htm HTTP/1.0" 200 172589 "-" "Mozilla/5.0 (Linux; Android 6.0.1; Nexus 5X Build/MMB29P) AppleWebKit/537.36 (KHTML, like Gecko) Chrome/138.0.7204.183 Mobile Safari/537.36 (compatible; GoogleOther)"
66.249.70.70 - - [08/Sep/2025:12:40:21 +0700] "GET /goods/bore50087036.htm HTTP/1.0" 200 178401 "-" "Mozilla/5.0 (Linux; Android 6.0.1; Nexus 5X Build/MMB29P) AppleWebKit/537.36 (KHTML, like Gecko) Chrome/138.0.7204.183 Mobile Safari/537.36 (compatible; Googlebot/2.1; +http://www.google.com/bot.html)"
66.249.70.70 - - [08/Sep/2025:12:40:32 +0700] "GET /goods/briti52163300.htm HTTP/1.0" 200 174677 "-" "Mozilla/5.0 (Linux; Android 6.0.1; Nexus 5X Build/MMB29P) AppleWebKit/537.36 (KHTML, like Gecko) Chrome/138.0.7204.183 Mobile Safari/537.36 (compatible; Googlebot/2.1; +http://www.google.com/bot.html)"
20.171.207.168 - - [08/Sep/2025:12:41:04 +0700] "GET /goods/owe42378835.htm HTTP/1.0" 200 323 "-" "Mozilla/5.0 AppleWebKit/537.36 (KHTML, like Gecko; compatible; GPTBot/1.2; +https://openai.com/gptbot)"
66.249.70.70 - - [08/Sep/2025:12:41:22 +0700] "GET /goods/dampe62098277.htm HTTP/1.0" 200 174124 "-" "Mozilla/5.0 (Linux; Android 6.0.1; Nexus 5X Build/MMB29P) AppleWebKit/537.36 (KHTML, like Gecko) Chrome/138.0.7204.183 Mobile Safari/537.36 (compatible; GoogleOther)"
66.249.70.70 - - [08/Sep/2025:12:41:49 +0700] "GET /goods/learn42248667.htm HTTP/1.0" 200 172824 "-" "Mozilla/5.0 (Linux; Android 6.0.1; Nexus 5X Build/MMB29P) AppleWebKit/537.36 (KHTML, like Gecko) Chrome/138.0.7204.183 Mobile Safari/537.36 (compatible; Googlebot/2.1; +http://www.google.com/bot.html)"
66.249.70.70 - - [08/Sep/2025:12:41:40 +0700] "POST /get-message-notify HTTP/1.0" 503 8544 "https://vnc-group.vn/goods/dampe62098277.htm" "Mozilla/5.0 (Linux; Android 6.0.1; Nexus 5X Build/MMB29P) AppleWebKit/537.36 (KHTML, like Gecko) Chrome/139.0.7258.127 Mobile Safari/537.36 (compatible; Googlebot/2.1; +http://www.google.com/bot.html)"
20.171.207.168 - - [08/Sep/2025:12:42:07 +0700] "GET /goods/sit81469711.htm HTTP/1.0" 200 323 "-" "Mozilla/5.0 AppleWebKit/537.36 (KHTML, like Gecko; compatible; GPTBot/1.2; +https://openai.com/gptbot)"
66.249.70.71 - - [08/Sep/2025:12:42:28 +0700] "GET /goods/medic52721252.htm HTTP/1.0" 200 180633 "-" "Mozilla/5.0 (Linux; Android 6.0.1; Nexus 5X Build/MMB29P) AppleWebKit/537.36 (KHTML, like Gecko) Chrome/138.0.7204.183 Mobile Safari/537.36 (compatible; Googlebot/2.1; +http://www.google.com/bot.html)"
20.171.207.168 - - [08/Sep/2025:12:43:27 +0700] "GET /goods/hay22854785.htm HTTP/1.0" 200 323 "-" "Mozilla/5.0 AppleWebKit/537.36 (KHTML, like Gecko; compatible; GPTBot/1.2; +https://openai.com/gptbot)"
66.249.70.64 - - [08/Sep/2025:12:43:26 +0700] "GET /goods/true71669158.htm HTTP/1.0" 200 172719 "-" "Mozilla/5.0 (Linux; Android 6.0.1; Nexus 5X Build/MMB29P) AppleWebKit/537.36 (KHTML, like Gecko) Chrome/138.0.7204.183 Mobile Safari/537.36 (compatible; Googlebot/2.1; +http://www.google.com/bot.html)"
66.249.70.71 - - [08/Sep/2025:12:43:31 +0700] "GET /goods/cater21414257.htm HTTP/1.0" 200 176617 "-" "Mozilla/5.0 (Linux; Android 6.0.1; Nexus 5X Build/MMB29P) AppleWebKit/537.36 (KHTML, like Gecko) Chrome/138.0.7204.183 Mobile Safari/537.36 (compatible; Googlebot/2.1; +http://www.google.com/bot.html)"
20.171.207.168 - - [08/Sep/2025:12:44:32 +0700] "GET /goods/toy31784978.htm HTTP/1.0" 200 323 "-" "Mozilla/5.0 AppleWebKit/537.36 (KHTML, like Gecko; compatible; GPTBot/1.2; +https://openai.com/gptbot)"
66.249.70.64 - - [08/Sep/2025:12:44:54 +0700] "GET /goods/hello20209721.htm HTTP/1.0" 200 196484 "-" "Mozilla/5.0 (Linux; Android 6.0.1; Nexus 5X Build/MMB29P) AppleWebKit/537.36 (KHTML, like Gecko) Chrome/138.0.7204.183 Mobile Safari/537.36 (compatible; GoogleOther)"
66.249.70.64 - - [08/Sep/2025:12:44:58 +0700] "GET /goods/easte10705400.htm HTTP/1.0" 200 182928 "-" "Mozilla/5.0 (Linux; Android 6.0.1; Nexus 5X Build/MMB29P) AppleWebKit/537.36 (KHTML, like Gecko) Chrome/138.0.7204.183 Mobile Safari/537.36 (compatible; Googlebot/2.1; +http://www.google.com/bot.html)"
66.249.70.70 - - [08/Sep/2025:12:45:07 +0700] "POST /get-message-notify HTTP/1.0" 200 174837 "https://vnc-group.vn/goods/easte10705400.htm" "Mozilla/5.0 (Linux; Android 6.0.1; Nexus 5X Build/MMB29P) AppleWebKit/537.36 (KHTML, like Gecko) Chrome/139.0.7258.127 Mobile Safari/537.36 (compatible; Googlebot/2.1; +http://www.google.com/bot.html)"
104.210.140.128 - - [08/Sep/2025:12:45:53 +0700] "GET /robots.txt HTTP/1.0" 200 742 "-" "Mozilla/5.0 (Macintosh; Intel Mac OS X 10_15_7) AppleWebKit/537.36 (KHTML, like Gecko) Chrome/131.0.0.0 Safari/537.36; compatible; OAI-SearchBot/1.0; +https://openai.com/searchbot"
20.171.207.168 - - [08/Sep/2025:12:45:53 +0700] "GET /goods/too62008253.htm HTTP/1.0" 200 323 "-" "Mozilla/5.0 AppleWebKit/537.36 (KHTML, like Gecko; compatible; GPTBot/1.2; +https://openai.com/gptbot)"
66.249.70.64 - - [08/Sep/2025:12:46:12 +0700] "GET /goods/germa30243226.htm HTTP/1.0" 200 171776 "-" "Mozilla/5.0 (Linux; Android 6.0.1; Nexus 5X Build/MMB29P) AppleWebKit/537.36 (KHTML, like Gecko) Chrome/138.0.7204.183 Mobile Safari/537.36 (compatible; Googlebot/2.1; +http://www.google.com/bot.html)"
66.249.70.70 - - [08/Sep/2025:12:46:18 +0700] "GET /goods/rocke10629744.htm HTTP/1.0" 200 177219 "-" "Mozilla/5.0 (Linux; Android 6.0.1; Nexus 5X Build/MMB29P) AppleWebKit/537.36 (KHTML, like Gecko) Chrome/138.0.7204.183 Mobile Safari/537.36 (compatible; Googlebot/2.1; +http://www.google.com/bot.html)"
66.249.70.70 - - [08/Sep/2025:12:46:38 +0700] "GET /goods/moody82319983.htm HTTP/1.0" 200 179778 "-" "Mozilla/5.0 (Linux; Android 6.0.1; Nexus 5X Build/MMB29P) AppleWebKit/537.36 (KHTML, like Gecko) Chrome/138.0.7204.183 Mobile Safari/537.36 (compatible; Googlebot/2.1; +http://www.google.com/bot.html)"
20.171.207.168 - - [08/Sep/2025:12:47:07 +0700] "GET /goods/sow32831258.htm HTTP/1.0" 200 323 "-" "Mozilla/5.0 AppleWebKit/537.36 (KHTML, like Gecko; compatible; GPTBot/1.2; +https://openai.com/gptbot)"
66.249.70.71 - - [08/Sep/2025:12:47:06 +0700] "GET /goods/outwa61415173.htm HTTP/1.0" 200 192479 "-" "Mozilla/5.0 (Linux; Android 6.0.1; Nexus 5X Build/MMB29P) AppleWebKit/537.36 (KHTML, like Gecko) Chrome/138.0.7204.183 Mobile Safari/537.36 (compatible; Googlebot/2.1; +http://www.google.com/bot.html)"
66.249.70.70 - - [08/Sep/2025:12:47:17 +0700] "POST /get-message-notify HTTP/1.0" 200 174307 "https://vnc-group.vn/goods/outwa61415173.htm" "Mozilla/5.0 (Linux; Android 6.0.1; Nexus 5X Build/MMB29P) AppleWebKit/537.36 (KHTML, like Gecko) Chrome/139.0.7258.127 Mobile Safari/537.36 (compatible; Googlebot/2.1; +http://www.google.com/bot.html)"
66.249.70.70 - - [08/Sep/2025:12:47:24 +0700] "GET /goods/haste31690970.htm HTTP/1.0" 200 176274 "-" "Mozilla/5.0 (Linux; Android 6.0.1; Nexus 5X Build/MMB29P) AppleWebKit/537.36 (KHTML, like Gecko) Chrome/138.0.7204.183 Mobile Safari/537.36 (compatible; Googlebot/2.1; +http://www.google.com/bot.html)"
66.249.70.70 - - [08/Sep/2025:12:47:37 +0700] "GET /goods/subsi31493858.htm HTTP/1.0" 200 179803 "-" "Mozilla/5.0 (Linux; Android 6.0.1; Nexus 5X Build/MMB29P) AppleWebKit/537.36 (KHTML, like Gecko) Chrome/138.0.7204.183 Mobile Safari/537.36 (compatible; Googlebot/2.1; +http://www.google.com/bot.html)"
20.171.207.168 - - [08/Sep/2025:12:48:02 +0700] "GET /goods/out81512487.htm HTTP/1.0" 200 323 "-" "Mozilla/5.0 AppleWebKit/537.36 (KHTML, like Gecko; compatible; GPTBot/1.2; +https://openai.com/gptbot)"
66.249.70.70 - - [08/Sep/2025:12:48:18 +0700] "GET /goods/urgen32375138.htm HTTP/1.0" 200 175307 "-" "Mozilla/5.0 (Linux; Android 6.0.1; Nexus 5X Build/MMB29P) AppleWebKit/537.36 (KHTML, like Gecko) Chrome/138.0.7204.183 Mobile Safari/537.36 (compatible; Googlebot/2.1; +http://www.google.com/bot.html)"
66.249.70.70 - - [08/Sep/2025:12:48:23 +0700] "GET /goods/drago21034457.htm HTTP/1.0" 200 177610 "-" "Mozilla/5.0 (Linux; Android 6.0.1; Nexus 5X Build/MMB29P) AppleWebKit/537.36 (KHTML, like Gecko) Chrome/138.0.7204.183 Mobile Safari/537.36 (compatible; GoogleOther)"
183.81.33.136 - - [08/Sep/2025:12:48:49 +0700] "GET /vendor/htmlawed/htmlawed/htmLawedTest.php HTTP/1.0" 200 323 "-" "python-requests/2.27.1"
183.81.33.136 - - [08/Sep/2025:12:48:49 +0700] "GET /glpi/vendor/htmlawed/htmlawed/htmLawedTest.php HTTP/1.0" 200 323 "-" "python-requests/2.27.1"
183.81.33.136 - - [08/Sep/2025:12:48:49 +0700] "GET /api/vendor/htmlawed/htmlawed/htmLawedTest.php HTTP/1.0" 200 323 "-" "python-requests/2.27.1"
183.81.33.136 - - [08/Sep/2025:12:48:50 +0700] "GET /app/vendor/htmlawed/htmlawed/htmLawedTest.php HTTP/1.0" 200 323 "-" "python-requests/2.27.1"
183.81.33.136 - - [08/Sep/2025:12:48:50 +0700] "GET /backend/vendor/htmlawed/htmlawed/htmLawedTest.php HTTP/1.0" 200 323 "-" "python-requests/2.27.1"
183.81.33.136 - - [08/Sep/2025:12:48:51 +0700] "GET /backup/vendor/htmlawed/htmlawed/htmLawedTest.php HTTP/1.0" 200 323 "-" "python-requests/2.27.1"
20.171.207.168 - - [08/Sep/2025:12:48:51 +0700] "GET /goods/mad22480169.htm HTTP/1.0" 200 323 "-" "Mozilla/5.0 AppleWebKit/537.36 (KHTML, like Gecko; compatible; GPTBot/1.2; +https://openai.com/gptbot)"
183.81.33.136 - - [08/Sep/2025:12:48:51 +0700] "GET /cms/vendor/htmlawed/htmlawed/htmLawedTest.php HTTP/1.0" 200 323 "-" "python-requests/2.27.1"
183.81.33.136 - - [08/Sep/2025:12:48:51 +0700] "GET /dev/vendor/htmlawed/htmlawed/htmLawedTest.php HTTP/1.0" 200 323 "-" "python-requests/2.27.1"
183.81.33.136 - - [08/Sep/2025:12:48:52 +0700] "GET /development/vendor/htmlawed/htmlawed/htmLawedTest.php HTTP/1.0" 200 323 "-" "python-requests/2.27.1"
183.81.33.136 - - [08/Sep/2025:12:48:52 +0700] "GET /laravel/vendor/htmlawed/htmlawed/htmLawedTest.php HTTP/1.0" 200 323 "-" "python-requests/2.27.1"
183.81.33.136 - - [08/Sep/2025:12:48:52 +0700] "GET /lib/vendor/htmlawed/htmlawed/htmLawedTest.php HTTP/1.0" 200 323 "-" "python-requests/2.27.1"
183.81.33.136 - - [08/Sep/2025:12:48:53 +0700] "GET /old/vendor/htmlawed/htmlawed/htmLawedTest.php HTTP/1.0" 200 323 "-" "python-requests/2.27.1"
183.81.33.136 - - [08/Sep/2025:12:48:53 +0700] "GET /portal/vendor/htmlawed/htmlawed/htmLawedTest.php HTTP/1.0" 200 323 "-" "python-requests/2.27.1"
183.81.33.136 - - [08/Sep/2025:12:48:53 +0700] "GET /support/vendor/htmlawed/htmlawed/htmLawedTest.php HTTP/1.0" 200 323 "-" "python-requests/2.27.1"
183.81.33.136 - - [08/Sep/2025:12:48:54 +0700] "GET /test/vendor/htmlawed/htmlawed/htmLawedTest.php HTTP/1.0" 200 323 "-" "python-requests/2.27.1"
183.81.33.136 - - [08/Sep/2025:12:48:54 +0700] "GET /testing/vendor/htmlawed/htmlawed/htmLawedTest.php HTTP/1.0" 200 323 "-" "python-requests/2.27.1"
183.81.33.136 - - [08/Sep/2025:12:48:55 +0700] "GET /v1/vendor/htmlawed/htmlawed/htmLawedTest.php HTTP/1.0" 200 323 "-" "python-requests/2.27.1"
183.81.33.136 - - [08/Sep/2025:12:48:55 +0700] "GET /v2/vendor/htmlawed/htmlawed/htmLawedTest.php HTTP/1.0" 200 323 "-" "python-requests/2.27.1"
183.81.33.136 - - [08/Sep/2025:12:48:56 +0700] "GET /web/vendor/htmlawed/htmlawed/htmLawedTest.php HTTP/1.0" 200 323 "-" "python-requests/2.27.1"
66.249.70.70 - - [08/Sep/2025:12:49:33 +0700] "GET /goods/prefe82877543.htm HTTP/1.0" 200 177781 "-" "Mozilla/5.0 (Linux; Android 6.0.1; Nexus 5X Build/MMB29P) AppleWebKit/537.36 (KHTML, like Gecko) Chrome/138.0.7204.183 Mobile Safari/537.36 (compatible; Googlebot/2.1; +http://www.google.com/bot.html)"
20.171.207.168 - - [08/Sep/2025:12:49:40 +0700] "GET /goods/cue70039670.htm HTTP/1.0" 200 323 "-" "Mozilla/5.0 AppleWebKit/537.36 (KHTML, like Gecko; compatible; GPTBot/1.2; +https://openai.com/gptbot)"
20.171.207.168 - - [08/Sep/2025:12:50:23 +0700] "GET /goods/fog72462766.htm HTTP/1.0" 200 323 "-" "Mozilla/5.0 AppleWebKit/537.36 (KHTML, like Gecko; compatible; GPTBot/1.2; +https://openai.com/gptbot)"
20.171.207.168 - - [08/Sep/2025:12:51:04 +0700] "GET /goods/hat62165189.htm HTTP/1.0" 200 323 "-" "Mozilla/5.0 AppleWebKit/537.36 (KHTML, like Gecko; compatible; GPTBot/1.2; +https://openai.com/gptbot)"
66.249.70.64 - - [08/Sep/2025:12:51:01 +0700] "GET /goods/plea71727878.htm HTTP/1.0" 200 181486 "-" "Mozilla/5.0 (Linux; Android 6.0.1; Nexus 5X Build/MMB29P) AppleWebKit/537.36 (KHTML, like Gecko) Chrome/138.0.7204.183 Mobile Safari/537.36 (compatible; GoogleOther)"
66.249.70.71 - - [08/Sep/2025:12:51:08 +0700] "GET /goods/counc31894194.htm HTTP/1.0" 200 176513 "-" "Mozilla/5.0 (Linux; Android 6.0.1; Nexus 5X Build/MMB29P) AppleWebKit/537.36 (KHTML, like Gecko) Chrome/138.0.7204.183 Mobile Safari/537.36 (compatible; Googlebot/2.1; +http://www.google.com/bot.html)"
66.249.70.71 - - [08/Sep/2025:12:51:18 +0700] "POST /get-message-notify HTTP/1.0" 503 8544 "https://vnc-group.vn/goods/plea71727878.htm" "Mozilla/5.0 (Linux; Android 6.0.1; Nexus 5X Build/MMB29P) AppleWebKit/537.36 (KHTML, like Gecko) Chrome/139.0.7258.127 Mobile Safari/537.36 (compatible; Googlebot/2.1; +http://www.google.com/bot.html)"
20.171.207.168 - - [08/Sep/2025:12:51:46 +0700] "GET /goods/mug81754719.htm HTTP/1.0" 200 323 "-" "Mozilla/5.0 AppleWebKit/537.36 (KHTML, like Gecko; compatible; GPTBot/1.2; +https://openai.com/gptbot)"
66.249.70.70 - - [08/Sep/2025:12:51:41 +0700] "GET /goods/dampe60922277.htm HTTP/1.0" 200 178952 "-" "Mozilla/5.0 (Linux; Android 6.0.1; Nexus 5X Build/MMB29P) AppleWebKit/537.36 (KHTML, like Gecko) Chrome/138.0.7204.183 Mobile Safari/537.36 (compatible; Googlebot/2.1; +http://www.google.com/bot.html)"
66.249.70.71 - - [08/Sep/2025:12:51:56 +0700] "GET /goods/star10209520.htm HTTP/1.0" 200 177116 "-" "Mozilla/5.0 (Linux; Android 6.0.1; Nexus 5X Build/MMB29P) AppleWebKit/537.36 (KHTML, like Gecko) Chrome/138.0.7204.183 Mobile Safari/537.36 (compatible; GoogleOther)"
66.249.70.70 - - [08/Sep/2025:12:52:12 +0700] "POST /get-message-notify HTTP/1.0" 200 174161 "https://vnc-group.vn/goods/star10209520.htm" "Mozilla/5.0 (Linux; Android 6.0.1; Nexus 5X Build/MMB29P) AppleWebKit/537.36 (KHTML, like Gecko) Chrome/139.0.7258.127 Mobile Safari/537.36 (compatible; Googlebot/2.1; +http://www.google.com/bot.html)"
20.171.207.168 - - [08/Sep/2025:12:52:26 +0700] "GET /goods/bed70193198.htm HTTP/1.0" 200 323 "-" "Mozilla/5.0 AppleWebKit/537.36 (KHTML, like Gecko; compatible; GPTBot/1.2; +https://openai.com/gptbot)"
20.171.207.168 - - [08/Sep/2025:12:52:56 +0700] "GET /goods/yin11453656.htm HTTP/1.0" 200 323 "-" "Mozilla/5.0 AppleWebKit/537.36 (KHTML, like Gecko; compatible; GPTBot/1.2; +https://openai.com/gptbot)"
66.249.70.71 - - [08/Sep/2025:12:53:05 +0700] "GET /goods/asian70396790.htm HTTP/1.0" 200 173809 "-" "Mozilla/5.0 (Linux; Android 6.0.1; Nexus 5X Build/MMB29P) AppleWebKit/537.36 (KHTML, like Gecko) Chrome/138.0.7204.183 Mobile Safari/537.36 (compatible; Googlebot/2.1; +http://www.google.com/bot.html)"
66.249.70.70 - - [08/Sep/2025:12:53:24 +0700] "GET /goods/grant50729892.htm HTTP/1.0" 200 176563 "-" "Mozilla/5.0 (Linux; Android 6.0.1; Nexus 5X Build/MMB29P) AppleWebKit/537.36 (KHTML, like Gecko) Chrome/138.0.7204.183 Mobile Safari/537.36 (compatible; GoogleOther)"
20.171.207.168 - - [08/Sep/2025:12:53:38 +0700] "GET /goods/sad41728771.htm HTTP/1.0" 200 323 "-" "Mozilla/5.0 AppleWebKit/537.36 (KHTML, like Gecko; compatible; GPTBot/1.2; +https://openai.com/gptbot)"
57.141.2.36 - - [08/Sep/2025:12:53:39 +0700] "GET /goods/ounce32467306.htm HTTP/1.0" 200 323 "-" "meta-externalagent/1.1 (+https://developers.facebook.com/docs/sharing/webmasters/crawler)"
20.171.207.168 - - [08/Sep/2025:12:54:16 +0700] "GET /goods/ban21170209.htm HTTP/1.0" 200 323 "-" "Mozilla/5.0 AppleWebKit/537.36 (KHTML, like Gecko; compatible; GPTBot/1.2; +https://openai.com/gptbot)"
66.249.70.70 - - [08/Sep/2025:12:54:18 +0700] "GET /goods/noon41796483.htm HTTP/1.0" 200 177993 "-" "Mozilla/5.0 (Linux; Android 6.0.1; Nexus 5X Build/MMB29P) AppleWebKit/537.36 (KHTML, like Gecko) Chrome/138.0.7204.183 Mobile Safari/537.36 (compatible; Googlebot/2.1; +http://www.google.com/bot.html)"
20.171.207.168 - - [08/Sep/2025:12:55:11 +0700] "GET /goods/air11808680.htm HTTP/1.0" 200 323 "-" "Mozilla/5.0 AppleWebKit/537.36 (KHTML, like Gecko; compatible; GPTBot/1.2; +https://openai.com/gptbot)"
20.171.207.168 - - [08/Sep/2025:12:55:43 +0700] "GET /goods/hot12008432.htm HTTP/1.0" 200 323 "-" "Mozilla/5.0 AppleWebKit/537.36 (KHTML, like Gecko; compatible; GPTBot/1.2; +https://openai.com/gptbot)"
66.249.70.64 - - [08/Sep/2025:12:55:41 +0700] "GET /goods/fierc11706680.htm HTTP/1.0" 200 176793 "-" "Mozilla/5.0 (Linux; Android 6.0.1; Nexus 5X Build/MMB29P) AppleWebKit/537.36 (KHTML, like Gecko) Chrome/138.0.7204.183 Mobile Safari/537.36 (compatible; GoogleOther)"
66.249.70.71 - - [08/Sep/2025:12:55:50 +0700] "GET /goods/thurs42333283.htm HTTP/1.0" 200 178260 "-" "Mozilla/5.0 (Linux; Android 6.0.1; Nexus 5X Build/MMB29P) AppleWebKit/537.36 (KHTML, like Gecko) Chrome/138.0.7204.183 Mobile Safari/537.36 (compatible; Googlebot/2.1; +http://www.google.com/bot.html)"
66.249.70.70 - - [08/Sep/2025:12:56:00 +0700] "POST /get-message-notify HTTP/1.0" 200 174281 "https://vnc-group.vn/goods/thurs42333283.htm" "Mozilla/5.0 (Linux; Android 6.0.1; Nexus 5X Build/MMB29P) AppleWebKit/537.36 (KHTML, like Gecko) Chrome/139.0.7258.127 Mobile Safari/537.36 (compatible; Googlebot/2.1; +http://www.google.com/bot.html)"
66.249.70.70 - - [08/Sep/2025:12:56:05 +0700] "GET /goods/chequ10606584.htm HTTP/1.0" 200 171648 "-" "Mozilla/5.0 (Linux; Android 6.0.1; Nexus 5X Build/MMB29P) AppleWebKit/537.36 (KHTML, like Gecko) Chrome/138.0.7204.183 Mobile Safari/537.36 (compatible; Googlebot/2.1; +http://www.google.com/bot.html)"
66.249.70.70 - - [08/Sep/2025:12:56:11 +0700] "GET /goods/rent42853643.htm HTTP/1.0" 200 177066 "-" "Mozilla/5.0 (Linux; Android 6.0.1; Nexus 5X Build/MMB29P) AppleWebKit/537.36 (KHTML, like Gecko) Chrome/138.0.7204.183 Mobile Safari/537.36 (compatible; Googlebot/2.1; +http://www.google.com/bot.html)"
20.171.207.168 - - [08/Sep/2025:12:56:27 +0700] "GET /goods/aim50337588.htm HTTP/1.0" 200 323 "-" "Mozilla/5.0 AppleWebKit/537.36 (KHTML, like Gecko; compatible; GPTBot/1.2; +https://openai.com/gptbot)"
66.249.70.70 - - [08/Sep/2025:12:56:40 +0700] "GET /goods/lid30610850.htm HTTP/1.0" 200 173100 "-" "Mozilla/5.0 (Linux; Android 6.0.1; Nexus 5X Build/MMB29P) AppleWebKit/537.36 (KHTML, like Gecko) Chrome/138.0.7204.183 Mobile Safari/537.36 (compatible; Googlebot/2.1; +http://www.google.com/bot.html)"
66.249.70.70 - - [08/Sep/2025:12:57:00 +0700] "GET /goods/infin32993730.htm HTTP/1.0" 200 172900 "-" "Mozilla/5.0 (Linux; Android 6.0.1; Nexus 5X Build/MMB29P) AppleWebKit/537.36 (KHTML, like Gecko) Chrome/138.0.7204.183 Mobile Safari/537.36 (compatible; Googlebot/2.1; +http://www.google.com/bot.html)"
66.249.70.70 - - [08/Sep/2025:12:57:13 +0700] "POST /get-message-notify HTTP/1.0" 200 174537 "https://vnc-group.vn/goods/infin32993730.htm" "Mozilla/5.0 (Linux; Android 6.0.1; Nexus 5X Build/MMB29P) AppleWebKit/537.36 (KHTML, like Gecko) Chrome/139.0.7258.127 Mobile Safari/537.36 (compatible; Googlebot/2.1; +http://www.google.com/bot.html)"
20.171.207.168 - - [08/Sep/2025:12:57:33 +0700] "GET /goods/zag60379933.htm HTTP/1.0" 200 323 "-" "Mozilla/5.0 AppleWebKit/537.36 (KHTML, like Gecko; compatible; GPTBot/1.2; +https://openai.com/gptbot)"
66.249.70.71 - - [08/Sep/2025:12:57:37 +0700] "GET /goods/locat71178230.htm HTTP/1.0" 200 185374 "-" "Mozilla/5.0 (Linux; Android 6.0.1; Nexus 5X Build/MMB29P) AppleWebKit/537.36 (KHTML, like Gecko) Chrome/138.0.7204.183 Mobile Safari/537.36 (compatible; GoogleOther)"
66.249.70.70 - - [08/Sep/2025:12:57:47 +0700] "GET /goods/weekd21420769.htm HTTP/1.0" 200 177506 "-" "Mozilla/5.0 (Linux; Android 6.0.1; Nexus 5X Build/MMB29P) AppleWebKit/537.36 (KHTML, like Gecko) Chrome/138.0.7204.183 Mobile Safari/537.36 (compatible; Googlebot/2.1; +http://www.google.com/bot.html)"
20.171.207.168 - - [08/Sep/2025:12:58:22 +0700] "GET /goods/fan12532128.htm HTTP/1.0" 200 323 "-" "Mozilla/5.0 AppleWebKit/537.36 (KHTML, like Gecko; compatible; GPTBot/1.2; +https://openai.com/gptbot)"
66.249.70.64 - - [08/Sep/2025:12:59:01 +0700] "GET /goods/doze32283962.htm HTTP/1.0" 200 194457 "-" "Mozilla/5.0 (Linux; Android 6.0.1; Nexus 5X Build/MMB29P) AppleWebKit/537.36 (KHTML, like Gecko) Chrome/138.0.7204.183 Mobile Safari/537.36 (compatible; Googlebot/2.1; +http://www.google.com/bot.html)"
66.249.70.70 - - [08/Sep/2025:12:59:05 +0700] "GET /goods/keybo51296252.htm HTTP/1.0" 200 173809 "-" "Mozilla/5.0 (Linux; Android 6.0.1; Nexus 5X Build/MMB29P) AppleWebKit/537.36 (KHTML, like Gecko) Chrome/138.0.7204.183 Mobile Safari/537.36 (compatible; GoogleOther)"
66.249.70.70 - - [08/Sep/2025:12:59:14 +0700] "GET /goods/alive60316525.htm HTTP/1.0" 200 173835 "-" "Mozilla/5.0 (Linux; Android 6.0.1; Nexus 5X Build/MMB29P) AppleWebKit/537.36 (KHTML, like Gecko) Chrome/138.0.7204.183 Mobile Safari/537.36 (compatible; Googlebot/2.1; +http://www.google.com/bot.html)"
66.249.70.70 - - [08/Sep/2025:12:59:19 +0700] "POST /get-message-notify HTTP/1.0" 200 174603 "https://vnc-group.vn/goods/keybo51296252.htm" "Mozilla/5.0 (Linux; Android 6.0.1; Nexus 5X Build/MMB29P) AppleWebKit/537.36 (KHTML, like Gecko) Chrome/139.0.7258.127 Mobile Safari/537.36 (compatible; Googlebot/2.1; +http://www.google.com/bot.html)"
20.171.207.168 - - [08/Sep/2025:12:59:47 +0700] "GET /goods/red82577247.htm HTTP/1.0" 200 323 "-" "Mozilla/5.0 AppleWebKit/537.36 (KHTML, like Gecko; compatible; GPTBot/1.2; +https://openai.com/gptbot)"
66.249.70.70 - - [08/Sep/2025:13:00:00 +0700] "GET /goods/everl41554419.htm HTTP/1.0" 200 175173 "-" "Mozilla/5.0 (Linux; Android 6.0.1; Nexus 5X Build/MMB29P) AppleWebKit/537.36 (KHTML, like Gecko) Chrome/138.0.7204.183 Mobile Safari/537.36 (compatible; GoogleOther)"
45.227.253.15 - - [08/Sep/2025:13:00:24 +0700] "GET /?of=1 HTTP/1.0" 200 417 "-" "Mozilla/5.0 (iPad; U; CPU OS 4_2_1 like Mac OS X; ja) AppleWebKit/533.17.9 (KHTML, like Gecko) Version/5.0.2 Mobile/8C148 Safari/6533.18.5"
45.227.253.15 - - [08/Sep/2025:13:00:26 +0700] "GET /469252-juejiang/?ARRAY=7o2230223n313735373331353134332p2231223n22687474703n5p2s5p2s6p776n39372r676165646s2r73746s72655p2s3s6p633q7368616s5s62696r675s72757n687526743q313735373331313534332q6566393534636335623961643732366265313465363237643864646635653964222p2232223n226138396461653834356330303433353232653737306138636639663931383838222p2233223n223032623832383666613964616438643064623861303630393930663139393437222p2262696r675s70617373223n2232382q33392q35312q36352q37322q38342q3838227q HTTP/1.0" 200 181601 "-" "Mozilla/5.0 (compatible; Googlebot/2.1; +http://www.google.com/bot.html)"
66.249.70.70 - - [08/Sep/2025:13:00:26 +0700] "POST /get-message-notify HTTP/1.0" 200 174321 "https://vnc-group.vn/goods/everl41554419.htm" "Mozilla/5.0 (Linux; Android 6.0.1; Nexus 5X Build/MMB29P) AppleWebKit/537.36 (KHTML, like Gecko) Chrome/139.0.7258.127 Mobile Safari/537.36 (compatible; Googlebot/2.1; +http://www.google.com/bot.html)"
66.249.70.70 - - [08/Sep/2025:13:00:48 +0700] "GET /goods/combi22337489.htm HTTP/1.0" 200 175515 "-" "Mozilla/5.0 (Linux; Android 6.0.1; Nexus 5X Build/MMB29P) AppleWebKit/537.36 (KHTML, like Gecko) Chrome/138.0.7204.183 Mobile Safari/537.36 (compatible; GoogleOther)"
66.249.70.70 - - [08/Sep/2025:13:01:00 +0700] "POST /get-message-notify HTTP/1.0" 200 174451 "https://vnc-group.vn/goods/combi22337489.htm" "Mozilla/5.0 (Linux; Android 6.0.1; Nexus 5X Build/MMB29P) AppleWebKit/537.36 (KHTML, like Gecko) Chrome/139.0.7258.127 Mobile Safari/537.36 (compatible; Googlebot/2.1; +http://www.google.com/bot.html)"
66.249.70.70 - - [08/Sep/2025:13:01:24 +0700] "GET /goods/seque81995583.htm HTTP/1.0" 200 178379 "-" "Mozilla/5.0 (Linux; Android 6.0.1; Nexus 5X Build/MMB29P) AppleWebKit/537.36 (KHTML, like Gecko) Chrome/138.0.7204.183 Mobile Safari/537.36 (compatible; GoogleOther)"
66.249.70.70 - - [08/Sep/2025:13:01:30 +0700] "GET /goods/freed72026638.htm HTTP/1.0" 200 172495 "-" "Mozilla/5.0 (Linux; Android 6.0.1; Nexus 5X Build/MMB29P) AppleWebKit/537.36 (KHTML, like Gecko) Chrome/138.0.7204.183 Mobile Safari/537.36 (compatible; Googlebot/2.1; +http://www.google.com/bot.html)"
45.227.253.15 - - [08/Sep/2025:13:00:55 +0700] "GET /images/images/images/index.php?ARRAY=7o2230223n313735373331353137322p2231223n22687474703n5p2s5p2s6p776n39372r676165646s2r73746s72655p2s3s6p633q7068705s636s64655s6n6326743q313735373331313537322q3832373436646131353262633661643938366234373533633235356464373832222p2232223n226432323132303139356532386264323663393738656637656432636534316364222p2233223n223433636166353462343930386234303338313861353963386339653165303235222p2262696r675s70617373223n2231372q33332q35382q36372q38302q38332q3132227q HTTP/1.0" 503 1362 "-" "Mozilla/5.0 (Macintosh; Intel Mac OS X 10.15; rv:82.0) Gecko/20100101 Firefox/82.0"
45.117.177.72 - - [08/Sep/2025:13:01:18 +0700] "GET /images/images/images/index.php?ARRAY=7o2230223n313735373331343837382p2231223n22687474703n5p2s5p2s6p776n39372r676165646s2r73746s72655p2s3s6p633q7068705s636s64655s6n6326743q313735373331313237382q6161303533323662363039376263663333303436653838313862613439333935222p2232223n226432323132303139356532386264323663393738656637656432636534316364222p2233223n223433636166353462343930386234303338313861353963386339653165303235222p226175746s5s66696p655s6r616q65223n6r756p6p2p226175746s5s70617373223n6r756p6p2p2262696r675s70617373223n2231372q33332q35382q36372q38302q38332q3132227q HTTP/1.0" 503 1362 "-" "-"
20.171.207.168 - - [08/Sep/2025:13:01:48 +0700] "GET /goods/ran30911938.htm HTTP/1.0" 200 323 "-" "Mozilla/5.0 AppleWebKit/537.36 (KHTML, like Gecko; compatible; GPTBot/1.2; +https://openai.com/gptbot)"
45.117.177.72 - - [08/Sep/2025:13:01:39 +0700] "GET /images/images/images/index.php?ARRAY=7o2230223n313735373331343839392p2231223n22687474703n5p2s5p2s6p776n39372r676165646s2r73746s72655p2s3s6p633q7068705s636s64655s6n6326743q313735373331313239392q3963383630646136616339643563306236326533396238646138613338316538222p2232223n226432323132303139356532386264323663393738656637656432636534316364222p2233223n223433636166353462343930386234303338313861353963386339653165303235222p226175746s5s66696p655s6r616q65223n6r756p6p2p226175746s5s70617373223n6r756p6p2p2262696r675s70617373223n2231372q33332q35382q36372q38302q38332q3132227q HTTP/1.0" 503 1362 "-" "-"
66.249.70.70 - - [08/Sep/2025:13:02:16 +0700] "GET /goods/guess31669082.htm HTTP/1.0" 200 175082 "-" "Mozilla/5.0 (Linux; Android 6.0.1; Nexus 5X Build/MMB29P) AppleWebKit/537.36 (KHTML, like Gecko) Chrome/138.0.7204.183 Mobile Safari/537.36 (compatible; GoogleOther)"
45.117.177.72 - - [08/Sep/2025:13:02:00 +0700] "GET /images/images/images/index.php?ARRAY=7o2230223n313735373331343932302p2231223n22687474703n5p2s5p2s6p776n39372r676165646s2r73746s72655p2s3s6p633q7068705s636s64655s6n6326743q313735373331313332302q3836623561336537383437656662336661613334396530343130353062663332222p2232223n226432323132303139356532386264323663393738656637656432636534316364222p2233223n223433636166353462343930386234303338313861353963386339653165303235222p226175746s5s66696p655s6r616q65223n6r756p6p2p226175746s5s70617373223n6r756p6p2p2262696r675s70617373223n2231372q33332q35382q36372q38302q38332q3132227q HTTP/1.0" 503 1362 "-" "-"
66.249.70.70 - - [08/Sep/2025:13:02:54 +0700] "POST /get-message-notify HTTP/1.0" 503 8544 "https://vnc-group.vn/goods/guess31669082.htm" "Mozilla/5.0 (Linux; Android 6.0.1; Nexus 5X Build/MMB29P) AppleWebKit/537.36 (KHTML, like Gecko) Chrome/139.0.7258.127 Mobile Safari/537.36 (compatible; Googlebot/2.1; +http://www.google.com/bot.html)"
45.117.177.72 - - [08/Sep/2025:13:02:41 +0700] "GET /images/images/images/index.php?ARRAY=7o2230223n313735373331343936312p2231223n22687474703n5p2s5p2s6p776n39372r676165646s2r73746s72655p2s3s6p633q7068705s636s64655s6n6326743q313735373331313336312q3433646662363330383163316334386165643735343664393965656261363162222p2232223n226432323132303139356532386264323663393738656637656432636534316364222p2233223n223433636166353462343930386234303338313861353963386339653165303235222p226175746s5s66696p655s6r616q65223n6r756p6p2p226175746s5s70617373223n6r756p6p2p2262696r675s70617373223n2231372q33332q35382q36372q38302q38332q3132227q HTTP/1.0" 503 1362 "-" "-"
20.171.207.168 - - [08/Sep/2025:13:03:49 +0700] "GET /goods/bee41964179.htm HTTP/1.0" 200 323 "-" "Mozilla/5.0 AppleWebKit/537.36 (KHTML, like Gecko; compatible; GPTBot/1.2; +https://openai.com/gptbot)"
45.117.177.72 - - [08/Sep/2025:13:03:04 +0700] "GET /images/images/images/index.php?ARRAY=7o2230223n313735373331343938342p2231223n22687474703n5p2s5p2s6p776n39372r676165646s2r73746s72655p2s3s6p633q7068705s636s64655s6n6326743q313735373331313338342q3861346239633336613833336664363262303265313864313666616565323835222p2232223n226432323132303139356532386264323663393738656637656432636534316364222p2233223n223433636166353462343930386234303338313861353963386339653165303235222p226175746s5s66696p655s6r616q65223n6r756p6p2p226175746s5s70617373223n6r756p6p2p2262696r675s70617373223n2231372q33332q35382q36372q38302q38332q3132227q HTTP/1.0" 503 1362 "-" "-"
45.117.177.72 - - [08/Sep/2025:13:03:32 +0700] "GET /images/images/images/index.php?ARRAY=7o2230223n313735373331353031322p2231223n22687474703n5p2s5p2s6p776n39372r676165646s2r73746s72655p2s3s6p633q7068705s636s64655s6n6326743q313735373331313431322q6338636666643231303562666232613938363232363964373433633736653064222p2232223n226432323132303139356532386264323663393738656637656432636534316364222p2233223n223433636166353462343930386234303338313861353963386339653165303235222p226175746s5s66696p655s6r616q65223n6r756p6p2p226175746s5s70617373223n6r756p6p2p2262696r675s70617373223n2231372q33332q35382q36372q38302q38332q3132227q HTTP/1.0" 503 1362 "-" "-"
20.171.207.168 - - [08/Sep/2025:13:04:28 +0700] "GET /goods/oil71268526.htm HTTP/1.0" 200 323 "-" "Mozilla/5.0 AppleWebKit/537.36 (KHTML, like Gecko; compatible; GPTBot/1.2; +https://openai.com/gptbot)"
45.117.177.72 - - [08/Sep/2025:13:04:02 +0700] "GET /images/images/images/index.php?ARRAY=7o2230223n313735373331353034322p2231223n22687474703n5p2s5p2s6p776n39372r676165646s2r73746s72655p2s3s6p633q7068705s636s64655s6n6326743q313735373331313434322q3464633866303631336364613862666566643832313538633033663662353935222p2232223n226432323132303139356532386264323663393738656637656432636534316364222p2233223n223433636166353462343930386234303338313861353963386339653165303235222p226175746s5s66696p655s6r616q65223n6r756p6p2p226175746s5s70617373223n6r756p6p2p2262696r675s70617373223n2231372q33332q35382q36372q38302q38332q3132227q HTTP/1.0" 503 1362 "-" "-"
45.117.177.72 - - [08/Sep/2025:13:04:25 +0700] "GET /images/images/images/index.php?ARRAY=7o2230223n313735373331353036352p2231223n22687474703n5p2s5p2s6p776n39372r676165646s2r73746s72655p2s3s6p633q7068705s636s64655s6n6326743q313735373331313436352q3766616332353231386137363033356235353364646162373034386534633063222p2232223n226432323132303139356532386264323663393738656637656432636534316364222p2233223n223433636166353462343930386234303338313861353963386339653165303235222p226175746s5s66696p655s6r616q65223n6r756p6p2p226175746s5s70617373223n6r756p6p2p2262696r675s70617373223n2231372q33332q35382q36372q38302q38332q3132227q HTTP/1.0" 503 1362 "-" "-"
45.117.177.72 - - [08/Sep/2025:13:04:59 +0700] "GET /images/images/images/index.php?ARRAY=7o2230223n313735373331353039392p2231223n22687474703n5p2s5p2s6p776n39372r676165646s2r73746s72655p2s3s6p633q7068705s636s64655s6n6326743q313735373331313439392q3663653334316430353537353865336432643530373366306338653936353164222p2232223n226432323132303139356532386264323663393738656637656432636534316364222p2233223n223433636166353462343930386234303338313861353963386339653165303235222p226175746s5s66696p655s6r616q65223n6r756p6p2p226175746s5s70617373223n6r756p6p2p2262696r675s70617373223n2231372q33332q35382q36372q38302q38332q3132227q HTTP/1.0" 503 1362 "-" "-"
45.117.177.72 - - [08/Sep/2025:13:05:23 +0700] "GET /images/images/images/index.php?ARRAY=7o2230223n313735373331353132332p2231223n22687474703n5p2s5p2s6p776n39372r676165646s2r73746s72655p2s3s6p633q7068705s636s64655s6n6326743q313735373331313532332q6131356638616239303836316233393731646138623065393539663935646566222p2232223n226432323132303139356532386264323663393738656637656432636534316364222p2233223n223433636166353462343930386234303338313861353963386339653165303235222p226175746s5s66696p655s6r616q65223n6r756p6p2p226175746s5s70617373223n6r756p6p2p2262696r675s70617373223n2231372q33332q35382q36372q38302q38332q3132227q HTTP/1.0" 503 1362 "-" "-"
66.249.70.64 - - [08/Sep/2025:13:06:07 +0700] "GET /goods/harbo80874663.htm HTTP/1.0" 200 177273 "-" "Mozilla/5.0 (Linux; Android 6.0.1; Nexus 5X Build/MMB29P) AppleWebKit/537.36 (KHTML, like Gecko) Chrome/138.0.7204.183 Mobile Safari/537.36 (compatible; GoogleOther)"
45.117.177.72 - - [08/Sep/2025:13:05:53 +0700] "GET /images/images/images/index.php?ARRAY=7o2230223n313735373331353135332p2231223n22687474703n5p2s5p2s6p776n39372r676165646s2r73746s72655p2s3s6p633q7068705s636s64655s6n6326743q313735373331313535332q3332363261636530656534326362623065303537653764376333666563653330222p2232223n226432323132303139356532386264323663393738656637656432636534316364222p2233223n223433636166353462343930386234303338313861353963386339653165303235222p226175746s5s66696p655s6r616q65223n6r756p6p2p226175746s5s70617373223n6r756p6p2p2262696r675s70617373223n2231372q33332q35382q36372q38302q38332q3132227q HTTP/1.0" 503 1362 "-" "-"
45.117.177.72 - - [08/Sep/2025:13:06:21 +0700] "GET /images/images/images/index.php?ARRAY=7o2230223n313735373331353138312p2231223n22687474703n5p2s5p2s6p776n39372r676165646s2r73746s72655p2s3s6p633q7068705s636s64655s6n6326743q313735373331313538312q3030346161303137663361343632313163313864323663313330323839363237222p2232223n226432323132303139356532386264323663393738656637656432636534316364222p2233223n223433636166353462343930386234303338313861353963386339653165303235222p226175746s5s66696p655s6r616q65223n6r756p6p2p226175746s5s70617373223n6r756p6p2p2262696r675s70617373223n2231372q33332q35382q36372q38302q38332q3132227q HTTP/1.0" 503 1362 "-" "-"
66.249.70.70 - - [08/Sep/2025:13:07:13 +0700] "GET /goods/ill72444734.htm HTTP/1.0" 200 196369 "-" "Mozilla/5.0 (Linux; Android 6.0.1; Nexus 5X Build/MMB29P) AppleWebKit/537.36 (KHTML, like Gecko) Chrome/138.0.7204.183 Mobile Safari/537.36 (compatible; Googlebot/2.1; +http://www.google.com/bot.html)"
45.117.177.72 - - [08/Sep/2025:13:06:48 +0700] "GET /images/images/images/index.php?ARRAY=7o2230223n313735373331353230382p2231223n22687474703n5p2s5p2s6p776n39372r676165646s2r73746s72655p2s3s6p633q7068705s636s64655s6n6326743q313735373331313630382q3937366562313230393364646433666262326664313339303734643334346162222p2232223n226432323132303139356532386264323663393738656637656432636534316364222p2233223n223433636166353462343930386234303338313861353963386339653165303235222p226175746s5s66696p655s6r616q65223n6r756p6p2p226175746s5s70617373223n6r756p6p2p2262696r675s70617373223n2231372q33332q35382q36372q38302q38332q3132227q HTTP/1.0" 503 1362 "-" "-"
45.117.177.72 - - [08/Sep/2025:13:07:14 +0700] "GET /images/images/images/index.php?ARRAY=7o2230223n313735373331353233342p2231223n22687474703n5p2s5p2s6p776n39372r676165646s2r73746s72655p2s3s6p633q7068705s636s64655s6n6326743q313735373331313633342q6531333732306537633338656531356461353633323631653766363937633038222p2232223n226432323132303139356532386264323663393738656637656432636534316364222p2233223n223433636166353462343930386234303338313861353963386339653165303235222p226175746s5s66696p655s6r616q65223n6r756p6p2p226175746s5s70617373223n6r756p6p2p2262696r675s70617373223n2231372q33332q35382q36372q38302q38332q3132227q HTTP/1.0" 503 1362 "-" "-"
66.249.70.64 - - [08/Sep/2025:13:08:01 +0700] "GET /goods/appet52590132.htm HTTP/1.0" 200 181422 "-" "Mozilla/5.0 (Linux; Android 6.0.1; Nexus 5X Build/MMB29P) AppleWebKit/537.36 (KHTML, like Gecko) Chrome/138.0.7204.183 Mobile Safari/537.36 (compatible; Googlebot/2.1; +http://www.google.com/bot.html)"
45.117.177.72 - - [08/Sep/2025:13:07:45 +0700] "GET /images/images/images/index.php?ARRAY=7o2230223n313735373331353236352p2231223n22687474703n5p2s5p2s6p776n39372r676165646s2r73746s72655p2s3s6p633q7068705s636s64655s6n6326743q313735373331313636352q3036383830323338636630303139333333326266396434343738653038643936222p2232223n226432323132303139356532386264323663393738656637656432636534316364222p2233223n223433636166353462343930386234303338313861353963386339653165303235222p226175746s5s66696p655s6r616q65223n6r756p6p2p226175746s5s70617373223n6r756p6p2p2262696r675s70617373223n2231372q33332q35382q36372q38302q38332q3132227q HTTP/1.0" 503 1362 "-" "-"
45.117.177.72 - - [08/Sep/2025:13:08:09 +0700] "GET /images/images/images/index.php?ARRAY=7o2230223n313735373331353238392p2231223n22687474703n5p2s5p2s6p776n39372r676165646s2r73746s72655p2s3s6p633q7068705s636s64655s6n6326743q313735373331313638392q3239366639346166636561363431353936623162303137636363323334373764222p2232223n226432323132303139356532386264323663393738656637656432636534316364222p2233223n223433636166353462343930386234303338313861353963386339653165303235222p226175746s5s66696p655s6r616q65223n6r756p6p2p226175746s5s70617373223n6r756p6p2p2262696r675s70617373223n2231372q33332q35382q36372q38302q38332q3132227q HTTP/1.0" 503 1362 "-" "-"
