66.249.70.70 - - [08/Sep/2025:11:42:18 +0700] "GET /goods/empow30795754.htm HTTP/1.0" 200 174321 "-" "Mozilla/5.0 (Linux; Android 6.0.1; Nexus 5X Build/MMB29P) AppleWebKit/537.36 (KHTML, like Gecko) Chrome/138.0.7204.183 Mobile Safari/537.36 (compatible; Googlebot/2.1; +http://www.google.com/bot.html)"
20.171.207.168 - - [08/Sep/2025:11:42:33 +0700] "GET /goods/incre72233254.htm HTTP/1.0" 200 323 "-" "Mozilla/5.0 AppleWebKit/537.36 (KHTML, like Gecko; compatible; GPTBot/1.2; +https://openai.com/gptbot)"
66.249.70.70 - - [08/Sep/2025:11:42:40 +0700] "GET /goods/fill42204427.htm HTTP/1.0" 200 189266 "-" "Mozilla/5.0 (Linux; Android 6.0.1; Nexus 5X Build/MMB29P) AppleWebKit/537.36 (KHTML, like Gecko) Chrome/138.0.7204.183 Mobile Safari/537.36 (compatible; Googlebot/2.1; +http://www.google.com/bot.html)"
66.249.70.70 - - [08/Sep/2025:11:42:52 +0700] "GET /goods/muddy31366738.htm HTTP/1.0" 200 179178 "-" "Mozilla/5.0 (Linux; Android 6.0.1; Nexus 5X Build/MMB29P) AppleWebKit/537.36 (KHTML, like Gecko) Chrome/138.0.7204.183 Mobile Safari/537.36 (compatible; GoogleOther)"
66.249.70.70 - - [08/Sep/2025:11:43:02 +0700] "GET /goods/blend61451349.htm HTTP/1.0" 200 178112 "-" "Mozilla/5.0 (Linux; Android 6.0.1; Nexus 5X Build/MMB29P) AppleWebKit/537.36 (KHTML, like Gecko) Chrome/138.0.7204.183 Mobile Safari/537.36 (compatible; Googlebot/2.1; +http://www.google.com/bot.html)"
66.249.70.70 - - [08/Sep/2025:11:43:15 +0700] "POST /get-message-notify HTTP/1.0" 200 174404 "https://vnc-group.vn/goods/muddy31366738.htm" "Mozilla/5.0 (Linux; Android 6.0.1; Nexus 5X Build/MMB29P) AppleWebKit/537.36 (KHTML, like Gecko) Chrome/139.0.7258.127 Mobile Safari/537.36 (compatible; Googlebot/2.1; +http://www.google.com/bot.html)"
66.249.70.70 - - [08/Sep/2025:11:43:29 +0700] "GET /goods/tenni70481422.htm HTTP/1.0" 200 174673 "-" "Mozilla/5.0 (Linux; Android 6.0.1; Nexus 5X Build/MMB29P) AppleWebKit/537.36 (KHTML, like Gecko) Chrome/138.0.7204.183 Mobile Safari/537.36 (compatible; Googlebot/2.1; +http://www.google.com/bot.html)"
20.171.207.168 - - [08/Sep/2025:11:43:39 +0700] "GET /goods/accus80082391.htm HTTP/1.0" 200 323 "-" "Mozilla/5.0 AppleWebKit/537.36 (KHTML, like Gecko; compatible; GPTBot/1.2; +https://openai.com/gptbot)"
66.249.70.71 - - [08/Sep/2025:11:43:47 +0700] "GET /goods/indir82294703.htm HTTP/1.0" 200 323 "-" "Mozilla/5.0 (Linux; Android 6.0.1; Nexus 5X Build/MMB29P) AppleWebKit/537.36 (KHTML, like Gecko) Chrome/138.0.7204.183 Mobile Safari/537.36 (compatible; GoogleOther)"
66.249.70.70 - - [08/Sep/2025:11:43:57 +0700] "GET /goods/bend22787001.htm HTTP/1.0" 200 176041 "-" "Mozilla/5.0 (Linux; Android 6.0.1; Nexus 5X Build/MMB29P) AppleWebKit/537.36 (KHTML, like Gecko) Chrome/138.0.7204.183 Mobile Safari/537.36 (compatible; Googlebot/2.1; +http://www.google.com/bot.html)"
20.171.207.168 - - [08/Sep/2025:11:44:41 +0700] "GET /goods/frict41703483.htm HTTP/1.0" 200 323 "-" "Mozilla/5.0 AppleWebKit/537.36 (KHTML, like Gecko; compatible; GPTBot/1.2; +https://openai.com/gptbot)"
66.249.70.64 - - [08/Sep/2025:11:44:53 +0700] "GET /goods/term40205003.htm HTTP/1.0" 200 174976 "-" "Mozilla/5.0 (Linux; Android 6.0.1; Nexus 5X Build/MMB29P) AppleWebKit/537.36 (KHTML, like Gecko) Chrome/138.0.7204.183 Mobile Safari/537.36 (compatible; GoogleOther)"
66.249.70.70 - - [08/Sep/2025:11:45:24 +0700] "GET /goods/piece52192044.htm HTTP/1.0" 200 175993 "-" "Mozilla/5.0 (Linux; Android 6.0.1; Nexus 5X Build/MMB29P) AppleWebKit/537.36 (KHTML, like Gecko) Chrome/138.0.7204.183 Mobile Safari/537.36 (compatible; Googlebot/2.1; +http://www.google.com/bot.html)"
20.171.207.168 - - [08/Sep/2025:11:45:28 +0700] "GET /goods/reinf41082211.htm HTTP/1.0" 200 323 "-" "Mozilla/5.0 AppleWebKit/537.36 (KHTML, like Gecko; compatible; GPTBot/1.2; +https://openai.com/gptbot)"
66.249.70.70 - - [08/Sep/2025:11:45:35 +0700] "GET /goods/lab40116883.htm HTTP/1.0" 200 179515 "-" "Mozilla/5.0 (Linux; Android 6.0.1; Nexus 5X Build/MMB29P) AppleWebKit/537.36 (KHTML, like Gecko) Chrome/138.0.7204.183 Mobile Safari/537.36 (compatible; GoogleOther)"
20.171.207.168 - - [08/Sep/2025:11:46:10 +0700] "GET /goods/begga30527010.htm HTTP/1.0" 200 323 "-" "Mozilla/5.0 AppleWebKit/537.36 (KHTML, like Gecko; compatible; GPTBot/1.2; +https://openai.com/gptbot)"
66.249.70.70 - - [08/Sep/2025:11:46:14 +0700] "GET /goods/heat70072910.htm HTTP/1.0" 200 172238 "-" "Mozilla/5.0 (Linux; Android 6.0.1; Nexus 5X Build/MMB29P) AppleWebKit/537.36 (KHTML, like Gecko) Chrome/138.0.7204.183 Mobile Safari/537.36 (compatible; GoogleOther)"
66.249.70.64 - - [08/Sep/2025:11:46:26 +0700] "POST /get-message-notify HTTP/1.0" 200 174317 "https://vnc-group.vn/goods/lab40116883.htm" "Mozilla/5.0 (Linux; Android 6.0.1; Nexus 5X Build/MMB29P) AppleWebKit/537.36 (KHTML, like Gecko) Chrome/139.0.7258.127 Mobile Safari/537.36 (compatible; Googlebot/2.1; +http://www.google.com/bot.html)"
66.249.70.71 - - [08/Sep/2025:11:46:57 +0700] "GET /goods/dynam11547512.htm HTTP/1.0" 200 172891 "-" "Mozilla/5.0 (Linux; Android 6.0.1; Nexus 5X Build/MMB29P) AppleWebKit/537.36 (KHTML, like Gecko) Chrome/138.0.7204.183 Mobile Safari/537.36 (compatible; Googlebot/2.1; +http://www.google.com/bot.html)"
20.171.207.168 - - [08/Sep/2025:11:47:01 +0700] "GET /goods/rabbi21308057.htm HTTP/1.0" 200 323 "-" "Mozilla/5.0 AppleWebKit/537.36 (KHTML, like Gecko; compatible; GPTBot/1.2; +https://openai.com/gptbot)"
66.249.70.70 - - [08/Sep/2025:11:47:02 +0700] "GET /goods/anywh52376716.htm HTTP/1.0" 200 176210 "-" "Mozilla/5.0 (Linux; Android 6.0.1; Nexus 5X Build/MMB29P) AppleWebKit/537.36 (KHTML, like Gecko) Chrome/138.0.7204.183 Mobile Safari/537.36 (compatible; GoogleOther)"
66.249.70.64 - - [08/Sep/2025:11:47:29 +0700] "GET /goods/child50741332.htm HTTP/1.0" 200 181148 "-" "Mozilla/5.0 (Linux; Android 6.0.1; Nexus 5X Build/MMB29P) AppleWebKit/537.36 (KHTML, like Gecko) Chrome/138.0.7204.183 Mobile Safari/537.36 (compatible; Googlebot/2.1; +http://www.google.com/bot.html)"
66.249.70.71 - - [08/Sep/2025:11:47:39 +0700] "POST /get-message-notify HTTP/1.0" 200 174682 "https://vnc-group.vn/goods/child50741332.htm" "Mozilla/5.0 (Linux; Android 6.0.1; Nexus 5X Build/MMB29P) AppleWebKit/537.36 (KHTML, like Gecko) Chrome/139.0.7258.127 Mobile Safari/537.36 (compatible; Googlebot/2.1; +http://www.google.com/bot.html)"
66.249.70.70 - - [08/Sep/2025:11:47:49 +0700] "GET /goods/soldi30549298.htm HTTP/1.0" 200 183628 "-" "Mozilla/5.0 (Linux; Android 6.0.1; Nexus 5X Build/MMB29P) AppleWebKit/537.36 (KHTML, like Gecko) Chrome/138.0.7204.183 Mobile Safari/537.36 (compatible; GoogleOther)"
20.171.207.168 - - [08/Sep/2025:11:47:57 +0700] "GET /goods/whoev62327685.htm HTTP/1.0" 200 323 "-" "Mozilla/5.0 AppleWebKit/537.36 (KHTML, like Gecko; compatible; GPTBot/1.2; +https://openai.com/gptbot)"
20.171.207.168 - - [08/Sep/2025:11:48:41 +0700] "GET /goods/becom50645724.htm HTTP/1.0" 200 323 "-" "Mozilla/5.0 AppleWebKit/537.36 (KHTML, like Gecko; compatible; GPTBot/1.2; +https://openai.com/gptbot)"
4.230.38.10 - - [08/Sep/2025:11:48:50 +0700] "GET /wp-content/plugins/hellopress/wp_filemanager.php HTTP/1.0" 200 323 "-" "-"
4.230.38.10 - - [08/Sep/2025:11:48:50 +0700] "GET /file.php?fm=true HTTP/1.0" 403 1229 "-" "-"
4.230.38.10 - - [08/Sep/2025:11:48:50 +0700] "GET /wp-admin/css/colors/blue/about.php HTTP/1.0" 200 323 "-" "-"
4.230.38.10 - - [08/Sep/2025:11:48:50 +0700] "GET /wp-admin/css/colors/blue/atomlib.php HTTP/1.0" 200 323 "-" "-"
4.230.38.10 - - [08/Sep/2025:11:48:51 +0700] "GET /f35.php HTTP/1.0" 403 1229 "-" "-"
4.230.38.10 - - [08/Sep/2025:11:48:51 +0700] "GET /config.php HTTP/1.0" 403 1229 "-" "-"
4.230.38.10 - - [08/Sep/2025:11:48:51 +0700] "GET /.well-known/content.php HTTP/1.0" 200 323 "-" "-"
4.230.38.10 - - [08/Sep/2025:11:48:51 +0700] "GET /phpshelldownload.com/index.php HTTP/1.0" 200 323 "-" "-"
4.230.38.10 - - [08/Sep/2025:11:48:51 +0700] "GET /mah.php HTTP/1.0" 403 1229 "-" "-"
4.230.38.10 - - [08/Sep/2025:11:48:51 +0700] "GET /wp-includes/Text/Diff/Renderer/about.php HTTP/1.0" 200 323 "-" "-"
4.230.38.10 - - [08/Sep/2025:11:48:51 +0700] "GET /wp-content/uploads/wp-conflg.php HTTP/1.0" 200 323 "-" "-"
4.230.38.10 - - [08/Sep/2025:11:48:52 +0700] "GET /cong.php HTTP/1.0" 403 2641 "-" "-"
4.230.38.10 - - [08/Sep/2025:11:48:52 +0700] "GET /wp-admin/function.php HTTP/1.0" 200 323 "-" "-"
4.230.38.10 - - [08/Sep/2025:11:48:52 +0700] "GET /content.php HTTP/1.0" 403 1229 "-" "-"
4.230.38.10 - - [08/Sep/2025:11:48:52 +0700] "GET /wp-includes/pomo/pomo.php HTTP/1.0" 200 323 "-" "-"
4.230.38.10 - - [08/Sep/2025:11:48:52 +0700] "GET /wp.php HTTP/1.0" 403 1229 "-" "-"
4.230.38.10 - - [08/Sep/2025:11:48:52 +0700] "GET /wp-includes/Text/Diff/alfa-rex.php HTTP/1.0" 200 323 "-" "-"
4.230.38.10 - - [08/Sep/2025:11:48:52 +0700] "GET /doc.php HTTP/1.0" 403 1229 "-" "-"
4.230.38.10 - - [08/Sep/2025:11:48:53 +0700] "GET /ALFA_DATA/index.php HTTP/1.0" 200 323 "-" "-"
4.230.38.10 - - [08/Sep/2025:11:48:53 +0700] "GET /wp/pomo/pomo.php HTTP/1.0" 200 323 "-" "-"
4.230.38.10 - - [08/Sep/2025:11:48:53 +0700] "GET /chosen.php HTTP/1.0" 403 1229 "-" "-"
4.230.38.10 - - [08/Sep/2025:11:48:53 +0700] "GET /index.php HTTP/1.0" 200 323 "-" "-"
4.230.38.10 - - [08/Sep/2025:11:48:53 +0700] "GET /wp-content/content.php HTTP/1.0" 200 323 "-" "-"
4.230.38.10 - - [08/Sep/2025:11:48:53 +0700] "GET /wp-includes/css/wp-conflg.php HTTP/1.0" 200 323 "-" "-"
4.230.38.10 - - [08/Sep/2025:11:48:54 +0700] "GET /uploads/bigdump.php HTTP/1.0" 200 323 "-" "-"
4.230.38.10 - - [08/Sep/2025:11:48:54 +0700] "GET /wp-admin/autoload_classmap.php HTTP/1.0" 200 323 "-" "-"
4.230.38.10 - - [08/Sep/2025:11:48:54 +0700] "GET /file.php HTTP/1.0" 403 1229 "-" "-"
4.230.38.10 - - [08/Sep/2025:11:48:54 +0700] "GET /wp-includes/fonts/index.php HTTP/1.0" 200 323 "-" "-"
4.230.38.10 - - [08/Sep/2025:11:48:54 +0700] "GET /makeasmtp.php HTTP/1.0" 403 1229 "-" "-"
4.230.38.10 - - [08/Sep/2025:11:48:54 +0700] "GET /egaiska.ru/doc.php HTTP/1.0" 200 323 "-" "-"
4.230.38.10 - - [08/Sep/2025:11:48:54 +0700] "GET /wp-admin/admin-post.php HTTP/1.0" 200 323 "-" "-"
66.249.70.71 - - [08/Sep/2025:11:48:58 +0700] "GET /goods/laund21510345.htm HTTP/1.0" 200 173124 "-" "Mozilla/5.0 (Linux; Android 6.0.1; Nexus 5X Build/MMB29P) AppleWebKit/537.36 (KHTML, like Gecko) Chrome/138.0.7204.183 Mobile Safari/537.36 (compatible; Googlebot/2.1; +http://www.google.com/bot.html)"
66.249.70.70 - - [08/Sep/2025:11:49:14 +0700] "GET /goods/code22362041.htm HTTP/1.0" 200 176497 "-" "Mozilla/5.0 (Linux; Android 6.0.1; Nexus 5X Build/MMB29P) AppleWebKit/537.36 (KHTML, like Gecko) Chrome/138.0.7204.183 Mobile Safari/537.36 (compatible; GoogleOther)"
66.249.70.70 - - [08/Sep/2025:11:49:23 +0700] "GET /goods/army30308634.htm HTTP/1.0" 200 181144 "-" "Mozilla/5.0 (Linux; Android 6.0.1; Nexus 5X Build/MMB29P) AppleWebKit/537.36 (KHTML, like Gecko) Chrome/138.0.7204.183 Mobile Safari/537.36 (compatible; Googlebot/2.1; +http://www.google.com/bot.html)"
20.171.207.168 - - [08/Sep/2025:11:49:37 +0700] "GET /goods/route31029442.htm HTTP/1.0" 200 323 "-" "Mozilla/5.0 AppleWebKit/537.36 (KHTML, like Gecko; compatible; GPTBot/1.2; +https://openai.com/gptbot)"
66.249.70.70 - - [08/Sep/2025:11:49:56 +0700] "GET /goods/year21073241.htm HTTP/1.0" 200 178378 "-" "Mozilla/5.0 (Linux; Android 6.0.1; Nexus 5X Build/MMB29P) AppleWebKit/537.36 (KHTML, like Gecko) Chrome/138.0.7204.183 Mobile Safari/537.36 (compatible; GoogleOther)"
66.249.70.70 - - [08/Sep/2025:11:50:32 +0700] "GET /goods/impol12517792.htm HTTP/1.0" 200 184383 "-" "Mozilla/5.0 (Linux; Android 6.0.1; Nexus 5X Build/MMB29P) AppleWebKit/537.36 (KHTML, like Gecko) Chrome/138.0.7204.183 Mobile Safari/537.36 (compatible; GoogleOther)"
66.249.70.70 - - [08/Sep/2025:11:50:42 +0700] "GET /goods/tone31390658.htm HTTP/1.0" 200 178201 "-" "Mozilla/5.0 (Linux; Android 6.0.1; Nexus 5X Build/MMB29P) AppleWebKit/537.36 (KHTML, like Gecko) Chrome/138.0.7204.183 Mobile Safari/537.36 (compatible; Googlebot/2.1; +http://www.google.com/bot.html)"
20.171.207.168 - - [08/Sep/2025:11:51:02 +0700] "GET /goods/mista62413581.htm HTTP/1.0" 200 323 "-" "Mozilla/5.0 AppleWebKit/537.36 (KHTML, like Gecko; compatible; GPTBot/1.2; +https://openai.com/gptbot)"
66.249.70.70 - - [08/Sep/2025:11:51:42 +0700] "GET /goods/uncon61407029.htm HTTP/1.0" 200 180357 "-" "Mozilla/5.0 (Linux; Android 6.0.1; Nexus 5X Build/MMB29P) AppleWebKit/537.36 (KHTML, like Gecko) Chrome/138.0.7204.183 Mobile Safari/537.36 (compatible; Googlebot/2.1; +http://www.google.com/bot.html)"
66.249.70.71 - - [08/Sep/2025:11:52:13 +0700] "GET /goods/curri21239745.htm HTTP/1.0" 200 173935 "-" "Mozilla/5.0 (Linux; Android 6.0.1; Nexus 5X Build/MMB29P) AppleWebKit/537.36 (KHTML, like Gecko) Chrome/138.0.7204.183 Mobile Safari/537.36 (compatible; GoogleOther)"
20.171.207.168 - - [08/Sep/2025:11:52:47 +0700] "GET /goods/turke51429620.htm HTTP/1.0" 200 323 "-" "Mozilla/5.0 AppleWebKit/537.36 (KHTML, like Gecko; compatible; GPTBot/1.2; +https://openai.com/gptbot)"
66.249.70.70 - - [08/Sep/2025:11:52:47 +0700] "GET /goods/imper10566192.htm HTTP/1.0" 200 175911 "-" "Mozilla/5.0 (Linux; Android 6.0.1; Nexus 5X Build/MMB29P) AppleWebKit/537.36 (KHTML, like Gecko) Chrome/138.0.7204.183 Mobile Safari/537.36 (compatible; Googlebot/2.1; +http://www.google.com/bot.html)"
66.249.70.70 - - [08/Sep/2025:11:53:06 +0700] "POST /get-message-notify HTTP/1.0" 200 174146 "https://vnc-group.vn/goods/imper10566192.htm" "Mozilla/5.0 (Linux; Android 6.0.1; Nexus 5X Build/MMB29P) AppleWebKit/537.36 (KHTML, like Gecko) Chrome/139.0.7258.127 Mobile Safari/537.36 (compatible; Googlebot/2.1; +http://www.google.com/bot.html)"
66.249.70.70 - - [08/Sep/2025:11:53:11 +0700] "GET /goods/gird12143840.htm HTTP/1.0" 200 172812 "-" "Mozilla/5.0 (Linux; Android 6.0.1; Nexus 5X Build/MMB29P) AppleWebKit/537.36 (KHTML, like Gecko) Chrome/138.0.7204.183 Mobile Safari/537.36 (compatible; Googlebot/2.1; +http://www.google.com/bot.html)"
66.249.70.70 - - [08/Sep/2025:11:53:44 +0700] "GET /goods/brook50694508.htm HTTP/1.0" 200 187742 "-" "Mozilla/5.0 (Linux; Android 6.0.1; Nexus 5X Build/MMB29P) AppleWebKit/537.36 (KHTML, like Gecko) Chrome/138.0.7204.183 Mobile Safari/537.36 (compatible; GoogleOther)"
66.249.70.71 - - [08/Sep/2025:11:54:02 +0700] "POST /get-message-notify HTTP/1.0" 200 174308 "https://vnc-group.vn/goods/lab40116883.htm" "Mozilla/5.0 (Linux; Android 6.0.1; Nexus 5X Build/MMB29P) AppleWebKit/537.36 (KHTML, like Gecko) Chrome/139.0.7258.127 Mobile Safari/537.36 (compatible; Googlebot/2.1; +http://www.google.com/bot.html)"
66.249.70.70 - - [08/Sep/2025:11:54:06 +0700] "GET /goods/newsp71000486.htm HTTP/1.0" 200 176211 "-" "Mozilla/5.0 (Linux; Android 6.0.1; Nexus 5X Build/MMB29P) AppleWebKit/537.36 (KHTML, like Gecko) Chrome/138.0.7204.183 Mobile Safari/537.36 (compatible; Googlebot/2.1; +http://www.google.com/bot.html)"
20.171.207.168 - - [08/Sep/2025:11:54:14 +0700] "GET /goods/civil71625926.htm HTTP/1.0" 200 323 "-" "Mozilla/5.0 AppleWebKit/537.36 (KHTML, like Gecko; compatible; GPTBot/1.2; +https://openai.com/gptbot)"
66.249.70.70 - - [08/Sep/2025:11:54:26 +0700] "GET /goods/exam32181562.htm HTTP/1.0" 200 183144 "-" "Mozilla/5.0 (Linux; Android 6.0.1; Nexus 5X Build/MMB29P) AppleWebKit/537.36 (KHTML, like Gecko) Chrome/138.0.7204.183 Mobile Safari/537.36 (compatible; GoogleOther)"
66.249.70.70 - - [08/Sep/2025:11:55:21 +0700] "GET /goods/diffe12024904.htm HTTP/1.0" 200 175753 "-" "Mozilla/5.0 (Linux; Android 6.0.1; Nexus 5X Build/MMB29P) AppleWebKit/537.36 (KHTML, like Gecko) Chrome/138.0.7204.183 Mobile Safari/537.36 (compatible; GoogleOther)"
66.249.70.70 - - [08/Sep/2025:11:55:26 +0700] "GET /goods/direc70504046.htm HTTP/1.0" 200 181556 "-" "Mozilla/5.0 (Linux; Android 6.0.1; Nexus 5X Build/MMB29P) AppleWebKit/537.36 (KHTML, like Gecko) Chrome/138.0.7204.183 Mobile Safari/537.36 (compatible; Googlebot/2.1; +http://www.google.com/bot.html)"
66.249.70.70 - - [08/Sep/2025:11:55:39 +0700] "POST /get-message-notify HTTP/1.0" 200 174416 "https://vnc-group.vn/goods/diffe12024904.htm" "Mozilla/5.0 (Linux; Android 6.0.1; Nexus 5X Build/MMB29P) AppleWebKit/537.36 (KHTML, like Gecko) Chrome/139.0.7258.127 Mobile Safari/537.36 (compatible; Googlebot/2.1; +http://www.google.com/bot.html)"
66.249.70.70 - - [08/Sep/2025:11:55:50 +0700] "POST /get-message-notify HTTP/1.0" 200 174489 "https://vnc-group.vn/goods/direc70504046.htm" "Mozilla/5.0 (Linux; Android 6.0.1; Nexus 5X Build/MMB29P) AppleWebKit/537.36 (KHTML, like Gecko) Chrome/139.0.7258.127 Mobile Safari/537.36 (compatible; Googlebot/2.1; +http://www.google.com/bot.html)"
20.171.207.168 - - [08/Sep/2025:11:55:57 +0700] "GET /goods/overf60890269.htm HTTP/1.0" 200 323 "-" "Mozilla/5.0 AppleWebKit/537.36 (KHTML, like Gecko; compatible; GPTBot/1.2; +https://openai.com/gptbot)"
66.249.70.70 - - [08/Sep/2025:11:56:02 +0700] "GET /goods/cone10587952.htm HTTP/1.0" 200 323 "-" "Mozilla/5.0 (Linux; Android 6.0.1; Nexus 5X Build/MMB29P) AppleWebKit/537.36 (KHTML, like Gecko) Chrome/138.0.7204.183 Mobile Safari/537.36 (compatible; Googlebot/2.1; +http://www.google.com/bot.html)"
66.249.70.70 - - [08/Sep/2025:11:56:07 +0700] "GET /goods/diges40242811.htm HTTP/1.0" 200 173979 "-" "Mozilla/5.0 (Linux; Android 6.0.1; Nexus 5X Build/MMB29P) AppleWebKit/537.36 (KHTML, like Gecko) Chrome/138.0.7204.183 Mobile Safari/537.36 (compatible; Googlebot/2.1; +http://www.google.com/bot.html)"
66.249.70.70 - - [08/Sep/2025:11:56:21 +0700] "GET /goods/king52060316.htm HTTP/1.0" 200 174632 "-" "Mozilla/5.0 (Linux; Android 6.0.1; Nexus 5X Build/MMB29P) AppleWebKit/537.36 (KHTML, like Gecko) Chrome/138.0.7204.183 Mobile Safari/537.36 (compatible; GoogleOther)"
66.249.70.64 - - [08/Sep/2025:11:56:46 +0700] "GET /goods/stop20961177.htm HTTP/1.0" 200 200040 "-" "Mozilla/5.0 (Linux; Android 6.0.1; Nexus 5X Build/MMB29P) AppleWebKit/537.36 (KHTML, like Gecko) Chrome/138.0.7204.183 Mobile Safari/537.36 (compatible; Googlebot/2.1; +http://www.google.com/bot.html)"
66.249.70.71 - - [08/Sep/2025:11:56:51 +0700] "GET /goods/everl40870419.htm HTTP/1.0" 200 173468 "-" "Mozilla/5.0 (Linux; Android 6.0.1; Nexus 5X Build/MMB29P) AppleWebKit/537.36 (KHTML, like Gecko) Chrome/138.0.7204.183 Mobile Safari/537.36 (compatible; Googlebot/2.1; +http://www.google.com/bot.html)"
66.249.70.70 - - [08/Sep/2025:11:57:21 +0700] "GET /goods/conte61473837.htm HTTP/1.0" 200 177201 "-" "Mozilla/5.0 (Linux; Android 6.0.1; Nexus 5X Build/MMB29P) AppleWebKit/537.36 (KHTML, like Gecko) Chrome/138.0.7204.183 Mobile Safari/537.36 (compatible; Googlebot/2.1; +http://www.google.com/bot.html)"
20.171.207.168 - - [08/Sep/2025:11:57:27 +0700] "GET /goods/she71160950.htm HTTP/1.0" 200 323 "-" "Mozilla/5.0 AppleWebKit/537.36 (KHTML, like Gecko; compatible; GPTBot/1.2; +https://openai.com/gptbot)"
66.249.70.70 - - [08/Sep/2025:11:57:31 +0700] "GET /goods/ventu31434714.htm HTTP/1.0" 200 178088 "-" "Mozilla/5.0 (Linux; Android 6.0.1; Nexus 5X Build/MMB29P) AppleWebKit/537.36 (KHTML, like Gecko) Chrome/138.0.7204.183 Mobile Safari/537.36 (compatible; Googlebot/2.1; +http://www.google.com/bot.html)"
66.249.70.70 - - [08/Sep/2025:11:57:38 +0700] "GET /goods/cuse22351921.htm HTTP/1.0" 200 182854 "-" "Mozilla/5.0 (Linux; Android 6.0.1; Nexus 5X Build/MMB29P) AppleWebKit/537.36 (KHTML, like Gecko) Chrome/138.0.7204.183 Mobile Safari/537.36 (compatible; GoogleOther)"
66.249.70.70 - - [08/Sep/2025:11:58:02 +0700] "GET /goods/gallo42295355.htm HTTP/1.0" 200 174375 "-" "Mozilla/5.0 (Linux; Android 6.0.1; Nexus 5X Build/MMB29P) AppleWebKit/537.36 (KHTML, like Gecko) Chrome/138.0.7204.183 Mobile Safari/537.36 (compatible; Googlebot/2.1; +http://www.google.com/bot.html)"
66.249.70.70 - - [08/Sep/2025:11:59:00 +0700] "GET /goods/sheet61303565.htm HTTP/1.0" 200 175987 "-" "Mozilla/5.0 (Linux; Android 6.0.1; Nexus 5X Build/MMB29P) AppleWebKit/537.36 (KHTML, like Gecko) Chrome/138.0.7204.183 Mobile Safari/537.36 (compatible; GoogleOther)"
20.171.207.168 - - [08/Sep/2025:11:59:06 +0700] "GET /goods/oak71185710.htm HTTP/1.0" 200 323 "-" "Mozilla/5.0 AppleWebKit/537.36 (KHTML, like Gecko; compatible; GPTBot/1.2; +https://openai.com/gptbot)"
66.249.70.70 - - [08/Sep/2025:11:59:16 +0700] "GET /goods/barre11826776.htm HTTP/1.0" 200 175203 "-" "Mozilla/5.0 (Linux; Android 6.0.1; Nexus 5X Build/MMB29P) AppleWebKit/537.36 (KHTML, like Gecko) Chrome/138.0.7204.183 Mobile Safari/537.36 (compatible; Googlebot/2.1; +http://www.google.com/bot.html)"
66.249.70.70 - - [08/Sep/2025:11:59:24 +0700] "POST /get-message-notify HTTP/1.0" 200 174477 "https://vnc-group.vn/goods/barre11826776.htm" "Mozilla/5.0 (Linux; Android 6.0.1; Nexus 5X Build/MMB29P) AppleWebKit/537.36 (KHTML, like Gecko) Chrome/139.0.7258.127 Mobile Safari/537.36 (compatible; Googlebot/2.1; +http://www.google.com/bot.html)"
66.249.70.70 - - [08/Sep/2025:12:00:10 +0700] "GET /goods/brick32334866.htm HTTP/1.0" 200 177677 "-" "Mozilla/5.0 (Linux; Android 6.0.1; Nexus 5X Build/MMB29P) AppleWebKit/537.36 (KHTML, like Gecko) Chrome/138.0.7204.183 Mobile Safari/537.36 (compatible; Googlebot/2.1; +http://www.google.com/bot.html)"
66.249.70.70 - - [08/Sep/2025:12:00:17 +0700] "GET /goods/presc61210125.htm HTTP/1.0" 200 177609 "-" "Mozilla/5.0 (Linux; Android 6.0.1; Nexus 5X Build/MMB29P) AppleWebKit/537.36 (KHTML, like Gecko) Chrome/138.0.7204.183 Mobile Safari/537.36 (compatible; GoogleOther)"
66.249.70.64 - - [08/Sep/2025:12:00:41 +0700] "GET /goods/bored21805577.htm HTTP/1.0" 200 177922 "-" "Mozilla/5.0 (Linux; Android 6.0.1; Nexus 5X Build/MMB29P) AppleWebKit/537.36 (KHTML, like Gecko) Chrome/138.0.7204.183 Mobile Safari/537.36 (compatible; Googlebot/2.1; +http://www.google.com/bot.html)"
66.249.70.70 - - [08/Sep/2025:12:00:52 +0700] "POST /get-message-notify HTTP/1.0" 200 174389 "https://vnc-group.vn/goods/bored21805577.htm" "Mozilla/5.0 (Linux; Android 6.0.1; Nexus 5X Build/MMB29P) AppleWebKit/537.36 (KHTML, like Gecko) Chrome/139.0.7258.127 Mobile Safari/537.36 (compatible; Googlebot/2.1; +http://www.google.com/bot.html)"
20.171.207.168 - - [08/Sep/2025:12:00:56 +0700] "GET /goods/oak72625710.htm HTTP/1.0" 200 323 "-" "Mozilla/5.0 AppleWebKit/537.36 (KHTML, like Gecko; compatible; GPTBot/1.2; +https://openai.com/gptbot)"
66.249.70.70 - - [08/Sep/2025:12:00:58 +0700] "GET /goods/howev41464379.htm HTTP/1.0" 200 172354 "-" "Mozilla/5.0 (Linux; Android 6.0.1; Nexus 5X Build/MMB29P) AppleWebKit/537.36 (KHTML, like Gecko) Chrome/138.0.7204.183 Mobile Safari/537.36 (compatible; GoogleOther)"
66.249.70.64 - - [08/Sep/2025:12:01:36 +0700] "GET /goods/tempe42657251.htm HTTP/1.0" 200 175213 "-" "Mozilla/5.0 (Linux; Android 6.0.1; Nexus 5X Build/MMB29P) AppleWebKit/537.36 (KHTML, like Gecko) Chrome/138.0.7204.183 Mobile Safari/537.36 (compatible; GoogleOther)"
66.249.70.70 - - [08/Sep/2025:12:02:10 +0700] "GET /goods/whom82256335.htm HTTP/1.0" 200 175017 "-" "Mozilla/5.0 (Linux; Android 6.0.1; Nexus 5X Build/MMB29P) AppleWebKit/537.36 (KHTML, like Gecko) Chrome/138.0.7204.183 Mobile Safari/537.36 (compatible; GoogleOther)"
20.171.207.168 - - [08/Sep/2025:12:02:21 +0700] "GET /goods/guy80643663.htm HTTP/1.0" 200 323 "-" "Mozilla/5.0 AppleWebKit/537.36 (KHTML, like Gecko; compatible; GPTBot/1.2; +https://openai.com/gptbot)"
66.249.70.71 - - [08/Sep/2025:12:02:29 +0700] "GET /goods/fry71993718.htm HTTP/1.0" 200 177778 "-" "Mozilla/5.0 (Linux; Android 6.0.1; Nexus 5X Build/MMB29P) AppleWebKit/537.36 (KHTML, like Gecko) Chrome/138.0.7204.183 Mobile Safari/537.36 (compatible; Googlebot/2.1; +http://www.google.com/bot.html)"
66.249.70.71 - - [08/Sep/2025:12:02:49 +0700] "GET /goods/ally10179760.htm HTTP/1.0" 200 173069 "-" "Mozilla/5.0 (Linux; Android 6.0.1; Nexus 5X Build/MMB29P) AppleWebKit/537.36 (KHTML, like Gecko) Chrome/138.0.7204.183 Mobile Safari/537.36 (compatible; GoogleOther)"
66.249.70.70 - - [08/Sep/2025:12:03:09 +0700] "GET /goods/cordi52435572.htm HTTP/1.0" 200 174938 "-" "Mozilla/5.0 (Linux; Android 6.0.1; Nexus 5X Build/MMB29P) AppleWebKit/537.36 (KHTML, like Gecko) Chrome/138.0.7204.183 Mobile Safari/537.36 (compatible; Googlebot/2.1; +http://www.google.com/bot.html)"
66.249.70.70 - - [08/Sep/2025:12:03:24 +0700] "POST /get-message-notify HTTP/1.0" 200 174351 "https://vnc-group.vn/goods/cordi52435572.htm" "Mozilla/5.0 (Linux; Android 6.0.1; Nexus 5X Build/MMB29P) AppleWebKit/537.36 (KHTML, like Gecko) Chrome/139.0.7258.127 Mobile Safari/537.36 (compatible; Googlebot/2.1; +http://www.google.com/bot.html)"
66.249.70.70 - - [08/Sep/2025:12:03:43 +0700] "GET /goods/suck51850572.htm HTTP/1.0" 200 183072 "-" "Mozilla/5.0 (Linux; Android 6.0.1; Nexus 5X Build/MMB29P) AppleWebKit/537.36 (KHTML, like Gecko) Chrome/138.0.7204.183 Mobile Safari/537.36 (compatible; GoogleOther)"
20.171.207.168 - - [08/Sep/2025:12:03:50 +0700] "GET /goods/but20148481.htm HTTP/1.0" 200 323 "-" "Mozilla/5.0 AppleWebKit/537.36 (KHTML, like Gecko; compatible; GPTBot/1.2; +https://openai.com/gptbot)"
66.249.70.70 - - [08/Sep/2025:12:03:55 +0700] "POST /get-message-notify HTTP/1.0" 200 174716 "https://vnc-group.vn/goods/suck51850572.htm" "Mozilla/5.0 (Linux; Android 6.0.1; Nexus 5X Build/MMB29P) AppleWebKit/537.36 (KHTML, like Gecko) Chrome/139.0.7258.127 Mobile Safari/537.36 (compatible; Googlebot/2.1; +http://www.google.com/bot.html)"
66.249.70.70 - - [08/Sep/2025:12:04:31 +0700] "GET /goods/clasp60106565.htm HTTP/1.0" 200 175413 "-" "Mozilla/5.0 (Linux; Android 6.0.1; Nexus 5X Build/MMB29P) AppleWebKit/537.36 (KHTML, like Gecko) Chrome/138.0.7204.183 Mobile Safari/537.36 (compatible; Googlebot/2.1; +http://www.google.com/bot.html)"
66.249.70.71 - - [08/Sep/2025:12:04:36 +0700] "GET /goods/bus71408430.htm HTTP/1.0" 200 177098 "-" "Mozilla/5.0 (Linux; Android 6.0.1; Nexus 5X Build/MMB29P) AppleWebKit/537.36 (KHTML, like Gecko) Chrome/138.0.7204.183 Mobile Safari/537.36 (compatible; Googlebot/2.1; +http://www.google.com/bot.html)"
66.249.70.70 - - [08/Sep/2025:12:04:41 +0700] "GET /goods/roman41335139.htm HTTP/1.0" 200 176221 "-" "Mozilla/5.0 (Linux; Android 6.0.1; Nexus 5X Build/MMB29P) AppleWebKit/537.36 (KHTML, like Gecko) Chrome/138.0.7204.183 Mobile Safari/537.36 (compatible; Googlebot/2.1; +http://www.google.com/bot.html)"
66.249.70.70 - - [08/Sep/2025:12:04:47 +0700] "POST /get-message-notify HTTP/1.0" 200 174355 "https://vnc-group.vn/goods/bus71408430.htm" "Mozilla/5.0 (Linux; Android 6.0.1; Nexus 5X Build/MMB29P) AppleWebKit/537.36 (KHTML, like Gecko) Chrome/139.0.7258.127 Mobile Safari/537.36 (compatible; Googlebot/2.1; +http://www.google.com/bot.html)"
66.249.70.70 - - [08/Sep/2025:12:04:59 +0700] "GET /goods/on80493071.htm HTTP/1.0" 200 174284 "-" "Mozilla/5.0 (Linux; Android 6.0.1; Nexus 5X Build/MMB29P) AppleWebKit/537.36 (KHTML, like Gecko) Chrome/138.0.7204.183 Mobile Safari/537.36 (compatible; GoogleOther)"
20.171.207.168 - - [08/Sep/2025:12:05:24 +0700] "GET /goods/his80728319.htm HTTP/1.0" 200 323 "-" "Mozilla/5.0 AppleWebKit/537.36 (KHTML, like Gecko; compatible; GPTBot/1.2; +https://openai.com/gptbot)"
66.249.70.64 - - [08/Sep/2025:12:05:40 +0700] "GET /goods/know22037769.htm HTTP/1.0" 200 175445 "-" "Mozilla/5.0 (Linux; Android 6.0.1; Nexus 5X Build/MMB29P) AppleWebKit/537.36 (KHTML, like Gecko) Chrome/138.0.7204.183 Mobile Safari/537.36 (compatible; GoogleOther)"
66.249.70.71 - - [08/Sep/2025:12:06:00 +0700] "GET /goods/thing42440891.htm HTTP/1.0" 200 173145 "-" "Mozilla/5.0 (Linux; Android 6.0.1; Nexus 5X Build/MMB29P) AppleWebKit/537.36 (KHTML, like Gecko) Chrome/138.0.7204.183 Mobile Safari/537.36 (compatible; Googlebot/2.1; +http://www.google.com/bot.html)"
66.249.70.70 - - [08/Sep/2025:12:06:05 +0700] "POST /get-message-notify HTTP/1.0" 200 174741 "https://vnc-group.vn/goods/know22037769.htm" "Mozilla/5.0 (Linux; Android 6.0.1; Nexus 5X Build/MMB29P) AppleWebKit/537.36 (KHTML, like Gecko) Chrome/139.0.7258.127 Mobile Safari/537.36 (compatible; Googlebot/2.1; +http://www.google.com/bot.html)"
66.249.70.70 - - [08/Sep/2025:12:06:19 +0700] "GET /goods/hello20897721.htm HTTP/1.0" 200 173325 "-" "Mozilla/5.0 (Linux; Android 6.0.1; Nexus 5X Build/MMB29P) AppleWebKit/537.36 (KHTML, like Gecko) Chrome/138.0.7204.183 Mobile Safari/537.36 (compatible; GoogleOther)"
20.171.207.168 - - [08/Sep/2025:12:06:36 +0700] "GET /goods/kit80455935.htm HTTP/1.0" 200 323 "-" "Mozilla/5.0 AppleWebKit/537.36 (KHTML, like Gecko; compatible; GPTBot/1.2; +https://openai.com/gptbot)"
66.249.70.70 - - [08/Sep/2025:12:06:59 +0700] "GET /goods/serie61903301.htm HTTP/1.0" 200 176985 "-" "Mozilla/5.0 (Linux; Android 6.0.1; Nexus 5X Build/MMB29P) AppleWebKit/537.36 (KHTML, like Gecko) Chrome/138.0.7204.183 Mobile Safari/537.36 (compatible; GoogleOther)"
66.249.70.70 - - [08/Sep/2025:12:07:09 +0700] "GET /goods/singu70185750.htm HTTP/1.0" 200 171942 "-" "Mozilla/5.0 (Linux; Android 6.0.1; Nexus 5X Build/MMB29P) AppleWebKit/537.36 (KHTML, like Gecko) Chrome/138.0.7204.183 Mobile Safari/537.36 (compatible; Googlebot/2.1; +http://www.google.com/bot.html)"
66.249.70.70 - - [08/Sep/2025:12:07:14 +0700] "GET /goods/natio12084968.htm HTTP/1.0" 200 176143 "-" "Mozilla/5.0 (Linux; Android 6.0.1; Nexus 5X Build/MMB29P) AppleWebKit/537.36 (KHTML, like Gecko) Chrome/138.0.7204.183 Mobile Safari/537.36 (compatible; Googlebot/2.1; +http://www.google.com/bot.html)"
66.249.70.64 - - [08/Sep/2025:12:07:37 +0700] "GET /goods/trous42417243.htm HTTP/1.0" 200 173218 "-" "Mozilla/5.0 (Linux; Android 6.0.1; Nexus 5X Build/MMB29P) AppleWebKit/537.36 (KHTML, like Gecko) Chrome/138.0.7204.183 Mobile Safari/537.36 (compatible; GoogleOther)"
20.171.207.168 - - [08/Sep/2025:12:07:52 +0700] "GET /goods/rat82992047.htm HTTP/1.0" 200 323 "-" "Mozilla/5.0 AppleWebKit/537.36 (KHTML, like Gecko; compatible; GPTBot/1.2; +https://openai.com/gptbot)"
66.249.70.71 - - [08/Sep/2025:12:07:55 +0700] "POST /get-message-notify HTTP/1.0" 200 173949 "https://vnc-group.vn/goods/trous42417243.htm" "Mozilla/5.0 (Linux; Android 6.0.1; Nexus 5X Build/MMB29P) AppleWebKit/537.36 (KHTML, like Gecko) Chrome/139.0.7258.127 Mobile Safari/537.36 (compatible; Googlebot/2.1; +http://www.google.com/bot.html)"
66.249.70.70 - - [08/Sep/2025:12:08:10 +0700] "GET /goods/rapid40492795.htm HTTP/1.0" 200 172802 "-" "Mozilla/5.0 (Linux; Android 6.0.1; Nexus 5X Build/MMB29P) AppleWebKit/537.36 (KHTML, like Gecko) Chrome/138.0.7204.183 Mobile Safari/537.36 (compatible; GoogleOther)"
66.249.70.71 - - [08/Sep/2025:12:08:29 +0700] "GET /goods/firem70486782.htm HTTP/1.0" 200 185060 "-" "Mozilla/5.0 (Linux; Android 6.0.1; Nexus 5X Build/MMB29P) AppleWebKit/537.36 (KHTML, like Gecko) Chrome/138.0.7204.183 Mobile Safari/537.36 (compatible; Googlebot/2.1; +http://www.google.com/bot.html)"
66.249.70.71 - - [08/Sep/2025:12:08:55 +0700] "GET /goods/numbe81608287.htm HTTP/1.0" 200 177528 "-" "Mozilla/5.0 (Linux; Android 6.0.1; Nexus 5X Build/MMB29P) AppleWebKit/537.36 (KHTML, like Gecko) Chrome/138.0.7204.183 Mobile Safari/537.36 (compatible; GoogleOther)"
66.249.70.70 - - [08/Sep/2025:12:09:13 +0700] "GET /goods/elder20928705.htm HTTP/1.0" 200 175431 "-" "Mozilla/5.0 (Linux; Android 6.0.1; Nexus 5X Build/MMB29P) AppleWebKit/537.36 (KHTML, like Gecko) Chrome/138.0.7204.183 Mobile Safari/537.36 (compatible; Googlebot/2.1; +http://www.google.com/bot.html)"
66.249.70.70 - - [08/Sep/2025:12:09:41 +0700] "GET /goods/subsi31681858.htm HTTP/1.0" 200 172794 "-" "Mozilla/5.0 (Linux; Android 6.0.1; Nexus 5X Build/MMB29P) AppleWebKit/537.36 (KHTML, like Gecko) Chrome/138.0.7204.183 Mobile Safari/537.36 (compatible; GoogleOther)"
66.249.70.71 - - [08/Sep/2025:12:10:07 +0700] "POST /get-message-notify HTTP/1.0" 200 174396 "https://vnc-group.vn/goods/subsi31681858.htm" "Mozilla/5.0 (Linux; Android 6.0.1; Nexus 5X Build/MMB29P) AppleWebKit/537.36 (KHTML, like Gecko) Chrome/139.0.7258.127 Mobile Safari/537.36 (compatible; Googlebot/2.1; +http://www.google.com/bot.html)"
20.171.207.168 - - [08/Sep/2025:12:10:24 +0700] "GET /goods/nor32317258.htm HTTP/1.0" 200 323 "-" "Mozilla/5.0 AppleWebKit/537.36 (KHTML, like Gecko; compatible; GPTBot/1.2; +https://openai.com/gptbot)"
66.249.70.70 - - [08/Sep/2025:12:10:24 +0700] "GET /goods/vain52343188.htm HTTP/1.0" 200 180232 "-" "Mozilla/5.0 (Linux; Android 6.0.1; Nexus 5X Build/MMB29P) AppleWebKit/537.36 (KHTML, like Gecko) Chrome/138.0.7204.183 Mobile Safari/537.36 (compatible; GoogleOther)"
66.249.70.70 - - [08/Sep/2025:12:11:01 +0700] "GET /goods/link12807584.htm HTTP/1.0" 200 177235 "-" "Mozilla/5.0 (Linux; Android 6.0.1; Nexus 5X Build/MMB29P) AppleWebKit/537.36 (KHTML, like Gecko) Chrome/138.0.7204.183 Mobile Safari/537.36 (compatible; Googlebot/2.1; +http://www.google.com/bot.html)"
66.249.70.70 - - [08/Sep/2025:12:11:11 +0700] "GET /goods/pink20884569.htm HTTP/1.0" 200 179296 "-" "Mozilla/5.0 (Linux; Android 6.0.1; Nexus 5X Build/MMB29P) AppleWebKit/537.36 (KHTML, like Gecko) Chrome/138.0.7204.183 Mobile Safari/537.36 (compatible; Googlebot/2.1; +http://www.google.com/bot.html)"
20.171.207.168 - - [08/Sep/2025:12:11:23 +0700] "GET /goods/die81012583.htm HTTP/1.0" 200 323 "-" "Mozilla/5.0 AppleWebKit/537.36 (KHTML, like Gecko; compatible; GPTBot/1.2; +https://openai.com/gptbot)"
66.249.70.70 - - [08/Sep/2025:12:11:25 +0700] "GET /goods/gradu82134679.htm HTTP/1.0" 200 172902 "-" "Mozilla/5.0 (Linux; Android 6.0.1; Nexus 5X Build/MMB29P) AppleWebKit/537.36 (KHTML, like Gecko) Chrome/138.0.7204.183 Mobile Safari/537.36 (compatible; GoogleOther)"
66.249.70.70 - - [08/Sep/2025:12:11:57 +0700] "GET /goods/mainl20051225.htm HTTP/1.0" 200 172923 "-" "Mozilla/5.0 (Linux; Android 6.0.1; Nexus 5X Build/MMB29P) AppleWebKit/537.36 (KHTML, like Gecko) Chrome/138.0.7204.183 Mobile Safari/537.36 (compatible; Googlebot/2.1; +http://www.google.com/bot.html)"
66.249.70.70 - - [08/Sep/2025:12:12:08 +0700] "GET /goods/liabl61235541.htm HTTP/1.0" 200 177964 "-" "Mozilla/5.0 (Linux; Android 6.0.1; Nexus 5X Build/MMB29P) AppleWebKit/537.36 (KHTML, like Gecko) Chrome/138.0.7204.183 Mobile Safari/537.36 (compatible; Googlebot/2.1; +http://www.google.com/bot.html)"
20.171.207.168 - - [08/Sep/2025:12:12:19 +0700] "GET /goods/let80797375.htm HTTP/1.0" 200 323 "-" "Mozilla/5.0 AppleWebKit/537.36 (KHTML, like Gecko; compatible; GPTBot/1.2; +https://openai.com/gptbot)"
66.249.70.64 - - [08/Sep/2025:12:12:41 +0700] "GET /goods/scrub32371986.htm HTTP/1.0" 200 172312 "-" "Mozilla/5.0 (Linux; Android 6.0.1; Nexus 5X Build/MMB29P) AppleWebKit/537.36 (KHTML, like Gecko) Chrome/138.0.7204.183 Mobile Safari/537.36 (compatible; GoogleOther)"
66.249.70.71 - - [08/Sep/2025:12:12:52 +0700] "POST /get-message-notify HTTP/1.0" 200 173923 "https://vnc-group.vn/goods/scrub32371986.htm" "Mozilla/5.0 (Linux; Android 6.0.1; Nexus 5X Build/MMB29P) AppleWebKit/537.36 (KHTML, like Gecko) Chrome/139.0.7258.127 Mobile Safari/537.36 (compatible; Googlebot/2.1; +http://www.google.com/bot.html)"
20.171.207.168 - - [08/Sep/2025:12:13:18 +0700] "GET /goods/she71560950.htm HTTP/1.0" 200 323 "-" "Mozilla/5.0 AppleWebKit/537.36 (KHTML, like Gecko; compatible; GPTBot/1.2; +https://openai.com/gptbot)"
66.249.70.70 - - [08/Sep/2025:12:13:15 +0700] "GET /goods/villa60709277.htm HTTP/1.0" 200 172573 "-" "Mozilla/5.0 (Linux; Android 6.0.1; Nexus 5X Build/MMB29P) AppleWebKit/537.36 (KHTML, like Gecko) Chrome/138.0.7204.183 Mobile Safari/537.36 (compatible; Googlebot/2.1; +http://www.google.com/bot.html)"
4.227.36.36 - - [08/Sep/2025:12:13:19 +0700] "GET /robots.txt HTTP/1.0" 200 742 "-" "Mozilla/5.0 AppleWebKit/537.36 (KHTML, like Gecko; compatible; GPTBot/1.2; +https://openai.com/gptbot)"
66.249.70.70 - - [08/Sep/2025:12:13:20 +0700] "GET /goods/pound41164979.htm HTTP/1.0" 200 174795 "-" "Mozilla/5.0 (Linux; Android 6.0.1; Nexus 5X Build/MMB29P) AppleWebKit/537.36 (KHTML, like Gecko) Chrome/138.0.7204.183 Mobile Safari/537.36 (compatible; Googlebot/2.1; +http://www.google.com/bot.html)"
66.249.70.64 - - [08/Sep/2025:12:13:27 +0700] "POST /get-message-notify HTTP/1.0" 200 174444 "https://vnc-group.vn/goods/villa60709277.htm" "Mozilla/5.0 (Linux; Android 6.0.1; Nexus 5X Build/MMB29P) AppleWebKit/537.36 (KHTML, like Gecko) Chrome/139.0.7258.127 Mobile Safari/537.36 (compatible; Googlebot/2.1; +http://www.google.com/bot.html)"
66.249.70.71 - - [08/Sep/2025:12:13:44 +0700] "GET /goods/invol52322428.htm HTTP/1.0" 200 179545 "-" "Mozilla/5.0 (Linux; Android 6.0.1; Nexus 5X Build/MMB29P) AppleWebKit/537.36 (KHTML, like Gecko) Chrome/138.0.7204.183 Mobile Safari/537.36 (compatible; GoogleOther)"
66.249.70.64 - - [08/Sep/2025:12:14:32 +0700] "GET /goods/vcd71196230.htm HTTP/1.0" 200 179689 "-" "Mozilla/5.0 (Linux; Android 6.0.1; Nexus 5X Build/MMB29P) AppleWebKit/537.36 (KHTML, like Gecko) Chrome/138.0.7204.183 Mobile Safari/537.36 (compatible; GoogleOther)"
66.249.70.64 - - [08/Sep/2025:12:14:37 +0700] "GET /goods/low82392399.htm HTTP/1.0" 200 193020 "-" "Mozilla/5.0 (Linux; Android 6.0.1; Nexus 5X Build/MMB29P) AppleWebKit/537.36 (KHTML, like Gecko) Chrome/138.0.7204.183 Mobile Safari/537.36 (compatible; Googlebot/2.1; +http://www.google.com/bot.html)"
66.249.70.71 - - [08/Sep/2025:12:14:43 +0700] "GET /goods/drag40475171.htm HTTP/1.0" 200 172570 "-" "Mozilla/5.0 (Linux; Android 6.0.1; Nexus 5X Build/MMB29P) AppleWebKit/537.36 (KHTML, like Gecko) Chrome/138.0.7204.183 Mobile Safari/537.36 (compatible; Googlebot/2.1; +http://www.google.com/bot.html)"
20.171.207.168 - - [08/Sep/2025:12:14:52 +0700] "GET /goods/job40868899.htm HTTP/1.0" 200 323 "-" "Mozilla/5.0 AppleWebKit/537.36 (KHTML, like Gecko; compatible; GPTBot/1.2; +https://openai.com/gptbot)"
66.249.70.70 - - [08/Sep/2025:12:15:07 +0700] "GET /goods/upto50203660.htm HTTP/1.0" 200 179995 "-" "Mozilla/5.0 (Linux; Android 6.0.1; Nexus 5X Build/MMB29P) AppleWebKit/537.36 (KHTML, like Gecko) Chrome/138.0.7204.183 Mobile Safari/537.36 (compatible; Googlebot/2.1; +http://www.google.com/bot.html)"
66.249.70.70 - - [08/Sep/2025:12:15:16 +0700] "GET /goods/excur32607386.htm HTTP/1.0" 200 175417 "-" "Mozilla/5.0 (Linux; Android 6.0.1; Nexus 5X Build/MMB29P) AppleWebKit/537.36 (KHTML, like Gecko) Chrome/138.0.7204.183 Mobile Safari/537.36 (compatible; GoogleOther)"
66.249.70.70 - - [08/Sep/2025:12:15:25 +0700] "POST /get-message-notify HTTP/1.0" 200 174160 "https://vnc-group.vn/goods/excur32607386.htm" "Mozilla/5.0 (Linux; Android 6.0.1; Nexus 5X Build/MMB29P) AppleWebKit/537.36 (KHTML, like Gecko) Chrome/139.0.7258.127 Mobile Safari/537.36 (compatible; Googlebot/2.1; +http://www.google.com/bot.html)"
66.249.70.71 - - [08/Sep/2025:12:16:00 +0700] "GET /goods/manly31471354.htm HTTP/1.0" 200 173105 "-" "Mozilla/5.0 (Linux; Android 6.0.1; Nexus 5X Build/MMB29P) AppleWebKit/537.36 (KHTML, like Gecko) Chrome/138.0.7204.183 Mobile Safari/537.36 (compatible; GoogleOther)"
66.249.70.70 - - [08/Sep/2025:12:16:09 +0700] "POST /get-message-notify HTTP/1.0" 200 174013 "https://vnc-group.vn/goods/manly31471354.htm" "Mozilla/5.0 (Linux; Android 6.0.1; Nexus 5X Build/MMB29P) AppleWebKit/537.36 (KHTML, like Gecko) Chrome/139.0.7258.127 Mobile Safari/537.36 (compatible; Googlebot/2.1; +http://www.google.com/bot.html)"
20.171.207.168 - - [08/Sep/2025:12:16:30 +0700] "GET /goods/fee80450511.htm HTTP/1.0" 200 323 "-" "Mozilla/5.0 AppleWebKit/537.36 (KHTML, like Gecko; compatible; GPTBot/1.2; +https://openai.com/gptbot)"
66.249.70.71 - - [08/Sep/2025:12:16:35 +0700] "GET /goods/elega12642048.htm HTTP/1.0" 200 174731 "-" "Mozilla/5.0 (Linux; Android 6.0.1; Nexus 5X Build/MMB29P) AppleWebKit/537.36 (KHTML, like Gecko) Chrome/138.0.7204.183 Mobile Safari/537.36 (compatible; Googlebot/2.1; +http://www.google.com/bot.html)"
66.249.70.71 - - [08/Sep/2025:12:16:54 +0700] "GET /goods/wood72721166.htm HTTP/1.0" 200 180288 "-" "Mozilla/5.0 (Linux; Android 6.0.1; Nexus 5X Build/MMB29P) AppleWebKit/537.36 (KHTML, like Gecko) Chrome/138.0.7204.183 Mobile Safari/537.36 (compatible; GoogleOther)"
20.171.207.168 - - [08/Sep/2025:12:17:51 +0700] "GET /goods/sat50995940.htm HTTP/1.0" 200 323 "-" "Mozilla/5.0 AppleWebKit/537.36 (KHTML, like Gecko; compatible; GPTBot/1.2; +https://openai.com/gptbot)"
66.249.70.64 - - [08/Sep/2025:12:17:52 +0700] "GET /goods/pear11536536.htm HTTP/1.0" 200 175658 "-" "Mozilla/5.0 (Linux; Android 6.0.1; Nexus 5X Build/MMB29P) AppleWebKit/537.36 (KHTML, like Gecko) Chrome/138.0.7204.183 Mobile Safari/537.36 (compatible; Googlebot/2.1; +http://www.google.com/bot.html)"
66.249.70.71 - - [08/Sep/2025:12:18:15 +0700] "GET /goods/dad31069426.htm HTTP/1.0" 200 173842 "-" "Mozilla/5.0 (Linux; Android 6.0.1; Nexus 5X Build/MMB29P) AppleWebKit/537.36 (KHTML, like Gecko) Chrome/138.0.7204.183 Mobile Safari/537.36 (compatible; GoogleOther)"
66.249.70.70 - - [08/Sep/2025:12:18:20 +0700] "GET /goods/while60885165.htm HTTP/1.0" 200 173177 "-" "Mozilla/5.0 (Linux; Android 6.0.1; Nexus 5X Build/MMB29P) AppleWebKit/537.36 (KHTML, like Gecko) Chrome/138.0.7204.183 Mobile Safari/537.36 (compatible; Googlebot/2.1; +http://www.google.com/bot.html)"
66.249.70.70 - - [08/Sep/2025:12:18:38 +0700] "POST /get-message-notify HTTP/1.0" 503 8544 "https://vnc-group.vn/goods/while60885165.htm" "Mozilla/5.0 (Linux; Android 6.0.1; Nexus 5X Build/MMB29P) AppleWebKit/537.36 (KHTML, like Gecko) Chrome/139.0.7258.127 Mobile Safari/537.36 (compatible; Googlebot/2.1; +http://www.google.com/bot.html)"
20.171.207.168 - - [08/Sep/2025:12:18:52 +0700] "GET /goods/dag61027941.htm HTTP/1.0" 200 323 "-" "Mozilla/5.0 AppleWebKit/537.36 (KHTML, like Gecko; compatible; GPTBot/1.2; +https://openai.com/gptbot)"
66.249.70.70 - - [08/Sep/2025:12:18:50 +0700] "GET /goods/harsh81321983.htm HTTP/1.0" 200 184400 "-" "Mozilla/5.0 (Linux; Android 6.0.1; Nexus 5X Build/MMB29P) AppleWebKit/537.36 (KHTML, like Gecko) Chrome/138.0.7204.183 Mobile Safari/537.36 (compatible; Googlebot/2.1; +http://www.google.com/bot.html)"
66.249.70.70 - - [08/Sep/2025:12:18:58 +0700] "GET /goods/slip31187746.htm HTTP/1.0" 200 1735 "-" "Mozilla/5.0 (Linux; Android 6.0.1; Nexus 5X Build/MMB29P) AppleWebKit/537.36 (KHTML, like Gecko) Chrome/138.0.7204.183 Mobile Safari/537.36 (compatible; Googlebot/2.1; +http://www.google.com/bot.html)"
66.249.70.70 - - [08/Sep/2025:12:19:21 +0700] "GET /goods/broke11610536.htm HTTP/1.0" 200 179177 "-" "Mozilla/5.0 (Linux; Android 6.0.1; Nexus 5X Build/MMB29P) AppleWebKit/537.36 (KHTML, like Gecko) Chrome/138.0.7204.183 Mobile Safari/537.36 (compatible; GoogleOther)"
66.249.70.70 - - [08/Sep/2025:12:20:00 +0700] "GET /goods/india50488892.htm HTTP/1.0" 200 174283 "-" "Mozilla/5.0 (Linux; Android 6.0.1; Nexus 5X Build/MMB29P) AppleWebKit/537.36 (KHTML, like Gecko) Chrome/138.0.7204.183 Mobile Safari/537.36 (compatible; Googlebot/2.1; +http://www.google.com/bot.html)"
66.249.70.70 - - [08/Sep/2025:12:20:13 +0700] "GET /goods/solut71445486.htm HTTP/1.0" 200 174331 "-" "Mozilla/5.0 (Linux; Android 6.0.1; Nexus 5X Build/MMB29P) AppleWebKit/537.36 (KHTML, like Gecko) Chrome/138.0.7204.183 Mobile Safari/537.36 (compatible; Googlebot/2.1; +http://www.google.com/bot.html)"
20.171.207.168 - - [08/Sep/2025:12:20:34 +0700] "GET /goods/adj71417694.htm HTTP/1.0" 200 323 "-" "Mozilla/5.0 AppleWebKit/537.36 (KHTML, like Gecko; compatible; GPTBot/1.2; +https://openai.com/gptbot)"
66.249.70.71 - - [08/Sep/2025:12:20:33 +0700] "GET /goods/such30293050.htm HTTP/1.0" 200 198150 "-" "Mozilla/5.0 (Linux; Android 6.0.1; Nexus 5X Build/MMB29P) AppleWebKit/537.36 (KHTML, like Gecko) Chrome/138.0.7204.183 Mobile Safari/537.36 (compatible; Googlebot/2.1; +http://www.google.com/bot.html)"
66.249.70.70 - - [08/Sep/2025:12:21:18 +0700] "GET /goods/con30869354.htm HTTP/1.0" 200 177952 "-" "Mozilla/5.0 (Linux; Android 6.0.1; Nexus 5X Build/MMB29P) AppleWebKit/537.36 (KHTML, like Gecko) Chrome/138.0.7204.183 Mobile Safari/537.36 (compatible; GoogleOther)"
66.249.70.70 - - [08/Sep/2025:12:21:34 +0700] "POST /get-message-notify HTTP/1.0" 200 174628 "https://vnc-group.vn/goods/con30869354.htm" "Mozilla/5.0 (Linux; Android 6.0.1; Nexus 5X Build/MMB29P) AppleWebKit/537.36 (KHTML, like Gecko) Chrome/139.0.7258.127 Mobile Safari/537.36 (compatible; Googlebot/2.1; +http://www.google.com/bot.html)"
66.249.70.70 - - [08/Sep/2025:12:21:51 +0700] "GET /goods/guita20719721.htm HTTP/1.0" 200 180629 "-" "Mozilla/5.0 (Linux; Android 6.0.1; Nexus 5X Build/MMB29P) AppleWebKit/537.36 (KHTML, like Gecko) Chrome/138.0.7204.183 Mobile Safari/537.36 (compatible; Googlebot/2.1; +http://www.google.com/bot.html)"
20.171.207.168 - - [08/Sep/2025:12:21:55 +0700] "GET /goods/now11416856.htm HTTP/1.0" 200 323 "-" "Mozilla/5.0 AppleWebKit/537.36 (KHTML, like Gecko; compatible; GPTBot/1.2; +https://openai.com/gptbot)"
66.249.70.70 - - [08/Sep/2025:12:22:05 +0700] "GET /goods/handb70649118.htm HTTP/1.0" 200 172711 "-" "Mozilla/5.0 (Linux; Android 6.0.1; Nexus 5X Build/MMB29P) AppleWebKit/537.36 (KHTML, like Gecko) Chrome/138.0.7204.183 Mobile Safari/537.36 (compatible; Googlebot/2.1; +http://www.google.com/bot.html)"
66.249.70.70 - - [08/Sep/2025:12:22:22 +0700] "GET /goods/purpl82628279.htm HTTP/1.0" 200 172142 "-" "Mozilla/5.0 (Linux; Android 6.0.1; Nexus 5X Build/MMB29P) AppleWebKit/537.36 (KHTML, like Gecko) Chrome/138.0.7204.183 Mobile Safari/537.36 (compatible; Googlebot/2.1; +http://www.google.com/bot.html)"
66.249.70.70 - - [08/Sep/2025:12:22:44 +0700] "GET /goods/shrie31786930.htm HTTP/1.0" 200 173785 "-" "Mozilla/5.0 (Linux; Android 6.0.1; Nexus 5X Build/MMB29P) AppleWebKit/537.36 (KHTML, like Gecko) Chrome/138.0.7204.183 Mobile Safari/537.36 (compatible; GoogleOther)"
20.171.207.168 - - [08/Sep/2025:12:23:09 +0700] "GET /goods/his80884319.htm HTTP/1.0" 200 323 "-" "Mozilla/5.0 AppleWebKit/537.36 (KHTML, like Gecko; compatible; GPTBot/1.2; +https://openai.com/gptbot)"
66.249.70.64 - - [08/Sep/2025:12:23:45 +0700] "GET /goods/garag62045757.htm HTTP/1.0" 200 180170 "-" "Mozilla/5.0 (Linux; Android 6.0.1; Nexus 5X Build/MMB29P) AppleWebKit/537.36 (KHTML, like Gecko) Chrome/138.0.7204.183 Mobile Safari/537.36 (compatible; GoogleOther)"
66.249.70.70 - - [08/Sep/2025:12:23:54 +0700] "GET /goods/pictu42796027.htm HTTP/1.0" 200 176357 "-" "Mozilla/5.0 (Linux; Android 6.0.1; Nexus 5X Build/MMB29P) AppleWebKit/537.36 (KHTML, like Gecko) Chrome/138.0.7204.183 Mobile Safari/537.36 (compatible; Googlebot/2.1; +http://www.google.com/bot.html)"
66.249.70.70 - - [08/Sep/2025:12:23:57 +0700] "POST /get-message-notify HTTP/1.0" 200 174169 "https://vnc-group.vn/goods/garag62045757.htm" "Mozilla/5.0 (Linux; Android 6.0.1; Nexus 5X Build/MMB29P) AppleWebKit/537.36 (KHTML, like Gecko) Chrome/139.0.7258.127 Mobile Safari/537.36 (compatible; Googlebot/2.1; +http://www.google.com/bot.html)"
20.171.207.168 - - [08/Sep/2025:12:24:09 +0700] "GET /goods/tip40474475.htm HTTP/1.0" 200 323 "-" "Mozilla/5.0 AppleWebKit/537.36 (KHTML, like Gecko; compatible; GPTBot/1.2; +https://openai.com/gptbot)"
66.249.70.70 - - [08/Sep/2025:12:24:48 +0700] "GET /goods/forth50478900.htm HTTP/1.0" 200 178528 "-" "Mozilla/5.0 (Linux; Android 6.0.1; Nexus 5X Build/MMB29P) AppleWebKit/537.36 (KHTML, like Gecko) Chrome/138.0.7204.183 Mobile Safari/537.36 (compatible; GoogleOther)"
20.171.207.168 - - [08/Sep/2025:12:25:00 +0700] "GET /goods/tea20545113.htm HTTP/1.0" 200 323 "-" "Mozilla/5.0 AppleWebKit/537.36 (KHTML, like Gecko; compatible; GPTBot/1.2; +https://openai.com/gptbot)"
66.249.70.70 - - [08/Sep/2025:12:25:15 +0700] "GET /goods/isola71078934.htm HTTP/1.0" 200 175732 "-" "Mozilla/5.0 (Linux; Android 6.0.1; Nexus 5X Build/MMB29P) AppleWebKit/537.36 (KHTML, like Gecko) Chrome/138.0.7204.183 Mobile Safari/537.36 (compatible; Googlebot/2.1; +http://www.google.com/bot.html)"
66.249.70.70 - - [08/Sep/2025:12:26:02 +0700] "GET /goods/freig12727464.htm HTTP/1.0" 200 176917 "-" "Mozilla/5.0 (Linux; Android 6.0.1; Nexus 5X Build/MMB29P) AppleWebKit/537.36 (KHTML, like Gecko) Chrome/138.0.7204.183 Mobile Safari/537.36 (compatible; GoogleOther)"
20.171.207.168 - - [08/Sep/2025:12:26:09 +0700] "GET /goods/tax40047811.htm HTTP/1.0" 200 323 "-" "Mozilla/5.0 AppleWebKit/537.36 (KHTML, like Gecko; compatible; GPTBot/1.2; +https://openai.com/gptbot)"
66.249.70.70 - - [08/Sep/2025:12:26:18 +0700] "GET /goods/expan12178440.htm HTTP/1.0" 200 179096 "-" "Mozilla/5.0 (Linux; Android 6.0.1; Nexus 5X Build/MMB29P) AppleWebKit/537.36 (KHTML, like Gecko) Chrome/138.0.7204.183 Mobile Safari/537.36 (compatible; Googlebot/2.1; +http://www.google.com/bot.html)"
66.249.70.70 - - [08/Sep/2025:12:26:33 +0700] "POST /get-message-notify HTTP/1.0" 200 174356 "https://vnc-group.vn/goods/expan12178440.htm" "Mozilla/5.0 (Linux; Android 6.0.1; Nexus 5X Build/MMB29P) AppleWebKit/537.36 (KHTML, like Gecko) Chrome/139.0.7258.127 Mobile Safari/537.36 (compatible; Googlebot/2.1; +http://www.google.com/bot.html)"
66.249.70.71 - - [08/Sep/2025:12:26:56 +0700] "GET /goods/enthu21706473.htm HTTP/1.0" 200 188993 "-" "Mozilla/5.0 (Linux; Android 6.0.1; Nexus 5X Build/MMB29P) AppleWebKit/537.36 (KHTML, like Gecko) Chrome/138.0.7204.183 Mobile Safari/537.36 (compatible; GoogleOther)"
66.249.70.70 - - [08/Sep/2025:12:27:08 +0700] "GET /goods/awful71709558.htm HTTP/1.0" 200 177157 "-" "Mozilla/5.0 (Linux; Android 6.0.1; Nexus 5X Build/MMB29P) AppleWebKit/537.36 (KHTML, like Gecko) Chrome/138.0.7204.183 Mobile Safari/537.36 (compatible; Googlebot/2.1; +http://www.google.com/bot.html)"
20.171.207.168 - - [08/Sep/2025:12:27:25 +0700] "GET /goods/joy80393015.htm HTTP/1.0" 200 323 "-" "Mozilla/5.0 AppleWebKit/537.36 (KHTML, like Gecko; compatible; GPTBot/1.2; +https://openai.com/gptbot)"
66.249.70.64 - - [08/Sep/2025:12:28:11 +0700] "GET /goods/ident11530000.htm HTTP/1.0" 200 178249 "-" "Mozilla/5.0 (Linux; Android 6.0.1; Nexus 5X Build/MMB29P) AppleWebKit/537.36 (KHTML, like Gecko) Chrome/138.0.7204.183 Mobile Safari/537.36 (compatible; GoogleOther)"
20.171.207.168 - - [08/Sep/2025:12:28:16 +0700] "GET /goods/hen81192927.htm HTTP/1.0" 200 323 "-" "Mozilla/5.0 AppleWebKit/537.36 (KHTML, like Gecko; compatible; GPTBot/1.2; +https://openai.com/gptbot)"
