20.171.207.42 - - [16/Sep/2025:07:53:01 +0700] "GET /goods/modif70574462.htm HTTP/1.0" 200 323 "-" "Mozilla/5.0 AppleWebKit/537.36 (KHTML, like Gecko; compatible; GPTBot/1.2; +https://openai.com/gptbot)"
20.171.207.42 - - [16/Sep/2025:07:53:04 +0700] "GET /goods/kettl71370870.htm HTTP/1.0" 200 323 "-" "Mozilla/5.0 AppleWebKit/537.36 (KHTML, like Gecko; compatible; GPTBot/1.2; +https://openai.com/gptbot)"
66.249.70.71 - - [16/Sep/2025:07:53:07 +0700] "GET /goods/campu31430818.htm HTTP/1.0" 200 179925 "-" "Mozilla/5.0 (Linux; Android 6.0.1; Nexus 5X Build/MMB29P) AppleWebKit/537.36 (KHTML, like Gecko) Chrome/140.0.7339.127 Mobile Safari/537.36 (compatible; Googlebot/2.1; +http://www.google.com/bot.html)"
20.171.207.42 - - [16/Sep/2025:07:53:07 +0700] "GET /goods/deleg71122710.htm HTTP/1.0" 200 323 "-" "Mozilla/5.0 AppleWebKit/537.36 (KHTML, like Gecko; compatible; GPTBot/1.2; +https://openai.com/gptbot)"
20.171.207.42 - - [16/Sep/2025:07:53:10 +0700] "GET /goods/germa31211226.htm HTTP/1.0" 200 323 "-" "Mozilla/5.0 AppleWebKit/537.36 (KHTML, like Gecko; compatible; GPTBot/1.2; +https://openai.com/gptbot)"
20.171.207.42 - - [16/Sep/2025:07:53:13 +0700] "GET /goods/prono12128624.htm HTTP/1.0" 200 323 "-" "Mozilla/5.0 AppleWebKit/537.36 (KHTML, like Gecko; compatible; GPTBot/1.2; +https://openai.com/gptbot)"
20.171.207.42 - - [16/Sep/2025:07:53:17 +0700] "GET /goods/today80633087.htm HTTP/1.0" 200 323 "-" "Mozilla/5.0 AppleWebKit/537.36 (KHTML, like Gecko; compatible; GPTBot/1.2; +https://openai.com/gptbot)"
20.171.207.42 - - [16/Sep/2025:07:53:20 +0700] "GET /goods/symbo80568647.htm HTTP/1.0" 200 323 "-" "Mozilla/5.0 AppleWebKit/537.36 (KHTML, like Gecko; compatible; GPTBot/1.2; +https://openai.com/gptbot)"
20.171.207.42 - - [16/Sep/2025:07:53:23 +0700] "GET /goods/popul42912123.htm HTTP/1.0" 200 323 "-" "Mozilla/5.0 AppleWebKit/537.36 (KHTML, like Gecko; compatible; GPTBot/1.2; +https://openai.com/gptbot)"
20.171.207.42 - - [16/Sep/2025:07:53:26 +0700] "GET /goods/weste72113206.htm HTTP/1.0" 200 323 "-" "Mozilla/5.0 AppleWebKit/537.36 (KHTML, like Gecko; compatible; GPTBot/1.2; +https://openai.com/gptbot)"
20.171.207.42 - - [16/Sep/2025:07:53:29 +0700] "GET /goods/fligh32609322.htm HTTP/1.0" 200 323 "-" "Mozilla/5.0 AppleWebKit/537.36 (KHTML, like Gecko; compatible; GPTBot/1.2; +https://openai.com/gptbot)"
20.171.207.42 - - [16/Sep/2025:07:53:32 +0700] "GET /goods/staff81741447.htm HTTP/1.0" 200 323 "-" "Mozilla/5.0 AppleWebKit/537.36 (KHTML, like Gecko; compatible; GPTBot/1.2; +https://openai.com/gptbot)"
20.171.207.42 - - [16/Sep/2025:07:53:35 +0700] "GET /goods/hotel21660673.htm HTTP/1.0" 200 323 "-" "Mozilla/5.0 AppleWebKit/537.36 (KHTML, like Gecko; compatible; GPTBot/1.2; +https://openai.com/gptbot)"
20.171.207.42 - - [16/Sep/2025:07:53:38 +0700] "GET /goods/briti51399300.htm HTTP/1.0" 200 323 "-" "Mozilla/5.0 AppleWebKit/537.36 (KHTML, like Gecko; compatible; GPTBot/1.2; +https://openai.com/gptbot)"
20.171.207.42 - - [16/Sep/2025:07:53:42 +0700] "GET /goods/pound42592979.htm HTTP/1.0" 200 323 "-" "Mozilla/5.0 AppleWebKit/537.36 (KHTML, like Gecko; compatible; GPTBot/1.2; +https://openai.com/gptbot)"
20.171.207.42 - - [16/Sep/2025:07:53:45 +0700] "GET /goods/disso21850617.htm HTTP/1.0" 200 323 "-" "Mozilla/5.0 AppleWebKit/537.36 (KHTML, like Gecko; compatible; GPTBot/1.2; +https://openai.com/gptbot)"
20.171.207.42 - - [16/Sep/2025:07:53:48 +0700] "GET /goods/decid30933138.htm HTTP/1.0" 200 323 "-" "Mozilla/5.0 AppleWebKit/537.36 (KHTML, like Gecko; compatible; GPTBot/1.2; +https://openai.com/gptbot)"
20.171.207.42 - - [16/Sep/2025:07:53:51 +0700] "GET /goods/state81816743.htm HTTP/1.0" 200 323 "-" "Mozilla/5.0 AppleWebKit/537.36 (KHTML, like Gecko; compatible; GPTBot/1.2; +https://openai.com/gptbot)"
20.171.207.42 - - [16/Sep/2025:07:53:54 +0700] "GET /goods/loyal12474152.htm HTTP/1.0" 200 323 "-" "Mozilla/5.0 AppleWebKit/537.36 (KHTML, like Gecko; compatible; GPTBot/1.2; +https://openai.com/gptbot)"
20.171.207.42 - - [16/Sep/2025:07:53:58 +0700] "GET /goods/propo51966364.htm HTTP/1.0" 200 323 "-" "Mozilla/5.0 AppleWebKit/537.36 (KHTML, like Gecko; compatible; GPTBot/1.2; +https://openai.com/gptbot)"
20.171.207.42 - - [16/Sep/2025:07:54:01 +0700] "GET /goods/mysel80660783.htm HTTP/1.0" 200 323 "-" "Mozilla/5.0 AppleWebKit/537.36 (KHTML, like Gecko; compatible; GPTBot/1.2; +https://openai.com/gptbot)"
20.171.207.42 - - [16/Sep/2025:07:54:04 +0700] "GET /goods/satis10405808.htm HTTP/1.0" 200 323 "-" "Mozilla/5.0 AppleWebKit/537.36 (KHTML, like Gecko; compatible; GPTBot/1.2; +https://openai.com/gptbot)"
20.171.207.42 - - [16/Sep/2025:07:54:07 +0700] "GET /goods/stupi80180087.htm HTTP/1.0" 200 323 "-" "Mozilla/5.0 AppleWebKit/537.36 (KHTML, like Gecko; compatible; GPTBot/1.2; +https://openai.com/gptbot)"
20.171.207.42 - - [16/Sep/2025:07:54:10 +0700] "GET /goods/cotto32824098.htm HTTP/1.0" 200 323 "-" "Mozilla/5.0 AppleWebKit/537.36 (KHTML, like Gecko; compatible; GPTBot/1.2; +https://openai.com/gptbot)"
20.171.207.42 - - [16/Sep/2025:07:54:13 +0700] "GET /goods/shore61759645.htm HTTP/1.0" 200 323 "-" "Mozilla/5.0 AppleWebKit/537.36 (KHTML, like Gecko; compatible; GPTBot/1.2; +https://openai.com/gptbot)"
20.171.207.42 - - [16/Sep/2025:07:54:17 +0700] "GET /goods/roast50134452.htm HTTP/1.0" 200 323 "-" "Mozilla/5.0 AppleWebKit/537.36 (KHTML, like Gecko; compatible; GPTBot/1.2; +https://openai.com/gptbot)"
20.171.207.42 - - [16/Sep/2025:07:54:20 +0700] "GET /goods/gaseo41374539.htm HTTP/1.0" 200 323 "-" "Mozilla/5.0 AppleWebKit/537.36 (KHTML, like Gecko; compatible; GPTBot/1.2; +https://openai.com/gptbot)"
20.171.207.42 - - [16/Sep/2025:07:54:23 +0700] "GET /goods/trust51384300.htm HTTP/1.0" 200 323 "-" "Mozilla/5.0 AppleWebKit/537.36 (KHTML, like Gecko; compatible; GPTBot/1.2; +https://openai.com/gptbot)"
20.171.207.42 - - [16/Sep/2025:07:54:26 +0700] "GET /goods/disch20874233.htm HTTP/1.0" 200 323 "-" "Mozilla/5.0 AppleWebKit/537.36 (KHTML, like Gecko; compatible; GPTBot/1.2; +https://openai.com/gptbot)"
20.171.207.42 - - [16/Sep/2025:07:54:29 +0700] "GET /goods/admis51210044.htm HTTP/1.0" 200 323 "-" "Mozilla/5.0 AppleWebKit/537.36 (KHTML, like Gecko; compatible; GPTBot/1.2; +https://openai.com/gptbot)"
57.141.2.92 - - [16/Sep/2025:07:54:30 +0700] "GET /goods/slap20667737.htm HTTP/1.0" 200 323 "-" "meta-externalagent/1.1 (+https://developers.facebook.com/docs/sharing/webmasters/crawler)"
66.249.71.32 - - [16/Sep/2025:07:54:31 +0700] "GET /goods/sympt40610219.htm HTTP/1.0" 200 184850 "-" "Mozilla/5.0 (Linux; Android 6.0.1; Nexus 5X Build/MMB29P) AppleWebKit/537.36 (KHTML, like Gecko) Chrome/140.0.7339.127 Mobile Safari/537.36 (compatible; Googlebot/2.1; +http://www.google.com/bot.html)"
20.171.207.42 - - [16/Sep/2025:07:54:32 +0700] "GET /goods/heroi31327474.htm HTTP/1.0" 200 323 "-" "Mozilla/5.0 AppleWebKit/537.36 (KHTML, like Gecko; compatible; GPTBot/1.2; +https://openai.com/gptbot)"
20.171.207.42 - - [16/Sep/2025:07:54:36 +0700] "GET /goods/comfo62256589.htm HTTP/1.0" 200 323 "-" "Mozilla/5.0 AppleWebKit/537.36 (KHTML, like Gecko; compatible; GPTBot/1.2; +https://openai.com/gptbot)"
20.171.207.42 - - [16/Sep/2025:07:54:39 +0700] "GET /goods/garag60313757.htm HTTP/1.0" 200 323 "-" "Mozilla/5.0 AppleWebKit/537.36 (KHTML, like Gecko; compatible; GPTBot/1.2; +https://openai.com/gptbot)"
57.141.2.92 - - [16/Sep/2025:07:54:42 +0700] "GET /goods/conde70602606.htm HTTP/1.0" 200 323 "-" "meta-externalagent/1.1 (+https://developers.facebook.com/docs/sharing/webmasters/crawler)"
20.171.207.42 - - [16/Sep/2025:07:54:42 +0700] "GET /goods/heigh21032129.htm HTTP/1.0" 200 323 "-" "Mozilla/5.0 AppleWebKit/537.36 (KHTML, like Gecko; compatible; GPTBot/1.2; +https://openai.com/gptbot)"
20.171.207.42 - - [16/Sep/2025:07:54:45 +0700] "GET /goods/foots32143098.htm HTTP/1.0" 200 323 "-" "Mozilla/5.0 AppleWebKit/537.36 (KHTML, like Gecko; compatible; GPTBot/1.2; +https://openai.com/gptbot)"
20.171.207.42 - - [16/Sep/2025:07:54:48 +0700] "GET /goods/dispo22354985.htm HTTP/1.0" 200 323 "-" "Mozilla/5.0 AppleWebKit/537.36 (KHTML, like Gecko; compatible; GPTBot/1.2; +https://openai.com/gptbot)"
20.171.207.42 - - [16/Sep/2025:07:54:51 +0700] "GET /goods/group22304001.htm HTTP/1.0" 200 323 "-" "Mozilla/5.0 AppleWebKit/537.36 (KHTML, like Gecko; compatible; GPTBot/1.2; +https://openai.com/gptbot)"
20.171.207.42 - - [16/Sep/2025:07:54:54 +0700] "GET /goods/gloom41874059.htm HTTP/1.0" 200 323 "-" "Mozilla/5.0 AppleWebKit/537.36 (KHTML, like Gecko; compatible; GPTBot/1.2; +https://openai.com/gptbot)"
20.171.207.42 - - [16/Sep/2025:07:54:58 +0700] "GET /goods/tuiti51506212.htm HTTP/1.0" 200 323 "-" "Mozilla/5.0 AppleWebKit/537.36 (KHTML, like Gecko; compatible; GPTBot/1.2; +https://openai.com/gptbot)"
20.171.207.42 - - [16/Sep/2025:07:55:01 +0700] "GET /goods/manag72608126.htm HTTP/1.0" 200 323 "-" "Mozilla/5.0 AppleWebKit/537.36 (KHTML, like Gecko; compatible; GPTBot/1.2; +https://openai.com/gptbot)"
57.141.2.79 - - [16/Sep/2025:07:55:01 +0700] "GET /goods/turn50568084.htm HTTP/1.0" 200 323 "-" "meta-externalagent/1.1 (+https://developers.facebook.com/docs/sharing/webmasters/crawler)"
20.171.207.42 - - [16/Sep/2025:07:55:04 +0700] "GET /goods/usefu21168281.htm HTTP/1.0" 200 323 "-" "Mozilla/5.0 AppleWebKit/537.36 (KHTML, like Gecko; compatible; GPTBot/1.2; +https://openai.com/gptbot)"
20.171.207.42 - - [16/Sep/2025:07:55:07 +0700] "GET /goods/cherr31919594.htm HTTP/1.0" 200 323 "-" "Mozilla/5.0 AppleWebKit/537.36 (KHTML, like Gecko; compatible; GPTBot/1.2; +https://openai.com/gptbot)"
20.171.207.42 - - [16/Sep/2025:07:55:10 +0700] "GET /goods/whils80747247.htm HTTP/1.0" 200 323 "-" "Mozilla/5.0 AppleWebKit/537.36 (KHTML, like Gecko; compatible; GPTBot/1.2; +https://openai.com/gptbot)"
20.171.207.42 - - [16/Sep/2025:07:55:13 +0700] "GET /goods/cattl22186633.htm HTTP/1.0" 200 323 "-" "Mozilla/5.0 AppleWebKit/537.36 (KHTML, like Gecko; compatible; GPTBot/1.2; +https://openai.com/gptbot)"
57.141.2.68 - - [16/Sep/2025:07:55:16 +0700] "GET /goods/despi70142286.htm HTTP/1.0" 200 323 "-" "meta-externalagent/1.1 (+https://developers.facebook.com/docs/sharing/webmasters/crawler)"
20.171.207.42 - - [16/Sep/2025:07:55:17 +0700] "GET /goods/coupo10887728.htm HTTP/1.0" 200 323 "-" "Mozilla/5.0 AppleWebKit/537.36 (KHTML, like Gecko; compatible; GPTBot/1.2; +https://openai.com/gptbot)"
20.171.207.42 - - [16/Sep/2025:07:55:20 +0700] "GET /goods/effec82686399.htm HTTP/1.0" 200 323 "-" "Mozilla/5.0 AppleWebKit/537.36 (KHTML, like Gecko; compatible; GPTBot/1.2; +https://openai.com/gptbot)"
20.171.207.42 - - [16/Sep/2025:07:55:23 +0700] "GET /goods/cente30393410.htm HTTP/1.0" 200 323 "-" "Mozilla/5.0 AppleWebKit/537.36 (KHTML, like Gecko; compatible; GPTBot/1.2; +https://openai.com/gptbot)"
20.171.207.42 - - [16/Sep/2025:07:55:26 +0700] "GET /goods/sting51258484.htm HTTP/1.0" 200 323 "-" "Mozilla/5.0 AppleWebKit/537.36 (KHTML, like Gecko; compatible; GPTBot/1.2; +https://openai.com/gptbot)"
20.171.207.42 - - [16/Sep/2025:07:55:29 +0700] "GET /goods/shift61022501.htm HTTP/1.0" 200 323 "-" "Mozilla/5.0 AppleWebKit/537.36 (KHTML, like Gecko; compatible; GPTBot/1.2; +https://openai.com/gptbot)"
57.141.2.3 - - [16/Sep/2025:07:55:32 +0700] "GET /goods/excha11117576.htm HTTP/1.0" 200 323 "-" "meta-externalagent/1.1 (+https://developers.facebook.com/docs/sharing/webmasters/crawler)"
20.171.207.42 - - [16/Sep/2025:07:55:32 +0700] "GET /goods/split51910940.htm HTTP/1.0" 200 323 "-" "Mozilla/5.0 AppleWebKit/537.36 (KHTML, like Gecko; compatible; GPTBot/1.2; +https://openai.com/gptbot)"
20.171.207.42 - - [16/Sep/2025:07:55:35 +0700] "GET /goods/sheet62543565.htm HTTP/1.0" 200 323 "-" "Mozilla/5.0 AppleWebKit/537.36 (KHTML, like Gecko; compatible; GPTBot/1.2; +https://openai.com/gptbot)"
20.171.207.42 - - [16/Sep/2025:07:55:38 +0700] "GET /goods/obsta61917821.htm HTTP/1.0" 200 323 "-" "Mozilla/5.0 AppleWebKit/537.36 (KHTML, like Gecko; compatible; GPTBot/1.2; +https://openai.com/gptbot)"
20.171.207.42 - - [16/Sep/2025:07:55:41 +0700] "GET /goods/homet82200103.htm HTTP/1.0" 200 323 "-" "Mozilla/5.0 AppleWebKit/537.36 (KHTML, like Gecko; compatible; GPTBot/1.2; +https://openai.com/gptbot)"
20.171.207.42 - - [16/Sep/2025:07:55:45 +0700] "GET /goods/swift50026332.htm HTTP/1.0" 200 323 "-" "Mozilla/5.0 AppleWebKit/537.36 (KHTML, like Gecko; compatible; GPTBot/1.2; +https://openai.com/gptbot)"
20.171.207.42 - - [16/Sep/2025:07:55:48 +0700] "GET /goods/frict41883483.htm HTTP/1.0" 200 323 "-" "Mozilla/5.0 AppleWebKit/537.36 (KHTML, like Gecko; compatible; GPTBot/1.2; +https://openai.com/gptbot)"
20.171.207.42 - - [16/Sep/2025:07:55:51 +0700] "GET /goods/sweep31153570.htm HTTP/1.0" 200 323 "-" "Mozilla/5.0 AppleWebKit/537.36 (KHTML, like Gecko; compatible; GPTBot/1.2; +https://openai.com/gptbot)"
20.171.207.42 - - [16/Sep/2025:07:55:54 +0700] "GET /goods/modif72414462.htm HTTP/1.0" 200 323 "-" "Mozilla/5.0 AppleWebKit/537.36 (KHTML, like Gecko; compatible; GPTBot/1.2; +https://openai.com/gptbot)"
20.171.207.42 - - [16/Sep/2025:07:55:57 +0700] "GET /goods/groan71614694.htm HTTP/1.0" 200 323 "-" "Mozilla/5.0 AppleWebKit/537.36 (KHTML, like Gecko; compatible; GPTBot/1.2; +https://openai.com/gptbot)"
20.171.207.42 - - [16/Sep/2025:07:56:00 +0700] "GET /goods/galle11625416.htm HTTP/1.0" 200 323 "-" "Mozilla/5.0 AppleWebKit/537.36 (KHTML, like Gecko; compatible; GPTBot/1.2; +https://openai.com/gptbot)"
20.171.207.42 - - [16/Sep/2025:07:56:03 +0700] "GET /goods/therm41518819.htm HTTP/1.0" 200 323 "-" "Mozilla/5.0 AppleWebKit/537.36 (KHTML, like Gecko; compatible; GPTBot/1.2; +https://openai.com/gptbot)"
20.171.207.42 - - [16/Sep/2025:07:56:07 +0700] "GET /goods/medal52589580.htm HTTP/1.0" 200 323 "-" "Mozilla/5.0 AppleWebKit/537.36 (KHTML, like Gecko; compatible; GPTBot/1.2; +https://openai.com/gptbot)"
20.171.207.42 - - [16/Sep/2025:07:56:10 +0700] "GET /goods/centi31518538.htm HTTP/1.0" 200 323 "-" "Mozilla/5.0 AppleWebKit/537.36 (KHTML, like Gecko; compatible; GPTBot/1.2; +https://openai.com/gptbot)"
20.171.207.42 - - [16/Sep/2025:07:56:13 +0700] "GET /goods/marri51744004.htm HTTP/1.0" 200 323 "-" "Mozilla/5.0 AppleWebKit/537.36 (KHTML, like Gecko; compatible; GPTBot/1.2; +https://openai.com/gptbot)"
20.171.207.42 - - [16/Sep/2025:07:56:16 +0700] "GET /goods/strok21583257.htm HTTP/1.0" 200 323 "-" "Mozilla/5.0 AppleWebKit/537.36 (KHTML, like Gecko; compatible; GPTBot/1.2; +https://openai.com/gptbot)"
20.171.207.42 - - [16/Sep/2025:07:56:19 +0700] "GET /goods/disag81639383.htm HTTP/1.0" 200 323 "-" "Mozilla/5.0 AppleWebKit/537.36 (KHTML, like Gecko; compatible; GPTBot/1.2; +https://openai.com/gptbot)"
20.171.207.42 - - [16/Sep/2025:07:56:23 +0700] "GET /goods/regis51443404.htm HTTP/1.0" 200 323 "-" "Mozilla/5.0 AppleWebKit/537.36 (KHTML, like Gecko; compatible; GPTBot/1.2; +https://openai.com/gptbot)"
20.171.207.42 - - [16/Sep/2025:07:56:26 +0700] "GET /goods/suita52353340.htm HTTP/1.0" 200 323 "-" "Mozilla/5.0 AppleWebKit/537.36 (KHTML, like Gecko; compatible; GPTBot/1.2; +https://openai.com/gptbot)"
20.171.207.42 - - [16/Sep/2025:07:56:29 +0700] "GET /goods/windy30432242.htm HTTP/1.0" 200 323 "-" "Mozilla/5.0 AppleWebKit/537.36 (KHTML, like Gecko; compatible; GPTBot/1.2; +https://openai.com/gptbot)"
57.141.2.14 - - [16/Sep/2025:07:56:31 +0700] "GET /goods/anima32236962.htm HTTP/1.0" 200 323 "-" "meta-externalagent/1.1 (+https://developers.facebook.com/docs/sharing/webmasters/crawler)"
20.171.207.42 - - [16/Sep/2025:07:56:32 +0700] "GET /goods/optio12194024.htm HTTP/1.0" 200 323 "-" "Mozilla/5.0 AppleWebKit/537.36 (KHTML, like Gecko; compatible; GPTBot/1.2; +https://openai.com/gptbot)"
20.171.207.42 - - [16/Sep/2025:07:56:35 +0700] "GET /goods/mostl72207590.htm HTTP/1.0" 200 323 "-" "Mozilla/5.0 AppleWebKit/537.36 (KHTML, like Gecko; compatible; GPTBot/1.2; +https://openai.com/gptbot)"
20.171.207.42 - - [16/Sep/2025:07:56:38 +0700] "GET /goods/handl82866263.htm HTTP/1.0" 200 323 "-" "Mozilla/5.0 AppleWebKit/537.36 (KHTML, like Gecko; compatible; GPTBot/1.2; +https://openai.com/gptbot)"
57.141.2.79 - - [16/Sep/2025:07:56:41 +0700] "GET /goods/sew31039106.htm HTTP/1.0" 200 323 "-" "meta-externalagent/1.1 (+https://developers.facebook.com/docs/sharing/webmasters/crawler)"
20.171.207.42 - - [16/Sep/2025:07:56:41 +0700] "GET /goods/visit52972204.htm HTTP/1.0" 200 323 "-" "Mozilla/5.0 AppleWebKit/537.36 (KHTML, like Gecko; compatible; GPTBot/1.2; +https://openai.com/gptbot)"
20.171.207.42 - - [16/Sep/2025:07:56:45 +0700] "GET /goods/chanc72001150.htm HTTP/1.0" 200 323 "-" "Mozilla/5.0 AppleWebKit/537.36 (KHTML, like Gecko; compatible; GPTBot/1.2; +https://openai.com/gptbot)"
20.171.207.42 - - [16/Sep/2025:07:56:48 +0700] "GET /goods/sente31041242.htm HTTP/1.0" 200 323 "-" "Mozilla/5.0 AppleWebKit/537.36 (KHTML, like Gecko; compatible; GPTBot/1.2; +https://openai.com/gptbot)"
20.171.207.42 - - [16/Sep/2025:07:56:51 +0700] "GET /goods/magaz52581052.htm HTTP/1.0" 200 323 "-" "Mozilla/5.0 AppleWebKit/537.36 (KHTML, like Gecko; compatible; GPTBot/1.2; +https://openai.com/gptbot)"
20.171.207.42 - - [16/Sep/2025:07:56:54 +0700] "GET /goods/stead70141998.htm HTTP/1.0" 200 323 "-" "Mozilla/5.0 AppleWebKit/537.36 (KHTML, like Gecko; compatible; GPTBot/1.2; +https://openai.com/gptbot)"
20.171.207.42 - - [16/Sep/2025:07:56:57 +0700] "GET /goods/postg60274205.htm HTTP/1.0" 200 323 "-" "Mozilla/5.0 AppleWebKit/537.36 (KHTML, like Gecko; compatible; GPTBot/1.2; +https://openai.com/gptbot)"
20.171.207.42 - - [16/Sep/2025:07:57:00 +0700] "GET /goods/theat32001506.htm HTTP/1.0" 200 323 "-" "Mozilla/5.0 AppleWebKit/537.36 (KHTML, like Gecko; compatible; GPTBot/1.2; +https://openai.com/gptbot)"
20.171.207.42 - - [16/Sep/2025:07:57:03 +0700] "GET /goods/drown61911549.htm HTTP/1.0" 200 323 "-" "Mozilla/5.0 AppleWebKit/537.36 (KHTML, like Gecko; compatible; GPTBot/1.2; +https://openai.com/gptbot)"
20.171.207.42 - - [16/Sep/2025:07:57:07 +0700] "GET /goods/asham32902210.htm HTTP/1.0" 200 323 "-" "Mozilla/5.0 AppleWebKit/537.36 (KHTML, like Gecko; compatible; GPTBot/1.2; +https://openai.com/gptbot)"
57.141.2.27 - - [16/Sep/2025:07:57:09 +0700] "GET /goods/greet21321121.htm HTTP/1.0" 200 323 "-" "meta-externalagent/1.1 (+https://developers.facebook.com/docs/sharing/webmasters/crawler)"
20.171.207.42 - - [16/Sep/2025:07:57:10 +0700] "GET /goods/steel10088920.htm HTTP/1.0" 200 323 "-" "Mozilla/5.0 AppleWebKit/537.36 (KHTML, like Gecko; compatible; GPTBot/1.2; +https://openai.com/gptbot)"
20.171.207.42 - - [16/Sep/2025:07:57:13 +0700] "GET /goods/botto41629067.htm HTTP/1.0" 200 323 "-" "Mozilla/5.0 AppleWebKit/537.36 (KHTML, like Gecko; compatible; GPTBot/1.2; +https://openai.com/gptbot)"
20.171.207.42 - - [16/Sep/2025:07:57:16 +0700] "GET /goods/impos71609406.htm HTTP/1.0" 200 323 "-" "Mozilla/5.0 AppleWebKit/537.36 (KHTML, like Gecko; compatible; GPTBot/1.2; +https://openai.com/gptbot)"
20.171.207.42 - - [16/Sep/2025:07:57:19 +0700] "GET /goods/addre40024355.htm HTTP/1.0" 200 323 "-" "Mozilla/5.0 AppleWebKit/537.36 (KHTML, like Gecko; compatible; GPTBot/1.2; +https://openai.com/gptbot)"
20.171.207.42 - - [16/Sep/2025:07:57:22 +0700] "GET /goods/addit61306045.htm HTTP/1.0" 200 323 "-" "Mozilla/5.0 AppleWebKit/537.36 (KHTML, like Gecko; compatible; GPTBot/1.2; +https://openai.com/gptbot)"
20.171.207.42 - - [16/Sep/2025:07:57:25 +0700] "GET /goods/optio12598024.htm HTTP/1.0" 200 323 "-" "Mozilla/5.0 AppleWebKit/537.36 (KHTML, like Gecko; compatible; GPTBot/1.2; +https://openai.com/gptbot)"
20.171.207.42 - - [16/Sep/2025:07:57:28 +0700] "GET /goods/comfo62368589.htm HTTP/1.0" 200 323 "-" "Mozilla/5.0 AppleWebKit/537.36 (KHTML, like Gecko; compatible; GPTBot/1.2; +https://openai.com/gptbot)"
20.171.207.42 - - [16/Sep/2025:07:57:32 +0700] "GET /goods/moreo12519592.htm HTTP/1.0" 200 323 "-" "Mozilla/5.0 AppleWebKit/537.36 (KHTML, like Gecko; compatible; GPTBot/1.2; +https://openai.com/gptbot)"
20.171.207.42 - - [16/Sep/2025:07:57:35 +0700] "GET /goods/endle10398888.htm HTTP/1.0" 200 323 "-" "Mozilla/5.0 AppleWebKit/537.36 (KHTML, like Gecko; compatible; GPTBot/1.2; +https://openai.com/gptbot)"
57.141.2.26 - - [16/Sep/2025:07:57:37 +0700] "GET /goods/foul51567972.htm HTTP/1.0" 200 323 "-" "meta-externalagent/1.1 (+https://developers.facebook.com/docs/sharing/webmasters/crawler)"
20.171.207.42 - - [16/Sep/2025:07:57:38 +0700] "GET /goods/spray70311118.htm HTTP/1.0" 200 323 "-" "Mozilla/5.0 AppleWebKit/537.36 (KHTML, like Gecko; compatible; GPTBot/1.2; +https://openai.com/gptbot)"
20.171.207.42 - - [16/Sep/2025:07:57:41 +0700] "GET /goods/endle10158888.htm HTTP/1.0" 200 323 "-" "Mozilla/5.0 AppleWebKit/537.36 (KHTML, like Gecko; compatible; GPTBot/1.2; +https://openai.com/gptbot)"
20.171.207.42 - - [16/Sep/2025:07:57:44 +0700] "GET /goods/semes30073610.htm HTTP/1.0" 200 323 "-" "Mozilla/5.0 AppleWebKit/537.36 (KHTML, like Gecko; compatible; GPTBot/1.2; +https://openai.com/gptbot)"
20.171.207.42 - - [16/Sep/2025:07:57:47 +0700] "GET /goods/honey72677774.htm HTTP/1.0" 200 323 "-" "Mozilla/5.0 AppleWebKit/537.36 (KHTML, like Gecko; compatible; GPTBot/1.2; +https://openai.com/gptbot)"
20.171.207.42 - - [16/Sep/2025:07:57:50 +0700] "GET /goods/ident10670000.htm HTTP/1.0" 200 323 "-" "Mozilla/5.0 AppleWebKit/537.36 (KHTML, like Gecko; compatible; GPTBot/1.2; +https://openai.com/gptbot)"
20.171.207.42 - - [16/Sep/2025:07:57:53 +0700] "GET /goods/adjec52066660.htm HTTP/1.0" 200 323 "-" "Mozilla/5.0 AppleWebKit/537.36 (KHTML, like Gecko; compatible; GPTBot/1.2; +https://openai.com/gptbot)"
20.171.207.42 - - [16/Sep/2025:07:57:57 +0700] "GET /goods/gover11693088.htm HTTP/1.0" 200 323 "-" "Mozilla/5.0 AppleWebKit/537.36 (KHTML, like Gecko; compatible; GPTBot/1.2; +https://openai.com/gptbot)"
20.171.207.42 - - [16/Sep/2025:07:58:00 +0700] "GET /goods/invar40918323.htm HTTP/1.0" 200 323 "-" "Mozilla/5.0 AppleWebKit/537.36 (KHTML, like Gecko; compatible; GPTBot/1.2; +https://openai.com/gptbot)"
20.171.207.42 - - [16/Sep/2025:07:58:03 +0700] "GET /goods/rifle70619294.htm HTTP/1.0" 200 323 "-" "Mozilla/5.0 AppleWebKit/537.36 (KHTML, like Gecko; compatible; GPTBot/1.2; +https://openai.com/gptbot)"
20.171.207.42 - - [16/Sep/2025:07:58:06 +0700] "GET /goods/priva72380510.htm HTTP/1.0" 200 323 "-" "Mozilla/5.0 AppleWebKit/537.36 (KHTML, like Gecko; compatible; GPTBot/1.2; +https://openai.com/gptbot)"
20.171.207.42 - - [16/Sep/2025:07:58:09 +0700] "GET /goods/purse10808064.htm HTTP/1.0" 200 323 "-" "Mozilla/5.0 AppleWebKit/537.36 (KHTML, like Gecko; compatible; GPTBot/1.2; +https://openai.com/gptbot)"
20.171.207.42 - - [16/Sep/2025:07:58:13 +0700] "GET /goods/rifle71903294.htm HTTP/1.0" 200 323 "-" "Mozilla/5.0 AppleWebKit/537.36 (KHTML, like Gecko; compatible; GPTBot/1.2; +https://openai.com/gptbot)"
20.171.207.42 - - [16/Sep/2025:07:58:16 +0700] "GET /goods/verif32982706.htm HTTP/1.0" 200 323 "-" "Mozilla/5.0 AppleWebKit/537.36 (KHTML, like Gecko; compatible; GPTBot/1.2; +https://openai.com/gptbot)"
20.171.207.42 - - [16/Sep/2025:07:58:19 +0700] "GET /goods/brazi62821509.htm HTTP/1.0" 200 323 "-" "Mozilla/5.0 AppleWebKit/537.36 (KHTML, like Gecko; compatible; GPTBot/1.2; +https://openai.com/gptbot)"
20.171.207.42 - - [16/Sep/2025:07:58:22 +0700] "GET /goods/frank10398552.htm HTTP/1.0" 200 323 "-" "Mozilla/5.0 AppleWebKit/537.36 (KHTML, like Gecko; compatible; GPTBot/1.2; +https://openai.com/gptbot)"
20.171.207.42 - - [16/Sep/2025:07:58:25 +0700] "GET /goods/layer71659350.htm HTTP/1.0" 200 323 "-" "Mozilla/5.0 AppleWebKit/537.36 (KHTML, like Gecko; compatible; GPTBot/1.2; +https://openai.com/gptbot)"
20.171.207.42 - - [16/Sep/2025:07:58:28 +0700] "GET /goods/curve40871643.htm HTTP/1.0" 200 323 "-" "Mozilla/5.0 AppleWebKit/537.36 (KHTML, like Gecko; compatible; GPTBot/1.2; +https://openai.com/gptbot)"
20.171.207.42 - - [16/Sep/2025:07:58:31 +0700] "GET /goods/pacif72885310.htm HTTP/1.0" 200 323 "-" "Mozilla/5.0 AppleWebKit/537.36 (KHTML, like Gecko; compatible; GPTBot/1.2; +https://openai.com/gptbot)"
20.171.207.42 - - [16/Sep/2025:07:58:34 +0700] "GET /goods/privi62174853.htm HTTP/1.0" 200 323 "-" "Mozilla/5.0 AppleWebKit/537.36 (KHTML, like Gecko; compatible; GPTBot/1.2; +https://openai.com/gptbot)"
20.171.207.42 - - [16/Sep/2025:07:58:37 +0700] "GET /goods/barel52973980.htm HTTP/1.0" 200 323 "-" "Mozilla/5.0 AppleWebKit/537.36 (KHTML, like Gecko; compatible; GPTBot/1.2; +https://openai.com/gptbot)"
20.171.207.42 - - [16/Sep/2025:07:58:41 +0700] "GET /goods/injur32601746.htm HTTP/1.0" 200 323 "-" "Mozilla/5.0 AppleWebKit/537.36 (KHTML, like Gecko; compatible; GPTBot/1.2; +https://openai.com/gptbot)"
20.171.207.42 - - [16/Sep/2025:07:58:44 +0700] "GET /goods/clari11375648.htm HTTP/1.0" 200 323 "-" "Mozilla/5.0 AppleWebKit/537.36 (KHTML, like Gecko; compatible; GPTBot/1.2; +https://openai.com/gptbot)"
20.171.207.42 - - [16/Sep/2025:07:58:47 +0700] "GET /goods/vague51234980.htm HTTP/1.0" 200 323 "-" "Mozilla/5.0 AppleWebKit/537.36 (KHTML, like Gecko; compatible; GPTBot/1.2; +https://openai.com/gptbot)"
20.171.207.42 - - [16/Sep/2025:07:58:50 +0700] "GET /goods/brack62387701.htm HTTP/1.0" 200 323 "-" "Mozilla/5.0 AppleWebKit/537.36 (KHTML, like Gecko; compatible; GPTBot/1.2; +https://openai.com/gptbot)"
20.171.207.42 - - [16/Sep/2025:07:58:53 +0700] "GET /goods/fable21558697.htm HTTP/1.0" 200 323 "-" "Mozilla/5.0 AppleWebKit/537.36 (KHTML, like Gecko; compatible; GPTBot/1.2; +https://openai.com/gptbot)"
20.171.207.42 - - [16/Sep/2025:07:58:56 +0700] "GET /goods/incre70153254.htm HTTP/1.0" 200 323 "-" "Mozilla/5.0 AppleWebKit/537.36 (KHTML, like Gecko; compatible; GPTBot/1.2; +https://openai.com/gptbot)"
20.171.207.42 - - [16/Sep/2025:07:59:00 +0700] "GET /goods/black42980067.htm HTTP/1.0" 200 323 "-" "Mozilla/5.0 AppleWebKit/537.36 (KHTML, like Gecko; compatible; GPTBot/1.2; +https://openai.com/gptbot)"
20.171.207.42 - - [16/Sep/2025:07:59:03 +0700] "GET /goods/prefa21086657.htm HTTP/1.0" 200 323 "-" "Mozilla/5.0 AppleWebKit/537.36 (KHTML, like Gecko; compatible; GPTBot/1.2; +https://openai.com/gptbot)"
20.171.207.42 - - [16/Sep/2025:07:59:06 +0700] "GET /goods/zebra81024543.htm HTTP/1.0" 200 323 "-" "Mozilla/5.0 AppleWebKit/537.36 (KHTML, like Gecko; compatible; GPTBot/1.2; +https://openai.com/gptbot)"
20.171.207.42 - - [16/Sep/2025:07:59:09 +0700] "GET /goods/enlar71663502.htm HTTP/1.0" 200 323 "-" "Mozilla/5.0 AppleWebKit/537.36 (KHTML, like Gecko; compatible; GPTBot/1.2; +https://openai.com/gptbot)"
20.171.207.42 - - [16/Sep/2025:07:59:12 +0700] "GET /goods/moody80939983.htm HTTP/1.0" 200 323 "-" "Mozilla/5.0 AppleWebKit/537.36 (KHTML, like Gecko; compatible; GPTBot/1.2; +https://openai.com/gptbot)"
20.171.207.42 - - [16/Sep/2025:07:59:15 +0700] "GET /goods/infec81815151.htm HTTP/1.0" 200 323 "-" "Mozilla/5.0 AppleWebKit/537.36 (KHTML, like Gecko; compatible; GPTBot/1.2; +https://openai.com/gptbot)"
57.141.2.70 - - [16/Sep/2025:07:59:16 +0700] "GET /goods/claw12494832.htm HTTP/1.0" 200 323 "-" "meta-externalagent/1.1 (+https://developers.facebook.com/docs/sharing/webmasters/crawler)"
20.171.207.42 - - [16/Sep/2025:07:59:19 +0700] "GET /goods/windo32593250.htm HTTP/1.0" 200 323 "-" "Mozilla/5.0 AppleWebKit/537.36 (KHTML, like Gecko; compatible; GPTBot/1.2; +https://openai.com/gptbot)"
20.171.207.42 - - [16/Sep/2025:07:59:22 +0700] "GET /goods/brood32334474.htm HTTP/1.0" 200 323 "-" "Mozilla/5.0 AppleWebKit/537.36 (KHTML, like Gecko; compatible; GPTBot/1.2; +https://openai.com/gptbot)"
20.171.207.42 - - [16/Sep/2025:07:59:25 +0700] "GET /goods/refin22322337.htm HTTP/1.0" 200 323 "-" "Mozilla/5.0 AppleWebKit/537.36 (KHTML, like Gecko; compatible; GPTBot/1.2; +https://openai.com/gptbot)"
20.171.207.42 - - [16/Sep/2025:07:59:28 +0700] "GET /goods/gover10713088.htm HTTP/1.0" 200 323 "-" "Mozilla/5.0 AppleWebKit/537.36 (KHTML, like Gecko; compatible; GPTBot/1.2; +https://openai.com/gptbot)"
20.171.207.42 - - [16/Sep/2025:07:59:31 +0700] "GET /goods/uneas10491104.htm HTTP/1.0" 200 323 "-" "Mozilla/5.0 AppleWebKit/537.36 (KHTML, like Gecko; compatible; GPTBot/1.2; +https://openai.com/gptbot)"
20.171.207.42 - - [16/Sep/2025:07:59:34 +0700] "GET /goods/float51051076.htm HTTP/1.0" 200 323 "-" "Mozilla/5.0 AppleWebKit/537.36 (KHTML, like Gecko; compatible; GPTBot/1.2; +https://openai.com/gptbot)"
20.171.207.42 - - [16/Sep/2025:07:59:38 +0700] "GET /goods/nurse10540544.htm HTTP/1.0" 200 323 "-" "Mozilla/5.0 AppleWebKit/537.36 (KHTML, like Gecko; compatible; GPTBot/1.2; +https://openai.com/gptbot)"
20.171.207.42 - - [16/Sep/2025:07:59:41 +0700] "GET /goods/arith81839183.htm HTTP/1.0" 200 323 "-" "Mozilla/5.0 AppleWebKit/537.36 (KHTML, like Gecko; compatible; GPTBot/1.2; +https://openai.com/gptbot)"
20.171.207.42 - - [16/Sep/2025:07:59:44 +0700] "GET /goods/humid11111208.htm HTTP/1.0" 200 323 "-" "Mozilla/5.0 AppleWebKit/537.36 (KHTML, like Gecko; compatible; GPTBot/1.2; +https://openai.com/gptbot)"
20.171.207.42 - - [16/Sep/2025:07:59:47 +0700] "GET /goods/goodn52427116.htm HTTP/1.0" 200 323 "-" "Mozilla/5.0 AppleWebKit/537.36 (KHTML, like Gecko; compatible; GPTBot/1.2; +https://openai.com/gptbot)"
20.171.207.42 - - [16/Sep/2025:07:59:50 +0700] "GET /goods/atom%2022855817.htm HTTP/1.0" 200 323 "-" "Mozilla/5.0 AppleWebKit/537.36 (KHTML, like Gecko; compatible; GPTBot/1.2; +https://openai.com/gptbot)"
20.171.207.42 - - [16/Sep/2025:07:59:53 +0700] "GET /goods/month31313202.htm HTTP/1.0" 200 323 "-" "Mozilla/5.0 AppleWebKit/537.36 (KHTML, like Gecko; compatible; GPTBot/1.2; +https://openai.com/gptbot)"
20.171.207.42 - - [16/Sep/2025:07:59:57 +0700] "GET /config/aws.yml HTTP/1.0" 200 323 "-" "Mozilla/5.0 AppleWebKit/537.36 (KHTML, like Gecko; compatible; GPTBot/1.2; +https://openai.com/gptbot)"
20.171.207.42 - - [16/Sep/2025:08:00:00 +0700] "GET /sitemap.xml HTTP/1.0" 200 1583 "-" "Mozilla/5.0 AppleWebKit/537.36 (KHTML, like Gecko; compatible; GPTBot/1.2; +https://openai.com/gptbot)"
20.171.207.42 - - [16/Sep/2025:08:00:03 +0700] "GET /backend/.env HTTP/1.0" 200 323 "-" "Mozilla/5.0 AppleWebKit/537.36 (KHTML, like Gecko; compatible; GPTBot/1.2; +https://openai.com/gptbot)"
20.171.207.42 - - [16/Sep/2025:08:00:06 +0700] "GET /config/env.json HTTP/1.0" 200 323 "-" "Mozilla/5.0 AppleWebKit/537.36 (KHTML, like Gecko; compatible; GPTBot/1.2; +https://openai.com/gptbot)"
20.171.207.42 - - [16/Sep/2025:08:00:09 +0700] "GET /application/config/foreign_chars.php HTTP/1.0" 200 323 "-" "Mozilla/5.0 AppleWebKit/537.36 (KHTML, like Gecko; compatible; GPTBot/1.2; +https://openai.com/gptbot)"
20.171.207.42 - - [16/Sep/2025:08:00:12 +0700] "GET /.docker/laravel/app/.env HTTP/1.0" 200 323 "-" "Mozilla/5.0 AppleWebKit/537.36 (KHTML, like Gecko; compatible; GPTBot/1.2; +https://openai.com/gptbot)"
20.171.207.42 - - [16/Sep/2025:08:00:15 +0700] "GET /wp-includes/js/jquery/jquery.js HTTP/1.0" 200 323 "-" "Mozilla/5.0 AppleWebKit/537.36 (KHTML, like Gecko; compatible; GPTBot/1.2; +https://openai.com/gptbot)"
20.171.207.42 - - [16/Sep/2025:08:00:18 +0700] "GET /config/test.json HTTP/1.0" 200 323 "-" "Mozilla/5.0 AppleWebKit/537.36 (KHTML, like Gecko; compatible; GPTBot/1.2; +https://openai.com/gptbot)"
20.171.207.42 - - [16/Sep/2025:08:00:21 +0700] "GET /config/settings.json HTTP/1.0" 200 323 "-" "Mozilla/5.0 AppleWebKit/537.36 (KHTML, like Gecko; compatible; GPTBot/1.2; +https://openai.com/gptbot)"
20.171.207.42 - - [16/Sep/2025:08:00:25 +0700] "GET /application/config/profiler.php HTTP/1.0" 200 323 "-" "Mozilla/5.0 AppleWebKit/537.36 (KHTML, like Gecko; compatible; GPTBot/1.2; +https://openai.com/gptbot)"
20.171.207.42 - - [16/Sep/2025:08:00:28 +0700] "GET /sitemape.xml HTTP/1.0" 200 143938 "-" "Mozilla/5.0 AppleWebKit/537.36 (KHTML, like Gecko; compatible; GPTBot/1.2; +https://openai.com/gptbot)"
57.141.2.23 - - [16/Sep/2025:08:00:29 +0700] "GET /goods/amper52071436.htm HTTP/1.0" 200 323 "-" "meta-externalagent/1.1 (+https://developers.facebook.com/docs/sharing/webmasters/crawler)"
20.171.207.42 - - [16/Sep/2025:08:00:31 +0700] "GET /sitemapa.xml HTTP/1.0" 200 84502 "-" "Mozilla/5.0 AppleWebKit/537.36 (KHTML, like Gecko; compatible; GPTBot/1.2; +https://openai.com/gptbot)"
57.141.2.34 - - [16/Sep/2025:08:00:33 +0700] "GET /goods/gay52410796.htm HTTP/1.0" 200 323 "-" "meta-externalagent/1.1 (+https://developers.facebook.com/docs/sharing/webmasters/crawler)"
20.171.207.42 - - [16/Sep/2025:08:00:34 +0700] "GET /media/system/js/core.js HTTP/1.0" 200 323 "-" "Mozilla/5.0 AppleWebKit/537.36 (KHTML, like Gecko; compatible; GPTBot/1.2; +https://openai.com/gptbot)"
20.171.207.42 - - [16/Sep/2025:08:00:37 +0700] "GET /private/config.json HTTP/1.0" 200 323 "-" "Mozilla/5.0 AppleWebKit/537.36 (KHTML, like Gecko; compatible; GPTBot/1.2; +https://openai.com/gptbot)"
20.171.207.42 - - [16/Sep/2025:08:00:40 +0700] "GET /sitemapd.xml HTTP/1.0" 200 149398 "-" "Mozilla/5.0 AppleWebKit/537.36 (KHTML, like Gecko; compatible; GPTBot/1.2; +https://openai.com/gptbot)"
20.171.207.42 - - [16/Sep/2025:08:00:44 +0700] "GET /goods/jazz50429628.htm HTTP/1.0" 200 323 "-" "Mozilla/5.0 AppleWebKit/537.36 (KHTML, like Gecko; compatible; GPTBot/1.2; +https://openai.com/gptbot)"
20.171.207.42 - - [16/Sep/2025:08:00:47 +0700] "GET /goods/lace40231315.htm HTTP/1.0" 200 323 "-" "Mozilla/5.0 AppleWebKit/537.36 (KHTML, like Gecko; compatible; GPTBot/1.2; +https://openai.com/gptbot)"
20.171.207.42 - - [16/Sep/2025:08:00:50 +0700] "GET /.docker/.env HTTP/1.0" 200 323 "-" "Mozilla/5.0 AppleWebKit/537.36 (KHTML, like Gecko; compatible; GPTBot/1.2; +https://openai.com/gptbot)"
57.141.2.54 - - [16/Sep/2025:08:00:52 +0700] "GET /goods/take32133458.htm HTTP/1.0" 200 323 "-" "meta-externalagent/1.1 (+https://developers.facebook.com/docs/sharing/webmasters/crawler)"
20.171.207.42 - - [16/Sep/2025:08:00:53 +0700] "GET /goods/corn80119535.htm HTTP/1.0" 200 323 "-" "Mozilla/5.0 AppleWebKit/537.36 (KHTML, like Gecko; compatible; GPTBot/1.2; +https://openai.com/gptbot)"
20.171.207.42 - - [16/Sep/2025:08:00:56 +0700] "GET /goods/round12176584.htm HTTP/1.0" 200 323 "-" "Mozilla/5.0 AppleWebKit/537.36 (KHTML, like Gecko; compatible; GPTBot/1.2; +https://openai.com/gptbot)"
20.171.207.42 - - [16/Sep/2025:08:00:59 +0700] "GET /goods/undo51987052.htm HTTP/1.0" 200 323 "-" "Mozilla/5.0 AppleWebKit/537.36 (KHTML, like Gecko; compatible; GPTBot/1.2; +https://openai.com/gptbot)"
20.171.207.42 - - [16/Sep/2025:08:01:03 +0700] "GET /goods/note51572460.htm HTTP/1.0" 200 323 "-" "Mozilla/5.0 AppleWebKit/537.36 (KHTML, like Gecko; compatible; GPTBot/1.2; +https://openai.com/gptbot)"
20.171.207.42 - - [16/Sep/2025:08:01:06 +0700] "GET /goods/bark30159522.htm HTTP/1.0" 200 323 "-" "Mozilla/5.0 AppleWebKit/537.36 (KHTML, like Gecko; compatible; GPTBot/1.2; +https://openai.com/gptbot)"
20.171.207.42 - - [16/Sep/2025:08:01:09 +0700] "GET /goods/lid32174850.htm HTTP/1.0" 200 323 "-" "Mozilla/5.0 AppleWebKit/537.36 (KHTML, like Gecko; compatible; GPTBot/1.2; +https://openai.com/gptbot)"
57.141.2.11 - - [16/Sep/2025:08:01:10 +0700] "GET /goods/caree41987067.htm HTTP/1.0" 200 323 "-" "meta-externalagent/1.1 (+https://developers.facebook.com/docs/sharing/webmasters/crawler)"
20.171.207.42 - - [16/Sep/2025:08:01:12 +0700] "GET /goods/hence20319017.htm HTTP/1.0" 200 323 "-" "Mozilla/5.0 AppleWebKit/537.36 (KHTML, like Gecko; compatible; GPTBot/1.2; +https://openai.com/gptbot)"
20.171.207.42 - - [16/Sep/2025:08:01:15 +0700] "GET /goods/stale42146235.htm HTTP/1.0" 200 323 "-" "Mozilla/5.0 AppleWebKit/537.36 (KHTML, like Gecko; compatible; GPTBot/1.2; +https://openai.com/gptbot)"
20.171.207.42 - - [16/Sep/2025:08:01:18 +0700] "GET /goods/deser60345877.htm HTTP/1.0" 200 323 "-" "Mozilla/5.0 AppleWebKit/537.36 (KHTML, like Gecko; compatible; GPTBot/1.2; +https://openai.com/gptbot)"
20.171.207.42 - - [16/Sep/2025:08:01:21 +0700] "GET /goods/simpl21145305.htm HTTP/1.0" 200 323 "-" "Mozilla/5.0 AppleWebKit/537.36 (KHTML, like Gecko; compatible; GPTBot/1.2; +https://openai.com/gptbot)"
57.141.2.70 - - [16/Sep/2025:08:01:23 +0700] "GET /goods/jew10741392.htm HTTP/1.0" 200 323 "-" "meta-externalagent/1.1 (+https://developers.facebook.com/docs/sharing/webmasters/crawler)"
20.171.207.42 - - [16/Sep/2025:08:01:24 +0700] "GET /goods/polar12233592.htm HTTP/1.0" 200 323 "-" "Mozilla/5.0 AppleWebKit/537.36 (KHTML, like Gecko; compatible; GPTBot/1.2; +https://openai.com/gptbot)"
66.249.70.70 - - [16/Sep/2025:08:01:25 +0700] "GET /goods/not22180345.htm HTTP/1.0" 200 181861 "-" "Mozilla/5.0 (Linux; Android 6.0.1; Nexus 5X Build/MMB29P) AppleWebKit/537.36 (KHTML, like Gecko) Chrome/140.0.7339.127 Mobile Safari/537.36 (compatible; Googlebot/2.1; +http://www.google.com/bot.html)"
20.171.207.42 - - [16/Sep/2025:08:01:28 +0700] "GET /goods/crown11966512.htm HTTP/1.0" 200 323 "-" "Mozilla/5.0 AppleWebKit/537.36 (KHTML, like Gecko; compatible; GPTBot/1.2; +https://openai.com/gptbot)"
20.171.207.42 - - [16/Sep/2025:08:01:31 +0700] "GET /goods/greek41351283.htm HTTP/1.0" 200 323 "-" "Mozilla/5.0 AppleWebKit/537.36 (KHTML, like Gecko; compatible; GPTBot/1.2; +https://openai.com/gptbot)"
20.171.207.42 - - [16/Sep/2025:08:01:34 +0700] "GET /goods/inter62784293.htm HTTP/1.0" 200 323 "-" "Mozilla/5.0 AppleWebKit/537.36 (KHTML, like Gecko; compatible; GPTBot/1.2; +https://openai.com/gptbot)"
20.171.207.42 - - [16/Sep/2025:08:01:37 +0700] "GET /goods/breez21318849.htm HTTP/1.0" 200 323 "-" "Mozilla/5.0 AppleWebKit/537.36 (KHTML, like Gecko; compatible; GPTBot/1.2; +https://openai.com/gptbot)"
20.171.207.42 - - [16/Sep/2025:08:01:40 +0700] "GET /goods/first12940728.htm HTTP/1.0" 200 323 "-" "Mozilla/5.0 AppleWebKit/537.36 (KHTML, like Gecko; compatible; GPTBot/1.2; +https://openai.com/gptbot)"
20.171.207.42 - - [16/Sep/2025:08:01:44 +0700] "GET /goods/lovel82416527.htm HTTP/1.0" 200 323 "-" "Mozilla/5.0 AppleWebKit/537.36 (KHTML, like Gecko; compatible; GPTBot/1.2; +https://openai.com/gptbot)"
20.171.207.42 - - [16/Sep/2025:08:01:46 +0700] "GET /goods/abund52898012.htm HTTP/1.0" 200 323 "-" "Mozilla/5.0 AppleWebKit/537.36 (KHTML, like Gecko; compatible; GPTBot/1.2; +https://openai.com/gptbot)"
20.171.207.42 - - [16/Sep/2025:08:01:50 +0700] "GET /goods/russi20868313.htm HTTP/1.0" 200 323 "-" "Mozilla/5.0 AppleWebKit/537.36 (KHTML, like Gecko; compatible; GPTBot/1.2; +https://openai.com/gptbot)"
20.171.207.42 - - [16/Sep/2025:08:01:53 +0700] "GET /goods/feath50599268.htm HTTP/1.0" 200 323 "-" "Mozilla/5.0 AppleWebKit/537.36 (KHTML, like Gecko; compatible; GPTBot/1.2; +https://openai.com/gptbot)"
20.171.207.42 - - [16/Sep/2025:08:01:56 +0700] "GET /goods/harmo80042367.htm HTTP/1.0" 200 323 "-" "Mozilla/5.0 AppleWebKit/537.36 (KHTML, like Gecko; compatible; GPTBot/1.2; +https://openai.com/gptbot)"
20.171.207.42 - - [16/Sep/2025:08:01:59 +0700] "GET /goods/agend22567729.htm HTTP/1.0" 200 323 "-" "Mozilla/5.0 AppleWebKit/537.36 (KHTML, like Gecko; compatible; GPTBot/1.2; +https://openai.com/gptbot)"
20.171.207.42 - - [16/Sep/2025:08:02:02 +0700] "GET /goods/plura80431167.htm HTTP/1.0" 200 323 "-" "Mozilla/5.0 AppleWebKit/537.36 (KHTML, like Gecko; compatible; GPTBot/1.2; +https://openai.com/gptbot)"
20.171.207.42 - - [16/Sep/2025:08:02:05 +0700] "GET /goods/plate72828758.htm HTTP/1.0" 200 323 "-" "Mozilla/5.0 AppleWebKit/537.36 (KHTML, like Gecko; compatible; GPTBot/1.2; +https://openai.com/gptbot)"
20.171.207.42 - - [16/Sep/2025:08:02:08 +0700] "GET /goods/chamb12291400.htm HTTP/1.0" 200 323 "-" "Mozilla/5.0 AppleWebKit/537.36 (KHTML, like Gecko; compatible; GPTBot/1.2; +https://openai.com/gptbot)"
57.141.2.1 - - [16/Sep/2025:08:02:11 +0700] "GET /goods/zag62375933.htm HTTP/1.0" 200 323 "-" "meta-externalagent/1.1 (+https://developers.facebook.com/docs/sharing/webmasters/crawler)"
20.171.207.42 - - [16/Sep/2025:08:02:12 +0700] "GET /goods/adult41425443.htm HTTP/1.0" 200 323 "-" "Mozilla/5.0 AppleWebKit/537.36 (KHTML, like Gecko; compatible; GPTBot/1.2; +https://openai.com/gptbot)"
20.171.207.42 - - [16/Sep/2025:08:02:15 +0700] "GET /goods/tonig22672377.htm HTTP/1.0" 200 323 "-" "Mozilla/5.0 AppleWebKit/537.36 (KHTML, like Gecko; compatible; GPTBot/1.2; +https://openai.com/gptbot)"
20.171.207.42 - - [16/Sep/2025:08:02:18 +0700] "GET /goods/ninet31136002.htm HTTP/1.0" 200 323 "-" "Mozilla/5.0 AppleWebKit/537.36 (KHTML, like Gecko; compatible; GPTBot/1.2; +https://openai.com/gptbot)"
20.171.207.42 - - [16/Sep/2025:08:02:21 +0700] "GET /goods/shrie30950930.htm HTTP/1.0" 200 323 "-" "Mozilla/5.0 AppleWebKit/537.36 (KHTML, like Gecko; compatible; GPTBot/1.2; +https://openai.com/gptbot)"
20.171.207.42 - - [16/Sep/2025:08:02:24 +0700] "GET /goods/energ41484515.htm HTTP/1.0" 200 323 "-" "Mozilla/5.0 AppleWebKit/537.36 (KHTML, like Gecko; compatible; GPTBot/1.2; +https://openai.com/gptbot)"
20.171.207.42 - - [16/Sep/2025:08:02:27 +0700] "GET /goods/gloom42294059.htm HTTP/1.0" 200 323 "-" "Mozilla/5.0 AppleWebKit/537.36 (KHTML, like Gecko; compatible; GPTBot/1.2; +https://openai.com/gptbot)"
66.249.70.71 - - [16/Sep/2025:08:02:28 +0700] "GET /goods/fancy22334385.htm HTTP/1.0" 200 177765 "-" "Mozilla/5.0 (Linux; Android 6.0.1; Nexus 5X Build/MMB29P) AppleWebKit/537.36 (KHTML, like Gecko) Chrome/140.0.7339.127 Mobile Safari/537.36 (compatible; Googlebot/2.1; +http://www.google.com/bot.html)"
20.171.207.42 - - [16/Sep/2025:08:02:31 +0700] "GET /goods/group20208001.htm HTTP/1.0" 200 323 "-" "Mozilla/5.0 AppleWebKit/537.36 (KHTML, like Gecko; compatible; GPTBot/1.2; +https://openai.com/gptbot)"
20.171.207.42 - - [16/Sep/2025:08:02:34 +0700] "GET /goods/remem72364262.htm HTTP/1.0" 200 323 "-" "Mozilla/5.0 AppleWebKit/537.36 (KHTML, like Gecko; compatible; GPTBot/1.2; +https://openai.com/gptbot)"
20.171.207.42 - - [16/Sep/2025:08:02:37 +0700] "GET /goods/bogus62941989.htm HTTP/1.0" 200 323 "-" "Mozilla/5.0 AppleWebKit/537.36 (KHTML, like Gecko; compatible; GPTBot/1.2; +https://openai.com/gptbot)"
20.171.207.42 - - [16/Sep/2025:08:02:40 +0700] "GET /goods/custo61077461.htm HTTP/1.0" 200 323 "-" "Mozilla/5.0 AppleWebKit/537.36 (KHTML, like Gecko; compatible; GPTBot/1.2; +https://openai.com/gptbot)"
57.141.2.14 - - [16/Sep/2025:08:02:43 +0700] "GET /goods/spill62115069.htm HTTP/1.0" 200 323 "-" "meta-externalagent/1.1 (+https://developers.facebook.com/docs/sharing/webmasters/crawler)"
20.171.207.42 - - [16/Sep/2025:08:02:43 +0700] "GET /goods/spoon50548324.htm HTTP/1.0" 200 323 "-" "Mozilla/5.0 AppleWebKit/537.36 (KHTML, like Gecko; compatible; GPTBot/1.2; +https://openai.com/gptbot)"
20.171.207.42 - - [16/Sep/2025:08:02:46 +0700] "GET /goods/manua80458487.htm HTTP/1.0" 200 323 "-" "Mozilla/5.0 AppleWebKit/537.36 (KHTML, like Gecko; compatible; GPTBot/1.2; +https://openai.com/gptbot)"
20.171.207.42 - - [16/Sep/2025:08:02:50 +0700] "GET /goods/manua82578487.htm HTTP/1.0" 200 323 "-" "Mozilla/5.0 AppleWebKit/537.36 (KHTML, like Gecko; compatible; GPTBot/1.2; +https://openai.com/gptbot)"
20.171.207.42 - - [16/Sep/2025:08:02:53 +0700] "GET /goods/one22992297.htm HTTP/1.0" 200 323 "-" "Mozilla/5.0 AppleWebKit/537.36 (KHTML, like Gecko; compatible; GPTBot/1.2; +https://openai.com/gptbot)"
20.171.207.42 - - [16/Sep/2025:08:02:56 +0700] "GET /goods/drop62528613.htm HTTP/1.0" 200 323 "-" "Mozilla/5.0 AppleWebKit/537.36 (KHTML, like Gecko; compatible; GPTBot/1.2; +https://openai.com/gptbot)"
20.171.207.42 - - [16/Sep/2025:08:02:59 +0700] "GET /goods/now12144856.htm HTTP/1.0" 200 323 "-" "Mozilla/5.0 AppleWebKit/537.36 (KHTML, like Gecko; compatible; GPTBot/1.2; +https://openai.com/gptbot)"
20.171.207.42 - - [16/Sep/2025:08:03:02 +0700] "GET /goods/queue82777791.htm HTTP/1.0" 200 323 "-" "Mozilla/5.0 AppleWebKit/537.36 (KHTML, like Gecko; compatible; GPTBot/1.2; +https://openai.com/gptbot)"
57.141.2.61 - - [16/Sep/2025:08:03:03 +0700] "GET /goods/girl30888546.htm HTTP/1.0" 200 323 "-" "meta-externalagent/1.1 (+https://developers.facebook.com/docs/sharing/webmasters/crawler)"
20.171.207.42 - - [16/Sep/2025:08:03:05 +0700] "GET /goods/be80692015.htm HTTP/1.0" 200 323 "-" "Mozilla/5.0 AppleWebKit/537.36 (KHTML, like Gecko; compatible; GPTBot/1.2; +https://openai.com/gptbot)"
20.171.207.42 - - [16/Sep/2025:08:03:08 +0700] "GET /goods/pad30871210.htm HTTP/1.0" 200 323 "-" "Mozilla/5.0 AppleWebKit/537.36 (KHTML, like Gecko; compatible; GPTBot/1.2; +https://openai.com/gptbot)"
57.141.2.65 - - [16/Sep/2025:08:03:12 +0700] "GET /goods/tent72916478.htm HTTP/1.0" 200 323 "-" "meta-externalagent/1.1 (+https://developers.facebook.com/docs/sharing/webmasters/crawler)"
20.171.207.42 - - [16/Sep/2025:08:03:12 +0700] "GET /goods/we32696058.htm HTTP/1.0" 200 323 "-" "Mozilla/5.0 AppleWebKit/537.36 (KHTML, like Gecko; compatible; GPTBot/1.2; +https://openai.com/gptbot)"
57.141.2.22 - - [16/Sep/2025:08:03:12 +0700] "GET /goods/bear82061279.htm HTTP/1.0" 200 323 "-" "meta-externalagent/1.1 (+https://developers.facebook.com/docs/sharing/webmasters/crawler)"
20.171.207.42 - - [16/Sep/2025:08:03:15 +0700] "GET /goods/we31960058.htm HTTP/1.0" 200 323 "-" "Mozilla/5.0 AppleWebKit/537.36 (KHTML, like Gecko; compatible; GPTBot/1.2; +https://openai.com/gptbot)"
20.171.207.42 - - [16/Sep/2025:08:03:18 +0700] "GET /goods/on81177071.htm HTTP/1.0" 200 323 "-" "Mozilla/5.0 AppleWebKit/537.36 (KHTML, like Gecko; compatible; GPTBot/1.2; +https://openai.com/gptbot)"
20.171.207.42 - - [16/Sep/2025:08:03:21 +0700] "GET /goods/ax72506838.htm HTTP/1.0" 200 323 "-" "Mozilla/5.0 AppleWebKit/537.36 (KHTML, like Gecko; compatible; GPTBot/1.2; +https://openai.com/gptbot)"
20.171.207.42 - - [16/Sep/2025:08:03:24 +0700] "GET /goods/or30300498.htm HTTP/1.0" 200 323 "-" "Mozilla/5.0 AppleWebKit/537.36 (KHTML, like Gecko; compatible; GPTBot/1.2; +https://openai.com/gptbot)"
57.141.2.55 - - [16/Sep/2025:08:03:27 +0700] "GET /goods/force70656710.htm HTTP/1.0" 200 323 "-" "meta-externalagent/1.1 (+https://developers.facebook.com/docs/sharing/webmasters/crawler)"
20.171.207.42 - - [16/Sep/2025:08:03:27 +0700] "GET /goods/oh22327521.htm HTTP/1.0" 200 323 "-" "Mozilla/5.0 AppleWebKit/537.36 (KHTML, like Gecko; compatible; GPTBot/1.2; +https://openai.com/gptbot)"
20.171.207.42 - - [16/Sep/2025:08:03:31 +0700] "GET /goods/mr52797380.htm HTTP/1.0" 200 323 "-" "Mozilla/5.0 AppleWebKit/537.36 (KHTML, like Gecko; compatible; GPTBot/1.2; +https://openai.com/gptbot)"
20.171.207.42 - - [16/Sep/2025:08:03:34 +0700] "GET /goods/on82981071.htm HTTP/1.0" 200 323 "-" "Mozilla/5.0 AppleWebKit/537.36 (KHTML, like Gecko; compatible; GPTBot/1.2; +https://openai.com/gptbot)"
20.171.207.42 - - [16/Sep/2025:08:03:37 +0700] "GET /goods/ad11815320.htm HTTP/1.0" 200 323 "-" "Mozilla/5.0 AppleWebKit/537.36 (KHTML, like Gecko; compatible; GPTBot/1.2; +https://openai.com/gptbot)"
20.171.207.42 - - [16/Sep/2025:08:03:40 +0700] "GET /goods/cd72861142.htm HTTP/1.0" 200 323 "-" "Mozilla/5.0 AppleWebKit/537.36 (KHTML, like Gecko; compatible; GPTBot/1.2; +https://openai.com/gptbot)"
20.171.207.42 - - [16/Sep/2025:08:03:43 +0700] "GET /goods/up22756889.htm HTTP/1.0" 200 323 "-" "Mozilla/5.0 AppleWebKit/537.36 (KHTML, like Gecko; compatible; GPTBot/1.2; +https://openai.com/gptbot)"
20.171.207.42 - - [16/Sep/2025:08:03:47 +0700] "GET /goods/hi20058745.htm HTTP/1.0" 200 323 "-" "Mozilla/5.0 AppleWebKit/537.36 (KHTML, like Gecko; compatible; GPTBot/1.2; +https://openai.com/gptbot)"
20.171.207.42 - - [16/Sep/2025:08:03:50 +0700] "GET /goods/he60296045.htm HTTP/1.0" 200 323 "-" "Mozilla/5.0 AppleWebKit/537.36 (KHTML, like Gecko; compatible; GPTBot/1.2; +https://openai.com/gptbot)"
20.171.207.42 - - [16/Sep/2025:08:03:53 +0700] "GET /goods/at31724042.htm HTTP/1.0" 200 323 "-" "Mozilla/5.0 AppleWebKit/537.36 (KHTML, like Gecko; compatible; GPTBot/1.2; +https://openai.com/gptbot)"
20.171.207.42 - - [16/Sep/2025:08:03:56 +0700] "GET /goods/on82825071.htm HTTP/1.0" 200 323 "-" "Mozilla/5.0 AppleWebKit/537.36 (KHTML, like Gecko; compatible; GPTBot/1.2; +https://openai.com/gptbot)"
20.171.207.42 - - [16/Sep/2025:08:03:59 +0700] "GET /goods/of31557090.htm HTTP/1.0" 200 323 "-" "Mozilla/5.0 AppleWebKit/537.36 (KHTML, like Gecko; compatible; GPTBot/1.2; +https://openai.com/gptbot)"
20.171.207.42 - - [16/Sep/2025:08:04:02 +0700] "GET /goods/oh22907521.htm HTTP/1.0" 200 323 "-" "Mozilla/5.0 AppleWebKit/537.36 (KHTML, like Gecko; compatible; GPTBot/1.2; +https://openai.com/gptbot)"
20.171.207.42 - - [16/Sep/2025:08:04:05 +0700] "GET /goods/ax70342838.htm HTTP/1.0" 200 323 "-" "Mozilla/5.0 AppleWebKit/537.36 (KHTML, like Gecko; compatible; GPTBot/1.2; +https://openai.com/gptbot)"
20.171.207.42 - - [16/Sep/2025:08:04:08 +0700] "GET /goods/ad10087320.htm HTTP/1.0" 200 323 "-" "Mozilla/5.0 AppleWebKit/537.36 (KHTML, like Gecko; compatible; GPTBot/1.2; +https://openai.com/gptbot)"
20.171.207.42 - - [16/Sep/2025:08:04:11 +0700] "GET /goods/so32804770.htm HTTP/1.0" 200 323 "-" "Mozilla/5.0 AppleWebKit/537.36 (KHTML, like Gecko; compatible; GPTBot/1.2; +https://openai.com/gptbot)"
20.171.207.42 - - [16/Sep/2025:08:04:15 +0700] "GET /goods/ax71086838.htm HTTP/1.0" 200 323 "-" "Mozilla/5.0 AppleWebKit/537.36 (KHTML, like Gecko; compatible; GPTBot/1.2; +https://openai.com/gptbot)"
20.171.207.42 - - [16/Sep/2025:08:04:18 +0700] "GET /goods/be82448015.htm HTTP/1.0" 200 323 "-" "Mozilla/5.0 AppleWebKit/537.36 (KHTML, like Gecko; compatible; GPTBot/1.2; +https://openai.com/gptbot)"
20.171.207.42 - - [16/Sep/2025:08:04:21 +0700] "GET /goods/cd72481142.htm HTTP/1.0" 200 323 "-" "Mozilla/5.0 AppleWebKit/537.36 (KHTML, like Gecko; compatible; GPTBot/1.2; +https://openai.com/gptbot)"
20.171.207.42 - - [16/Sep/2025:08:04:24 +0700] "GET /goods/if42476043.htm HTTP/1.0" 200 323 "-" "Mozilla/5.0 AppleWebKit/537.36 (KHTML, like Gecko; compatible; GPTBot/1.2; +https://openai.com/gptbot)"
20.171.207.42 - - [16/Sep/2025:08:04:27 +0700] "GET /goods/as22596305.htm HTTP/1.0" 200 323 "-" "Mozilla/5.0 AppleWebKit/537.36 (KHTML, like Gecko; compatible; GPTBot/1.2; +https://openai.com/gptbot)"
20.171.207.42 - - [16/Sep/2025:08:04:30 +0700] "GET /goods/no72873014.htm HTTP/1.0" 200 323 "-" "Mozilla/5.0 AppleWebKit/537.36 (KHTML, like Gecko; compatible; GPTBot/1.2; +https://openai.com/gptbot)"
