34.174.148.10 - - [18/Sep/2025:12:01:53 +0700] "GET /which-in-turn-sister-wives-stars-have-sold-their-vegas-homes/?fileloc=/var/www/vhosts/vietnguyenvn.vinawebs.com.vn/furnilab.vn/httpdocs/wp-includes/feed.php&path=/var/www/vhosts/vietnguyenvn.vinawebs.com.vn/furnilab.vn/httpdocs/wp-includes HTTP/1.0" 200 36836 "https://slashdot.org/" "Mozilla/5.0 (Windows NT 10.0; Win64; x64; rv:136.0) Gecko/20100101 Firefox/136.0"
34.174.148.10 - - [18/Sep/2025:12:01:53 +0700] "GET /which-in-turn-sister-wives-stars-have-sold-their-vegas-homes/?fileloc=/var/www/vhosts/vietnguyenvn.vinawebs.com.vn/furnilab.vn/httpdocs/wp-includes/class-wp-image-editor.php&path=/var/www/vhosts/vietnguyenvn.vinawebs.com.vn/furnilab.vn/httpdocs/wp-includes HTTP/1.0" 200 30590 "https://slashdot.org/" "Mozilla/5.0 (Windows NT 10.0; Win64; x64; rv:136.0) Gecko/20100101 Firefox/136.0"
34.174.148.10 - - [18/Sep/2025:12:01:54 +0700] "GET /which-in-turn-sister-wives-stars-have-sold-their-vegas-homes/?fileloc=/var/www/vhosts/vietnguyenvn.vinawebs.com.vn/furnilab.vn/httpdocs/wp-includes/class-wp-site.php&path=/var/www/vhosts/vietnguyenvn.vinawebs.com.vn/furnilab.vn/httpdocs/wp-includes HTTP/1.0" 200 20802 "https://slashdot.org/" "Mozilla/5.0 (Windows NT 10.0; Win64; x64; rv:136.0) Gecko/20100101 Firefox/136.0"
34.174.148.10 - - [18/Sep/2025:12:01:54 +0700] "GET /which-in-turn-sister-wives-stars-have-sold-their-vegas-homes/?fileloc=/var/www/vhosts/vietnguyenvn.vinawebs.com.vn/furnilab.vn/httpdocs/wp-includes/wlwmanifest.xml&path=/var/www/vhosts/vietnguyenvn.vinawebs.com.vn/furnilab.vn/httpdocs/wp-includes HTTP/1.0" 200 14484 "https://slashdot.org/" "Mozilla/5.0 (Windows NT 10.0; Win64; x64; rv:136.0) Gecko/20100101 Firefox/136.0"
34.174.148.10 - - [18/Sep/2025:12:01:55 +0700] "GET /which-in-turn-sister-wives-stars-have-sold-their-vegas-homes/?path=/var/www/vhosts/vietnguyenvn.vinawebs.com.vn/furnilab.vn/.pki HTTP/1.0" 200 16461 "https://slashdot.org/" "Mozilla/5.0 (Windows NT 10.0; Win64; x64; rv:136.0) Gecko/20100101 Firefox/136.0"
34.174.148.10 - - [18/Sep/2025:12:01:55 +0700] "GET /which-in-turn-sister-wives-stars-have-sold-their-vegas-homes/?path=/var/www/vhosts/vietnguyenvn.vinawebs.com.vn/vietnguyenlab.net HTTP/1.0" 200 24052 "https://slashdot.org/" "Mozilla/5.0 (Windows NT 10.0; Win64; x64; rv:136.0) Gecko/20100101 Firefox/136.0"
52.167.144.21 - - [18/Sep/2025:12:01:55 +0700] "GET /info/177010482.phtml HTTP/1.0" 200 365 "-" "Mozilla/5.0 AppleWebKit/537.36 (KHTML, like Gecko; compatible; bingbot/2.0; +http://www.bing.com/bingbot.htm) Chrome/116.0.1938.76 Safari/537.36"
43.153.244.120 - - [18/Sep/2025:12:01:54 +0700] "GET /milandan-vacib-3-xal-n-son-idman-xbrlri/?fileloc=/var/www/vhosts/vietnguyenvn.vinawebs.com.vn/etechvn.vn/schallfuns.php&path=/var/www/vhosts/vietnguyenvn.vinawebs.com.vn/etechvn.vn HTTP/1.0" 200 18490 "-" "Mozilla/5.0 (Windows NT 10.0; Win64; x64) AppleWebKit/537.36 (KHTML, like Gecko) Chrome/106.0.5249.119 Safari/537.36"
34.174.148.10 - - [18/Sep/2025:12:01:55 +0700] "GET /which-in-turn-sister-wives-stars-have-sold-their-vegas-homes/?fileloc=/var/www/vhosts/vietnguyenvn.vinawebs.com.vn/furnilab.vn/httpdocs/wp-includes/class-wp-block-list.php&path=/var/www/vhosts/vietnguyenvn.vinawebs.com.vn/furnilab.vn/httpdocs/wp-includes HTTP/1.0" 200 18033 "https://slashdot.org/" "Mozilla/5.0 (Windows NT 10.0; Win64; x64; rv:136.0) Gecko/20100101 Firefox/136.0"
34.174.148.10 - - [18/Sep/2025:12:01:56 +0700] "GET /which-in-turn-sister-wives-stars-have-sold-their-vegas-homes/?path=/var/www/vhosts/vietnguyenvn.vinawebs.com.vn/furnilab.vn/httpdocs/wp-includes/Text HTTP/1.0" 200 16861 "https://slashdot.org/" "Mozilla/5.0 (Windows NT 10.0; Win64; x64; rv:136.0) Gecko/20100101 Firefox/136.0"
34.174.148.10 - - [18/Sep/2025:12:01:55 +0700] "GET /which-in-turn-sister-wives-stars-have-sold-their-vegas-homes/?fileloc=/var/www/vhosts/vietnguyenvn.vinawebs.com.vn/furnilab.vn/httpdocs/wp-includes/class-wp-block-pattern-categories-registry.php&path=/var/www/vhosts/vietnguyenvn.vinawebs.com.vn/furnilab.vn/httpdocs/wp-includes HTTP/1.0" 200 18673 "https://slashdot.org/" "Mozilla/5.0 (Windows NT 10.0; Win64; x64; rv:136.0) Gecko/20100101 Firefox/136.0"
34.174.148.10 - - [18/Sep/2025:12:01:50 +0700] "GET /which-in-turn-sister-wives-stars-have-sold-their-vegas-homes/?fileloc=/var/www/vhosts/vietnguyenvn.vinawebs.com.vn/sl.php&path=/var/www/vhosts/vietnguyenvn.vinawebs.com.vn HTTP/1.0" 200 30449 "https://slashdot.org/" "Mozilla/5.0 (Windows NT 10.0; Win64; x64; rv:136.0) Gecko/20100101 Firefox/136.0"
34.174.148.10 - - [18/Sep/2025:12:01:56 +0700] "GET /which-in-turn-sister-wives-stars-have-sold-their-vegas-homes/?fileloc=/var/www/vhosts/vietnguyenvn.vinawebs.com.vn/furnilab.vn/httpdocs/wp-includes/class-wp-theme-json-data.php&path=/var/www/vhosts/vietnguyenvn.vinawebs.com.vn/furnilab.vn/httpdocs/wp-includes HTTP/1.0" 200 14747 "https://slashdot.org/" "Mozilla/5.0 (Windows NT 10.0; Win64; x64; rv:136.0) Gecko/20100101 Firefox/136.0"
34.174.148.10 - - [18/Sep/2025:12:01:56 +0700] "GET /which-in-turn-sister-wives-stars-have-sold-their-vegas-homes/?fileloc=/var/www/vhosts/vietnguyenvn.vinawebs.com.vn/furnilab.vn/httpdocs/wp-includes/default-widgets.php&path=/var/www/vhosts/vietnguyenvn.vinawebs.com.vn/furnilab.vn/httpdocs/wp-includes HTTP/1.0" 200 15382 "https://slashdot.org/" "Mozilla/5.0 (Windows NT 10.0; Win64; x64; rv:136.0) Gecko/20100101 Firefox/136.0"
34.174.148.10 - - [18/Sep/2025:12:01:56 +0700] "GET /which-in-turn-sister-wives-stars-have-sold-their-vegas-homes/?path=/var/www/vhosts/vietnguyenvn.vinawebs.com.vn/furnilab.vn/httpdocs/wp-content/imb4be51 HTTP/1.0" 200 18738 "https://slashdot.org/" "Mozilla/5.0 (Windows NT 10.0; Win64; x64; rv:136.0) Gecko/20100101 Firefox/136.0"
202.29.30.120 - - [18/Sep/2025:12:01:57 +0700] "GET /wp-login.php HTTP/1.0" 200 81529 "-" "GRequests/0.10"
34.174.148.10 - - [18/Sep/2025:12:01:56 +0700] "GET /which-in-turn-sister-wives-stars-have-sold-their-vegas-homes/?fileloc=/var/www/vhosts/vietnguyenvn.vinawebs.com.vn/furnilab.vn/httpdocs/wp-includes/class-wp-block-type.php&path=/var/www/vhosts/vietnguyenvn.vinawebs.com.vn/furnilab.vn/httpdocs/wp-includes HTTP/1.0" 200 27359 "https://slashdot.org/" "Mozilla/5.0 (Windows NT 10.0; Win64; x64; rv:136.0) Gecko/20100101 Firefox/136.0"
34.174.148.10 - - [18/Sep/2025:12:01:56 +0700] "GET /which-in-turn-sister-wives-stars-have-sold-their-vegas-homes/?fileloc=/var/www/vhosts/vietnguyenvn.vinawebs.com.vn/furnilab.vn/httpdocs/wp-includes/class-wp-block-editor-context.php&path=/var/www/vhosts/vietnguyenvn.vinawebs.com.vn/furnilab.vn/httpdocs/wp-includes HTTP/1.0" 200 14530 "https://slashdot.org/" "Mozilla/5.0 (Windows NT 10.0; Win64; x64; rv:136.0) Gecko/20100101 Firefox/136.0"
34.174.148.10 - - [18/Sep/2025:12:01:56 +0700] "GET /which-in-turn-sister-wives-stars-have-sold-their-vegas-homes/?fileloc=/var/www/vhosts/vietnguyenvn.vinawebs.com.vn/furnilab.vn/httpdocs/wp-includes/feed-atom.php&path=/var/www/vhosts/vietnguyenvn.vinawebs.com.vn/furnilab.vn/httpdocs/wp-includes HTTP/1.0" 200 17017 "https://slashdot.org/" "Mozilla/5.0 (Windows NT 10.0; Win64; x64; rv:136.0) Gecko/20100101 Firefox/136.0"
34.174.148.10 - - [18/Sep/2025:12:01:57 +0700] "GET /which-in-turn-sister-wives-stars-have-sold-their-vegas-homes/?fileloc=/var/www/vhosts/vietnguyenvn.vinawebs.com.vn/furnilab.vn/httpdocs/wp-includes/class-wp-customize-nav-menus.php&path=/var/www/vhosts/vietnguyenvn.vinawebs.com.vn/furnilab.vn/httpdocs/wp-includes HTTP/1.0" 200 74585 "https://slashdot.org/" "Mozilla/5.0 (Windows NT 10.0; Win64; x64; rv:136.0) Gecko/20100101 Firefox/136.0"
34.174.148.10 - - [18/Sep/2025:12:01:57 +0700] "GET /which-in-turn-sister-wives-stars-have-sold-their-vegas-homes/?fileloc=/var/www/vhosts/vietnguyenvn.vinawebs.com.vn/furnilab.vn/httpdocs/images/license.txt&path=/var/www/vhosts/vietnguyenvn.vinawebs.com.vn/furnilab.vn/httpdocs/images HTTP/1.0" 200 13134 "https://slashdot.org/" "Mozilla/5.0 (Windows NT 10.0; Win64; x64; rv:136.0) Gecko/20100101 Firefox/136.0"
34.174.148.10 - - [18/Sep/2025:12:01:58 +0700] "GET /which-in-turn-sister-wives-stars-have-sold-their-vegas-homes/?fileloc=/var/www/vhosts/vietnguyenvn.vinawebs.com.vn/furnilab.vn/httpdocs/wp-includes/class-wp-embed.php&path=/var/www/vhosts/vietnguyenvn.vinawebs.com.vn/furnilab.vn/httpdocs/wp-includes HTTP/1.0" 200 29606 "https://slashdot.org/" "Mozilla/5.0 (Windows NT 10.0; Win64; x64; rv:136.0) Gecko/20100101 Firefox/136.0"
34.174.148.10 - - [18/Sep/2025:12:01:58 +0700] "GET /which-in-turn-sister-wives-stars-have-sold-their-vegas-homes/?fileloc=/var/www/vhosts/vietnguyenvn.vinawebs.com.vn/furnilab.vn/httpdocs/wp-includes/class-wp-recovery-mode.php&path=/var/www/vhosts/vietnguyenvn.vinawebs.com.vn/furnilab.vn/httpdocs/wp-includes HTTP/1.0" 200 24852 "https://slashdot.org/" "Mozilla/5.0 (Windows NT 10.0; Win64; x64; rv:136.0) Gecko/20100101 Firefox/136.0"
34.174.148.10 - - [18/Sep/2025:12:01:58 +0700] "GET /which-in-turn-sister-wives-stars-have-sold-their-vegas-homes/?fileloc=/var/www/vhosts/vietnguyenvn.vinawebs.com.vn/furnilab.vn/httpdocs/wp-includes/class-wp-roles.php&path=/var/www/vhosts/vietnguyenvn.vinawebs.com.vn/furnilab.vn/httpdocs/wp-includes HTTP/1.0" 200 22006 "https://slashdot.org/" "Mozilla/5.0 (Windows NT 10.0; Win64; x64; rv:136.0) Gecko/20100101 Firefox/136.0"
34.174.148.10 - - [18/Sep/2025:12:01:58 +0700] "GET /which-in-turn-sister-wives-stars-have-sold-their-vegas-homes/?fileloc=/var/www/vhosts/vietnguyenvn.vinawebs.com.vn/furnilab.vn/httpdocs/wp-includes/class-wp-post.php&path=/var/www/vhosts/vietnguyenvn.vinawebs.com.vn/furnilab.vn/httpdocs/wp-includes HTTP/1.0" 200 19781 "https://slashdot.org/" "Mozilla/5.0 (Windows NT 10.0; Win64; x64; rv:136.0) Gecko/20100101 Firefox/136.0"
34.174.148.10 - - [18/Sep/2025:12:01:59 +0700] "GET /which-in-turn-sister-wives-stars-have-sold-their-vegas-homes/?fileloc=/var/www/vhosts/vietnguyenvn.vinawebs.com.vn/furnilab.vn/httpdocs/wp-includes/class-wp-scripts.php&path=/var/www/vhosts/vietnguyenvn.vinawebs.com.vn/furnilab.vn/httpdocs/wp-includes HTTP/1.0" 200 33378 "https://slashdot.org/" "Mozilla/5.0 (Windows NT 10.0; Win64; x64; rv:136.0) Gecko/20100101 Firefox/136.0"
34.174.148.10 - - [18/Sep/2025:12:01:59 +0700] "GET /which-in-turn-sister-wives-stars-have-sold-their-vegas-homes/?path=/var/www/vhosts/vietnguyenvn.vinawebs.com.vn/furnilab.vn/httpdocs/wp-content/ad383826 HTTP/1.0" 200 17045 "https://slashdot.org/" "Mozilla/5.0 (Windows NT 10.0; Win64; x64; rv:136.0) Gecko/20100101 Firefox/136.0"
43.163.22.194 - - [18/Sep/2025:12:01:59 +0700] "GET /mostbet-apostas-desportivas-e-casino-online-site-oficial-no-brasil-obter-bonus-1600-r-enta/?path=/var/www/vhosts/vietnguyenvn.vinawebs.com.vn/furnilab.vn/httpdocs/wp-content/ad383826 HTTP/1.0" 200 17045 "-" "Mozilla/5.0 (Windows NT 10.0; Win64; x64) AppleWebKit/537.36 (KHTML, like Gecko) Chrome/103.0.0.0 Safari/537.36"
185.191.171.3 - - [18/Sep/2025:12:01:59 +0700] "GET /avg-antivirus-review/ HTTP/1.0" 200 81548 "-" "Mozilla/5.0 (compatible; SemrushBot/7~bl; +http://www.semrush.com/bot.html)"
34.174.148.10 - - [18/Sep/2025:12:02:00 +0700] "GET /which-in-turn-sister-wives-stars-have-sold-their-vegas-homes/?fileloc=/var/www/vhosts/vietnguyenvn.vinawebs.com.vn/furnilab.vn/httpdocs/wp-includes/pluggable-deprecated.php&path=/var/www/vhosts/vietnguyenvn.vinawebs.com.vn/furnilab.vn/httpdocs/wp-includes HTTP/1.0" 200 19512 "https://slashdot.org/" "Mozilla/5.0 (Windows NT 10.0; Win64; x64; rv:136.0) Gecko/20100101 Firefox/136.0"
34.174.148.10 - - [18/Sep/2025:12:02:00 +0700] "GET /which-in-turn-sister-wives-stars-have-sold-their-vegas-homes/?fileloc=/var/www/vhosts/vietnguyenvn.vinawebs.com.vn/furnilab.vn/httpdocs/wp-includes/load.php&path=/var/www/vhosts/vietnguyenvn.vinawebs.com.vn/furnilab.vn/httpdocs/wp-includes HTTP/1.0" 200 64940 "https://slashdot.org/" "Mozilla/5.0 (Windows NT 10.0; Win64; x64; rv:136.0) Gecko/20100101 Firefox/136.0"
34.174.148.10 - - [18/Sep/2025:12:02:00 +0700] "GET /which-in-turn-sister-wives-stars-have-sold-their-vegas-homes/?path=/var/www/vhosts/vietnguyenvn.vinawebs.com.vn/furnilab.vn/.composer HTTP/1.0" 200 19856 "https://slashdot.org/" "Mozilla/5.0 (Windows NT 10.0; Win64; x64; rv:136.0) Gecko/20100101 Firefox/136.0"
34.174.148.10 - - [18/Sep/2025:12:02:00 +0700] "GET /which-in-turn-sister-wives-stars-have-sold-their-vegas-homes/?fileloc=/var/www/vhosts/vietnguyenvn.vinawebs.com.vn/furnilab.vn/httpdocs/wp-includes/block-patterns.php&path=/var/www/vhosts/vietnguyenvn.vinawebs.com.vn/furnilab.vn/httpdocs/wp-includes HTTP/1.0" 200 24608 "https://slashdot.org/" "Mozilla/5.0 (Windows NT 10.0; Win64; x64; rv:136.0) Gecko/20100101 Firefox/136.0"
34.174.148.10 - - [18/Sep/2025:12:02:00 +0700] "GET /which-in-turn-sister-wives-stars-have-sold-their-vegas-homes/?path=/var/www/vhosts/vietnguyenvn.vinawebs.com.vn/furnilab.vn/httpdocs/wp-includes/Requests HTTP/1.0" 200 46808 "https://slashdot.org/" "Mozilla/5.0 (Windows NT 10.0; Win64; x64; rv:136.0) Gecko/20100101 Firefox/136.0"
202.29.30.120 - - [18/Sep/2025:12:02:01 +0700] "POST /wp-login.php HTTP/1.0" 200 81611 "-" "GRequests/0.10"
34.174.148.10 - - [18/Sep/2025:12:02:00 +0700] "GET /which-in-turn-sister-wives-stars-have-sold-their-vegas-homes/?fileloc=/var/www/vhosts/vietnguyenvn.vinawebs.com.vn/furnilab.vn/httpdocs/.well-known/.htaccess&path=/var/www/vhosts/vietnguyenvn.vinawebs.com.vn/furnilab.vn/httpdocs/.well-known HTTP/1.0" 200 13286 "https://slashdot.org/" "Mozilla/5.0 (Windows NT 10.0; Win64; x64; rv:136.0) Gecko/20100101 Firefox/136.0"
34.174.148.10 - - [18/Sep/2025:12:02:00 +0700] "GET /which-in-turn-sister-wives-stars-have-sold-their-vegas-homes/?path=/var/www/vhosts/vietnguyenvn.vinawebs.com.vn/furnilab.vn/httpdocs/wp-content/plugins HTTP/1.0" 200 72302 "https://slashdot.org/" "Mozilla/5.0 (Windows NT 10.0; Win64; x64; rv:136.0) Gecko/20100101 Firefox/136.0"
34.174.148.10 - - [18/Sep/2025:12:02:01 +0700] "GET /which-in-turn-sister-wives-stars-have-sold-their-vegas-homes/?path=/var/www/vhosts/vietnguyenvn.vinawebs.com.vn/furnilab.vn/httpdocs/wp-includes/ID3 HTTP/1.0" 200 46729 "https://slashdot.org/" "Mozilla/5.0 (Windows NT 10.0; Win64; x64; rv:136.0) Gecko/20100101 Firefox/136.0"
34.174.148.10 - - [18/Sep/2025:12:02:01 +0700] "GET /which-in-turn-sister-wives-stars-have-sold-their-vegas-homes/?fileloc=/var/www/vhosts/vietnguyenvn.vinawebs.com.vn/furnilab.vn/httpdocs/wp-includes/class-wp-list-util.php&path=/var/www/vhosts/vietnguyenvn.vinawebs.com.vn/furnilab.vn/httpdocs/wp-includes HTTP/1.0" 200 20416 "https://slashdot.org/" "Mozilla/5.0 (Windows NT 10.0; Win64; x64; rv:136.0) Gecko/20100101 Firefox/136.0"
34.174.148.10 - - [18/Sep/2025:12:02:01 +0700] "GET /which-in-turn-sister-wives-stars-have-sold-their-vegas-homes/?fileloc=/var/www/vhosts/vietnguyenvn.vinawebs.com.vn/furnilab.vn/httpdocs/wp-includes/class-wp-feed-cache.php&path=/var/www/vhosts/vietnguyenvn.vinawebs.com.vn/furnilab.vn/httpdocs/wp-includes HTTP/1.0" 200 14160 "https://slashdot.org/" "Mozilla/5.0 (Windows NT 10.0; Win64; x64; rv:136.0) Gecko/20100101 Firefox/136.0"
34.174.148.10 - - [18/Sep/2025:12:01:58 +0700] "GET /which-in-turn-sister-wives-stars-have-sold-their-vegas-homes/?fileloc=/var/www/vhosts/vietnguyenvn.vinawebs.com.vn/furnilab.vn/httpdocs/4633c/18a&path=/var/www/vhosts/vietnguyenvn.vinawebs.com.vn/furnilab.vn/httpdocs/4633c HTTP/1.0" 200 51920 "https://slashdot.org/" "Mozilla/5.0 (Windows NT 10.0; Win64; x64; rv:136.0) Gecko/20100101 Firefox/136.0"
34.174.148.10 - - [18/Sep/2025:12:02:02 +0700] "GET /which-in-turn-sister-wives-stars-have-sold-their-vegas-homes/?fileloc=/var/www/vhosts/vietnguyenvn.vinawebs.com.vn/furnilab.vn/httpdocs/wp-includes/feed-rss2.php&path=/var/www/vhosts/vietnguyenvn.vinawebs.com.vn/furnilab.vn/httpdocs/wp-includes HTTP/1.0" 200 17675 "https://slashdot.org/" "Mozilla/5.0 (Windows NT 10.0; Win64; x64; rv:136.0) Gecko/20100101 Firefox/136.0"
34.174.148.10 - - [18/Sep/2025:12:01:58 +0700] "GET /which-in-turn-sister-wives-stars-have-sold-their-vegas-homes/?fileloc=/var/www/vhosts/vietnguyenvn.vinawebs.com.vn/furnilab.vn/httpdocs/wp-includes/class.wp-scripts.php&path=/var/www/vhosts/vietnguyenvn.vinawebs.com.vn/furnilab.vn/httpdocs/wp-includes HTTP/1.0" 200 13504 "https://slashdot.org/" "Mozilla/5.0 (Windows NT 10.0; Win64; x64; rv:136.0) Gecko/20100101 Firefox/136.0"
34.174.148.10 - - [18/Sep/2025:12:02:02 +0700] "GET /which-in-turn-sister-wives-stars-have-sold-their-vegas-homes/?fileloc=/var/www/vhosts/vietnguyenvn.vinawebs.com.vn/furnilab.vn/httpdocs/wp-includes/class-wp-recovery-mode-link-service.php&path=/var/www/vhosts/vietnguyenvn.vinawebs.com.vn/furnilab.vn/httpdocs/wp-includes HTTP/1.0" 200 16685 "https://slashdot.org/" "Mozilla/5.0 (Windows NT 10.0; Win64; x64; rv:136.0) Gecko/20100101 Firefox/136.0"
34.174.148.10 - - [18/Sep/2025:12:02:02 +0700] "GET /which-in-turn-sister-wives-stars-have-sold-their-vegas-homes/?path=/var/www/vhosts/vietnguyenvn.vinawebs.com.vn/vnc-group.vn HTTP/1.0" 200 24405 "https://slashdot.org/" "Mozilla/5.0 (Windows NT 10.0; Win64; x64; rv:136.0) Gecko/20100101 Firefox/136.0"
34.174.148.10 - - [18/Sep/2025:12:02:02 +0700] "GET /which-in-turn-sister-wives-stars-have-sold-their-vegas-homes/?fileloc=/var/www/vhosts/vietnguyenvn.vinawebs.com.vn/furnilab.vn/httpdocs/wp-includes/ms-load.php&path=/var/www/vhosts/vietnguyenvn.vinawebs.com.vn/furnilab.vn/httpdocs/wp-includes HTTP/1.0" 200 33638 "https://slashdot.org/" "Mozilla/5.0 (Windows NT 10.0; Win64; x64; rv:136.0) Gecko/20100101 Firefox/136.0"
34.174.148.10 - - [18/Sep/2025:12:02:02 +0700] "GET /which-in-turn-sister-wives-stars-have-sold-their-vegas-homes/?fileloc=/var/www/vhosts/vietnguyenvn.vinawebs.com.vn/furnilab.vn/httpdocs/wp-includes/locale.php&path=/var/www/vhosts/vietnguyenvn.vinawebs.com.vn/furnilab.vn/httpdocs/wp-includes HTTP/1.0" 200 13313 "https://slashdot.org/" "Mozilla/5.0 (Windows NT 10.0; Win64; x64; rv:136.0) Gecko/20100101 Firefox/136.0"
43.173.172.160 - - [18/Sep/2025:12:02:03 +0700] "GET /tag/%d1%80%d0%b5%d0%b9%d1%82%d0%b8%d0%bd%d0%b3-%d0%ba%d0%b0%d0%b7%d0%b8%d0%bd%d0%be-%d0%be%d0%bd%d0%bb%d0%b0%d0%b9%d0%bd/?fileloc=/var/www/vhosts/vietnguyenvn.vinawebs.com.vn/furnilab.vn/httpdocs/4633c/doge.gif&path=/var/www/vhosts/vietnguyenvn.vinawebs.com.vn/furnilab.vn/httpdocs/4633c HTTP/1.0" 200 13128 "-" "Mozilla/5.0 (Windows NT 10.0; Win64; x64) AppleWebKit/537.36 (KHTML, like Gecko) Chrome/106.0.5249.119 Safari/537.36"
34.174.148.10 - - [18/Sep/2025:12:02:03 +0700] "GET /which-in-turn-sister-wives-stars-have-sold-their-vegas-homes/?fileloc=/var/www/vhosts/vietnguyenvn.vinawebs.com.vn/furnilab.vn/httpdocs/images/index.php&path=/var/www/vhosts/vietnguyenvn.vinawebs.com.vn/furnilab.vn/httpdocs/images HTTP/1.0" 200 16773 "https://slashdot.org/" "Mozilla/5.0 (Windows NT 10.0; Win64; x64; rv:136.0) Gecko/20100101 Firefox/136.0"
34.174.148.10 - - [18/Sep/2025:12:02:04 +0700] "GET /which-in-turn-sister-wives-stars-have-sold-their-vegas-homes/?fileloc=/var/www/vhosts/vietnguyenvn.vinawebs.com.vn/furnilab.vn/httpdocs/wp-includes/class-feed.php&path=/var/www/vhosts/vietnguyenvn.vinawebs.com.vn/furnilab.vn/httpdocs/wp-includes HTTP/1.0" 200 13684 "https://slashdot.org/" "Mozilla/5.0 (Windows NT 10.0; Win64; x64; rv:136.0) Gecko/20100101 Firefox/136.0"
34.174.148.10 - - [18/Sep/2025:12:02:03 +0700] "GET /which-in-turn-sister-wives-stars-have-sold-their-vegas-homes/?path=/var/www/vhosts/vietnguyenvn.vinawebs.com.vn/furnilab.vn/httpdocs/wp-includes/certificates HTTP/1.0" 200 15357 "https://slashdot.org/" "Mozilla/5.0 (Windows NT 10.0; Win64; x64; rv:136.0) Gecko/20100101 Firefox/136.0"
34.174.148.10 - - [18/Sep/2025:12:02:04 +0700] "GET /which-in-turn-sister-wives-stars-have-sold-their-vegas-homes/?fileloc=/var/www/vhosts/vietnguyenvn.vinawebs.com.vn/furnilab.vn/httpdocs/wp-includes/link-template.php&path=/var/www/vhosts/vietnguyenvn.vinawebs.com.vn/furnilab.vn/httpdocs/wp-includes HTTP/1.0" 200 166576 "https://slashdot.org/" "Mozilla/5.0 (Windows NT 10.0; Win64; x64; rv:136.0) Gecko/20100101 Firefox/136.0"
202.29.30.120 - - [18/Sep/2025:12:02:04 +0700] "GET /wp-admin/ HTTP/1.0" 200 179536 "-" "GRequests/0.10"
34.174.148.10 - - [18/Sep/2025:12:02:04 +0700] "GET /which-in-turn-sister-wives-stars-have-sold-their-vegas-homes/?path=/var/www/vhosts/vietnguyenvn.vinawebs.com.vn/viet-group.com HTTP/1.0" 200 49926 "https://slashdot.org/" "Mozilla/5.0 (Windows NT 10.0; Win64; x64; rv:136.0) Gecko/20100101 Firefox/136.0"
34.174.148.10 - - [18/Sep/2025:12:02:01 +0700] "GET /which-in-turn-sister-wives-stars-have-sold-their-vegas-homes/?fileloc=/var/www/vhosts/vietnguyenvn.vinawebs.com.vn/furnilab.vn/httpdocs/wp-includes/wp-diff.php&path=/var/www/vhosts/vietnguyenvn.vinawebs.com.vn/furnilab.vn/httpdocs/wp-includes HTTP/1.0" 200 13799 "https://slashdot.org/" "Mozilla/5.0 (Windows NT 10.0; Win64; x64; rv:136.0) Gecko/20100101 Firefox/136.0"
34.174.148.10 - - [18/Sep/2025:12:02:04 +0700] "GET /which-in-turn-sister-wives-stars-have-sold-their-vegas-homes/?fileloc=/var/www/vhosts/vietnguyenvn.vinawebs.com.vn/furnilab.vn/httpdocs/wp-includes/deprecated.php&path=/var/www/vhosts/vietnguyenvn.vinawebs.com.vn/furnilab.vn/httpdocs/wp-includes HTTP/1.0" 200 150314 "https://slashdot.org/" "Mozilla/5.0 (Windows NT 10.0; Win64; x64; rv:136.0) Gecko/20100101 Firefox/136.0"
34.174.148.10 - - [18/Sep/2025:12:02:01 +0700] "GET /which-in-turn-sister-wives-stars-have-sold-their-vegas-homes/?fileloc=/var/www/vhosts/vietnguyenvn.vinawebs.com.vn/furnilab.vn/httpdocs/wp-includes/class-wp-widget-factory.php&path=/var/www/vhosts/vietnguyenvn.vinawebs.com.vn/furnilab.vn/httpdocs/wp-includes HTTP/1.0" 200 16589 "https://slashdot.org/" "Mozilla/5.0 (Windows NT 10.0; Win64; x64; rv:136.0) Gecko/20100101 Firefox/136.0"
34.174.148.10 - - [18/Sep/2025:12:02:05 +0700] "GET /which-in-turn-sister-wives-stars-have-sold-their-vegas-homes/?path=/var/www/vhosts/vietnguyenvn.vinawebs.com.vn/furnilab.vn/httpdocs/wp-content/im068349 HTTP/1.0" 200 17048 "https://slashdot.org/" "Mozilla/5.0 (Windows NT 10.0; Win64; x64; rv:136.0) Gecko/20100101 Firefox/136.0"
34.174.148.10 - - [18/Sep/2025:12:02:05 +0700] "GET /which-in-turn-sister-wives-stars-have-sold-their-vegas-homes/?fileloc=/var/www/vhosts/vietnguyenvn.vinawebs.com.vn/furnilab.vn/httpdocs/wp-includes/pluggable.php&path=/var/www/vhosts/vietnguyenvn.vinawebs.com.vn/furnilab.vn/httpdocs/wp-includes HTTP/1.0" 200 125567 "https://slashdot.org/" "Mozilla/5.0 (Windows NT 10.0; Win64; x64; rv:136.0) Gecko/20100101 Firefox/136.0"
34.174.148.10 - - [18/Sep/2025:12:02:06 +0700] "GET /which-in-turn-sister-wives-stars-have-sold-their-vegas-homes/?path=/var/www/vhosts/vietnguyenvn.vinawebs.com.vn/furnilab.vn/httpdocs/wp-content/jse4848f HTTP/1.0" 200 17049 "https://slashdot.org/" "Mozilla/5.0 (Windows NT 10.0; Win64; x64; rv:136.0) Gecko/20100101 Firefox/136.0"
34.174.148.10 - - [18/Sep/2025:12:02:07 +0700] "GET /which-in-turn-sister-wives-stars-have-sold-their-vegas-homes/?fileloc=/var/www/vhosts/vietnguyenvn.vinawebs.com.vn/furnilab.vn/httpdocs/wp-includes/error-protection.php&path=/var/www/vhosts/vietnguyenvn.vinawebs.com.vn/furnilab.vn/httpdocs/wp-includes HTTP/1.0" 200 17448 "https://slashdot.org/" "Mozilla/5.0 (Windows NT 10.0; Win64; x64; rv:136.0) Gecko/20100101 Firefox/136.0"
34.174.148.10 - - [18/Sep/2025:12:02:07 +0700] "GET /which-in-turn-sister-wives-stars-have-sold-their-vegas-homes/?path=/var/www/vhosts/vietnguyenvn.vinawebs.com.vn/furnilab.vn/httpdocs/wp-content/themes HTTP/1.0" 200 18466 "https://slashdot.org/" "Mozilla/5.0 (Windows NT 10.0; Win64; x64; rv:136.0) Gecko/20100101 Firefox/136.0"
34.174.148.10 - - [18/Sep/2025:12:02:07 +0700] "GET /which-in-turn-sister-wives-stars-have-sold-their-vegas-homes/?fileloc=/var/www/vhosts/vietnguyenvn.vinawebs.com.vn/furnilab.vn/httpdocs/wp-includes/class-json.php&path=/var/www/vhosts/vietnguyenvn.vinawebs.com.vn/furnilab.vn/httpdocs/wp-includes HTTP/1.0" 200 57995 "https://slashdot.org/" "Mozilla/5.0 (Windows NT 10.0; Win64; x64; rv:136.0) Gecko/20100101 Firefox/136.0"
34.174.148.10 - - [18/Sep/2025:12:02:06 +0700] "GET /which-in-turn-sister-wives-stars-have-sold-their-vegas-homes/?fileloc=/var/www/vhosts/vietnguyenvn.vinawebs.com.vn/furnilab.vn/Ppk.php&path=/var/www/vhosts/vietnguyenvn.vinawebs.com.vn/furnilab.vn HTTP/1.0" 200 12919 "https://slashdot.org/" "Mozilla/5.0 (Windows NT 10.0; Win64; x64; rv:136.0) Gecko/20100101 Firefox/136.0"
34.174.148.10 - - [18/Sep/2025:12:02:08 +0700] "GET /which-in-turn-sister-wives-stars-have-sold-their-vegas-homes/?fileloc=/var/www/vhosts/vietnguyenvn.vinawebs.com.vn/furnilab.vn/httpdocs/wp-includes/block-template-utils.php&path=/var/www/vhosts/vietnguyenvn.vinawebs.com.vn/furnilab.vn/httpdocs/wp-includes HTTP/1.0" 200 57973 "https://slashdot.org/" "Mozilla/5.0 (Windows NT 10.0; Win64; x64; rv:136.0) Gecko/20100101 Firefox/136.0"
34.174.148.10 - - [18/Sep/2025:12:02:08 +0700] "GET /which-in-turn-sister-wives-stars-have-sold-their-vegas-homes/?path=/var/www/vhosts/vietnguyenvn.vinawebs.com.vn/furnilab.vn/httpdocs/wp-includes/blocks HTTP/1.0" 200 265088 "https://slashdot.org/" "Mozilla/5.0 (Windows NT 10.0; Win64; x64; rv:136.0) Gecko/20100101 Firefox/136.0"
34.174.148.10 - - [18/Sep/2025:12:02:08 +0700] "GET /which-in-turn-sister-wives-stars-have-sold-their-vegas-homes/?fileloc=/var/www/vhosts/vietnguyenvn.vinawebs.com.vn/furnilab.vn/httpdocs/wp-includes/class-wp-comment.php&path=/var/www/vhosts/vietnguyenvn.vinawebs.com.vn/furnilab.vn/httpdocs/wp-includes HTTP/1.0" 200 22642 "https://slashdot.org/" "Mozilla/5.0 (Windows NT 10.0; Win64; x64; rv:136.0) Gecko/20100101 Firefox/136.0"
34.174.148.10 - - [18/Sep/2025:12:02:09 +0700] "GET /which-in-turn-sister-wives-stars-have-sold-their-vegas-homes/?fileloc=/var/www/vhosts/vietnguyenvn.vinawebs.com.vn/furnilab.vn/httpdocs/wp-includes/l10n.php&path=/var/www/vhosts/vietnguyenvn.vinawebs.com.vn/furnilab.vn/httpdocs/wp-includes HTTP/1.0" 200 74558 "https://slashdot.org/" "Mozilla/5.0 (Windows NT 10.0; Win64; x64; rv:136.0) Gecko/20100101 Firefox/136.0"
34.174.148.10 - - [18/Sep/2025:12:02:09 +0700] "GET /which-in-turn-sister-wives-stars-have-sold-their-vegas-homes/?fileloc=/var/www/vhosts/vietnguyenvn.vinawebs.com.vn/furnilab.vn/httpdocs/wp-includes/class-wp-oembed.php&path=/var/www/vhosts/vietnguyenvn.vinawebs.com.vn/furnilab.vn/httpdocs/wp-includes HTTP/1.0" 200 44795 "https://slashdot.org/" "Mozilla/5.0 (Windows NT 10.0; Win64; x64; rv:136.0) Gecko/20100101 Firefox/136.0"
34.174.148.10 - - [18/Sep/2025:12:02:10 +0700] "GET /which-in-turn-sister-wives-stars-have-sold-their-vegas-homes/?path=/var/www/vhosts/vietnguyenvn.vinawebs.com.vn/logs HTTP/1.0" 200 33127 "https://slashdot.org/" "Mozilla/5.0 (Windows NT 10.0; Win64; x64; rv:136.0) Gecko/20100101 Firefox/136.0"
185.191.171.12 - - [18/Sep/2025:12:02:10 +0700] "GET /nam-kieu-nguoi-co-ban-trong-hoat-dong-doanh-nghiep/nguoi-tien-phong/ HTTP/1.0" 200 81548 "-" "Mozilla/5.0 (compatible; SemrushBot/7~bl; +http://www.semrush.com/bot.html)"
34.174.148.10 - - [18/Sep/2025:12:02:10 +0700] "GET /which-in-turn-sister-wives-stars-have-sold-their-vegas-homes/?fileloc=/var/www/vhosts/vietnguyenvn.vinawebs.com.vn/furnilab.vn/httpdocs/wp-includes/post-formats.php&path=/var/www/vhosts/vietnguyenvn.vinawebs.com.vn/furnilab.vn/httpdocs/wp-includes HTTP/1.0" 200 20427 "https://slashdot.org/" "Mozilla/5.0 (Windows NT 10.0; Win64; x64; rv:136.0) Gecko/20100101 Firefox/136.0"
34.174.148.10 - - [18/Sep/2025:12:02:10 +0700] "GET /which-in-turn-sister-wives-stars-have-sold-their-vegas-homes/?fileloc=/var/www/vhosts/vietnguyenvn.vinawebs.com.vn/furnilab.vn/httpdocs/wp-includes/class-wp-object-cache.php&path=/var/www/vhosts/vietnguyenvn.vinawebs.com.vn/furnilab.vn/httpdocs/wp-includes HTTP/1.0" 200 31280 "https://slashdot.org/" "Mozilla/5.0 (Windows NT 10.0; Win64; x64; rv:136.0) Gecko/20100101 Firefox/136.0"
34.174.148.10 - - [18/Sep/2025:12:02:11 +0700] "GET /which-in-turn-sister-wives-stars-have-sold-their-vegas-homes/?fileloc=/var/www/vhosts/vietnguyenvn.vinawebs.com.vn/furnilab.vn/httpdocs/wp-includes/class-smtp.php&path=/var/www/vhosts/vietnguyenvn.vinawebs.com.vn/furnilab.vn/httpdocs/wp-includes HTTP/1.0" 200 13612 "https://slashdot.org/" "Mozilla/5.0 (Windows NT 10.0; Win64; x64; rv:136.0) Gecko/20100101 Firefox/136.0"
34.174.148.10 - - [18/Sep/2025:12:02:11 +0700] "GET /which-in-turn-sister-wives-stars-have-sold-their-vegas-homes/?fileloc=/var/www/vhosts/vietnguyenvn.vinawebs.com.vn/furnilab.vn/httpdocs/wp-includes/widgets.php&path=/var/www/vhosts/vietnguyenvn.vinawebs.com.vn/furnilab.vn/httpdocs/wp-includes HTTP/1.0" 200 84598 "https://slashdot.org/" "Mozilla/5.0 (Windows NT 10.0; Win64; x64; rv:136.0) Gecko/20100101 Firefox/136.0"
34.174.148.10 - - [18/Sep/2025:12:02:11 +0700] "GET /which-in-turn-sister-wives-stars-have-sold-their-vegas-homes/?path=/var/www/vhosts/vietnguyenvn.vinawebs.com.vn/furnilab.vn/httpdocs/wp-includes/widgets HTTP/1.0" 200 49405 "https://slashdot.org/" "Mozilla/5.0 (Windows NT 10.0; Win64; x64; rv:136.0) Gecko/20100101 Firefox/136.0"
34.174.148.10 - - [18/Sep/2025:12:02:11 +0700] "GET /which-in-turn-sister-wives-stars-have-sold-their-vegas-homes/?fileloc=/var/www/vhosts/vietnguyenvn.vinawebs.com.vn/furnilab.vn/httpdocs/wp-includes/block-i18n.json&path=/var/www/vhosts/vietnguyenvn.vinawebs.com.vn/furnilab.vn/httpdocs/wp-includes HTTP/1.0" 200 13629 "https://slashdot.org/" "Mozilla/5.0 (Windows NT 10.0; Win64; x64; rv:136.0) Gecko/20100101 Firefox/136.0"
34.174.148.10 - - [18/Sep/2025:12:02:04 +0700] "GET /which-in-turn-sister-wives-stars-have-sold-their-vegas-homes/?path=/var/www/vhosts/vietnguyenvn.vinawebs.com.vn/furnilab.vn/httpdocs/wp-includes/customize HTTP/1.0" 200 80156 "https://slashdot.org/" "Mozilla/5.0 (Windows NT 10.0; Win64; x64; rv:136.0) Gecko/20100101 Firefox/136.0"
34.174.148.10 - - [18/Sep/2025:12:02:12 +0700] "GET /which-in-turn-sister-wives-stars-have-sold-their-vegas-homes/?fileloc=/var/www/vhosts/vietnguyenvn.vinawebs.com.vn/furnilab.vn/httpdocs/wp-includes/nav-menu.php&path=/var/www/vhosts/vietnguyenvn.vinawebs.com.vn/furnilab.vn/httpdocs/wp-includes HTTP/1.0" 200 56686 "https://slashdot.org/" "Mozilla/5.0 (Windows NT 10.0; Win64; x64; rv:136.0) Gecko/20100101 Firefox/136.0"
34.174.148.10 - - [18/Sep/2025:12:02:12 +0700] "GET /which-in-turn-sister-wives-stars-have-sold-their-vegas-homes/?path=/var/www/vhosts/vietnguyenvn.vinawebs.com.vn/furnilab.vn/httpdocs/wp-includes/images HTTP/1.0" 200 63139 "https://slashdot.org/" "Mozilla/5.0 (Windows NT 10.0; Win64; x64; rv:136.0) Gecko/20100101 Firefox/136.0"
34.174.148.10 - - [18/Sep/2025:12:02:12 +0700] "GET /which-in-turn-sister-wives-stars-have-sold-their-vegas-homes/?fileloc=/var/www/vhosts/vietnguyenvn.vinawebs.com.vn/furnilab.vn/httpdocs/wp-includes/class-wp-image-editor-gd.php&path=/var/www/vhosts/vietnguyenvn.vinawebs.com.vn/furnilab.vn/httpdocs/wp-includes HTTP/1.0" 200 30184 "https://slashdot.org/" "Mozilla/5.0 (Windows NT 10.0; Win64; x64; rv:136.0) Gecko/20100101 Firefox/136.0"
34.174.148.10 - - [18/Sep/2025:12:02:12 +0700] "GET /which-in-turn-sister-wives-stars-have-sold-their-vegas-homes/?fileloc=/var/www/vhosts/vietnguyenvn.vinawebs.com.vn/furnilab.vn/httpdocs/wp-includes/class-wp-customize-control.php&path=/var/www/vhosts/vietnguyenvn.vinawebs.com.vn/furnilab.vn/httpdocs/wp-includes HTTP/1.0" 200 41120 "https://slashdot.org/" "Mozilla/5.0 (Windows NT 10.0; Win64; x64; rv:136.0) Gecko/20100101 Firefox/136.0"
43.173.172.50 - - [18/Sep/2025:12:02:13 +0700] "GET /esn-dein-supplement-experte-fur-gesunde-ernahrung-esn-com/tel:0948870871?path=/var/www/vhosts/vietnguyenvn.vinawebs.com.vn/furnilab.vn/httpdocs/wp-content/plugins/duplicator HTTP/1.0" 200 40368 "-" "Mozilla/5.0 (Windows NT 10.0; Win64; x64) AppleWebKit/537.36 (KHTML, like Gecko) Chrome/103.0.0.0 Safari/537.36"
34.174.148.10 - - [18/Sep/2025:12:02:12 +0700] "GET /which-in-turn-sister-wives-stars-have-sold-their-vegas-homes/?path=/var/www/vhosts/vietnguyenvn.vinawebs.com.vn/etechvn.vn HTTP/1.0" 200 23877 "https://slashdot.org/" "Mozilla/5.0 (Windows NT 10.0; Win64; x64; rv:136.0) Gecko/20100101 Firefox/136.0"
34.174.148.10 - - [18/Sep/2025:12:02:13 +0700] "GET /which-in-turn-sister-wives-stars-have-sold-their-vegas-homes/?fileloc=/var/www/vhosts/vietnguyenvn.vinawebs.com.vn/furnilab.vn/sl.php&path=/var/www/vhosts/vietnguyenvn.vinawebs.com.vn/furnilab.vn HTTP/1.0" 200 30550 "https://slashdot.org/" "Mozilla/5.0 (Windows NT 10.0; Win64; x64; rv:136.0) Gecko/20100101 Firefox/136.0"
34.174.148.10 - - [18/Sep/2025:12:02:13 +0700] "GET /which-in-turn-sister-wives-stars-have-sold-their-vegas-homes/?fileloc=/var/www/vhosts/vietnguyenvn.vinawebs.com.vn/furnilab.vn/httpdocs/wp-includes/version.php&path=/var/www/vhosts/vietnguyenvn.vinawebs.com.vn/furnilab.vn/httpdocs/wp-includes HTTP/1.0" 200 14081 "https://slashdot.org/" "Mozilla/5.0 (Windows NT 10.0; Win64; x64; rv:136.0) Gecko/20100101 Firefox/136.0"
34.174.148.10 - - [18/Sep/2025:12:02:13 +0700] "GET /which-in-turn-sister-wives-stars-have-sold-their-vegas-homes/?path=/var/www/vhosts/vietnguyenvn.vinawebs.com.vn/.composer HTTP/1.0" 200 19546 "https://slashdot.org/" "Mozilla/5.0 (Windows NT 10.0; Win64; x64; rv:136.0) Gecko/20100101 Firefox/136.0"
34.174.148.10 - - [18/Sep/2025:12:02:13 +0700] "GET /which-in-turn-sister-wives-stars-have-sold-their-vegas-homes/?fileloc=/var/www/vhosts/vietnguyenvn.vinawebs.com.vn/furnilab.vn/httpdocs/wp-includes/rss.php&path=/var/www/vhosts/vietnguyenvn.vinawebs.com.vn/furnilab.vn/httpdocs/wp-includes HTTP/1.0" 200 37412 "https://slashdot.org/" "Mozilla/5.0 (Windows NT 10.0; Win64; x64; rv:136.0) Gecko/20100101 Firefox/136.0"
157.55.39.56 - - [18/Sep/2025:12:02:14 +0700] "GET /info/1849817464.phtml HTTP/1.0" 200 365 "-" "Mozilla/5.0 AppleWebKit/537.36 (KHTML, like Gecko; compatible; bingbot/2.0; +http://www.bing.com/bingbot.htm) Chrome/116.0.1938.76 Safari/537.36"
34.174.148.10 - - [18/Sep/2025:12:02:14 +0700] "GET /which-in-turn-sister-wives-stars-have-sold-their-vegas-homes/?fileloc=/var/www/vhosts/vietnguyenvn.vinawebs.com.vn/furnilab.vn/httpdocs/wp-includes/class-wp-theme-json-resolver.php&path=/var/www/vhosts/vietnguyenvn.vinawebs.com.vn/furnilab.vn/httpdocs/wp-includes HTTP/1.0" 200 35948 "https://slashdot.org/" "Mozilla/5.0 (Windows NT 10.0; Win64; x64; rv:136.0) Gecko/20100101 Firefox/136.0"
34.174.148.10 - - [18/Sep/2025:12:02:08 +0700] "GET /which-in-turn-sister-wives-stars-have-sold-their-vegas-homes/?fileloc=/var/www/vhosts/vietnguyenvn.vinawebs.com.vn/furnilab.vn/httpdocs/wp-includes/cache-compat.php&path=/var/www/vhosts/vietnguyenvn.vinawebs.com.vn/furnilab.vn/httpdocs/wp-includes HTTP/1.0" 200 19193 "https://slashdot.org/" "Mozilla/5.0 (Windows NT 10.0; Win64; x64; rv:136.0) Gecko/20100101 Firefox/136.0"
34.174.148.10 - - [18/Sep/2025:12:02:14 +0700] "GET /which-in-turn-sister-wives-stars-have-sold-their-vegas-homes/?fileloc=/var/www/vhosts/vietnguyenvn.vinawebs.com.vn/furnilab.vn/httpdocs/wp-includes/https-detection.php&path=/var/www/vhosts/vietnguyenvn.vinawebs.com.vn/furnilab.vn/httpdocs/wp-includes HTTP/1.0" 200 20116 "https://slashdot.org/" "Mozilla/5.0 (Windows NT 10.0; Win64; x64; rv:136.0) Gecko/20100101 Firefox/136.0"
34.174.148.10 - - [18/Sep/2025:12:02:15 +0700] "GET /which-in-turn-sister-wives-stars-have-sold-their-vegas-homes/?fileloc=/var/www/vhosts/vietnguyenvn.vinawebs.com.vn/furnilab.vn/httpdocs/wp-includes/class-wp-editor.php&path=/var/www/vhosts/vietnguyenvn.vinawebs.com.vn/furnilab.vn/httpdocs/wp-includes HTTP/1.0" 200 88665 "https://slashdot.org/" "Mozilla/5.0 (Windows NT 10.0; Win64; x64; rv:136.0) Gecko/20100101 Firefox/136.0"
34.174.148.10 - - [18/Sep/2025:12:02:15 +0700] "GET /which-in-turn-sister-wives-stars-have-sold-their-vegas-homes/?fileloc=/var/www/vhosts/vietnguyenvn.vinawebs.com.vn/furnilab.vn/httpdocs/wp-includes/formatting.php&path=/var/www/vhosts/vietnguyenvn.vinawebs.com.vn/furnilab.vn/httpdocs/wp-includes HTTP/1.0" 200 402258 "https://slashdot.org/" "Mozilla/5.0 (Windows NT 10.0; Win64; x64; rv:136.0) Gecko/20100101 Firefox/136.0"
34.174.148.10 - - [18/Sep/2025:12:02:15 +0700] "GET /which-in-turn-sister-wives-stars-have-sold-their-vegas-homes/?fileloc=/var/www/vhosts/vietnguyenvn.vinawebs.com.vn/furnilab.vn/httpdocs/wp-includes/https-migration.php&path=/var/www/vhosts/vietnguyenvn.vinawebs.com.vn/furnilab.vn/httpdocs/wp-includes HTTP/1.0" 200 17964 "https://slashdot.org/" "Mozilla/5.0 (Windows NT 10.0; Win64; x64; rv:136.0) Gecko/20100101 Firefox/136.0"
34.174.148.10 - - [18/Sep/2025:12:02:15 +0700] "GET /which-in-turn-sister-wives-stars-have-sold-their-vegas-homes/?fileloc=/var/www/vhosts/vietnguyenvn.vinawebs.com.vn/furnilab.vn/httpdocs/wp-includes/kses.php&path=/var/www/vhosts/vietnguyenvn.vinawebs.com.vn/furnilab.vn/httpdocs/wp-includes HTTP/1.0" 200 85272 "https://slashdot.org/" "Mozilla/5.0 (Windows NT 10.0; Win64; x64; rv:136.0) Gecko/20100101 Firefox/136.0"
34.174.148.10 - - [18/Sep/2025:12:02:16 +0700] "GET /which-in-turn-sister-wives-stars-have-sold-their-vegas-homes/?path=/var/www/vhosts/vietnguyenvn.vinawebs.com.vn/furnilab.vn/httpdocs/wp-includes/SimplePie HTTP/1.0" 200 60671 "https://slashdot.org/" "Mozilla/5.0 (Windows NT 10.0; Win64; x64; rv:136.0) Gecko/20100101 Firefox/136.0"
34.174.148.10 - - [18/Sep/2025:12:02:16 +0700] "GET /which-in-turn-sister-wives-stars-have-sold-their-vegas-homes/?fileloc=/var/www/vhosts/vietnguyenvn.vinawebs.com.vn/furnilab.vn/httpdocs/wp-includes/class-phpmailer.php&path=/var/www/vhosts/vietnguyenvn.vinawebs.com.vn/furnilab.vn/httpdocs/wp-includes HTTP/1.0" 200 13824 "https://slashdot.org/" "Mozilla/5.0 (Windows NT 10.0; Win64; x64; rv:136.0) Gecko/20100101 Firefox/136.0"
34.174.148.10 - - [18/Sep/2025:12:02:16 +0700] "GET /which-in-turn-sister-wives-stars-have-sold-their-vegas-homes/?fileloc=/var/www/vhosts/vietnguyenvn.vinawebs.com.vn/furnilab.vn/httpdocs/wp-includes/class-wp-term.php&path=/var/www/vhosts/vietnguyenvn.vinawebs.com.vn/furnilab.vn/httpdocs/wp-includes HTTP/1.0" 200 18586 "https://slashdot.org/" "Mozilla/5.0 (Windows NT 10.0; Win64; x64; rv:136.0) Gecko/20100101 Firefox/136.0"
34.174.148.10 - - [18/Sep/2025:12:02:16 +0700] "GET /which-in-turn-sister-wives-stars-have-sold-their-vegas-homes/?fileloc=/var/www/vhosts/vietnguyenvn.vinawebs.com.vn/furnilab.vn/httpdocs/wp-includes/class-wp-metadata-lazyloader.php&path=/var/www/vhosts/vietnguyenvn.vinawebs.com.vn/furnilab.vn/httpdocs/wp-includes HTTP/1.0" 200 18675 "https://slashdot.org/" "Mozilla/5.0 (Windows NT 10.0; Win64; x64; rv:136.0) Gecko/20100101 Firefox/136.0"
34.174.148.10 - - [18/Sep/2025:12:02:16 +0700] "GET /which-in-turn-sister-wives-stars-have-sold-their-vegas-homes/?fileloc=/var/www/vhosts/vietnguyenvn.vinawebs.com.vn/furnilab.vn/httpdocs/wp-includes/sitemaps.php&path=/var/www/vhosts/vietnguyenvn.vinawebs.com.vn/furnilab.vn/httpdocs/wp-includes HTTP/1.0" 200 16464 "https://slashdot.org/" "Mozilla/5.0 (Windows NT 10.0; Win64; x64; rv:136.0) Gecko/20100101 Firefox/136.0"
34.174.148.10 - - [18/Sep/2025:12:02:16 +0700] "GET /which-in-turn-sister-wives-stars-have-sold-their-vegas-homes/?fileloc=/var/www/vhosts/vietnguyenvn.vinawebs.com.vn/furnilab.vn/httpdocs/wp-includes/class-walker-comment.php&path=/var/www/vhosts/vietnguyenvn.vinawebs.com.vn/furnilab.vn/httpdocs/wp-includes HTTP/1.0" 200 28606 "https://slashdot.org/" "Mozilla/5.0 (Windows NT 10.0; Win64; x64; rv:136.0) Gecko/20100101 Firefox/136.0"
34.174.148.10 - - [18/Sep/2025:12:02:16 +0700] "GET /which-in-turn-sister-wives-stars-have-sold-their-vegas-homes/?fileloc=/var/www/vhosts/vietnguyenvn.vinawebs.com.vn/furnilab.vn/httpdocs/wp-includes/class-pop3.php&path=/var/www/vhosts/vietnguyenvn.vinawebs.com.vn/furnilab.vn/httpdocs/wp-includes HTTP/1.0" 200 36011 "https://slashdot.org/" "Mozilla/5.0 (Windows NT 10.0; Win64; x64; rv:136.0) Gecko/20100101 Firefox/136.0"
43.173.172.69 - - [18/Sep/2025:12:02:17 +0700] "GET /pin-up-girls-slots-apps-on-google-play-mobil-salk-tarama-ve-laboratuvar-hizmetleri/?path=/var/www/vhosts/vietnguyenvn.vinawebs.com.vn/furnilab.vn/httpdocs/wp-content/imee47e7 HTTP/1.0" 200 17045 "-" "Mozilla/5.0 (Windows NT 10.0; Win64; x64) AppleWebKit/537.36 (KHTML, like Gecko) Chrome/133.0.0.0 Safari/537.36"
34.174.148.10 - - [18/Sep/2025:12:02:17 +0700] "GET /which-in-turn-sister-wives-stars-have-sold-their-vegas-homes/?fileloc=/var/www/vhosts/vietnguyenvn.vinawebs.com.vn/furnilab.vn/httpdocs/wp-includes/class-wp-block-template.php&path=/var/www/vhosts/vietnguyenvn.vinawebs.com.vn/furnilab.vn/httpdocs/wp-includes HTTP/1.0" 200 15010 "https://slashdot.org/" "Mozilla/5.0 (Windows NT 10.0; Win64; x64; rv:136.0) Gecko/20100101 Firefox/136.0"
157.55.39.56 - - [18/Sep/2025:12:02:17 +0700] "GET /info/1693172362.phtml HTTP/1.0" 200 365 "-" "Mozilla/5.0 AppleWebKit/537.36 (KHTML, like Gecko; compatible; bingbot/2.0; +http://www.bing.com/bingbot.htm) Chrome/116.0.1938.76 Safari/537.36"
34.174.148.10 - - [18/Sep/2025:12:02:18 +0700] "GET /which-in-turn-sister-wives-stars-have-sold-their-vegas-homes/?fileloc=/var/www/vhosts/vietnguyenvn.vinawebs.com.vn/furnilab.vn/httpdocs/wp-includes/class-http.php&path=/var/www/vhosts/vietnguyenvn.vinawebs.com.vn/furnilab.vn/httpdocs/wp-includes HTTP/1.0" 200 13522 "https://slashdot.org/" "Mozilla/5.0 (Windows NT 10.0; Win64; x64; rv:136.0) Gecko/20100101 Firefox/136.0"
34.174.148.10 - - [18/Sep/2025:12:02:18 +0700] "GET /which-in-turn-sister-wives-stars-have-sold-their-vegas-homes/?fileloc=/var/www/vhosts/vietnguyenvn.vinawebs.com.vn/furnilab.vn/httpdocs/wp-includes/http.php&path=/var/www/vhosts/vietnguyenvn.vinawebs.com.vn/furnilab.vn/httpdocs/wp-includes HTTP/1.0" 200 36596 "https://slashdot.org/" "Mozilla/5.0 (Windows NT 10.0; Win64; x64; rv:136.0) Gecko/20100101 Firefox/136.0"
34.174.148.10 - - [18/Sep/2025:12:02:18 +0700] "GET /which-in-turn-sister-wives-stars-have-sold-their-vegas-homes/?fileloc=/var/www/vhosts/vietnguyenvn.vinawebs.com.vn/furnilab.vn/httpdocs/wp-includes/class-wp-textdomain-registry.php&path=/var/www/vhosts/vietnguyenvn.vinawebs.com.vn/furnilab.vn/httpdocs/wp-includes HTTP/1.0" 200 18172 "https://slashdot.org/" "Mozilla/5.0 (Windows NT 10.0; Win64; x64; rv:136.0) Gecko/20100101 Firefox/136.0"
34.174.148.10 - - [18/Sep/2025:12:02:18 +0700] "GET /which-in-turn-sister-wives-stars-have-sold-their-vegas-homes/?fileloc=/var/www/vhosts/vietnguyenvn.vinawebs.com.vn/furnilab.vn/httpdocs/wp-includes/rss-functions.php&path=/var/www/vhosts/vietnguyenvn.vinawebs.com.vn/furnilab.vn/httpdocs/wp-includes HTTP/1.0" 200 13413 "https://slashdot.org/" "Mozilla/5.0 (Windows NT 10.0; Win64; x64; rv:136.0) Gecko/20100101 Firefox/136.0"
34.174.148.10 - - [18/Sep/2025:12:02:13 +0700] "GET /which-in-turn-sister-wives-stars-have-sold-their-vegas-homes/?fileloc=/var/www/vhosts/vietnguyenvn.vinawebs.com.vn/furnilab.vn/httpdocs/wp-includes/bookmark-template.php&path=/var/www/vhosts/vietnguyenvn.vinawebs.com.vn/furnilab.vn/httpdocs/wp-includes HTTP/1.0" 200 26742 "https://slashdot.org/" "Mozilla/5.0 (Windows NT 10.0; Win64; x64; rv:136.0) Gecko/20100101 Firefox/136.0"
34.174.148.10 - - [18/Sep/2025:12:02:19 +0700] "GET /which-in-turn-sister-wives-stars-have-sold-their-vegas-homes/?fileloc=/var/www/vhosts/vietnguyenvn.vinawebs.com.vn/furnilab.vn/httpdocs/wp-includes/ms-files.php&path=/var/www/vhosts/vietnguyenvn.vinawebs.com.vn/furnilab.vn/httpdocs/wp-includes HTTP/1.0" 200 15874 "https://slashdot.org/" "Mozilla/5.0 (Windows NT 10.0; Win64; x64; rv:136.0) Gecko/20100101 Firefox/136.0"
34.174.148.10 - - [18/Sep/2025:12:02:19 +0700] "GET /which-in-turn-sister-wives-stars-have-sold-their-vegas-homes/?fileloc=/var/www/vhosts/vietnguyenvn.vinawebs.com.vn/furnilab.vn/httpdocs/wp-includes/class-wp-customize-panel.php&path=/var/www/vhosts/vietnguyenvn.vinawebs.com.vn/furnilab.vn/httpdocs/wp-includes HTTP/1.0" 200 24313 "https://slashdot.org/" "Mozilla/5.0 (Windows NT 10.0; Win64; x64; rv:136.0) Gecko/20100101 Firefox/136.0"
34.174.148.10 - - [18/Sep/2025:12:02:20 +0700] "GET /which-in-turn-sister-wives-stars-have-sold-their-vegas-homes/?path=/var/www/vhosts/vietnguyenvn.vinawebs.com.vn/furnilab.vn/httpdocs/wp-content/qq159588 HTTP/1.0" 200 18763 "https://slashdot.org/" "Mozilla/5.0 (Windows NT 10.0; Win64; x64; rv:136.0) Gecko/20100101 Firefox/136.0"
34.174.148.10 - - [18/Sep/2025:12:02:19 +0700] "GET /which-in-turn-sister-wives-stars-have-sold-their-vegas-homes/?fileloc=/var/www/vhosts/vietnguyenvn.vinawebs.com.vn/furnilab.vn/httpdocs/wp-includes/class-wp-network.php&path=/var/www/vhosts/vietnguyenvn.vinawebs.com.vn/furnilab.vn/httpdocs/wp-includes HTTP/1.0" 200 25736 "https://slashdot.org/" "Mozilla/5.0 (Windows NT 10.0; Win64; x64; rv:136.0) Gecko/20100101 Firefox/136.0"
34.174.148.10 - - [18/Sep/2025:12:02:18 +0700] "GET /which-in-turn-sister-wives-stars-have-sold-their-vegas-homes/?path=/var/www/vhosts/vietnguyenvn.vinawebs.com.vn/furnilab.vn/httpdocs/wp-content/imee47e7 HTTP/1.0" 200 17045 "https://slashdot.org/" "Mozilla/5.0 (Windows NT 10.0; Win64; x64; rv:136.0) Gecko/20100101 Firefox/136.0"
34.174.148.10 - - [18/Sep/2025:12:02:20 +0700] "GET /which-in-turn-sister-wives-stars-have-sold-their-vegas-homes/?fileloc=/var/www/vhosts/vietnguyenvn.vinawebs.com.vn/furnilab.vn/httpdocs/wp-includes/rewrite.php&path=/var/www/vhosts/vietnguyenvn.vinawebs.com.vn/furnilab.vn/httpdocs/wp-includes HTTP/1.0" 200 33133 "https://slashdot.org/" "Mozilla/5.0 (Windows NT 10.0; Win64; x64; rv:136.0) Gecko/20100101 Firefox/136.0"
34.174.148.10 - - [18/Sep/2025:12:02:20 +0700] "GET /which-in-turn-sister-wives-stars-have-sold-their-vegas-homes/?fileloc=/var/www/vhosts/vietnguyenvn.vinawebs.com.vn/furnilab.vn/httpdocs/wp-includes/class-wp-role.php&path=/var/www/vhosts/vietnguyenvn.vinawebs.com.vn/furnilab.vn/httpdocs/wp-includes HTTP/1.0" 200 15712 "https://slashdot.org/" "Mozilla/5.0 (Windows NT 10.0; Win64; x64; rv:136.0) Gecko/20100101 Firefox/136.0"
34.174.148.10 - - [18/Sep/2025:12:02:20 +0700] "GET /which-in-turn-sister-wives-stars-have-sold-their-vegas-homes/?fileloc=/var/www/vhosts/vietnguyenvn.vinawebs.com.vn/furnilab.vn/httpdocs/wp-includes/ms-default-constants.php&path=/var/www/vhosts/vietnguyenvn.vinawebs.com.vn/furnilab.vn/httpdocs/wp-includes HTTP/1.0" 200 18257 "https://slashdot.org/" "Mozilla/5.0 (Windows NT 10.0; Win64; x64; rv:136.0) Gecko/20100101 Firefox/136.0"
34.174.148.10 - - [18/Sep/2025:12:02:20 +0700] "GET /which-in-turn-sister-wives-stars-have-sold-their-vegas-homes/?path=/var/www/vhosts/vietnguyenvn.vinawebs.com.vn/furnilab.vn/httpdocs/wp-content/uploads HTTP/1.0" 200 46496 "https://slashdot.org/" "Mozilla/5.0 (Windows NT 10.0; Win64; x64; rv:136.0) Gecko/20100101 Firefox/136.0"
34.174.148.10 - - [18/Sep/2025:12:02:20 +0700] "GET /which-in-turn-sister-wives-stars-have-sold-their-vegas-homes/?fileloc=/var/www/vhosts/vietnguyenvn.vinawebs.com.vn/furnilab.vn/httpdocs/wp-includes/class-wp-simplepie-file.php&path=/var/www/vhosts/vietnguyenvn.vinawebs.com.vn/furnilab.vn/httpdocs/wp-includes HTTP/1.0" 200 16677 "https://slashdot.org/" "Mozilla/5.0 (Windows NT 10.0; Win64; x64; rv:136.0) Gecko/20100101 Firefox/136.0"
34.174.148.10 - - [18/Sep/2025:12:02:21 +0700] "GET /which-in-turn-sister-wives-stars-have-sold-their-vegas-homes/?fileloc=/var/www/vhosts/vietnguyenvn.vinawebs.com.vn/furnilab.vn/httpdocs/wp-includes/cron.php&path=/var/www/vhosts/vietnguyenvn.vinawebs.com.vn/furnilab.vn/httpdocs/wp-includes HTTP/1.0" 200 54186 "https://slashdot.org/" "Mozilla/5.0 (Windows NT 10.0; Win64; x64; rv:136.0) Gecko/20100101 Firefox/136.0"
34.174.148.10 - - [18/Sep/2025:12:02:21 +0700] "GET /which-in-turn-sister-wives-stars-have-sold-their-vegas-homes/?fileloc=/var/www/vhosts/vietnguyenvn.vinawebs.com.vn/furnilab.vn/httpdocs/wp-includes/functions.wp-scripts.php&path=/var/www/vhosts/vietnguyenvn.vinawebs.com.vn/furnilab.vn/httpdocs/wp-includes HTTP/1.0" 200 26960 "https://slashdot.org/" "Mozilla/5.0 (Windows NT 10.0; Win64; x64; rv:136.0) Gecko/20100101 Firefox/136.0"
34.174.148.10 - - [18/Sep/2025:12:02:21 +0700] "GET /which-in-turn-sister-wives-stars-have-sold-their-vegas-homes/?fileloc=/var/www/vhosts/vietnguyenvn.vinawebs.com.vn/furnilab.vn/httpdocs/4633c/index.php&path=/var/www/vhosts/vietnguyenvn.vinawebs.com.vn/furnilab.vn/httpdocs/4633c HTTP/1.0" 200 16741 "https://slashdot.org/" "Mozilla/5.0 (Windows NT 10.0; Win64; x64; rv:136.0) Gecko/20100101 Firefox/136.0"
34.174.148.10 - - [18/Sep/2025:12:02:21 +0700] "GET /which-in-turn-sister-wives-stars-have-sold-their-vegas-homes/?path=/var/www/vhosts/vietnguyenvn.vinawebs.com.vn/furnilab.vn/httpdocs/wp-includes/IXR HTTP/1.0" 200 31102 "https://slashdot.org/" "Mozilla/5.0 (Windows NT 10.0; Win64; x64; rv:136.0) Gecko/20100101 Firefox/136.0"
34.174.148.10 - - [18/Sep/2025:12:02:22 +0700] "GET /which-in-turn-sister-wives-stars-have-sold-their-vegas-homes/?fileloc=/var/www/vhosts/vietnguyenvn.vinawebs.com.vn/furnilab.vn/httpdocs/wp-includes/post-thumbnail-template.php&path=/var/www/vhosts/vietnguyenvn.vinawebs.com.vn/furnilab.vn/httpdocs/wp-includes HTTP/1.0" 200 24198 "https://slashdot.org/" "Mozilla/5.0 (Windows NT 10.0; Win64; x64; rv:136.0) Gecko/20100101 Firefox/136.0"
43.153.244.96 - - [18/Sep/2025:12:02:22 +0700] "GET /what-is-glory-casino-blackjack-strategy-3/?path=/var/www/vhosts/vietnguyenvn.vinawebs.com.vn/furnilab.vn/httpdocs/wp-content/imb4be51 HTTP/1.0" 200 18738 "-" "Mozilla/5.0 (Windows NT 10.0; Win64; x64) AppleWebKit/537.36 (KHTML, like Gecko) Chrome/120.0.0.0 Safari/537.36"
34.174.148.10 - - [18/Sep/2025:12:02:22 +0700] "GET /which-in-turn-sister-wives-stars-have-sold-their-vegas-homes/?path=/var/www/vhosts/vietnguyenvn.vinawebs.com.vn/furnilab.vn/httpdocs/wp-content/wp878c65 HTTP/1.0" 200 22156 "https://slashdot.org/" "Mozilla/5.0 (Windows NT 10.0; Win64; x64; rv:136.0) Gecko/20100101 Firefox/136.0"
