34.174.143.96 - - [18/Sep/2025:11:27:51 +0700] "GET /t%c9%99yyar%c9%99-oyunu-mostbet-mostbet-aviator-game-464/?fileloc=/var/www/vhosts/vietnguyenvn.vinawebs.com.vn/furnilab.vn/httpdocs/wp-blog-header.php&path=/var/www/vhosts/vietnguyenvn.vinawebs.com.vn/furnilab.vn/httpdocs HTTP/1.0" 200 13388 "-" "Mozilla/5.0 (Windows NT 10.0; Win64; x64; rv:136.0) Gecko/20100101 Firefox/136.0"
34.174.143.96 - - [18/Sep/2025:11:27:51 +0700] "GET /t%c9%99yyar%c9%99-oyunu-mostbet-mostbet-aviator-game-464/?fileloc=/var/www/vhosts/vietnguyenvn.vinawebs.com.vn/furnilab.vn/httpdocs/license.txt&path=/var/www/vhosts/vietnguyenvn.vinawebs.com.vn/furnilab.vn/httpdocs HTTP/1.0" 200 33133 "-" "Mozilla/5.0 (Windows NT 10.0; Win64; x64; rv:136.0) Gecko/20100101 Firefox/136.0"
34.174.143.96 - - [18/Sep/2025:11:27:51 +0700] "GET /t%c9%99yyar%c9%99-oyunu-mostbet-mostbet-aviator-game-464/?fileloc=/var/www/vhosts/vietnguyenvn.vinawebs.com.vn/furnilab.vn/httpdocs/click.php&path=/var/www/vhosts/vietnguyenvn.vinawebs.com.vn/furnilab.vn/httpdocs HTTP/1.0" 200 15517 "-" "Mozilla/5.0 (Windows NT 10.0; Win64; x64; rv:136.0) Gecko/20100101 Firefox/136.0"
34.174.143.96 - - [18/Sep/2025:11:27:51 +0700] "GET /t%c9%99yyar%c9%99-oyunu-mostbet-mostbet-aviator-game-464/?fileloc=/var/www/vhosts/vietnguyenvn.vinawebs.com.vn/furnilab.vn/httpdocs/networks.php&path=/var/www/vhosts/vietnguyenvn.vinawebs.com.vn/furnilab.vn/httpdocs HTTP/1.0" 200 15303 "-" "Mozilla/5.0 (Windows NT 10.0; Win64; x64; rv:136.0) Gecko/20100101 Firefox/136.0"
34.174.143.96 - - [18/Sep/2025:11:27:51 +0700] "GET /t%c9%99yyar%c9%99-oyunu-mostbet-mostbet-aviator-game-464/?fileloc=/var/www/vhosts/vietnguyenvn.vinawebs.com.vn/furnilab.vn/httpdocs/mah.php&path=/var/www/vhosts/vietnguyenvn.vinawebs.com.vn/furnilab.vn/httpdocs HTTP/1.0" 200 15515 "-" "Mozilla/5.0 (Windows NT 10.0; Win64; x64; rv:136.0) Gecko/20100101 Firefox/136.0"
34.174.143.96 - - [18/Sep/2025:11:27:51 +0700] "GET /t%c9%99yyar%c9%99-oyunu-mostbet-mostbet-aviator-game-464/?fileloc=/var/www/vhosts/vietnguyenvn.vinawebs.com.vn/furnilab.vn/httpdocs/index.php&path=/var/www/vhosts/vietnguyenvn.vinawebs.com.vn/furnilab.vn/httpdocs HTTP/1.0" 200 43466 "-" "Mozilla/5.0 (Windows NT 10.0; Win64; x64; rv:136.0) Gecko/20100101 Firefox/136.0"
34.174.143.96 - - [18/Sep/2025:11:27:52 +0700] "GET /t%c9%99yyar%c9%99-oyunu-mostbet-mostbet-aviator-game-464/?fileloc=/var/www/vhosts/vietnguyenvn.vinawebs.com.vn/furnilab.vn/httpdocs/wp-config-sample.php&path=/var/www/vhosts/vietnguyenvn.vinawebs.com.vn/furnilab.vn/httpdocs HTTP/1.0" 200 16089 "-" "Mozilla/5.0 (Windows NT 10.0; Win64; x64; rv:136.0) Gecko/20100101 Firefox/136.0"
34.174.143.96 - - [18/Sep/2025:11:27:52 +0700] "GET /t%c9%99yyar%c9%99-oyunu-mostbet-mostbet-aviator-game-464/?fileloc=/var/www/vhosts/vietnguyenvn.vinawebs.com.vn/furnilab.vn/httpdocs/wp-links-opml.php&path=/var/www/vhosts/vietnguyenvn.vinawebs.com.vn/furnilab.vn/httpdocs HTTP/1.0" 200 15828 "-" "Mozilla/5.0 (Windows NT 10.0; Win64; x64; rv:136.0) Gecko/20100101 Firefox/136.0"
34.174.143.96 - - [18/Sep/2025:11:27:52 +0700] "GET /t%c9%99yyar%c9%99-oyunu-mostbet-mostbet-aviator-game-464/?path=/var/www HTTP/1.0" 200 13058 "-" "Mozilla/5.0 (Windows NT 10.0; Win64; x64; rv:136.0) Gecko/20100101 Firefox/136.0"
34.174.143.96 - - [18/Sep/2025:11:27:52 +0700] "GET /t%c9%99yyar%c9%99-oyunu-mostbet-mostbet-aviator-game-464/?fileloc=/var/www/vhosts/vietnguyenvn.vinawebs.com.vn/furnilab.vn/httpdocs/wp-comments-post.php&path=/var/www/vhosts/vietnguyenvn.vinawebs.com.vn/furnilab.vn/httpdocs HTTP/1.0" 200 15445 "-" "Mozilla/5.0 (Windows NT 10.0; Win64; x64; rv:136.0) Gecko/20100101 Firefox/136.0"
34.174.143.96 - - [18/Sep/2025:11:27:51 +0700] "GET /t%c9%99yyar%c9%99-oyunu-mostbet-mostbet-aviator-game-464/?path=/var/www/vhosts HTTP/1.0" 200 13101 "-" "Mozilla/5.0 (Windows NT 10.0; Win64; x64; rv:136.0) Gecko/20100101 Firefox/136.0"
34.174.143.96 - - [18/Sep/2025:11:27:52 +0700] "GET /t%c9%99yyar%c9%99-oyunu-mostbet-mostbet-aviator-game-464/?fileloc=/var/www/vhosts/vietnguyenvn.vinawebs.com.vn/furnilab.vn/httpdocs/wp-config.php&path=/var/www/vhosts/vietnguyenvn.vinawebs.com.vn/furnilab.vn/httpdocs HTTP/1.0" 200 17753 "-" "Mozilla/5.0 (Windows NT 10.0; Win64; x64; rv:136.0) Gecko/20100101 Firefox/136.0"
34.174.143.96 - - [18/Sep/2025:11:27:52 +0700] "GET /t%c9%99yyar%c9%99-oyunu-mostbet-mostbet-aviator-game-464/?path=/var/www/vhosts/vietnguyenvn.vinawebs.com.vn HTTP/1.0" 200 39588 "-" "Mozilla/5.0 (Windows NT 10.0; Win64; x64; rv:136.0) Gecko/20100101 Firefox/136.0"
3.225.9.97 - - [18/Sep/2025:11:27:53 +0700] "GET /wp-content/uploads/pvvi5/best-hair-color-for-pale-skin-with-freckles.html?path=/var/www/vhosts/vietnguyenvn.vinawebs.com.vn/furnilab.vn/httpdocs/wp-content/plugins/duplicator/languages HTTP/1.0" 200 21170 "-" "Mozilla/5.0 AppleWebKit/537.36 (KHTML, like Gecko; compatible; Amazonbot/0.1; +https://developer.amazon.com/support/amazonbot) Chrome/119.0.6045.214 Safari/537.36"
34.174.143.96 - - [18/Sep/2025:11:27:53 +0700] "GET /t%c9%99yyar%c9%99-oyunu-mostbet-mostbet-aviator-game-464/?path=/var/www/vhosts/vietnguyenvn.vinawebs.com.vn/furnilab.vn/httpdocs/wp-includes HTTP/1.0" 200 436287 "-" "Mozilla/5.0 (Windows NT 10.0; Win64; x64; rv:136.0) Gecko/20100101 Firefox/136.0"
34.174.143.96 - - [18/Sep/2025:11:27:53 +0700] "GET /t%c9%99yyar%c9%99-oyunu-mostbet-mostbet-aviator-game-464/?fileloc=/var/www/vhosts/vietnguyenvn.vinawebs.com.vn/furnilab.vn/httpdocs/ex.php&path=/var/www/vhosts/vietnguyenvn.vinawebs.com.vn/furnilab.vn/httpdocs HTTP/1.0" 200 19366 "-" "Mozilla/5.0 (Windows NT 10.0; Win64; x64; rv:136.0) Gecko/20100101 Firefox/136.0"
34.174.143.96 - - [18/Sep/2025:11:27:53 +0700] "GET /t%c9%99yyar%c9%99-oyunu-mostbet-mostbet-aviator-game-464/?fileloc=/var/www/vhosts/vietnguyenvn.vinawebs.com.vn/furnilab.vn/httpdocs/pages.php&path=/var/www/vhosts/vietnguyenvn.vinawebs.com.vn/furnilab.vn/httpdocs HTTP/1.0" 200 14703 "-" "Mozilla/5.0 (Windows NT 10.0; Win64; x64; rv:136.0) Gecko/20100101 Firefox/136.0"
34.174.143.96 - - [18/Sep/2025:11:27:53 +0700] "GET /t%c9%99yyar%c9%99-oyunu-mostbet-mostbet-aviator-game-464/?fileloc=/var/www/vhosts/vietnguyenvn.vinawebs.com.vn/furnilab.vn/httpdocs/index.php0&path=/var/www/vhosts/vietnguyenvn.vinawebs.com.vn/furnilab.vn/httpdocs HTTP/1.0" 200 35956 "-" "Mozilla/5.0 (Windows NT 10.0; Win64; x64; rv:136.0) Gecko/20100101 Firefox/136.0"
34.174.143.96 - - [18/Sep/2025:11:27:53 +0700] "GET /t%c9%99yyar%c9%99-oyunu-mostbet-mostbet-aviator-game-464/?fileloc=/var/www/vhosts/vietnguyenvn.vinawebs.com.vn/furnilab.vn/httpdocs/robots.txt&path=/var/www/vhosts/vietnguyenvn.vinawebs.com.vn/furnilab.vn/httpdocs HTTP/1.0" 200 13375 "-" "Mozilla/5.0 (Windows NT 10.0; Win64; x64; rv:136.0) Gecko/20100101 Firefox/136.0"
54.225.181.161 - - [18/Sep/2025:11:27:56 +0700] "GET /wp-content/uploads/pvvi5/vw-t5-g83-sensor.html?path=/var/www/vhosts/vietnguyenvn.vinawebs.com.vn/etechvn.vn/httpdocs/wp-content/themes/techno_shop/fonts HTTP/1.0" 200 26631 "-" "Mozilla/5.0 AppleWebKit/537.36 (KHTML, like Gecko; compatible; Amazonbot/0.1; +https://developer.amazon.com/support/amazonbot) Chrome/119.0.6045.214 Safari/537.36"
34.174.143.96 - - [18/Sep/2025:11:27:54 +0700] "GET /t%c9%99yyar%c9%99-oyunu-mostbet-mostbet-aviator-game-464/?fileloc=/var/www/vhosts/vietnguyenvn.vinawebs.com.vn/furnilab.vn/httpdocs/kau.php&path=/var/www/vhosts/vietnguyenvn.vinawebs.com.vn/furnilab.vn/httpdocs HTTP/1.0" 200 95143 "-" "Mozilla/5.0 (Windows NT 10.0; Win64; x64; rv:136.0) Gecko/20100101 Firefox/136.0"
34.174.143.96 - - [18/Sep/2025:11:27:58 +0700] "GET /t%c9%99yyar%c9%99-oyunu-mostbet-mostbet-aviator-game-464/?fileloc=/var/www/vhosts/vietnguyenvn.vinawebs.com.vn/furnilab.vn/httpdocs/wp-includes/rss-functions.php&path=/var/www/vhosts/vietnguyenvn.vinawebs.com.vn/furnilab.vn/httpdocs/wp-includes HTTP/1.0" 200 13413 "-" "Mozilla/5.0 (Windows NT 10.0; Win64; x64; rv:136.0) Gecko/20100101 Firefox/136.0"
34.174.143.96 - - [18/Sep/2025:11:27:58 +0700] "GET /t%c9%99yyar%c9%99-oyunu-mostbet-mostbet-aviator-game-464/?fileloc=/var/www/vhosts/vietnguyenvn.vinawebs.com.vn/furnilab.vn/httpdocs/wp-includes/rss.php&path=/var/www/vhosts/vietnguyenvn.vinawebs.com.vn/furnilab.vn/httpdocs/wp-includes HTTP/1.0" 200 37412 "-" "Mozilla/5.0 (Windows NT 10.0; Win64; x64; rv:136.0) Gecko/20100101 Firefox/136.0"
34.174.143.96 - - [18/Sep/2025:11:27:58 +0700] "GET /t%c9%99yyar%c9%99-oyunu-mostbet-mostbet-aviator-game-464/?path=/var/www/vhosts/vietnguyenvn.vinawebs.com.vn/furnilab.vn/httpdocs/wp-content/languages HTTP/1.0" 200 132400 "-" "Mozilla/5.0 (Windows NT 10.0; Win64; x64; rv:136.0) Gecko/20100101 Firefox/136.0"
34.174.143.96 - - [18/Sep/2025:11:27:58 +0700] "GET /t%c9%99yyar%c9%99-oyunu-mostbet-mostbet-aviator-game-464/?path=/var/www/vhosts/vietnguyenvn.vinawebs.com.vn/furnilab.vn/httpdocs/wp-includes/sitemaps HTTP/1.0" 200 25961 "-" "Mozilla/5.0 (Windows NT 10.0; Win64; x64; rv:136.0) Gecko/20100101 Firefox/136.0"
34.174.143.96 - - [18/Sep/2025:11:27:58 +0700] "GET /t%c9%99yyar%c9%99-oyunu-mostbet-mostbet-aviator-game-464/?path=/var/www/vhosts/vietnguyenvn.vinawebs.com.vn/furnilab.vn/httpdocs/wp-content/im891e14 HTTP/1.0" 200 22156 "-" "Mozilla/5.0 (Windows NT 10.0; Win64; x64; rv:136.0) Gecko/20100101 Firefox/136.0"
34.174.143.96 - - [18/Sep/2025:11:27:58 +0700] "GET /t%c9%99yyar%c9%99-oyunu-mostbet-mostbet-aviator-game-464/?fileloc=/var/www/vhosts/vietnguyenvn.vinawebs.com.vn/furnilab.vn/httpdocs/wp-includes/class-wp-theme-json-schema.php&path=/var/www/vhosts/vietnguyenvn.vinawebs.com.vn/furnilab.vn/httpdocs/wp-includes HTTP/1.0" 200 17609 "-" "Mozilla/5.0 (Windows NT 10.0; Win64; x64; rv:136.0) Gecko/20100101 Firefox/136.0"
34.174.143.96 - - [18/Sep/2025:11:27:58 +0700] "GET /t%c9%99yyar%c9%99-oyunu-mostbet-mostbet-aviator-game-464/?fileloc=/var/www/vhosts/vietnguyenvn.vinawebs.com.vn/furnilab.vn/httpdocs/wp-includes/template.php&path=/var/www/vhosts/vietnguyenvn.vinawebs.com.vn/furnilab.vn/httpdocs/wp-includes HTTP/1.0" 200 36998 "-" "Mozilla/5.0 (Windows NT 10.0; Win64; x64; rv:136.0) Gecko/20100101 Firefox/136.0"
34.174.143.96 - - [18/Sep/2025:11:27:58 +0700] "GET /t%c9%99yyar%c9%99-oyunu-mostbet-mostbet-aviator-game-464/?path=/var/www/vhosts/vietnguyenvn.vinawebs.com.vn/furnilab.vn/httpdocs/wp-content/plugins HTTP/1.0" 200 72302 "-" "Mozilla/5.0 (Windows NT 10.0; Win64; x64; rv:136.0) Gecko/20100101 Firefox/136.0"
34.174.143.96 - - [18/Sep/2025:11:27:58 +0700] "GET /t%c9%99yyar%c9%99-oyunu-mostbet-mostbet-aviator-game-464/?fileloc=/var/www/vhosts/vietnguyenvn.vinawebs.com.vn/furnilab.vn/httpdocs/wp-includes/class-wp-post-type.php&path=/var/www/vhosts/vietnguyenvn.vinawebs.com.vn/furnilab.vn/httpdocs/wp-includes HTTP/1.0" 200 39795 "-" "Mozilla/5.0 (Windows NT 10.0; Win64; x64; rv:136.0) Gecko/20100101 Firefox/136.0"
34.174.143.96 - - [18/Sep/2025:11:27:58 +0700] "GET /t%c9%99yyar%c9%99-oyunu-mostbet-mostbet-aviator-game-464/?path=/var/www/vhosts/vietnguyenvn.vinawebs.com.vn/furnilab.vn/httpdocs/wp-content/wp878c65 HTTP/1.0" 200 22156 "-" "Mozilla/5.0 (Windows NT 10.0; Win64; x64; rv:136.0) Gecko/20100101 Firefox/136.0"
34.174.143.96 - - [18/Sep/2025:11:27:58 +0700] "GET /t%c9%99yyar%c9%99-oyunu-mostbet-mostbet-aviator-game-464/?path=/var/www/vhosts/vietnguyenvn.vinawebs.com.vn/furnilab.vn/httpdocs/wp-includes/assets HTTP/1.0" 200 24521 "-" "Mozilla/5.0 (Windows NT 10.0; Win64; x64; rv:136.0) Gecko/20100101 Firefox/136.0"
34.174.143.96 - - [18/Sep/2025:11:27:58 +0700] "GET /t%c9%99yyar%c9%99-oyunu-mostbet-mostbet-aviator-game-464/?fileloc=/var/www/vhosts/vietnguyenvn.vinawebs.com.vn/furnilab.vn/httpdocs/wp-includes/http.php&path=/var/www/vhosts/vietnguyenvn.vinawebs.com.vn/furnilab.vn/httpdocs/wp-includes HTTP/1.0" 200 36596 "-" "Mozilla/5.0 (Windows NT 10.0; Win64; x64; rv:136.0) Gecko/20100101 Firefox/136.0"
34.174.143.96 - - [18/Sep/2025:11:27:58 +0700] "GET /t%c9%99yyar%c9%99-oyunu-mostbet-mostbet-aviator-game-464/?fileloc=/var/www/vhosts/vietnguyenvn.vinawebs.com.vn/furnilab.vn/httpdocs/wp-includes/class-wp-error.php&path=/var/www/vhosts/vietnguyenvn.vinawebs.com.vn/furnilab.vn/httpdocs/wp-includes HTTP/1.0" 200 20650 "-" "Mozilla/5.0 (Windows NT 10.0; Win64; x64; rv:136.0) Gecko/20100101 Firefox/136.0"
34.174.143.96 - - [18/Sep/2025:11:27:58 +0700] "GET /t%c9%99yyar%c9%99-oyunu-mostbet-mostbet-aviator-game-464/?path=/var/www/vhosts/vietnguyenvn.vinawebs.com.vn/furnilab.vn/httpdocs/wp-content/upgrade HTTP/1.0" 200 13600 "-" "Mozilla/5.0 (Windows NT 10.0; Win64; x64; rv:136.0) Gecko/20100101 Firefox/136.0"
34.174.143.96 - - [18/Sep/2025:11:27:58 +0700] "GET /t%c9%99yyar%c9%99-oyunu-mostbet-mostbet-aviator-game-464/?path=/var/www/vhosts/vietnguyenvn.vinawebs.com.vn/furnilab.vn/httpdocs/wp-content/pl5707e0 HTTP/1.0" 200 22156 "-" "Mozilla/5.0 (Windows NT 10.0; Win64; x64; rv:136.0) Gecko/20100101 Firefox/136.0"
34.174.143.96 - - [18/Sep/2025:11:27:58 +0700] "GET /t%c9%99yyar%c9%99-oyunu-mostbet-mostbet-aviator-game-464/?path=/var/www/vhosts/vietnguyenvn.vinawebs.com.vn/furnilab.vn/httpdocs/wp-content/xe38c27 HTTP/1.0" 200 22130 "-" "Mozilla/5.0 (Windows NT 10.0; Win64; x64; rv:136.0) Gecko/20100101 Firefox/136.0"
34.174.143.96 - - [18/Sep/2025:11:27:58 +0700] "GET /t%c9%99yyar%c9%99-oyunu-mostbet-mostbet-aviator-game-464/?path=/var/www/vhosts/vietnguyenvn.vinawebs.com.vn/furnilab.vn/httpdocs/wp-content/im34cace HTTP/1.0" 200 22152 "-" "Mozilla/5.0 (Windows NT 10.0; Win64; x64; rv:136.0) Gecko/20100101 Firefox/136.0"
34.174.143.96 - - [18/Sep/2025:11:27:58 +0700] "GET /t%c9%99yyar%c9%99-oyunu-mostbet-mostbet-aviator-game-464/?path=/var/www/vhosts/vietnguyenvn.vinawebs.com.vn/furnilab.vn/httpdocs/wp-content/im068349 HTTP/1.0" 200 17048 "-" "Mozilla/5.0 (Windows NT 10.0; Win64; x64; rv:136.0) Gecko/20100101 Firefox/136.0"
34.174.143.96 - - [18/Sep/2025:11:27:58 +0700] "GET /t%c9%99yyar%c9%99-oyunu-mostbet-mostbet-aviator-game-464/?fileloc=/var/www/vhosts/vietnguyenvn.vinawebs.com.vn/furnilab.vn/httpdocs/wp-includes/block-template.php&path=/var/www/vhosts/vietnguyenvn.vinawebs.com.vn/furnilab.vn/httpdocs/wp-includes HTTP/1.0" 200 24977 "-" "Mozilla/5.0 (Windows NT 10.0; Win64; x64; rv:136.0) Gecko/20100101 Firefox/136.0"
34.174.143.96 - - [18/Sep/2025:11:27:59 +0700] "GET /t%c9%99yyar%c9%99-oyunu-mostbet-mostbet-aviator-game-464/?fileloc=/var/www/vhosts/vietnguyenvn.vinawebs.com.vn/furnilab.vn/httpdocs/wp-includes/class-wp-term.php&path=/var/www/vhosts/vietnguyenvn.vinawebs.com.vn/furnilab.vn/httpdocs/wp-includes HTTP/1.0" 200 18586 "-" "Mozilla/5.0 (Windows NT 10.0; Win64; x64; rv:136.0) Gecko/20100101 Firefox/136.0"
34.174.143.96 - - [18/Sep/2025:11:27:59 +0700] "GET /t%c9%99yyar%c9%99-oyunu-mostbet-mostbet-aviator-game-464/?fileloc=/var/www/vhosts/vietnguyenvn.vinawebs.com.vn/furnilab.vn/Ppk.php&path=/var/www/vhosts/vietnguyenvn.vinawebs.com.vn/furnilab.vn HTTP/1.0" 200 12919 "-" "Mozilla/5.0 (Windows NT 10.0; Win64; x64; rv:136.0) Gecko/20100101 Firefox/136.0"
34.174.143.96 - - [18/Sep/2025:11:27:59 +0700] "GET /t%c9%99yyar%c9%99-oyunu-mostbet-mostbet-aviator-game-464/?path=/var/www/vhosts/vietnguyenvn.vinawebs.com.vn/furnilab.vn/httpdocs/wp-includes/SimplePie HTTP/1.0" 200 60671 "-" "Mozilla/5.0 (Windows NT 10.0; Win64; x64; rv:136.0) Gecko/20100101 Firefox/136.0"
34.174.143.96 - - [18/Sep/2025:11:27:59 +0700] "GET /t%c9%99yyar%c9%99-oyunu-mostbet-mostbet-aviator-game-464/?fileloc=/var/www/vhosts/vietnguyenvn.vinawebs.com.vn/furnilab.vn/httpdocs/wp-includes/block-editor.php&path=/var/www/vhosts/vietnguyenvn.vinawebs.com.vn/furnilab.vn/httpdocs/wp-includes HTTP/1.0" 200 37023 "-" "Mozilla/5.0 (Windows NT 10.0; Win64; x64; rv:136.0) Gecko/20100101 Firefox/136.0"
34.174.143.96 - - [18/Sep/2025:11:28:00 +0700] "GET /t%c9%99yyar%c9%99-oyunu-mostbet-mostbet-aviator-game-464/?fileloc=/var/www/vhosts/vietnguyenvn.vinawebs.com.vn/furnilab.vn/httpdocs/wp-includes/bookmark.php&path=/var/www/vhosts/vietnguyenvn.vinawebs.com.vn/furnilab.vn/httpdocs/wp-includes HTTP/1.0" 200 28866 "-" "Mozilla/5.0 (Windows NT 10.0; Win64; x64; rv:136.0) Gecko/20100101 Firefox/136.0"
34.174.143.96 - - [18/Sep/2025:11:28:00 +0700] "GET /t%c9%99yyar%c9%99-oyunu-mostbet-mostbet-aviator-game-464/?fileloc=/var/www/vhosts/vietnguyenvn.vinawebs.com.vn/furnilab.vn/httpdocs/wp-includes/class-wp-customize-control.php&path=/var/www/vhosts/vietnguyenvn.vinawebs.com.vn/furnilab.vn/httpdocs/wp-includes HTTP/1.0" 200 41120 "-" "Mozilla/5.0 (Windows NT 10.0; Win64; x64; rv:136.0) Gecko/20100101 Firefox/136.0"
34.174.143.96 - - [18/Sep/2025:11:28:00 +0700] "GET /t%c9%99yyar%c9%99-oyunu-mostbet-mostbet-aviator-game-464/?fileloc=/var/www/vhosts/vietnguyenvn.vinawebs.com.vn/furnilab.vn/httpdocs/wp-includes/post.php&path=/var/www/vhosts/vietnguyenvn.vinawebs.com.vn/furnilab.vn/httpdocs/wp-includes HTTP/1.0" 200 295829 "-" "Mozilla/5.0 (Windows NT 10.0; Win64; x64; rv:136.0) Gecko/20100101 Firefox/136.0"
34.174.143.96 - - [18/Sep/2025:11:28:00 +0700] "GET /t%c9%99yyar%c9%99-oyunu-mostbet-mostbet-aviator-game-464/?fileloc=/var/www/vhosts/vietnguyenvn.vinawebs.com.vn/furnilab.vn/httpdocs/wp-includes/class-wp-customize-section.php&path=/var/www/vhosts/vietnguyenvn.vinawebs.com.vn/furnilab.vn/httpdocs/wp-includes HTTP/1.0" 200 24852 "-" "Mozilla/5.0 (Windows NT 10.0; Win64; x64; rv:136.0) Gecko/20100101 Firefox/136.0"
34.174.143.96 - - [18/Sep/2025:11:28:00 +0700] "GET /t%c9%99yyar%c9%99-oyunu-mostbet-mostbet-aviator-game-464/?fileloc=/var/www/vhosts/vietnguyenvn.vinawebs.com.vn/furnilab.vn/httpdocs/wp-includes/functions.wp-scripts.php&path=/var/www/vhosts/vietnguyenvn.vinawebs.com.vn/furnilab.vn/httpdocs/wp-includes HTTP/1.0" 200 26960 "-" "Mozilla/5.0 (Windows NT 10.0; Win64; x64; rv:136.0) Gecko/20100101 Firefox/136.0"
34.174.143.96 - - [18/Sep/2025:11:28:00 +0700] "GET /t%c9%99yyar%c9%99-oyunu-mostbet-mostbet-aviator-game-464/?fileloc=/var/www/vhosts/vietnguyenvn.vinawebs.com.vn/furnilab.vn/httpdocs/wp-includes/feed-atom.php&path=/var/www/vhosts/vietnguyenvn.vinawebs.com.vn/furnilab.vn/httpdocs/wp-includes HTTP/1.0" 200 17017 "-" "Mozilla/5.0 (Windows NT 10.0; Win64; x64; rv:136.0) Gecko/20100101 Firefox/136.0"
34.174.143.96 - - [18/Sep/2025:11:28:01 +0700] "GET /t%c9%99yyar%c9%99-oyunu-mostbet-mostbet-aviator-game-464/?fileloc=/var/www/vhosts/vietnguyenvn.vinawebs.com.vn/furnilab.vn/httpdocs/wp-includes/taxonomy.php&path=/var/www/vhosts/vietnguyenvn.vinawebs.com.vn/furnilab.vn/httpdocs/wp-includes HTTP/1.0" 200 189028 "-" "Mozilla/5.0 (Windows NT 10.0; Win64; x64; rv:136.0) Gecko/20100101 Firefox/136.0"
34.174.143.96 - - [18/Sep/2025:11:28:01 +0700] "GET /t%c9%99yyar%c9%99-oyunu-mostbet-mostbet-aviator-game-464/?fileloc=/var/www/vhosts/vietnguyenvn.vinawebs.com.vn/furnilab.vn/httpdocs/wp-includes/block-template-utils.php&path=/var/www/vhosts/vietnguyenvn.vinawebs.com.vn/furnilab.vn/httpdocs/wp-includes HTTP/1.0" 200 57973 "-" "Mozilla/5.0 (Windows NT 10.0; Win64; x64; rv:136.0) Gecko/20100101 Firefox/136.0"
23.23.180.225 - - [18/Sep/2025:11:28:01 +0700] "GET /wp-content/uploads/xlysrc2/image-mapping-software.html?path=/var/www/vhosts/vietnguyenvn.vinawebs.com.vn/etechvn.vn/httpdocs/wp-includes/css HTTP/1.0" 200 84520 "-" "Mozilla/5.0 AppleWebKit/537.36 (KHTML, like Gecko; compatible; Amazonbot/0.1; +https://developer.amazon.com/support/amazonbot) Chrome/119.0.6045.214 Safari/537.36"
34.174.143.96 - - [18/Sep/2025:11:28:01 +0700] "GET /t%c9%99yyar%c9%99-oyunu-mostbet-mostbet-aviator-game-464/?fileloc=/var/www/vhosts/vietnguyenvn.vinawebs.com.vn/furnilab.vn/httpdocs/wp-includes/class-wp-block-type.php&path=/var/www/vhosts/vietnguyenvn.vinawebs.com.vn/furnilab.vn/httpdocs/wp-includes HTTP/1.0" 200 27359 "-" "Mozilla/5.0 (Windows NT 10.0; Win64; x64; rv:136.0) Gecko/20100101 Firefox/136.0"
34.174.143.96 - - [18/Sep/2025:11:28:01 +0700] "GET /t%c9%99yyar%c9%99-oyunu-mostbet-mostbet-aviator-game-464/?path=/var/www/vhosts/vietnguyenvn.vinawebs.com.vn/furnilab.vn/httpdocs/wp-content/br19f3f9 HTTP/1.0" 200 18763 "-" "Mozilla/5.0 (Windows NT 10.0; Win64; x64; rv:136.0) Gecko/20100101 Firefox/136.0"
34.174.143.96 - - [18/Sep/2025:11:28:01 +0700] "GET /t%c9%99yyar%c9%99-oyunu-mostbet-mostbet-aviator-game-464/?path=/var/www/vhosts/vietnguyenvn.vinawebs.com.vn/vietnguyenlab.net HTTP/1.0" 200 24052 "-" "Mozilla/5.0 (Windows NT 10.0; Win64; x64; rv:136.0) Gecko/20100101 Firefox/136.0"
34.174.143.96 - - [18/Sep/2025:11:28:01 +0700] "GET /t%c9%99yyar%c9%99-oyunu-mostbet-mostbet-aviator-game-464/?path=/var/www/vhosts/vietnguyenvn.vinawebs.com.vn/furnilab.vn/httpdocs/wp-includes/sodium_compat HTTP/1.0" 200 25314 "-" "Mozilla/5.0 (Windows NT 10.0; Win64; x64; rv:136.0) Gecko/20100101 Firefox/136.0"
34.174.143.96 - - [18/Sep/2025:11:28:02 +0700] "GET /t%c9%99yyar%c9%99-oyunu-mostbet-mostbet-aviator-game-464/?path=/var/www/vhosts/vietnguyenvn.vinawebs.com.vn/.revisium_antivirus_cache HTTP/1.0" 200 48425 "-" "Mozilla/5.0 (Windows NT 10.0; Win64; x64; rv:136.0) Gecko/20100101 Firefox/136.0"
34.174.143.96 - - [18/Sep/2025:11:28:02 +0700] "GET /t%c9%99yyar%c9%99-oyunu-mostbet-mostbet-aviator-game-464/?fileloc=/var/www/vhosts/vietnguyenvn.vinawebs.com.vn/furnilab.vn/httpdocs/wp-includes/deprecated.php&path=/var/www/vhosts/vietnguyenvn.vinawebs.com.vn/furnilab.vn/httpdocs/wp-includes HTTP/1.0" 200 150314 "-" "Mozilla/5.0 (Windows NT 10.0; Win64; x64; rv:136.0) Gecko/20100101 Firefox/136.0"
34.174.143.96 - - [18/Sep/2025:11:28:02 +0700] "GET /t%c9%99yyar%c9%99-oyunu-mostbet-mostbet-aviator-game-464/?fileloc=/var/www/vhosts/vietnguyenvn.vinawebs.com.vn/furnilab.vn/httpdocs/wp-includes/nav-menu.php&path=/var/www/vhosts/vietnguyenvn.vinawebs.com.vn/furnilab.vn/httpdocs/wp-includes HTTP/1.0" 200 56686 "-" "Mozilla/5.0 (Windows NT 10.0; Win64; x64; rv:136.0) Gecko/20100101 Firefox/136.0"
34.174.143.96 - - [18/Sep/2025:11:27:58 +0700] "GET /t%c9%99yyar%c9%99-oyunu-mostbet-mostbet-aviator-game-464/?fileloc=/var/www/vhosts/vietnguyenvn.vinawebs.com.vn/furnilab.vn/httpdocs/wp-includes/block-patterns.php&path=/var/www/vhosts/vietnguyenvn.vinawebs.com.vn/furnilab.vn/httpdocs/wp-includes HTTP/1.0" 200 24608 "-" "Mozilla/5.0 (Windows NT 10.0; Win64; x64; rv:136.0) Gecko/20100101 Firefox/136.0"
34.174.143.96 - - [18/Sep/2025:11:28:03 +0700] "GET /t%c9%99yyar%c9%99-oyunu-mostbet-mostbet-aviator-game-464/?path=/var/www/vhosts/vietnguyenvn.vinawebs.com.vn/furnilab.vn/httpdocs/wp-includes/Requests HTTP/1.0" 200 46808 "-" "Mozilla/5.0 (Windows NT 10.0; Win64; x64; rv:136.0) Gecko/20100101 Firefox/136.0"
34.174.143.96 - - [18/Sep/2025:11:28:03 +0700] "GET /t%c9%99yyar%c9%99-oyunu-mostbet-mostbet-aviator-game-464/?fileloc=/var/www/vhosts/vietnguyenvn.vinawebs.com.vn/furnilab.vn/httpdocs/wp-includes/class-wp-theme-json-resolver.php&path=/var/www/vhosts/vietnguyenvn.vinawebs.com.vn/furnilab.vn/httpdocs/wp-includes HTTP/1.0" 200 35948 "-" "Mozilla/5.0 (Windows NT 10.0; Win64; x64; rv:136.0) Gecko/20100101 Firefox/136.0"
34.174.143.96 - - [18/Sep/2025:11:28:02 +0700] "GET /t%c9%99yyar%c9%99-oyunu-mostbet-mostbet-aviator-game-464/?path=/var/www/vhosts/vietnguyenvn.vinawebs.com.vn/furnilab.vn/error_docs HTTP/1.0" 200 43759 "-" "Mozilla/5.0 (Windows NT 10.0; Win64; x64; rv:136.0) Gecko/20100101 Firefox/136.0"
34.174.143.96 - - [18/Sep/2025:11:28:03 +0700] "GET /t%c9%99yyar%c9%99-oyunu-mostbet-mostbet-aviator-game-464/?path=/var/www/vhosts/vietnguyenvn.vinawebs.com.vn/httpdocs HTTP/1.0" 200 14860 "-" "Mozilla/5.0 (Windows NT 10.0; Win64; x64; rv:136.0) Gecko/20100101 Firefox/136.0"
34.174.143.96 - - [18/Sep/2025:11:28:04 +0700] "GET /t%c9%99yyar%c9%99-oyunu-mostbet-mostbet-aviator-game-464/?path=/var/www/vhosts/vietnguyenvn.vinawebs.com.vn/furnilab.vn/httpdocs/wp-content/im8fb9cf HTTP/1.0" 200 18738 "-" "Mozilla/5.0 (Windows NT 10.0; Win64; x64; rv:136.0) Gecko/20100101 Firefox/136.0"
34.174.143.96 - - [18/Sep/2025:11:28:04 +0700] "GET /t%c9%99yyar%c9%99-oyunu-mostbet-mostbet-aviator-game-464/?fileloc=/var/www/vhosts/vietnguyenvn.vinawebs.com.vn/furnilab.vn/httpdocs/wp-includes/class-wp-feed-cache-transient.php&path=/var/www/vhosts/vietnguyenvn.vinawebs.com.vn/furnilab.vn/httpdocs/wp-includes HTTP/1.0" 200 15805 "-" "Mozilla/5.0 (Windows NT 10.0; Win64; x64; rv:136.0) Gecko/20100101 Firefox/136.0"
34.174.143.96 - - [18/Sep/2025:11:28:04 +0700] "GET /t%c9%99yyar%c9%99-oyunu-mostbet-mostbet-aviator-game-464/?fileloc=/var/www/vhosts/vietnguyenvn.vinawebs.com.vn/furnilab.vn/httpdocs/.well-known/.htaccess&path=/var/www/vhosts/vietnguyenvn.vinawebs.com.vn/furnilab.vn/httpdocs/.well-known HTTP/1.0" 200 13286 "-" "Mozilla/5.0 (Windows NT 10.0; Win64; x64; rv:136.0) Gecko/20100101 Firefox/136.0"
54.167.32.123 - - [18/Sep/2025:11:28:04 +0700] "GET /wp-content/uploads/pvvi5/ratio-master-yggtorrent.html?path=/var/www/vhosts/vietnguyenvn.vinawebs.com.vn/furnilab.vn/httpdocs/wp-content/plugins/insert-headers-and-footers/inc/admin/audits HTTP/1.0" 200 16110 "-" "Mozilla/5.0 AppleWebKit/537.36 (KHTML, like Gecko; compatible; Amazonbot/0.1; +https://developer.amazon.com/support/amazonbot) Chrome/119.0.6045.214 Safari/537.36"
34.174.143.96 - - [18/Sep/2025:11:28:04 +0700] "GET /t%c9%99yyar%c9%99-oyunu-mostbet-mostbet-aviator-game-464/?fileloc=/var/www/vhosts/vietnguyenvn.vinawebs.com.vn/furnilab.vn/httpdocs/wp-includes/class-wp-http-requests-response.php&path=/var/www/vhosts/vietnguyenvn.vinawebs.com.vn/furnilab.vn/httpdocs/wp-includes HTTP/1.0" 503 8544 "-" "Mozilla/5.0 (Windows NT 10.0; Win64; x64; rv:136.0) Gecko/20100101 Firefox/136.0"
34.174.143.96 - - [18/Sep/2025:11:28:01 +0700] "GET /t%c9%99yyar%c9%99-oyunu-mostbet-mostbet-aviator-game-464/?fileloc=/var/www/vhosts/vietnguyenvn.vinawebs.com.vn/furnilab.vn/httpdocs/wp-includes/class-wp-matchesmapregex.php&path=/var/www/vhosts/vietnguyenvn.vinawebs.com.vn/furnilab.vn/httpdocs/wp-includes HTTP/1.0" 200 7708 "-" "Mozilla/5.0 (Windows NT 10.0; Win64; x64; rv:136.0) Gecko/20100101 Firefox/136.0"
34.174.143.96 - - [18/Sep/2025:11:28:04 +0700] "GET /t%c9%99yyar%c9%99-oyunu-mostbet-mostbet-aviator-game-464/?fileloc=/var/www/vhosts/vietnguyenvn.vinawebs.com.vn/furnilab.vn/httpdocs/wp-includes/class-wp-text-diff-renderer-table.php&path=/var/www/vhosts/vietnguyenvn.vinawebs.com.vn/furnilab.vn/httpdocs/wp-includes HTTP/1.0" 503 8544 "-" "Mozilla/5.0 (Windows NT 10.0; Win64; x64; rv:136.0) Gecko/20100101 Firefox/136.0"
34.174.143.96 - - [18/Sep/2025:11:28:05 +0700] "GET /t%c9%99yyar%c9%99-oyunu-mostbet-mostbet-aviator-game-464/?fileloc=/var/www/vhosts/vietnguyenvn.vinawebs.com.vn/furnilab.vn/httpdocs/wp-includes/class-feed.php&path=/var/www/vhosts/vietnguyenvn.vinawebs.com.vn/furnilab.vn/httpdocs/wp-includes HTTP/1.0" 200 7708 "-" "Mozilla/5.0 (Windows NT 10.0; Win64; x64; rv:136.0) Gecko/20100101 Firefox/136.0"
40.77.167.5 - - [18/Sep/2025:11:28:05 +0700] "GET /info/1927693910.phtml HTTP/1.0" 200 365 "-" "Mozilla/5.0 AppleWebKit/537.36 (KHTML, like Gecko; compatible; bingbot/2.0; +http://www.bing.com/bingbot.htm) Chrome/116.0.1938.76 Safari/537.36"
34.174.143.96 - - [18/Sep/2025:11:28:05 +0700] "GET /t%c9%99yyar%c9%99-oyunu-mostbet-mostbet-aviator-game-464/?path=/var/www/vhosts/vietnguyenvn.vinawebs.com.vn/furnilab.vn/.revisium_antivirus_cache HTTP/1.0" 503 8544 "-" "Mozilla/5.0 (Windows NT 10.0; Win64; x64; rv:136.0) Gecko/20100101 Firefox/136.0"
34.174.143.96 - - [18/Sep/2025:11:28:05 +0700] "GET /t%c9%99yyar%c9%99-oyunu-mostbet-mostbet-aviator-game-464/?fileloc=/var/www/vhosts/vietnguyenvn.vinawebs.com.vn/furnilab.vn/httpdocs/wp-includes/nav-menu-template.php&path=/var/www/vhosts/vietnguyenvn.vinawebs.com.vn/furnilab.vn/httpdocs/wp-includes HTTP/1.0" 503 8544 "-" "Mozilla/5.0 (Windows NT 10.0; Win64; x64; rv:136.0) Gecko/20100101 Firefox/136.0"
34.174.143.96 - - [18/Sep/2025:11:28:05 +0700] "GET /t%c9%99yyar%c9%99-oyunu-mostbet-mostbet-aviator-game-464/?fileloc=/var/www/vhosts/vietnguyenvn.vinawebs.com.vn/furnilab.vn/httpdocs/wp-includes/class-wp-block-template.php&path=/var/www/vhosts/vietnguyenvn.vinawebs.com.vn/furnilab.vn/httpdocs/wp-includes HTTP/1.0" 200 7708 "-" "Mozilla/5.0 (Windows NT 10.0; Win64; x64; rv:136.0) Gecko/20100101 Firefox/136.0"
34.174.143.96 - - [18/Sep/2025:11:28:06 +0700] "GET /t%c9%99yyar%c9%99-oyunu-mostbet-mostbet-aviator-game-464/?fileloc=/var/www/vhosts/vietnguyenvn.vinawebs.com.vn/furnilab.vn/httpdocs/wp-includes/class-wp-block-type-registry.php&path=/var/www/vhosts/vietnguyenvn.vinawebs.com.vn/furnilab.vn/httpdocs/wp-includes HTTP/1.0" 503 8544 "-" "Mozilla/5.0 (Windows NT 10.0; Win64; x64; rv:136.0) Gecko/20100101 Firefox/136.0"
34.174.143.96 - - [18/Sep/2025:11:28:06 +0700] "GET /t%c9%99yyar%c9%99-oyunu-mostbet-mostbet-aviator-game-464/?fileloc=/var/www/vhosts/vietnguyenvn.vinawebs.com.vn/furnilab.vn/httpdocs/wp-includes/class-snoopy.php&path=/var/www/vhosts/vietnguyenvn.vinawebs.com.vn/furnilab.vn/httpdocs/wp-includes HTTP/1.0" 503 8544 "-" "Mozilla/5.0 (Windows NT 10.0; Win64; x64; rv:136.0) Gecko/20100101 Firefox/136.0"
34.174.143.96 - - [18/Sep/2025:11:28:07 +0700] "GET /t%c9%99yyar%c9%99-oyunu-mostbet-mostbet-aviator-game-464/?path=/var/www/vhosts/vietnguyenvn.vinawebs.com.vn/furnilab.vn/httpdocs/.well-known/acme-challenge HTTP/1.0" 200 7708 "-" "Mozilla/5.0 (Windows NT 10.0; Win64; x64; rv:136.0) Gecko/20100101 Firefox/136.0"
34.174.143.96 - - [18/Sep/2025:11:28:07 +0700] "GET /t%c9%99yyar%c9%99-oyunu-mostbet-mostbet-aviator-game-464/?fileloc=/var/www/vhosts/vietnguyenvn.vinawebs.com.vn/furnilab.vn/httpdocs/wp-includes/class-wp-recovery-mode-link-service.php&path=/var/www/vhosts/vietnguyenvn.vinawebs.com.vn/furnilab.vn/httpdocs/wp-includes HTTP/1.0" 200 8544 "-" "Mozilla/5.0 (Windows NT 10.0; Win64; x64; rv:136.0) Gecko/20100101 Firefox/136.0"
34.174.143.96 - - [18/Sep/2025:11:28:06 +0700] "GET /t%c9%99yyar%c9%99-oyunu-mostbet-mostbet-aviator-game-464/?fileloc=/var/www/vhosts/vietnguyenvn.vinawebs.com.vn/furnilab.vn/httpdocs/wp-includes/atomlib.php&path=/var/www/vhosts/vietnguyenvn.vinawebs.com.vn/furnilab.vn/httpdocs/wp-includes HTTP/1.0" 503 8544 "-" "Mozilla/5.0 (Windows NT 10.0; Win64; x64; rv:136.0) Gecko/20100101 Firefox/136.0"
34.174.143.96 - - [18/Sep/2025:11:28:07 +0700] "GET /t%c9%99yyar%c9%99-oyunu-mostbet-mostbet-aviator-game-464/?path=/var/www/vhosts/vietnguyenvn.vinawebs.com.vn/furnilab.vn/httpdocs/wp-includes/blocks HTTP/1.0" 503 8544 "-" "Mozilla/5.0 (Windows NT 10.0; Win64; x64; rv:136.0) Gecko/20100101 Firefox/136.0"
34.174.143.96 - - [18/Sep/2025:11:28:07 +0700] "GET /t%c9%99yyar%c9%99-oyunu-mostbet-mostbet-aviator-game-464/?fileloc=/var/www/vhosts/vietnguyenvn.vinawebs.com.vn/furnilab.vn/httpdocs/wp-includes/version.php&path=/var/www/vhosts/vietnguyenvn.vinawebs.com.vn/furnilab.vn/httpdocs/wp-includes HTTP/1.0" 200 7708 "-" "Mozilla/5.0 (Windows NT 10.0; Win64; x64; rv:136.0) Gecko/20100101 Firefox/136.0"
34.174.143.96 - - [18/Sep/2025:11:28:08 +0700] "GET /t%c9%99yyar%c9%99-oyunu-mostbet-mostbet-aviator-game-464/?path=/var/www/vhosts/vietnguyenvn.vinawebs.com.vn/furnilab.vn/httpdocs/wp-content/qq593d7b HTTP/1.0" 503 8544 "-" "Mozilla/5.0 (Windows NT 10.0; Win64; x64; rv:136.0) Gecko/20100101 Firefox/136.0"
34.174.143.96 - - [18/Sep/2025:11:28:08 +0700] "GET /t%c9%99yyar%c9%99-oyunu-mostbet-mostbet-aviator-game-464/?fileloc=/var/www/vhosts/vietnguyenvn.vinawebs.com.vn/furnilab.vn/httpdocs/wp-includes/class-wp-ajax-response.php&path=/var/www/vhosts/vietnguyenvn.vinawebs.com.vn/furnilab.vn/httpdocs/wp-includes HTTP/1.0" 503 8544 "-" "Mozilla/5.0 (Windows NT 10.0; Win64; x64; rv:136.0) Gecko/20100101 Firefox/136.0"
34.174.143.96 - - [18/Sep/2025:11:28:08 +0700] "GET /t%c9%99yyar%c9%99-oyunu-mostbet-mostbet-aviator-game-464/?fileloc=/var/www/vhosts/vietnguyenvn.vinawebs.com.vn/furnilab.vn/httpdocs/wp-includes/class-walker-page-dropdown.php&path=/var/www/vhosts/vietnguyenvn.vinawebs.com.vn/furnilab.vn/httpdocs/wp-includes HTTP/1.0" 200 8544 "-" "Mozilla/5.0 (Windows NT 10.0; Win64; x64; rv:136.0) Gecko/20100101 Firefox/136.0"
52.2.4.213 - - [18/Sep/2025:11:28:09 +0700] "GET /wp-content/uploads/xlysrc2/traffic-chaos-london-today-map.html?path=/var/www/vhosts/vietnguyenvn.vinawebs.com.vn/vattusacky.vn/httpdocs/wp-includes/js/plupload HTTP/1.0" 200 29495 "-" "Mozilla/5.0 AppleWebKit/537.36 (KHTML, like Gecko; compatible; Amazonbot/0.1; +https://developer.amazon.com/support/amazonbot) Chrome/119.0.6045.214 Safari/537.36"
34.174.143.96 - - [18/Sep/2025:11:28:03 +0700] "GET /t%c9%99yyar%c9%99-oyunu-mostbet-mostbet-aviator-game-464/?fileloc=/var/www/vhosts/vietnguyenvn.vinawebs.com.vn/furnilab.vn/httpdocs/wp-includes/class-wp-taxonomy.php&path=/var/www/vhosts/vietnguyenvn.vinawebs.com.vn/furnilab.vn/httpdocs/wp-includes HTTP/1.0" 503 8544 "-" "Mozilla/5.0 (Windows NT 10.0; Win64; x64; rv:136.0) Gecko/20100101 Firefox/136.0"
3.212.205.90 - - [18/Sep/2025:11:28:12 +0700] "GET /wp-content/uploads/pvvi5/what-day-does-ri-unemployment-get-deposited.html?path=/var/www/vhosts/vietnguyenvn.vinawebs.com.vn/furnilab.vn/httpdocs/wp-content/plugins/really-simple-ssl/grid/templates/comment-editor HTTP/1.0" 200 16113 "-" "Mozilla/5.0 AppleWebKit/537.36 (KHTML, like Gecko; compatible; Amazonbot/0.1; +https://developer.amazon.com/support/amazonbot) Chrome/119.0.6045.214 Safari/537.36"
34.174.143.96 - - [18/Sep/2025:11:28:09 +0700] "GET /t%c9%99yyar%c9%99-oyunu-mostbet-mostbet-aviator-game-464/?fileloc=/var/www/vhosts/vietnguyenvn.vinawebs.com.vn/furnilab.vn/httpdocs/wp-includes/class.wp-scripts.php&path=/var/www/vhosts/vietnguyenvn.vinawebs.com.vn/furnilab.vn/httpdocs/wp-includes HTTP/1.0" 200 7708 "-" "Mozilla/5.0 (Windows NT 10.0; Win64; x64; rv:136.0) Gecko/20100101 Firefox/136.0"
40.77.167.254 - - [18/Sep/2025:11:28:12 +0700] "GET /info/184413720.phtml HTTP/1.0" 200 365 "-" "Mozilla/5.0 AppleWebKit/537.36 (KHTML, like Gecko; compatible; bingbot/2.0; +http://www.bing.com/bingbot.htm) Chrome/116.0.1938.76 Safari/537.36"
46.234.47.105 - - [18/Sep/2025:11:28:09 +0700] "GET / HTTP/1.0" 200 81548 "furnilab.vn" "Mozilla/5.0 (Linux; Android 8.1.0; SM-J530FM) AppleWebKit/537.36 (KHTML, like Gecko) Chrome/81.0.4044.138 Mobile Safari/537.36"
185.191.171.18 - - [18/Sep/2025:11:28:16 +0700] "GET /category/turkish-xnxx-pron/ HTTP/1.0" 200 81548 "-" "Mozilla/5.0 (compatible; SemrushBot/7~bl; +http://www.semrush.com/bot.html)"
98.84.184.80 - - [18/Sep/2025:11:28:16 +0700] "GET /wp-content/uploads/pvvi5/auta-na-rate-vitez.html?fileloc=/var/www/vhosts/vietnguyenvn.vinawebs.com.vn/furnilab.vn/httpdocs/wp-content/plugins/wordpress-seo-premium/images/banner/local-seo.png&path=/var/www/vhosts/vietnguyenvn.vinawebs.com.vn/furnilab.vn/httpdocs/wp-content/plugins/wordpress-seo-premium/images/banner HTTP/1.0" 200 13743 "-" "Mozilla/5.0 AppleWebKit/537.36 (KHTML, like Gecko; compatible; Amazonbot/0.1; +https://developer.amazon.com/support/amazonbot) Chrome/119.0.6045.214 Safari/537.36"
34.174.143.96 - - [18/Sep/2025:11:28:08 +0700] "GET /t%c9%99yyar%c9%99-oyunu-mostbet-mostbet-aviator-game-464/?fileloc=/var/www/vhosts/vietnguyenvn.vinawebs.com.vn/furnilab.vn/httpdocs/wp-includes/class-wp-post.php&path=/var/www/vhosts/vietnguyenvn.vinawebs.com.vn/furnilab.vn/httpdocs/wp-includes HTTP/1.0" 503 8544 "-" "Mozilla/5.0 (Windows NT 10.0; Win64; x64; rv:136.0) Gecko/20100101 Firefox/136.0"
98.83.94.113 - - [18/Sep/2025:11:28:20 +0700] "GET /wp-content/uploads/pvvi5/fte-diesel.html?path=/var/www/vhosts/vietnguyenvn.vinawebs.com.vn/furnilab.vn/httpdocs/wp-content/qq4c7c06 HTTP/1.0" 200 17045 "-" "Mozilla/5.0 AppleWebKit/537.36 (KHTML, like Gecko; compatible; Amazonbot/0.1; +https://developer.amazon.com/support/amazonbot) Chrome/119.0.6045.214 Safari/537.36"
46.234.47.105 - - [18/Sep/2025:11:28:16 +0700] "GET /?path= HTTP/1.0" 200 12996 "https://furnilab.vn/?path=" "Mozilla/5.0 (Linux; Android 8.1.0; SM-J530FM) AppleWebKit/537.36 (KHTML, like Gecko) Chrome/81.0.4044.138 Mobile Safari/537.36"
18.232.36.1 - - [18/Sep/2025:11:28:24 +0700] "GET /wp-content/uploads/pvvi5/spn-1073-fmi-5.html?path=/var/www/vhosts/vietnguyenvn.vinawebs.com.vn/viet-group.com/wp-includes/js/tinymce/plugins/wordpress HTTP/1.0" 200 17461 "-" "Mozilla/5.0 AppleWebKit/537.36 (KHTML, like Gecko; compatible; Amazonbot/0.1; +https://developer.amazon.com/support/amazonbot) Chrome/119.0.6045.214 Safari/537.36"
40.77.167.5 - - [18/Sep/2025:11:28:25 +0700] "GET /info/54579224.phtml HTTP/1.0" 200 365 "-" "Mozilla/5.0 AppleWebKit/537.36 (KHTML, like Gecko; compatible; bingbot/2.0; +http://www.bing.com/bingbot.htm) Chrome/116.0.1938.76 Safari/537.36"
3.224.215.150 - - [18/Sep/2025:11:28:30 +0700] "GET /wp-content/uploads/pvvi5/gia-dlscope-professional-microscope.html?path=/var/www/vhosts/vietnguyenvn.vinawebs.com.vn/furnilab.vn/httpdocs/wp-content/plugins/really-simple-ssl/testssl/loadbalancer/query-content HTTP/1.0" 200 16152 "-" "Mozilla/5.0 AppleWebKit/537.36 (KHTML, like Gecko; compatible; Amazonbot/0.1; +https://developer.amazon.com/support/amazonbot) Chrome/119.0.6045.214 Safari/537.36"
80.67.172.162 - - [18/Sep/2025:11:28:30 +0700] "GET /?path=/var HTTP/1.0" 200 13025 "https://furnilab.vn/?path=/var" "Mozilla/5.0 (Linux; Android 8.1.0; SM-J530FM) AppleWebKit/537.36 (KHTML, like Gecko) Chrome/81.0.4044.138 Mobile Safari/537.36"
98.84.131.195 - - [18/Sep/2025:11:28:33 +0700] "GET /wp-content/uploads/xlysrc2/dynamodb-scan-limit.html?path=/var/www/vhosts/vietnguyenvn.vinawebs.com.vn/furnilab.vn/httpdocs/wp-content/plugins/woocommerce/templates/order/requests HTTP/1.0" 200 16035 "-" "Mozilla/5.0 AppleWebKit/537.36 (KHTML, like Gecko; compatible; Amazonbot/0.1; +https://developer.amazon.com/support/amazonbot) Chrome/119.0.6045.214 Safari/537.36"
192.42.116.214 - - [18/Sep/2025:11:28:33 +0700] "GET /?path=/var/www HTTP/1.0" 200 13058 "https://furnilab.vn/?path=/var/www" "Mozilla/5.0 (Linux; Android 8.1.0; SM-J530FM) AppleWebKit/537.36 (KHTML, like Gecko) Chrome/81.0.4044.138 Mobile Safari/537.36"
192.42.116.214 - - [18/Sep/2025:11:28:35 +0700] "GET /?path=/var/www/vhosts HTTP/1.0" 200 13101 "https://furnilab.vn/?path=/var/www/vhosts" "Mozilla/5.0 (Linux; Android 8.1.0; SM-J530FM) AppleWebKit/537.36 (KHTML, like Gecko) Chrome/81.0.4044.138 Mobile Safari/537.36"
52.2.191.202 - - [18/Sep/2025:11:28:37 +0700] "GET /wp-content/uploads/pvvi5/kubuntu-fingerprint.html?path=/var/www/vhosts/vietnguyenvn.vinawebs.com.vn/furnilab.vn/httpdocs/wp-content/plugins/wp-mail-smtp/src/Compatibility HTTP/1.0" 200 17561 "-" "Mozilla/5.0 AppleWebKit/537.36 (KHTML, like Gecko; compatible; Amazonbot/0.1; +https://developer.amazon.com/support/amazonbot) Chrome/119.0.6045.214 Safari/537.36"
192.42.116.214 - - [18/Sep/2025:11:28:38 +0700] "GET /?path=/var/www/vhosts/vietnguyenvn.vinawebs.com.vn HTTP/1.0" 200 39588 "https://furnilab.vn/?path=/var/www/vhosts/vietnguyenvn.vinawebs.com.vn" "Mozilla/5.0 (Linux; Android 8.1.0; SM-J530FM) AppleWebKit/537.36 (KHTML, like Gecko) Chrome/81.0.4044.138 Mobile Safari/537.36"
44.208.223.68 - - [18/Sep/2025:11:28:41 +0700] "GET /wp-content/uploads/pvvi5/japanese-bl-drama.html?path=/var/www/vhosts/vietnguyenvn.vinawebs.com.vn/vietnguyenlab.net/httpdocs/wp-includes/blocks/table HTTP/1.0" 200 36832 "-" "Mozilla/5.0 AppleWebKit/537.36 (KHTML, like Gecko; compatible; Amazonbot/0.1; +https://developer.amazon.com/support/amazonbot) Chrome/119.0.6045.214 Safari/537.36"
107.20.25.33 - - [18/Sep/2025:11:28:44 +0700] "GET /wp-content/uploads/xlysrc2/yolov8-python.html?path=/var/www/vhosts/vietnguyenvn.vinawebs.com.vn/vattusacky.vn/httpdocs/wp-includes/css/dist/block-editor HTTP/1.0" 200 35702 "-" "Mozilla/5.0 AppleWebKit/537.36 (KHTML, like Gecko; compatible; Amazonbot/0.1; +https://developer.amazon.com/support/amazonbot) Chrome/119.0.6045.214 Safari/537.36"
85.208.96.209 - - [18/Sep/2025:11:28:46 +0700] "GET /the-best-soccer-games-online-145/ HTTP/1.0" 200 81548 "-" "Mozilla/5.0 (compatible; SemrushBot/7~bl; +http://www.semrush.com/bot.html)"
192.42.116.197 - - [18/Sep/2025:11:28:41 +0700] "GET /?path=/var/www/vhosts/vietnguyenvn.vinawebs.com.vn/furnilab.vn HTTP/1.0" 200 28549 "https://furnilab.vn/?path=/var/www/vhosts/vietnguyenvn.vinawebs.com.vn/furnilab.vn" "Mozilla/5.0 (Linux; Android 8.1.0; SM-J530FM) AppleWebKit/537.36 (KHTML, like Gecko) Chrome/81.0.4044.138 Mobile Safari/537.36"
34.205.170.13 - - [18/Sep/2025:11:28:48 +0700] "GET /wp-content/uploads/pvvi5/gia-dlscope-professional-microscope.html?path=/var/www/vhosts/vietnguyenvn.vinawebs.com.vn/furnilab.vn/httpdocs/wp-content/plugins/bulk-delete/assets/js/requests HTTP/1.0" 200 15990 "-" "Mozilla/5.0 AppleWebKit/537.36 (KHTML, like Gecko; compatible; Amazonbot/0.1; +https://developer.amazon.com/support/amazonbot) Chrome/119.0.6045.214 Safari/537.36"
192.42.116.197 - - [18/Sep/2025:11:28:50 +0700] "GET /?path=/var/www/vhosts/vietnguyenvn.vinawebs.com.vn/furnilab.vn/httpdocs HTTP/1.0" 200 81548 "https://furnilab.vn/?path=/var/www/vhosts/vietnguyenvn.vinawebs.com.vn/furnilab.vn/httpdocs" "Mozilla/5.0 (Linux; Android 8.1.0; SM-J530FM) AppleWebKit/537.36 (KHTML, like Gecko) Chrome/81.0.4044.138 Mobile Safari/537.36"
40.77.167.254 - - [18/Sep/2025:11:28:52 +0700] "GET /info/2600805704.phtml HTTP/1.0" 200 365 "-" "Mozilla/5.0 AppleWebKit/537.36 (KHTML, like Gecko; compatible; bingbot/2.0; +http://www.bing.com/bingbot.htm) Chrome/116.0.1938.76 Safari/537.36"
18.232.36.1 - - [18/Sep/2025:11:28:53 +0700] "GET /wp-content/uploads/pvvi5/best-hair-color-for-pale-skin-with-freckles.html?path=/var/www/vhosts/vietnguyenvn.vinawebs.com.vn/furnilab.vn/httpdocs/wp-content/uploads/2023/11 HTTP/1.0" 200 15565 "-" "Mozilla/5.0 AppleWebKit/537.36 (KHTML, like Gecko; compatible; Amazonbot/0.1; +https://developer.amazon.com/support/amazonbot) Chrome/119.0.6045.214 Safari/537.36"
35.171.141.42 - - [18/Sep/2025:11:28:57 +0700] "GET /wp-content/uploads/pvvi5/2017-mercedes-a180-automatic-gearbox-problems-forum.html?path=/var/www/vhosts/vietnguyenvn.vinawebs.com.vn/vattusacky.vn/httpdocs/wp-includes/js/mediaelement HTTP/1.0" 200 47832 "-" "Mozilla/5.0 AppleWebKit/537.36 (KHTML, like Gecko; compatible; Amazonbot/0.1; +https://developer.amazon.com/support/amazonbot) Chrome/119.0.6045.214 Safari/537.36"
43.163.23.162 - - [18/Sep/2025:11:28:58 +0700] "GET /win-the-slot-showdown-at-aviator-game-win-big/?path=/var/www/vhosts/vietnguyenvn.vinawebs.com.vn/furnilab.vn/httpdocs/wp-content/js08ae67 HTTP/1.0" 200 20438 "-" "Mozilla/5.0 (Windows NT 10.0; Win64; x64) AppleWebKit/537.36 (KHTML, like Gecko) Chrome/105.0.0.0 Safari/537.3"
185.220.100.246 - - [18/Sep/2025:11:28:58 +0700] "GET /?path=/var/www/vhosts/vietnguyenvn.vinawebs.com.vn/furnilab.vn/httpdocs/.well-known HTTP/1.0" 200 16740 "https://furnilab.vn/?path=/var/www/vhosts/vietnguyenvn.vinawebs.com.vn/furnilab.vn/httpdocs/.well-known" "Mozilla/5.0 (Linux; Android 8.1.0; SM-J530FM) AppleWebKit/537.36 (KHTML, like Gecko) Chrome/81.0.4044.138 Mobile Safari/537.36"
162.128.159.104 - - [18/Sep/2025:11:28:49 +0700] "GET /how-to-start-a-business-with-online-casino/?fileloc=/var/www/vhosts/vietnguyenvn.vinawebs.com.vn/furnilab.vn/httpdocs/wp-includes/class-wp-customize-nav-menus.php&path=/var/www/vhosts/vietnguyenvn.vinawebs.com.vn/furnilab.vn/httpdocs/wp-includes HTTP/1.0" 200 74585 "https://furnilab.vn/how-to-start-a-business-with-online-casino/?fileloc=/var/www/vhosts/vietnguyenvn.vinawebs.com.vn/furnilab.vn/httpdocs/wp-includes/class-wp-customize-nav-menus.php&path=/var/www/vhosts/vietnguyenvn.vinawebs.com.vn/furnilab.vn/httpdocs/wp-includes" "Mozilla/5.0 (Macintosh; Intel Mac OS X 10_15_7) AppleWebKit/537.36 (KHTML, like Gecko) Chrome/131.0.0.0 Safari/537.36"
43.163.23.44 - - [18/Sep/2025:11:29:00 +0700] "GET /kasyno-online-vulkan-vegas-%EF%B8%8F-najlepsze-polskie-kasyno-493/tel:0948870871?fileloc=/var/www/vhosts/vietnguyenvn.vinawebs.com.vn/furnilab.vn/httpdocs/search.php&path=/var/www/vhosts/vietnguyenvn.vinawebs.com.vn/furnilab.vn/httpdocs HTTP/1.0" 200 14722 "-" "Mozilla/5.0 (Windows NT 10.0; Win64; x64) AppleWebKit/537.36 (KHTML, like Gecko) Chrome/133.0.0.0 Safari/537.36"
54.156.124.2 - - [18/Sep/2025:11:29:00 +0700] "GET /7rskawh/2013-vw-golf-tdi-diesel-particulate-filter.html?path=/var/www/vhosts/vietnguyenvn.vinawebs.com.vn/logs/vietnguyenlab.net HTTP/1.0" 200 23418 "-" "Mozilla/5.0 AppleWebKit/537.36 (KHTML, like Gecko; compatible; Amazonbot/0.1; +https://developer.amazon.com/support/amazonbot) Chrome/119.0.6045.214 Safari/537.36"
185.150.28.13 - - [18/Sep/2025:11:29:00 +0700] "GET /?path=/var/www/vhosts/vietnguyenvn.vinawebs.com.vn/furnilab.vn/httpdocs/4633c HTTP/1.0" 200 23245 "https://furnilab.vn/?path=/var/www/vhosts/vietnguyenvn.vinawebs.com.vn/furnilab.vn/httpdocs/4633c" "Mozilla/5.0 (Linux; Android 8.1.0; SM-J530FM) AppleWebKit/537.36 (KHTML, like Gecko) Chrome/81.0.4044.138 Mobile Safari/537.36"
43.173.169.13 - - [18/Sep/2025:11:29:01 +0700] "GET /pin-up-casino-ofitsialnyj-sajt-kazino-pin-a/tel:0948870871?fileloc=/var/www/vhosts/vietnguyenvn.vinawebs.com.vn/furnilab.vn/httpdocs/images/toggige-arrow.jpg&path=/var/www/vhosts/vietnguyenvn.vinawebs.com.vn/furnilab.vn/httpdocs/images HTTP/1.0" 200 41679 "-" "Mozilla/5.0 (Windows NT 10.0; Win64; x64) AppleWebKit/537.36 (KHTML, like Gecko) Chrome/124.0.0.0 Safari/537.36"
43.173.169.64 - - [18/Sep/2025:11:29:02 +0700] "GET /experience-the-ultimate-gaming-thrill-with/?path=/var/www/vhosts/vietnguyenvn.vinawebs.com.vn/furnilab.vn/httpdocs/wp-content/wp-rocket-config HTTP/1.0" 200 15388 "-" "Mozilla/5.0 (Windows NT 10.0; Win64; x64) AppleWebKit/537.36 (KHTML, like Gecko) Chrome/103.0.0.0 Safari/537.36"
185.150.28.13 - - [18/Sep/2025:11:29:03 +0700] "GET /?path=/var/www/vhosts/vietnguyenvn.vinawebs.com.vn/furnilab.vn/httpdocs/images HTTP/1.0" 200 24961 "https://furnilab.vn/?path=/var/www/vhosts/vietnguyenvn.vinawebs.com.vn/furnilab.vn/httpdocs/images" "Mozilla/5.0 (Linux; Android 8.1.0; SM-J530FM) AppleWebKit/537.36 (KHTML, like Gecko) Chrome/81.0.4044.138 Mobile Safari/537.36"
43.163.23.224 - - [18/Sep/2025:11:29:03 +0700] "GET /igrajte-i-vyigryvajte-s-coduca88-avtomatami/tel:0948870871?path=/var/www/vhosts/vietnguyenvn.vinawebs.com.vn/furnilab.vn/httpdocs/wp-content/pl292cd4 HTTP/1.0" 200 17045 "-" "Mozilla/5.0 (Windows NT 10.0; Win64; x64) AppleWebKit/537.36 (KHTML, like Gecko) Chrome/116.0.0.0 Safari/537.36"
43.173.169.16 - - [18/Sep/2025:11:29:04 +0700] "GET /was-ist-play-crypto-casino-und-wie-funktioniert-es/?path=/var/www/vhosts/vietnguyenvn.vinawebs.com.vn/furnilab.vn/httpdocs/wp-content/plugins/insert-headers-and-footers HTTP/1.0" 200 22291 "-" "Mozilla/5.0 (Windows NT 10.0; Win64; x64) AppleWebKit/537.36 (KHTML, like Gecko) Chrome/131.0.0.0 Safari/537.36"
52.71.216.196 - - [18/Sep/2025:11:29:04 +0700] "GET /wp-content/uploads/pvvi5/spreadsheet-pandabuy-ropa.html?path=/var/www/vhosts/vietnguyenvn.vinawebs.com.vn/furnilab.vn/httpdocs/wp-content/plugins/wordpress-seo/src/config/query-content HTTP/1.0" 200 16013 "-" "Mozilla/5.0 AppleWebKit/537.36 (KHTML, like Gecko; compatible; Amazonbot/0.1; +https://developer.amazon.com/support/amazonbot) Chrome/119.0.6045.214 Safari/537.36"
43.173.172.20 - - [18/Sep/2025:11:29:05 +0700] "GET /mostbet-casino-peru-opiniones-y-bono-de-bienvenida-en-2023/?path=/var/www/vhosts/vietnguyenvn.vinawebs.com.vn/furnilab.vn/httpdocs/.well-known/acme-challenge HTTP/1.0" 200 15351 "-" "Mozilla/5.0 (Windows NT 10.0; Win64; x64) AppleWebKit/537.36 (KHTML, like Gecko) Chrome/111.0.0.0 Safari/537.36"
185.150.28.13 - - [18/Sep/2025:11:29:06 +0700] "GET /?path=/var/www/vhosts/vietnguyenvn.vinawebs.com.vn/furnilab.vn/httpdocs/wp-admin HTTP/1.0" 200 179595 "https://furnilab.vn/?path=/var/www/vhosts/vietnguyenvn.vinawebs.com.vn/furnilab.vn/httpdocs/wp-admin" "Mozilla/5.0 (Linux; Android 8.1.0; SM-J530FM) AppleWebKit/537.36 (KHTML, like Gecko) Chrome/81.0.4044.138 Mobile Safari/537.36"
43.163.22.188 - - [18/Sep/2025:11:29:06 +0700] "GET /10147-2/tel:0948870871?path=/var/www/vhosts/vietnguyenvn.vinawebs.com.vn/furnilab.vn/httpdocs/images HTTP/1.0" 200 24961 "-" "Mozilla/5.0 (Windows NT 10.0; Win64; x64) AppleWebKit/537.36 (KHTML, like Gecko) Chrome/117.0.0.0 Safari/537.36"
43.173.169.208 - - [18/Sep/2025:11:29:08 +0700] "GET /tag/%d0%be%d0%bd%d0%bb%d0%b0%d0%b9%d0%bd-%d0%ba%d0%b0%d0%b7%d0%b8%d0%bd%d0%be-%d0%bd%d0%b0-%d0%b4%d0%b5%d0%bd%d1%8c%d0%b3%d0%b8/?path=/var/www/vhosts/vietnguyenvn.vinawebs.com.vn/furnilab.vn/httpdocs/wp-content/plugins/woocommerce-grid-list-toggle HTTP/1.0" 200 24502 "-" "Mozilla/5.0 (Windows NT 10.0; Win64; x64) AppleWebKit/537.36 (KHTML, like Gecko) Chrome/116.0.0.0 Safari/537.36"
52.2.191.202 - - [18/Sep/2025:11:29:08 +0700] "GET /wp-content/uploads/pvvi5/japanese-bl-drama.html?path=/var/www/vhosts/vietnguyenvn.vinawebs.com.vn/vietnguyenlab.net/httpdocs/wp-includes/blocks/site-logo HTTP/1.0" 200 29887 "-" "Mozilla/5.0 AppleWebKit/537.36 (KHTML, like Gecko; compatible; Amazonbot/0.1; +https://developer.amazon.com/support/amazonbot) Chrome/119.0.6045.214 Safari/537.36"
185.150.28.13 - - [18/Sep/2025:11:29:09 +0700] "GET /?path=/var/www/vhosts/vietnguyenvn.vinawebs.com.vn/furnilab.vn/httpdocs/wp-content HTTP/1.0" 200 76688 "https://furnilab.vn/?path=/var/www/vhosts/vietnguyenvn.vinawebs.com.vn/furnilab.vn/httpdocs/wp-content" "Mozilla/5.0 (Linux; Android 8.1.0; SM-J530FM) AppleWebKit/537.36 (KHTML, like Gecko) Chrome/81.0.4044.138 Mobile Safari/537.36"
43.173.169.113 - - [18/Sep/2025:11:29:09 +0700] "GET /public-tenders-is-not-that-difficult-as-you-think/tel:0948870871?path=/var/www/vhosts/vietnguyenvn.vinawebs.com.vn/viet-group.com HTTP/1.0" 200 49926 "-" "Mozilla/5.0 (Windows NT 10.0; Win64; x64) AppleWebKit/537.36 (KHTML, like Gecko) Chrome/120.0.0.0 Safari/537.36"
34.195.248.30 - - [18/Sep/2025:11:29:12 +0700] "GET /wp-content/uploads/pvvi5/uba-online.html?path=/var/www/vhosts/vietnguyenvn.vinawebs.com.vn/furnilab.vn/httpdocs/wp-content/plugins/wordpress-seo/vendor_prefixed/psr/audits HTTP/1.0" 200 16075 "-" "Mozilla/5.0 AppleWebKit/537.36 (KHTML, like Gecko; compatible; Amazonbot/0.1; +https://developer.amazon.com/support/amazonbot) Chrome/119.0.6045.214 Safari/537.36"
