216.73.216.172 - - [18/Sep/2025:11:55:00 +0700] "GET /san-pham/be-on-nhiet-dau-one14-memmert-14-lit?path=%2Fvar%2Fwww%2Fvhosts%2Fvietnguyenvn.vinawebs.com.vn%2Ffurnilab.vn%2Fhttpdocs%2F.well-known HTTP/1.0" 200 16740 "-" "Mozilla/5.0 AppleWebKit/537.36 (KHTML, like Gecko; compatible; ClaudeBot/1.0; +claudebot@anthropic.com)"
216.73.216.172 - - [18/Sep/2025:11:55:01 +0700] "GET /the/be-rua-sieu-am-elmasonic-s15-h HTTP/1.0" 200 81548 "-" "Mozilla/5.0 AppleWebKit/537.36 (KHTML, like Gecko; compatible; ClaudeBot/1.0; +claudebot@anthropic.com)"
40.77.167.255 - - [18/Sep/2025:11:55:06 +0700] "GET /info/128083826.phtml HTTP/1.0" 200 365 "-" "Mozilla/5.0 AppleWebKit/537.36 (KHTML, like Gecko; compatible; bingbot/2.0; +http://www.bing.com/bingbot.htm) Chrome/116.0.1938.76 Safari/537.36"
216.73.216.172 - - [18/Sep/2025:11:55:01 +0700] "GET /san-pham/be-on-nhiet-dau-one14-memmert-14-lit?path=%2Fvar%2Fwww%2Fvhosts%2Fvietnguyenvn.vinawebs.com.vn%2Ffurnilab.vn%2Fhttpdocs%2Fimages HTTP/1.0" 200 24961 "-" "Mozilla/5.0 AppleWebKit/537.36 (KHTML, like Gecko; compatible; ClaudeBot/1.0; +claudebot@anthropic.com)"
40.77.167.255 - - [18/Sep/2025:11:55:07 +0700] "GET /info/766408908.phtml HTTP/1.0" 200 365 "-" "Mozilla/5.0 AppleWebKit/537.36 (KHTML, like Gecko; compatible; bingbot/2.0; +http://www.bing.com/bingbot.htm) Chrome/116.0.1938.76 Safari/537.36"
40.77.167.255 - - [18/Sep/2025:11:55:10 +0700] "GET /info/1307323212.phtml HTTP/1.0" 200 365 "-" "Mozilla/5.0 AppleWebKit/537.36 (KHTML, like Gecko; compatible; bingbot/2.0; +http://www.bing.com/bingbot.htm) Chrome/116.0.1938.76 Safari/537.36"
85.208.96.199 - - [18/Sep/2025:11:55:17 +0700] "GET /vzi4vcn2v369qrx9qozrumejmrel4d4ph/ HTTP/1.0" 200 81548 "-" "Mozilla/5.0 (compatible; SemrushBot/7~bl; +http://www.semrush.com/bot.html)"
185.191.171.13 - - [18/Sep/2025:11:55:21 +0700] "GET /hijackthis-for-windows/ HTTP/1.0" 200 81548 "-" "Mozilla/5.0 (compatible; SemrushBot/7~bl; +http://www.semrush.com/bot.html)"
52.167.144.21 - - [18/Sep/2025:11:55:28 +0700] "GET /info/353743518.phtml HTTP/1.0" 200 365 "-" "Mozilla/5.0 AppleWebKit/537.36 (KHTML, like Gecko; compatible; bingbot/2.0; +http://www.bing.com/bingbot.htm) Chrome/116.0.1938.76 Safari/537.36"
52.167.144.21 - - [18/Sep/2025:11:55:30 +0700] "GET /info/2686581616.phtml HTTP/1.0" 200 365 "-" "Mozilla/5.0 AppleWebKit/537.36 (KHTML, like Gecko; compatible; bingbot/2.0; +http://www.bing.com/bingbot.htm) Chrome/116.0.1938.76 Safari/537.36"
52.167.144.21 - - [18/Sep/2025:11:55:31 +0700] "GET /info/2578046568.phtml HTTP/1.0" 200 365 "-" "Mozilla/5.0 AppleWebKit/537.36 (KHTML, like Gecko; compatible; bingbot/2.0; +http://www.bing.com/bingbot.htm) Chrome/116.0.1938.76 Safari/537.36"
66.249.89.163 - - [18/Sep/2025:11:55:36 +0700] "GET /.well-known/apple-app-site-association HTTP/1.0" 200 365 "-" "Mozilla/5.0 (Linux; Android 6.0.1; Nexus 5X Build/MMB29P) AppleWebKit/537.36 (KHTML, like Gecko) Chrome/140.0.7339.127 Mobile Safari/537.36 (compatible; AdsBot-Google-Mobile; +http://www.google.com/mobile/adsbot.html)"
52.167.144.215 - - [18/Sep/2025:11:55:38 +0700] "GET /info/1452785698.phtml HTTP/1.0" 200 365 "-" "Mozilla/5.0 AppleWebKit/537.36 (KHTML, like Gecko; compatible; bingbot/2.0; +http://www.bing.com/bingbot.htm) Chrome/116.0.1938.76 Safari/537.36"
52.167.144.215 - - [18/Sep/2025:11:55:40 +0700] "GET /info/109262476.phtml HTTP/1.0" 200 365 "-" "Mozilla/5.0 AppleWebKit/537.36 (KHTML, like Gecko; compatible; bingbot/2.0; +http://www.bing.com/bingbot.htm) Chrome/116.0.1938.76 Safari/537.36"
43.163.22.67 - - [18/Sep/2025:11:55:41 +0700] "GET /the-advantages-of-software-for-the-purpose-of-data-managing/tel:0948870871?path=/var/www/vhosts/vietnguyenvn.vinawebs.com.vn/etechvn.vn HTTP/1.0" 200 23877 "-" "Mozilla/5.0 (Windows NT 10.0; Win64; x64) AppleWebKit/537.36 (KHTML, like Gecko) Chrome/131.0.0.0 Safari/537.36"
43.163.22.46 - - [18/Sep/2025:11:55:42 +0700] "GET /mexican-spouse-twelve-reasons-they-have-awesome-to-marry-a-mexican-lady/tel:0948870871?path=/var/www/vhosts/vietnguyenvn.vinawebs.com.vn/etechvn.vn HTTP/1.0" 200 23877 "-" "Mozilla/5.0 (Windows NT 10.0; Win64; x64) AppleWebKit/537.36 (KHTML, like Gecko) Chrome/109.0.0.0 Safari/537.36"
40.77.167.255 - - [18/Sep/2025:11:55:45 +0700] "GET /info/643083208.phtml HTTP/1.0" 200 365 "-" "Mozilla/5.0 AppleWebKit/537.36 (KHTML, like Gecko; compatible; bingbot/2.0; +http://www.bing.com/bingbot.htm) Chrome/116.0.1938.76 Safari/537.36"
43.163.23.162 - - [18/Sep/2025:11:55:43 +0700] "GET /skachat-mostbet-uz-na-android-apk-i-ios-obzor-bukmekera-my-blog-54/?path=/var/www/vhosts/vietnguyenvn.vinawebs.com.vn/furnilab.vn/httpdocs/wp-content/wp878c65 HTTP/1.0" 200 22156 "-" "Mozilla/5.0 (Windows NT 10.0; Win64; x64) AppleWebKit/537.36 (KHTML, like Gecko) Chrome/103.0.0.0 Safari/537.36"
52.167.144.215 - - [18/Sep/2025:11:55:59 +0700] "GET /info/2811472210.phtml HTTP/1.0" 200 365 "-" "Mozilla/5.0 AppleWebKit/537.36 (KHTML, like Gecko; compatible; bingbot/2.0; +http://www.bing.com/bingbot.htm) Chrome/116.0.1938.76 Safari/537.36"
85.208.96.197 - - [18/Sep/2025:11:56:02 +0700] "GET /kauflich-muskeln-aus-der-spritze-ein-insider-berichtet-von-seiner-dopingerfahrung/ HTTP/1.0" 200 81548 "-" "Mozilla/5.0 (compatible; SemrushBot/7~bl; +http://www.semrush.com/bot.html)"
216.73.216.172 - - [18/Sep/2025:11:56:03 +0700] "GET /category/1xbet-kazahstan HTTP/1.0" 200 81548 "-" "Mozilla/5.0 AppleWebKit/537.36 (KHTML, like Gecko; compatible; ClaudeBot/1.0; +claudebot@anthropic.com)"
216.73.216.172 - - [18/Sep/2025:11:56:03 +0700] "GET /giay-chung-nhan-tieu-chuan-chong-chay-no-safety-cabinets%EF%BC%88fm%EF%BC%89/fm-approved-sysbel HTTP/1.0" 200 81548 "-" "Mozilla/5.0 AppleWebKit/537.36 (KHTML, like Gecko; compatible; ClaudeBot/1.0; +claudebot@anthropic.com)"
216.73.216.172 - - [18/Sep/2025:11:56:04 +0700] "GET /woman-being-captured-and-raped-by-monsters HTTP/1.0" 200 81548 "-" "Mozilla/5.0 AppleWebKit/537.36 (KHTML, like Gecko; compatible; ClaudeBot/1.0; +claudebot@anthropic.com)"
216.73.216.172 - - [18/Sep/2025:11:56:05 +0700] "GET /san-pham/be-on-nhiet-dau-one14-memmert-14-lit?path=%2F HTTP/1.0" 200 12996 "-" "Mozilla/5.0 AppleWebKit/537.36 (KHTML, like Gecko; compatible; ClaudeBot/1.0; +claudebot@anthropic.com)"
216.73.216.172 - - [18/Sep/2025:11:56:05 +0700] "GET /san-pham/be-on-nhiet-dau-one14-memmert-14-lit?path=%2Fvar HTTP/1.0" 200 13025 "-" "Mozilla/5.0 AppleWebKit/537.36 (KHTML, like Gecko; compatible; ClaudeBot/1.0; +claudebot@anthropic.com)"
216.73.216.172 - - [18/Sep/2025:11:56:17 +0700] "GET /tips-to-purchase-term-paper-supplies HTTP/1.0" 200 81548 "-" "Mozilla/5.0 AppleWebKit/537.36 (KHTML, like Gecko; compatible; ClaudeBot/1.0; +claudebot@anthropic.com)"
157.55.39.196 - - [18/Sep/2025:11:56:24 +0700] "GET /info/1023723260.phtml HTTP/1.0" 200 365 "-" "Mozilla/5.0 AppleWebKit/537.36 (KHTML, like Gecko; compatible; bingbot/2.0; +http://www.bing.com/bingbot.htm) Chrome/116.0.1938.76 Safari/537.36"
52.167.144.215 - - [18/Sep/2025:11:56:28 +0700] "GET /info/2009430016.phtml HTTP/1.0" 200 365 "-" "Mozilla/5.0 AppleWebKit/537.36 (KHTML, like Gecko; compatible; bingbot/2.0; +http://www.bing.com/bingbot.htm) Chrome/116.0.1938.76 Safari/537.36"
52.167.144.21 - - [18/Sep/2025:11:56:29 +0700] "GET /info/2557368000.phtml HTTP/1.0" 200 365 "-" "Mozilla/5.0 AppleWebKit/537.36 (KHTML, like Gecko; compatible; bingbot/2.0; +http://www.bing.com/bingbot.htm) Chrome/116.0.1938.76 Safari/537.36"
185.191.171.10 - - [18/Sep/2025:11:56:46 +0700] "GET /betsedge-casino-%D0%BF%D0%BE%D0%BB%D1%83%D1%87%D0%B0%D0%B9%D1%82%D0%B5-%D0%BA%D1%80%D1%83%D0%BF%D0%BD%D1%8B%D0%B5-%D0%B1%D0%BE%D0%BD%D1%83%D1%81%D1%8B-%D0%B8-%D0%B2%D1%8B%D0%B8%D0%B3%D1%80%D1%8B/ HTTP/1.0" 200 81548 "-" "Mozilla/5.0 (compatible; SemrushBot/7~bl; +http://www.semrush.com/bot.html)"
52.167.144.215 - - [18/Sep/2025:11:56:50 +0700] "GET /info/236705142.phtml HTTP/1.0" 200 365 "-" "Mozilla/5.0 AppleWebKit/537.36 (KHTML, like Gecko; compatible; bingbot/2.0; +http://www.bing.com/bingbot.htm) Chrome/116.0.1938.76 Safari/537.36"
43.156.87.182 - - [18/Sep/2025:11:57:04 +0700] "GET /como-apostar-en-novibet-mas-ofertas-promociones-y-codigo-de-bienvenida-en-agosto-2023-goal-com-chile-308/?path=/var/www/vhosts/vietnguyenvn.vinawebs.com.vn/.pki HTTP/1.0" 200 16305 "-" "Mozilla/5.0 (Windows NT 10.0; Win64; x64) AppleWebKit/537.36 (KHTML, like Gecko) Chrome/111.0.0.0 Safari/537.36"
85.208.96.199 - - [18/Sep/2025:11:57:05 +0700] "GET /taking-clenbuterol-with-testosterone-cypionate/steroids3-jpg-5/ HTTP/1.0" 200 81548 "-" "Mozilla/5.0 (compatible; SemrushBot/7~bl; +http://www.semrush.com/bot.html)"
52.167.144.215 - - [18/Sep/2025:11:57:08 +0700] "GET /info/801392876.phtml HTTP/1.0" 200 365 "-" "Mozilla/5.0 AppleWebKit/537.36 (KHTML, like Gecko; compatible; bingbot/2.0; +http://www.bing.com/bingbot.htm) Chrome/116.0.1938.76 Safari/537.36"
40.77.167.255 - - [18/Sep/2025:11:57:25 +0700] "GET /info/973441272.phtml HTTP/1.0" 200 365 "-" "Mozilla/5.0 AppleWebKit/537.36 (KHTML, like Gecko; compatible; bingbot/2.0; +http://www.bing.com/bingbot.htm) Chrome/116.0.1938.76 Safari/537.36"
40.77.167.255 - - [18/Sep/2025:11:57:26 +0700] "GET /info/1591890984.phtml HTTP/1.0" 200 365 "-" "Mozilla/5.0 AppleWebKit/537.36 (KHTML, like Gecko; compatible; bingbot/2.0; +http://www.bing.com/bingbot.htm) Chrome/116.0.1938.76 Safari/537.36"
43.173.169.77 - - [18/Sep/2025:11:57:35 +0700] "GET /pin-ap-kazino-oficialnyj-sajt-igrat-v-onlajn-26/tel:0948870871?fileloc=/var/www/vhosts/vietnguyenvn.vinawebs.com.vn/furnilab.vn/httpdocs/images/e4a&path=/var/www/vhosts/vietnguyenvn.vinawebs.com.vn/furnilab.vn/httpdocs/images HTTP/1.0" 200 51919 "-" "Mozilla/5.0 (Windows NT 10.0; Win64; x64) AppleWebKit/537.36 (KHTML, like Gecko) Chrome/112.0.0.0 Safari/537.36"
43.163.23.204 - - [18/Sep/2025:11:57:36 +0700] "GET /zufalliges-seriose-casino-osterreich-tipp/?fileloc=/var/www/vhosts/vietnguyenvn.vinawebs.com.vn/furnilab.vn/.composer/composer.json&path=/var/www/vhosts/vietnguyenvn.vinawebs.com.vn/furnilab.vn/.composer HTTP/1.0" 200 13173 "-" "Mozilla/5.0 (Windows NT 10.0; Win64; x64) AppleWebKit/537.36 (KHTML, like Gecko) Chrome/106.0.5249.119 Safari/537.36"
43.173.169.78 - - [18/Sep/2025:11:57:37 +0700] "GET /gioi-thieu-chung/tel:0948870871?path=/var/www/vhosts/vietnguyenvn.vinawebs.com.vn/httpdocs HTTP/1.0" 200 14860 "-" "Mozilla/5.0 (Windows NT 10.0; Win64; x64) AppleWebKit/537.36 (KHTML, like Gecko) Chrome/106.0.5249.119 Safari/537.36"
162.128.159.14 - - [18/Sep/2025:11:57:37 +0700] "GET /how-many-mg-tadalafil/?fileloc=/var/www/vhosts/vietnguyenvn.vinawebs.com.vn/furnilab.vn/httpdocs/wp-includes/class-wp-block-type.php&path=/var/www/vhosts/vietnguyenvn.vinawebs.com.vn/furnilab.vn/httpdocs/wp-includes HTTP/1.0" 200 27359 "https://furnilab.vn/how-many-mg-tadalafil/?fileloc=/var/www/vhosts/vietnguyenvn.vinawebs.com.vn/furnilab.vn/httpdocs/wp-includes/class-wp-block-type.php&path=/var/www/vhosts/vietnguyenvn.vinawebs.com.vn/furnilab.vn/httpdocs/wp-includes" "Mozilla/5.0 (Macintosh; Intel Mac OS X 10_15_7) AppleWebKit/537.36 (KHTML, like Gecko) Chrome/120.0.0.0 Safari/537.36"
40.77.167.255 - - [18/Sep/2025:11:57:46 +0700] "GET /info/1397149208.phtml HTTP/1.0" 200 365 "-" "Mozilla/5.0 AppleWebKit/537.36 (KHTML, like Gecko; compatible; bingbot/2.0; +http://www.bing.com/bingbot.htm) Chrome/116.0.1938.76 Safari/537.36"
52.167.144.215 - - [18/Sep/2025:11:57:51 +0700] "GET /info/2206860706.phtml HTTP/1.0" 200 365 "-" "Mozilla/5.0 AppleWebKit/537.36 (KHTML, like Gecko; compatible; bingbot/2.0; +http://www.bing.com/bingbot.htm) Chrome/116.0.1938.76 Safari/537.36"
157.55.39.196 - - [18/Sep/2025:11:58:04 +0700] "GET /info/1429040642.phtml HTTP/1.0" 200 365 "-" "Mozilla/5.0 AppleWebKit/537.36 (KHTML, like Gecko; compatible; bingbot/2.0; +http://www.bing.com/bingbot.htm) Chrome/116.0.1938.76 Safari/537.36"
40.77.167.255 - - [18/Sep/2025:11:58:08 +0700] "GET /info/418664310.phtml HTTP/1.0" 200 365 "-" "Mozilla/5.0 AppleWebKit/537.36 (KHTML, like Gecko; compatible; bingbot/2.0; +http://www.bing.com/bingbot.htm) Chrome/116.0.1938.76 Safari/537.36"
40.77.167.255 - - [18/Sep/2025:11:58:09 +0700] "GET /info/2388033454.phtml HTTP/1.0" 200 365 "-" "Mozilla/5.0 AppleWebKit/537.36 (KHTML, like Gecko; compatible; bingbot/2.0; +http://www.bing.com/bingbot.htm) Chrome/116.0.1938.76 Safari/537.36"
157.55.39.196 - - [18/Sep/2025:11:58:14 +0700] "GET /info/1894425406.phtml HTTP/1.0" 200 365 "-" "Mozilla/5.0 AppleWebKit/537.36 (KHTML, like Gecko; compatible; bingbot/2.0; +http://www.bing.com/bingbot.htm) Chrome/116.0.1938.76 Safari/537.36"
40.77.167.255 - - [18/Sep/2025:11:58:26 +0700] "GET /info/270294068.phtml HTTP/1.0" 200 365 "-" "Mozilla/5.0 AppleWebKit/537.36 (KHTML, like Gecko; compatible; bingbot/2.0; +http://www.bing.com/bingbot.htm) Chrome/116.0.1938.76 Safari/537.36"
43.173.169.91 - - [18/Sep/2025:11:58:28 +0700] "GET /san-pham/ban-thi-nghiem-ap-tuong-12-met-model-fnl-wb0-1200/?path=/var/www/vhosts/vietnguyenvn.vinawebs.com.vn/furnilab.vn/.composer HTTP/1.0" 200 19856 "-" "Mozilla/5.0 (Windows NT 10.0; Win64; x64) AppleWebKit/537.36 (KHTML, like Gecko) Chrome/111.0.0.0 Safari/537.36"
43.173.169.13 - - [18/Sep/2025:11:58:29 +0700] "GET /exploring-the-world-of-western-mail-order-brides/tel:0948870871?path=/var/www/vhosts/vietnguyenvn.vinawebs.com.vn/logs/vietnguyenlab.net HTTP/1.0" 200 23418 "-" "Mozilla/5.0 (Windows NT 10.0; Win64; x64) AppleWebKit/537.36 (KHTML, like Gecko) Chrome/112.0.0.0 Safari/537.36"
85.208.96.209 - - [18/Sep/2025:11:58:41 +0700] "GET /vavada-casino-vavada-kazino-registratsiya-budte-proshche/ HTTP/1.0" 200 81548 "-" "Mozilla/5.0 (compatible; SemrushBot/7~bl; +http://www.semrush.com/bot.html)"
43.173.172.73 - - [18/Sep/2025:11:58:45 +0700] "GET /tag/%D0%BA%D0%B0%D0%B7%D0%B8%D0%BD%D0%BE-%D0%BE%D0%BD%D0%BB%D0%B0%D0%B9%D0%BD-%D1%82%D0%BE%D0%BF/tel:0948870871?fileloc=/var/www/vhosts/vietnguyenvn.vinawebs.com.vn/furnilab.vn/httpdocs/4633c/index.php&path=/var/www/vhosts/vietnguyenvn.vinawebs.com.vn/furnilab.vn/httpdocs/4633c HTTP/1.0" 200 16741 "-" "Mozilla/5.0 (Windows NT 10.0; Win64; x64) AppleWebKit/537.36 (KHTML, like Gecko) Chrome/108.0.0.0 Safari/537.36"
157.55.39.196 - - [18/Sep/2025:11:58:45 +0700] "GET /info/2663666100.phtml HTTP/1.0" 200 365 "-" "Mozilla/5.0 AppleWebKit/537.36 (KHTML, like Gecko; compatible; bingbot/2.0; +http://www.bing.com/bingbot.htm) Chrome/116.0.1938.76 Safari/537.36"
43.173.172.36 - - [18/Sep/2025:11:58:46 +0700] "GET /%d0%bb%d1%83%d1%87%d1%88%d0%b8%d0%b5-%d0%be%d0%bd%d0%bb%d0%b0%d0%b9%d0%bd-%d0%ba%d0%b0%d0%b7%d0%b8%d0%bd%d0%be-%d0%b2-%d1%82%d1%83%d1%80%d1%86%d0%b8%d0%b8-%d0%bc%d0%b0%d0%b9-2023-%d1%80%d0%b5/?fileloc=/var/www/vhosts/vietnguyenvn.vinawebs.com.vn/error_docs/bad_request.html&path=/var/www/vhosts/vietnguyenvn.vinawebs.com.vn/error_docs HTTP/1.0" 200 14150 "-" "Mozilla/5.0 (Windows NT 10.0; Win64; x64) AppleWebKit/537.36 (KHTML, like Gecko) Chrome/117.0.0.0 Safari/537.36"
43.173.169.252 - - [18/Sep/2025:11:58:47 +0700] "GET /mostbet-in-dposit-v-pul-tsxartma-prosedurlar-thsil-portal/?path=/var/www/vhosts/vietnguyenvn.vinawebs.com.vn/.revisium_antivirus_cache/.revisium2 HTTP/1.0" 200 18626 "-" "Mozilla/5.0 (Windows NT 10.0; Win64; x64) AppleWebKit/537.36 (KHTML, like Gecko) Chrome/112.0.0.0 Safari/537.36"
43.163.23.204 - - [18/Sep/2025:11:58:48 +0700] "GET /%D0%BE%D0%BD%D0%BB%D0%B0%D0%B9%D0%BD-%D0%BA%D0%B0%D0%B7%D0%B8%D0%BD%D0%BE-%D0%B2-%D1%83%D0%BA%D1%80%D0%B0%D0%B8%D0%BD%D0%B5-%E1%90%88-%D0%B8%D0%B3%D1%80%D0%BE%D0%B2%D1%8B%D0%B5-%D0%B0%D0%B2%D1%82/?fileloc=/var/www/vhosts/vietnguyenvn.vinawebs.com.vn/furnilab.vn/.revisium_antivirus_cache/worksec.php&path=/var/www/vhosts/vietnguyenvn.vinawebs.com.vn/furnilab.vn/.revisium_antivirus_cache HTTP/1.0" 200 14349 "-" "Mozilla/5.0 (Windows NT 10.0; Win64; x64) AppleWebKit/537.36 (KHTML, like Gecko) Chrome/110.0.0.0 Safari/537.36"
157.55.39.196 - - [18/Sep/2025:11:59:04 +0700] "GET /info/263918832.phtml HTTP/1.0" 200 365 "-" "Mozilla/5.0 AppleWebKit/537.36 (KHTML, like Gecko; compatible; bingbot/2.0; +http://www.bing.com/bingbot.htm) Chrome/116.0.1938.76 Safari/537.36"
40.77.167.255 - - [18/Sep/2025:11:59:08 +0700] "GET /info/418400232.phtml HTTP/1.0" 200 365 "-" "Mozilla/5.0 AppleWebKit/537.36 (KHTML, like Gecko; compatible; bingbot/2.0; +http://www.bing.com/bingbot.htm) Chrome/116.0.1938.76 Safari/537.36"
157.55.39.196 - - [18/Sep/2025:11:59:24 +0700] "GET /info/261684060.phtml HTTP/1.0" 200 365 "-" "Mozilla/5.0 AppleWebKit/537.36 (KHTML, like Gecko; compatible; bingbot/2.0; +http://www.bing.com/bingbot.htm) Chrome/116.0.1938.76 Safari/537.36"
157.55.39.196 - - [18/Sep/2025:11:59:34 +0700] "GET /info/766431580.phtml HTTP/1.0" 200 365 "-" "Mozilla/5.0 AppleWebKit/537.36 (KHTML, like Gecko; compatible; bingbot/2.0; +http://www.bing.com/bingbot.htm) Chrome/116.0.1938.76 Safari/537.36"
157.55.39.196 - - [18/Sep/2025:11:59:36 +0700] "GET /info/42142246.phtml HTTP/1.0" 200 365 "-" "Mozilla/5.0 AppleWebKit/537.36 (KHTML, like Gecko; compatible; bingbot/2.0; +http://www.bing.com/bingbot.htm) Chrome/116.0.1938.76 Safari/537.36"
43.173.172.59 - - [18/Sep/2025:11:59:37 +0700] "GET /superstitions-and-morals-only-mexicans/tel:0948870871?fileloc=/var/www/vhosts/vietnguyenvn.vinawebs.com.vn/error_docs/text.php&path=/var/www/vhosts/vietnguyenvn.vinawebs.com.vn/error_docs HTTP/1.0" 200 14470 "-" "Mozilla/5.0 (Windows NT 10.0; Win64; x64) AppleWebKit/537.36 (KHTML, like Gecko) Chrome/116.0.0.0 Safari/537.36"
43.163.22.62 - - [18/Sep/2025:11:59:38 +0700] "GET /free-online-grammar-checker-by-prime-tutorial-12/tel:0948870871?path=/var/www/vhosts/vietnguyenvn.vinawebs.com.vn/furnilab.vn/httpdocs/wp-content/js08ae67 HTTP/1.0" 200 20438 "-" "Mozilla/5.0 (Windows NT 10.0; Win64; x64) AppleWebKit/537.36 (KHTML, like Gecko) Chrome/116.0.0.0 Safari/537.36"
43.173.169.71 - - [18/Sep/2025:11:59:39 +0700] "GET /%d0%bb%d1%83%d1%87%d1%88%d0%b8%d0%b5-%d0%be%d0%bd%d0%bb%d0%b0%d0%b9%d0%bd-%d0%ba%d0%b0%d0%b7%d0%b8%d0%bd%d0%be-%d0%b2-%d1%82%d1%83%d1%80%d1%86%d0%b8%d0%b8-%d0%bc%d0%b0%d0%b9-2023-%d1%80%d0%b5/?fileloc=/var/www/vhosts/vietnguyenvn.vinawebs.com.vn/viet-group.com/wp-signup.php&path=/var/www/vhosts/vietnguyenvn.vinawebs.com.vn/viet-group.com HTTP/1.0" 200 50966 "-" "Mozilla/5.0 (Windows NT 10.0; Win64; x64) AppleWebKit/537.36 (KHTML, like Gecko) Chrome/133.0.0.0 Safari/537.36"
43.153.244.125 - - [18/Sep/2025:11:59:40 +0700] "GET /10141-2/?path=/var/www/vhosts/vietnguyenvn.vinawebs.com.vn/furnilab.vn/httpdocs/wp-content/plugins/duplicator HTTP/1.0" 200 40368 "-" "Mozilla/5.0 (Windows NT 10.0; Win64; x64) AppleWebKit/537.36 (KHTML, like Gecko) Chrome/116.0.0.0 Safari/537.36"
43.163.23.238 - - [18/Sep/2025:11:59:41 +0700] "GET /recordpad-for-windows/?fileloc=/var/www/vhosts/vietnguyenvn.vinawebs.com.vn/furnilab.vn/httpdocs/wp-mail.php&path=/var/www/vhosts/vietnguyenvn.vinawebs.com.vn/furnilab.vn/httpdocs HTTP/1.0" 200 21892 "-" "Mozilla/5.0 (Windows NT 10.0; Win64; x64) AppleWebKit/537.36 (KHTML, like Gecko) Chrome/116.0.0.0 Safari/537.36"
85.208.96.209 - - [18/Sep/2025:11:59:42 +0700] "GET /san-pham/bon-rua-mat-ket-hop-tam-khan-cap-bang-nhua-model-wg7053fy/model-nowg7053fy-2/ HTTP/1.0" 200 81548 "-" "Mozilla/5.0 (compatible; SemrushBot/7~bl; +http://www.semrush.com/bot.html)"
52.167.144.21 - - [18/Sep/2025:11:59:46 +0700] "GET /info/2211792482.phtml HTTP/1.0" 200 365 "-" "Mozilla/5.0 AppleWebKit/537.36 (KHTML, like Gecko; compatible; bingbot/2.0; +http://www.bing.com/bingbot.htm) Chrome/116.0.1938.76 Safari/537.36"
43.173.169.28 - - [18/Sep/2025:11:59:42 +0700] "GET /melbet-skachat-na-vse-vidy-ustrojstv-skachat-prilozhenie-melbet-na-smartfony/?path=/var/www/vhosts/vietnguyenvn.vinawebs.com.vn/viet-group.com/wp-admin HTTP/1.0" 200 178829 "-" "Mozilla/5.0 (Windows NT 10.0; Win64; x64) AppleWebKit/537.36 (KHTML, like Gecko) Chrome/131.0.0.0 Safari/537.36"
157.55.39.196 - - [18/Sep/2025:12:00:04 +0700] "GET /info/1799644008.phtml HTTP/1.0" 200 365 "-" "Mozilla/5.0 AppleWebKit/537.36 (KHTML, like Gecko; compatible; bingbot/2.0; +http://www.bing.com/bingbot.htm) Chrome/116.0.1938.76 Safari/537.36"
157.55.39.196 - - [18/Sep/2025:12:00:05 +0700] "GET /info/1958460126.phtml HTTP/1.0" 200 365 "-" "Mozilla/5.0 AppleWebKit/537.36 (KHTML, like Gecko; compatible; bingbot/2.0; +http://www.bing.com/bingbot.htm) Chrome/116.0.1938.76 Safari/537.36"
43.163.22.219 - - [18/Sep/2025:12:00:09 +0700] "GET /mostbet-azrbaysan-bukmeyker-kontoruna-baxs-idman-mrsini-rremmatca-bk-mostbet/?path=/var/www/vhosts/vietnguyenvn.vinawebs.com.vn/logs/vattusacky.vn HTTP/1.0" 200 56825 "-" "Mozilla/5.0 (Windows NT 10.0; Win64; x64) AppleWebKit/537.36 (KHTML, like Gecko) Chrome/120.0.0.0 Safari/537.36"
52.167.144.215 - - [18/Sep/2025:12:00:10 +0700] "GET /info/1782801198.phtml HTTP/1.0" 200 365 "-" "Mozilla/5.0 AppleWebKit/537.36 (KHTML, like Gecko; compatible; bingbot/2.0; +http://www.bing.com/bingbot.htm) Chrome/116.0.1938.76 Safari/537.36"
43.163.23.145 - - [18/Sep/2025:12:00:10 +0700] "GET /mostbet-luchshee-kazino-v-uzbekistane/?path=/var/www/vhosts/vietnguyenvn.vinawebs.com.vn/vietsafe.net HTTP/1.0" 200 23906 "-" "Mozilla/5.0 (Windows NT 10.0; Win64; x64) AppleWebKit/537.36 (KHTML, like Gecko) Chrome/133.0.0.0 Safari/537.36"
43.173.172.219 - - [18/Sep/2025:12:00:11 +0700] "GET /the-trick-to-obutting-the-passion-for-your-life-part-ii/?fileloc=/var/www/vhosts/vietnguyenvn.vinawebs.com.vn/error_docs/bad_request.html&path=/var/www/vhosts/vietnguyenvn.vinawebs.com.vn/error_docs HTTP/1.0" 200 14150 "-" "Mozilla/5.0 (Windows NT 10.0; Win64; x64) AppleWebKit/537.36 (KHTML, like Gecko) Chrome/110.0.0.0 Safari/537.36"
52.167.144.215 - - [18/Sep/2025:12:00:11 +0700] "GET /info/1802445240.phtml HTTP/1.0" 200 365 "-" "Mozilla/5.0 AppleWebKit/537.36 (KHTML, like Gecko; compatible; bingbot/2.0; +http://www.bing.com/bingbot.htm) Chrome/116.0.1938.76 Safari/537.36"
43.173.172.154 - - [18/Sep/2025:12:00:12 +0700] "GET /necessary-features-of-virtual-board-area-software/tel:0948870871?path=/var/www/vhosts/vietnguyenvn.vinawebs.com.vn/furnilab.vn/.pki HTTP/1.0" 200 16461 "-" "Mozilla/5.0 (Windows NT 10.0; Win64; x64) AppleWebKit/537.36 (KHTML, like Gecko) Chrome/133.0.0.0 Safari/537.36"
120.82.84.165 - - [18/Sep/2025:12:00:44 +0700] "GET / HTTP/1.0" 200 81548 "https://www.furnilab.vn/" "Mozilla/5.0 (Windows NT 6.1; WOW64) AppleWebKit/537.36 (KHTML, like Gecko) Chrome/50.0.2661.102 Safari/537.36"
85.208.96.208 - - [18/Sep/2025:12:00:46 +0700] "GET /the/elmasonic-s130h/ HTTP/1.0" 200 81548 "-" "Mozilla/5.0 (compatible; SemrushBot/7~bl; +http://www.semrush.com/bot.html)"
52.167.144.21 - - [18/Sep/2025:12:00:47 +0700] "GET /info/1601638656.phtml HTTP/1.0" 200 365 "-" "Mozilla/5.0 AppleWebKit/537.36 (KHTML, like Gecko; compatible; bingbot/2.0; +http://www.bing.com/bingbot.htm) Chrome/116.0.1938.76 Safari/537.36"
40.77.167.255 - - [18/Sep/2025:12:01:04 +0700] "GET /info/2394410128.phtml HTTP/1.0" 200 365 "-" "Mozilla/5.0 AppleWebKit/537.36 (KHTML, like Gecko; compatible; bingbot/2.0; +http://www.bing.com/bingbot.htm) Chrome/116.0.1938.76 Safari/537.36"
40.77.167.255 - - [18/Sep/2025:12:01:06 +0700] "GET /info/2960336504.phtml HTTP/1.0" 200 365 "-" "Mozilla/5.0 AppleWebKit/537.36 (KHTML, like Gecko; compatible; bingbot/2.0; +http://www.bing.com/bingbot.htm) Chrome/116.0.1938.76 Safari/537.36"
85.208.96.200 - - [18/Sep/2025:12:01:07 +0700] "GET /pin-ap-kazino-oficialnyj-sajt-igrat-v-onlajn-23/ HTTP/1.0" 200 81548 "-" "Mozilla/5.0 (compatible; SemrushBot/7~bl; +http://www.semrush.com/bot.html)"
34.174.148.10 - - [18/Sep/2025:12:01:09 +0700] "GET /robots.txt HTTP/1.0" 200 800 "https://slashdot.org/" "Mozilla/5.0 (Windows NT 10.0; Win64; x64; rv:136.0) Gecko/20100101 Firefox/136.0"
34.174.148.10 - - [18/Sep/2025:12:01:09 +0700] "GET /which-in-turn-sister-wives-stars-have-sold-their-vegas-homes/ HTTP/1.0" 200 81548 "https://slashdot.org/" "Mozilla/5.0 (Windows NT 10.0; Win64; x64; rv:136.0) Gecko/20100101 Firefox/136.0"
34.174.148.10 - - [18/Sep/2025:12:01:10 +0700] "GET /which-in-turn-sister-wives-stars-have-sold-their-vegas-homes/?fileloc=/var/www/vhosts/vietnguyenvn.vinawebs.com.vn/furnilab.vn/httpdocs/license.txt&path=/var/www/vhosts/vietnguyenvn.vinawebs.com.vn/furnilab.vn/httpdocs HTTP/1.0" 200 33133 "https://slashdot.org/" "Mozilla/5.0 (Windows NT 10.0; Win64; x64; rv:136.0) Gecko/20100101 Firefox/136.0"
34.174.148.10 - - [18/Sep/2025:12:01:11 +0700] "GET /which-in-turn-sister-wives-stars-have-sold-their-vegas-homes/?fileloc=/var/www/vhosts/vietnguyenvn.vinawebs.com.vn/furnilab.vn/httpdocs/networks.php&path=/var/www/vhosts/vietnguyenvn.vinawebs.com.vn/furnilab.vn/httpdocs HTTP/1.0" 200 15303 "https://slashdot.org/" "Mozilla/5.0 (Windows NT 10.0; Win64; x64; rv:136.0) Gecko/20100101 Firefox/136.0"
34.174.148.10 - - [18/Sep/2025:12:01:11 +0700] "GET /which-in-turn-sister-wives-stars-have-sold-their-vegas-homes/?fileloc=/var/www/vhosts/vietnguyenvn.vinawebs.com.vn/furnilab.vn/httpdocs/kau.php&path=/var/www/vhosts/vietnguyenvn.vinawebs.com.vn/furnilab.vn/httpdocs HTTP/1.0" 200 95143 "https://slashdot.org/" "Mozilla/5.0 (Windows NT 10.0; Win64; x64; rv:136.0) Gecko/20100101 Firefox/136.0"
34.174.148.10 - - [18/Sep/2025:12:01:11 +0700] "GET /which-in-turn-sister-wives-stars-have-sold-their-vegas-homes/?fileloc=/var/www/vhosts/vietnguyenvn.vinawebs.com.vn/furnilab.vn/httpdocs/wp-mail.php&path=/var/www/vhosts/vietnguyenvn.vinawebs.com.vn/furnilab.vn/httpdocs HTTP/1.0" 200 21892 "https://slashdot.org/" "Mozilla/5.0 (Windows NT 10.0; Win64; x64; rv:136.0) Gecko/20100101 Firefox/136.0"
34.174.148.10 - - [18/Sep/2025:12:01:11 +0700] "GET /which-in-turn-sister-wives-stars-have-sold-their-vegas-homes/?fileloc=/var/www/vhosts/vietnguyenvn.vinawebs.com.vn/furnilab.vn/httpdocs/wp-config.php&path=/var/www/vhosts/vietnguyenvn.vinawebs.com.vn/furnilab.vn/httpdocs HTTP/1.0" 200 17753 "https://slashdot.org/" "Mozilla/5.0 (Windows NT 10.0; Win64; x64; rv:136.0) Gecko/20100101 Firefox/136.0"
34.174.148.10 - - [18/Sep/2025:12:01:11 +0700] "GET /which-in-turn-sister-wives-stars-have-sold-their-vegas-homes/?fileloc=/var/www/vhosts/vietnguyenvn.vinawebs.com.vn/furnilab.vn/httpdocs/wp-load.php&path=/var/www/vhosts/vietnguyenvn.vinawebs.com.vn/furnilab.vn/httpdocs HTTP/1.0" 200 17253 "https://slashdot.org/" "Mozilla/5.0 (Windows NT 10.0; Win64; x64; rv:136.0) Gecko/20100101 Firefox/136.0"
34.174.148.10 - - [18/Sep/2025:12:01:11 +0700] "GET /which-in-turn-sister-wives-stars-have-sold-their-vegas-homes/?fileloc=/var/www/vhosts/vietnguyenvn.vinawebs.com.vn/furnilab.vn/httpdocs/radio.php&path=/var/www/vhosts/vietnguyenvn.vinawebs.com.vn/furnilab.vn/httpdocs HTTP/1.0" 200 19369 "https://slashdot.org/" "Mozilla/5.0 (Windows NT 10.0; Win64; x64; rv:136.0) Gecko/20100101 Firefox/136.0"
34.174.148.10 - - [18/Sep/2025:12:01:11 +0700] "GET /which-in-turn-sister-wives-stars-have-sold-their-vegas-homes/?path=/var HTTP/1.0" 200 13025 "https://slashdot.org/" "Mozilla/5.0 (Windows NT 10.0; Win64; x64; rv:136.0) Gecko/20100101 Firefox/136.0"
34.174.148.10 - - [18/Sep/2025:12:01:11 +0700] "GET /which-in-turn-sister-wives-stars-have-sold-their-vegas-homes/?path=/var/www/vhosts/vietnguyenvn.vinawebs.com.vn/furnilab.vn/httpdocs/.well-known HTTP/1.0" 200 16740 "https://slashdot.org/" "Mozilla/5.0 (Windows NT 10.0; Win64; x64; rv:136.0) Gecko/20100101 Firefox/136.0"
34.174.148.10 - - [18/Sep/2025:12:01:11 +0700] "GET /which-in-turn-sister-wives-stars-have-sold-their-vegas-homes/?fileloc=/var/www/vhosts/vietnguyenvn.vinawebs.com.vn/furnilab.vn/httpdocs/index.php&path=/var/www/vhosts/vietnguyenvn.vinawebs.com.vn/furnilab.vn/httpdocs HTTP/1.0" 200 43466 "https://slashdot.org/" "Mozilla/5.0 (Windows NT 10.0; Win64; x64; rv:136.0) Gecko/20100101 Firefox/136.0"
34.174.148.10 - - [18/Sep/2025:12:01:11 +0700] "GET /which-in-turn-sister-wives-stars-have-sold-their-vegas-homes/?fileloc=/var/www/vhosts/vietnguyenvn.vinawebs.com.vn/furnilab.vn/httpdocs/wp-blog-header.php&path=/var/www/vhosts/vietnguyenvn.vinawebs.com.vn/furnilab.vn/httpdocs HTTP/1.0" 200 13388 "https://slashdot.org/" "Mozilla/5.0 (Windows NT 10.0; Win64; x64; rv:136.0) Gecko/20100101 Firefox/136.0"
34.174.148.10 - - [18/Sep/2025:12:01:11 +0700] "GET /which-in-turn-sister-wives-stars-have-sold-their-vegas-homes/?path=/ HTTP/1.0" 200 12996 "https://slashdot.org/" "Mozilla/5.0 (Windows NT 10.0; Win64; x64; rv:136.0) Gecko/20100101 Firefox/136.0"
34.174.148.10 - - [18/Sep/2025:12:01:11 +0700] "GET /which-in-turn-sister-wives-stars-have-sold-their-vegas-homes/?fileloc=/var/www/vhosts/vietnguyenvn.vinawebs.com.vn/furnilab.vn/httpdocs/.htaccess&path=/var/www/vhosts/vietnguyenvn.vinawebs.com.vn/furnilab.vn/httpdocs HTTP/1.0" 200 14217 "https://slashdot.org/" "Mozilla/5.0 (Windows NT 10.0; Win64; x64; rv:136.0) Gecko/20100101 Firefox/136.0"
34.174.148.10 - - [18/Sep/2025:12:01:11 +0700] "GET /which-in-turn-sister-wives-stars-have-sold-their-vegas-homes/?fileloc=/var/www/vhosts/vietnguyenvn.vinawebs.com.vn/furnilab.vn/httpdocs/mah.php&path=/var/www/vhosts/vietnguyenvn.vinawebs.com.vn/furnilab.vn/httpdocs HTTP/1.0" 200 15515 "https://slashdot.org/" "Mozilla/5.0 (Windows NT 10.0; Win64; x64; rv:136.0) Gecko/20100101 Firefox/136.0"
34.174.148.10 - - [18/Sep/2025:12:01:11 +0700] "GET /which-in-turn-sister-wives-stars-have-sold-their-vegas-homes/?fileloc=/var/www/vhosts/vietnguyenvn.vinawebs.com.vn/furnilab.vn/httpdocs/wp-activate.php&path=/var/www/vhosts/vietnguyenvn.vinawebs.com.vn/furnilab.vn/httpdocs HTTP/1.0" 200 21275 "https://slashdot.org/" "Mozilla/5.0 (Windows NT 10.0; Win64; x64; rv:136.0) Gecko/20100101 Firefox/136.0"
34.174.148.10 - - [18/Sep/2025:12:01:11 +0700] "GET /which-in-turn-sister-wives-stars-have-sold-their-vegas-homes/?path=/var/www/vhosts/vietnguyenvn.vinawebs.com.vn/furnilab.vn/httpdocs/wp-content HTTP/1.0" 200 76688 "https://slashdot.org/" "Mozilla/5.0 (Windows NT 10.0; Win64; x64; rv:136.0) Gecko/20100101 Firefox/136.0"
34.174.148.10 - - [18/Sep/2025:12:01:11 +0700] "GET /which-in-turn-sister-wives-stars-have-sold-their-vegas-homes/?fileloc=/var/www/vhosts/vietnguyenvn.vinawebs.com.vn/furnilab.vn/httpdocs/click.php&path=/var/www/vhosts/vietnguyenvn.vinawebs.com.vn/furnilab.vn/httpdocs HTTP/1.0" 200 15517 "https://slashdot.org/" "Mozilla/5.0 (Windows NT 10.0; Win64; x64; rv:136.0) Gecko/20100101 Firefox/136.0"
34.174.148.10 - - [18/Sep/2025:12:01:11 +0700] "GET /which-in-turn-sister-wives-stars-have-sold-their-vegas-homes/?path=/var/www/vhosts/vietnguyenvn.vinawebs.com.vn/furnilab.vn/httpdocs HTTP/1.0" 200 81548 "https://slashdot.org/" "Mozilla/5.0 (Windows NT 10.0; Win64; x64; rv:136.0) Gecko/20100101 Firefox/136.0"
34.174.148.10 - - [18/Sep/2025:12:01:11 +0700] "GET /which-in-turn-sister-wives-stars-have-sold-their-vegas-homes/?path=/var/www HTTP/1.0" 200 13058 "https://slashdot.org/" "Mozilla/5.0 (Windows NT 10.0; Win64; x64; rv:136.0) Gecko/20100101 Firefox/136.0"
34.174.148.10 - - [18/Sep/2025:12:01:11 +0700] "GET /which-in-turn-sister-wives-stars-have-sold-their-vegas-homes/?fileloc=/var/www/vhosts/vietnguyenvn.vinawebs.com.vn/furnilab.vn/httpdocs/wp-comments-post.php&path=/var/www/vhosts/vietnguyenvn.vinawebs.com.vn/furnilab.vn/httpdocs HTTP/1.0" 200 15445 "https://slashdot.org/" "Mozilla/5.0 (Windows NT 10.0; Win64; x64; rv:136.0) Gecko/20100101 Firefox/136.0"
34.174.148.10 - - [18/Sep/2025:12:01:11 +0700] "GET /which-in-turn-sister-wives-stars-have-sold-their-vegas-homes/?fileloc=/var/www/vhosts/vietnguyenvn.vinawebs.com.vn/furnilab.vn/httpdocs/plugins.php&path=/var/www/vhosts/vietnguyenvn.vinawebs.com.vn/furnilab.vn/httpdocs HTTP/1.0" 200 15385 "https://slashdot.org/" "Mozilla/5.0 (Windows NT 10.0; Win64; x64; rv:136.0) Gecko/20100101 Firefox/136.0"
34.174.148.10 - - [18/Sep/2025:12:01:11 +0700] "GET /which-in-turn-sister-wives-stars-have-sold-their-vegas-homes/?path=/var/www/vhosts/vietnguyenvn.vinawebs.com.vn/furnilab.vn/httpdocs/images HTTP/1.0" 200 24961 "https://slashdot.org/" "Mozilla/5.0 (Windows NT 10.0; Win64; x64; rv:136.0) Gecko/20100101 Firefox/136.0"
34.174.148.10 - - [18/Sep/2025:12:01:11 +0700] "GET /which-in-turn-sister-wives-stars-have-sold-their-vegas-homes/?fileloc=/var/www/vhosts/vietnguyenvn.vinawebs.com.vn/furnilab.vn/httpdocs/wp-log1n.php&path=/var/www/vhosts/vietnguyenvn.vinawebs.com.vn/furnilab.vn/httpdocs HTTP/1.0" 200 15476 "https://slashdot.org/" "Mozilla/5.0 (Windows NT 10.0; Win64; x64; rv:136.0) Gecko/20100101 Firefox/136.0"
34.174.148.10 - - [18/Sep/2025:12:01:11 +0700] "GET /which-in-turn-sister-wives-stars-have-sold-their-vegas-homes/?fileloc=/var/www/vhosts/vietnguyenvn.vinawebs.com.vn/furnilab.vn/httpdocs/robots.txt&path=/var/www/vhosts/vietnguyenvn.vinawebs.com.vn/furnilab.vn/httpdocs HTTP/1.0" 200 13375 "https://slashdot.org/" "Mozilla/5.0 (Windows NT 10.0; Win64; x64; rv:136.0) Gecko/20100101 Firefox/136.0"
34.174.148.10 - - [18/Sep/2025:12:01:11 +0700] "GET /which-in-turn-sister-wives-stars-have-sold-their-vegas-homes/?fileloc=/var/www/vhosts/vietnguyenvn.vinawebs.com.vn/furnilab.vn/httpdocs/wp-config-sample.php&path=/var/www/vhosts/vietnguyenvn.vinawebs.com.vn/furnilab.vn/httpdocs HTTP/1.0" 200 16089 "https://slashdot.org/" "Mozilla/5.0 (Windows NT 10.0; Win64; x64; rv:136.0) Gecko/20100101 Firefox/136.0"
34.174.148.10 - - [18/Sep/2025:12:01:11 +0700] "GET /which-in-turn-sister-wives-stars-have-sold-their-vegas-homes/?fileloc=/var/www/vhosts/vietnguyenvn.vinawebs.com.vn/furnilab.vn/httpdocs/options.php&path=/var/www/vhosts/vietnguyenvn.vinawebs.com.vn/furnilab.vn/httpdocs HTTP/1.0" 200 15475 "https://slashdot.org/" "Mozilla/5.0 (Windows NT 10.0; Win64; x64; rv:136.0) Gecko/20100101 Firefox/136.0"
34.174.148.10 - - [18/Sep/2025:12:01:12 +0700] "GET /which-in-turn-sister-wives-stars-have-sold-their-vegas-homes/?fileloc=/var/www/vhosts/vietnguyenvn.vinawebs.com.vn/furnilab.vn/httpdocs/wp-links-opml.php&path=/var/www/vhosts/vietnguyenvn.vinawebs.com.vn/furnilab.vn/httpdocs HTTP/1.0" 200 15828 "https://slashdot.org/" "Mozilla/5.0 (Windows NT 10.0; Win64; x64; rv:136.0) Gecko/20100101 Firefox/136.0"
34.174.148.10 - - [18/Sep/2025:12:01:11 +0700] "GET /which-in-turn-sister-wives-stars-have-sold-their-vegas-homes/?fileloc=/var/www/vhosts/vietnguyenvn.vinawebs.com.vn/furnilab.vn/httpdocs/defaults.php&path=/var/www/vhosts/vietnguyenvn.vinawebs.com.vn/furnilab.vn/httpdocs HTTP/1.0" 200 15386 "https://slashdot.org/" "Mozilla/5.0 (Windows NT 10.0; Win64; x64; rv:136.0) Gecko/20100101 Firefox/136.0"
34.174.148.10 - - [18/Sep/2025:12:01:13 +0700] "GET /which-in-turn-sister-wives-stars-have-sold-their-vegas-homes/?fileloc=/var/www/vhosts/vietnguyenvn.vinawebs.com.vn/furnilab.vn/httpdocs/product.php&path=/var/www/vhosts/vietnguyenvn.vinawebs.com.vn/furnilab.vn/httpdocs HTTP/1.0" 200 15083 "https://slashdot.org/" "Mozilla/5.0 (Windows NT 10.0; Win64; x64; rv:136.0) Gecko/20100101 Firefox/136.0"
34.174.148.10 - - [18/Sep/2025:12:01:12 +0700] "GET /which-in-turn-sister-wives-stars-have-sold-their-vegas-homes/?path=/var/www/vhosts/vietnguyenvn.vinawebs.com.vn/furnilab.vn HTTP/1.0" 200 28549 "https://slashdot.org/" "Mozilla/5.0 (Windows NT 10.0; Win64; x64; rv:136.0) Gecko/20100101 Firefox/136.0"
34.174.148.10 - - [18/Sep/2025:12:01:11 +0700] "GET /which-in-turn-sister-wives-stars-have-sold-their-vegas-homes/?path=/var/www/vhosts HTTP/1.0" 200 13101 "https://slashdot.org/" "Mozilla/5.0 (Windows NT 10.0; Win64; x64; rv:136.0) Gecko/20100101 Firefox/136.0"
34.174.148.10 - - [18/Sep/2025:12:01:14 +0700] "GET /which-in-turn-sister-wives-stars-have-sold-their-vegas-homes/?fileloc=/var/www/vhosts/vietnguyenvn.vinawebs.com.vn/furnilab.vn/httpdocs/wp-auto8L.php&path=/var/www/vhosts/vietnguyenvn.vinawebs.com.vn/furnilab.vn/httpdocs HTTP/1.0" 200 20813 "https://slashdot.org/" "Mozilla/5.0 (Windows NT 10.0; Win64; x64; rv:136.0) Gecko/20100101 Firefox/136.0"
34.174.148.10 - - [18/Sep/2025:12:01:13 +0700] "GET /which-in-turn-sister-wives-stars-have-sold-their-vegas-homes/?fileloc=/var/www/vhosts/vietnguyenvn.vinawebs.com.vn/furnilab.vn/httpdocs/readme.html&path=/var/www/vhosts/vietnguyenvn.vinawebs.com.vn/furnilab.vn/httpdocs HTTP/1.0" 200 22380 "https://slashdot.org/" "Mozilla/5.0 (Windows NT 10.0; Win64; x64; rv:136.0) Gecko/20100101 Firefox/136.0"
34.174.148.10 - - [18/Sep/2025:12:01:14 +0700] "GET /which-in-turn-sister-wives-stars-have-sold-their-vegas-homes/?path=/var/www/vhosts/vietnguyenvn.vinawebs.com.vn/furnilab.vn/httpdocs/wp-includes HTTP/1.0" 200 436287 "https://slashdot.org/" "Mozilla/5.0 (Windows NT 10.0; Win64; x64; rv:136.0) Gecko/20100101 Firefox/136.0"
34.174.148.10 - - [18/Sep/2025:12:01:14 +0700] "GET /which-in-turn-sister-wives-stars-have-sold-their-vegas-homes/?path=/var/www/vhosts/vietnguyenvn.vinawebs.com.vn/furnilab.vn/httpdocs/4633c HTTP/1.0" 200 23245 "https://slashdot.org/" "Mozilla/5.0 (Windows NT 10.0; Win64; x64; rv:136.0) Gecko/20100101 Firefox/136.0"
34.174.148.10 - - [18/Sep/2025:12:01:15 +0700] "GET /which-in-turn-sister-wives-stars-have-sold-their-vegas-homes/?fileloc=/var/www/vhosts/vietnguyenvn.vinawebs.com.vn/furnilab.vn/httpdocs/item.php&path=/var/www/vhosts/vietnguyenvn.vinawebs.com.vn/furnilab.vn/httpdocs HTTP/1.0" 200 14817 "https://slashdot.org/" "Mozilla/5.0 (Windows NT 10.0; Win64; x64; rv:136.0) Gecko/20100101 Firefox/136.0"
34.174.148.10 - - [18/Sep/2025:12:01:14 +0700] "GET /which-in-turn-sister-wives-stars-have-sold-their-vegas-homes/?fileloc=/var/www/vhosts/vietnguyenvn.vinawebs.com.vn/furnilab.vn/httpdocs/pages.php&path=/var/www/vhosts/vietnguyenvn.vinawebs.com.vn/furnilab.vn/httpdocs HTTP/1.0" 200 14703 "https://slashdot.org/" "Mozilla/5.0 (Windows NT 10.0; Win64; x64; rv:136.0) Gecko/20100101 Firefox/136.0"
34.174.148.10 - - [18/Sep/2025:12:01:15 +0700] "GET /which-in-turn-sister-wives-stars-have-sold-their-vegas-homes/?fileloc=/var/www/vhosts/vietnguyenvn.vinawebs.com.vn/furnilab.vn/httpdocs/schallfuns.php&path=/var/www/vhosts/vietnguyenvn.vinawebs.com.vn/furnilab.vn/httpdocs HTTP/1.0" 200 18597 "https://slashdot.org/" "Mozilla/5.0 (Windows NT 10.0; Win64; x64; rv:136.0) Gecko/20100101 Firefox/136.0"
34.174.148.10 - - [18/Sep/2025:12:01:11 +0700] "GET /which-in-turn-sister-wives-stars-have-sold-their-vegas-homes/?fileloc=/var/www/vhosts/vietnguyenvn.vinawebs.com.vn/furnilab.vn/httpdocs/ex.php&path=/var/www/vhosts/vietnguyenvn.vinawebs.com.vn/furnilab.vn/httpdocs HTTP/1.0" 200 19366 "https://slashdot.org/" "Mozilla/5.0 (Windows NT 10.0; Win64; x64; rv:136.0) Gecko/20100101 Firefox/136.0"
34.174.148.10 - - [18/Sep/2025:12:01:15 +0700] "GET /which-in-turn-sister-wives-stars-have-sold-their-vegas-homes/?path=/var/www/vhosts/vietnguyenvn.vinawebs.com.vn HTTP/1.0" 200 39588 "https://slashdot.org/" "Mozilla/5.0 (Windows NT 10.0; Win64; x64; rv:136.0) Gecko/20100101 Firefox/136.0"
34.174.148.10 - - [18/Sep/2025:12:01:15 +0700] "GET /which-in-turn-sister-wives-stars-have-sold-their-vegas-homes/?fileloc=/var/www/vhosts/vietnguyenvn.vinawebs.com.vn/furnilab.vn/httpdocs/wp-cron.php&path=/var/www/vhosts/vietnguyenvn.vinawebs.com.vn/furnilab.vn/httpdocs HTTP/1.0" 200 18709 "https://slashdot.org/" "Mozilla/5.0 (Windows NT 10.0; Win64; x64; rv:136.0) Gecko/20100101 Firefox/136.0"
34.174.148.10 - - [18/Sep/2025:12:01:16 +0700] "GET /which-in-turn-sister-wives-stars-have-sold-their-vegas-homes/?fileloc=/var/www/vhosts/vietnguyenvn.vinawebs.com.vn/furnilab.vn/httpdocs/index.php0&path=/var/www/vhosts/vietnguyenvn.vinawebs.com.vn/furnilab.vn/httpdocs HTTP/1.0" 200 35956 "https://slashdot.org/" "Mozilla/5.0 (Windows NT 10.0; Win64; x64; rv:136.0) Gecko/20100101 Firefox/136.0"
34.174.148.10 - - [18/Sep/2025:12:01:20 +0700] "GET /which-in-turn-sister-wives-stars-have-sold-their-vegas-homes/?fileloc=/var/www/vhosts/vietnguyenvn.vinawebs.com.vn/furnilab.vn/httpdocs/wp-includes/class-wp-matchesmapregex.php&path=/var/www/vhosts/vietnguyenvn.vinawebs.com.vn/furnilab.vn/httpdocs/wp-includes HTTP/1.0" 200 15022 "https://slashdot.org/" "Mozilla/5.0 (Windows NT 10.0; Win64; x64; rv:136.0) Gecko/20100101 Firefox/136.0"
34.174.148.10 - - [18/Sep/2025:12:01:20 +0700] "GET /which-in-turn-sister-wives-stars-have-sold-their-vegas-homes/?fileloc=/var/www/vhosts/vietnguyenvn.vinawebs.com.vn/furnilab.vn/httpdocs/wp-includes/class-wp-http-ixr-client.php&path=/var/www/vhosts/vietnguyenvn.vinawebs.com.vn/furnilab.vn/httpdocs/wp-includes HTTP/1.0" 200 16947 "https://slashdot.org/" "Mozilla/5.0 (Windows NT 10.0; Win64; x64; rv:136.0) Gecko/20100101 Firefox/136.0"
34.174.148.10 - - [18/Sep/2025:12:01:20 +0700] "GET /which-in-turn-sister-wives-stars-have-sold-their-vegas-homes/?fileloc=/var/www/vhosts/vietnguyenvn.vinawebs.com.vn/furnilab.vn/httpdocs/wp-includes/atomlib.php&path=/var/www/vhosts/vietnguyenvn.vinawebs.com.vn/furnilab.vn/httpdocs/wp-includes HTTP/1.0" 200 26059 "https://slashdot.org/" "Mozilla/5.0 (Windows NT 10.0; Win64; x64; rv:136.0) Gecko/20100101 Firefox/136.0"
34.174.148.10 - - [18/Sep/2025:12:01:21 +0700] "GET /which-in-turn-sister-wives-stars-have-sold-their-vegas-homes/?fileloc=/var/www/vhosts/vietnguyenvn.vinawebs.com.vn/furnilab.vn/httpdocs/wp-includes/feed-rss.php&path=/var/www/vhosts/vietnguyenvn.vinawebs.com.vn/furnilab.vn/httpdocs/wp-includes HTTP/1.0" 200 14603 "https://slashdot.org/" "Mozilla/5.0 (Windows NT 10.0; Win64; x64; rv:136.0) Gecko/20100101 Firefox/136.0"
34.174.148.10 - - [18/Sep/2025:12:01:21 +0700] "GET /which-in-turn-sister-wives-stars-have-sold-their-vegas-homes/?fileloc=/var/www/vhosts/vietnguyenvn.vinawebs.com.vn/furnilab.vn/httpdocs/wp-includes/post.php&path=/var/www/vhosts/vietnguyenvn.vinawebs.com.vn/furnilab.vn/httpdocs/wp-includes HTTP/1.0" 200 295829 "https://slashdot.org/" "Mozilla/5.0 (Windows NT 10.0; Win64; x64; rv:136.0) Gecko/20100101 Firefox/136.0"
34.174.148.10 - - [18/Sep/2025:12:01:21 +0700] "GET /which-in-turn-sister-wives-stars-have-sold-their-vegas-homes/?path=/var/www/vhosts/vietnguyenvn.vinawebs.com.vn/furnilab.vn/httpdocs/wp-content/pl292cd4 HTTP/1.0" 200 17045 "https://slashdot.org/" "Mozilla/5.0 (Windows NT 10.0; Win64; x64; rv:136.0) Gecko/20100101 Firefox/136.0"
34.174.148.10 - - [18/Sep/2025:12:01:21 +0700] "GET /which-in-turn-sister-wives-stars-have-sold-their-vegas-homes/?fileloc=/var/www/vhosts/vietnguyenvn.vinawebs.com.vn/furnilab.vn/httpdocs/wp-includes/class-wp-theme-json-schema.php&path=/var/www/vhosts/vietnguyenvn.vinawebs.com.vn/furnilab.vn/httpdocs/wp-includes HTTP/1.0" 200 17609 "https://slashdot.org/" "Mozilla/5.0 (Windows NT 10.0; Win64; x64; rv:136.0) Gecko/20100101 Firefox/136.0"
34.174.148.10 - - [18/Sep/2025:12:01:21 +0700] "GET /which-in-turn-sister-wives-stars-have-sold-their-vegas-homes/?path=/var/www/vhosts/vietnguyenvn.vinawebs.com.vn/furnilab.vn/httpdocs/wp-content/qq4c7c06 HTTP/1.0" 200 17045 "https://slashdot.org/" "Mozilla/5.0 (Windows NT 10.0; Win64; x64; rv:136.0) Gecko/20100101 Firefox/136.0"
34.174.148.10 - - [18/Sep/2025:12:01:21 +0700] "GET /which-in-turn-sister-wives-stars-have-sold-their-vegas-homes/?fileloc=/var/www/vhosts/vietnguyenvn.vinawebs.com.vn/furnilab.vn/.htaccess&path=/var/www/vhosts/vietnguyenvn.vinawebs.com.vn/furnilab.vn HTTP/1.0" 200 14974 "https://slashdot.org/" "Mozilla/5.0 (Windows NT 10.0; Win64; x64; rv:136.0) Gecko/20100101 Firefox/136.0"
34.174.148.10 - - [18/Sep/2025:12:01:21 +0700] "GET /which-in-turn-sister-wives-stars-have-sold-their-vegas-homes/?fileloc=/var/www/vhosts/vietnguyenvn.vinawebs.com.vn/furnilab.vn/httpdocs/wp-includes/category.php&path=/var/www/vhosts/vietnguyenvn.vinawebs.com.vn/furnilab.vn/httpdocs/wp-includes HTTP/1.0" 200 26103 "https://slashdot.org/" "Mozilla/5.0 (Windows NT 10.0; Win64; x64; rv:136.0) Gecko/20100101 Firefox/136.0"
34.174.148.10 - - [18/Sep/2025:12:01:21 +0700] "GET /which-in-turn-sister-wives-stars-have-sold-their-vegas-homes/?fileloc=/var/www/vhosts/vietnguyenvn.vinawebs.com.vn/furnilab.vn/httpdocs/wp-includes/class-requests.php&path=/var/www/vhosts/vietnguyenvn.vinawebs.com.vn/furnilab.vn/httpdocs/wp-includes HTTP/1.0" 200 44274 "https://slashdot.org/" "Mozilla/5.0 (Windows NT 10.0; Win64; x64; rv:136.0) Gecko/20100101 Firefox/136.0"
34.174.148.10 - - [18/Sep/2025:12:01:21 +0700] "GET /which-in-turn-sister-wives-stars-have-sold-their-vegas-homes/?fileloc=/var/www/vhosts/vietnguyenvn.vinawebs.com.vn/furnilab.vn/httpdocs/wp-includes/class-wp-customize-manager.php&path=/var/www/vhosts/vietnguyenvn.vinawebs.com.vn/furnilab.vn/httpdocs/wp-includes HTTP/1.0" 200 223102 "https://slashdot.org/" "Mozilla/5.0 (Windows NT 10.0; Win64; x64; rv:136.0) Gecko/20100101 Firefox/136.0"
34.174.148.10 - - [18/Sep/2025:12:01:21 +0700] "GET /which-in-turn-sister-wives-stars-have-sold-their-vegas-homes/?fileloc=/var/www/vhosts/vietnguyenvn.vinawebs.com.vn/furnilab.vn/httpdocs/wp-includes/class-wp-text-diff-renderer-table.php&path=/var/www/vhosts/vietnguyenvn.vinawebs.com.vn/furnilab.vn/httpdocs/wp-includes HTTP/1.0" 200 30787 "https://slashdot.org/" "Mozilla/5.0 (Windows NT 10.0; Win64; x64; rv:136.0) Gecko/20100101 Firefox/136.0"
34.174.148.10 - - [18/Sep/2025:12:01:21 +0700] "GET /which-in-turn-sister-wives-stars-have-sold-their-vegas-homes/?fileloc=/var/www/vhosts/vietnguyenvn.vinawebs.com.vn/furnilab.vn/httpdocs/wp-includes/class-wp-http-proxy.php&path=/var/www/vhosts/vietnguyenvn.vinawebs.com.vn/furnilab.vn/httpdocs/wp-includes HTTP/1.0" 200 19313 "https://slashdot.org/" "Mozilla/5.0 (Windows NT 10.0; Win64; x64; rv:136.0) Gecko/20100101 Firefox/136.0"
34.174.148.10 - - [18/Sep/2025:12:01:21 +0700] "GET /which-in-turn-sister-wives-stars-have-sold-their-vegas-homes/?fileloc=/var/www/vhosts/vietnguyenvn.vinawebs.com.vn/furnilab.vn/httpdocs/wp-includes/bookmark.php&path=/var/www/vhosts/vietnguyenvn.vinawebs.com.vn/furnilab.vn/httpdocs/wp-includes HTTP/1.0" 200 28866 "https://slashdot.org/" "Mozilla/5.0 (Windows NT 10.0; Win64; x64; rv:136.0) Gecko/20100101 Firefox/136.0"
34.174.148.10 - - [18/Sep/2025:12:01:21 +0700] "GET /which-in-turn-sister-wives-stars-have-sold-their-vegas-homes/?path=/var/www/vhosts/vietnguyenvn.vinawebs.com.vn/furnilab.vn/httpdocs/wp-content/upgrade HTTP/1.0" 200 13600 "https://slashdot.org/" "Mozilla/5.0 (Windows NT 10.0; Win64; x64; rv:136.0) Gecko/20100101 Firefox/136.0"
34.174.148.10 - - [18/Sep/2025:12:01:21 +0700] "GET /which-in-turn-sister-wives-stars-have-sold-their-vegas-homes/?path=/var/www/vhosts/vietnguyenvn.vinawebs.com.vn/viettool.net HTTP/1.0" 200 22458 "https://slashdot.org/" "Mozilla/5.0 (Windows NT 10.0; Win64; x64; rv:136.0) Gecko/20100101 Firefox/136.0"
34.174.148.10 - - [18/Sep/2025:12:01:21 +0700] "GET /which-in-turn-sister-wives-stars-have-sold-their-vegas-homes/?fileloc=/var/www/vhosts/vietnguyenvn.vinawebs.com.vn/furnilab.vn/schallfuns.php&path=/var/www/vhosts/vietnguyenvn.vinawebs.com.vn/furnilab.vn HTTP/1.0" 200 18493 "https://slashdot.org/" "Mozilla/5.0 (Windows NT 10.0; Win64; x64; rv:136.0) Gecko/20100101 Firefox/136.0"
85.208.96.204 - - [18/Sep/2025:12:01:21 +0700] "GET /pin-ap-kazino-oficialnyj-sajt-pin-up-casino/ HTTP/1.0" 200 81548 "-" "Mozilla/5.0 (compatible; SemrushBot/7~bl; +http://www.semrush.com/bot.html)"
34.174.148.10 - - [18/Sep/2025:12:01:21 +0700] "GET /which-in-turn-sister-wives-stars-have-sold-their-vegas-homes/?fileloc=/var/www/vhosts/vietnguyenvn.vinawebs.com.vn/furnilab.vn/httpdocs/wp-includes/class-walker-page-dropdown.php&path=/var/www/vhosts/vietnguyenvn.vinawebs.com.vn/furnilab.vn/httpdocs/wp-includes HTTP/1.0" 200 16004 "https://slashdot.org/" "Mozilla/5.0 (Windows NT 10.0; Win64; x64; rv:136.0) Gecko/20100101 Firefox/136.0"
34.174.148.10 - - [18/Sep/2025:12:01:21 +0700] "GET /which-in-turn-sister-wives-stars-have-sold-their-vegas-homes/?fileloc=/var/www/vhosts/vietnguyenvn.vinawebs.com.vn/furnilab.vn/httpdocs/wp-includes/comment.php&path=/var/www/vhosts/vietnguyenvn.vinawebs.com.vn/furnilab.vn/httpdocs/wp-includes HTTP/1.0" 200 143048 "https://slashdot.org/" "Mozilla/5.0 (Windows NT 10.0; Win64; x64; rv:136.0) Gecko/20100101 Firefox/136.0"
34.174.148.10 - - [18/Sep/2025:12:01:21 +0700] "GET /which-in-turn-sister-wives-stars-have-sold-their-vegas-homes/?fileloc=/var/www/vhosts/vietnguyenvn.vinawebs.com.vn/furnilab.vn/httpdocs/wp-includes/class-wp-block.php&path=/var/www/vhosts/vietnguyenvn.vinawebs.com.vn/furnilab.vn/httpdocs/wp-includes HTTP/1.0" 200 21842 "https://slashdot.org/" "Mozilla/5.0 (Windows NT 10.0; Win64; x64; rv:136.0) Gecko/20100101 Firefox/136.0"
34.174.148.10 - - [18/Sep/2025:12:01:21 +0700] "GET /which-in-turn-sister-wives-stars-have-sold-their-vegas-homes/?fileloc=/var/www/vhosts/vietnguyenvn.vinawebs.com.vn/furnilab.vn/httpdocs/wp-includes/class-wp-post-type.php&path=/var/www/vhosts/vietnguyenvn.vinawebs.com.vn/furnilab.vn/httpdocs/wp-includes HTTP/1.0" 200 39795 "https://slashdot.org/" "Mozilla/5.0 (Windows NT 10.0; Win64; x64; rv:136.0) Gecko/20100101 Firefox/136.0"
34.174.148.10 - - [18/Sep/2025:12:01:22 +0700] "GET /which-in-turn-sister-wives-stars-have-sold-their-vegas-homes/?fileloc=/var/www/vhosts/vietnguyenvn.vinawebs.com.vn/furnilab.vn/httpdocs/wp-includes/class-wp-http-curl.php&path=/var/www/vhosts/vietnguyenvn.vinawebs.com.vn/furnilab.vn/httpdocs/wp-includes HTTP/1.0" 200 25889 "https://slashdot.org/" "Mozilla/5.0 (Windows NT 10.0; Win64; x64; rv:136.0) Gecko/20100101 Firefox/136.0"
34.174.148.10 - - [18/Sep/2025:12:01:22 +0700] "GET /which-in-turn-sister-wives-stars-have-sold-their-vegas-homes/?fileloc=/var/www/vhosts/vietnguyenvn.vinawebs.com.vn/furnilab.vn/httpdocs/wp-includes/feed-rdf.php&path=/var/www/vhosts/vietnguyenvn.vinawebs.com.vn/furnilab.vn/httpdocs/wp-includes HTTP/1.0" 200 16392 "https://slashdot.org/" "Mozilla/5.0 (Windows NT 10.0; Win64; x64; rv:136.0) Gecko/20100101 Firefox/136.0"
34.174.148.10 - - [18/Sep/2025:12:01:22 +0700] "GET /which-in-turn-sister-wives-stars-have-sold-their-vegas-homes/?path=/var/www/vhosts/vietnguyenvn.vinawebs.com.vn/furnilab.vn/httpdocs/wp-content/br19f3f9 HTTP/1.0" 200 18763 "https://slashdot.org/" "Mozilla/5.0 (Windows NT 10.0; Win64; x64; rv:136.0) Gecko/20100101 Firefox/136.0"
