217.113.194.76 - - [16/Sep/2025:11:06:07 +0700] "GET /language-learning-ometvs-text-chat-language-immersion/feed/ HTTP/1.0" 200 1756 "-" "Mozilla/5.0 (compatible; Barkrowler/0.9; +https://babbar.tech/crawler)"
45.117.177.72 - - [16/Sep/2025:11:06:32 +0700] "POST /wp-cron.php?doing_wp_cron=1757995592.2845680713653564453125 HTTP/1.0" 200 416 "-" "WordPress/6.8.1; https://vattusacky.vn"
217.113.194.81 - - [16/Sep/2025:11:06:30 +0700] "GET /ideal-virtual-data-room-software-employ-cases-and-show-list/feed/ HTTP/1.0" 200 1782 "-" "Mozilla/5.0 (compatible; Barkrowler/0.9; +https://babbar.tech/crawler)"
217.113.194.73 - - [16/Sep/2025:11:06:53 +0700] "GET /mostbet-india-official-site-registration-bonus-25000-login-78/ HTTP/1.0" 200 85828 "-" "Mozilla/5.0 (compatible; Barkrowler/0.9; +https://babbar.tech/crawler)"
45.117.177.72 - - [16/Sep/2025:11:07:19 +0700] "POST /wp-cron.php?doing_wp_cron=1757995639.1959359645843505859375 HTTP/1.0" 200 416 "-" "WordPress/6.8.1; https://vattusacky.vn"
217.113.194.81 - - [16/Sep/2025:11:07:17 +0700] "GET /understanding-the-risks-of-sharing-personal-information-on-omegle/feed/ HTTP/1.0" 200 1792 "-" "Mozilla/5.0 (compatible; Barkrowler/0.9; +https://babbar.tech/crawler)"
217.113.194.77 - - [16/Sep/2025:11:07:40 +0700] "GET /understanding-the-importance-of-first-impressions-on-omegle/feed/ HTTP/1.0" 200 1774 "-" "Mozilla/5.0 (compatible; Barkrowler/0.9; +https://babbar.tech/crawler)"
154.54.249.200 - - [16/Sep/2025:11:08:03 +0700] "GET /understanding-the-quest-for-authentic-connections-in-omegle/feed/ HTTP/1.0" 200 1774 "-" "Mozilla/5.0 (compatible; Barkrowler/0.9; +https://babbar.tech/crawler)"
45.117.177.72 - - [16/Sep/2025:11:08:29 +0700] "POST /wp-cron.php?doing_wp_cron=1757995709.7492749691009521484375 HTTP/1.0" 200 416 "-" "WordPress/6.8.1; https://vattusacky.vn"
217.113.194.76 - - [16/Sep/2025:11:08:28 +0700] "GET /understanding-the-dark-side-of-omegle-unveiling-the-dangers/feed/ HTTP/1.0" 200 1774 "-" "Mozilla/5.0 (compatible; Barkrowler/0.9; +https://babbar.tech/crawler)"
45.117.177.72 - - [16/Sep/2025:11:08:54 +0700] "POST /wp-cron.php?doing_wp_cron=1757995733.8247690200805664062500 HTTP/1.0" 200 416 "-" "WordPress/6.8.1; https://vattusacky.vn"
217.113.194.78 - - [16/Sep/2025:11:08:52 +0700] "GET /celebrating-the-beauty-of-deep-connections-in-omelove-stories/feed/ HTTP/1.0" 200 1780 "-" "Mozilla/5.0 (compatible; Barkrowler/0.9; +https://babbar.tech/crawler)"
45.117.177.72 - - [16/Sep/2025:11:09:17 +0700] "POST /wp-cron.php?doing_wp_cron=1757995757.4049708843231201171875 HTTP/1.0" 200 416 "-" "WordPress/6.8.1; https://vattusacky.vn"
217.113.194.80 - - [16/Sep/2025:11:09:16 +0700] "GET /epic-fails-and-laugh-inducing-pranks-on-omegle/feed/ HTTP/1.0" 200 1735 "-" "Mozilla/5.0 (compatible; Barkrowler/0.9; +https://babbar.tech/crawler)"
217.113.194.79 - - [16/Sep/2025:11:09:39 +0700] "GET /connecting-artists-worldwide-omegle-as-a-collaboration-platform/feed/ HTTP/1.0" 200 1786 "-" "Mozilla/5.0 (compatible; Barkrowler/0.9; +https://babbar.tech/crawler)"
217.113.194.75 - - [16/Sep/2025:11:10:02 +0700] "GET /connecting-through-culture-omegles-cross-cultural-encounters/feed/ HTTP/1.0" 200 1777 "-" "Mozilla/5.0 (compatible; Barkrowler/0.9; +https://babbar.tech/crawler)"
45.117.177.72 - - [16/Sep/2025:11:10:28 +0700] "POST /wp-cron.php?doing_wp_cron=1757995828.4361588954925537109375 HTTP/1.0" 200 416 "-" "WordPress/6.8.1; https://vattusacky.vn"
217.113.194.79 - - [16/Sep/2025:11:10:26 +0700] "GET /reporting-inappropriate-behavior-on-omegle-a-guide/feed/ HTTP/1.0" 200 1747 "-" "Mozilla/5.0 (compatible; Barkrowler/0.9; +https://babbar.tech/crawler)"
45.117.177.72 - - [16/Sep/2025:11:10:52 +0700] "POST /wp-cron.php?doing_wp_cron=1757995852.2682240009307861328125 HTTP/1.0" 200 416 "-" "WordPress/6.8.1; https://vattusacky.vn"
217.113.194.78 - - [16/Sep/2025:11:10:50 +0700] "GET /embracing-digital-connections-omegles-evolution-continues/feed/ HTTP/1.0" 200 1768 "-" "Mozilla/5.0 (compatible; Barkrowler/0.9; +https://babbar.tech/crawler)"
217.113.194.217 - - [16/Sep/2025:11:11:13 +0700] "GET /the-pros-and-cons-of-using-omegle-for-online-social-interaction/feed/ HTTP/1.0" 200 1786 "-" "Mozilla/5.0 (compatible; Barkrowler/0.9; +https://babbar.tech/crawler)"
45.117.177.72 - - [16/Sep/2025:11:11:37 +0700] "POST /wp-cron.php?doing_wp_cron=1757995896.9352800846099853515625 HTTP/1.0" 200 416 "-" "WordPress/6.8.1; https://vattusacky.vn"
217.113.194.77 - - [16/Sep/2025:11:11:35 +0700] "GET /btcusd-bitcoin-us-dollar-currency-exchange-rate/feed/ HTTP/1.0" 200 1755 "-" "Mozilla/5.0 (compatible; Barkrowler/0.9; +https://babbar.tech/crawler)"
217.113.194.76 - - [16/Sep/2025:11:11:59 +0700] "GET /serendipity-and-personal-discovery-exploring-new-interests-online/feed/ HTTP/1.0" 200 1792 "-" "Mozilla/5.0 (compatible; Barkrowler/0.9; +https://babbar.tech/crawler)"
45.117.177.72 - - [16/Sep/2025:11:12:22 +0700] "POST /wp-cron.php?doing_wp_cron=1757995942.2527639865875244140625 HTTP/1.0" 200 416 "-" "WordPress/6.8.1; https://vattusacky.vn"
217.113.194.76 - - [16/Sep/2025:11:12:20 +0700] "GET /comparing-the-user-experience-on-chatroulette-and-omegle/feed/ HTTP/1.0" 200 1765 "-" "Mozilla/5.0 (compatible; Barkrowler/0.9; +https://babbar.tech/crawler)"
217.113.194.78 - - [16/Sep/2025:11:12:43 +0700] "GET /uncovering-the-bonds-of-love-and-friendship-in-omelove/feed/ HTTP/1.0" 200 1759 "-" "Mozilla/5.0 (compatible; Barkrowler/0.9; +https://babbar.tech/crawler)"
217.113.194.81 - - [16/Sep/2025:11:13:05 +0700] "GET /basic-attention-token-usd-bat-usd-price-value-news/feed/ HTTP/1.0" 200 1764 "-" "Mozilla/5.0 (compatible; Barkrowler/0.9; +https://babbar.tech/crawler)"
45.117.177.72 - - [16/Sep/2025:11:13:33 +0700] "POST /wp-cron.php?doing_wp_cron=1757996013.6159470081329345703125 HTTP/1.0" 200 416 "-" "WordPress/6.8.1; https://vattusacky.vn"
217.113.194.78 - - [16/Sep/2025:11:13:32 +0700] "GET /the-importance-of-boundaries-in-omegles-social-experiment/feed/ HTTP/1.0" 200 1768 "-" "Mozilla/5.0 (compatible; Barkrowler/0.9; +https://babbar.tech/crawler)"
217.113.194.80 - - [16/Sep/2025:11:13:55 +0700] "GET /the-impact-of-social-media-on-omegle-conversations/feed/ HTTP/1.0" 200 1747 "-" "Mozilla/5.0 (compatible; Barkrowler/0.9; +https://babbar.tech/crawler)"
45.117.177.72 - - [16/Sep/2025:11:14:19 +0700] "POST /wp-cron.php?doing_wp_cron=1757996059.6236560344696044921875 HTTP/1.0" 200 416 "-" "WordPress/6.8.1; https://vattusacky.vn"
217.113.194.76 - - [16/Sep/2025:11:14:18 +0700] "GET /the-impact-of-social-media-integration-on-safety-measures/feed/ HTTP/1.0" 200 1768 "-" "Mozilla/5.0 (compatible; Barkrowler/0.9; +https://babbar.tech/crawler)"
217.113.194.218 - - [16/Sep/2025:11:14:42 +0700] "GET /the-impact-of-storytelling-in-omegles-social-experiment/feed/ HTTP/1.0" 200 1762 "-" "Mozilla/5.0 (compatible; Barkrowler/0.9; +https://babbar.tech/crawler)"
217.113.194.81 - - [16/Sep/2025:11:15:03 +0700] "GET /the-impact-of-fake-profiles-on-omegle-user-privacy/feed/ HTTP/1.0" 200 1747 "-" "Mozilla/5.0 (compatible; Barkrowler/0.9; +https://babbar.tech/crawler)"
45.117.177.72 - - [16/Sep/2025:11:15:27 +0700] "POST /wp-cron.php?doing_wp_cron=1757996127.2105898857116699218750 HTTP/1.0" 200 416 "-" "WordPress/6.8.1; https://vattusacky.vn"
217.113.194.81 - - [16/Sep/2025:11:15:25 +0700] "GET /the-impact-of-empathy-in-omegles-social-experiment/feed/ HTTP/1.0" 200 1747 "-" "Mozilla/5.0 (compatible; Barkrowler/0.9; +https://babbar.tech/crawler)"
217.113.194.81 - - [16/Sep/2025:11:15:47 +0700] "GET /the-impact-of-omegle-on-mental-health-and-well-being/feed/ HTTP/1.0" 200 1753 "-" "Mozilla/5.0 (compatible; Barkrowler/0.9; +https://babbar.tech/crawler)"
150.40.163.218 - - [16/Sep/2025:11:15:57 +0700] "GET /about-casino-deposit-free-spins/ HTTP/1.0" 200 207335 "https://vattusacky.vn/about-casino-deposit-free-spins/" "Mozilla/5.0 (Windows NT 10.0; Win64; x64) AppleWebKit/537.36 (KHTML, like Gecko) Chrome/116.0.0.0 Safari/537.36"
217.113.194.73 - - [16/Sep/2025:11:16:09 +0700] "GET /the-impact-of-omegles-social-experiment-on-mental-health/feed/ HTTP/1.0" 200 1765 "-" "Mozilla/5.0 (compatible; Barkrowler/0.9; +https://babbar.tech/crawler)"
45.117.177.72 - - [16/Sep/2025:11:16:32 +0700] "POST /wp-cron.php?doing_wp_cron=1757996192.6472830772399902343750 HTTP/1.0" 200 416 "-" "WordPress/6.8.1; https://vattusacky.vn"
217.113.194.72 - - [16/Sep/2025:11:16:30 +0700] "GET /the-impact-of-online-friendships-on-offline-relationships/feed/ HTTP/1.0" 200 1768 "-" "Mozilla/5.0 (compatible; Barkrowler/0.9; +https://babbar.tech/crawler)"
154.54.249.200 - - [16/Sep/2025:11:16:53 +0700] "GET /the-impact-of-online-friendships-on-emotional-well-being/feed/ HTTP/1.0" 200 1765 "-" "Mozilla/5.0 (compatible; Barkrowler/0.9; +https://babbar.tech/crawler)"
45.117.177.72 - - [16/Sep/2025:11:17:18 +0700] "POST /wp-cron.php?doing_wp_cron=1757996238.2304129600524902343750 HTTP/1.0" 200 416 "-" "WordPress/6.8.1; https://vattusacky.vn"
217.113.194.81 - - [16/Sep/2025:11:17:16 +0700] "GET /casino-utan-svensk-licens-for-pengar-fungerar/feed/ HTTP/1.0" 200 1784 "-" "Mozilla/5.0 (compatible; Barkrowler/0.9; +https://babbar.tech/crawler)"
217.113.194.217 - - [16/Sep/2025:11:17:38 +0700] "GET /the-transformative-potential-of-coincidences-on-omegle/feed/ HTTP/1.0" 200 1759 "-" "Mozilla/5.0 (compatible; Barkrowler/0.9; +https://babbar.tech/crawler)"
217.113.194.76 - - [16/Sep/2025:11:18:02 +0700] "GET /where-to-find-russian-girls-seeking-marital-relationship-abroad/feed/ HTTP/1.0" 200 1786 "-" "Mozilla/5.0 (compatible; Barkrowler/0.9; +https://babbar.tech/crawler)"
45.117.177.72 - - [16/Sep/2025:11:18:26 +0700] "POST /wp-cron.php?doing_wp_cron=1757996306.5674960613250732421875 HTTP/1.0" 200 416 "-" "WordPress/6.8.1; https://vattusacky.vn"
217.113.194.218 - - [16/Sep/2025:11:18:24 +0700] "GET /where-to-find-a-wedding-dress-thats-right-for-everyone/ HTTP/1.0" 200 209176 "-" "Mozilla/5.0 (compatible; Barkrowler/0.9; +https://babbar.tech/crawler)"
217.113.194.75 - - [16/Sep/2025:11:19:02 +0700] "GET /ridiculous-omegle-chats-with-strangers-and-pranks/feed/ HTTP/1.0" 200 1744 "-" "Mozilla/5.0 (compatible; Barkrowler/0.9; +https://babbar.tech/crawler)"
45.117.177.72 - - [16/Sep/2025:11:19:25 +0700] "POST /wp-cron.php?doing_wp_cron=1757996365.3808090686798095703125 HTTP/1.0" 200 416 "-" "WordPress/6.8.1; https://vattusacky.vn"
217.113.194.81 - - [16/Sep/2025:11:19:23 +0700] "GET /tips-for-a-positive-experience-on-omegles-algorithm/feed/ HTTP/1.0" 200 1750 "-" "Mozilla/5.0 (compatible; Barkrowler/0.9; +https://babbar.tech/crawler)"
217.113.194.81 - - [16/Sep/2025:11:19:45 +0700] "GET /tips-for-networking-success-on-omegle-and-ometv/feed/ HTTP/1.0" 200 1738 "-" "Mozilla/5.0 (compatible; Barkrowler/0.9; +https://babbar.tech/crawler)"
217.113.194.75 - - [16/Sep/2025:11:20:07 +0700] "GET /tips-for-finding-interesting-conversations-on-ometv/feed/ HTTP/1.0" 200 1750 "-" "Mozilla/5.0 (compatible; Barkrowler/0.9; +https://babbar.tech/crawler)"
45.117.177.72 - - [16/Sep/2025:11:20:28 +0700] "POST /wp-cron.php?doing_wp_cron=1757996428.1433899402618408203125 HTTP/1.0" 200 416 "-" "WordPress/6.8.1; https://vattusacky.vn"
107.20.181.148 - - [16/Sep/2025:11:20:26 +0700] "GET /robots.txt HTTP/1.0" 200 984 "-" "Mozilla/5.0 AppleWebKit/537.36 (KHTML, like Gecko; compatible; Amazonbot/0.1; +https://developer.amazon.com/support/amazonbot) Chrome/119.0.6045.214 Safari/537.36"
217.113.194.81 - - [16/Sep/2025:11:20:27 +0700] "GET /tips-for-engaging-in-meaningful-discussions-on-omegle/feed/ HTTP/1.0" 200 1756 "-" "Mozilla/5.0 (compatible; Barkrowler/0.9; +https://babbar.tech/crawler)"
54.198.33.233 - - [16/Sep/2025:11:20:30 +0700] "GET /the/lay-mau-nuoc-loai-doc/ HTTP/1.0" 200 181578 "-" "Mozilla/5.0 AppleWebKit/537.36 (KHTML, like Gecko; compatible; Amazonbot/0.1; +https://developer.amazon.com/support/amazonbot) Chrome/119.0.6045.214 Safari/537.36"
54.83.23.103 - - [16/Sep/2025:11:20:35 +0700] "GET /san-pham/may-do-toc/ HTTP/1.0" 200 234297 "-" "Mozilla/5.0 AppleWebKit/537.36 (KHTML, like Gecko; compatible; Amazonbot/0.1; +https://developer.amazon.com/support/amazonbot) Chrome/119.0.6045.214 Safari/537.36"
3.212.219.113 - - [16/Sep/2025:11:20:40 +0700] "GET /san-pham/thiet-bi-lay-mau-nuoc-alpha-van-dorn-loai-ngang-2-2-lit/ HTTP/1.0" 200 369680 "-" "Mozilla/5.0 AppleWebKit/537.36 (KHTML, like Gecko; compatible; Amazonbot/0.1; +https://developer.amazon.com/support/amazonbot) Chrome/119.0.6045.214 Safari/537.36"
3.222.85.38 - - [16/Sep/2025:11:20:43 +0700] "GET /san-pham/thiet-bi-lay-mau-nuoc-alpha-van-dorn-loai-doc-4-2-lit-nhan-hang-wildco-2/ HTTP/1.0" 200 369703 "-" "Mozilla/5.0 AppleWebKit/537.36 (KHTML, like Gecko; compatible; Amazonbot/0.1; +https://developer.amazon.com/support/amazonbot) Chrome/119.0.6045.214 Safari/537.36"
217.113.194.217 - - [16/Sep/2025:11:20:47 +0700] "GET /writing-my-paper-the-way-to-find-professional-paper-writing-help/ HTTP/1.0" 200 206517 "-" "Mozilla/5.0 (compatible; Barkrowler/0.9; +https://babbar.tech/crawler)"
52.23.112.144 - - [16/Sep/2025:11:20:47 +0700] "GET /the/mau-de-bay-hoi/ HTTP/1.0" 200 76135 "-" "Mozilla/5.0 AppleWebKit/537.36 (KHTML, like Gecko; compatible; Amazonbot/0.1; +https://developer.amazon.com/support/amazonbot) Chrome/119.0.6045.214 Safari/537.36"
34.196.237.236 - - [16/Sep/2025:11:20:52 +0700] "GET /the/bom-lay-mau-bui-tsp-the-tich-lon/ HTTP/1.0" 200 190464 "-" "Mozilla/5.0 AppleWebKit/537.36 (KHTML, like Gecko; compatible; Amazonbot/0.1; +https://developer.amazon.com/support/amazonbot) Chrome/119.0.6045.214 Safari/537.36"
45.117.177.72 - - [16/Sep/2025:11:21:20 +0700] "POST /wp-cron.php?doing_wp_cron=1757996480.5570731163024902343750 HTTP/1.0" 200 416 "-" "WordPress/6.8.1; https://vattusacky.vn"
217.113.194.75 - - [16/Sep/2025:11:21:19 +0700] "GET /exploring-online-dating-vs-making-friends-on-omegle/feed/ HTTP/1.0" 200 1750 "-" "Mozilla/5.0 (compatible; Barkrowler/0.9; +https://babbar.tech/crawler)"
217.113.194.217 - - [16/Sep/2025:11:21:42 +0700] "GET /exploring-omegles-impact-on-language-learning-and-skills/feed/ HTTP/1.0" 200 1765 "-" "Mozilla/5.0 (compatible; Barkrowler/0.9; +https://babbar.tech/crawler)"
85.208.96.197 - - [16/Sep/2025:11:21:48 +0700] "GET /building-bridges-through-art-omegles-role-in-connecting-individuals/ HTTP/1.0" 200 93203 "-" "Mozilla/5.0 (compatible; SemrushBot/7~bl; +http://www.semrush.com/bot.html)"
217.113.194.78 - - [16/Sep/2025:11:22:04 +0700] "GET /exploring-omegles-anonymous-chat-and-video-chat-options/ HTTP/1.0" 200 90161 "-" "Mozilla/5.0 (compatible; Barkrowler/0.9; +https://babbar.tech/crawler)"
85.208.96.209 - - [16/Sep/2025:11:22:03 +0700] "GET /romantic-relationship-experts-say-astrology-is-not-really-the-best-application-for-internet-dating/ HTTP/1.0" 200 208284 "-" "Mozilla/5.0 (compatible; SemrushBot/7~bl; +http://www.semrush.com/bot.html)"
45.117.177.72 - - [16/Sep/2025:11:22:30 +0700] "POST /wp-cron.php?doing_wp_cron=1757996550.2310469150543212890625 HTTP/1.0" 200 416 "-" "WordPress/6.8.1; https://vattusacky.vn"
217.113.194.74 - - [16/Sep/2025:11:22:28 +0700] "GET /exploring-identities-omegles-cross-cultural-experiences/feed/ HTTP/1.0" 200 1762 "-" "Mozilla/5.0 (compatible; Barkrowler/0.9; +https://babbar.tech/crawler)"
217.113.194.80 - - [16/Sep/2025:11:22:53 +0700] "GET /exploring-the-impact-of-cybertherapy-on-mental-health/feed/ HTTP/1.0" 200 1756 "-" "Mozilla/5.0 (compatible; Barkrowler/0.9; +https://babbar.tech/crawler)"
54.173.124.229 - - [16/Sep/2025:11:23:03 +0700] "GET / HTTP/1.0" 200 60070 "-" "Wget/1.9.1"
217.113.194.217 - - [16/Sep/2025:11:23:14 +0700] "GET /exploring-the-ethics-of-omegle-is-it-crossing-boundaries/feed/ HTTP/1.0" 200 1765 "-" "Mozilla/5.0 (compatible; Barkrowler/0.9; +https://babbar.tech/crawler)"
45.117.177.72 - - [16/Sep/2025:11:23:38 +0700] "POST /wp-cron.php?doing_wp_cron=1757996618.2362399101257324218750 HTTP/1.0" 200 416 "-" "WordPress/6.8.1; https://vattusacky.vn"
217.113.194.77 - - [16/Sep/2025:11:23:36 +0700] "GET /exploring-the-role-of-trust-in-building-connections-on-omegle/feed/ HTTP/1.0" 200 1780 "-" "Mozilla/5.0 (compatible; Barkrowler/0.9; +https://babbar.tech/crawler)"
217.113.194.73 - - [16/Sep/2025:11:23:59 +0700] "GET /exploring-the-role-of-identity-in-omegles-social-experiment/feed/ HTTP/1.0" 200 1774 "-" "Mozilla/5.0 (compatible; Barkrowler/0.9; +https://babbar.tech/crawler)"
45.117.177.72 - - [16/Sep/2025:11:24:24 +0700] "POST /wp-cron.php?doing_wp_cron=1757996664.3922929763793945312500 HTTP/1.0" 200 416 "-" "WordPress/6.8.1; https://vattusacky.vn"
154.54.249.200 - - [16/Sep/2025:11:24:23 +0700] "GET /exploring-the-role-of-unexpected-encounters-in-online-communities/feed/ HTTP/1.0" 200 1792 "-" "Mozilla/5.0 (compatible; Barkrowler/0.9; +https://babbar.tech/crawler)"
217.113.194.72 - - [16/Sep/2025:11:24:44 +0700] "GET /exploring-the-role-of-serendipity-in-omegle-conversations/feed/ HTTP/1.0" 200 1768 "-" "Mozilla/5.0 (compatible; Barkrowler/0.9; +https://babbar.tech/crawler)"
17.241.219.80 - - [16/Sep/2025:11:24:56 +0700] "GET /the-politics-of-omegle-political-conversations-and-activism/ HTTP/1.0" 200 91316 "-" "Mozilla/5.0 (Macintosh; Intel Mac OS X 10_15_7) AppleWebKit/605.1.15 (KHTML, like Gecko) Version/17.4 Safari/605.1.15 (Applebot/0.1; +http://www.apple.com/go/applebot)"
217.113.194.81 - - [16/Sep/2025:11:25:08 +0700] "GET /exploring-the-role-of-humor-in-omegles-social-experiment/feed/ HTTP/1.0" 200 1765 "-" "Mozilla/5.0 (compatible; Barkrowler/0.9; +https://babbar.tech/crawler)"
45.117.177.72 - - [16/Sep/2025:11:25:21 +0700] "POST /wp-cron.php?doing_wp_cron=1757996721.0205490589141845703125 HTTP/1.0" 200 416 "-" "WordPress/6.8.1; https://vattusacky.vn"
185.191.171.12 - - [16/Sep/2025:11:25:19 +0700] "GET /author/yanz/page/209/ HTTP/1.0" 200 77887 "-" "Mozilla/5.0 (compatible; SemrushBot/7~bl; +http://www.semrush.com/bot.html)"
217.113.194.72 - - [16/Sep/2025:11:25:31 +0700] "GET /the-potential-dangers-of-using-omegle-irresponsibly/feed/ HTTP/1.0" 200 1750 "-" "Mozilla/5.0 (compatible; Barkrowler/0.9; +https://babbar.tech/crawler)"
217.113.194.81 - - [16/Sep/2025:11:25:54 +0700] "GET /the-power-of-body-language-in-first-impressions-on-omegle/feed/ HTTP/1.0" 200 1768 "-" "Mozilla/5.0 (compatible; Barkrowler/0.9; +https://babbar.tech/crawler)"
142.44.220.135 - - [16/Sep/2025:11:26:10 +0700] "GET /sitemap_index.xml HTTP/1.0" 200 2426 "-" "Mozilla/5.0 (compatible; AhrefsBot/7.0; +http://ahrefs.com/robot/)"
45.117.177.72 - - [16/Sep/2025:11:26:18 +0700] "POST /wp-cron.php?doing_wp_cron=1757996778.4487209320068359375000 HTTP/1.0" 200 416 "-" "WordPress/6.8.1; https://vattusacky.vn"
217.113.194.74 - - [16/Sep/2025:11:26:16 +0700] "GET /the-power-of-virtual-connections-collaborative-art-on-omegle/feed/ HTTP/1.0" 200 1777 "-" "Mozilla/5.0 (compatible; Barkrowler/0.9; +https://babbar.tech/crawler)"
51.222.168.80 - - [16/Sep/2025:11:26:15 +0700] "GET /post-sitemap.xml HTTP/1.0" 500 3278 "-" "Mozilla/5.0 (compatible; AhrefsBot/7.0; +http://ahrefs.com/robot/)"
142.44.220.43 - - [16/Sep/2025:11:26:20 +0700] "GET /post-sitemap2.xml HTTP/1.0" 200 158032 "-" "Mozilla/5.0 (compatible; AhrefsBot/7.0; +http://ahrefs.com/robot/)"
54.39.6.20 - - [16/Sep/2025:11:26:30 +0700] "GET /post-sitemap3.xml HTTP/1.0" 200 155802 "-" "Mozilla/5.0 (compatible; AhrefsBot/7.0; +http://ahrefs.com/robot/)"
154.54.249.200 - - [16/Sep/2025:11:26:41 +0700] "GET /the-power-of-authenticity-building-genuine-connections-on-omegle/feed/ HTTP/1.0" 200 1789 "-" "Mozilla/5.0 (compatible; Barkrowler/0.9; +https://babbar.tech/crawler)"
51.222.95.238 - - [16/Sep/2025:11:26:50 +0700] "GET /post-sitemap4.xml HTTP/1.0" 200 157863 "-" "Mozilla/5.0 (compatible; AhrefsBot/7.0; +http://ahrefs.com/robot/)"
54.39.203.37 - - [16/Sep/2025:11:26:56 +0700] "GET /post-sitemap5.xml HTTP/1.0" 200 159938 "-" "Mozilla/5.0 (compatible; AhrefsBot/7.0; +http://ahrefs.com/robot/)"
142.44.220.210 - - [16/Sep/2025:11:27:01 +0700] "GET /post-sitemap6.xml HTTP/1.0" 200 42210 "-" "Mozilla/5.0 (compatible; AhrefsBot/7.0; +http://ahrefs.com/robot/)"
142.44.228.69 - - [16/Sep/2025:11:27:04 +0700] "GET /page-sitemap.xml HTTP/1.0" 200 1873 "-" "Mozilla/5.0 (compatible; AhrefsBot/7.0; +http://ahrefs.com/robot/)"
154.54.249.200 - - [16/Sep/2025:11:27:06 +0700] "GET /the-power-of-online-communities-omegle-and-ometv/feed/ HTTP/1.0" 200 1741 "-" "Mozilla/5.0 (compatible; Barkrowler/0.9; +https://babbar.tech/crawler)"
15.235.27.167 - - [16/Sep/2025:11:27:09 +0700] "GET /attachment-sitemap.xml HTTP/1.0" 200 72345 "-" "Mozilla/5.0 (compatible; AhrefsBot/7.0; +http://ahrefs.com/robot/)"
45.117.177.72 - - [16/Sep/2025:11:27:18 +0700] "POST /wp-cron.php?doing_wp_cron=1757996837.9569671154022216796875 HTTP/1.0" 200 416 "-" "WordPress/6.8.1; https://vattusacky.vn"
142.44.233.3 - - [16/Sep/2025:11:27:16 +0700] "GET /author/yanz/page/155/ HTTP/1.0" 200 77629 "-" "Mozilla/5.0 (compatible; AhrefsBot/7.0; +http://ahrefs.com/robot/)"
15.235.27.84 - - [16/Sep/2025:11:27:18 +0700] "GET /product-sitemap.xml HTTP/1.0" 500 3278 "-" "Mozilla/5.0 (compatible; AhrefsBot/7.0; +http://ahrefs.com/robot/)"
54.39.210.111 - - [16/Sep/2025:11:27:22 +0700] "GET /category-sitemap.xml HTTP/1.0" 200 24564 "-" "Mozilla/5.0 (compatible; AhrefsBot/7.0; +http://ahrefs.com/robot/)"
54.39.6.149 - - [16/Sep/2025:11:27:28 +0700] "GET /post_tag-sitemap.xml HTTP/1.0" 200 12903 "-" "Mozilla/5.0 (compatible; AhrefsBot/7.0; +http://ahrefs.com/robot/)"
217.113.194.72 - - [16/Sep/2025:11:27:29 +0700] "GET /the-power-of-serendipity-on-omegles-cosmic-connections/feed/ HTTP/1.0" 200 1759 "-" "Mozilla/5.0 (compatible; Barkrowler/0.9; +https://babbar.tech/crawler)"
142.44.228.108 - - [16/Sep/2025:11:27:32 +0700] "GET /product_cat-sitemap.xml HTTP/1.0" 200 8595 "-" "Mozilla/5.0 (compatible; AhrefsBot/7.0; +http://ahrefs.com/robot/)"
54.39.0.35 - - [16/Sep/2025:11:27:35 +0700] "GET /product_tag-sitemap.xml HTTP/1.0" 200 28520 "-" "Mozilla/5.0 (compatible; AhrefsBot/7.0; +http://ahrefs.com/robot/)"
217.113.194.217 - - [16/Sep/2025:11:27:52 +0700] "GET /the-power-of-positive-thinking-in-first-impressions-on-omegle/feed/ HTTP/1.0" 200 1780 "-" "Mozilla/5.0 (compatible; Barkrowler/0.9; +https://babbar.tech/crawler)"
51.161.37.63 - - [16/Sep/2025:11:28:05 +0700] "GET /glenjiko-6/feed/ HTTP/1.0" 200 1625 "-" "Mozilla/5.0 (compatible; AhrefsBot/7.0; +http://ahrefs.com/robot/)"
217.113.194.79 - - [16/Sep/2025:11:28:15 +0700] "GET /the-power-of-anonymity-building-strong-connections-on-omegle/feed/ HTTP/1.0" 200 1777 "-" "Mozilla/5.0 (compatible; Barkrowler/0.9; +https://babbar.tech/crawler)"
45.117.177.72 - - [16/Sep/2025:11:28:38 +0700] "POST /wp-cron.php?doing_wp_cron=1757996918.1141231060028076171875 HTTP/1.0" 200 416 "-" "WordPress/6.8.1; https://vattusacky.vn"
217.113.194.75 - - [16/Sep/2025:11:28:36 +0700] "GET /oriental-dating-apps-and-sites-for-expats-living-in-china/ HTTP/1.0" 200 206874 "-" "Mozilla/5.0 (compatible; Barkrowler/0.9; +https://babbar.tech/crawler)"
217.113.194.72 - - [16/Sep/2025:11:29:05 +0700] "GET /the/lay-mau-khi-luu-luong-thap/feed/ HTTP/1.0" 200 35895 "-" "Mozilla/5.0 (compatible; Barkrowler/0.9; +https://babbar.tech/crawler)"
45.117.177.72 - - [16/Sep/2025:11:29:19 +0700] "POST /wp-cron.php?doing_wp_cron=1757996959.5669510364532470703125 HTTP/1.0" 200 416 "-" "WordPress/6.8.1; https://vattusacky.vn"
54.39.6.60 - - [16/Sep/2025:11:29:18 +0700] "GET /author/yanz/page/174/ HTTP/1.0" 200 76568 "-" "Mozilla/5.0 (compatible; AhrefsBot/7.0; +http://ahrefs.com/robot/)"
217.113.194.81 - - [16/Sep/2025:11:29:29 +0700] "GET /the/do-nuoc-da-chi-tieu-da-chi-tieu/feed/ HTTP/1.0" 200 167925 "-" "Mozilla/5.0 (compatible; Barkrowler/0.9; +https://babbar.tech/crawler)"
217.113.194.218 - - [16/Sep/2025:11:29:58 +0700] "GET /tales-of-laughter-and-surprise-funny-moments-on-omegle/feed/ HTTP/1.0" 200 1759 "-" "Mozilla/5.0 (compatible; Barkrowler/0.9; +https://babbar.tech/crawler)"
54.39.136.72 - - [16/Sep/2025:11:30:14 +0700] "GET /author/yanz/page/166/ HTTP/1.0" 200 77314 "-" "Mozilla/5.0 (compatible; AhrefsBot/7.0; +http://ahrefs.com/robot/)"
45.117.177.72 - - [16/Sep/2025:11:30:22 +0700] "POST /wp-cron.php?doing_wp_cron=1757997021.9800410270690917968750 HTTP/1.0" 200 416 "-" "WordPress/6.8.1; https://vattusacky.vn"
217.113.194.217 - - [16/Sep/2025:11:30:20 +0700] "GET /so-what-do-sugar-daddies-look-for-in-a-sugar-baby/ HTTP/1.0" 200 75359 "-" "Mozilla/5.0 (compatible; Barkrowler/0.9; +https://babbar.tech/crawler)"
217.113.194.77 - - [16/Sep/2025:11:30:46 +0700] "GET /can-omegle-be-a-tool-for-social-change-and-activism/ HTTP/1.0" 200 90327 "-" "Mozilla/5.0 (compatible; Barkrowler/0.9; +https://babbar.tech/crawler)"
15.235.27.73 - - [16/Sep/2025:11:31:06 +0700] "GET /author/yanz/page/164/ HTTP/1.0" 200 77615 "-" "Mozilla/5.0 (compatible; AhrefsBot/7.0; +http://ahrefs.com/robot/)"
217.113.194.73 - - [16/Sep/2025:11:31:11 +0700] "GET /cach-vay-von-app-vay-tien-online-24-24/feed/ HTTP/1.0" 200 1716 "-" "Mozilla/5.0 (compatible; Barkrowler/0.9; +https://babbar.tech/crawler)"
45.117.177.72 - - [16/Sep/2025:11:31:35 +0700] "POST /wp-cron.php?doing_wp_cron=1757997094.9090480804443359375000 HTTP/1.0" 200 416 "-" "WordPress/6.8.1; https://vattusacky.vn"
217.113.194.72 - - [16/Sep/2025:11:31:33 +0700] "GET /beneficios-y-ventajas-para-el-librador-de-un/feed/ HTTP/1.0" 200 1737 "-" "Mozilla/5.0 (compatible; Barkrowler/0.9; +https://babbar.tech/crawler)"
17.241.219.16 - - [16/Sep/2025:11:31:47 +0700] "GET /the-inner-workings-of-omegle-and-ometv-a-closer-look-at-the-technology/ HTTP/1.0" 200 92865 "-" "Mozilla/5.0 (Macintosh; Intel Mac OS X 10_15_7) AppleWebKit/605.1.15 (KHTML, like Gecko) Version/17.4 Safari/605.1.15 (Applebot/0.1; +http://www.apple.com/go/applebot)"
154.54.249.200 - - [16/Sep/2025:11:31:57 +0700] "GET /meet-argentinian-mail-order-brides-for-marriage-and-love/feed/ HTTP/1.0" 200 1765 "-" "Mozilla/5.0 (compatible; Barkrowler/0.9; +https://babbar.tech/crawler)"
51.161.37.24 - - [16/Sep/2025:11:31:59 +0700] "GET /category/sugar-daddy-websites/ HTTP/1.0" 200 59115 "-" "Mozilla/5.0 (compatible; AhrefsBot/7.0; +http://ahrefs.com/robot/)"
45.117.177.72 - - [16/Sep/2025:11:32:21 +0700] "POST /wp-cron.php?doing_wp_cron=1757997141.0296909809112548828125 HTTP/1.0" 200 416 "-" "WordPress/6.8.1; https://vattusacky.vn"
217.113.194.217 - - [16/Sep/2025:11:32:19 +0700] "GET /tiny-intimate-weddings-helping-your-ceremony-one-stage-further/feed/ HTTP/1.0" 200 1791 "-" "Mozilla/5.0 (compatible; Barkrowler/0.9; +https://babbar.tech/crawler)"
154.54.249.200 - - [16/Sep/2025:11:32:42 +0700] "GET /tips-on-how-to-have-a-respectful-and-intimate-sexual-chat/ HTTP/1.0" 200 208273 "-" "Mozilla/5.0 (compatible; Barkrowler/0.9; +https://babbar.tech/crawler)"
54.39.136.32 - - [16/Sep/2025:11:32:52 +0700] "GET /brazil-passport-psd-id-card-psd-driving-license-psd-utility-bill-pdf-download/ HTTP/1.0" 200 89064 "-" "Mozilla/5.0 (compatible; AhrefsBot/7.0; +http://ahrefs.com/robot/)"
217.113.194.77 - - [16/Sep/2025:11:33:10 +0700] "GET /the-changing-dynamics-of-omegle-adapting-to-user-needs/feed/ HTTP/1.0" 200 1759 "-" "Mozilla/5.0 (compatible; Barkrowler/0.9; +https://babbar.tech/crawler)"
45.117.177.72 - - [16/Sep/2025:11:33:33 +0700] "POST /wp-cron.php?doing_wp_cron=1757997213.3314220905303955078125 HTTP/1.0" 200 416 "-" "WordPress/6.8.1; https://vattusacky.vn"
154.54.249.200 - - [16/Sep/2025:11:33:31 +0700] "GET /22bet-kenya-learn-the-evaluate-and-claim-a-100/feed/ HTTP/1.0" 200 1753 "-" "Mozilla/5.0 (compatible; Barkrowler/0.9; +https://babbar.tech/crawler)"
142.44.225.144 - - [16/Sep/2025:11:33:38 +0700] "GET /author/yanz/page/248/ HTTP/1.0" 200 77534 "-" "Mozilla/5.0 (compatible; AhrefsBot/7.0; +http://ahrefs.com/robot/)"
217.113.194.80 - - [16/Sep/2025:11:33:53 +0700] "GET /22bet-welcome-bonus-10-000-enroll-provide-evaluate-12/feed/ HTTP/1.0" 200 1760 "-" "Mozilla/5.0 (compatible; Barkrowler/0.9; +https://babbar.tech/crawler)"
157.55.39.196 - - [16/Sep/2025:11:33:53 +0700] "GET /san-pham/bom-lay-mau-iodine-xach-tay-66-200-lpm-vopv-10-digital-high-volume-air-sampler/ HTTP/1.0" 200 514255 "-" "Mozilla/5.0 AppleWebKit/537.36 (KHTML, like Gecko; compatible; bingbot/2.0; +http://www.bing.com/bingbot.htm) Chrome/116.0.1938.76 Safari/537.36"
40.77.179.90 - - [16/Sep/2025:11:34:00 +0700] "GET /wp-content/plugins/woocommerce/assets/js/frontend/single-product.min.js?ver=9.8.3 HTTP/1.0" 200 460 "-" "Mozilla/5.0 AppleWebKit/537.36 (KHTML, like Gecko; compatible; bingbot/2.0; +http://www.bing.com/bingbot.htm) Chrome/100.0.4896.127 Safari/537.36"
40.77.178.15 - - [16/Sep/2025:11:34:02 +0700] "GET /wp-json/contact-form-7/v1/contact-forms/1256/feedback/schema HTTP/1.0" 200 1699 "-" "Mozilla/5.0 AppleWebKit/537.36 (KHTML, like Gecko; compatible; bingbot/2.0; +http://www.bing.com/bingbot.htm) Chrome/100.0.4896.127 Safari/537.36"
45.117.177.72 - - [16/Sep/2025:11:34:17 +0700] "POST /wp-cron.php?doing_wp_cron=1757997257.0838809013366699218750 HTTP/1.0" 200 416 "-" "WordPress/6.8.1; https://vattusacky.vn"
217.113.194.79 - - [16/Sep/2025:11:34:15 +0700] "GET /22bet-evaluation-cell-app-and-attractive-welcome-5/feed/ HTTP/1.0" 200 1761 "-" "Mozilla/5.0 (compatible; Barkrowler/0.9; +https://babbar.tech/crawler)"
54.39.0.203 - - [16/Sep/2025:11:34:17 +0700] "GET /daddy-casino-realnye-promokody-igrat-v-igrovye/ HTTP/1.0" 200 102866 "-" "Mozilla/5.0 (compatible; AhrefsBot/7.0; +http://ahrefs.com/robot/)"
217.113.194.76 - - [16/Sep/2025:11:34:38 +0700] "GET /shaping-memories-omegles-impact-on-online-conversations/feed/ HTTP/1.0" 200 1762 "-" "Mozilla/5.0 (compatible; Barkrowler/0.9; +https://babbar.tech/crawler)"
52.167.144.150 - - [16/Sep/2025:11:34:41 +0700] "GET /wp-content/uploads/2018/07/lay-mau-bui-pm10-pm2-5-ipm-fds-2510-300x300.jpg HTTP/1.0" 200 451 "-" "Mozilla/5.0 AppleWebKit/537.36 (KHTML, like Gecko; compatible; bingbot/2.0; +http://www.bing.com/bingbot.htm) Chrome/116.0.1938.76 Safari/537.36"
52.167.144.150 - - [16/Sep/2025:11:34:42 +0700] "GET /wp-content/uploads/2017/04/cf-1000-800x800-768x768.jpg HTTP/1.0" 200 431 "-" "Mozilla/5.0 AppleWebKit/537.36 (KHTML, like Gecko; compatible; bingbot/2.0; +http://www.bing.com/bingbot.htm) Chrome/116.0.1938.76 Safari/537.36"
52.167.144.150 - - [16/Sep/2025:11:34:43 +0700] "GET /wp-content/uploads/2017/04/cf-1000brl-digitalg02cx2-600x600.jpg HTTP/1.0" 200 440 "-" "Mozilla/5.0 AppleWebKit/537.36 (KHTML, like Gecko; compatible; bingbot/2.0; +http://www.bing.com/bingbot.htm) Chrome/116.0.1938.76 Safari/537.36"
52.167.144.150 - - [16/Sep/2025:11:34:43 +0700] "GET /wp-content/uploads/2017/04/untitled-14-300x300.png HTTP/1.0" 200 426 "-" "Mozilla/5.0 AppleWebKit/537.36 (KHTML, like Gecko; compatible; bingbot/2.0; +http://www.bing.com/bingbot.htm) Chrome/116.0.1938.76 Safari/537.36"
52.167.144.150 - - [16/Sep/2025:11:34:44 +0700] "GET /wp-content/uploads/2017/04/untitled-7-180x180.png HTTP/1.0" 200 425 "-" "Mozilla/5.0 AppleWebKit/537.36 (KHTML, like Gecko; compatible; bingbot/2.0; +http://www.bing.com/bingbot.htm) Chrome/116.0.1938.76 Safari/537.36"
52.167.144.150 - - [16/Sep/2025:11:34:44 +0700] "GET /path/to/default.png HTTP/1.0" 404 70812 "-" "Mozilla/5.0 AppleWebKit/537.36 (KHTML, like Gecko; compatible; bingbot/2.0; +http://www.bing.com/bingbot.htm) Chrome/116.0.1938.76 Safari/537.36"
52.167.144.150 - - [16/Sep/2025:11:34:46 +0700] "GET /wp-content/uploads/2018/08/dau-lay-mau-bui-pm10-sibata-180x180.jpg HTTP/1.0" 200 443 "-" "Mozilla/5.0 AppleWebKit/537.36 (KHTML, like Gecko; compatible; bingbot/2.0; +http://www.bing.com/bingbot.htm) Chrome/116.0.1938.76 Safari/537.36"
157.55.39.196 - - [16/Sep/2025:11:34:47 +0700] "GET /images/image002.jpg HTTP/1.0" 404 70812 "-" "Mozilla/5.0 AppleWebKit/537.36 (KHTML, like Gecko; compatible; bingbot/2.0; +http://www.bing.com/bingbot.htm) Chrome/116.0.1938.76 Safari/537.36"
157.55.39.196 - - [16/Sep/2025:11:34:49 +0700] "GET /images/image005.jpg HTTP/1.0" 404 70812 "-" "Mozilla/5.0 AppleWebKit/537.36 (KHTML, like Gecko; compatible; bingbot/2.0; +http://www.bing.com/bingbot.htm) Chrome/116.0.1938.76 Safari/537.36"
157.55.39.196 - - [16/Sep/2025:11:34:51 +0700] "GET /wp-content/uploads/2018/05/10-884-10_fyrite_classic-1.jpg HTTP/1.0" 200 434 "-" "Mozilla/5.0 AppleWebKit/537.36 (KHTML, like Gecko; compatible; bingbot/2.0; +http://www.bing.com/bingbot.htm) Chrome/116.0.1938.76 Safari/537.36"
157.55.39.196 - - [16/Sep/2025:11:34:53 +0700] "GET /wp-content/uploads/2018/08/dau-lay-mau-bui-pm10-sibata-300x300.jpg HTTP/1.0" 200 443 "-" "Mozilla/5.0 AppleWebKit/537.36 (KHTML, like Gecko; compatible; bingbot/2.0; +http://www.bing.com/bingbot.htm) Chrome/116.0.1938.76 Safari/537.36"
157.55.39.196 - - [16/Sep/2025:11:34:54 +0700] "GET /wp-content/uploads/2019/03/e-seq-frm-300x300.jpg HTTP/1.0" 200 425 "-" "Mozilla/5.0 AppleWebKit/537.36 (KHTML, like Gecko; compatible; bingbot/2.0; +http://www.bing.com/bingbot.htm) Chrome/116.0.1938.76 Safari/537.36"
157.55.39.196 - - [16/Sep/2025:11:34:54 +0700] "GET /wp-content/uploads/2017/04/untitled-9-300x300.png HTTP/1.0" 200 425 "-" "Mozilla/5.0 AppleWebKit/537.36 (KHTML, like Gecko; compatible; bingbot/2.0; +http://www.bing.com/bingbot.htm) Chrome/116.0.1938.76 Safari/537.36"
157.55.39.196 - - [16/Sep/2025:11:34:54 +0700] "GET /images/logo-vietnguyen.png HTTP/1.0" 404 70812 "-" "Mozilla/5.0 AppleWebKit/537.36 (KHTML, like Gecko; compatible; bingbot/2.0; +http://www.bing.com/bingbot.htm) Chrome/116.0.1938.76 Safari/537.36"
157.55.39.196 - - [16/Sep/2025:11:34:56 +0700] "GET /wp-content/uploads/2017/04/untitled-10-600x600.png HTTP/1.0" 200 426 "-" "Mozilla/5.0 AppleWebKit/537.36 (KHTML, like Gecko; compatible; bingbot/2.0; +http://www.bing.com/bingbot.htm) Chrome/116.0.1938.76 Safari/537.36"
157.55.39.196 - - [16/Sep/2025:11:34:56 +0700] "GET /wp-content/uploads/2017/04/untitled-8-300x300.png HTTP/1.0" 200 425 "-" "Mozilla/5.0 AppleWebKit/537.36 (KHTML, like Gecko; compatible; bingbot/2.0; +http://www.bing.com/bingbot.htm) Chrome/116.0.1938.76 Safari/537.36"
157.55.39.196 - - [16/Sep/2025:11:34:57 +0700] "GET /wp-content/uploads/2017/04/cf-1000-800x800-600x600.jpg HTTP/1.0" 200 431 "-" "Mozilla/5.0 AppleWebKit/537.36 (KHTML, like Gecko; compatible; bingbot/2.0; +http://www.bing.com/bingbot.htm) Chrome/116.0.1938.76 Safari/537.36"
217.113.194.72 - - [16/Sep/2025:11:35:00 +0700] "GET /mind-games-on-omegle-the-psychological-rollercoaster/feed/ HTTP/1.0" 200 1753 "-" "Mozilla/5.0 (compatible; Barkrowler/0.9; +https://babbar.tech/crawler)"
52.167.144.221 - - [16/Sep/2025:11:35:04 +0700] "GET /wp-content/uploads/2018/07/lay-mau-bui-pm10-pm2-5-ipm-fds-2510-180x180.jpg HTTP/1.0" 200 451 "-" "Mozilla/5.0 AppleWebKit/537.36 (KHTML, like Gecko; compatible; bingbot/2.0; +http://www.bing.com/bingbot.htm) Chrome/116.0.1938.76 Safari/537.36"
167.114.139.199 - - [16/Sep/2025:11:35:03 +0700] "GET /unlocking-hidden-connections-serendipitous-encounters-on-omegle/ HTTP/1.0" 200 91858 "-" "Mozilla/5.0 (compatible; AhrefsBot/7.0; +http://ahrefs.com/robot/)"
52.167.144.221 - - [16/Sep/2025:11:35:04 +0700] "GET /wp-content/uploads/2017/04/untitled-8-180x180.png HTTP/1.0" 200 425 "-" "Mozilla/5.0 AppleWebKit/537.36 (KHTML, like Gecko; compatible; bingbot/2.0; +http://www.bing.com/bingbot.htm) Chrome/116.0.1938.76 Safari/537.36"
52.167.144.221 - - [16/Sep/2025:11:35:05 +0700] "GET /wp-content/uploads/2017/04/2-1-300x300.png HTTP/1.0" 200 418 "-" "Mozilla/5.0 AppleWebKit/537.36 (KHTML, like Gecko; compatible; bingbot/2.0; +http://www.bing.com/bingbot.htm) Chrome/116.0.1938.76 Safari/537.36"
52.167.144.221 - - [16/Sep/2025:11:35:05 +0700] "GET /images/image003.jpg HTTP/1.0" 404 70812 "-" "Mozilla/5.0 AppleWebKit/537.36 (KHTML, like Gecko; compatible; bingbot/2.0; +http://www.bing.com/bingbot.htm) Chrome/116.0.1938.76 Safari/537.36"
52.167.144.221 - - [16/Sep/2025:11:35:07 +0700] "GET /wp-content/uploads/2018/08/bom-lay-mau-bui-sibata-hv-500r-300x300.jpg HTTP/1.0" 200 446 "-" "Mozilla/5.0 AppleWebKit/537.36 (KHTML, like Gecko; compatible; bingbot/2.0; +http://www.bing.com/bingbot.htm) Chrome/116.0.1938.76 Safari/537.36"
52.167.144.221 - - [16/Sep/2025:11:35:07 +0700] "GET /wp-content/uploads/2018/07/lay-mau-bui-pm10-pm2-5-ipm-fds-2510-600x600.jpg HTTP/1.0" 200 451 "-" "Mozilla/5.0 AppleWebKit/537.36 (KHTML, like Gecko; compatible; bingbot/2.0; +http://www.bing.com/bingbot.htm) Chrome/116.0.1938.76 Safari/537.36"
52.167.144.221 - - [16/Sep/2025:11:35:08 +0700] "GET /wp-content/uploads/2017/04/untitled-7-300x300.png HTTP/1.0" 200 425 "-" "Mozilla/5.0 AppleWebKit/537.36 (KHTML, like Gecko; compatible; bingbot/2.0; +http://www.bing.com/bingbot.htm) Chrome/116.0.1938.76 Safari/537.36"
52.167.144.221 - - [16/Sep/2025:11:35:08 +0700] "GET /images/image004.jpg HTTP/1.0" 404 70812 "-" "Mozilla/5.0 AppleWebKit/537.36 (KHTML, like Gecko; compatible; bingbot/2.0; +http://www.bing.com/bingbot.htm) Chrome/116.0.1938.76 Safari/537.36"
45.117.177.72 - - [16/Sep/2025:11:35:25 +0700] "POST /wp-cron.php?doing_wp_cron=1757997324.8777019977569580078125 HTTP/1.0" 200 416 "-" "WordPress/6.8.1; https://vattusacky.vn"
217.113.194.81 - - [16/Sep/2025:11:35:23 +0700] "GET /the-dark-web-and-illegal-activities-on-platforms-like-omegle/feed/ HTTP/1.0" 200 1777 "-" "Mozilla/5.0 (compatible; Barkrowler/0.9; +https://babbar.tech/crawler)"
217.113.194.77 - - [16/Sep/2025:11:35:45 +0700] "GET /the-dark-side-of-omegle-illegal-activities-and-exploitation/feed/ HTTP/1.0" 200 1774 "-" "Mozilla/5.0 (compatible; Barkrowler/0.9; +https://babbar.tech/crawler)"
54.39.136.134 - - [16/Sep/2025:11:35:57 +0700] "GET /mexican-dating-way-of-life/ HTTP/1.0" 200 207952 "-" "Mozilla/5.0 (compatible; AhrefsBot/7.0; +http://ahrefs.com/robot/)"
217.113.194.79 - - [16/Sep/2025:11:36:07 +0700] "GET /the-dark-secrets-of-omegle-uncovering-the-truth/feed/ HTTP/1.0" 200 1738 "-" "Mozilla/5.0 (compatible; Barkrowler/0.9; +https://babbar.tech/crawler)"
45.117.177.72 - - [16/Sep/2025:11:36:31 +0700] "POST /wp-cron.php?doing_wp_cron=1757997391.4965560436248779296875 HTTP/1.0" 200 416 "-" "WordPress/6.8.1; https://vattusacky.vn"
154.54.249.200 - - [16/Sep/2025:11:36:30 +0700] "GET /pros-and-cons-of-using-ometv-for-anonymous-encounters/feed/ HTTP/1.0" 200 1756 "-" "Mozilla/5.0 (compatible; Barkrowler/0.9; +https://babbar.tech/crawler)"
51.161.37.174 - - [16/Sep/2025:11:36:34 +0700] "GET /category/bez-rubriki/ HTTP/1.0" 200 74462 "-" "Mozilla/5.0 (compatible; AhrefsBot/7.0; +http://ahrefs.com/robot/)"
217.113.194.76 - - [16/Sep/2025:11:36:51 +0700] "GET /the-significance-of-trust-and-accountability-on-omegle/feed/ HTTP/1.0" 200 1759 "-" "Mozilla/5.0 (compatible; Barkrowler/0.9; +https://babbar.tech/crawler)"
47.128.53.249 - - [16/Sep/2025:11:36:55 +0700] "GET /top-10-expert-mobile-app-developers-to-hire-in/ HTTP/1.0" 200 79571 "-" "Mozilla/5.0 (Linux; Android 5.0) AppleWebKit/537.36 (KHTML, like Gecko) Mobile Safari/537.36 (compatible; Bytespider; spider-feedback@bytedance.com)"
47.128.53.249 - - [16/Sep/2025:11:36:57 +0700] "GET /wp-content/uploads/2018/05/10-884-10_fyrite_classic-1-1.jpg HTTP/1.0" 200 436 "https://vattusacky.vn/top-10-expert-mobile-app-developers-to-hire-in/" "Mozilla/5.0 (Linux; Android 5.0) AppleWebKit/537.36 (KHTML, like Gecko) Mobile Safari/537.36 (compatible; Bytespider; spider-feedback@bytedance.com)"
47.128.53.249 - - [16/Sep/2025:11:36:57 +0700] "GET /wp-content/uploads/2019/09/quan-trac-moi-truong-lao-dong-image.jpg HTTP/1.0" 200 443 "https://vattusacky.vn/top-10-expert-mobile-app-developers-to-hire-in/" "Mozilla/5.0 (Linux; Android 5.0) AppleWebKit/537.36 (KHTML, like Gecko) Mobile Safari/537.36 (compatible; Bytespider; spider-feedback@bytedance.com)"
47.128.53.249 - - [16/Sep/2025:11:36:57 +0700] "GET /wp-content/uploads/2018/05/tai-xuong.jpg HTTP/1.0" 200 417 "https://vattusacky.vn/top-10-expert-mobile-app-developers-to-hire-in/" "Mozilla/5.0 (Linux; Android 5.0) AppleWebKit/537.36 (KHTML, like Gecko) Mobile Safari/537.36 (compatible; Bytespider; spider-feedback@bytedance.com)"
47.128.53.249 - - [16/Sep/2025:11:36:57 +0700] "GET /wp-content/uploads/2018/05/10-884-10_fyrite_classic-1.jpg HTTP/1.0" 200 434 "https://vattusacky.vn/top-10-expert-mobile-app-developers-to-hire-in/" "Mozilla/5.0 (Linux; Android 5.0) AppleWebKit/537.36 (KHTML, like Gecko) Mobile Safari/537.36 (compatible; Bytespider; spider-feedback@bytedance.com)"
47.128.53.249 - - [16/Sep/2025:11:36:57 +0700] "GET /path/to/default.png HTTP/1.0" 404 70667 "https://vattusacky.vn/top-10-expert-mobile-app-developers-to-hire-in/" "Mozilla/5.0 (Linux; Android 5.0) AppleWebKit/537.36 (KHTML, like Gecko) Mobile Safari/537.36 (compatible; Bytespider; spider-feedback@bytedance.com)"
47.128.53.249 - - [16/Sep/2025:11:36:58 +0700] "GET /images/image002.jpg HTTP/1.0" 404 50423 "https://vattusacky.vn/top-10-expert-mobile-app-developers-to-hire-in/" "Mozilla/5.0 (Linux; Android 5.0) AppleWebKit/537.36 (KHTML, like Gecko) Mobile Safari/537.36 (compatible; Bytespider; spider-feedback@bytedance.com)"
47.128.53.249 - - [16/Sep/2025:11:36:58 +0700] "GET /images/image004.jpg HTTP/1.0" 404 70667 "https://vattusacky.vn/top-10-expert-mobile-app-developers-to-hire-in/" "Mozilla/5.0 (Linux; Android 5.0) AppleWebKit/537.36 (KHTML, like Gecko) Mobile Safari/537.36 (compatible; Bytespider; spider-feedback@bytedance.com)"
47.128.53.249 - - [16/Sep/2025:11:36:58 +0700] "GET /images/image005.jpg HTTP/1.0" 404 50423 "https://vattusacky.vn/top-10-expert-mobile-app-developers-to-hire-in/" "Mozilla/5.0 (Linux; Android 5.0) AppleWebKit/537.36 (KHTML, like Gecko) Mobile Safari/537.36 (compatible; Bytespider; spider-feedback@bytedance.com)"
47.128.53.249 - - [16/Sep/2025:11:36:58 +0700] "GET /images/logo-vietnguyen.png HTTP/1.0" 404 70667 "https://vattusacky.vn/top-10-expert-mobile-app-developers-to-hire-in/" "Mozilla/5.0 (Linux; Android 5.0) AppleWebKit/537.36 (KHTML, like Gecko) Mobile Safari/537.36 (compatible; Bytespider; spider-feedback@bytedance.com)"
47.128.53.249 - - [16/Sep/2025:11:36:58 +0700] "GET /images/image003.jpg HTTP/1.0" 404 70667 "https://vattusacky.vn/top-10-expert-mobile-app-developers-to-hire-in/" "Mozilla/5.0 (Linux; Android 5.0) AppleWebKit/537.36 (KHTML, like Gecko) Mobile Safari/537.36 (compatible; Bytespider; spider-feedback@bytedance.com)"
217.113.194.72 - - [16/Sep/2025:11:37:13 +0700] "GET /ways-to-meet-a-western-hard-anodized-cookware-bride/ HTTP/1.0" 200 74483 "-" "Mozilla/5.0 (compatible; Barkrowler/0.9; +https://babbar.tech/crawler)"
45.117.177.72 - - [16/Sep/2025:11:37:21 +0700] "POST /wp-cron.php?doing_wp_cron=1757997441.5617690086364746093750 HTTP/1.0" 200 416 "-" "WordPress/6.8.1; https://vattusacky.vn"
142.44.220.102 - - [16/Sep/2025:11:37:20 +0700] "GET /breaking-cultural-barriers-video-vs-text-on-omegle-and-ometv/ HTTP/1.0" 200 90268 "-" "Mozilla/5.0 (compatible; AhrefsBot/7.0; +http://ahrefs.com/robot/)"
217.113.194.79 - - [16/Sep/2025:11:37:36 +0700] "GET /interacting-with-the-world-omegles-cross-cultural-conversations/feed/ HTTP/1.0" 200 1786 "-" "Mozilla/5.0 (compatible; Barkrowler/0.9; +https://babbar.tech/crawler)"
167.114.139.230 - - [16/Sep/2025:11:37:41 +0700] "GET /wp-content/uploads/2018/06/mettler-logo.png HTTP/1.0" 200 419 "-" "Mozilla/5.0 (compatible; AhrefsBot/7.0; +http://ahrefs.com/robot/)"
54.39.6.237 - - [16/Sep/2025:11:37:43 +0700] "GET /wp-content/uploads/2018/06/evermed-logo.jpg HTTP/1.0" 200 420 "-" "Mozilla/5.0 (compatible; AhrefsBot/7.0; +http://ahrefs.com/robot/)"
51.161.37.140 - - [16/Sep/2025:11:37:46 +0700] "GET /wp-content/uploads/2018/06/logo-aco.gif HTTP/1.0" 200 415 "-" "Mozilla/5.0 (compatible; AhrefsBot/7.0; +http://ahrefs.com/robot/)"
217.113.194.80 - - [16/Sep/2025:11:37:58 +0700] "GET /interacting-with-the-world-omegles-cross-cultural-connections/feed/ HTTP/1.0" 200 1780 "-" "Mozilla/5.0 (compatible; Barkrowler/0.9; +https://babbar.tech/crawler)"
51.222.95.196 - - [16/Sep/2025:11:38:14 +0700] "GET /author/yanz/page/165/ HTTP/1.0" 200 76976 "-" "Mozilla/5.0 (compatible; AhrefsBot/7.0; +http://ahrefs.com/robot/)"
45.117.177.72 - - [16/Sep/2025:11:38:22 +0700] "POST /wp-cron.php?doing_wp_cron=1757997501.8664619922637939453125 HTTP/1.0" 200 416 "-" "WordPress/6.8.1; https://vattusacky.vn"
217.113.194.73 - - [16/Sep/2025:11:38:20 +0700] "GET /hilarious-omegle-moments-and-memorable-chat-blunders/feed/ HTTP/1.0" 200 1753 "-" "Mozilla/5.0 (compatible; Barkrowler/0.9; +https://babbar.tech/crawler)"
217.113.194.217 - - [16/Sep/2025:11:38:42 +0700] "GET /cheap-online-essays-focused-on-professional-writers-for-your-academic-work/ HTTP/1.0" 200 207712 "-" "Mozilla/5.0 (compatible; Barkrowler/0.9; +https://babbar.tech/crawler)"
142.44.233.245 - - [16/Sep/2025:11:38:47 +0700] "GET /breaking-cultural-stereotypes-through-omegles-cross-cultural-experiences/ HTTP/1.0" 200 92496 "-" "Mozilla/5.0 (compatible; AhrefsBot/7.0; +http://ahrefs.com/robot/)"
52.167.144.221 - - [16/Sep/2025:11:38:57 +0700] "GET /baba-ijebu-result-premier-lotto-outcome-baba-ijebu-10/ HTTP/1.0" 200 237473 "-" "Mozilla/5.0 AppleWebKit/537.36 (KHTML, like Gecko; compatible; bingbot/2.0; +http://www.bing.com/bingbot.htm) Chrome/116.0.1938.76 Safari/537.36"
217.113.194.218 - - [16/Sep/2025:11:39:12 +0700] "GET /pin-up-casino-onlajn-top-kazino-v-internete-3/feed/ HTTP/1.0" 200 1798 "-" "Mozilla/5.0 (compatible; Barkrowler/0.9; +https://babbar.tech/crawler)"
45.117.177.72 - - [16/Sep/2025:11:39:35 +0700] "POST /wp-cron.php?doing_wp_cron=1757997574.9601969718933105468750 HTTP/1.0" 200 416 "-" "WordPress/6.8.1; https://vattusacky.vn"
51.161.37.102 - - [16/Sep/2025:11:39:33 +0700] "GET /author/yanz/page/246/ HTTP/1.0" 200 78294 "-" "Mozilla/5.0 (compatible; AhrefsBot/7.0; +http://ahrefs.com/robot/)"
217.113.194.73 - - [16/Sep/2025:11:39:34 +0700] "GET /personal-grownup-chat-xnxx-xvideos-hd-videos/feed/ HTTP/1.0" 200 1730 "-" "Mozilla/5.0 (compatible; Barkrowler/0.9; +https://babbar.tech/crawler)"
154.54.249.200 - - [16/Sep/2025:11:39:57 +0700] "GET /from-trolls-to-friends-the-anonymity-equation-on-omegle/feed/ HTTP/1.0" 200 1762 "-" "Mozilla/5.0 (compatible; Barkrowler/0.9; +https://babbar.tech/crawler)"
142.44.228.237 - - [16/Sep/2025:11:40:10 +0700] "GET /author/yanz/page/179/ HTTP/1.0" 200 76349 "-" "Mozilla/5.0 (compatible; AhrefsBot/7.0; +http://ahrefs.com/robot/)"
45.117.177.72 - - [16/Sep/2025:11:40:21 +0700] "POST /wp-cron.php?doing_wp_cron=1757997621.0540549755096435546875 HTTP/1.0" 200 416 "-" "WordPress/6.8.1; https://vattusacky.vn"
217.113.194.81 - - [16/Sep/2025:11:40:19 +0700] "GET /from-omegle-strangers-to-real-life-connections-success-stories/feed/ HTTP/1.0" 200 1783 "-" "Mozilla/5.0 (compatible; Barkrowler/0.9; +https://babbar.tech/crawler)"
217.113.194.81 - - [16/Sep/2025:11:40:42 +0700] "GET /empowering-users-omegles-commitment-to-privacy-and-safety/feed/ HTTP/1.0" 200 1768 "-" "Mozilla/5.0 (compatible; Barkrowler/0.9; +https://babbar.tech/crawler)"
148.113.128.139 - - [16/Sep/2025:11:40:49 +0700] "GET /author/yanz/page/249/ HTTP/1.0" 200 78617 "-" "Mozilla/5.0 (compatible; AhrefsBot/7.0; +http://ahrefs.com/robot/)"
217.113.194.77 - - [16/Sep/2025:11:41:05 +0700] "GET /empathy-as-a-tool-for-conflict-resolution-on-omegle/feed/ HTTP/1.0" 200 1750 "-" "Mozilla/5.0 (compatible; Barkrowler/0.9; +https://babbar.tech/crawler)"
45.117.177.72 - - [16/Sep/2025:11:41:28 +0700] "POST /wp-cron.php?doing_wp_cron=1757997688.5122830867767333984375 HTTP/1.0" 200 416 "-" "WordPress/6.8.1; https://vattusacky.vn"
15.235.96.205 - - [16/Sep/2025:11:41:27 +0700] "GET /building-connections-through-serendipity-on-omegle-and-ometv/ HTTP/1.0" 200 91966 "-" "Mozilla/5.0 (compatible; AhrefsBot/7.0; +http://ahrefs.com/robot/)"
217.113.194.75 - - [16/Sep/2025:11:41:28 +0700] "GET /empathy-and-understanding-through-omegle-connections/feed/ HTTP/1.0" 200 1753 "-" "Mozilla/5.0 (compatible; Barkrowler/0.9; +https://babbar.tech/crawler)"
217.113.194.72 - - [16/Sep/2025:11:41:51 +0700] "GET /how-to-fix-a-relationship-3-basic-ways-to-keep-your-relationship/ HTTP/1.0" 200 207168 "-" "Mozilla/5.0 (compatible; Barkrowler/0.9; +https://babbar.tech/crawler)"
142.44.233.29 - - [16/Sep/2025:11:42:01 +0700] "GET /author/yanz/page/177/ HTTP/1.0" 200 77186 "-" "Mozilla/5.0 (compatible; AhrefsBot/7.0; +http://ahrefs.com/robot/)"
100.29.128.75 - - [16/Sep/2025:11:42:03 +0700] "GET /the-future-of-omegle-predictions-and-trends-in-online-social-interaction/ HTTP/1.0" 200 93642 "-" "Mozilla/5.0 AppleWebKit/537.36 (KHTML, like Gecko; compatible; Amazonbot/0.1; +https://developer.amazon.com/support/amazonbot) Chrome/119.0.6045.214 Safari/537.36"
3.221.222.168 - - [16/Sep/2025:11:42:07 +0700] "GET /the-dark-side-of-omegle-exploring-the-dangers-and-risks/ HTTP/1.0" 200 90380 "-" "Mozilla/5.0 AppleWebKit/537.36 (KHTML, like Gecko; compatible; Amazonbot/0.1; +https://developer.amazon.com/support/amazonbot) Chrome/119.0.6045.214 Safari/537.36"
52.3.127.170 - - [16/Sep/2025:11:42:10 +0700] "GET /omegle-a-world-of-mystery-and-surprise-for-anonymous-explorers/ HTTP/1.0" 200 90899 "-" "Mozilla/5.0 AppleWebKit/537.36 (KHTML, like Gecko; compatible; Amazonbot/0.1; +https://developer.amazon.com/support/amazonbot) Chrome/119.0.6045.214 Safari/537.36"
52.205.113.104 - - [16/Sep/2025:11:42:14 +0700] "GET /category/software-development-2/ HTTP/1.0" 200 136956 "-" "Mozilla/5.0 AppleWebKit/537.36 (KHTML, like Gecko; compatible; Amazonbot/0.1; +https://developer.amazon.com/support/amazonbot) Chrome/119.0.6045.214 Safari/537.36"
52.45.92.83 - - [16/Sep/2025:11:42:18 +0700] "GET /addressing-trauma-and-ptsd-in-omegle-therapy/ HTTP/1.0" 403 606 "-" "Mozilla/5.0 AppleWebKit/537.36 (KHTML, like Gecko; compatible; Amazonbot/0.1; +https://developer.amazon.com/support/amazonbot) Chrome/119.0.6045.214 Safari/537.36"
45.117.177.72 - - [16/Sep/2025:11:42:23 +0700] "POST /wp-cron.php?doing_wp_cron=1757997743.3063540458679199218750 HTTP/1.0" 200 416 "-" "WordPress/6.8.1; https://vattusacky.vn"
217.113.194.79 - - [16/Sep/2025:11:42:22 +0700] "GET /how-to-improve-communication-skills-on-omegle-and-ometv/feed/ HTTP/1.0" 200 1762 "-" "Mozilla/5.0 (compatible; Barkrowler/0.9; +https://babbar.tech/crawler)"
