47.128.110.71 - - [16/Sep/2025:13:22:15 +0700] "GET /wp-content/uploads/2018/06/logo-aco.gif HTTP/1.0" 200 415 "https://vattusacky.vn/blog/lieu-ban-co-thuc-su-tinh-tao-trong-moi-cu-click" "Mozilla/5.0 (Linux; Android 5.0) AppleWebKit/537.36 (KHTML, like Gecko) Mobile Safari/537.36 (compatible; TikTokSpider; ttspider-feedback@tiktok.com)"
47.128.110.71 - - [16/Sep/2025:13:22:15 +0700] "GET /wp-content/uploads/2018/06/evermed-logo.jpg HTTP/1.0" 200 420 "https://vattusacky.vn/blog/lieu-ban-co-thuc-su-tinh-tao-trong-moi-cu-click" "Mozilla/5.0 (Linux; Android 5.0) AppleWebKit/537.36 (KHTML, like Gecko) Mobile Safari/537.36 (compatible; TikTokSpider; ttspider-feedback@tiktok.com)"
47.128.110.71 - - [16/Sep/2025:13:22:15 +0700] "GET /wp-content/themes/tem_techno_v2/images/iconMobile.png HTTP/1.0" 200 429 "https://vattusacky.vn/wp-content/themes/tem_techno_v2/style.css?ver=6.8.1" "Mozilla/5.0 (Linux; Android 5.0) AppleWebKit/537.36 (KHTML, like Gecko) Mobile Safari/537.36 (compatible; TikTokSpider; ttspider-feedback@tiktok.com)"
47.128.110.71 - - [16/Sep/2025:13:22:15 +0700] "GET /wp-content/uploads/2018/06/dlab-logo.jpg HTTP/1.0" 200 417 "https://vattusacky.vn/blog/lieu-ban-co-thuc-su-tinh-tao-trong-moi-cu-click" "Mozilla/5.0 (Linux; Android 5.0) AppleWebKit/537.36 (KHTML, like Gecko) Mobile Safari/537.36 (compatible; TikTokSpider; ttspider-feedback@tiktok.com)"
34.28.82.31 - - [16/Sep/2025:13:22:13 +0700] "POST //xmlrpc.php HTTP/1.0" 200 954 "-" "Mozilla/5.0 (Windows NT 10.0; Win64; x64) AppleWebKit/537.36 (KHTML, like Gecko) Chrome/88.0.4240.193 Safari/537.36"
47.128.110.71 - - [16/Sep/2025:13:22:15 +0700] "GET /images/image004.jpg HTTP/1.0" 404 50423 "https://vattusacky.vn/blog/lieu-ban-co-thuc-su-tinh-tao-trong-moi-cu-click" "Mozilla/5.0 (Linux; Android 5.0) AppleWebKit/537.36 (KHTML, like Gecko) Mobile Safari/537.36 (compatible; TikTokSpider; ttspider-feedback@tiktok.com)"
45.117.177.72 - - [16/Sep/2025:13:22:18 +0700] "POST /wp-cron.php?doing_wp_cron=1758003737.9722380638122558593750 HTTP/1.0" 200 416 "-" "WordPress/6.8.1; https://vattusacky.vn"
47.128.110.71 - - [16/Sep/2025:13:22:15 +0700] "GET /images/image003.jpg HTTP/1.0" 404 33997 "https://vattusacky.vn/blog/lieu-ban-co-thuc-su-tinh-tao-trong-moi-cu-click" "Mozilla/5.0 (Linux; Android 5.0) AppleWebKit/537.36 (KHTML, like Gecko) Mobile Safari/537.36 (compatible; TikTokSpider; ttspider-feedback@tiktok.com)"
47.128.110.71 - - [16/Sep/2025:13:22:15 +0700] "GET /images/image005.jpg HTTP/1.0" 404 33997 "https://vattusacky.vn/blog/lieu-ban-co-thuc-su-tinh-tao-trong-moi-cu-click" "Mozilla/5.0 (Linux; Android 5.0) AppleWebKit/537.36 (KHTML, like Gecko) Mobile Safari/537.36 (compatible; TikTokSpider; ttspider-feedback@tiktok.com)"
47.128.110.71 - - [16/Sep/2025:13:22:15 +0700] "GET /images/image002.jpg HTTP/1.0" 404 33997 "https://vattusacky.vn/blog/lieu-ban-co-thuc-su-tinh-tao-trong-moi-cu-click" "Mozilla/5.0 (Linux; Android 5.0) AppleWebKit/537.36 (KHTML, like Gecko) Mobile Safari/537.36 (compatible; TikTokSpider; ttspider-feedback@tiktok.com)"
47.128.110.71 - - [16/Sep/2025:13:22:15 +0700] "GET /images/logo-vietnguyen.png HTTP/1.0" 404 33997 "https://vattusacky.vn/blog/lieu-ban-co-thuc-su-tinh-tao-trong-moi-cu-click" "Mozilla/5.0 (Linux; Android 5.0) AppleWebKit/537.36 (KHTML, like Gecko) Mobile Safari/537.36 (compatible; TikTokSpider; ttspider-feedback@tiktok.com)"
34.28.82.31 - - [16/Sep/2025:13:22:16 +0700] "POST //xmlrpc.php HTTP/1.0" 200 954 "-" "Mozilla/5.0 (Windows NT 10.0; Win64; x64) AppleWebKit/537.36 (KHTML, like Gecko) Chrome/88.0.4240.193 Safari/537.36"
217.113.194.218 - - [16/Sep/2025:13:22:19 +0700] "GET /beyond-the-veil-of-anonymity-omegles-hidden-stories/feed/ HTTP/1.0" 200 1750 "-" "Mozilla/5.0 (compatible; Barkrowler/0.9; +https://babbar.tech/crawler)"
34.28.82.31 - - [16/Sep/2025:13:22:21 +0700] "POST //xmlrpc.php HTTP/1.0" 200 954 "-" "Mozilla/5.0 (Windows NT 10.0; Win64; x64) AppleWebKit/537.36 (KHTML, like Gecko) Chrome/88.0.4240.193 Safari/537.36"
34.28.82.31 - - [16/Sep/2025:13:22:23 +0700] "POST //xmlrpc.php HTTP/1.0" 200 954 "-" "Mozilla/5.0 (Windows NT 10.0; Win64; x64) AppleWebKit/537.36 (KHTML, like Gecko) Chrome/88.0.4240.193 Safari/537.36"
34.28.82.31 - - [16/Sep/2025:13:22:25 +0700] "POST //xmlrpc.php HTTP/1.0" 200 954 "-" "Mozilla/5.0 (Windows NT 10.0; Win64; x64) AppleWebKit/537.36 (KHTML, like Gecko) Chrome/88.0.4240.193 Safari/537.36"
34.28.82.31 - - [16/Sep/2025:13:22:27 +0700] "POST //xmlrpc.php HTTP/1.0" 200 954 "-" "Mozilla/5.0 (Windows NT 10.0; Win64; x64) AppleWebKit/537.36 (KHTML, like Gecko) Chrome/88.0.4240.193 Safari/537.36"
34.28.82.31 - - [16/Sep/2025:13:22:29 +0700] "POST //xmlrpc.php HTTP/1.0" 200 954 "-" "Mozilla/5.0 (Windows NT 10.0; Win64; x64) AppleWebKit/537.36 (KHTML, like Gecko) Chrome/88.0.4240.193 Safari/537.36"
34.28.82.31 - - [16/Sep/2025:13:22:32 +0700] "POST //xmlrpc.php HTTP/1.0" 200 954 "-" "Mozilla/5.0 (Windows NT 10.0; Win64; x64) AppleWebKit/537.36 (KHTML, like Gecko) Chrome/88.0.4240.193 Safari/537.36"
34.28.82.31 - - [16/Sep/2025:13:22:34 +0700] "POST //xmlrpc.php HTTP/1.0" 200 954 "-" "Mozilla/5.0 (Windows NT 10.0; Win64; x64) AppleWebKit/537.36 (KHTML, like Gecko) Chrome/88.0.4240.193 Safari/537.36"
34.28.82.31 - - [16/Sep/2025:13:22:37 +0700] "POST //xmlrpc.php HTTP/1.0" 200 954 "-" "Mozilla/5.0 (Windows NT 10.0; Win64; x64) AppleWebKit/537.36 (KHTML, like Gecko) Chrome/88.0.4240.193 Safari/537.36"
34.28.82.31 - - [16/Sep/2025:13:22:39 +0700] "POST //xmlrpc.php HTTP/1.0" 200 954 "-" "Mozilla/5.0 (Windows NT 10.0; Win64; x64) AppleWebKit/537.36 (KHTML, like Gecko) Chrome/88.0.4240.193 Safari/537.36"
34.28.82.31 - - [16/Sep/2025:13:22:41 +0700] "POST //xmlrpc.php HTTP/1.0" 200 954 "-" "Mozilla/5.0 (Windows NT 10.0; Win64; x64) AppleWebKit/537.36 (KHTML, like Gecko) Chrome/88.0.4240.193 Safari/537.36"
154.54.249.200 - - [16/Sep/2025:13:22:42 +0700] "GET /22bet-nigeria-review-2023-is-this-site-a-scam-11/feed/ HTTP/1.0" 200 1740 "-" "Mozilla/5.0 (compatible; Barkrowler/0.9; +https://babbar.tech/crawler)"
34.28.82.31 - - [16/Sep/2025:13:22:43 +0700] "POST //xmlrpc.php HTTP/1.0" 200 954 "-" "Mozilla/5.0 (Windows NT 10.0; Win64; x64) AppleWebKit/537.36 (KHTML, like Gecko) Chrome/88.0.4240.193 Safari/537.36"
34.28.82.31 - - [16/Sep/2025:13:22:46 +0700] "POST //xmlrpc.php HTTP/1.0" 200 954 "-" "Mozilla/5.0 (Windows NT 10.0; Win64; x64) AppleWebKit/537.36 (KHTML, like Gecko) Chrome/88.0.4240.193 Safari/537.36"
34.28.82.31 - - [16/Sep/2025:13:22:48 +0700] "POST //xmlrpc.php HTTP/1.0" 200 954 "-" "Mozilla/5.0 (Windows NT 10.0; Win64; x64) AppleWebKit/537.36 (KHTML, like Gecko) Chrome/88.0.4240.193 Safari/537.36"
34.28.82.31 - - [16/Sep/2025:13:22:51 +0700] "POST //xmlrpc.php HTTP/1.0" 200 954 "-" "Mozilla/5.0 (Windows NT 10.0; Win64; x64) AppleWebKit/537.36 (KHTML, like Gecko) Chrome/88.0.4240.193 Safari/537.36"
34.28.82.31 - - [16/Sep/2025:13:22:53 +0700] "POST //xmlrpc.php HTTP/1.0" 200 954 "-" "Mozilla/5.0 (Windows NT 10.0; Win64; x64) AppleWebKit/537.36 (KHTML, like Gecko) Chrome/88.0.4240.193 Safari/537.36"
34.28.82.31 - - [16/Sep/2025:13:22:55 +0700] "POST //xmlrpc.php HTTP/1.0" 200 954 "-" "Mozilla/5.0 (Windows NT 10.0; Win64; x64) AppleWebKit/537.36 (KHTML, like Gecko) Chrome/88.0.4240.193 Safari/537.36"
34.28.82.31 - - [16/Sep/2025:13:22:58 +0700] "POST //xmlrpc.php HTTP/1.0" 200 954 "-" "Mozilla/5.0 (Windows NT 10.0; Win64; x64) AppleWebKit/537.36 (KHTML, like Gecko) Chrome/88.0.4240.193 Safari/537.36"
34.28.82.31 - - [16/Sep/2025:13:23:01 +0700] "POST //xmlrpc.php HTTP/1.0" 200 954 "-" "Mozilla/5.0 (Windows NT 10.0; Win64; x64) AppleWebKit/537.36 (KHTML, like Gecko) Chrome/88.0.4240.193 Safari/537.36"
34.28.82.31 - - [16/Sep/2025:13:23:03 +0700] "POST //xmlrpc.php HTTP/1.0" 200 954 "-" "Mozilla/5.0 (Windows NT 10.0; Win64; x64) AppleWebKit/537.36 (KHTML, like Gecko) Chrome/88.0.4240.193 Safari/537.36"
217.113.194.77 - - [16/Sep/2025:13:23:03 +0700] "GET /22bet-welcome-bonus-10-000-enroll-provide-evaluate-12-2/feed/ HTTP/1.0" 200 1764 "-" "Mozilla/5.0 (compatible; Barkrowler/0.9; +https://babbar.tech/crawler)"
34.28.82.31 - - [16/Sep/2025:13:23:05 +0700] "POST //xmlrpc.php HTTP/1.0" 200 954 "-" "Mozilla/5.0 (Windows NT 10.0; Win64; x64) AppleWebKit/537.36 (KHTML, like Gecko) Chrome/88.0.4240.193 Safari/537.36"
34.28.82.31 - - [16/Sep/2025:13:23:07 +0700] "POST //xmlrpc.php HTTP/1.0" 200 954 "-" "Mozilla/5.0 (Windows NT 10.0; Win64; x64) AppleWebKit/537.36 (KHTML, like Gecko) Chrome/88.0.4240.193 Safari/537.36"
34.28.82.31 - - [16/Sep/2025:13:23:10 +0700] "POST //xmlrpc.php HTTP/1.0" 200 954 "-" "Mozilla/5.0 (Windows NT 10.0; Win64; x64) AppleWebKit/537.36 (KHTML, like Gecko) Chrome/88.0.4240.193 Safari/537.36"
34.28.82.31 - - [16/Sep/2025:13:23:11 +0700] "POST //xmlrpc.php HTTP/1.0" 200 954 "-" "Mozilla/5.0 (Windows NT 10.0; Win64; x64) AppleWebKit/537.36 (KHTML, like Gecko) Chrome/88.0.4240.193 Safari/537.36"
34.28.82.31 - - [16/Sep/2025:13:23:13 +0700] "POST //xmlrpc.php HTTP/1.0" 200 954 "-" "Mozilla/5.0 (Windows NT 10.0; Win64; x64) AppleWebKit/537.36 (KHTML, like Gecko) Chrome/88.0.4240.193 Safari/537.36"
45.117.177.72 - - [16/Sep/2025:13:23:17 +0700] "POST /wp-cron.php?doing_wp_cron=1758003797.3456900119781494140625 HTTP/1.0" 200 416 "-" "WordPress/6.8.1; https://vattusacky.vn"
34.28.82.31 - - [16/Sep/2025:13:23:15 +0700] "POST //xmlrpc.php HTTP/1.0" 200 954 "-" "Mozilla/5.0 (Windows NT 10.0; Win64; x64) AppleWebKit/537.36 (KHTML, like Gecko) Chrome/88.0.4240.193 Safari/537.36"
34.28.82.31 - - [16/Sep/2025:13:23:17 +0700] "POST //xmlrpc.php HTTP/1.0" 200 954 "-" "Mozilla/5.0 (Windows NT 10.0; Win64; x64) AppleWebKit/537.36 (KHTML, like Gecko) Chrome/88.0.4240.193 Safari/537.36"
34.28.82.31 - - [16/Sep/2025:13:23:19 +0700] "POST //xmlrpc.php HTTP/1.0" 200 954 "-" "Mozilla/5.0 (Windows NT 10.0; Win64; x64) AppleWebKit/537.36 (KHTML, like Gecko) Chrome/88.0.4240.193 Safari/537.36"
34.28.82.31 - - [16/Sep/2025:13:23:21 +0700] "POST //xmlrpc.php HTTP/1.0" 200 954 "-" "Mozilla/5.0 (Windows NT 10.0; Win64; x64) AppleWebKit/537.36 (KHTML, like Gecko) Chrome/88.0.4240.193 Safari/537.36"
34.28.82.31 - - [16/Sep/2025:13:23:23 +0700] "POST //xmlrpc.php HTTP/1.0" 200 954 "-" "Mozilla/5.0 (Windows NT 10.0; Win64; x64) AppleWebKit/537.36 (KHTML, like Gecko) Chrome/88.0.4240.193 Safari/537.36"
34.28.82.31 - - [16/Sep/2025:13:23:25 +0700] "POST //xmlrpc.php HTTP/1.0" 200 954 "-" "Mozilla/5.0 (Windows NT 10.0; Win64; x64) AppleWebKit/537.36 (KHTML, like Gecko) Chrome/88.0.4240.193 Safari/537.36"
34.28.82.31 - - [16/Sep/2025:13:23:27 +0700] "POST //xmlrpc.php HTTP/1.0" 200 954 "-" "Mozilla/5.0 (Windows NT 10.0; Win64; x64) AppleWebKit/537.36 (KHTML, like Gecko) Chrome/88.0.4240.193 Safari/537.36"
217.113.194.217 - - [16/Sep/2025:13:23:27 +0700] "GET /utilizing-omegle-and-ometv-for-business-networking/feed/ HTTP/1.0" 200 1747 "-" "Mozilla/5.0 (compatible; Barkrowler/0.9; +https://babbar.tech/crawler)"
34.28.82.31 - - [16/Sep/2025:13:23:29 +0700] "POST //xmlrpc.php HTTP/1.0" 200 954 "-" "Mozilla/5.0 (Windows NT 10.0; Win64; x64) AppleWebKit/537.36 (KHTML, like Gecko) Chrome/88.0.4240.193 Safari/537.36"
34.28.82.31 - - [16/Sep/2025:13:23:31 +0700] "POST //xmlrpc.php HTTP/1.0" 200 954 "-" "Mozilla/5.0 (Windows NT 10.0; Win64; x64) AppleWebKit/537.36 (KHTML, like Gecko) Chrome/88.0.4240.193 Safari/537.36"
34.28.82.31 - - [16/Sep/2025:13:23:33 +0700] "POST //xmlrpc.php HTTP/1.0" 200 954 "-" "Mozilla/5.0 (Windows NT 10.0; Win64; x64) AppleWebKit/537.36 (KHTML, like Gecko) Chrome/88.0.4240.193 Safari/537.36"
34.28.82.31 - - [16/Sep/2025:13:23:36 +0700] "POST //xmlrpc.php HTTP/1.0" 200 954 "-" "Mozilla/5.0 (Windows NT 10.0; Win64; x64) AppleWebKit/537.36 (KHTML, like Gecko) Chrome/88.0.4240.193 Safari/537.36"
34.28.82.31 - - [16/Sep/2025:13:23:38 +0700] "POST //xmlrpc.php HTTP/1.0" 200 954 "-" "Mozilla/5.0 (Windows NT 10.0; Win64; x64) AppleWebKit/537.36 (KHTML, like Gecko) Chrome/88.0.4240.193 Safari/537.36"
34.28.82.31 - - [16/Sep/2025:13:23:40 +0700] "POST //xmlrpc.php HTTP/1.0" 200 954 "-" "Mozilla/5.0 (Windows NT 10.0; Win64; x64) AppleWebKit/537.36 (KHTML, like Gecko) Chrome/88.0.4240.193 Safari/537.36"
34.28.82.31 - - [16/Sep/2025:13:23:41 +0700] "POST //xmlrpc.php HTTP/1.0" 200 954 "-" "Mozilla/5.0 (Windows NT 10.0; Win64; x64) AppleWebKit/537.36 (KHTML, like Gecko) Chrome/88.0.4240.193 Safari/537.36"
34.28.82.31 - - [16/Sep/2025:13:23:43 +0700] "POST //xmlrpc.php HTTP/1.0" 200 954 "-" "Mozilla/5.0 (Windows NT 10.0; Win64; x64) AppleWebKit/537.36 (KHTML, like Gecko) Chrome/88.0.4240.193 Safari/537.36"
34.28.82.31 - - [16/Sep/2025:13:23:45 +0700] "POST //xmlrpc.php HTTP/1.0" 200 954 "-" "Mozilla/5.0 (Windows NT 10.0; Win64; x64) AppleWebKit/537.36 (KHTML, like Gecko) Chrome/88.0.4240.193 Safari/537.36"
34.28.82.31 - - [16/Sep/2025:13:23:47 +0700] "POST //xmlrpc.php HTTP/1.0" 200 954 "-" "Mozilla/5.0 (Windows NT 10.0; Win64; x64) AppleWebKit/537.36 (KHTML, like Gecko) Chrome/88.0.4240.193 Safari/537.36"
34.28.82.31 - - [16/Sep/2025:13:23:49 +0700] "POST //xmlrpc.php HTTP/1.0" 200 954 "-" "Mozilla/5.0 (Windows NT 10.0; Win64; x64) AppleWebKit/537.36 (KHTML, like Gecko) Chrome/88.0.4240.193 Safari/537.36"
217.113.194.77 - - [16/Sep/2025:13:23:50 +0700] "GET /cryptocurrency-the-10-best-cryptos-to-mine-in-2022/feed/ HTTP/1.0" 200 1769 "-" "Mozilla/5.0 (compatible; Barkrowler/0.9; +https://babbar.tech/crawler)"
34.28.82.31 - - [16/Sep/2025:13:23:50 +0700] "POST //xmlrpc.php HTTP/1.0" 200 954 "-" "Mozilla/5.0 (Windows NT 10.0; Win64; x64) AppleWebKit/537.36 (KHTML, like Gecko) Chrome/88.0.4240.193 Safari/537.36"
34.28.82.31 - - [16/Sep/2025:13:23:53 +0700] "POST //xmlrpc.php HTTP/1.0" 200 954 "-" "Mozilla/5.0 (Windows NT 10.0; Win64; x64) AppleWebKit/537.36 (KHTML, like Gecko) Chrome/88.0.4240.193 Safari/537.36"
34.28.82.31 - - [16/Sep/2025:13:23:54 +0700] "POST //xmlrpc.php HTTP/1.0" 200 954 "-" "Mozilla/5.0 (Windows NT 10.0; Win64; x64) AppleWebKit/537.36 (KHTML, like Gecko) Chrome/88.0.4240.193 Safari/537.36"
34.28.82.31 - - [16/Sep/2025:13:23:56 +0700] "POST //xmlrpc.php HTTP/1.0" 200 954 "-" "Mozilla/5.0 (Windows NT 10.0; Win64; x64) AppleWebKit/537.36 (KHTML, like Gecko) Chrome/88.0.4240.193 Safari/537.36"
34.28.82.31 - - [16/Sep/2025:13:23:58 +0700] "POST //xmlrpc.php HTTP/1.0" 200 954 "-" "Mozilla/5.0 (Windows NT 10.0; Win64; x64) AppleWebKit/537.36 (KHTML, like Gecko) Chrome/88.0.4240.193 Safari/537.36"
34.28.82.31 - - [16/Sep/2025:13:24:00 +0700] "POST //xmlrpc.php HTTP/1.0" 200 954 "-" "Mozilla/5.0 (Windows NT 10.0; Win64; x64) AppleWebKit/537.36 (KHTML, like Gecko) Chrome/88.0.4240.193 Safari/537.36"
34.28.82.31 - - [16/Sep/2025:13:24:02 +0700] "POST //xmlrpc.php HTTP/1.0" 200 954 "-" "Mozilla/5.0 (Windows NT 10.0; Win64; x64) AppleWebKit/537.36 (KHTML, like Gecko) Chrome/88.0.4240.193 Safari/537.36"
34.28.82.31 - - [16/Sep/2025:13:24:04 +0700] "POST //xmlrpc.php HTTP/1.0" 200 954 "-" "Mozilla/5.0 (Windows NT 10.0; Win64; x64) AppleWebKit/537.36 (KHTML, like Gecko) Chrome/88.0.4240.193 Safari/537.36"
34.28.82.31 - - [16/Sep/2025:13:24:06 +0700] "POST //xmlrpc.php HTTP/1.0" 200 954 "-" "Mozilla/5.0 (Windows NT 10.0; Win64; x64) AppleWebKit/537.36 (KHTML, like Gecko) Chrome/88.0.4240.193 Safari/537.36"
34.28.82.31 - - [16/Sep/2025:13:24:08 +0700] "POST //xmlrpc.php HTTP/1.0" 200 954 "-" "Mozilla/5.0 (Windows NT 10.0; Win64; x64) AppleWebKit/537.36 (KHTML, like Gecko) Chrome/88.0.4240.193 Safari/537.36"
34.28.82.31 - - [16/Sep/2025:13:24:11 +0700] "POST //xmlrpc.php HTTP/1.0" 200 954 "-" "Mozilla/5.0 (Windows NT 10.0; Win64; x64) AppleWebKit/537.36 (KHTML, like Gecko) Chrome/88.0.4240.193 Safari/537.36"
34.28.82.31 - - [16/Sep/2025:13:24:13 +0700] "POST //xmlrpc.php HTTP/1.0" 200 954 "-" "Mozilla/5.0 (Windows NT 10.0; Win64; x64) AppleWebKit/537.36 (KHTML, like Gecko) Chrome/88.0.4240.193 Safari/537.36"
217.113.194.74 - - [16/Sep/2025:13:24:14 +0700] "GET /anonymous-text-experiences-ometvs-anonymity-features/ HTTP/1.0" 200 89160 "-" "Mozilla/5.0 (compatible; Barkrowler/0.9; +https://babbar.tech/crawler)"
45.117.177.72 - - [16/Sep/2025:13:24:17 +0700] "POST /wp-cron.php?doing_wp_cron=1758003857.5126791000366210937500 HTTP/1.0" 200 416 "-" "WordPress/6.8.1; https://vattusacky.vn"
34.28.82.31 - - [16/Sep/2025:13:24:15 +0700] "POST //xmlrpc.php HTTP/1.0" 200 954 "-" "Mozilla/5.0 (Windows NT 10.0; Win64; x64) AppleWebKit/537.36 (KHTML, like Gecko) Chrome/88.0.4240.193 Safari/537.36"
34.28.82.31 - - [16/Sep/2025:13:24:17 +0700] "POST //xmlrpc.php HTTP/1.0" 200 954 "-" "Mozilla/5.0 (Windows NT 10.0; Win64; x64) AppleWebKit/537.36 (KHTML, like Gecko) Chrome/88.0.4240.193 Safari/537.36"
34.28.82.31 - - [16/Sep/2025:13:24:20 +0700] "POST //xmlrpc.php HTTP/1.0" 200 954 "-" "Mozilla/5.0 (Windows NT 10.0; Win64; x64) AppleWebKit/537.36 (KHTML, like Gecko) Chrome/88.0.4240.193 Safari/537.36"
34.28.82.31 - - [16/Sep/2025:13:24:22 +0700] "POST //xmlrpc.php HTTP/1.0" 200 954 "-" "Mozilla/5.0 (Windows NT 10.0; Win64; x64) AppleWebKit/537.36 (KHTML, like Gecko) Chrome/88.0.4240.193 Safari/537.36"
34.28.82.31 - - [16/Sep/2025:13:24:24 +0700] "POST //xmlrpc.php HTTP/1.0" 200 954 "-" "Mozilla/5.0 (Windows NT 10.0; Win64; x64) AppleWebKit/537.36 (KHTML, like Gecko) Chrome/88.0.4240.193 Safari/537.36"
34.28.82.31 - - [16/Sep/2025:13:24:27 +0700] "POST //xmlrpc.php HTTP/1.0" 200 954 "-" "Mozilla/5.0 (Windows NT 10.0; Win64; x64) AppleWebKit/537.36 (KHTML, like Gecko) Chrome/88.0.4240.193 Safari/537.36"
34.28.82.31 - - [16/Sep/2025:13:24:28 +0700] "POST //xmlrpc.php HTTP/1.0" 200 954 "-" "Mozilla/5.0 (Windows NT 10.0; Win64; x64) AppleWebKit/537.36 (KHTML, like Gecko) Chrome/88.0.4240.193 Safari/537.36"
34.28.82.31 - - [16/Sep/2025:13:24:30 +0700] "POST //xmlrpc.php HTTP/1.0" 200 954 "-" "Mozilla/5.0 (Windows NT 10.0; Win64; x64) AppleWebKit/537.36 (KHTML, like Gecko) Chrome/88.0.4240.193 Safari/537.36"
34.28.82.31 - - [16/Sep/2025:13:24:32 +0700] "POST //xmlrpc.php HTTP/1.0" 200 954 "-" "Mozilla/5.0 (Windows NT 10.0; Win64; x64) AppleWebKit/537.36 (KHTML, like Gecko) Chrome/88.0.4240.193 Safari/537.36"
34.28.82.31 - - [16/Sep/2025:13:24:34 +0700] "POST //xmlrpc.php HTTP/1.0" 200 954 "-" "Mozilla/5.0 (Windows NT 10.0; Win64; x64) AppleWebKit/537.36 (KHTML, like Gecko) Chrome/88.0.4240.193 Safari/537.36"
34.28.82.31 - - [16/Sep/2025:13:24:36 +0700] "POST //xmlrpc.php HTTP/1.0" 200 954 "-" "Mozilla/5.0 (Windows NT 10.0; Win64; x64) AppleWebKit/537.36 (KHTML, like Gecko) Chrome/88.0.4240.193 Safari/537.36"
34.28.82.31 - - [16/Sep/2025:13:24:38 +0700] "POST //xmlrpc.php HTTP/1.0" 200 954 "-" "Mozilla/5.0 (Windows NT 10.0; Win64; x64) AppleWebKit/537.36 (KHTML, like Gecko) Chrome/88.0.4240.193 Safari/537.36"
217.113.194.81 - - [16/Sep/2025:13:24:40 +0700] "GET /the-dark-side-of-omegle-risks-and-dangers-for-users/feed/ HTTP/1.0" 200 1750 "-" "Mozilla/5.0 (compatible; Barkrowler/0.9; +https://babbar.tech/crawler)"
34.28.82.31 - - [16/Sep/2025:13:24:40 +0700] "POST //xmlrpc.php HTTP/1.0" 200 954 "-" "Mozilla/5.0 (Windows NT 10.0; Win64; x64) AppleWebKit/537.36 (KHTML, like Gecko) Chrome/88.0.4240.193 Safari/537.36"
34.28.82.31 - - [16/Sep/2025:13:24:42 +0700] "POST //xmlrpc.php HTTP/1.0" 200 954 "-" "Mozilla/5.0 (Windows NT 10.0; Win64; x64) AppleWebKit/537.36 (KHTML, like Gecko) Chrome/88.0.4240.193 Safari/537.36"
34.28.82.31 - - [16/Sep/2025:13:24:45 +0700] "POST //xmlrpc.php HTTP/1.0" 200 954 "-" "Mozilla/5.0 (Windows NT 10.0; Win64; x64) AppleWebKit/537.36 (KHTML, like Gecko) Chrome/88.0.4240.193 Safari/537.36"
34.28.82.31 - - [16/Sep/2025:13:24:47 +0700] "POST //xmlrpc.php HTTP/1.0" 200 954 "-" "Mozilla/5.0 (Windows NT 10.0; Win64; x64) AppleWebKit/537.36 (KHTML, like Gecko) Chrome/88.0.4240.193 Safari/537.36"
34.28.82.31 - - [16/Sep/2025:13:24:49 +0700] "POST //xmlrpc.php HTTP/1.0" 200 954 "-" "Mozilla/5.0 (Windows NT 10.0; Win64; x64) AppleWebKit/537.36 (KHTML, like Gecko) Chrome/88.0.4240.193 Safari/537.36"
34.28.82.31 - - [16/Sep/2025:13:24:51 +0700] "POST //xmlrpc.php HTTP/1.0" 200 954 "-" "Mozilla/5.0 (Windows NT 10.0; Win64; x64) AppleWebKit/537.36 (KHTML, like Gecko) Chrome/88.0.4240.193 Safari/537.36"
34.28.82.31 - - [16/Sep/2025:13:24:53 +0700] "POST //xmlrpc.php HTTP/1.0" 200 954 "-" "Mozilla/5.0 (Windows NT 10.0; Win64; x64) AppleWebKit/537.36 (KHTML, like Gecko) Chrome/88.0.4240.193 Safari/537.36"
34.28.82.31 - - [16/Sep/2025:13:24:55 +0700] "POST //xmlrpc.php HTTP/1.0" 200 954 "-" "Mozilla/5.0 (Windows NT 10.0; Win64; x64) AppleWebKit/537.36 (KHTML, like Gecko) Chrome/88.0.4240.193 Safari/537.36"
34.28.82.31 - - [16/Sep/2025:13:24:57 +0700] "POST //xmlrpc.php HTTP/1.0" 200 954 "-" "Mozilla/5.0 (Windows NT 10.0; Win64; x64) AppleWebKit/537.36 (KHTML, like Gecko) Chrome/88.0.4240.193 Safari/537.36"
34.28.82.31 - - [16/Sep/2025:13:24:59 +0700] "POST //xmlrpc.php HTTP/1.0" 200 954 "-" "Mozilla/5.0 (Windows NT 10.0; Win64; x64) AppleWebKit/537.36 (KHTML, like Gecko) Chrome/88.0.4240.193 Safari/537.36"
34.28.82.31 - - [16/Sep/2025:13:25:01 +0700] "POST //xmlrpc.php HTTP/1.0" 200 954 "-" "Mozilla/5.0 (Windows NT 10.0; Win64; x64) AppleWebKit/537.36 (KHTML, like Gecko) Chrome/88.0.4240.193 Safari/537.36"
34.28.82.31 - - [16/Sep/2025:13:25:03 +0700] "POST //xmlrpc.php HTTP/1.0" 200 954 "-" "Mozilla/5.0 (Windows NT 10.0; Win64; x64) AppleWebKit/537.36 (KHTML, like Gecko) Chrome/88.0.4240.193 Safari/537.36"
34.28.82.31 - - [16/Sep/2025:13:25:04 +0700] "POST //xmlrpc.php HTTP/1.0" 200 954 "-" "Mozilla/5.0 (Windows NT 10.0; Win64; x64) AppleWebKit/537.36 (KHTML, like Gecko) Chrome/88.0.4240.193 Safari/537.36"
217.113.194.72 - - [16/Sep/2025:13:25:06 +0700] "GET /the-dark-side-of-omegle-exploring-the-dangers-and-risks/feed/ HTTP/1.0" 200 1762 "-" "Mozilla/5.0 (compatible; Barkrowler/0.9; +https://babbar.tech/crawler)"
34.28.82.31 - - [16/Sep/2025:13:25:06 +0700] "POST //xmlrpc.php HTTP/1.0" 200 954 "-" "Mozilla/5.0 (Windows NT 10.0; Win64; x64) AppleWebKit/537.36 (KHTML, like Gecko) Chrome/88.0.4240.193 Safari/537.36"
34.28.82.31 - - [16/Sep/2025:13:25:08 +0700] "POST //xmlrpc.php HTTP/1.0" 200 954 "-" "Mozilla/5.0 (Windows NT 10.0; Win64; x64) AppleWebKit/537.36 (KHTML, like Gecko) Chrome/88.0.4240.193 Safari/537.36"
34.28.82.31 - - [16/Sep/2025:13:25:10 +0700] "POST //xmlrpc.php HTTP/1.0" 200 954 "-" "Mozilla/5.0 (Windows NT 10.0; Win64; x64) AppleWebKit/537.36 (KHTML, like Gecko) Chrome/88.0.4240.193 Safari/537.36"
34.28.82.31 - - [16/Sep/2025:13:25:12 +0700] "POST //xmlrpc.php HTTP/1.0" 200 954 "-" "Mozilla/5.0 (Windows NT 10.0; Win64; x64) AppleWebKit/537.36 (KHTML, like Gecko) Chrome/88.0.4240.193 Safari/537.36"
34.28.82.31 - - [16/Sep/2025:13:25:14 +0700] "POST //xmlrpc.php HTTP/1.0" 200 954 "-" "Mozilla/5.0 (Windows NT 10.0; Win64; x64) AppleWebKit/537.36 (KHTML, like Gecko) Chrome/88.0.4240.193 Safari/537.36"
45.117.177.72 - - [16/Sep/2025:13:25:17 +0700] "POST /wp-cron.php?doing_wp_cron=1758003917.7486660480499267578125 HTTP/1.0" 200 416 "-" "WordPress/6.8.1; https://vattusacky.vn"
34.28.82.31 - - [16/Sep/2025:13:25:16 +0700] "POST //xmlrpc.php HTTP/1.0" 200 954 "-" "Mozilla/5.0 (Windows NT 10.0; Win64; x64) AppleWebKit/537.36 (KHTML, like Gecko) Chrome/88.0.4240.193 Safari/537.36"
34.28.82.31 - - [16/Sep/2025:13:25:18 +0700] "POST //xmlrpc.php HTTP/1.0" 200 954 "-" "Mozilla/5.0 (Windows NT 10.0; Win64; x64) AppleWebKit/537.36 (KHTML, like Gecko) Chrome/88.0.4240.193 Safari/537.36"
34.28.82.31 - - [16/Sep/2025:13:25:20 +0700] "POST //xmlrpc.php HTTP/1.0" 200 954 "-" "Mozilla/5.0 (Windows NT 10.0; Win64; x64) AppleWebKit/537.36 (KHTML, like Gecko) Chrome/88.0.4240.193 Safari/537.36"
34.28.82.31 - - [16/Sep/2025:13:25:22 +0700] "POST //xmlrpc.php HTTP/1.0" 200 954 "-" "Mozilla/5.0 (Windows NT 10.0; Win64; x64) AppleWebKit/537.36 (KHTML, like Gecko) Chrome/88.0.4240.193 Safari/537.36"
34.28.82.31 - - [16/Sep/2025:13:25:24 +0700] "POST //xmlrpc.php HTTP/1.0" 200 954 "-" "Mozilla/5.0 (Windows NT 10.0; Win64; x64) AppleWebKit/537.36 (KHTML, like Gecko) Chrome/88.0.4240.193 Safari/537.36"
34.28.82.31 - - [16/Sep/2025:13:25:26 +0700] "POST //xmlrpc.php HTTP/1.0" 200 954 "-" "Mozilla/5.0 (Windows NT 10.0; Win64; x64) AppleWebKit/537.36 (KHTML, like Gecko) Chrome/88.0.4240.193 Safari/537.36"
34.28.82.31 - - [16/Sep/2025:13:25:28 +0700] "POST //xmlrpc.php HTTP/1.0" 200 954 "-" "Mozilla/5.0 (Windows NT 10.0; Win64; x64) AppleWebKit/537.36 (KHTML, like Gecko) Chrome/88.0.4240.193 Safari/537.36"
34.28.82.31 - - [16/Sep/2025:13:25:29 +0700] "POST //xmlrpc.php HTTP/1.0" 200 954 "-" "Mozilla/5.0 (Windows NT 10.0; Win64; x64) AppleWebKit/537.36 (KHTML, like Gecko) Chrome/88.0.4240.193 Safari/537.36"
217.113.194.218 - - [16/Sep/2025:13:25:31 +0700] "GET /co-dang-nhap-senmo-loanvnd-khong/feed/ HTTP/1.0" 200 1700 "-" "Mozilla/5.0 (compatible; Barkrowler/0.9; +https://babbar.tech/crawler)"
34.28.82.31 - - [16/Sep/2025:13:25:31 +0700] "POST //xmlrpc.php HTTP/1.0" 200 954 "-" "Mozilla/5.0 (Windows NT 10.0; Win64; x64) AppleWebKit/537.36 (KHTML, like Gecko) Chrome/88.0.4240.193 Safari/537.36"
34.28.82.31 - - [16/Sep/2025:13:25:33 +0700] "POST //xmlrpc.php HTTP/1.0" 200 954 "-" "Mozilla/5.0 (Windows NT 10.0; Win64; x64) AppleWebKit/537.36 (KHTML, like Gecko) Chrome/88.0.4240.193 Safari/537.36"
185.191.171.18 - - [16/Sep/2025:13:25:33 +0700] "GET /category/uncategorized/page/208/ HTTP/1.0" 200 76608 "-" "Mozilla/5.0 (compatible; SemrushBot/7~bl; +http://www.semrush.com/bot.html)"
34.28.82.31 - - [16/Sep/2025:13:25:35 +0700] "POST //xmlrpc.php HTTP/1.0" 200 954 "-" "Mozilla/5.0 (Windows NT 10.0; Win64; x64) AppleWebKit/537.36 (KHTML, like Gecko) Chrome/88.0.4240.193 Safari/537.36"
34.28.82.31 - - [16/Sep/2025:13:25:37 +0700] "POST //xmlrpc.php HTTP/1.0" 200 954 "-" "Mozilla/5.0 (Windows NT 10.0; Win64; x64) AppleWebKit/537.36 (KHTML, like Gecko) Chrome/88.0.4240.193 Safari/537.36"
34.28.82.31 - - [16/Sep/2025:13:25:40 +0700] "POST //xmlrpc.php HTTP/1.0" 200 954 "-" "Mozilla/5.0 (Windows NT 10.0; Win64; x64) AppleWebKit/537.36 (KHTML, like Gecko) Chrome/88.0.4240.193 Safari/537.36"
34.28.82.31 - - [16/Sep/2025:13:25:42 +0700] "POST //xmlrpc.php HTTP/1.0" 200 954 "-" "Mozilla/5.0 (Windows NT 10.0; Win64; x64) AppleWebKit/537.36 (KHTML, like Gecko) Chrome/88.0.4240.193 Safari/537.36"
34.28.82.31 - - [16/Sep/2025:13:25:44 +0700] "POST //xmlrpc.php HTTP/1.0" 200 954 "-" "Mozilla/5.0 (Windows NT 10.0; Win64; x64) AppleWebKit/537.36 (KHTML, like Gecko) Chrome/88.0.4240.193 Safari/537.36"
34.28.82.31 - - [16/Sep/2025:13:25:46 +0700] "POST //xmlrpc.php HTTP/1.0" 200 954 "-" "Mozilla/5.0 (Windows NT 10.0; Win64; x64) AppleWebKit/537.36 (KHTML, like Gecko) Chrome/88.0.4240.193 Safari/537.36"
34.28.82.31 - - [16/Sep/2025:13:25:48 +0700] "POST //xmlrpc.php HTTP/1.0" 200 954 "-" "Mozilla/5.0 (Windows NT 10.0; Win64; x64) AppleWebKit/537.36 (KHTML, like Gecko) Chrome/88.0.4240.193 Safari/537.36"
34.28.82.31 - - [16/Sep/2025:13:25:50 +0700] "POST //xmlrpc.php HTTP/1.0" 200 954 "-" "Mozilla/5.0 (Windows NT 10.0; Win64; x64) AppleWebKit/537.36 (KHTML, like Gecko) Chrome/88.0.4240.193 Safari/537.36"
34.28.82.31 - - [16/Sep/2025:13:25:52 +0700] "POST //xmlrpc.php HTTP/1.0" 200 954 "-" "Mozilla/5.0 (Windows NT 10.0; Win64; x64) AppleWebKit/537.36 (KHTML, like Gecko) Chrome/88.0.4240.193 Safari/537.36"
217.113.194.75 - - [16/Sep/2025:13:25:54 +0700] "GET /tips-and-tricks-for-creating-a-positive-first-impression-on-omegle/feed/ HTTP/1.0" 200 1795 "-" "Mozilla/5.0 (compatible; Barkrowler/0.9; +https://babbar.tech/crawler)"
34.28.82.31 - - [16/Sep/2025:13:25:55 +0700] "POST //xmlrpc.php HTTP/1.0" 200 954 "-" "Mozilla/5.0 (Windows NT 10.0; Win64; x64) AppleWebKit/537.36 (KHTML, like Gecko) Chrome/88.0.4240.193 Safari/537.36"
34.28.82.31 - - [16/Sep/2025:13:25:56 +0700] "POST //xmlrpc.php HTTP/1.0" 200 954 "-" "Mozilla/5.0 (Windows NT 10.0; Win64; x64) AppleWebKit/537.36 (KHTML, like Gecko) Chrome/88.0.4240.193 Safari/537.36"
54.39.203.204 - - [16/Sep/2025:13:25:58 +0700] "GET /sitemap_index.xml HTTP/1.0" 200 2426 "-" "Mozilla/5.0 (compatible; AhrefsBot/7.0; +http://ahrefs.com/robot/)"
34.28.82.31 - - [16/Sep/2025:13:25:58 +0700] "POST //xmlrpc.php HTTP/1.0" 200 954 "-" "Mozilla/5.0 (Windows NT 10.0; Win64; x64) AppleWebKit/537.36 (KHTML, like Gecko) Chrome/88.0.4240.193 Safari/537.36"
34.28.82.31 - - [16/Sep/2025:13:26:00 +0700] "POST //xmlrpc.php HTTP/1.0" 200 954 "-" "Mozilla/5.0 (Windows NT 10.0; Win64; x64) AppleWebKit/537.36 (KHTML, like Gecko) Chrome/88.0.4240.193 Safari/537.36"
34.28.82.31 - - [16/Sep/2025:13:26:02 +0700] "POST //xmlrpc.php HTTP/1.0" 200 954 "-" "Mozilla/5.0 (Windows NT 10.0; Win64; x64) AppleWebKit/537.36 (KHTML, like Gecko) Chrome/88.0.4240.193 Safari/537.36"
34.28.82.31 - - [16/Sep/2025:13:26:04 +0700] "POST //xmlrpc.php HTTP/1.0" 200 954 "-" "Mozilla/5.0 (Windows NT 10.0; Win64; x64) AppleWebKit/537.36 (KHTML, like Gecko) Chrome/88.0.4240.193 Safari/537.36"
34.28.82.31 - - [16/Sep/2025:13:26:06 +0700] "POST //xmlrpc.php HTTP/1.0" 200 954 "-" "Mozilla/5.0 (Windows NT 10.0; Win64; x64) AppleWebKit/537.36 (KHTML, like Gecko) Chrome/88.0.4240.193 Safari/537.36"
34.28.82.31 - - [16/Sep/2025:13:26:08 +0700] "POST //xmlrpc.php HTTP/1.0" 200 954 "-" "Mozilla/5.0 (Windows NT 10.0; Win64; x64) AppleWebKit/537.36 (KHTML, like Gecko) Chrome/88.0.4240.193 Safari/537.36"
34.28.82.31 - - [16/Sep/2025:13:26:10 +0700] "POST //xmlrpc.php HTTP/1.0" 200 954 "-" "Mozilla/5.0 (Windows NT 10.0; Win64; x64) AppleWebKit/537.36 (KHTML, like Gecko) Chrome/88.0.4240.193 Safari/537.36"
148.113.130.183 - - [16/Sep/2025:13:26:03 +0700] "GET /post-sitemap.xml HTTP/1.0" 500 3278 "-" "Mozilla/5.0 (compatible; AhrefsBot/7.0; +http://ahrefs.com/robot/)"
34.28.82.31 - - [16/Sep/2025:13:26:13 +0700] "POST //xmlrpc.php HTTP/1.0" 200 954 "-" "Mozilla/5.0 (Windows NT 10.0; Win64; x64) AppleWebKit/537.36 (KHTML, like Gecko) Chrome/88.0.4240.193 Safari/537.36"
45.117.177.72 - - [16/Sep/2025:13:26:17 +0700] "POST /wp-cron.php?doing_wp_cron=1758003977.1626350879669189453125 HTTP/1.0" 200 416 "-" "WordPress/6.8.1; https://vattusacky.vn"
47.128.111.118 - - [16/Sep/2025:13:26:12 +0700] "GET /robots.txt HTTP/1.0" 200 984 "-" "Go-http-client/2.0"
34.28.82.31 - - [16/Sep/2025:13:26:15 +0700] "POST //xmlrpc.php HTTP/1.0" 200 954 "-" "Mozilla/5.0 (Windows NT 10.0; Win64; x64) AppleWebKit/537.36 (KHTML, like Gecko) Chrome/88.0.4240.193 Safari/537.36"
217.113.194.217 - - [16/Sep/2025:13:26:16 +0700] "GET /tips-and-tricks-for-using-omegle-and-ometv-effectively/feed/ HTTP/1.0" 200 1759 "-" "Mozilla/5.0 (compatible; Barkrowler/0.9; +https://babbar.tech/crawler)"
34.28.82.31 - - [16/Sep/2025:13:26:17 +0700] "POST //xmlrpc.php HTTP/1.0" 200 954 "-" "Mozilla/5.0 (Windows NT 10.0; Win64; x64) AppleWebKit/537.36 (KHTML, like Gecko) Chrome/88.0.4240.193 Safari/537.36"
34.28.82.31 - - [16/Sep/2025:13:26:20 +0700] "POST //xmlrpc.php HTTP/1.0" 200 954 "-" "Mozilla/5.0 (Windows NT 10.0; Win64; x64) AppleWebKit/537.36 (KHTML, like Gecko) Chrome/88.0.4240.193 Safari/537.36"
34.28.82.31 - - [16/Sep/2025:13:26:22 +0700] "POST //xmlrpc.php HTTP/1.0" 200 954 "-" "Mozilla/5.0 (Windows NT 10.0; Win64; x64) AppleWebKit/537.36 (KHTML, like Gecko) Chrome/88.0.4240.193 Safari/537.36"
54.39.136.223 - - [16/Sep/2025:13:26:17 +0700] "GET /post-sitemap2.xml HTTP/1.0" 200 158032 "-" "Mozilla/5.0 (compatible; AhrefsBot/7.0; +http://ahrefs.com/robot/)"
34.28.82.31 - - [16/Sep/2025:13:26:24 +0700] "POST //xmlrpc.php HTTP/1.0" 200 954 "-" "Mozilla/5.0 (Windows NT 10.0; Win64; x64) AppleWebKit/537.36 (KHTML, like Gecko) Chrome/88.0.4240.193 Safari/537.36"
34.28.82.31 - - [16/Sep/2025:13:26:27 +0700] "POST //xmlrpc.php HTTP/1.0" 200 954 "-" "Mozilla/5.0 (Windows NT 10.0; Win64; x64) AppleWebKit/537.36 (KHTML, like Gecko) Chrome/88.0.4240.193 Safari/537.36"
34.28.82.31 - - [16/Sep/2025:13:26:29 +0700] "POST //xmlrpc.php HTTP/1.0" 200 954 "-" "Mozilla/5.0 (Windows NT 10.0; Win64; x64) AppleWebKit/537.36 (KHTML, like Gecko) Chrome/88.0.4240.193 Safari/537.36"
142.44.225.56 - - [16/Sep/2025:13:26:29 +0700] "GET /post-sitemap3.xml HTTP/1.0" 200 155802 "-" "Mozilla/5.0 (compatible; AhrefsBot/7.0; +http://ahrefs.com/robot/)"
34.28.82.31 - - [16/Sep/2025:13:26:30 +0700] "POST //xmlrpc.php HTTP/1.0" 200 954 "-" "Mozilla/5.0 (Windows NT 10.0; Win64; x64) AppleWebKit/537.36 (KHTML, like Gecko) Chrome/88.0.4240.193 Safari/537.36"
34.28.82.31 - - [16/Sep/2025:13:26:32 +0700] "POST //xmlrpc.php HTTP/1.0" 200 954 "-" "Mozilla/5.0 (Windows NT 10.0; Win64; x64) AppleWebKit/537.36 (KHTML, like Gecko) Chrome/88.0.4240.193 Safari/537.36"
34.28.82.31 - - [16/Sep/2025:13:26:34 +0700] "POST //xmlrpc.php HTTP/1.0" 200 954 "-" "Mozilla/5.0 (Windows NT 10.0; Win64; x64) AppleWebKit/537.36 (KHTML, like Gecko) Chrome/88.0.4240.193 Safari/537.36"
34.28.82.31 - - [16/Sep/2025:13:26:36 +0700] "POST //xmlrpc.php HTTP/1.0" 200 954 "-" "Mozilla/5.0 (Windows NT 10.0; Win64; x64) AppleWebKit/537.36 (KHTML, like Gecko) Chrome/88.0.4240.193 Safari/537.36"
148.113.130.153 - - [16/Sep/2025:13:26:34 +0700] "GET /post-sitemap4.xml HTTP/1.0" 200 157863 "-" "Mozilla/5.0 (compatible; AhrefsBot/7.0; +http://ahrefs.com/robot/)"
217.113.194.79 - - [16/Sep/2025:13:26:38 +0700] "GET /which-is-better-for-meeting-new-people-chatroulette-or-omegle/feed/ HTTP/1.0" 200 1780 "-" "Mozilla/5.0 (compatible; Barkrowler/0.9; +https://babbar.tech/crawler)"
34.28.82.31 - - [16/Sep/2025:13:26:38 +0700] "POST //xmlrpc.php HTTP/1.0" 200 954 "-" "Mozilla/5.0 (Windows NT 10.0; Win64; x64) AppleWebKit/537.36 (KHTML, like Gecko) Chrome/88.0.4240.193 Safari/537.36"
34.28.82.31 - - [16/Sep/2025:13:26:40 +0700] "POST //xmlrpc.php HTTP/1.0" 200 954 "-" "Mozilla/5.0 (Windows NT 10.0; Win64; x64) AppleWebKit/537.36 (KHTML, like Gecko) Chrome/88.0.4240.193 Safari/537.36"
34.28.82.31 - - [16/Sep/2025:13:26:42 +0700] "POST //xmlrpc.php HTTP/1.0" 200 954 "-" "Mozilla/5.0 (Windows NT 10.0; Win64; x64) AppleWebKit/537.36 (KHTML, like Gecko) Chrome/88.0.4240.193 Safari/537.36"
34.28.82.31 - - [16/Sep/2025:13:26:44 +0700] "POST //xmlrpc.php HTTP/1.0" 200 954 "-" "Mozilla/5.0 (Windows NT 10.0; Win64; x64) AppleWebKit/537.36 (KHTML, like Gecko) Chrome/88.0.4240.193 Safari/537.36"
54.39.89.9 - - [16/Sep/2025:13:26:43 +0700] "GET /post-sitemap5.xml HTTP/1.0" 200 159938 "-" "Mozilla/5.0 (compatible; AhrefsBot/7.0; +http://ahrefs.com/robot/)"
34.28.82.31 - - [16/Sep/2025:13:26:46 +0700] "POST //xmlrpc.php HTTP/1.0" 200 954 "-" "Mozilla/5.0 (Windows NT 10.0; Win64; x64) AppleWebKit/537.36 (KHTML, like Gecko) Chrome/88.0.4240.193 Safari/537.36"
34.28.82.31 - - [16/Sep/2025:13:26:47 +0700] "POST //xmlrpc.php HTTP/1.0" 200 954 "-" "Mozilla/5.0 (Windows NT 10.0; Win64; x64) AppleWebKit/537.36 (KHTML, like Gecko) Chrome/88.0.4240.193 Safari/537.36"
167.114.139.34 - - [16/Sep/2025:13:26:48 +0700] "GET /post-sitemap6.xml HTTP/1.0" 200 42210 "-" "Mozilla/5.0 (compatible; AhrefsBot/7.0; +http://ahrefs.com/robot/)"
34.28.82.31 - - [16/Sep/2025:13:26:49 +0700] "POST //xmlrpc.php HTTP/1.0" 200 954 "-" "Mozilla/5.0 (Windows NT 10.0; Win64; x64) AppleWebKit/537.36 (KHTML, like Gecko) Chrome/88.0.4240.193 Safari/537.36"
34.28.82.31 - - [16/Sep/2025:13:26:51 +0700] "POST //xmlrpc.php HTTP/1.0" 200 954 "-" "Mozilla/5.0 (Windows NT 10.0; Win64; x64) AppleWebKit/537.36 (KHTML, like Gecko) Chrome/88.0.4240.193 Safari/537.36"
54.39.136.118 - - [16/Sep/2025:13:26:52 +0700] "GET /page-sitemap.xml HTTP/1.0" 200 1873 "-" "Mozilla/5.0 (compatible; AhrefsBot/7.0; +http://ahrefs.com/robot/)"
34.28.82.31 - - [16/Sep/2025:13:26:53 +0700] "POST //xmlrpc.php HTTP/1.0" 200 954 "-" "Mozilla/5.0 (Windows NT 10.0; Win64; x64) AppleWebKit/537.36 (KHTML, like Gecko) Chrome/88.0.4240.193 Safari/537.36"
216.244.66.237 - - [16/Sep/2025:13:26:53 +0700] "GET /robots.txt HTTP/1.0" 200 984 "-" "Mozilla/5.0 (compatible; DotBot/1.2; +https://opensiteexplorer.org/dotbot; help@moz.com)"
34.28.82.31 - - [16/Sep/2025:13:26:54 +0700] "POST //xmlrpc.php HTTP/1.0" 200 954 "-" "Mozilla/5.0 (Windows NT 10.0; Win64; x64) AppleWebKit/537.36 (KHTML, like Gecko) Chrome/88.0.4240.193 Safari/537.36"
34.28.82.31 - - [16/Sep/2025:13:26:56 +0700] "POST //xmlrpc.php HTTP/1.0" 200 954 "-" "Mozilla/5.0 (Windows NT 10.0; Win64; x64) AppleWebKit/537.36 (KHTML, like Gecko) Chrome/88.0.4240.193 Safari/537.36"
34.28.82.31 - - [16/Sep/2025:13:26:58 +0700] "POST //xmlrpc.php HTTP/1.0" 200 954 "-" "Mozilla/5.0 (Windows NT 10.0; Win64; x64) AppleWebKit/537.36 (KHTML, like Gecko) Chrome/88.0.4240.193 Safari/537.36"
34.28.82.31 - - [16/Sep/2025:13:27:00 +0700] "POST //xmlrpc.php HTTP/1.0" 200 954 "-" "Mozilla/5.0 (Windows NT 10.0; Win64; x64) AppleWebKit/537.36 (KHTML, like Gecko) Chrome/88.0.4240.193 Safari/537.36"
34.28.82.31 - - [16/Sep/2025:13:27:02 +0700] "POST //xmlrpc.php HTTP/1.0" 200 954 "-" "Mozilla/5.0 (Windows NT 10.0; Win64; x64) AppleWebKit/537.36 (KHTML, like Gecko) Chrome/88.0.4240.193 Safari/537.36"
217.113.194.80 - - [16/Sep/2025:13:27:02 +0700] "GET /hilarious-omegle-moments-and-laugh-inducing-situations/feed/ HTTP/1.0" 200 1759 "-" "Mozilla/5.0 (compatible; Barkrowler/0.9; +https://babbar.tech/crawler)"
34.28.82.31 - - [16/Sep/2025:13:27:03 +0700] "POST //xmlrpc.php HTTP/1.0" 200 954 "-" "Mozilla/5.0 (Windows NT 10.0; Win64; x64) AppleWebKit/537.36 (KHTML, like Gecko) Chrome/88.0.4240.193 Safari/537.36"
54.39.136.166 - - [16/Sep/2025:13:27:04 +0700] "GET /author/yanz/page/247/ HTTP/1.0" 200 77300 "-" "Mozilla/5.0 (compatible; AhrefsBot/7.0; +http://ahrefs.com/robot/)"
34.28.82.31 - - [16/Sep/2025:13:27:05 +0700] "POST //xmlrpc.php HTTP/1.0" 200 954 "-" "Mozilla/5.0 (Windows NT 10.0; Win64; x64) AppleWebKit/537.36 (KHTML, like Gecko) Chrome/88.0.4240.193 Safari/537.36"
34.28.82.31 - - [16/Sep/2025:13:27:07 +0700] "POST //xmlrpc.php HTTP/1.0" 200 954 "-" "Mozilla/5.0 (Windows NT 10.0; Win64; x64) AppleWebKit/537.36 (KHTML, like Gecko) Chrome/88.0.4240.193 Safari/537.36"
34.28.82.31 - - [16/Sep/2025:13:27:09 +0700] "POST //xmlrpc.php HTTP/1.0" 200 954 "-" "Mozilla/5.0 (Windows NT 10.0; Win64; x64) AppleWebKit/537.36 (KHTML, like Gecko) Chrome/88.0.4240.193 Safari/537.36"
34.28.82.31 - - [16/Sep/2025:13:27:12 +0700] "POST //xmlrpc.php HTTP/1.0" 200 954 "-" "Mozilla/5.0 (Windows NT 10.0; Win64; x64) AppleWebKit/537.36 (KHTML, like Gecko) Chrome/88.0.4240.193 Safari/537.36"
51.222.95.78 - - [16/Sep/2025:13:27:04 +0700] "GET /attachment-sitemap.xml HTTP/1.0" 200 72345 "-" "Mozilla/5.0 (compatible; AhrefsBot/7.0; +http://ahrefs.com/robot/)"
34.28.82.31 - - [16/Sep/2025:13:27:14 +0700] "POST //xmlrpc.php HTTP/1.0" 200 954 "-" "Mozilla/5.0 (Windows NT 10.0; Win64; x64) AppleWebKit/537.36 (KHTML, like Gecko) Chrome/88.0.4240.193 Safari/537.36"
45.117.177.72 - - [16/Sep/2025:13:27:17 +0700] "POST /wp-cron.php?doing_wp_cron=1758004037.9124329090118408203125 HTTP/1.0" 200 416 "-" "WordPress/6.8.1; https://vattusacky.vn"
34.28.82.31 - - [16/Sep/2025:13:27:16 +0700] "POST //xmlrpc.php HTTP/1.0" 200 954 "-" "Mozilla/5.0 (Windows NT 10.0; Win64; x64) AppleWebKit/537.36 (KHTML, like Gecko) Chrome/88.0.4240.193 Safari/537.36"
43.130.26.3 - - [16/Sep/2025:13:27:16 +0700] "GET / HTTP/1.0" 301 598 "http://www.vattusacky.vn" "Mozilla/5.0 (iPhone; CPU iPhone OS 13_2_3 like Mac OS X) AppleWebKit/605.1.15 (KHTML, like Gecko) Version/13.0.3 Mobile/15E148 Safari/604.1"
34.28.82.31 - - [16/Sep/2025:13:27:18 +0700] "POST //xmlrpc.php HTTP/1.0" 200 954 "-" "Mozilla/5.0 (Windows NT 10.0; Win64; x64) AppleWebKit/537.36 (KHTML, like Gecko) Chrome/88.0.4240.193 Safari/537.36"
34.28.82.31 - - [16/Sep/2025:13:27:21 +0700] "POST //xmlrpc.php HTTP/1.0" 200 954 "-" "Mozilla/5.0 (Windows NT 10.0; Win64; x64) AppleWebKit/537.36 (KHTML, like Gecko) Chrome/88.0.4240.193 Safari/537.36"
15.235.27.55 - - [16/Sep/2025:13:27:16 +0700] "GET /product-sitemap.xml HTTP/1.0" 200 51048 "-" "Mozilla/5.0 (compatible; AhrefsBot/7.0; +http://ahrefs.com/robot/)"
43.130.26.3 - - [16/Sep/2025:13:27:20 +0700] "GET / HTTP/1.0" 200 60071 "https://www.vattusacky.vn/" "Mozilla/5.0 (iPhone; CPU iPhone OS 13_2_3 like Mac OS X) AppleWebKit/605.1.15 (KHTML, like Gecko) Version/13.0.3 Mobile/15E148 Safari/604.1"
217.113.194.77 - - [16/Sep/2025:13:27:23 +0700] "GET /the-hidden-side-unique-stories-from-omegle-and-ometv/feed/ HTTP/1.0" 200 1753 "-" "Mozilla/5.0 (compatible; Barkrowler/0.9; +https://babbar.tech/crawler)"
34.28.82.31 - - [16/Sep/2025:13:27:23 +0700] "POST //xmlrpc.php HTTP/1.0" 200 954 "-" "Mozilla/5.0 (Windows NT 10.0; Win64; x64) AppleWebKit/537.36 (KHTML, like Gecko) Chrome/88.0.4240.193 Safari/537.36"
142.44.228.73 - - [16/Sep/2025:13:27:25 +0700] "GET /category-sitemap.xml HTTP/1.0" 200 24564 "-" "Mozilla/5.0 (compatible; AhrefsBot/7.0; +http://ahrefs.com/robot/)"
34.28.82.31 - - [16/Sep/2025:13:27:25 +0700] "POST //xmlrpc.php HTTP/1.0" 200 954 "-" "Mozilla/5.0 (Windows NT 10.0; Win64; x64) AppleWebKit/537.36 (KHTML, like Gecko) Chrome/88.0.4240.193 Safari/537.36"
34.28.82.31 - - [16/Sep/2025:13:27:27 +0700] "POST //xmlrpc.php HTTP/1.0" 200 954 "-" "Mozilla/5.0 (Windows NT 10.0; Win64; x64) AppleWebKit/537.36 (KHTML, like Gecko) Chrome/88.0.4240.193 Safari/537.36"
142.44.220.172 - - [16/Sep/2025:13:27:29 +0700] "GET /post_tag-sitemap.xml HTTP/1.0" 200 12903 "-" "Mozilla/5.0 (compatible; AhrefsBot/7.0; +http://ahrefs.com/robot/)"
34.28.82.31 - - [16/Sep/2025:13:27:29 +0700] "POST //xmlrpc.php HTTP/1.0" 200 954 "-" "Mozilla/5.0 (Windows NT 10.0; Win64; x64) AppleWebKit/537.36 (KHTML, like Gecko) Chrome/88.0.4240.193 Safari/537.36"
34.28.82.31 - - [16/Sep/2025:13:27:31 +0700] "POST //xmlrpc.php HTTP/1.0" 200 954 "-" "Mozilla/5.0 (Windows NT 10.0; Win64; x64) AppleWebKit/537.36 (KHTML, like Gecko) Chrome/88.0.4240.193 Safari/537.36"
54.39.136.216 - - [16/Sep/2025:13:27:32 +0700] "GET /product_cat-sitemap.xml HTTP/1.0" 200 8595 "-" "Mozilla/5.0 (compatible; AhrefsBot/7.0; +http://ahrefs.com/robot/)"
34.28.82.31 - - [16/Sep/2025:13:27:33 +0700] "POST //xmlrpc.php HTTP/1.0" 200 954 "-" "Mozilla/5.0 (Windows NT 10.0; Win64; x64) AppleWebKit/537.36 (KHTML, like Gecko) Chrome/88.0.4240.193 Safari/537.36"
34.28.82.31 - - [16/Sep/2025:13:27:35 +0700] "POST //xmlrpc.php HTTP/1.0" 200 954 "-" "Mozilla/5.0 (Windows NT 10.0; Win64; x64) AppleWebKit/537.36 (KHTML, like Gecko) Chrome/88.0.4240.193 Safari/537.36"
54.39.6.25 - - [16/Sep/2025:13:27:37 +0700] "GET /product_tag-sitemap.xml HTTP/1.0" 200 28520 "-" "Mozilla/5.0 (compatible; AhrefsBot/7.0; +http://ahrefs.com/robot/)"
34.28.82.31 - - [16/Sep/2025:13:27:37 +0700] "POST //xmlrpc.php HTTP/1.0" 200 954 "-" "Mozilla/5.0 (Windows NT 10.0; Win64; x64) AppleWebKit/537.36 (KHTML, like Gecko) Chrome/88.0.4240.193 Safari/537.36"
34.28.82.31 - - [16/Sep/2025:13:27:40 +0700] "POST //xmlrpc.php HTTP/1.0" 200 954 "-" "Mozilla/5.0 (Windows NT 10.0; Win64; x64) AppleWebKit/537.36 (KHTML, like Gecko) Chrome/88.0.4240.193 Safari/537.36"
34.28.82.31 - - [16/Sep/2025:13:27:42 +0700] "POST //xmlrpc.php HTTP/1.0" 200 954 "-" "Mozilla/5.0 (Windows NT 10.0; Win64; x64) AppleWebKit/537.36 (KHTML, like Gecko) Chrome/88.0.4240.193 Safari/537.36"
34.28.82.31 - - [16/Sep/2025:13:27:43 +0700] "POST //xmlrpc.php HTTP/1.0" 200 954 "-" "Mozilla/5.0 (Windows NT 10.0; Win64; x64) AppleWebKit/537.36 (KHTML, like Gecko) Chrome/88.0.4240.193 Safari/537.36"
217.113.194.72 - - [16/Sep/2025:13:27:45 +0700] "GET /venturing-outside-comfort-zones-promoting-growth-on-omegle/feed/ HTTP/1.0" 200 1771 "-" "Mozilla/5.0 (compatible; Barkrowler/0.9; +https://babbar.tech/crawler)"
34.28.82.31 - - [16/Sep/2025:13:27:45 +0700] "POST //xmlrpc.php HTTP/1.0" 200 954 "-" "Mozilla/5.0 (Windows NT 10.0; Win64; x64) AppleWebKit/537.36 (KHTML, like Gecko) Chrome/88.0.4240.193 Safari/537.36"
34.28.82.31 - - [16/Sep/2025:13:27:47 +0700] "POST //xmlrpc.php HTTP/1.0" 200 954 "-" "Mozilla/5.0 (Windows NT 10.0; Win64; x64) AppleWebKit/537.36 (KHTML, like Gecko) Chrome/88.0.4240.193 Safari/537.36"
34.28.82.31 - - [16/Sep/2025:13:27:49 +0700] "POST //xmlrpc.php HTTP/1.0" 200 954 "-" "Mozilla/5.0 (Windows NT 10.0; Win64; x64) AppleWebKit/537.36 (KHTML, like Gecko) Chrome/88.0.4240.193 Safari/537.36"
34.28.82.31 - - [16/Sep/2025:13:27:51 +0700] "POST //xmlrpc.php HTTP/1.0" 200 954 "-" "Mozilla/5.0 (Windows NT 10.0; Win64; x64) AppleWebKit/537.36 (KHTML, like Gecko) Chrome/88.0.4240.193 Safari/537.36"
34.28.82.31 - - [16/Sep/2025:13:27:53 +0700] "POST //xmlrpc.php HTTP/1.0" 200 954 "-" "Mozilla/5.0 (Windows NT 10.0; Win64; x64) AppleWebKit/537.36 (KHTML, like Gecko) Chrome/88.0.4240.193 Safari/537.36"
34.28.82.31 - - [16/Sep/2025:13:27:55 +0700] "POST //xmlrpc.php HTTP/1.0" 200 954 "-" "Mozilla/5.0 (Windows NT 10.0; Win64; x64) AppleWebKit/537.36 (KHTML, like Gecko) Chrome/88.0.4240.193 Safari/537.36"
34.28.82.31 - - [16/Sep/2025:13:27:58 +0700] "POST //xmlrpc.php HTTP/1.0" 200 954 "-" "Mozilla/5.0 (Windows NT 10.0; Win64; x64) AppleWebKit/537.36 (KHTML, like Gecko) Chrome/88.0.4240.193 Safari/537.36"
34.28.82.31 - - [16/Sep/2025:13:28:00 +0700] "POST //xmlrpc.php HTTP/1.0" 200 954 "-" "Mozilla/5.0 (Windows NT 10.0; Win64; x64) AppleWebKit/537.36 (KHTML, like Gecko) Chrome/88.0.4240.193 Safari/537.36"
35.202.34.34 - - [16/Sep/2025:13:28:02 +0700] "GET / HTTP/1.0" 200 60070 "-" "Mozilla/5.0 (Windows NT 10.0; Win64; x64) AppleWebKit/537.36 (KHTML, like Gecko) Chrome/88.0.4240.193 Safari/537.36"
34.28.82.31 - - [16/Sep/2025:13:28:08 +0700] "POST //xmlrpc.php HTTP/1.0" 200 954 "-" "Mozilla/5.0 (Windows NT 10.0; Win64; x64) AppleWebKit/537.36 (KHTML, like Gecko) Chrome/88.0.4240.193 Safari/537.36"
45.117.177.72 - - [16/Sep/2025:13:28:18 +0700] "POST /wp-cron.php?doing_wp_cron=1758004098.4605801105499267578125 HTTP/1.0" 200 416 "-" "WordPress/6.8.1; https://vattusacky.vn"
217.113.194.74 - - [16/Sep/2025:13:28:10 +0700] "GET /ethereum-to-dollar-eth-to-usd-exchange-rate-find/feed/ HTTP/1.0" 200 1794 "-" "Mozilla/5.0 (compatible; Barkrowler/0.9; +https://babbar.tech/crawler)"
35.202.34.34 - - [16/Sep/2025:13:28:12 +0700] "GET //wp-includes/wlwmanifest.xml HTTP/1.0" 301 537 "-" "Mozilla/5.0 (Windows NT 10.0; Win64; x64) AppleWebKit/537.36 (KHTML, like Gecko) Chrome/88.0.4240.193 Safari/537.36"
34.28.82.31 - - [16/Sep/2025:13:28:17 +0700] "POST //xmlrpc.php HTTP/1.0" 200 954 "-" "Mozilla/5.0 (Windows NT 10.0; Win64; x64) AppleWebKit/537.36 (KHTML, like Gecko) Chrome/88.0.4240.193 Safari/537.36"
35.202.34.34 - - [16/Sep/2025:13:28:21 +0700] "GET //xmlrpc.php?rsd HTTP/1.0" 200 1290 "-" "Mozilla/5.0 (Windows NT 10.0; Win64; x64) AppleWebKit/537.36 (KHTML, like Gecko) Chrome/88.0.4240.193 Safari/537.36"
54.39.210.20 - - [16/Sep/2025:13:28:27 +0700] "GET /author/yanz/page/394/ HTTP/1.0" 200 107841 "-" "Mozilla/5.0 (compatible; AhrefsBot/7.0; +http://ahrefs.com/robot/)"
34.28.82.31 - - [16/Sep/2025:13:28:27 +0700] "POST //xmlrpc.php HTTP/1.0" 200 954 "-" "Mozilla/5.0 (Windows NT 10.0; Win64; x64) AppleWebKit/537.36 (KHTML, like Gecko) Chrome/88.0.4240.193 Safari/537.36"
35.202.34.34 - - [16/Sep/2025:13:28:29 +0700] "GET //?author=1 HTTP/1.0" 301 414 "-" "Mozilla/5.0 (Windows NT 10.0; Win64; x64) AppleWebKit/537.36 (KHTML, like Gecko) Chrome/88.0.4240.193 Safari/537.36"
35.202.34.34 - - [16/Sep/2025:13:28:38 +0700] "GET //?author=2 HTTP/1.0" 301 519 "-" "Mozilla/5.0 (Windows NT 10.0; Win64; x64) AppleWebKit/537.36 (KHTML, like Gecko) Chrome/88.0.4240.193 Safari/537.36"
217.113.194.217 - - [16/Sep/2025:13:28:39 +0700] "GET /omg-moments-ridiculous-omegle-chats-and-funny-pranks/feed/ HTTP/1.0" 200 1753 "-" "Mozilla/5.0 (compatible; Barkrowler/0.9; +https://babbar.tech/crawler)"
34.28.82.31 - - [16/Sep/2025:13:28:38 +0700] "POST //xmlrpc.php HTTP/1.0" 200 954 "-" "Mozilla/5.0 (Windows NT 10.0; Win64; x64) AppleWebKit/537.36 (KHTML, like Gecko) Chrome/88.0.4240.193 Safari/537.36"
35.202.34.34 - - [16/Sep/2025:13:28:47 +0700] "GET //?author=3 HTTP/1.0" 301 407 "-" "Mozilla/5.0 (Windows NT 10.0; Win64; x64) AppleWebKit/537.36 (KHTML, like Gecko) Chrome/88.0.4240.193 Safari/537.36"
40.77.167.123 - - [16/Sep/2025:13:28:55 +0700] "GET /wp-content/uploads/2018/10/dc-20-dc-may-khuay-tron-chiet-doc-tinh-180x180.jpg HTTP/1.0" 200 454 "-" "Mozilla/5.0 AppleWebKit/537.36 (KHTML, like Gecko; compatible; bingbot/2.0; +http://www.bing.com/bingbot.htm) Chrome/116.0.1938.76 Safari/537.36"
34.28.82.31 - - [16/Sep/2025:13:28:47 +0700] "POST //xmlrpc.php HTTP/1.0" 200 954 "-" "Mozilla/5.0 (Windows NT 10.0; Win64; x64) AppleWebKit/537.36 (KHTML, like Gecko) Chrome/88.0.4240.193 Safari/537.36"
34.28.82.31 - - [16/Sep/2025:13:28:55 +0700] "POST //xmlrpc.php HTTP/1.0" 200 954 "-" "Mozilla/5.0 (Windows NT 10.0; Win64; x64) AppleWebKit/537.36 (KHTML, like Gecko) Chrome/88.0.4240.193 Safari/537.36"
35.202.34.34 - - [16/Sep/2025:13:28:55 +0700] "GET //wp-json/wp/v2/users/ HTTP/1.0" 200 22735 "-" "Mozilla/5.0 (Windows NT 10.0; Win64; x64) AppleWebKit/537.36 (KHTML, like Gecko) Chrome/88.0.4240.193 Safari/537.36"
34.28.82.31 - - [16/Sep/2025:13:29:02 +0700] "POST //xmlrpc.php HTTP/1.0" 200 954 "-" "Mozilla/5.0 (Windows NT 10.0; Win64; x64) AppleWebKit/537.36 (KHTML, like Gecko) Chrome/88.0.4240.193 Safari/537.36"
35.202.34.34 - - [16/Sep/2025:13:29:06 +0700] "GET //wp-json/oembed/1.0/embed?url=https://vattusacky.vn/ HTTP/1.0" 200 2860 "-" "Mozilla/5.0 (Windows NT 10.0; Win64; x64) AppleWebKit/537.36 (KHTML, like Gecko) Chrome/88.0.4240.193 Safari/537.36"
217.113.194.76 - - [16/Sep/2025:13:29:07 +0700] "GET /finding-connection-and-understanding-through-virtual-masks-on-omegle/feed/ HTTP/1.0" 200 1801 "-" "Mozilla/5.0 (compatible; Barkrowler/0.9; +https://babbar.tech/crawler)"
34.28.82.31 - - [16/Sep/2025:13:29:08 +0700] "POST //xmlrpc.php HTTP/1.0" 200 954 "-" "Mozilla/5.0 (Windows NT 10.0; Win64; x64) AppleWebKit/537.36 (KHTML, like Gecko) Chrome/88.0.4240.193 Safari/537.36"
45.117.177.72 - - [16/Sep/2025:13:29:19 +0700] "POST /wp-cron.php?doing_wp_cron=1758004159.2087368965148925781250 HTTP/1.0" 200 416 "-" "WordPress/6.8.1; https://vattusacky.vn"
35.202.34.34 - - [16/Sep/2025:13:29:12 +0700] "POST //xmlrpc.php HTTP/1.0" 200 954 "-" "Mozilla/5.0 (Windows NT 10.0; Win64; x64) AppleWebKit/537.36 (KHTML, like Gecko) Chrome/88.0.4240.193 Safari/537.36"
