156.228.114.175 - - [16/Sep/2025:05:08:21 +0700] "POST //xmlrpc.php HTTP/1.0" 200 954 "-" "Mozilla/5.0 (Windows NT 10.0; Win64; x64) AppleWebKit/537.36 (KHTML, like Gecko) Chrome/95.0.4638.69 Safari/537.36"
156.228.114.175 - - [16/Sep/2025:05:08:23 +0700] "POST //xmlrpc.php HTTP/1.0" 200 954 "-" "Mozilla/5.0 (Windows NT 10.0; Win64; x64) AppleWebKit/537.36 (KHTML, like Gecko) Chrome/95.0.4638.69 Safari/537.36"
20.171.108.50 - - [16/Sep/2025:05:08:23 +0700] "GET /wp-admin/network/ HTTP/1.0" 302 583 "-" "-"
156.228.114.175 - - [16/Sep/2025:05:08:25 +0700] "POST //xmlrpc.php HTTP/1.0" 200 954 "-" "Mozilla/5.0 (Windows NT 10.0; Win64; x64) AppleWebKit/537.36 (KHTML, like Gecko) Chrome/95.0.4638.69 Safari/537.36"
20.171.108.50 - - [16/Sep/2025:05:08:25 +0700] "GET /wp-login.php?redirect_to=https%3A%2F%2Fvattusacky.vn%2Fwp-admin%2Fnetwork%2F&reauth=1 HTTP/1.0" 200 13411 "-" "-"
156.228.114.175 - - [16/Sep/2025:05:08:26 +0700] "POST //xmlrpc.php HTTP/1.0" 200 954 "-" "Mozilla/5.0 (Windows NT 10.0; Win64; x64) AppleWebKit/537.36 (KHTML, like Gecko) Chrome/95.0.4638.69 Safari/537.36"
20.171.108.50 - - [16/Sep/2025:05:08:27 +0700] "GET /wp-admin/user/ HTTP/1.0" 302 580 "-" "-"
156.228.114.175 - - [16/Sep/2025:05:08:28 +0700] "POST //xmlrpc.php HTTP/1.0" 200 954 "-" "Mozilla/5.0 (Windows NT 10.0; Win64; x64) AppleWebKit/537.36 (KHTML, like Gecko) Chrome/95.0.4638.69 Safari/537.36"
20.171.108.50 - - [16/Sep/2025:05:08:28 +0700] "GET /wp-login.php?redirect_to=https%3A%2F%2Fvattusacky.vn%2Fwp-admin%2Fuser%2F&reauth=1 HTTP/1.0" 200 13405 "-" "-"
20.171.108.50 - - [16/Sep/2025:05:08:30 +0700] "GET /wp-admin/maint/ HTTP/1.0" 403 576 "-" "-"
20.171.108.50 - - [16/Sep/2025:05:08:30 +0700] "GET /wp-content/ HTTP/1.0" 200 323 "-" "-"
20.171.108.50 - - [16/Sep/2025:05:08:31 +0700] "GET /wp-content/index.php HTTP/1.0" 200 323 "-" "-"
20.171.108.50 - - [16/Sep/2025:05:08:31 +0700] "GET /wp-content/plugins/ HTTP/1.0" 200 323 "-" "-"
156.228.114.175 - - [16/Sep/2025:05:08:30 +0700] "POST //xmlrpc.php HTTP/1.0" 200 954 "-" "Mozilla/5.0 (Windows NT 10.0; Win64; x64) AppleWebKit/537.36 (KHTML, like Gecko) Chrome/95.0.4638.69 Safari/537.36"
20.171.108.50 - - [16/Sep/2025:05:08:31 +0700] "GET /wp-content/plugins/ninja-forms/ HTTP/1.0" 404 70666 "-" "-"
156.228.114.175 - - [16/Sep/2025:05:08:32 +0700] "POST //xmlrpc.php HTTP/1.0" 200 954 "-" "Mozilla/5.0 (Windows NT 10.0; Win64; x64) AppleWebKit/537.36 (KHTML, like Gecko) Chrome/95.0.4638.69 Safari/537.36"
20.171.108.50 - - [16/Sep/2025:05:08:34 +0700] "GET /wp-content/themes/ HTTP/1.0" 200 323 "-" "-"
156.228.114.175 - - [16/Sep/2025:05:08:34 +0700] "POST //xmlrpc.php HTTP/1.0" 200 954 "-" "Mozilla/5.0 (Windows NT 10.0; Win64; x64) AppleWebKit/537.36 (KHTML, like Gecko) Chrome/95.0.4638.69 Safari/537.36"
20.171.108.50 - - [16/Sep/2025:05:08:34 +0700] "GET /wp-content/themes/classic/inc/ HTTP/1.0" 404 70666 "-" "-"
156.228.114.175 - - [16/Sep/2025:05:08:35 +0700] "POST //xmlrpc.php HTTP/1.0" 200 954 "-" "Mozilla/5.0 (Windows NT 10.0; Win64; x64) AppleWebKit/537.36 (KHTML, like Gecko) Chrome/95.0.4638.69 Safari/537.36"
20.171.108.50 - - [16/Sep/2025:05:08:36 +0700] "GET /wp-content/mu-plugins/ HTTP/1.0" 404 70666 "-" "-"
156.228.114.175 - - [16/Sep/2025:05:08:37 +0700] "POST //xmlrpc.php HTTP/1.0" 200 954 "-" "Mozilla/5.0 (Windows NT 10.0; Win64; x64) AppleWebKit/537.36 (KHTML, like Gecko) Chrome/95.0.4638.69 Safari/537.36"
154.54.249.200 - - [16/Sep/2025:05:08:38 +0700] "GET /omegles-contribution-to-internet-culture-and-memes/feed/ HTTP/1.0" 200 1747 "-" "Mozilla/5.0 (compatible; Barkrowler/0.9; +https://babbar.tech/crawler)"
20.171.108.50 - - [16/Sep/2025:05:08:38 +0700] "GET /wp-content/mu-plugins-old/ HTTP/1.0" 404 70666 "-" "-"
156.228.114.175 - - [16/Sep/2025:05:08:39 +0700] "POST //xmlrpc.php HTTP/1.0" 200 954 "-" "Mozilla/5.0 (Windows NT 10.0; Win64; x64) AppleWebKit/537.36 (KHTML, like Gecko) Chrome/95.0.4638.69 Safari/537.36"
20.171.108.50 - - [16/Sep/2025:05:08:41 +0700] "GET /wp-content/upgrade/ HTTP/1.0" 403 580 "-" "-"
20.171.108.50 - - [16/Sep/2025:05:08:41 +0700] "GET /wp-content/uploads/ HTTP/1.0" 403 580 "-" "-"
20.171.108.50 - - [16/Sep/2025:05:08:42 +0700] "GET /wp-includes/ HTTP/1.0" 403 573 "-" "-"
20.171.108.50 - - [16/Sep/2025:05:08:42 +0700] "GET /wp-includes/js/ HTTP/1.0" 403 576 "-" "-"
45.117.177.72 - - [16/Sep/2025:05:08:42 +0700] "POST /wp-cron.php?doing_wp_cron=1757974122.7379829883575439453125 HTTP/1.0" 200 416 "-" "WordPress/6.8.1; https://vattusacky.vn"
156.228.114.175 - - [16/Sep/2025:05:08:41 +0700] "POST //xmlrpc.php HTTP/1.0" 200 954 "-" "Mozilla/5.0 (Windows NT 10.0; Win64; x64) AppleWebKit/537.36 (KHTML, like Gecko) Chrome/95.0.4638.69 Safari/537.36"
20.171.108.50 - - [16/Sep/2025:05:08:42 +0700] "GET /wp-includes/js/codemirror/ HTTP/1.0" 403 587 "-" "-"
20.171.108.50 - - [16/Sep/2025:05:08:43 +0700] "GET /wp-includes/js/crop/ HTTP/1.0" 403 581 "-" "-"
20.171.108.50 - - [16/Sep/2025:05:08:43 +0700] "GET /wp-includes/css/ HTTP/1.0" 403 577 "-" "-"
20.171.108.50 - - [16/Sep/2025:05:08:44 +0700] "GET /wp-includes/fonts/ HTTP/1.0" 403 579 "-" "-"
156.228.114.175 - - [16/Sep/2025:05:08:43 +0700] "POST //xmlrpc.php HTTP/1.0" 200 954 "-" "Mozilla/5.0 (Windows NT 10.0; Win64; x64) AppleWebKit/537.36 (KHTML, like Gecko) Chrome/95.0.4638.69 Safari/537.36"
20.171.108.50 - - [16/Sep/2025:05:08:44 +0700] "GET /wp-includes/fonts/index.php HTTP/1.0" 301 528 "-" "-"
20.171.108.50 - - [16/Sep/2025:05:08:46 +0700] "GET /wp-includes/fonts/ HTTP/1.0" 403 579 "-" "-"
20.171.108.50 - - [16/Sep/2025:05:08:46 +0700] "GET /wp-includes/images/ HTTP/1.0" 403 580 "-" "-"
156.228.114.175 - - [16/Sep/2025:05:08:45 +0700] "POST //xmlrpc.php HTTP/1.0" 200 954 "-" "Mozilla/5.0 (Windows NT 10.0; Win64; x64) AppleWebKit/537.36 (KHTML, like Gecko) Chrome/95.0.4638.69 Safari/537.36"
20.171.108.50 - - [16/Sep/2025:05:08:46 +0700] "GET /wp-includes/images/crystal/ HTTP/1.0" 403 588 "-" "-"
20.171.108.50 - - [16/Sep/2025:05:08:47 +0700] "GET /wp-includes/images/smilies/ HTTP/1.0" 403 588 "-" "-"
20.171.108.50 - - [16/Sep/2025:05:08:47 +0700] "GET /wp-includes/images/media/ HTTP/1.0" 403 586 "-" "-"
156.228.114.175 - - [16/Sep/2025:05:08:47 +0700] "POST //xmlrpc.php HTTP/1.0" 200 954 "-" "Mozilla/5.0 (Windows NT 10.0; Win64; x64) AppleWebKit/537.36 (KHTML, like Gecko) Chrome/95.0.4638.69 Safari/537.36"
20.171.108.50 - - [16/Sep/2025:05:08:48 +0700] "GET /wp-includes/images/wlw/ HTTP/1.0" 404 70666 "-" "-"
20.171.108.50 - - [16/Sep/2025:05:08:50 +0700] "GET /wp-includes/assets/ HTTP/1.0" 403 580 "-" "-"
156.228.114.175 - - [16/Sep/2025:05:08:48 +0700] "POST //xmlrpc.php HTTP/1.0" 200 954 "-" "Mozilla/5.0 (Windows NT 10.0; Win64; x64) AppleWebKit/537.36 (KHTML, like Gecko) Chrome/95.0.4638.69 Safari/537.36"
20.171.108.50 - - [16/Sep/2025:05:08:50 +0700] "GET /wp-includes/block-patterns/ HTTP/1.0" 403 588 "-" "-"
20.171.108.50 - - [16/Sep/2025:05:08:51 +0700] "GET /wp-includes/block-supports/ HTTP/1.0" 403 588 "-" "-"
20.171.108.50 - - [16/Sep/2025:05:08:51 +0700] "GET /wp-includes/certificates/ HTTP/1.0" 403 586 "-" "-"
20.171.108.50 - - [16/Sep/2025:05:08:51 +0700] "GET /wp-includes/customize/ HTTP/1.0" 403 583 "-" "-"
54.39.0.150 - - [16/Sep/2025:05:08:50 +0700] "GET /which-random-chat-platform-reigns-supreme-omegle-or-ometv/feed/ HTTP/1.0" 200 1768 "-" "Mozilla/5.0 (compatible; AhrefsBot/7.0; +http://ahrefs.com/robot/)"
156.228.114.175 - - [16/Sep/2025:05:08:50 +0700] "POST //xmlrpc.php HTTP/1.0" 200 954 "-" "Mozilla/5.0 (Windows NT 10.0; Win64; x64) AppleWebKit/537.36 (KHTML, like Gecko) Chrome/95.0.4638.69 Safari/537.36"
20.171.108.50 - - [16/Sep/2025:05:08:52 +0700] "GET /wp-includes/html-api/ HTTP/1.0" 403 582 "-" "-"
20.171.108.50 - - [16/Sep/2025:05:08:52 +0700] "GET /wp-includes/php-compat/ HTTP/1.0" 403 584 "-" "-"
20.171.108.50 - - [16/Sep/2025:05:08:52 +0700] "GET /wp-includes/pomo/ HTTP/1.0" 403 578 "-" "-"
20.171.108.50 - - [16/Sep/2025:05:08:53 +0700] "GET /wp-includes/rest-api/ HTTP/1.0" 403 582 "-" "-"
20.171.108.50 - - [16/Sep/2025:05:08:53 +0700] "GET /wp-includes/rest-api/endpoints/ HTTP/1.0" 403 592 "-" "-"
45.117.177.72 - - [16/Sep/2025:05:08:53 +0700] "POST /wp-cron.php?doing_wp_cron=1757974133.8076961040496826171875 HTTP/1.0" 200 416 "-" "WordPress/6.8.1; https://vattusacky.vn"
156.228.114.175 - - [16/Sep/2025:05:08:52 +0700] "POST //xmlrpc.php HTTP/1.0" 200 954 "-" "Mozilla/5.0 (Windows NT 10.0; Win64; x64) AppleWebKit/537.36 (KHTML, like Gecko) Chrome/95.0.4638.69 Safari/537.36"
20.171.108.50 - - [16/Sep/2025:05:08:54 +0700] "GET /wp-includes/rest-api/fields/ HTTP/1.0" 403 589 "-" "-"
20.171.108.50 - - [16/Sep/2025:05:08:54 +0700] "GET /wp-includes/rest-api/search/ HTTP/1.0" 403 589 "-" "-"
20.171.108.50 - - [16/Sep/2025:05:08:54 +0700] "GET /wp-includes/sitemaps/ HTTP/1.0" 403 582 "-" "-"
20.171.108.50 - - [16/Sep/2025:05:08:55 +0700] "GET /wp-includes/sitemaps/providers/ HTTP/1.0" 403 592 "-" "-"
20.171.108.50 - - [16/Sep/2025:05:08:55 +0700] "GET /wp-includes/theme-compat/ HTTP/1.0" 403 586 "-" "-"
156.228.114.175 - - [16/Sep/2025:05:08:54 +0700] "POST //xmlrpc.php HTTP/1.0" 200 954 "-" "Mozilla/5.0 (Windows NT 10.0; Win64; x64) AppleWebKit/537.36 (KHTML, like Gecko) Chrome/95.0.4638.69 Safari/537.36"
20.171.108.50 - - [16/Sep/2025:05:08:56 +0700] "GET /wp-includes/Requests/ HTTP/1.0" 403 582 "-" "-"
156.228.114.175 - - [16/Sep/2025:05:08:56 +0700] "POST //xmlrpc.php HTTP/1.0" 200 954 "-" "Mozilla/5.0 (Windows NT 10.0; Win64; x64) AppleWebKit/537.36 (KHTML, like Gecko) Chrome/95.0.4638.69 Safari/537.36"
20.171.108.50 - - [16/Sep/2025:05:08:56 +0700] "GET /wp-includes/Requests/Auth/ HTTP/1.0" 404 70666 "-" "-"
217.113.194.81 - - [16/Sep/2025:05:08:57 +0700] "GET /omegles-impact-on-social-connections-and-loneliness/ HTTP/1.0" 200 91382 "-" "Mozilla/5.0 (compatible; Barkrowler/0.9; +https://babbar.tech/crawler)"
156.228.114.175 - - [16/Sep/2025:05:08:58 +0700] "POST //xmlrpc.php HTTP/1.0" 200 954 "-" "Mozilla/5.0 (Windows NT 10.0; Win64; x64) AppleWebKit/537.36 (KHTML, like Gecko) Chrome/95.0.4638.69 Safari/537.36"
20.171.108.50 - - [16/Sep/2025:05:08:58 +0700] "GET /wp-includes/Requests/Cookie/ HTTP/1.0" 404 70666 "-" "-"
156.228.114.175 - - [16/Sep/2025:05:08:59 +0700] "POST //xmlrpc.php HTTP/1.0" 200 954 "-" "Mozilla/5.0 (Windows NT 10.0; Win64; x64) AppleWebKit/537.36 (KHTML, like Gecko) Chrome/95.0.4638.69 Safari/537.36"
20.171.108.50 - - [16/Sep/2025:05:09:00 +0700] "GET /wp-includes/Requests/Exception/ HTTP/1.0" 404 70666 "-" "-"
156.228.114.175 - - [16/Sep/2025:05:09:01 +0700] "POST //xmlrpc.php HTTP/1.0" 200 954 "-" "Mozilla/5.0 (Windows NT 10.0; Win64; x64) AppleWebKit/537.36 (KHTML, like Gecko) Chrome/95.0.4638.69 Safari/537.36"
20.171.108.50 - - [16/Sep/2025:05:09:03 +0700] "GET /wp-includes/Requests/Exception/HTTP/ HTTP/1.0" 404 70666 "-" "-"
156.228.114.175 - - [16/Sep/2025:05:09:03 +0700] "POST //xmlrpc.php HTTP/1.0" 200 954 "-" "Mozilla/5.0 (Windows NT 10.0; Win64; x64) AppleWebKit/537.36 (KHTML, like Gecko) Chrome/95.0.4638.69 Safari/537.36"
20.171.108.50 - - [16/Sep/2025:05:09:05 +0700] "GET /wp-includes/Requests/Proxy/ HTTP/1.0" 404 70666 "-" "-"
156.228.114.175 - - [16/Sep/2025:05:09:05 +0700] "POST //xmlrpc.php HTTP/1.0" 200 954 "-" "Mozilla/5.0 (Windows NT 10.0; Win64; x64) AppleWebKit/537.36 (KHTML, like Gecko) Chrome/95.0.4638.69 Safari/537.36"
156.228.114.175 - - [16/Sep/2025:05:09:07 +0700] "POST //xmlrpc.php HTTP/1.0" 200 954 "-" "Mozilla/5.0 (Windows NT 10.0; Win64; x64) AppleWebKit/537.36 (KHTML, like Gecko) Chrome/95.0.4638.69 Safari/537.36"
20.171.108.50 - - [16/Sep/2025:05:09:07 +0700] "GET /wp-includes/Requests/Response/ HTTP/1.0" 404 70666 "-" "-"
156.228.114.175 - - [16/Sep/2025:05:09:09 +0700] "POST //xmlrpc.php HTTP/1.0" 200 954 "-" "Mozilla/5.0 (Windows NT 10.0; Win64; x64) AppleWebKit/537.36 (KHTML, like Gecko) Chrome/95.0.4638.69 Safari/537.36"
20.171.108.50 - - [16/Sep/2025:05:09:09 +0700] "GET /wp-includes/Requests/Transport/ HTTP/1.0" 404 70666 "-" "-"
156.228.114.175 - - [16/Sep/2025:05:09:10 +0700] "POST //xmlrpc.php HTTP/1.0" 200 954 "-" "Mozilla/5.0 (Windows NT 10.0; Win64; x64) AppleWebKit/537.36 (KHTML, like Gecko) Chrome/95.0.4638.69 Safari/537.36"
20.171.108.50 - - [16/Sep/2025:05:09:11 +0700] "GET /wp-includes/Requests/Utility/ HTTP/1.0" 404 70666 "-" "-"
20.171.108.50 - - [16/Sep/2025:05:09:13 +0700] "GET /wp-includes/ID3/ HTTP/1.0" 403 577 "-" "-"
20.171.108.50 - - [16/Sep/2025:05:09:14 +0700] "GET /wp-includes/IXR/ HTTP/1.0" 403 577 "-" "-"
156.228.114.175 - - [16/Sep/2025:05:09:12 +0700] "POST //xmlrpc.php HTTP/1.0" 200 954 "-" "Mozilla/5.0 (Windows NT 10.0; Win64; x64) AppleWebKit/537.36 (KHTML, like Gecko) Chrome/95.0.4638.69 Safari/537.36"
20.171.108.50 - - [16/Sep/2025:05:09:14 +0700] "GET /wp-includes/PHPMailer/ HTTP/1.0" 403 583 "-" "-"
20.171.108.50 - - [16/Sep/2025:05:09:15 +0700] "GET /wp-includes/SimplePie/ HTTP/1.0" 403 583 "-" "-"
156.228.114.175 - - [16/Sep/2025:05:09:14 +0700] "POST //xmlrpc.php HTTP/1.0" 200 954 "-" "Mozilla/5.0 (Windows NT 10.0; Win64; x64) AppleWebKit/537.36 (KHTML, like Gecko) Chrome/95.0.4638.69 Safari/537.36"
20.171.108.50 - - [16/Sep/2025:05:09:15 +0700] "GET /wp-includes/SimplePie/Cache/ HTTP/1.0" 404 70666 "-" "-"
45.117.177.72 - - [16/Sep/2025:05:09:17 +0700] "POST /wp-cron.php?doing_wp_cron=1757974157.7614979743957519531250 HTTP/1.0" 200 416 "-" "WordPress/6.8.1; https://vattusacky.vn"
156.228.114.175 - - [16/Sep/2025:05:09:16 +0700] "POST //xmlrpc.php HTTP/1.0" 200 954 "-" "Mozilla/5.0 (Windows NT 10.0; Win64; x64) AppleWebKit/537.36 (KHTML, like Gecko) Chrome/95.0.4638.69 Safari/537.36"
20.171.108.50 - - [16/Sep/2025:05:09:17 +0700] "GET /wp-includes/SimplePie/Content/ HTTP/1.0" 404 70666 "-" "-"
217.113.194.77 - - [16/Sep/2025:05:09:18 +0700] "GET /omegles-impact-on-the-concept-of-online-authenticity/feed/ HTTP/1.0" 200 1753 "-" "Mozilla/5.0 (compatible; Barkrowler/0.9; +https://babbar.tech/crawler)"
156.228.114.175 - - [16/Sep/2025:05:09:18 +0700] "POST //xmlrpc.php HTTP/1.0" 200 954 "-" "Mozilla/5.0 (Windows NT 10.0; Win64; x64) AppleWebKit/537.36 (KHTML, like Gecko) Chrome/95.0.4638.69 Safari/537.36"
20.171.108.50 - - [16/Sep/2025:05:09:19 +0700] "GET /wp-includes/SimplePie/Content/Type/ HTTP/1.0" 404 70666 "-" "-"
156.228.114.175 - - [16/Sep/2025:05:09:20 +0700] "POST //xmlrpc.php HTTP/1.0" 200 954 "-" "Mozilla/5.0 (Windows NT 10.0; Win64; x64) AppleWebKit/537.36 (KHTML, like Gecko) Chrome/95.0.4638.69 Safari/537.36"
20.171.108.50 - - [16/Sep/2025:05:09:21 +0700] "GET /wp-includes/Text/ HTTP/1.0" 403 578 "-" "-"
20.171.108.50 - - [16/Sep/2025:05:09:22 +0700] "GET /wp-includes/Text/Diff/ HTTP/1.0" 403 583 "-" "-"
20.171.108.50 - - [16/Sep/2025:05:09:22 +0700] "GET /wp-includes/Text/Diff/Engine/ HTTP/1.0" 403 590 "-" "-"
156.228.114.175 - - [16/Sep/2025:05:09:21 +0700] "POST //xmlrpc.php HTTP/1.0" 200 954 "-" "Mozilla/5.0 (Windows NT 10.0; Win64; x64) AppleWebKit/537.36 (KHTML, like Gecko) Chrome/95.0.4638.69 Safari/537.36"
20.171.108.50 - - [16/Sep/2025:05:09:23 +0700] "GET /wp-includes/Text/Diff/Engine/Engine/ HTTP/1.0" 404 70666 "-" "-"
156.228.114.175 - - [16/Sep/2025:05:09:23 +0700] "POST //xmlrpc.php HTTP/1.0" 200 954 "-" "Mozilla/5.0 (Windows NT 10.0; Win64; x64) AppleWebKit/537.36 (KHTML, like Gecko) Chrome/95.0.4638.69 Safari/537.36"
20.171.108.50 - - [16/Sep/2025:05:09:25 +0700] "GET /wp-includes/Text/Diff/Renderer/ HTTP/1.0" 403 592 "-" "-"
54.39.6.106 - - [16/Sep/2025:05:09:23 +0700] "GET /category/bk-cupis/feed/ HTTP/1.0" 200 585151 "-" "Mozilla/5.0 (compatible; AhrefsBot/7.0; +http://ahrefs.com/robot/)"
156.228.114.175 - - [16/Sep/2025:05:09:25 +0700] "POST //xmlrpc.php HTTP/1.0" 200 954 "-" "Mozilla/5.0 (Windows NT 10.0; Win64; x64) AppleWebKit/537.36 (KHTML, like Gecko) Chrome/95.0.4638.69 Safari/537.36"
20.171.108.50 - - [16/Sep/2025:05:09:25 +0700] "GET /wp-includes/random_compat/ HTTP/1.0" 404 70666 "-" "-"
20.171.108.50 - - [16/Sep/2025:05:09:27 +0700] "GET /wp-includes/sodium_compat/ HTTP/1.0" 403 587 "-" "-"
20.171.108.50 - - [16/Sep/2025:05:09:28 +0700] "GET /wp-includes/sodium_compat/src/ HTTP/1.0" 403 591 "-" "-"
20.171.108.50 - - [16/Sep/2025:05:09:28 +0700] "GET /wp-includes/widgets/ HTTP/1.0" 403 581 "-" "-"
156.228.114.175 - - [16/Sep/2025:05:09:27 +0700] "POST //xmlrpc.php HTTP/1.0" 200 954 "-" "Mozilla/5.0 (Windows NT 10.0; Win64; x64) AppleWebKit/537.36 (KHTML, like Gecko) Chrome/95.0.4638.69 Safari/537.36"
20.171.108.50 - - [16/Sep/2025:05:09:28 +0700] "GET /wp-includes/blocks/ HTTP/1.0" 200 354 "-" "-"
156.228.114.175 - - [16/Sep/2025:05:09:29 +0700] "POST //xmlrpc.php HTTP/1.0" 200 954 "-" "Mozilla/5.0 (Windows NT 10.0; Win64; x64) AppleWebKit/537.36 (KHTML, like Gecko) Chrome/95.0.4638.69 Safari/537.36"
20.171.108.50 - - [16/Sep/2025:05:09:29 +0700] "GET /wp-trackback.php HTTP/1.0" 404 616 "-" "-"
156.228.114.175 - - [16/Sep/2025:05:09:30 +0700] "POST //xmlrpc.php HTTP/1.0" 200 954 "-" "Mozilla/5.0 (Windows NT 10.0; Win64; x64) AppleWebKit/537.36 (KHTML, like Gecko) Chrome/95.0.4638.69 Safari/537.36"
156.228.114.175 - - [16/Sep/2025:05:09:32 +0700] "POST //xmlrpc.php HTTP/1.0" 200 954 "-" "Mozilla/5.0 (Windows NT 10.0; Win64; x64) AppleWebKit/537.36 (KHTML, like Gecko) Chrome/95.0.4638.69 Safari/537.36"
156.228.114.175 - - [16/Sep/2025:05:09:34 +0700] "POST //xmlrpc.php HTTP/1.0" 200 954 "-" "Mozilla/5.0 (Windows NT 10.0; Win64; x64) AppleWebKit/537.36 (KHTML, like Gecko) Chrome/95.0.4638.69 Safari/537.36"
156.228.114.175 - - [16/Sep/2025:05:09:36 +0700] "POST //xmlrpc.php HTTP/1.0" 200 954 "-" "Mozilla/5.0 (Windows NT 10.0; Win64; x64) AppleWebKit/537.36 (KHTML, like Gecko) Chrome/95.0.4638.69 Safari/537.36"
217.113.194.75 - - [16/Sep/2025:05:09:37 +0700] "GET /online-communities-and-support-on-omegle-finding-your-tribe/feed/ HTTP/1.0" 200 1774 "-" "Mozilla/5.0 (compatible; Barkrowler/0.9; +https://babbar.tech/crawler)"
156.228.114.175 - - [16/Sep/2025:05:09:37 +0700] "POST //xmlrpc.php HTTP/1.0" 200 954 "-" "Mozilla/5.0 (Windows NT 10.0; Win64; x64) AppleWebKit/537.36 (KHTML, like Gecko) Chrome/95.0.4638.69 Safari/537.36"
156.228.114.175 - - [16/Sep/2025:05:09:39 +0700] "POST //xmlrpc.php HTTP/1.0" 200 954 "-" "Mozilla/5.0 (Windows NT 10.0; Win64; x64) AppleWebKit/537.36 (KHTML, like Gecko) Chrome/95.0.4638.69 Safari/537.36"
156.228.114.175 - - [16/Sep/2025:05:09:41 +0700] "POST //xmlrpc.php HTTP/1.0" 200 954 "-" "Mozilla/5.0 (Windows NT 10.0; Win64; x64) AppleWebKit/537.36 (KHTML, like Gecko) Chrome/95.0.4638.69 Safari/537.36"
156.228.114.175 - - [16/Sep/2025:05:09:43 +0700] "POST //xmlrpc.php HTTP/1.0" 200 954 "-" "Mozilla/5.0 (Windows NT 10.0; Win64; x64) AppleWebKit/537.36 (KHTML, like Gecko) Chrome/95.0.4638.69 Safari/537.36"
156.228.114.175 - - [16/Sep/2025:05:09:44 +0700] "POST //xmlrpc.php HTTP/1.0" 200 954 "-" "Mozilla/5.0 (Windows NT 10.0; Win64; x64) AppleWebKit/537.36 (KHTML, like Gecko) Chrome/95.0.4638.69 Safari/537.36"
156.228.114.175 - - [16/Sep/2025:05:09:46 +0700] "POST //xmlrpc.php HTTP/1.0" 200 954 "-" "Mozilla/5.0 (Windows NT 10.0; Win64; x64) AppleWebKit/537.36 (KHTML, like Gecko) Chrome/95.0.4638.69 Safari/537.36"
156.228.114.175 - - [16/Sep/2025:05:09:48 +0700] "POST //xmlrpc.php HTTP/1.0" 200 954 "-" "Mozilla/5.0 (Windows NT 10.0; Win64; x64) AppleWebKit/537.36 (KHTML, like Gecko) Chrome/95.0.4638.69 Safari/537.36"
156.228.114.175 - - [16/Sep/2025:05:09:49 +0700] "POST //xmlrpc.php HTTP/1.0" 200 954 "-" "Mozilla/5.0 (Windows NT 10.0; Win64; x64) AppleWebKit/537.36 (KHTML, like Gecko) Chrome/95.0.4638.69 Safari/537.36"
156.228.114.175 - - [16/Sep/2025:05:09:51 +0700] "POST //xmlrpc.php HTTP/1.0" 200 954 "-" "Mozilla/5.0 (Windows NT 10.0; Win64; x64) AppleWebKit/537.36 (KHTML, like Gecko) Chrome/95.0.4638.69 Safari/537.36"
156.228.114.175 - - [16/Sep/2025:05:09:53 +0700] "POST //xmlrpc.php HTTP/1.0" 200 954 "-" "Mozilla/5.0 (Windows NT 10.0; Win64; x64) AppleWebKit/537.36 (KHTML, like Gecko) Chrome/95.0.4638.69 Safari/537.36"
156.228.114.175 - - [16/Sep/2025:05:09:55 +0700] "POST //xmlrpc.php HTTP/1.0" 200 954 "-" "Mozilla/5.0 (Windows NT 10.0; Win64; x64) AppleWebKit/537.36 (KHTML, like Gecko) Chrome/95.0.4638.69 Safari/537.36"
217.113.194.81 - - [16/Sep/2025:05:09:56 +0700] "GET /online-spor-bahisleri-irketi-ve-casino-2/feed/ HTTP/1.0" 200 1717 "-" "Mozilla/5.0 (compatible; Barkrowler/0.9; +https://babbar.tech/crawler)"
156.228.114.175 - - [16/Sep/2025:05:09:56 +0700] "POST //xmlrpc.php HTTP/1.0" 200 954 "-" "Mozilla/5.0 (Windows NT 10.0; Win64; x64) AppleWebKit/537.36 (KHTML, like Gecko) Chrome/95.0.4638.69 Safari/537.36"
148.113.128.196 - - [16/Sep/2025:05:09:57 +0700] "GET /danh-muc/moi-truong-nuoc/phan-tich-asen-hien-truong/?s= HTTP/1.0" 200 68751 "-" "Mozilla/5.0 (compatible; AhrefsBot/7.0; +http://ahrefs.com/robot/)"
156.228.114.175 - - [16/Sep/2025:05:09:58 +0700] "POST //xmlrpc.php HTTP/1.0" 200 954 "-" "Mozilla/5.0 (Windows NT 10.0; Win64; x64) AppleWebKit/537.36 (KHTML, like Gecko) Chrome/95.0.4638.69 Safari/537.36"
156.228.114.175 - - [16/Sep/2025:05:10:00 +0700] "POST //xmlrpc.php HTTP/1.0" 200 954 "-" "Mozilla/5.0 (Windows NT 10.0; Win64; x64) AppleWebKit/537.36 (KHTML, like Gecko) Chrome/95.0.4638.69 Safari/537.36"
156.228.114.175 - - [16/Sep/2025:05:10:02 +0700] "POST //xmlrpc.php HTTP/1.0" 200 954 "-" "Mozilla/5.0 (Windows NT 10.0; Win64; x64) AppleWebKit/537.36 (KHTML, like Gecko) Chrome/95.0.4638.69 Safari/537.36"
156.228.114.175 - - [16/Sep/2025:05:10:04 +0700] "POST //xmlrpc.php HTTP/1.0" 200 954 "-" "Mozilla/5.0 (Windows NT 10.0; Win64; x64) AppleWebKit/537.36 (KHTML, like Gecko) Chrome/95.0.4638.69 Safari/537.36"
156.228.114.175 - - [16/Sep/2025:05:10:05 +0700] "POST //xmlrpc.php HTTP/1.0" 200 954 "-" "Mozilla/5.0 (Windows NT 10.0; Win64; x64) AppleWebKit/537.36 (KHTML, like Gecko) Chrome/95.0.4638.69 Safari/537.36"
156.228.114.175 - - [16/Sep/2025:05:10:07 +0700] "POST //xmlrpc.php HTTP/1.0" 200 954 "-" "Mozilla/5.0 (Windows NT 10.0; Win64; x64) AppleWebKit/537.36 (KHTML, like Gecko) Chrome/95.0.4638.69 Safari/537.36"
156.228.114.175 - - [16/Sep/2025:05:10:09 +0700] "POST //xmlrpc.php HTTP/1.0" 200 954 "-" "Mozilla/5.0 (Windows NT 10.0; Win64; x64) AppleWebKit/537.36 (KHTML, like Gecko) Chrome/95.0.4638.69 Safari/537.36"
156.228.114.175 - - [16/Sep/2025:05:10:11 +0700] "POST //xmlrpc.php HTTP/1.0" 200 954 "-" "Mozilla/5.0 (Windows NT 10.0; Win64; x64) AppleWebKit/537.36 (KHTML, like Gecko) Chrome/95.0.4638.69 Safari/537.36"
156.228.114.175 - - [16/Sep/2025:05:10:12 +0700] "POST //xmlrpc.php HTTP/1.0" 200 954 "-" "Mozilla/5.0 (Windows NT 10.0; Win64; x64) AppleWebKit/537.36 (KHTML, like Gecko) Chrome/95.0.4638.69 Safari/537.36"
217.113.194.79 - - [16/Sep/2025:05:10:14 +0700] "GET /online-spor-bahisleri-sirketi-ve-casino-301/ HTTP/1.0" 200 85872 "-" "Mozilla/5.0 (compatible; Barkrowler/0.9; +https://babbar.tech/crawler)"
156.228.114.175 - - [16/Sep/2025:05:10:14 +0700] "POST //xmlrpc.php HTTP/1.0" 200 954 "-" "Mozilla/5.0 (Windows NT 10.0; Win64; x64) AppleWebKit/537.36 (KHTML, like Gecko) Chrome/95.0.4638.69 Safari/537.36"
45.117.177.72 - - [16/Sep/2025:05:10:17 +0700] "POST /wp-cron.php?doing_wp_cron=1757974217.5804660320281982421875 HTTP/1.0" 200 416 "-" "WordPress/6.8.1; https://vattusacky.vn"
156.228.114.175 - - [16/Sep/2025:05:10:16 +0700] "POST //xmlrpc.php HTTP/1.0" 200 954 "-" "Mozilla/5.0 (Windows NT 10.0; Win64; x64) AppleWebKit/537.36 (KHTML, like Gecko) Chrome/95.0.4638.69 Safari/537.36"
156.228.114.175 - - [16/Sep/2025:05:10:18 +0700] "POST //xmlrpc.php HTTP/1.0" 200 954 "-" "Mozilla/5.0 (Windows NT 10.0; Win64; x64) AppleWebKit/537.36 (KHTML, like Gecko) Chrome/95.0.4638.69 Safari/537.36"
156.228.114.175 - - [16/Sep/2025:05:10:19 +0700] "POST //xmlrpc.php HTTP/1.0" 200 954 "-" "Mozilla/5.0 (Windows NT 10.0; Win64; x64) AppleWebKit/537.36 (KHTML, like Gecko) Chrome/95.0.4638.69 Safari/537.36"
156.228.114.175 - - [16/Sep/2025:05:10:21 +0700] "POST //xmlrpc.php HTTP/1.0" 200 954 "-" "Mozilla/5.0 (Windows NT 10.0; Win64; x64) AppleWebKit/537.36 (KHTML, like Gecko) Chrome/95.0.4638.69 Safari/537.36"
156.228.114.175 - - [16/Sep/2025:05:10:23 +0700] "POST //xmlrpc.php HTTP/1.0" 200 954 "-" "Mozilla/5.0 (Windows NT 10.0; Win64; x64) AppleWebKit/537.36 (KHTML, like Gecko) Chrome/95.0.4638.69 Safari/537.36"
156.228.114.175 - - [16/Sep/2025:05:10:25 +0700] "POST //xmlrpc.php HTTP/1.0" 200 954 "-" "Mozilla/5.0 (Windows NT 10.0; Win64; x64) AppleWebKit/537.36 (KHTML, like Gecko) Chrome/95.0.4638.69 Safari/537.36"
156.228.114.175 - - [16/Sep/2025:05:10:26 +0700] "POST //xmlrpc.php HTTP/1.0" 200 954 "-" "Mozilla/5.0 (Windows NT 10.0; Win64; x64) AppleWebKit/537.36 (KHTML, like Gecko) Chrome/95.0.4638.69 Safari/537.36"
156.228.114.175 - - [16/Sep/2025:05:10:28 +0700] "POST //xmlrpc.php HTTP/1.0" 200 954 "-" "Mozilla/5.0 (Windows NT 10.0; Win64; x64) AppleWebKit/537.36 (KHTML, like Gecko) Chrome/95.0.4638.69 Safari/537.36"
156.228.114.175 - - [16/Sep/2025:05:10:30 +0700] "POST //xmlrpc.php HTTP/1.0" 200 954 "-" "Mozilla/5.0 (Windows NT 10.0; Win64; x64) AppleWebKit/537.36 (KHTML, like Gecko) Chrome/95.0.4638.69 Safari/537.36"
156.228.114.175 - - [16/Sep/2025:05:10:32 +0700] "POST //xmlrpc.php HTTP/1.0" 200 954 "-" "Mozilla/5.0 (Windows NT 10.0; Win64; x64) AppleWebKit/537.36 (KHTML, like Gecko) Chrome/95.0.4638.69 Safari/537.36"
156.228.114.175 - - [16/Sep/2025:05:10:33 +0700] "POST //xmlrpc.php HTTP/1.0" 200 954 "-" "Mozilla/5.0 (Windows NT 10.0; Win64; x64) AppleWebKit/537.36 (KHTML, like Gecko) Chrome/95.0.4638.69 Safari/537.36"
85.208.96.194 - - [16/Sep/2025:05:10:34 +0700] "GET /1xbet-bangladesh-app-review-44/ HTTP/1.0" 200 93802 "-" "Mozilla/5.0 (compatible; SemrushBot/7~bl; +http://www.semrush.com/bot.html)"
156.228.114.175 - - [16/Sep/2025:05:10:35 +0700] "POST //xmlrpc.php HTTP/1.0" 200 954 "-" "Mozilla/5.0 (Windows NT 10.0; Win64; x64) AppleWebKit/537.36 (KHTML, like Gecko) Chrome/95.0.4638.69 Safari/537.36"
156.228.114.175 - - [16/Sep/2025:05:10:37 +0700] "POST //xmlrpc.php HTTP/1.0" 200 954 "-" "Mozilla/5.0 (Windows NT 10.0; Win64; x64) AppleWebKit/537.36 (KHTML, like Gecko) Chrome/95.0.4638.69 Safari/537.36"
156.228.114.175 - - [16/Sep/2025:05:10:39 +0700] "POST //xmlrpc.php HTTP/1.0" 200 954 "-" "Mozilla/5.0 (Windows NT 10.0; Win64; x64) AppleWebKit/537.36 (KHTML, like Gecko) Chrome/95.0.4638.69 Safari/537.36"
142.44.233.155 - - [16/Sep/2025:05:10:39 +0700] "GET /systems-is-satans-manner-of-destroying-the-world/feed/ HTTP/1.0" 200 1748 "-" "Mozilla/5.0 (compatible; AhrefsBot/7.0; +http://ahrefs.com/robot/)"
154.54.249.200 - - [16/Sep/2025:05:10:42 +0700] "GET /fostering-emotional-intelligence-in-omegle-therapy/ HTTP/1.0" 403 612 "-" "Mozilla/5.0 (compatible; Barkrowler/0.9; +https://babbar.tech/crawler)"
156.228.114.175 - - [16/Sep/2025:05:10:40 +0700] "POST //xmlrpc.php HTTP/1.0" 200 954 "-" "Mozilla/5.0 (Windows NT 10.0; Win64; x64) AppleWebKit/537.36 (KHTML, like Gecko) Chrome/95.0.4638.69 Safari/537.36"
156.228.114.175 - - [16/Sep/2025:05:10:42 +0700] "POST //xmlrpc.php HTTP/1.0" 200 954 "-" "Mozilla/5.0 (Windows NT 10.0; Win64; x64) AppleWebKit/537.36 (KHTML, like Gecko) Chrome/95.0.4638.69 Safari/537.36"
156.228.114.175 - - [16/Sep/2025:05:10:44 +0700] "POST //xmlrpc.php HTTP/1.0" 200 954 "-" "Mozilla/5.0 (Windows NT 10.0; Win64; x64) AppleWebKit/537.36 (KHTML, like Gecko) Chrome/95.0.4638.69 Safari/537.36"
156.228.114.175 - - [16/Sep/2025:05:10:46 +0700] "POST //xmlrpc.php HTTP/1.0" 200 954 "-" "Mozilla/5.0 (Windows NT 10.0; Win64; x64) AppleWebKit/537.36 (KHTML, like Gecko) Chrome/95.0.4638.69 Safari/537.36"
185.191.171.8 - - [16/Sep/2025:05:10:47 +0700] "GET /the/luu-toc-dong-chay/ HTTP/1.0" 200 68631 "-" "Mozilla/5.0 (compatible; SemrushBot/7~bl; +http://www.semrush.com/bot.html)"
156.228.114.175 - - [16/Sep/2025:05:10:48 +0700] "POST //xmlrpc.php HTTP/1.0" 200 954 "-" "Mozilla/5.0 (Windows NT 10.0; Win64; x64) AppleWebKit/537.36 (KHTML, like Gecko) Chrome/95.0.4638.69 Safari/537.36"
156.228.114.175 - - [16/Sep/2025:05:10:49 +0700] "POST //xmlrpc.php HTTP/1.0" 200 954 "-" "Mozilla/5.0 (Windows NT 10.0; Win64; x64) AppleWebKit/537.36 (KHTML, like Gecko) Chrome/95.0.4638.69 Safari/537.36"
156.228.114.175 - - [16/Sep/2025:05:10:51 +0700] "POST //xmlrpc.php HTTP/1.0" 200 954 "-" "Mozilla/5.0 (Windows NT 10.0; Win64; x64) AppleWebKit/537.36 (KHTML, like Gecko) Chrome/95.0.4638.69 Safari/537.36"
156.228.114.175 - - [16/Sep/2025:05:10:53 +0700] "POST //xmlrpc.php HTTP/1.0" 200 954 "-" "Mozilla/5.0 (Windows NT 10.0; Win64; x64) AppleWebKit/537.36 (KHTML, like Gecko) Chrome/95.0.4638.69 Safari/537.36"
156.228.114.175 - - [16/Sep/2025:05:10:55 +0700] "POST //xmlrpc.php HTTP/1.0" 200 954 "-" "Mozilla/5.0 (Windows NT 10.0; Win64; x64) AppleWebKit/537.36 (KHTML, like Gecko) Chrome/95.0.4638.69 Safari/537.36"
156.228.114.175 - - [16/Sep/2025:05:10:57 +0700] "POST //xmlrpc.php HTTP/1.0" 200 954 "-" "Mozilla/5.0 (Windows NT 10.0; Win64; x64) AppleWebKit/537.36 (KHTML, like Gecko) Chrome/95.0.4638.69 Safari/537.36"
156.228.114.175 - - [16/Sep/2025:05:10:59 +0700] "POST //xmlrpc.php HTTP/1.0" 200 954 "-" "Mozilla/5.0 (Windows NT 10.0; Win64; x64) AppleWebKit/537.36 (KHTML, like Gecko) Chrome/95.0.4638.69 Safari/537.36"
156.228.114.175 - - [16/Sep/2025:05:11:00 +0700] "POST //xmlrpc.php HTTP/1.0" 200 954 "-" "Mozilla/5.0 (Windows NT 10.0; Win64; x64) AppleWebKit/537.36 (KHTML, like Gecko) Chrome/95.0.4638.69 Safari/537.36"
156.228.114.175 - - [16/Sep/2025:05:11:02 +0700] "POST //xmlrpc.php HTTP/1.0" 200 954 "-" "Mozilla/5.0 (Windows NT 10.0; Win64; x64) AppleWebKit/537.36 (KHTML, like Gecko) Chrome/95.0.4638.69 Safari/537.36"
156.228.114.175 - - [16/Sep/2025:05:11:04 +0700] "POST //xmlrpc.php HTTP/1.0" 200 954 "-" "Mozilla/5.0 (Windows NT 10.0; Win64; x64) AppleWebKit/537.36 (KHTML, like Gecko) Chrome/95.0.4638.69 Safari/537.36"
156.228.114.175 - - [16/Sep/2025:05:11:06 +0700] "POST //xmlrpc.php HTTP/1.0" 200 954 "-" "Mozilla/5.0 (Windows NT 10.0; Win64; x64) AppleWebKit/537.36 (KHTML, like Gecko) Chrome/95.0.4638.69 Safari/537.36"
156.228.114.175 - - [16/Sep/2025:05:11:07 +0700] "POST //xmlrpc.php HTTP/1.0" 200 954 "-" "Mozilla/5.0 (Windows NT 10.0; Win64; x64) AppleWebKit/537.36 (KHTML, like Gecko) Chrome/95.0.4638.69 Safari/537.36"
156.228.114.175 - - [16/Sep/2025:05:11:09 +0700] "POST //xmlrpc.php HTTP/1.0" 200 954 "-" "Mozilla/5.0 (Windows NT 10.0; Win64; x64) AppleWebKit/537.36 (KHTML, like Gecko) Chrome/95.0.4638.69 Safari/537.36"
156.228.114.175 - - [16/Sep/2025:05:11:11 +0700] "POST //xmlrpc.php HTTP/1.0" 200 954 "-" "Mozilla/5.0 (Windows NT 10.0; Win64; x64) AppleWebKit/537.36 (KHTML, like Gecko) Chrome/95.0.4638.69 Safari/537.36"
142.44.220.81 - - [16/Sep/2025:05:11:12 +0700] "GET /nolvadex-steroid-before-and-after/ HTTP/1.0" 200 111528 "-" "Mozilla/5.0 (compatible; AhrefsBot/7.0; +http://ahrefs.com/robot/)"
156.228.114.175 - - [16/Sep/2025:05:11:13 +0700] "POST //xmlrpc.php HTTP/1.0" 200 954 "-" "Mozilla/5.0 (Windows NT 10.0; Win64; x64) AppleWebKit/537.36 (KHTML, like Gecko) Chrome/95.0.4638.69 Safari/537.36"
156.228.114.175 - - [16/Sep/2025:05:11:15 +0700] "POST //xmlrpc.php HTTP/1.0" 200 954 "-" "Mozilla/5.0 (Windows NT 10.0; Win64; x64) AppleWebKit/537.36 (KHTML, like Gecko) Chrome/95.0.4638.69 Safari/537.36"
45.117.177.72 - - [16/Sep/2025:05:11:18 +0700] "POST /wp-cron.php?doing_wp_cron=1757974278.1890540122985839843750 HTTP/1.0" 200 416 "-" "WordPress/6.8.1; https://vattusacky.vn"
156.228.114.175 - - [16/Sep/2025:05:11:17 +0700] "POST //xmlrpc.php HTTP/1.0" 200 954 "-" "Mozilla/5.0 (Windows NT 10.0; Win64; x64) AppleWebKit/537.36 (KHTML, like Gecko) Chrome/95.0.4638.69 Safari/537.36"
156.228.114.175 - - [16/Sep/2025:05:11:18 +0700] "POST //xmlrpc.php HTTP/1.0" 200 954 "-" "Mozilla/5.0 (Windows NT 10.0; Win64; x64) AppleWebKit/537.36 (KHTML, like Gecko) Chrome/95.0.4638.69 Safari/537.36"
156.228.114.175 - - [16/Sep/2025:05:11:20 +0700] "POST //xmlrpc.php HTTP/1.0" 200 954 "-" "Mozilla/5.0 (Windows NT 10.0; Win64; x64) AppleWebKit/537.36 (KHTML, like Gecko) Chrome/95.0.4638.69 Safari/537.36"
156.228.114.175 - - [16/Sep/2025:05:11:22 +0700] "POST //xmlrpc.php HTTP/1.0" 200 954 "-" "Mozilla/5.0 (Windows NT 10.0; Win64; x64) AppleWebKit/537.36 (KHTML, like Gecko) Chrome/95.0.4638.69 Safari/537.36"
156.228.114.175 - - [16/Sep/2025:05:11:24 +0700] "POST //xmlrpc.php HTTP/1.0" 200 954 "-" "Mozilla/5.0 (Windows NT 10.0; Win64; x64) AppleWebKit/537.36 (KHTML, like Gecko) Chrome/95.0.4638.69 Safari/537.36"
156.228.114.175 - - [16/Sep/2025:05:11:25 +0700] "POST //xmlrpc.php HTTP/1.0" 200 954 "-" "Mozilla/5.0 (Windows NT 10.0; Win64; x64) AppleWebKit/537.36 (KHTML, like Gecko) Chrome/95.0.4638.69 Safari/537.36"
156.228.114.175 - - [16/Sep/2025:05:11:27 +0700] "POST //xmlrpc.php HTTP/1.0" 200 954 "-" "Mozilla/5.0 (Windows NT 10.0; Win64; x64) AppleWebKit/537.36 (KHTML, like Gecko) Chrome/95.0.4638.69 Safari/537.36"
156.228.114.175 - - [16/Sep/2025:05:11:29 +0700] "POST //xmlrpc.php HTTP/1.0" 200 954 "-" "Mozilla/5.0 (Windows NT 10.0; Win64; x64) AppleWebKit/537.36 (KHTML, like Gecko) Chrome/95.0.4638.69 Safari/537.36"
156.228.114.175 - - [16/Sep/2025:05:11:30 +0700] "POST //xmlrpc.php HTTP/1.0" 200 954 "-" "Mozilla/5.0 (Windows NT 10.0; Win64; x64) AppleWebKit/537.36 (KHTML, like Gecko) Chrome/95.0.4638.69 Safari/537.36"
156.228.114.175 - - [16/Sep/2025:05:11:32 +0700] "POST //xmlrpc.php HTTP/1.0" 200 954 "-" "Mozilla/5.0 (Windows NT 10.0; Win64; x64) AppleWebKit/537.36 (KHTML, like Gecko) Chrome/95.0.4638.69 Safari/537.36"
156.228.114.175 - - [16/Sep/2025:05:11:34 +0700] "POST //xmlrpc.php HTTP/1.0" 200 954 "-" "Mozilla/5.0 (Windows NT 10.0; Win64; x64) AppleWebKit/537.36 (KHTML, like Gecko) Chrome/95.0.4638.69 Safari/537.36"
156.228.114.175 - - [16/Sep/2025:05:11:36 +0700] "POST //xmlrpc.php HTTP/1.0" 200 954 "-" "Mozilla/5.0 (Windows NT 10.0; Win64; x64) AppleWebKit/537.36 (KHTML, like Gecko) Chrome/95.0.4638.69 Safari/537.36"
156.228.114.175 - - [16/Sep/2025:05:11:37 +0700] "POST //xmlrpc.php HTTP/1.0" 200 954 "-" "Mozilla/5.0 (Windows NT 10.0; Win64; x64) AppleWebKit/537.36 (KHTML, like Gecko) Chrome/95.0.4638.69 Safari/537.36"
156.228.114.175 - - [16/Sep/2025:05:11:39 +0700] "POST //xmlrpc.php HTTP/1.0" 200 954 "-" "Mozilla/5.0 (Windows NT 10.0; Win64; x64) AppleWebKit/537.36 (KHTML, like Gecko) Chrome/95.0.4638.69 Safari/537.36"
156.228.114.175 - - [16/Sep/2025:05:11:41 +0700] "POST //xmlrpc.php HTTP/1.0" 200 954 "-" "Mozilla/5.0 (Windows NT 10.0; Win64; x64) AppleWebKit/537.36 (KHTML, like Gecko) Chrome/95.0.4638.69 Safari/537.36"
156.228.114.175 - - [16/Sep/2025:05:11:43 +0700] "POST //xmlrpc.php HTTP/1.0" 200 954 "-" "Mozilla/5.0 (Windows NT 10.0; Win64; x64) AppleWebKit/537.36 (KHTML, like Gecko) Chrome/95.0.4638.69 Safari/537.36"
156.228.114.175 - - [16/Sep/2025:05:11:44 +0700] "POST //xmlrpc.php HTTP/1.0" 200 954 "-" "Mozilla/5.0 (Windows NT 10.0; Win64; x64) AppleWebKit/537.36 (KHTML, like Gecko) Chrome/95.0.4638.69 Safari/537.36"
156.228.114.175 - - [16/Sep/2025:05:11:46 +0700] "POST //xmlrpc.php HTTP/1.0" 200 954 "-" "Mozilla/5.0 (Windows NT 10.0; Win64; x64) AppleWebKit/537.36 (KHTML, like Gecko) Chrome/95.0.4638.69 Safari/537.36"
54.39.136.182 - - [16/Sep/2025:05:11:47 +0700] "GET /what-to-expect-in-an-omegle-therapy-session/feed/ HTTP/1.0" 200 1726 "-" "Mozilla/5.0 (compatible; AhrefsBot/7.0; +http://ahrefs.com/robot/)"
156.228.114.175 - - [16/Sep/2025:05:11:48 +0700] "POST //xmlrpc.php HTTP/1.0" 200 954 "-" "Mozilla/5.0 (Windows NT 10.0; Win64; x64) AppleWebKit/537.36 (KHTML, like Gecko) Chrome/95.0.4638.69 Safari/537.36"
185.191.171.15 - - [16/Sep/2025:05:11:49 +0700] "GET /robots.txt HTTP/1.0" 200 984 "-" "Mozilla/5.0 (compatible; SemrushBot/7~bl; +http://www.semrush.com/bot.html)"
156.228.114.175 - - [16/Sep/2025:05:11:50 +0700] "POST //xmlrpc.php HTTP/1.0" 200 954 "-" "Mozilla/5.0 (Windows NT 10.0; Win64; x64) AppleWebKit/537.36 (KHTML, like Gecko) Chrome/95.0.4638.69 Safari/537.36"
156.228.114.175 - - [16/Sep/2025:05:11:51 +0700] "POST //xmlrpc.php HTTP/1.0" 200 954 "-" "Mozilla/5.0 (Windows NT 10.0; Win64; x64) AppleWebKit/537.36 (KHTML, like Gecko) Chrome/95.0.4638.69 Safari/537.36"
185.191.171.8 - - [16/Sep/2025:05:11:52 +0700] "GET /situs-internet-port-bermacam-macam-situs-online-6/ HTTP/1.0" 200 96339 "-" "Mozilla/5.0 (compatible; SemrushBot/7~bl; +http://www.semrush.com/bot.html)"
156.228.114.175 - - [16/Sep/2025:05:11:53 +0700] "POST //xmlrpc.php HTTP/1.0" 200 954 "-" "Mozilla/5.0 (Windows NT 10.0; Win64; x64) AppleWebKit/537.36 (KHTML, like Gecko) Chrome/95.0.4638.69 Safari/537.36"
156.228.114.175 - - [16/Sep/2025:05:11:55 +0700] "POST //xmlrpc.php HTTP/1.0" 200 954 "-" "Mozilla/5.0 (Windows NT 10.0; Win64; x64) AppleWebKit/537.36 (KHTML, like Gecko) Chrome/95.0.4638.69 Safari/537.36"
156.228.114.175 - - [16/Sep/2025:05:11:57 +0700] "POST //xmlrpc.php HTTP/1.0" 200 954 "-" "Mozilla/5.0 (Windows NT 10.0; Win64; x64) AppleWebKit/537.36 (KHTML, like Gecko) Chrome/95.0.4638.69 Safari/537.36"
156.228.114.175 - - [16/Sep/2025:05:11:58 +0700] "POST //xmlrpc.php HTTP/1.0" 200 954 "-" "Mozilla/5.0 (Windows NT 10.0; Win64; x64) AppleWebKit/537.36 (KHTML, like Gecko) Chrome/95.0.4638.69 Safari/537.36"
156.228.114.175 - - [16/Sep/2025:05:12:00 +0700] "POST //xmlrpc.php HTTP/1.0" 200 954 "-" "Mozilla/5.0 (Windows NT 10.0; Win64; x64) AppleWebKit/537.36 (KHTML, like Gecko) Chrome/95.0.4638.69 Safari/537.36"
156.228.114.175 - - [16/Sep/2025:05:12:02 +0700] "POST //xmlrpc.php HTTP/1.0" 200 954 "-" "Mozilla/5.0 (Windows NT 10.0; Win64; x64) AppleWebKit/537.36 (KHTML, like Gecko) Chrome/95.0.4638.69 Safari/537.36"
156.228.114.175 - - [16/Sep/2025:05:12:04 +0700] "POST //xmlrpc.php HTTP/1.0" 200 954 "-" "Mozilla/5.0 (Windows NT 10.0; Win64; x64) AppleWebKit/537.36 (KHTML, like Gecko) Chrome/95.0.4638.69 Safari/537.36"
156.228.114.175 - - [16/Sep/2025:05:12:06 +0700] "POST //xmlrpc.php HTTP/1.0" 200 954 "-" "Mozilla/5.0 (Windows NT 10.0; Win64; x64) AppleWebKit/537.36 (KHTML, like Gecko) Chrome/95.0.4638.69 Safari/537.36"
156.228.114.175 - - [16/Sep/2025:05:12:07 +0700] "POST //xmlrpc.php HTTP/1.0" 200 954 "-" "Mozilla/5.0 (Windows NT 10.0; Win64; x64) AppleWebKit/537.36 (KHTML, like Gecko) Chrome/95.0.4638.69 Safari/537.36"
156.228.114.175 - - [16/Sep/2025:05:12:09 +0700] "POST //xmlrpc.php HTTP/1.0" 200 954 "-" "Mozilla/5.0 (Windows NT 10.0; Win64; x64) AppleWebKit/537.36 (KHTML, like Gecko) Chrome/95.0.4638.69 Safari/537.36"
156.228.114.175 - - [16/Sep/2025:05:12:11 +0700] "POST //xmlrpc.php HTTP/1.0" 200 954 "-" "Mozilla/5.0 (Windows NT 10.0; Win64; x64) AppleWebKit/537.36 (KHTML, like Gecko) Chrome/95.0.4638.69 Safari/537.36"
156.228.114.175 - - [16/Sep/2025:05:12:13 +0700] "POST //xmlrpc.php HTTP/1.0" 200 954 "-" "Mozilla/5.0 (Windows NT 10.0; Win64; x64) AppleWebKit/537.36 (KHTML, like Gecko) Chrome/95.0.4638.69 Safari/537.36"
54.39.6.212 - - [16/Sep/2025:05:12:14 +0700] "GET /cash-talks-un-pair-bi-cotier-qui-gagne-210-000-par-an/ HTTP/1.0" 200 212510 "-" "Mozilla/5.0 (compatible; AhrefsBot/7.0; +http://ahrefs.com/robot/)"
45.117.177.72 - - [16/Sep/2025:05:12:17 +0700] "POST /wp-cron.php?doing_wp_cron=1757974337.2090411186218261718750 HTTP/1.0" 200 416 "-" "WordPress/6.8.1; https://vattusacky.vn"
156.228.114.175 - - [16/Sep/2025:05:12:15 +0700] "POST //xmlrpc.php HTTP/1.0" 200 954 "-" "Mozilla/5.0 (Windows NT 10.0; Win64; x64) AppleWebKit/537.36 (KHTML, like Gecko) Chrome/95.0.4638.69 Safari/537.36"
156.228.114.175 - - [16/Sep/2025:05:12:17 +0700] "POST //xmlrpc.php HTTP/1.0" 200 954 "-" "Mozilla/5.0 (Windows NT 10.0; Win64; x64) AppleWebKit/537.36 (KHTML, like Gecko) Chrome/95.0.4638.69 Safari/537.36"
156.228.114.175 - - [16/Sep/2025:05:12:19 +0700] "POST //xmlrpc.php HTTP/1.0" 200 954 "-" "Mozilla/5.0 (Windows NT 10.0; Win64; x64) AppleWebKit/537.36 (KHTML, like Gecko) Chrome/95.0.4638.69 Safari/537.36"
156.228.114.175 - - [16/Sep/2025:05:12:21 +0700] "POST //xmlrpc.php HTTP/1.0" 200 954 "-" "Mozilla/5.0 (Windows NT 10.0; Win64; x64) AppleWebKit/537.36 (KHTML, like Gecko) Chrome/95.0.4638.69 Safari/537.36"
156.228.114.175 - - [16/Sep/2025:05:12:23 +0700] "POST //xmlrpc.php HTTP/1.0" 200 954 "-" "Mozilla/5.0 (Windows NT 10.0; Win64; x64) AppleWebKit/537.36 (KHTML, like Gecko) Chrome/95.0.4638.69 Safari/537.36"
85.208.96.200 - - [16/Sep/2025:05:12:24 +0700] "GET /cach-tim-yeu-cau-vay-tra-gop-chi-can-cmnd-ung-truoc-nhanh-chong/ HTTP/1.0" 200 210343 "-" "Mozilla/5.0 (compatible; SemrushBot/7~bl; +http://www.semrush.com/bot.html)"
156.228.114.175 - - [16/Sep/2025:05:12:24 +0700] "POST //xmlrpc.php HTTP/1.0" 200 954 "-" "Mozilla/5.0 (Windows NT 10.0; Win64; x64) AppleWebKit/537.36 (KHTML, like Gecko) Chrome/95.0.4638.69 Safari/537.36"
156.228.114.175 - - [16/Sep/2025:05:12:26 +0700] "POST //xmlrpc.php HTTP/1.0" 200 954 "-" "Mozilla/5.0 (Windows NT 10.0; Win64; x64) AppleWebKit/537.36 (KHTML, like Gecko) Chrome/95.0.4638.69 Safari/537.36"
156.228.114.175 - - [16/Sep/2025:05:12:28 +0700] "POST //xmlrpc.php HTTP/1.0" 200 954 "-" "Mozilla/5.0 (Windows NT 10.0; Win64; x64) AppleWebKit/537.36 (KHTML, like Gecko) Chrome/95.0.4638.69 Safari/537.36"
156.228.114.175 - - [16/Sep/2025:05:12:30 +0700] "POST //xmlrpc.php HTTP/1.0" 200 954 "-" "Mozilla/5.0 (Windows NT 10.0; Win64; x64) AppleWebKit/537.36 (KHTML, like Gecko) Chrome/95.0.4638.69 Safari/537.36"
156.228.114.175 - - [16/Sep/2025:05:12:32 +0700] "POST //xmlrpc.php HTTP/1.0" 200 954 "-" "Mozilla/5.0 (Windows NT 10.0; Win64; x64) AppleWebKit/537.36 (KHTML, like Gecko) Chrome/95.0.4638.69 Safari/537.36"
156.228.114.175 - - [16/Sep/2025:05:12:34 +0700] "POST //xmlrpc.php HTTP/1.0" 200 954 "-" "Mozilla/5.0 (Windows NT 10.0; Win64; x64) AppleWebKit/537.36 (KHTML, like Gecko) Chrome/95.0.4638.69 Safari/537.36"
54.39.6.185 - - [16/Sep/2025:05:12:35 +0700] "GET /igra-luckyjet-2023-kak-rabotaet-taktika-igry/ HTTP/1.0" 200 222475 "-" "Mozilla/5.0 (compatible; AhrefsBot/7.0; +http://ahrefs.com/robot/)"
156.228.114.175 - - [16/Sep/2025:05:12:36 +0700] "POST //xmlrpc.php HTTP/1.0" 200 954 "-" "Mozilla/5.0 (Windows NT 10.0; Win64; x64) AppleWebKit/537.36 (KHTML, like Gecko) Chrome/95.0.4638.69 Safari/537.36"
156.228.114.175 - - [16/Sep/2025:05:12:37 +0700] "POST //xmlrpc.php HTTP/1.0" 200 954 "-" "Mozilla/5.0 (Windows NT 10.0; Win64; x64) AppleWebKit/537.36 (KHTML, like Gecko) Chrome/95.0.4638.69 Safari/537.36"
156.228.114.175 - - [16/Sep/2025:05:12:39 +0700] "POST //xmlrpc.php HTTP/1.0" 200 954 "-" "Mozilla/5.0 (Windows NT 10.0; Win64; x64) AppleWebKit/537.36 (KHTML, like Gecko) Chrome/95.0.4638.69 Safari/537.36"
156.228.114.175 - - [16/Sep/2025:05:12:41 +0700] "POST //xmlrpc.php HTTP/1.0" 200 954 "-" "Mozilla/5.0 (Windows NT 10.0; Win64; x64) AppleWebKit/537.36 (KHTML, like Gecko) Chrome/95.0.4638.69 Safari/537.36"
156.228.114.175 - - [16/Sep/2025:05:12:43 +0700] "POST //xmlrpc.php HTTP/1.0" 200 954 "-" "Mozilla/5.0 (Windows NT 10.0; Win64; x64) AppleWebKit/537.36 (KHTML, like Gecko) Chrome/95.0.4638.69 Safari/537.36"
52.167.144.167 - - [16/Sep/2025:05:12:43 +0700] "GET /san-pham/may-quang-pho-tu-ngoai-kha-kien-pgi-anh-uvvis-08-vi-tri-02-chum-tia-khe-2nm-khong-co-uvwin-software-copy-2/ HTTP/1.0" 200 378103 "-" "Mozilla/5.0 AppleWebKit/537.36 (KHTML, like Gecko; compatible; bingbot/2.0; +http://www.bing.com/bingbot.htm) Chrome/116.0.1938.76 Safari/537.36"
156.228.114.175 - - [16/Sep/2025:05:12:44 +0700] "POST //xmlrpc.php HTTP/1.0" 200 954 "-" "Mozilla/5.0 (Windows NT 10.0; Win64; x64) AppleWebKit/537.36 (KHTML, like Gecko) Chrome/95.0.4638.69 Safari/537.36"
54.39.0.84 - - [16/Sep/2025:05:12:45 +0700] "GET /why-building-networks-on-omegle-and-ometv-is-important/feed/ HTTP/1.0" 200 1759 "-" "Mozilla/5.0 (compatible; AhrefsBot/7.0; +http://ahrefs.com/robot/)"
156.228.114.175 - - [16/Sep/2025:05:12:46 +0700] "POST //xmlrpc.php HTTP/1.0" 200 954 "-" "Mozilla/5.0 (Windows NT 10.0; Win64; x64) AppleWebKit/537.36 (KHTML, like Gecko) Chrome/95.0.4638.69 Safari/537.36"
157.55.39.56 - - [16/Sep/2025:05:12:48 +0700] "GET /building-connections-for-entrepreneurial-success-on-omegle-and-ometv/ HTTP/1.0" 200 94541 "-" "Mozilla/5.0 AppleWebKit/537.36 (KHTML, like Gecko; compatible; bingbot/2.0; +http://www.bing.com/bingbot.htm) Chrome/116.0.1938.76 Safari/537.36"
156.228.114.175 - - [16/Sep/2025:05:12:48 +0700] "POST //xmlrpc.php HTTP/1.0" 200 954 "-" "Mozilla/5.0 (Windows NT 10.0; Win64; x64) AppleWebKit/537.36 (KHTML, like Gecko) Chrome/95.0.4638.69 Safari/537.36"
156.228.114.175 - - [16/Sep/2025:05:12:50 +0700] "POST //xmlrpc.php HTTP/1.0" 200 954 "-" "Mozilla/5.0 (Windows NT 10.0; Win64; x64) AppleWebKit/537.36 (KHTML, like Gecko) Chrome/95.0.4638.69 Safari/537.36"
156.228.114.175 - - [16/Sep/2025:05:12:52 +0700] "POST //xmlrpc.php HTTP/1.0" 200 954 "-" "Mozilla/5.0 (Windows NT 10.0; Win64; x64) AppleWebKit/537.36 (KHTML, like Gecko) Chrome/95.0.4638.69 Safari/537.36"
156.228.114.175 - - [16/Sep/2025:05:12:53 +0700] "POST //xmlrpc.php HTTP/1.0" 200 954 "-" "Mozilla/5.0 (Windows NT 10.0; Win64; x64) AppleWebKit/537.36 (KHTML, like Gecko) Chrome/95.0.4638.69 Safari/537.36"
156.228.114.175 - - [16/Sep/2025:05:12:55 +0700] "POST //xmlrpc.php HTTP/1.0" 200 954 "-" "Mozilla/5.0 (Windows NT 10.0; Win64; x64) AppleWebKit/537.36 (KHTML, like Gecko) Chrome/95.0.4638.69 Safari/537.36"
156.228.114.175 - - [16/Sep/2025:05:12:57 +0700] "POST //xmlrpc.php HTTP/1.0" 200 954 "-" "Mozilla/5.0 (Windows NT 10.0; Win64; x64) AppleWebKit/537.36 (KHTML, like Gecko) Chrome/95.0.4638.69 Safari/537.36"
156.228.114.175 - - [16/Sep/2025:05:12:59 +0700] "POST //xmlrpc.php HTTP/1.0" 200 954 "-" "Mozilla/5.0 (Windows NT 10.0; Win64; x64) AppleWebKit/537.36 (KHTML, like Gecko) Chrome/95.0.4638.69 Safari/537.36"
156.228.114.175 - - [16/Sep/2025:05:13:00 +0700] "POST //xmlrpc.php HTTP/1.0" 200 954 "-" "Mozilla/5.0 (Windows NT 10.0; Win64; x64) AppleWebKit/537.36 (KHTML, like Gecko) Chrome/95.0.4638.69 Safari/537.36"
156.228.114.175 - - [16/Sep/2025:05:13:02 +0700] "POST //xmlrpc.php HTTP/1.0" 200 954 "-" "Mozilla/5.0 (Windows NT 10.0; Win64; x64) AppleWebKit/537.36 (KHTML, like Gecko) Chrome/95.0.4638.69 Safari/537.36"
156.228.114.175 - - [16/Sep/2025:05:13:04 +0700] "POST //xmlrpc.php HTTP/1.0" 200 954 "-" "Mozilla/5.0 (Windows NT 10.0; Win64; x64) AppleWebKit/537.36 (KHTML, like Gecko) Chrome/95.0.4638.69 Safari/537.36"
156.228.114.175 - - [16/Sep/2025:05:13:06 +0700] "POST //xmlrpc.php HTTP/1.0" 200 954 "-" "Mozilla/5.0 (Windows NT 10.0; Win64; x64) AppleWebKit/537.36 (KHTML, like Gecko) Chrome/95.0.4638.69 Safari/537.36"
156.228.114.175 - - [16/Sep/2025:05:13:08 +0700] "POST //xmlrpc.php HTTP/1.0" 200 954 "-" "Mozilla/5.0 (Windows NT 10.0; Win64; x64) AppleWebKit/537.36 (KHTML, like Gecko) Chrome/95.0.4638.69 Safari/537.36"
156.228.114.175 - - [16/Sep/2025:05:13:09 +0700] "POST //xmlrpc.php HTTP/1.0" 200 954 "-" "Mozilla/5.0 (Windows NT 10.0; Win64; x64) AppleWebKit/537.36 (KHTML, like Gecko) Chrome/95.0.4638.69 Safari/537.36"
156.228.114.175 - - [16/Sep/2025:05:13:11 +0700] "POST //xmlrpc.php HTTP/1.0" 200 954 "-" "Mozilla/5.0 (Windows NT 10.0; Win64; x64) AppleWebKit/537.36 (KHTML, like Gecko) Chrome/95.0.4638.69 Safari/537.36"
156.228.114.175 - - [16/Sep/2025:05:13:13 +0700] "POST //xmlrpc.php HTTP/1.0" 200 954 "-" "Mozilla/5.0 (Windows NT 10.0; Win64; x64) AppleWebKit/537.36 (KHTML, like Gecko) Chrome/95.0.4638.69 Safari/537.36"
217.113.194.77 - - [16/Sep/2025:05:13:14 +0700] "GET /arrange-a-1xbet-fashionable-software-with-no-8/feed/ HTTP/1.0" 200 1748 "-" "Mozilla/5.0 (compatible; Barkrowler/0.9; +https://babbar.tech/crawler)"
156.228.114.175 - - [16/Sep/2025:05:13:15 +0700] "POST //xmlrpc.php HTTP/1.0" 200 954 "-" "Mozilla/5.0 (Windows NT 10.0; Win64; x64) AppleWebKit/537.36 (KHTML, like Gecko) Chrome/95.0.4638.69 Safari/537.36"
45.117.177.72 - - [16/Sep/2025:05:13:18 +0700] "POST /wp-cron.php?doing_wp_cron=1757974398.2840249538421630859375 HTTP/1.0" 200 416 "-" "WordPress/6.8.1; https://vattusacky.vn"
156.228.114.175 - - [16/Sep/2025:05:13:16 +0700] "POST //xmlrpc.php HTTP/1.0" 200 954 "-" "Mozilla/5.0 (Windows NT 10.0; Win64; x64) AppleWebKit/537.36 (KHTML, like Gecko) Chrome/95.0.4638.69 Safari/537.36"
156.228.114.175 - - [16/Sep/2025:05:13:18 +0700] "POST //xmlrpc.php HTTP/1.0" 200 954 "-" "Mozilla/5.0 (Windows NT 10.0; Win64; x64) AppleWebKit/537.36 (KHTML, like Gecko) Chrome/95.0.4638.69 Safari/537.36"
156.228.114.175 - - [16/Sep/2025:05:13:20 +0700] "POST //xmlrpc.php HTTP/1.0" 200 954 "-" "Mozilla/5.0 (Windows NT 10.0; Win64; x64) AppleWebKit/537.36 (KHTML, like Gecko) Chrome/95.0.4638.69 Safari/537.36"
156.228.114.175 - - [16/Sep/2025:05:13:22 +0700] "POST //xmlrpc.php HTTP/1.0" 200 954 "-" "Mozilla/5.0 (Windows NT 10.0; Win64; x64) AppleWebKit/537.36 (KHTML, like Gecko) Chrome/95.0.4638.69 Safari/537.36"
156.228.114.175 - - [16/Sep/2025:05:13:24 +0700] "POST //xmlrpc.php HTTP/1.0" 200 954 "-" "Mozilla/5.0 (Windows NT 10.0; Win64; x64) AppleWebKit/537.36 (KHTML, like Gecko) Chrome/95.0.4638.69 Safari/537.36"
156.228.114.175 - - [16/Sep/2025:05:13:25 +0700] "POST //xmlrpc.php HTTP/1.0" 200 954 "-" "Mozilla/5.0 (Windows NT 10.0; Win64; x64) AppleWebKit/537.36 (KHTML, like Gecko) Chrome/95.0.4638.69 Safari/537.36"
156.228.114.175 - - [16/Sep/2025:05:13:27 +0700] "POST //xmlrpc.php HTTP/1.0" 200 954 "-" "Mozilla/5.0 (Windows NT 10.0; Win64; x64) AppleWebKit/537.36 (KHTML, like Gecko) Chrome/95.0.4638.69 Safari/537.36"
156.228.114.175 - - [16/Sep/2025:05:13:29 +0700] "POST //xmlrpc.php HTTP/1.0" 200 954 "-" "Mozilla/5.0 (Windows NT 10.0; Win64; x64) AppleWebKit/537.36 (KHTML, like Gecko) Chrome/95.0.4638.69 Safari/537.36"
142.44.220.185 - - [16/Sep/2025:05:13:30 +0700] "GET /author/yanz/page/131/ HTTP/1.0" 200 77967 "-" "Mozilla/5.0 (compatible; AhrefsBot/7.0; +http://ahrefs.com/robot/)"
156.228.114.175 - - [16/Sep/2025:05:13:31 +0700] "POST //xmlrpc.php HTTP/1.0" 200 954 "-" "Mozilla/5.0 (Windows NT 10.0; Win64; x64) AppleWebKit/537.36 (KHTML, like Gecko) Chrome/95.0.4638.69 Safari/537.36"
