156.228.114.175 - - [16/Sep/2025:05:31:05 +0700] "POST //xmlrpc.php HTTP/1.0" 200 954 "-" "Mozilla/5.0 (Windows NT 10.0; Win64; x64) AppleWebKit/537.36 (KHTML, like Gecko) Chrome/95.0.4638.69 Safari/537.36"
156.228.114.175 - - [16/Sep/2025:05:31:07 +0700] "POST //xmlrpc.php HTTP/1.0" 200 954 "-" "Mozilla/5.0 (Windows NT 10.0; Win64; x64) AppleWebKit/537.36 (KHTML, like Gecko) Chrome/95.0.4638.69 Safari/537.36"
156.228.114.175 - - [16/Sep/2025:05:31:09 +0700] "POST //xmlrpc.php HTTP/1.0" 200 954 "-" "Mozilla/5.0 (Windows NT 10.0; Win64; x64) AppleWebKit/537.36 (KHTML, like Gecko) Chrome/95.0.4638.69 Safari/537.36"
156.228.114.175 - - [16/Sep/2025:05:31:11 +0700] "POST //xmlrpc.php HTTP/1.0" 200 954 "-" "Mozilla/5.0 (Windows NT 10.0; Win64; x64) AppleWebKit/537.36 (KHTML, like Gecko) Chrome/95.0.4638.69 Safari/537.36"
156.228.114.175 - - [16/Sep/2025:05:31:12 +0700] "POST //xmlrpc.php HTTP/1.0" 200 954 "-" "Mozilla/5.0 (Windows NT 10.0; Win64; x64) AppleWebKit/537.36 (KHTML, like Gecko) Chrome/95.0.4638.69 Safari/537.36"
156.228.114.175 - - [16/Sep/2025:05:31:14 +0700] "POST //xmlrpc.php HTTP/1.0" 200 954 "-" "Mozilla/5.0 (Windows NT 10.0; Win64; x64) AppleWebKit/537.36 (KHTML, like Gecko) Chrome/95.0.4638.69 Safari/537.36"
45.117.177.72 - - [16/Sep/2025:05:31:17 +0700] "POST /wp-cron.php?doing_wp_cron=1757975477.4712340831756591796875 HTTP/1.0" 200 416 "-" "WordPress/6.8.1; https://vattusacky.vn"
154.54.249.200 - - [16/Sep/2025:05:31:16 +0700] "GET /dont-casino-unless-you-use-these-10-tools/feed/ HTTP/1.0" 200 1727 "-" "Mozilla/5.0 (compatible; Barkrowler/0.9; +https://babbar.tech/crawler)"
156.228.114.175 - - [16/Sep/2025:05:31:16 +0700] "POST //xmlrpc.php HTTP/1.0" 200 954 "-" "Mozilla/5.0 (Windows NT 10.0; Win64; x64) AppleWebKit/537.36 (KHTML, like Gecko) Chrome/95.0.4638.69 Safari/537.36"
156.228.114.175 - - [16/Sep/2025:05:31:18 +0700] "POST //xmlrpc.php HTTP/1.0" 200 954 "-" "Mozilla/5.0 (Windows NT 10.0; Win64; x64) AppleWebKit/537.36 (KHTML, like Gecko) Chrome/95.0.4638.69 Safari/537.36"
156.228.114.175 - - [16/Sep/2025:05:31:20 +0700] "POST //xmlrpc.php HTTP/1.0" 200 954 "-" "Mozilla/5.0 (Windows NT 10.0; Win64; x64) AppleWebKit/537.36 (KHTML, like Gecko) Chrome/95.0.4638.69 Safari/537.36"
156.228.114.175 - - [16/Sep/2025:05:31:21 +0700] "POST //xmlrpc.php HTTP/1.0" 200 954 "-" "Mozilla/5.0 (Windows NT 10.0; Win64; x64) AppleWebKit/537.36 (KHTML, like Gecko) Chrome/95.0.4638.69 Safari/537.36"
156.228.114.175 - - [16/Sep/2025:05:31:23 +0700] "POST //xmlrpc.php HTTP/1.0" 200 954 "-" "Mozilla/5.0 (Windows NT 10.0; Win64; x64) AppleWebKit/537.36 (KHTML, like Gecko) Chrome/95.0.4638.69 Safari/537.36"
156.228.114.175 - - [16/Sep/2025:05:31:25 +0700] "POST //xmlrpc.php HTTP/1.0" 200 954 "-" "Mozilla/5.0 (Windows NT 10.0; Win64; x64) AppleWebKit/537.36 (KHTML, like Gecko) Chrome/95.0.4638.69 Safari/537.36"
156.228.114.175 - - [16/Sep/2025:05:31:27 +0700] "POST //xmlrpc.php HTTP/1.0" 200 954 "-" "Mozilla/5.0 (Windows NT 10.0; Win64; x64) AppleWebKit/537.36 (KHTML, like Gecko) Chrome/95.0.4638.69 Safari/537.36"
156.228.114.175 - - [16/Sep/2025:05:31:29 +0700] "POST //xmlrpc.php HTTP/1.0" 200 954 "-" "Mozilla/5.0 (Windows NT 10.0; Win64; x64) AppleWebKit/537.36 (KHTML, like Gecko) Chrome/95.0.4638.69 Safari/537.36"
156.228.114.175 - - [16/Sep/2025:05:31:31 +0700] "POST //xmlrpc.php HTTP/1.0" 200 954 "-" "Mozilla/5.0 (Windows NT 10.0; Win64; x64) AppleWebKit/537.36 (KHTML, like Gecko) Chrome/95.0.4638.69 Safari/537.36"
156.228.114.175 - - [16/Sep/2025:05:31:32 +0700] "POST //xmlrpc.php HTTP/1.0" 200 954 "-" "Mozilla/5.0 (Windows NT 10.0; Win64; x64) AppleWebKit/537.36 (KHTML, like Gecko) Chrome/95.0.4638.69 Safari/537.36"
217.113.194.72 - - [16/Sep/2025:05:31:34 +0700] "GET /dont-be-fooled-by-best-online-betting-sites-singapore/feed/ HTTP/1.0" 200 1763 "-" "Mozilla/5.0 (compatible; Barkrowler/0.9; +https://babbar.tech/crawler)"
156.228.114.175 - - [16/Sep/2025:05:31:34 +0700] "POST //xmlrpc.php HTTP/1.0" 200 954 "-" "Mozilla/5.0 (Windows NT 10.0; Win64; x64) AppleWebKit/537.36 (KHTML, like Gecko) Chrome/95.0.4638.69 Safari/537.36"
156.228.114.175 - - [16/Sep/2025:05:31:36 +0700] "POST //xmlrpc.php HTTP/1.0" 200 954 "-" "Mozilla/5.0 (Windows NT 10.0; Win64; x64) AppleWebKit/537.36 (KHTML, like Gecko) Chrome/95.0.4638.69 Safari/537.36"
156.228.114.175 - - [16/Sep/2025:05:31:38 +0700] "POST //xmlrpc.php HTTP/1.0" 200 954 "-" "Mozilla/5.0 (Windows NT 10.0; Win64; x64) AppleWebKit/537.36 (KHTML, like Gecko) Chrome/95.0.4638.69 Safari/537.36"
54.39.210.247 - - [16/Sep/2025:05:31:38 +0700] "GET /the/dau-loc/ HTTP/1.0" 200 68843 "-" "Mozilla/5.0 (compatible; AhrefsBot/7.0; +http://ahrefs.com/robot/)"
156.228.114.175 - - [16/Sep/2025:05:31:39 +0700] "POST //xmlrpc.php HTTP/1.0" 200 954 "-" "Mozilla/5.0 (Windows NT 10.0; Win64; x64) AppleWebKit/537.36 (KHTML, like Gecko) Chrome/95.0.4638.69 Safari/537.36"
156.228.114.175 - - [16/Sep/2025:05:31:41 +0700] "POST //xmlrpc.php HTTP/1.0" 200 954 "-" "Mozilla/5.0 (Windows NT 10.0; Win64; x64) AppleWebKit/537.36 (KHTML, like Gecko) Chrome/95.0.4638.69 Safari/537.36"
156.228.114.175 - - [16/Sep/2025:05:31:43 +0700] "POST //xmlrpc.php HTTP/1.0" 200 954 "-" "Mozilla/5.0 (Windows NT 10.0; Win64; x64) AppleWebKit/537.36 (KHTML, like Gecko) Chrome/95.0.4638.69 Safari/537.36"
156.228.114.175 - - [16/Sep/2025:05:31:45 +0700] "POST //xmlrpc.php HTTP/1.0" 200 954 "-" "Mozilla/5.0 (Windows NT 10.0; Win64; x64) AppleWebKit/537.36 (KHTML, like Gecko) Chrome/95.0.4638.69 Safari/537.36"
156.228.114.175 - - [16/Sep/2025:05:31:47 +0700] "POST //xmlrpc.php HTTP/1.0" 200 954 "-" "Mozilla/5.0 (Windows NT 10.0; Win64; x64) AppleWebKit/537.36 (KHTML, like Gecko) Chrome/95.0.4638.69 Safari/537.36"
156.228.114.175 - - [16/Sep/2025:05:31:48 +0700] "POST //xmlrpc.php HTTP/1.0" 200 954 "-" "Mozilla/5.0 (Windows NT 10.0; Win64; x64) AppleWebKit/537.36 (KHTML, like Gecko) Chrome/95.0.4638.69 Safari/537.36"
156.228.114.175 - - [16/Sep/2025:05:31:50 +0700] "POST //xmlrpc.php HTTP/1.0" 200 954 "-" "Mozilla/5.0 (Windows NT 10.0; Win64; x64) AppleWebKit/537.36 (KHTML, like Gecko) Chrome/95.0.4638.69 Safari/537.36"
156.228.114.175 - - [16/Sep/2025:05:31:52 +0700] "POST //xmlrpc.php HTTP/1.0" 200 954 "-" "Mozilla/5.0 (Windows NT 10.0; Win64; x64) AppleWebKit/537.36 (KHTML, like Gecko) Chrome/95.0.4638.69 Safari/537.36"
217.113.194.81 - - [16/Sep/2025:05:31:52 +0700] "GET /funny-omegle-chat-fails-with-unexpected-twists/feed/ HTTP/1.0" 200 1735 "-" "Mozilla/5.0 (compatible; Barkrowler/0.9; +https://babbar.tech/crawler)"
156.228.114.175 - - [16/Sep/2025:05:31:54 +0700] "POST //xmlrpc.php HTTP/1.0" 200 954 "-" "Mozilla/5.0 (Windows NT 10.0; Win64; x64) AppleWebKit/537.36 (KHTML, like Gecko) Chrome/95.0.4638.69 Safari/537.36"
156.228.114.175 - - [16/Sep/2025:05:31:55 +0700] "POST //xmlrpc.php HTTP/1.0" 200 954 "-" "Mozilla/5.0 (Windows NT 10.0; Win64; x64) AppleWebKit/537.36 (KHTML, like Gecko) Chrome/95.0.4638.69 Safari/537.36"
156.228.114.175 - - [16/Sep/2025:05:31:57 +0700] "POST //xmlrpc.php HTTP/1.0" 200 954 "-" "Mozilla/5.0 (Windows NT 10.0; Win64; x64) AppleWebKit/537.36 (KHTML, like Gecko) Chrome/95.0.4638.69 Safari/537.36"
156.228.114.175 - - [16/Sep/2025:05:31:59 +0700] "POST //xmlrpc.php HTTP/1.0" 200 954 "-" "Mozilla/5.0 (Windows NT 10.0; Win64; x64) AppleWebKit/537.36 (KHTML, like Gecko) Chrome/95.0.4638.69 Safari/537.36"
156.228.114.175 - - [16/Sep/2025:05:32:01 +0700] "POST //xmlrpc.php HTTP/1.0" 200 954 "-" "Mozilla/5.0 (Windows NT 10.0; Win64; x64) AppleWebKit/537.36 (KHTML, like Gecko) Chrome/95.0.4638.69 Safari/537.36"
156.228.114.175 - - [16/Sep/2025:05:32:02 +0700] "POST //xmlrpc.php HTTP/1.0" 200 954 "-" "Mozilla/5.0 (Windows NT 10.0; Win64; x64) AppleWebKit/537.36 (KHTML, like Gecko) Chrome/95.0.4638.69 Safari/537.36"
156.228.114.175 - - [16/Sep/2025:05:32:04 +0700] "POST //xmlrpc.php HTTP/1.0" 200 954 "-" "Mozilla/5.0 (Windows NT 10.0; Win64; x64) AppleWebKit/537.36 (KHTML, like Gecko) Chrome/95.0.4638.69 Safari/537.36"
156.228.114.175 - - [16/Sep/2025:05:32:06 +0700] "POST //xmlrpc.php HTTP/1.0" 200 954 "-" "Mozilla/5.0 (Windows NT 10.0; Win64; x64) AppleWebKit/537.36 (KHTML, like Gecko) Chrome/95.0.4638.69 Safari/537.36"
156.228.114.175 - - [16/Sep/2025:05:32:08 +0700] "POST //xmlrpc.php HTTP/1.0" 200 954 "-" "Mozilla/5.0 (Windows NT 10.0; Win64; x64) AppleWebKit/537.36 (KHTML, like Gecko) Chrome/95.0.4638.69 Safari/537.36"
156.228.114.175 - - [16/Sep/2025:05:32:09 +0700] "POST //xmlrpc.php HTTP/1.0" 200 954 "-" "Mozilla/5.0 (Windows NT 10.0; Win64; x64) AppleWebKit/537.36 (KHTML, like Gecko) Chrome/95.0.4638.69 Safari/537.36"
217.113.194.78 - - [16/Sep/2025:05:32:10 +0700] "GET /funny-omegle-experiences-and-chatting-mishaps/feed/ HTTP/1.0" 200 1732 "-" "Mozilla/5.0 (compatible; Barkrowler/0.9; +https://babbar.tech/crawler)"
156.228.114.175 - - [16/Sep/2025:05:32:11 +0700] "POST //xmlrpc.php HTTP/1.0" 200 954 "-" "Mozilla/5.0 (Windows NT 10.0; Win64; x64) AppleWebKit/537.36 (KHTML, like Gecko) Chrome/95.0.4638.69 Safari/537.36"
156.228.114.175 - - [16/Sep/2025:05:32:13 +0700] "POST //xmlrpc.php HTTP/1.0" 200 954 "-" "Mozilla/5.0 (Windows NT 10.0; Win64; x64) AppleWebKit/537.36 (KHTML, like Gecko) Chrome/95.0.4638.69 Safari/537.36"
156.228.114.175 - - [16/Sep/2025:05:32:15 +0700] "POST //xmlrpc.php HTTP/1.0" 200 954 "-" "Mozilla/5.0 (Windows NT 10.0; Win64; x64) AppleWebKit/537.36 (KHTML, like Gecko) Chrome/95.0.4638.69 Safari/537.36"
45.117.177.72 - - [16/Sep/2025:05:32:18 +0700] "POST /wp-cron.php?doing_wp_cron=1757975538.6590700149536132812500 HTTP/1.0" 200 416 "-" "WordPress/6.8.1; https://vattusacky.vn"
156.228.114.175 - - [16/Sep/2025:05:32:17 +0700] "POST //xmlrpc.php HTTP/1.0" 200 954 "-" "Mozilla/5.0 (Windows NT 10.0; Win64; x64) AppleWebKit/537.36 (KHTML, like Gecko) Chrome/95.0.4638.69 Safari/537.36"
156.228.114.175 - - [16/Sep/2025:05:32:19 +0700] "POST //xmlrpc.php HTTP/1.0" 200 954 "-" "Mozilla/5.0 (Windows NT 10.0; Win64; x64) AppleWebKit/537.36 (KHTML, like Gecko) Chrome/95.0.4638.69 Safari/537.36"
156.228.114.175 - - [16/Sep/2025:05:32:21 +0700] "POST //xmlrpc.php HTTP/1.0" 200 954 "-" "Mozilla/5.0 (Windows NT 10.0; Win64; x64) AppleWebKit/537.36 (KHTML, like Gecko) Chrome/95.0.4638.69 Safari/537.36"
156.228.114.175 - - [16/Sep/2025:05:32:22 +0700] "POST //xmlrpc.php HTTP/1.0" 200 954 "-" "Mozilla/5.0 (Windows NT 10.0; Win64; x64) AppleWebKit/537.36 (KHTML, like Gecko) Chrome/95.0.4638.69 Safari/537.36"
156.228.114.175 - - [16/Sep/2025:05:32:24 +0700] "POST //xmlrpc.php HTTP/1.0" 200 954 "-" "Mozilla/5.0 (Windows NT 10.0; Win64; x64) AppleWebKit/537.36 (KHTML, like Gecko) Chrome/95.0.4638.69 Safari/537.36"
156.228.114.175 - - [16/Sep/2025:05:32:26 +0700] "POST //xmlrpc.php HTTP/1.0" 200 954 "-" "Mozilla/5.0 (Windows NT 10.0; Win64; x64) AppleWebKit/537.36 (KHTML, like Gecko) Chrome/95.0.4638.69 Safari/537.36"
156.228.114.175 - - [16/Sep/2025:05:32:28 +0700] "POST //xmlrpc.php HTTP/1.0" 200 954 "-" "Mozilla/5.0 (Windows NT 10.0; Win64; x64) AppleWebKit/537.36 (KHTML, like Gecko) Chrome/95.0.4638.69 Safari/537.36"
217.113.194.217 - - [16/Sep/2025:05:32:28 +0700] "GET /anonymity-in-a-digital-age-omegles-contribution/ HTTP/1.0" 200 89949 "-" "Mozilla/5.0 (compatible; Barkrowler/0.9; +https://babbar.tech/crawler)"
156.228.114.175 - - [16/Sep/2025:05:32:30 +0700] "POST //xmlrpc.php HTTP/1.0" 200 954 "-" "Mozilla/5.0 (Windows NT 10.0; Win64; x64) AppleWebKit/537.36 (KHTML, like Gecko) Chrome/95.0.4638.69 Safari/537.36"
54.39.203.142 - - [16/Sep/2025:05:32:30 +0700] "GET /author/tronggia/page/3/ HTTP/1.0" 200 77287 "-" "Mozilla/5.0 (compatible; AhrefsBot/7.0; +http://ahrefs.com/robot/)"
156.228.114.175 - - [16/Sep/2025:05:32:31 +0700] "POST //xmlrpc.php HTTP/1.0" 200 954 "-" "Mozilla/5.0 (Windows NT 10.0; Win64; x64) AppleWebKit/537.36 (KHTML, like Gecko) Chrome/95.0.4638.69 Safari/537.36"
156.228.114.175 - - [16/Sep/2025:05:32:33 +0700] "POST //xmlrpc.php HTTP/1.0" 200 954 "-" "Mozilla/5.0 (Windows NT 10.0; Win64; x64) AppleWebKit/537.36 (KHTML, like Gecko) Chrome/95.0.4638.69 Safari/537.36"
156.228.114.175 - - [16/Sep/2025:05:32:35 +0700] "POST //xmlrpc.php HTTP/1.0" 200 954 "-" "Mozilla/5.0 (Windows NT 10.0; Win64; x64) AppleWebKit/537.36 (KHTML, like Gecko) Chrome/95.0.4638.69 Safari/537.36"
156.228.114.175 - - [16/Sep/2025:05:32:37 +0700] "POST //xmlrpc.php HTTP/1.0" 200 954 "-" "Mozilla/5.0 (Windows NT 10.0; Win64; x64) AppleWebKit/537.36 (KHTML, like Gecko) Chrome/95.0.4638.69 Safari/537.36"
156.228.114.175 - - [16/Sep/2025:05:32:39 +0700] "POST //xmlrpc.php HTTP/1.0" 200 954 "-" "Mozilla/5.0 (Windows NT 10.0; Win64; x64) AppleWebKit/537.36 (KHTML, like Gecko) Chrome/95.0.4638.69 Safari/537.36"
156.228.114.175 - - [16/Sep/2025:05:32:40 +0700] "POST //xmlrpc.php HTTP/1.0" 200 954 "-" "Mozilla/5.0 (Windows NT 10.0; Win64; x64) AppleWebKit/537.36 (KHTML, like Gecko) Chrome/95.0.4638.69 Safari/537.36"
156.228.114.175 - - [16/Sep/2025:05:32:42 +0700] "POST //xmlrpc.php HTTP/1.0" 200 954 "-" "Mozilla/5.0 (Windows NT 10.0; Win64; x64) AppleWebKit/537.36 (KHTML, like Gecko) Chrome/95.0.4638.69 Safari/537.36"
156.228.114.175 - - [16/Sep/2025:05:32:44 +0700] "POST //xmlrpc.php HTTP/1.0" 200 954 "-" "Mozilla/5.0 (Windows NT 10.0; Win64; x64) AppleWebKit/537.36 (KHTML, like Gecko) Chrome/95.0.4638.69 Safari/537.36"
156.228.114.175 - - [16/Sep/2025:05:32:46 +0700] "POST //xmlrpc.php HTTP/1.0" 200 954 "-" "Mozilla/5.0 (Windows NT 10.0; Win64; x64) AppleWebKit/537.36 (KHTML, like Gecko) Chrome/95.0.4638.69 Safari/537.36"
156.228.114.175 - - [16/Sep/2025:05:32:48 +0700] "POST //xmlrpc.php HTTP/1.0" 200 954 "-" "Mozilla/5.0 (Windows NT 10.0; Win64; x64) AppleWebKit/537.36 (KHTML, like Gecko) Chrome/95.0.4638.69 Safari/537.36"
156.228.114.175 - - [16/Sep/2025:05:32:49 +0700] "POST //xmlrpc.php HTTP/1.0" 200 954 "-" "Mozilla/5.0 (Windows NT 10.0; Win64; x64) AppleWebKit/537.36 (KHTML, like Gecko) Chrome/95.0.4638.69 Safari/537.36"
154.54.249.200 - - [16/Sep/2025:05:32:51 +0700] "GET /free-game-casino-slots-the-perfect-way-to-make-money/ HTTP/1.0" 200 75551 "-" "Mozilla/5.0 (compatible; Barkrowler/0.9; +https://babbar.tech/crawler)"
156.228.114.175 - - [16/Sep/2025:05:32:51 +0700] "POST //xmlrpc.php HTTP/1.0" 200 954 "-" "Mozilla/5.0 (Windows NT 10.0; Win64; x64) AppleWebKit/537.36 (KHTML, like Gecko) Chrome/95.0.4638.69 Safari/537.36"
156.228.114.175 - - [16/Sep/2025:05:32:53 +0700] "POST //xmlrpc.php HTTP/1.0" 200 954 "-" "Mozilla/5.0 (Windows NT 10.0; Win64; x64) AppleWebKit/537.36 (KHTML, like Gecko) Chrome/95.0.4638.69 Safari/537.36"
156.228.114.175 - - [16/Sep/2025:05:32:55 +0700] "POST //xmlrpc.php HTTP/1.0" 200 954 "-" "Mozilla/5.0 (Windows NT 10.0; Win64; x64) AppleWebKit/537.36 (KHTML, like Gecko) Chrome/95.0.4638.69 Safari/537.36"
156.228.114.175 - - [16/Sep/2025:05:32:57 +0700] "POST //xmlrpc.php HTTP/1.0" 200 954 "-" "Mozilla/5.0 (Windows NT 10.0; Win64; x64) AppleWebKit/537.36 (KHTML, like Gecko) Chrome/95.0.4638.69 Safari/537.36"
156.228.114.175 - - [16/Sep/2025:05:32:58 +0700] "POST //xmlrpc.php HTTP/1.0" 200 954 "-" "Mozilla/5.0 (Windows NT 10.0; Win64; x64) AppleWebKit/537.36 (KHTML, like Gecko) Chrome/95.0.4638.69 Safari/537.36"
156.228.114.175 - - [16/Sep/2025:05:33:00 +0700] "POST //xmlrpc.php HTTP/1.0" 200 954 "-" "Mozilla/5.0 (Windows NT 10.0; Win64; x64) AppleWebKit/537.36 (KHTML, like Gecko) Chrome/95.0.4638.69 Safari/537.36"
156.228.114.175 - - [16/Sep/2025:05:33:02 +0700] "POST //xmlrpc.php HTTP/1.0" 200 954 "-" "Mozilla/5.0 (Windows NT 10.0; Win64; x64) AppleWebKit/537.36 (KHTML, like Gecko) Chrome/95.0.4638.69 Safari/537.36"
156.228.114.175 - - [16/Sep/2025:05:33:04 +0700] "POST //xmlrpc.php HTTP/1.0" 200 954 "-" "Mozilla/5.0 (Windows NT 10.0; Win64; x64) AppleWebKit/537.36 (KHTML, like Gecko) Chrome/95.0.4638.69 Safari/537.36"
156.228.114.175 - - [16/Sep/2025:05:33:05 +0700] "POST //xmlrpc.php HTTP/1.0" 200 954 "-" "Mozilla/5.0 (Windows NT 10.0; Win64; x64) AppleWebKit/537.36 (KHTML, like Gecko) Chrome/95.0.4638.69 Safari/537.36"
156.228.114.175 - - [16/Sep/2025:05:33:07 +0700] "POST //xmlrpc.php HTTP/1.0" 200 954 "-" "Mozilla/5.0 (Windows NT 10.0; Win64; x64) AppleWebKit/537.36 (KHTML, like Gecko) Chrome/95.0.4638.69 Safari/537.36"
156.228.114.175 - - [16/Sep/2025:05:33:09 +0700] "POST //xmlrpc.php HTTP/1.0" 200 954 "-" "Mozilla/5.0 (Windows NT 10.0; Win64; x64) AppleWebKit/537.36 (KHTML, like Gecko) Chrome/95.0.4638.69 Safari/537.36"
156.228.114.175 - - [16/Sep/2025:05:33:11 +0700] "POST //xmlrpc.php HTTP/1.0" 200 954 "-" "Mozilla/5.0 (Windows NT 10.0; Win64; x64) AppleWebKit/537.36 (KHTML, like Gecko) Chrome/95.0.4638.69 Safari/537.36"
217.113.194.75 - - [16/Sep/2025:05:33:11 +0700] "GET /internet-dating-site-for-the-purpose-of-asian-finding-love/feed/ HTTP/1.0" 200 1771 "-" "Mozilla/5.0 (compatible; Barkrowler/0.9; +https://babbar.tech/crawler)"
156.228.114.175 - - [16/Sep/2025:05:33:12 +0700] "POST //xmlrpc.php HTTP/1.0" 200 954 "-" "Mozilla/5.0 (Windows NT 10.0; Win64; x64) AppleWebKit/537.36 (KHTML, like Gecko) Chrome/95.0.4638.69 Safari/537.36"
156.228.114.175 - - [16/Sep/2025:05:33:14 +0700] "POST //xmlrpc.php HTTP/1.0" 200 954 "-" "Mozilla/5.0 (Windows NT 10.0; Win64; x64) AppleWebKit/537.36 (KHTML, like Gecko) Chrome/95.0.4638.69 Safari/537.36"
45.117.177.72 - - [16/Sep/2025:05:33:17 +0700] "POST /wp-cron.php?doing_wp_cron=1757975597.5348451137542724609375 HTTP/1.0" 200 416 "-" "WordPress/6.8.1; https://vattusacky.vn"
156.228.114.175 - - [16/Sep/2025:05:33:16 +0700] "POST //xmlrpc.php HTTP/1.0" 200 954 "-" "Mozilla/5.0 (Windows NT 10.0; Win64; x64) AppleWebKit/537.36 (KHTML, like Gecko) Chrome/95.0.4638.69 Safari/537.36"
156.228.114.175 - - [16/Sep/2025:05:33:18 +0700] "POST //xmlrpc.php HTTP/1.0" 200 954 "-" "Mozilla/5.0 (Windows NT 10.0; Win64; x64) AppleWebKit/537.36 (KHTML, like Gecko) Chrome/95.0.4638.69 Safari/537.36"
156.228.114.175 - - [16/Sep/2025:05:33:20 +0700] "POST //xmlrpc.php HTTP/1.0" 200 954 "-" "Mozilla/5.0 (Windows NT 10.0; Win64; x64) AppleWebKit/537.36 (KHTML, like Gecko) Chrome/95.0.4638.69 Safari/537.36"
156.228.114.175 - - [16/Sep/2025:05:33:21 +0700] "POST //xmlrpc.php HTTP/1.0" 200 954 "-" "Mozilla/5.0 (Windows NT 10.0; Win64; x64) AppleWebKit/537.36 (KHTML, like Gecko) Chrome/95.0.4638.69 Safari/537.36"
54.39.0.208 - - [16/Sep/2025:05:33:22 +0700] "GET /unleashing-your-true-self-identity-exploration-on-omegle/ HTTP/1.0" 200 94208 "-" "Mozilla/5.0 (compatible; AhrefsBot/7.0; +http://ahrefs.com/robot/)"
156.228.114.175 - - [16/Sep/2025:05:33:23 +0700] "POST //xmlrpc.php HTTP/1.0" 200 954 "-" "Mozilla/5.0 (Windows NT 10.0; Win64; x64) AppleWebKit/537.36 (KHTML, like Gecko) Chrome/95.0.4638.69 Safari/537.36"
156.228.114.175 - - [16/Sep/2025:05:33:25 +0700] "POST //xmlrpc.php HTTP/1.0" 200 954 "-" "Mozilla/5.0 (Windows NT 10.0; Win64; x64) AppleWebKit/537.36 (KHTML, like Gecko) Chrome/95.0.4638.69 Safari/537.36"
156.228.114.175 - - [16/Sep/2025:05:33:27 +0700] "POST //xmlrpc.php HTTP/1.0" 200 954 "-" "Mozilla/5.0 (Windows NT 10.0; Win64; x64) AppleWebKit/537.36 (KHTML, like Gecko) Chrome/95.0.4638.69 Safari/537.36"
156.228.114.175 - - [16/Sep/2025:05:33:28 +0700] "POST //xmlrpc.php HTTP/1.0" 200 954 "-" "Mozilla/5.0 (Windows NT 10.0; Win64; x64) AppleWebKit/537.36 (KHTML, like Gecko) Chrome/95.0.4638.69 Safari/537.36"
217.113.194.74 - - [16/Sep/2025:05:33:28 +0700] "GET /virtual-experiences-omegles-video-chat-versatility/feed/ HTTP/1.0" 200 1747 "-" "Mozilla/5.0 (compatible; Barkrowler/0.9; +https://babbar.tech/crawler)"
156.228.114.175 - - [16/Sep/2025:05:33:30 +0700] "POST //xmlrpc.php HTTP/1.0" 200 954 "-" "Mozilla/5.0 (Windows NT 10.0; Win64; x64) AppleWebKit/537.36 (KHTML, like Gecko) Chrome/95.0.4638.69 Safari/537.36"
51.68.236.69 - - [16/Sep/2025:05:33:32 +0700] "GET /robots.txt HTTP/1.0" 200 984 "-" "Mozilla/5.0 (compatible; MJ12bot/v2.0.4; http://mj12bot.com/)"
156.228.114.175 - - [16/Sep/2025:05:33:32 +0700] "POST //xmlrpc.php HTTP/1.0" 200 954 "-" "Mozilla/5.0 (Windows NT 10.0; Win64; x64) AppleWebKit/537.36 (KHTML, like Gecko) Chrome/95.0.4638.69 Safari/537.36"
156.228.114.175 - - [16/Sep/2025:05:33:33 +0700] "POST //xmlrpc.php HTTP/1.0" 200 954 "-" "Mozilla/5.0 (Windows NT 10.0; Win64; x64) AppleWebKit/537.36 (KHTML, like Gecko) Chrome/95.0.4638.69 Safari/537.36"
51.68.236.69 - - [16/Sep/2025:05:33:33 +0700] "GET / HTTP/1.0" 200 60070 "-" "Mozilla/5.0 (compatible; MJ12bot/v2.0.4; http://mj12bot.com/)"
156.228.114.175 - - [16/Sep/2025:05:33:35 +0700] "POST //xmlrpc.php HTTP/1.0" 200 954 "-" "Mozilla/5.0 (Windows NT 10.0; Win64; x64) AppleWebKit/537.36 (KHTML, like Gecko) Chrome/95.0.4638.69 Safari/537.36"
156.228.114.175 - - [16/Sep/2025:05:33:37 +0700] "POST //xmlrpc.php HTTP/1.0" 200 954 "-" "Mozilla/5.0 (Windows NT 10.0; Win64; x64) AppleWebKit/537.36 (KHTML, like Gecko) Chrome/95.0.4638.69 Safari/537.36"
156.228.114.175 - - [16/Sep/2025:05:33:39 +0700] "POST //xmlrpc.php HTTP/1.0" 200 954 "-" "Mozilla/5.0 (Windows NT 10.0; Win64; x64) AppleWebKit/537.36 (KHTML, like Gecko) Chrome/95.0.4638.69 Safari/537.36"
156.228.114.175 - - [16/Sep/2025:05:33:40 +0700] "POST //xmlrpc.php HTTP/1.0" 200 954 "-" "Mozilla/5.0 (Windows NT 10.0; Win64; x64) AppleWebKit/537.36 (KHTML, like Gecko) Chrome/95.0.4638.69 Safari/537.36"
156.228.114.175 - - [16/Sep/2025:05:33:42 +0700] "POST //xmlrpc.php HTTP/1.0" 200 954 "-" "Mozilla/5.0 (Windows NT 10.0; Win64; x64) AppleWebKit/537.36 (KHTML, like Gecko) Chrome/95.0.4638.69 Safari/537.36"
156.228.114.175 - - [16/Sep/2025:05:33:44 +0700] "POST //xmlrpc.php HTTP/1.0" 200 954 "-" "Mozilla/5.0 (Windows NT 10.0; Win64; x64) AppleWebKit/537.36 (KHTML, like Gecko) Chrome/95.0.4638.69 Safari/537.36"
156.228.114.175 - - [16/Sep/2025:05:33:46 +0700] "POST //xmlrpc.php HTTP/1.0" 200 954 "-" "Mozilla/5.0 (Windows NT 10.0; Win64; x64) AppleWebKit/537.36 (KHTML, like Gecko) Chrome/95.0.4638.69 Safari/537.36"
156.228.114.175 - - [16/Sep/2025:05:33:47 +0700] "POST //xmlrpc.php HTTP/1.0" 200 954 "-" "Mozilla/5.0 (Windows NT 10.0; Win64; x64) AppleWebKit/537.36 (KHTML, like Gecko) Chrome/95.0.4638.69 Safari/537.36"
217.113.194.72 - - [16/Sep/2025:05:33:48 +0700] "GET /navigating-cultural-differences-anonymously-on-omegle/feed/ HTTP/1.0" 200 1756 "-" "Mozilla/5.0 (compatible; Barkrowler/0.9; +https://babbar.tech/crawler)"
156.228.114.175 - - [16/Sep/2025:05:33:49 +0700] "POST //xmlrpc.php HTTP/1.0" 200 954 "-" "Mozilla/5.0 (Windows NT 10.0; Win64; x64) AppleWebKit/537.36 (KHTML, like Gecko) Chrome/95.0.4638.69 Safari/537.36"
156.228.114.175 - - [16/Sep/2025:05:33:51 +0700] "POST //xmlrpc.php HTTP/1.0" 200 954 "-" "Mozilla/5.0 (Windows NT 10.0; Win64; x64) AppleWebKit/537.36 (KHTML, like Gecko) Chrome/95.0.4638.69 Safari/537.36"
156.228.114.175 - - [16/Sep/2025:05:33:53 +0700] "POST //xmlrpc.php HTTP/1.0" 200 954 "-" "Mozilla/5.0 (Windows NT 10.0; Win64; x64) AppleWebKit/537.36 (KHTML, like Gecko) Chrome/95.0.4638.69 Safari/537.36"
156.228.114.175 - - [16/Sep/2025:05:33:55 +0700] "POST //xmlrpc.php HTTP/1.0" 200 954 "-" "Mozilla/5.0 (Windows NT 10.0; Win64; x64) AppleWebKit/537.36 (KHTML, like Gecko) Chrome/95.0.4638.69 Safari/537.36"
156.228.114.175 - - [16/Sep/2025:05:33:56 +0700] "POST //xmlrpc.php HTTP/1.0" 200 954 "-" "Mozilla/5.0 (Windows NT 10.0; Win64; x64) AppleWebKit/537.36 (KHTML, like Gecko) Chrome/95.0.4638.69 Safari/537.36"
156.228.114.175 - - [16/Sep/2025:05:33:58 +0700] "POST //xmlrpc.php HTTP/1.0" 200 954 "-" "Mozilla/5.0 (Windows NT 10.0; Win64; x64) AppleWebKit/537.36 (KHTML, like Gecko) Chrome/95.0.4638.69 Safari/537.36"
156.228.114.175 - - [16/Sep/2025:05:34:00 +0700] "POST //xmlrpc.php HTTP/1.0" 200 954 "-" "Mozilla/5.0 (Windows NT 10.0; Win64; x64) AppleWebKit/537.36 (KHTML, like Gecko) Chrome/95.0.4638.69 Safari/537.36"
156.228.114.175 - - [16/Sep/2025:05:34:02 +0700] "POST //xmlrpc.php HTTP/1.0" 200 954 "-" "Mozilla/5.0 (Windows NT 10.0; Win64; x64) AppleWebKit/537.36 (KHTML, like Gecko) Chrome/95.0.4638.69 Safari/537.36"
156.228.114.175 - - [16/Sep/2025:05:34:04 +0700] "POST //xmlrpc.php HTTP/1.0" 200 954 "-" "Mozilla/5.0 (Windows NT 10.0; Win64; x64) AppleWebKit/537.36 (KHTML, like Gecko) Chrome/95.0.4638.69 Safari/537.36"
156.228.114.175 - - [16/Sep/2025:05:34:05 +0700] "POST //xmlrpc.php HTTP/1.0" 200 954 "-" "Mozilla/5.0 (Windows NT 10.0; Win64; x64) AppleWebKit/537.36 (KHTML, like Gecko) Chrome/95.0.4638.69 Safari/537.36"
156.228.114.175 - - [16/Sep/2025:05:34:07 +0700] "POST //xmlrpc.php HTTP/1.0" 200 954 "-" "Mozilla/5.0 (Windows NT 10.0; Win64; x64) AppleWebKit/537.36 (KHTML, like Gecko) Chrome/95.0.4638.69 Safari/537.36"
217.113.194.73 - - [16/Sep/2025:05:34:09 +0700] "GET /navigating-the-depths-of-love-and-friendship-in-omelove/feed/ HTTP/1.0" 200 1762 "-" "Mozilla/5.0 (compatible; Barkrowler/0.9; +https://babbar.tech/crawler)"
156.228.114.175 - - [16/Sep/2025:05:34:10 +0700] "POST //xmlrpc.php HTTP/1.0" 200 954 "-" "Mozilla/5.0 (Windows NT 10.0; Win64; x64) AppleWebKit/537.36 (KHTML, like Gecko) Chrome/95.0.4638.69 Safari/537.36"
54.39.0.38 - - [16/Sep/2025:05:34:10 +0700] "GET /could-you-be-hooking-up-or-dating/ HTTP/1.0" 200 206410 "-" "Mozilla/5.0 (compatible; AhrefsBot/7.0; +http://ahrefs.com/robot/)"
156.228.114.175 - - [16/Sep/2025:05:34:12 +0700] "POST //xmlrpc.php HTTP/1.0" 200 954 "-" "Mozilla/5.0 (Windows NT 10.0; Win64; x64) AppleWebKit/537.36 (KHTML, like Gecko) Chrome/95.0.4638.69 Safari/537.36"
156.228.114.175 - - [16/Sep/2025:05:34:14 +0700] "POST //xmlrpc.php HTTP/1.0" 200 954 "-" "Mozilla/5.0 (Windows NT 10.0; Win64; x64) AppleWebKit/537.36 (KHTML, like Gecko) Chrome/95.0.4638.69 Safari/537.36"
45.117.177.72 - - [16/Sep/2025:05:34:18 +0700] "POST /wp-cron.php?doing_wp_cron=1757975657.9414200782775878906250 HTTP/1.0" 200 416 "-" "WordPress/6.8.1; https://vattusacky.vn"
156.228.114.175 - - [16/Sep/2025:05:34:16 +0700] "POST //xmlrpc.php HTTP/1.0" 200 954 "-" "Mozilla/5.0 (Windows NT 10.0; Win64; x64) AppleWebKit/537.36 (KHTML, like Gecko) Chrome/95.0.4638.69 Safari/537.36"
156.228.114.175 - - [16/Sep/2025:05:34:18 +0700] "POST //xmlrpc.php HTTP/1.0" 200 954 "-" "Mozilla/5.0 (Windows NT 10.0; Win64; x64) AppleWebKit/537.36 (KHTML, like Gecko) Chrome/95.0.4638.69 Safari/537.36"
156.228.114.175 - - [16/Sep/2025:05:34:20 +0700] "POST //xmlrpc.php HTTP/1.0" 200 954 "-" "Mozilla/5.0 (Windows NT 10.0; Win64; x64) AppleWebKit/537.36 (KHTML, like Gecko) Chrome/95.0.4638.69 Safari/537.36"
156.228.114.175 - - [16/Sep/2025:05:34:22 +0700] "POST //xmlrpc.php HTTP/1.0" 200 954 "-" "Mozilla/5.0 (Windows NT 10.0; Win64; x64) AppleWebKit/537.36 (KHTML, like Gecko) Chrome/95.0.4638.69 Safari/537.36"
156.228.114.175 - - [16/Sep/2025:05:34:24 +0700] "POST //xmlrpc.php HTTP/1.0" 200 954 "-" "Mozilla/5.0 (Windows NT 10.0; Win64; x64) AppleWebKit/537.36 (KHTML, like Gecko) Chrome/95.0.4638.69 Safari/537.36"
156.228.114.175 - - [16/Sep/2025:05:34:26 +0700] "POST //xmlrpc.php HTTP/1.0" 200 954 "-" "Mozilla/5.0 (Windows NT 10.0; Win64; x64) AppleWebKit/537.36 (KHTML, like Gecko) Chrome/95.0.4638.69 Safari/537.36"
156.228.114.175 - - [16/Sep/2025:05:34:28 +0700] "POST //xmlrpc.php HTTP/1.0" 200 954 "-" "Mozilla/5.0 (Windows NT 10.0; Win64; x64) AppleWebKit/537.36 (KHTML, like Gecko) Chrome/95.0.4638.69 Safari/537.36"
217.113.194.78 - - [16/Sep/2025:05:34:28 +0700] "GET /navigating-consent-in-anonymous-conversations-on-omegle/feed/ HTTP/1.0" 200 1762 "-" "Mozilla/5.0 (compatible; Barkrowler/0.9; +https://babbar.tech/crawler)"
156.228.114.175 - - [16/Sep/2025:05:34:29 +0700] "POST //xmlrpc.php HTTP/1.0" 200 954 "-" "Mozilla/5.0 (Windows NT 10.0; Win64; x64) AppleWebKit/537.36 (KHTML, like Gecko) Chrome/95.0.4638.69 Safari/537.36"
156.228.114.175 - - [16/Sep/2025:05:34:31 +0700] "POST //xmlrpc.php HTTP/1.0" 200 954 "-" "Mozilla/5.0 (Windows NT 10.0; Win64; x64) AppleWebKit/537.36 (KHTML, like Gecko) Chrome/95.0.4638.69 Safari/537.36"
156.228.114.175 - - [16/Sep/2025:05:34:33 +0700] "POST //xmlrpc.php HTTP/1.0" 200 954 "-" "Mozilla/5.0 (Windows NT 10.0; Win64; x64) AppleWebKit/537.36 (KHTML, like Gecko) Chrome/95.0.4638.69 Safari/537.36"
156.228.114.175 - - [16/Sep/2025:05:34:35 +0700] "POST //xmlrpc.php HTTP/1.0" 200 954 "-" "Mozilla/5.0 (Windows NT 10.0; Win64; x64) AppleWebKit/537.36 (KHTML, like Gecko) Chrome/95.0.4638.69 Safari/537.36"
156.228.114.175 - - [16/Sep/2025:05:34:37 +0700] "POST //xmlrpc.php HTTP/1.0" 200 954 "-" "Mozilla/5.0 (Windows NT 10.0; Win64; x64) AppleWebKit/537.36 (KHTML, like Gecko) Chrome/95.0.4638.69 Safari/537.36"
156.228.114.175 - - [16/Sep/2025:05:34:39 +0700] "POST //xmlrpc.php HTTP/1.0" 200 954 "-" "Mozilla/5.0 (Windows NT 10.0; Win64; x64) AppleWebKit/537.36 (KHTML, like Gecko) Chrome/95.0.4638.69 Safari/537.36"
156.228.114.175 - - [16/Sep/2025:05:34:40 +0700] "POST //xmlrpc.php HTTP/1.0" 200 954 "-" "Mozilla/5.0 (Windows NT 10.0; Win64; x64) AppleWebKit/537.36 (KHTML, like Gecko) Chrome/95.0.4638.69 Safari/537.36"
156.228.114.175 - - [16/Sep/2025:05:34:42 +0700] "POST //xmlrpc.php HTTP/1.0" 200 954 "-" "Mozilla/5.0 (Windows NT 10.0; Win64; x64) AppleWebKit/537.36 (KHTML, like Gecko) Chrome/95.0.4638.69 Safari/537.36"
156.228.114.175 - - [16/Sep/2025:05:34:45 +0700] "POST //xmlrpc.php HTTP/1.0" 200 954 "-" "Mozilla/5.0 (Windows NT 10.0; Win64; x64) AppleWebKit/537.36 (KHTML, like Gecko) Chrome/95.0.4638.69 Safari/537.36"
154.54.249.200 - - [16/Sep/2025:05:34:46 +0700] "GET /witty-and-entertaining-omegle-chats-gone-wrong/feed/ HTTP/1.0" 200 1735 "-" "Mozilla/5.0 (compatible; Barkrowler/0.9; +https://babbar.tech/crawler)"
156.228.114.175 - - [16/Sep/2025:05:34:47 +0700] "POST //xmlrpc.php HTTP/1.0" 200 954 "-" "Mozilla/5.0 (Windows NT 10.0; Win64; x64) AppleWebKit/537.36 (KHTML, like Gecko) Chrome/95.0.4638.69 Safari/537.36"
156.228.114.175 - - [16/Sep/2025:05:34:48 +0700] "POST //xmlrpc.php HTTP/1.0" 200 954 "-" "Mozilla/5.0 (Windows NT 10.0; Win64; x64) AppleWebKit/537.36 (KHTML, like Gecko) Chrome/95.0.4638.69 Safari/537.36"
85.208.96.194 - - [16/Sep/2025:05:34:48 +0700] "GET /the/thiet-bi-lay-mau-bui-isokinetic-theo-phuong-phap-dang-dong-hoc/ HTTP/1.0" 200 79846 "-" "Mozilla/5.0 (compatible; SemrushBot/7~bl; +http://www.semrush.com/bot.html)"
156.228.114.175 - - [16/Sep/2025:05:34:50 +0700] "POST //xmlrpc.php HTTP/1.0" 200 954 "-" "Mozilla/5.0 (Windows NT 10.0; Win64; x64) AppleWebKit/537.36 (KHTML, like Gecko) Chrome/95.0.4638.69 Safari/537.36"
156.228.114.175 - - [16/Sep/2025:05:34:52 +0700] "POST //xmlrpc.php HTTP/1.0" 200 954 "-" "Mozilla/5.0 (Windows NT 10.0; Win64; x64) AppleWebKit/537.36 (KHTML, like Gecko) Chrome/95.0.4638.69 Safari/537.36"
54.39.136.255 - - [16/Sep/2025:05:34:52 +0700] "GET /author/yanz/page/129/ HTTP/1.0" 200 77342 "-" "Mozilla/5.0 (compatible; AhrefsBot/7.0; +http://ahrefs.com/robot/)"
156.228.114.175 - - [16/Sep/2025:05:34:54 +0700] "POST //xmlrpc.php HTTP/1.0" 200 954 "-" "Mozilla/5.0 (Windows NT 10.0; Win64; x64) AppleWebKit/537.36 (KHTML, like Gecko) Chrome/95.0.4638.69 Safari/537.36"
156.228.114.175 - - [16/Sep/2025:05:34:55 +0700] "POST //xmlrpc.php HTTP/1.0" 200 954 "-" "Mozilla/5.0 (Windows NT 10.0; Win64; x64) AppleWebKit/537.36 (KHTML, like Gecko) Chrome/95.0.4638.69 Safari/537.36"
156.228.114.175 - - [16/Sep/2025:05:34:57 +0700] "POST //xmlrpc.php HTTP/1.0" 200 954 "-" "Mozilla/5.0 (Windows NT 10.0; Win64; x64) AppleWebKit/537.36 (KHTML, like Gecko) Chrome/95.0.4638.69 Safari/537.36"
156.228.114.175 - - [16/Sep/2025:05:34:59 +0700] "POST //xmlrpc.php HTTP/1.0" 200 954 "-" "Mozilla/5.0 (Windows NT 10.0; Win64; x64) AppleWebKit/537.36 (KHTML, like Gecko) Chrome/95.0.4638.69 Safari/537.36"
156.228.114.175 - - [16/Sep/2025:05:35:01 +0700] "POST //xmlrpc.php HTTP/1.0" 200 954 "-" "Mozilla/5.0 (Windows NT 10.0; Win64; x64) AppleWebKit/537.36 (KHTML, like Gecko) Chrome/95.0.4638.69 Safari/537.36"
156.228.114.175 - - [16/Sep/2025:05:35:03 +0700] "POST //xmlrpc.php HTTP/1.0" 200 954 "-" "Mozilla/5.0 (Windows NT 10.0; Win64; x64) AppleWebKit/537.36 (KHTML, like Gecko) Chrome/95.0.4638.69 Safari/537.36"
156.228.114.175 - - [16/Sep/2025:05:35:04 +0700] "POST //xmlrpc.php HTTP/1.0" 200 954 "-" "Mozilla/5.0 (Windows NT 10.0; Win64; x64) AppleWebKit/537.36 (KHTML, like Gecko) Chrome/95.0.4638.69 Safari/537.36"
154.54.249.200 - - [16/Sep/2025:05:35:04 +0700] "GET /the-benefits-of-dating-someone-10-years-10-years-younger/ HTTP/1.0" 200 208132 "-" "Mozilla/5.0 (compatible; Barkrowler/0.9; +https://babbar.tech/crawler)"
156.228.114.175 - - [16/Sep/2025:05:35:06 +0700] "POST //xmlrpc.php HTTP/1.0" 200 954 "-" "Mozilla/5.0 (Windows NT 10.0; Win64; x64) AppleWebKit/537.36 (KHTML, like Gecko) Chrome/95.0.4638.69 Safari/537.36"
156.228.114.175 - - [16/Sep/2025:05:35:08 +0700] "POST //xmlrpc.php HTTP/1.0" 200 954 "-" "Mozilla/5.0 (Windows NT 10.0; Win64; x64) AppleWebKit/537.36 (KHTML, like Gecko) Chrome/95.0.4638.69 Safari/537.36"
156.228.114.175 - - [16/Sep/2025:05:35:09 +0700] "POST //xmlrpc.php HTTP/1.0" 200 954 "-" "Mozilla/5.0 (Windows NT 10.0; Win64; x64) AppleWebKit/537.36 (KHTML, like Gecko) Chrome/95.0.4638.69 Safari/537.36"
156.228.114.175 - - [16/Sep/2025:05:35:11 +0700] "POST //xmlrpc.php HTTP/1.0" 200 954 "-" "Mozilla/5.0 (Windows NT 10.0; Win64; x64) AppleWebKit/537.36 (KHTML, like Gecko) Chrome/95.0.4638.69 Safari/537.36"
17.241.219.212 - - [16/Sep/2025:05:35:12 +0700] "GET /exploring-the-world-of-face-to-face-video-chats-omegle-vs-ometv/ HTTP/1.0" 200 90335 "-" "Mozilla/5.0 (Macintosh; Intel Mac OS X 10_15_7) AppleWebKit/605.1.15 (KHTML, like Gecko) Version/17.4 Safari/605.1.15 (Applebot/0.1; +http://www.apple.com/go/applebot)"
156.228.114.175 - - [16/Sep/2025:05:35:13 +0700] "POST //xmlrpc.php HTTP/1.0" 200 954 "-" "Mozilla/5.0 (Windows NT 10.0; Win64; x64) AppleWebKit/537.36 (KHTML, like Gecko) Chrome/95.0.4638.69 Safari/537.36"
156.228.114.175 - - [16/Sep/2025:05:35:15 +0700] "POST //xmlrpc.php HTTP/1.0" 200 954 "-" "Mozilla/5.0 (Windows NT 10.0; Win64; x64) AppleWebKit/537.36 (KHTML, like Gecko) Chrome/95.0.4638.69 Safari/537.36"
45.117.177.72 - - [16/Sep/2025:05:35:18 +0700] "POST /wp-cron.php?doing_wp_cron=1757975718.4719800949096679687500 HTTP/1.0" 200 416 "-" "WordPress/6.8.1; https://vattusacky.vn"
156.228.114.175 - - [16/Sep/2025:05:35:17 +0700] "POST //xmlrpc.php HTTP/1.0" 200 954 "-" "Mozilla/5.0 (Windows NT 10.0; Win64; x64) AppleWebKit/537.36 (KHTML, like Gecko) Chrome/95.0.4638.69 Safari/537.36"
156.228.114.175 - - [16/Sep/2025:05:35:19 +0700] "POST //xmlrpc.php HTTP/1.0" 200 954 "-" "Mozilla/5.0 (Windows NT 10.0; Win64; x64) AppleWebKit/537.36 (KHTML, like Gecko) Chrome/95.0.4638.69 Safari/537.36"
156.228.114.175 - - [16/Sep/2025:05:35:20 +0700] "POST //xmlrpc.php HTTP/1.0" 200 954 "-" "Mozilla/5.0 (Windows NT 10.0; Win64; x64) AppleWebKit/537.36 (KHTML, like Gecko) Chrome/95.0.4638.69 Safari/537.36"
156.228.114.175 - - [16/Sep/2025:05:35:22 +0700] "POST //xmlrpc.php HTTP/1.0" 200 954 "-" "Mozilla/5.0 (Windows NT 10.0; Win64; x64) AppleWebKit/537.36 (KHTML, like Gecko) Chrome/95.0.4638.69 Safari/537.36"
156.228.114.175 - - [16/Sep/2025:05:35:24 +0700] "POST //xmlrpc.php HTTP/1.0" 200 954 "-" "Mozilla/5.0 (Windows NT 10.0; Win64; x64) AppleWebKit/537.36 (KHTML, like Gecko) Chrome/95.0.4638.69 Safari/537.36"
156.228.114.175 - - [16/Sep/2025:05:35:26 +0700] "POST //xmlrpc.php HTTP/1.0" 200 954 "-" "Mozilla/5.0 (Windows NT 10.0; Win64; x64) AppleWebKit/537.36 (KHTML, like Gecko) Chrome/95.0.4638.69 Safari/537.36"
171.109.91.216 - - [16/Sep/2025:05:35:25 +0700] "POST /wp-comments-post.php HTTP/1.0" 302 1150 "-" "Mozilla/5.0 (Windows NT 10.0; Win64; x64) AppleWebKit/537.36 (KHTML, like Gecko) Chrome/108.0.0.0 Safari/537.36 Edg/108.0.1462.46"
156.228.114.175 - - [16/Sep/2025:05:35:28 +0700] "POST //xmlrpc.php HTTP/1.0" 200 954 "-" "Mozilla/5.0 (Windows NT 10.0; Win64; x64) AppleWebKit/537.36 (KHTML, like Gecko) Chrome/95.0.4638.69 Safari/537.36"
171.109.91.216 - - [16/Sep/2025:05:35:29 +0700] "GET /how-to-update-device-drivers-windows-10-2-ways-2/?unapproved=1541&moderation-hash=b761aef6b757c87f6ca17b94bb5c98c6 HTTP/1.0" 200 225694 "-" "Mozilla/5.0 (Windows NT 10.0; Win64; x64) AppleWebKit/537.36 (KHTML, like Gecko) Chrome/108.0.0.0 Safari/537.36 Edg/108.0.1462.46"
156.228.114.175 - - [16/Sep/2025:05:35:30 +0700] "POST //xmlrpc.php HTTP/1.0" 200 954 "-" "Mozilla/5.0 (Windows NT 10.0; Win64; x64) AppleWebKit/537.36 (KHTML, like Gecko) Chrome/95.0.4638.69 Safari/537.36"
51.222.168.240 - - [16/Sep/2025:05:35:30 +0700] "GET /where-to-find-a-good-western-european-woman/ HTTP/1.0" 200 208039 "-" "Mozilla/5.0 (compatible; AhrefsBot/7.0; +http://ahrefs.com/robot/)"
156.228.114.175 - - [16/Sep/2025:05:35:31 +0700] "POST //xmlrpc.php HTTP/1.0" 200 954 "-" "Mozilla/5.0 (Windows NT 10.0; Win64; x64) AppleWebKit/537.36 (KHTML, like Gecko) Chrome/95.0.4638.69 Safari/537.36"
156.228.114.175 - - [16/Sep/2025:05:35:34 +0700] "POST //xmlrpc.php HTTP/1.0" 200 954 "-" "Mozilla/5.0 (Windows NT 10.0; Win64; x64) AppleWebKit/537.36 (KHTML, like Gecko) Chrome/95.0.4638.69 Safari/537.36"
156.228.114.175 - - [16/Sep/2025:05:35:35 +0700] "POST //xmlrpc.php HTTP/1.0" 200 954 "-" "Mozilla/5.0 (Windows NT 10.0; Win64; x64) AppleWebKit/537.36 (KHTML, like Gecko) Chrome/95.0.4638.69 Safari/537.36"
156.228.114.175 - - [16/Sep/2025:05:35:37 +0700] "POST //xmlrpc.php HTTP/1.0" 200 954 "-" "Mozilla/5.0 (Windows NT 10.0; Win64; x64) AppleWebKit/537.36 (KHTML, like Gecko) Chrome/95.0.4638.69 Safari/537.36"
217.113.194.74 - - [16/Sep/2025:05:35:38 +0700] "GET /anticipating-omegles-future-groundbreaking-developments/feed/ HTTP/1.0" 200 1762 "-" "Mozilla/5.0 (compatible; Barkrowler/0.9; +https://babbar.tech/crawler)"
156.228.114.175 - - [16/Sep/2025:05:35:39 +0700] "POST //xmlrpc.php HTTP/1.0" 200 954 "-" "Mozilla/5.0 (Windows NT 10.0; Win64; x64) AppleWebKit/537.36 (KHTML, like Gecko) Chrome/95.0.4638.69 Safari/537.36"
156.228.114.175 - - [16/Sep/2025:05:35:43 +0700] "POST //xmlrpc.php HTTP/1.0" 200 954 "-" "Mozilla/5.0 (Windows NT 10.0; Win64; x64) AppleWebKit/537.36 (KHTML, like Gecko) Chrome/95.0.4638.69 Safari/537.36"
156.228.114.175 - - [16/Sep/2025:05:35:44 +0700] "POST //xmlrpc.php HTTP/1.0" 200 954 "-" "Mozilla/5.0 (Windows NT 10.0; Win64; x64) AppleWebKit/537.36 (KHTML, like Gecko) Chrome/95.0.4638.69 Safari/537.36"
156.228.114.175 - - [16/Sep/2025:05:35:46 +0700] "POST //xmlrpc.php HTTP/1.0" 200 954 "-" "Mozilla/5.0 (Windows NT 10.0; Win64; x64) AppleWebKit/537.36 (KHTML, like Gecko) Chrome/95.0.4638.69 Safari/537.36"
156.228.114.175 - - [16/Sep/2025:05:35:48 +0700] "POST //xmlrpc.php HTTP/1.0" 200 954 "-" "Mozilla/5.0 (Windows NT 10.0; Win64; x64) AppleWebKit/537.36 (KHTML, like Gecko) Chrome/95.0.4638.69 Safari/537.36"
156.228.114.175 - - [16/Sep/2025:05:35:50 +0700] "POST //xmlrpc.php HTTP/1.0" 200 954 "-" "Mozilla/5.0 (Windows NT 10.0; Win64; x64) AppleWebKit/537.36 (KHTML, like Gecko) Chrome/95.0.4638.69 Safari/537.36"
156.228.114.175 - - [16/Sep/2025:05:35:52 +0700] "POST //xmlrpc.php HTTP/1.0" 200 954 "-" "Mozilla/5.0 (Windows NT 10.0; Win64; x64) AppleWebKit/537.36 (KHTML, like Gecko) Chrome/95.0.4638.69 Safari/537.36"
156.228.114.175 - - [16/Sep/2025:05:35:54 +0700] "POST //xmlrpc.php HTTP/1.0" 200 954 "-" "Mozilla/5.0 (Windows NT 10.0; Win64; x64) AppleWebKit/537.36 (KHTML, like Gecko) Chrome/95.0.4638.69 Safari/537.36"
156.228.114.175 - - [16/Sep/2025:05:35:55 +0700] "POST //xmlrpc.php HTTP/1.0" 200 954 "-" "Mozilla/5.0 (Windows NT 10.0; Win64; x64) AppleWebKit/537.36 (KHTML, like Gecko) Chrome/95.0.4638.69 Safari/537.36"
217.113.194.80 - - [16/Sep/2025:05:35:57 +0700] "GET /protecting-your-identity-a-guide-for-omegle-users/feed/ HTTP/1.0" 200 1744 "-" "Mozilla/5.0 (compatible; Barkrowler/0.9; +https://babbar.tech/crawler)"
217.113.194.79 - - [16/Sep/2025:05:36:16 +0700] "GET /all-unique-sports-activities-betting-on-line-on-25/feed/ HTTP/1.0" 200 1750 "-" "Mozilla/5.0 (compatible; Barkrowler/0.9; +https://babbar.tech/crawler)"
45.117.177.72 - - [16/Sep/2025:05:36:17 +0700] "POST /wp-cron.php?doing_wp_cron=1757975777.3444209098815917968750 HTTP/1.0" 200 416 "-" "WordPress/6.8.1; https://vattusacky.vn"
54.39.89.165 - - [16/Sep/2025:05:36:15 +0700] "GET /author/yanz/page/139/ HTTP/1.0" 200 77189 "-" "Mozilla/5.0 (compatible; AhrefsBot/7.0; +http://ahrefs.com/robot/)"
217.113.194.74 - - [16/Sep/2025:05:36:36 +0700] "GET /is-best-to-kiss-your-date-over-a-first-day/feed/ HTTP/1.0" 200 1724 "-" "Mozilla/5.0 (compatible; Barkrowler/0.9; +https://babbar.tech/crawler)"
217.113.194.217 - - [16/Sep/2025:05:36:54 +0700] "GET /accessibility-and-inclusivity-omegles-video-features/feed/ HTTP/1.0" 200 1753 "-" "Mozilla/5.0 (compatible; Barkrowler/0.9; +https://babbar.tech/crawler)"
15.235.27.154 - - [16/Sep/2025:05:36:58 +0700] "GET /la-camiseta-murcia-2023-un-nuevo-capitulo-en-el-estilo-futbolistico/ HTTP/1.0" 200 207861 "-" "Mozilla/5.0 (compatible; AhrefsBot/7.0; +http://ahrefs.com/robot/)"
217.113.194.217 - - [16/Sep/2025:05:37:14 +0700] "GET /annotated-scf-literature-review-swift-certain-fair/feed/ HTTP/1.0" 200 1763 "-" "Mozilla/5.0 (compatible; Barkrowler/0.9; +https://babbar.tech/crawler)"
45.117.177.72 - - [16/Sep/2025:05:37:29 +0700] "POST /wp-cron.php?doing_wp_cron=1757975848.8145821094512939453125 HTTP/1.0" 200 416 "-" "WordPress/6.8.1; https://vattusacky.vn"
51.222.168.65 - - [16/Sep/2025:05:37:27 +0700] "GET /author/tronggia/page/3/ HTTP/1.0" 200 77287 "-" "Mozilla/5.0 (compatible; AhrefsBot/7.0; +http://ahrefs.com/robot/)"
142.44.225.130 - - [16/Sep/2025:05:37:31 +0700] "GET /wp-content/uploads/2018/04/khi-thai.jpg HTTP/1.0" 200 416 "-" "Mozilla/5.0 (compatible; AhrefsBot/7.0; +http://ahrefs.com/robot/)"
185.191.171.12 - - [16/Sep/2025:05:37:30 +0700] "GET /category/uncategorized/page/209/ HTTP/1.0" 200 76569 "-" "Mozilla/5.0 (compatible; SemrushBot/7~bl; +http://www.semrush.com/bot.html)"
51.161.65.42 - - [16/Sep/2025:05:37:34 +0700] "GET /wp-content/uploads/2018/04/download.jpg HTTP/1.0" 200 416 "-" "Mozilla/5.0 (compatible; AhrefsBot/7.0; +http://ahrefs.com/robot/)"
217.113.194.72 - - [16/Sep/2025:05:37:35 +0700] "GET /enjoy-video-chatting-with-omegle-alternatives/feed/ HTTP/1.0" 200 1732 "-" "Mozilla/5.0 (compatible; Barkrowler/0.9; +https://babbar.tech/crawler)"
23.21.148.226 - - [16/Sep/2025:05:37:39 +0700] "GET /omegle-stories-real-life-connections-made-through-the-platform/ HTTP/1.0" 200 92226 "-" "Mozilla/5.0 AppleWebKit/537.36 (KHTML, like Gecko; compatible; Amazonbot/0.1; +https://developer.amazon.com/support/amazonbot) Chrome/119.0.6045.214 Safari/537.36"
3.211.181.86 - - [16/Sep/2025:05:37:43 +0700] "GET /omegle-vs-ometv-a-battle-of-user-engagement/ HTTP/1.0" 200 89826 "-" "Mozilla/5.0 AppleWebKit/537.36 (KHTML, like Gecko; compatible; Amazonbot/0.1; +https://developer.amazon.com/support/amazonbot) Chrome/119.0.6045.214 Safari/537.36"
167.114.139.145 - - [16/Sep/2025:05:37:44 +0700] "GET /author/tronggia/page/2/ HTTP/1.0" 200 77958 "-" "Mozilla/5.0 (compatible; AhrefsBot/7.0; +http://ahrefs.com/robot/)"
34.231.45.47 - - [16/Sep/2025:05:37:47 +0700] "GET /connecting-with-the-world-cultural-exchanges-on-omegle-and-ometv/ HTTP/1.0" 200 93175 "-" "Mozilla/5.0 AppleWebKit/537.36 (KHTML, like Gecko; compatible; Amazonbot/0.1; +https://developer.amazon.com/support/amazonbot) Chrome/119.0.6045.214 Safari/537.36"
52.44.174.136 - - [16/Sep/2025:05:37:50 +0700] "GET /serendipity-and-the-power-of-unexpected-connections-in-the-digital-age/ HTTP/1.0" 200 93564 "-" "Mozilla/5.0 AppleWebKit/537.36 (KHTML, like Gecko; compatible; Amazonbot/0.1; +https://developer.amazon.com/support/amazonbot) Chrome/119.0.6045.214 Safari/537.36"
44.217.255.167 - - [16/Sep/2025:05:37:55 +0700] "GET /enjoy-random-conversations-with-omegle-alternatives/ HTTP/1.0" 200 91076 "-" "Mozilla/5.0 AppleWebKit/537.36 (KHTML, like Gecko; compatible; Amazonbot/0.1; +https://developer.amazon.com/support/amazonbot) Chrome/119.0.6045.214 Safari/537.36"
217.113.194.80 - - [16/Sep/2025:05:37:55 +0700] "GET /small-wedding-suggestions-to-make-your-time-memorable-and-special/ HTTP/1.0" 200 206164 "-" "Mozilla/5.0 (compatible; Barkrowler/0.9; +https://babbar.tech/crawler)"
44.194.139.149 - - [16/Sep/2025:05:37:59 +0700] "GET /omegles-role-in-online-privacy-advocacy/ HTTP/1.0" 200 89652 "-" "Mozilla/5.0 AppleWebKit/537.36 (KHTML, like Gecko; compatible; Amazonbot/0.1; +https://developer.amazon.com/support/amazonbot) Chrome/119.0.6045.214 Safari/537.36"
44.215.210.112 - - [16/Sep/2025:05:38:03 +0700] "GET /getting-someone-in-a-different-country/ HTTP/1.0" 200 72161 "-" "Mozilla/5.0 AppleWebKit/537.36 (KHTML, like Gecko; compatible; Amazonbot/0.1; +https://developer.amazon.com/support/amazonbot) Chrome/119.0.6045.214 Safari/537.36"
44.195.145.102 - - [16/Sep/2025:05:38:07 +0700] "GET /identifying-and-avoiding-scams-on-omegle-a-privacy-perspective/ HTTP/1.0" 200 91923 "-" "Mozilla/5.0 AppleWebKit/537.36 (KHTML, like Gecko; compatible; Amazonbot/0.1; +https://developer.amazon.com/support/amazonbot) Chrome/119.0.6045.214 Safari/537.36"
35.169.119.108 - - [16/Sep/2025:05:38:11 +0700] "GET /category/dota-2/ HTTP/1.0" 200 58420 "-" "Mozilla/5.0 AppleWebKit/537.36 (KHTML, like Gecko; compatible; Amazonbot/0.1; +https://developer.amazon.com/support/amazonbot) Chrome/119.0.6045.214 Safari/537.36"
44.223.116.149 - - [16/Sep/2025:05:38:15 +0700] "GET /the-power-of-reflection-on-omegle-learning-and-growing-from-conversational-experiences/ HTTP/1.0" 200 92463 "-" "Mozilla/5.0 AppleWebKit/537.36 (KHTML, like Gecko; compatible; Amazonbot/0.1; +https://developer.amazon.com/support/amazonbot) Chrome/119.0.6045.214 Safari/537.36"
45.117.177.72 - - [16/Sep/2025:05:38:23 +0700] "POST /wp-cron.php?doing_wp_cron=1757975903.9210309982299804687500 HTTP/1.0" 200 416 "-" "WordPress/6.8.1; https://vattusacky.vn"
18.235.81.246 - - [16/Sep/2025:05:38:22 +0700] "GET /overcoming-social-barriers-embracing-intimacy-on-omegle/ HTTP/1.0" 200 90487 "-" "Mozilla/5.0 AppleWebKit/537.36 (KHTML, like Gecko; compatible; Amazonbot/0.1; +https://developer.amazon.com/support/amazonbot) Chrome/119.0.6045.214 Safari/537.36"
52.203.68.145 - - [16/Sep/2025:05:38:23 +0700] "GET /omegle-tales-from-across-the-globe-stories-from-different-countries/ HTTP/1.0" 200 91359 "-" "Mozilla/5.0 AppleWebKit/537.36 (KHTML, like Gecko; compatible; Amazonbot/0.1; +https://developer.amazon.com/support/amazonbot) Chrome/119.0.6045.214 Safari/537.36"
148.113.128.40 - - [16/Sep/2025:05:38:24 +0700] "GET /tag/lay-mau-nuoc-ngam/feed/ HTTP/1.0" 200 201839 "-" "Mozilla/5.0 (compatible; AhrefsBot/7.0; +http://ahrefs.com/robot/)"
54.235.191.179 - - [16/Sep/2025:05:38:27 +0700] "GET /omegle-video-chat-for-gaming-communities/ HTTP/1.0" 200 89653 "-" "Mozilla/5.0 AppleWebKit/537.36 (KHTML, like Gecko; compatible; Amazonbot/0.1; +https://developer.amazon.com/support/amazonbot) Chrome/119.0.6045.214 Safari/537.36"
217.113.194.74 - - [16/Sep/2025:05:38:29 +0700] "GET /1xbit-betting-app-2023-review-bonus-47/ HTTP/1.0" 200 224507 "-" "Mozilla/5.0 (compatible; Barkrowler/0.9; +https://babbar.tech/crawler)"
34.236.41.241 - - [16/Sep/2025:05:38:32 +0700] "GET /shaping-the-future-of-random-chats-omegles-strategy-revealed/ HTTP/1.0" 200 91707 "-" "Mozilla/5.0 AppleWebKit/537.36 (KHTML, like Gecko; compatible; Amazonbot/0.1; +https://developer.amazon.com/support/amazonbot) Chrome/119.0.6045.214 Safari/537.36"
52.23.112.144 - - [16/Sep/2025:05:38:38 +0700] "GET /how-to-avoid-scams-and-malicious-activities-on-omegle/ HTTP/1.0" 200 88981 "-" "Mozilla/5.0 AppleWebKit/537.36 (KHTML, like Gecko; compatible; Amazonbot/0.1; +https://developer.amazon.com/support/amazonbot) Chrome/119.0.6045.214 Safari/537.36"
34.206.193.60 - - [16/Sep/2025:05:38:39 +0700] "GET /tips-for-finding-interesting-conversations-on-omegle/ HTTP/1.0" 200 91795 "-" "Mozilla/5.0 AppleWebKit/537.36 (KHTML, like Gecko; compatible; Amazonbot/0.1; +https://developer.amazon.com/support/amazonbot) Chrome/119.0.6045.214 Safari/537.36"
23.21.225.190 - - [16/Sep/2025:05:38:43 +0700] "GET /behind-the-algorithm-how-omegle-matches-users/ HTTP/1.0" 200 89118 "-" "Mozilla/5.0 AppleWebKit/537.36 (KHTML, like Gecko; compatible; Amazonbot/0.1; +https://developer.amazon.com/support/amazonbot) Chrome/119.0.6045.214 Safari/537.36"
34.238.45.183 - - [16/Sep/2025:05:38:47 +0700] "GET /omegles-userbase-whos-using-the-platform/ HTTP/1.0" 200 88533 "-" "Mozilla/5.0 AppleWebKit/537.36 (KHTML, like Gecko; compatible; Amazonbot/0.1; +https://developer.amazon.com/support/amazonbot) Chrome/119.0.6045.214 Safari/537.36"
52.200.142.199 - - [16/Sep/2025:05:38:51 +0700] "GET /free-advice-on-actor/ HTTP/1.0" 200 82504 "-" "Mozilla/5.0 AppleWebKit/537.36 (KHTML, like Gecko; compatible; Amazonbot/0.1; +https://developer.amazon.com/support/amazonbot) Chrome/119.0.6045.214 Safari/537.36"
98.82.59.253 - - [16/Sep/2025:05:38:55 +0700] "GET /the-pros-and-cons-of-omegle-for-introverts/ HTTP/1.0" 200 91577 "-" "Mozilla/5.0 AppleWebKit/537.36 (KHTML, like Gecko; compatible; Amazonbot/0.1; +https://developer.amazon.com/support/amazonbot) Chrome/119.0.6045.214 Safari/537.36"
217.113.194.75 - - [16/Sep/2025:05:38:58 +0700] "GET /unlocking-the-benefits-of-litecoin-casino-gaming/feed/ HTTP/1.0" 200 1741 "-" "Mozilla/5.0 (compatible; Barkrowler/0.9; +https://babbar.tech/crawler)"
3.210.223.61 - - [16/Sep/2025:05:38:59 +0700] "GET /robots.txt HTTP/1.0" 301 562 "-" "Mozilla/5.0 AppleWebKit/537.36 (KHTML, like Gecko; compatible; Amazonbot/0.1; +https://developer.amazon.com/support/amazonbot) Chrome/119.0.6045.214 Safari/537.36"
52.4.213.199 - - [16/Sep/2025:05:39:02 +0700] "GET /robots.txt HTTP/1.0" 200 984 "-" "Mozilla/5.0 AppleWebKit/537.36 (KHTML, like Gecko; compatible; Amazonbot/0.1; +https://developer.amazon.com/support/amazonbot) Chrome/119.0.6045.214 Safari/537.36"
23.21.250.48 - - [16/Sep/2025:05:39:03 +0700] "GET /showcasing-artistic-diversity-celebrating-different-mediums-on-omegle/ HTTP/1.0" 200 91106 "-" "Mozilla/5.0 AppleWebKit/537.36 (KHTML, like Gecko; compatible; Amazonbot/0.1; +https://developer.amazon.com/support/amazonbot) Chrome/119.0.6045.214 Safari/537.36"
