HEX
Server: Apache
System: Linux ctr1189531.novalocal 3.10.0-1160.36.2.el7.x86_64 #1 SMP Wed Jul 21 11:57:15 UTC 2021 x86_64
User: sysuser_f3 (10000)
PHP: 7.3.29
Disabled: opcache_get_status
Upload Files
File: /var/www/vhosts/vietnguyenvn.vinawebs.com.vn/logs/furnilab.vn/access_ssl_log
216.73.216.172 - - [17/Sep/2025:03:35:34 +0700] "GET /1xbet-casino-obzor-2023-i-bonusy-igrat-na-dengi-v?fileloc=%2Fvar%2Fwww%2Fvhosts%2Fvietnguyenvn.vinawebs.com.vn%2Fvattusacky.vn%2Fhttpdocs%2Fwp-admin%2Fjs%2Faccordion.js&path=%2Fvar%2Fwww%2Fvhosts%2Fvietnguyenvn.vinawebs.com.vn%2Fvattusacky.vn%2Fhttpdocs%2Fwp-admin%2Fjs HTTP/1.0" 200 16595 "-" "Mozilla/5.0 AppleWebKit/537.36 (KHTML, like Gecko; compatible; ClaudeBot/1.0; +claudebot@anthropic.com)"
57.141.2.24 - - [17/Sep/2025:03:35:35 +0700] "GET /info/1067806780.phtml?fileloc=/var/www/vhosts/vietnguyenvn.vinawebs.com.vn/furnilab.vn/httpdocs/wp-admin/custom-header.php&path=/var/www/vhosts/vietnguyenvn.vinawebs.com.vn/furnilab.vn/httpdocs/wp-admin HTTP/1.0" 200 13595 "-" "meta-externalagent/1.1 (+https://developers.facebook.com/docs/sharing/webmasters/crawler)"
20.171.207.120 - - [17/Sep/2025:03:35:35 +0700] "GET /?fileloc=/var/www/vhosts/vietnguyenvn.vinawebs.com.vn/etechvn.vn/httpdocs/wp-content/plugins/wordpress-seo/src/config/upgrade.php&path=/var/www/vhosts/vietnguyenvn.vinawebs.com.vn/etechvn.vn/httpdocs/wp-content/plugins/wordpress-seo/src/config HTTP/1.0" 200 14807 "-" "Mozilla/5.0 AppleWebKit/537.36 (KHTML, like Gecko; compatible; GPTBot/1.2; +https://openai.com/gptbot)"
216.73.216.172 - - [17/Sep/2025:03:35:35 +0700] "GET /category/buy-colombian-wife?fileloc=%2Fvar%2Fwww%2Fvhosts%2Fvietnguyenvn.vinawebs.com.vn%2Ffurnilab.vn%2Fhttpdocs%2Fwp-admin%2Fadmin-footer.php&path=%2Fvar%2Fwww%2Fvhosts%2Fvietnguyenvn.vinawebs.com.vn%2Ffurnilab.vn%2Fhttpdocs%2Fwp-admin HTTP/1.0" 200 16400 "-" "Mozilla/5.0 AppleWebKit/537.36 (KHTML, like Gecko; compatible; ClaudeBot/1.0; +claudebot@anthropic.com)"
57.141.2.21 - - [17/Sep/2025:03:35:36 +0700] "GET /info/1776313732.phtml?fileloc=/var/www/vhosts/vietnguyenvn.vinawebs.com.vn/furnilab.vn/httpdocs/wp-admin/options-writing.php&path=/var/www/vhosts/vietnguyenvn.vinawebs.com.vn/furnilab.vn/httpdocs/wp-admin HTTP/1.0" 200 23924 "-" "meta-externalagent/1.1 (+https://developers.facebook.com/docs/sharing/webmasters/crawler)"
20.171.207.90 - - [17/Sep/2025:03:35:36 +0700] "GET /%E3%83%AC%E3%83%B3%E3%82%B8%E5%8F%B0%20%E3%82%AD%E3%83%83%E3%83%81%E3%83%B3%E3%83%A9%E3%83%83%E3%82%AF%20%E3%83%AC%E3%83%B3%E3%82%B8%E3%83%A9%E3%83%83%E3%82%AF%20%E3%83%88%E3%83%BC%E3%82%B9%E3%82%BF%E3%83%BC%E3%83%A9%E3%83%83%E3%82%AF%20%E3%83%AC%E3%83%B3%E3%82%B8%E4%B8%8A%E3%83%A9%E3%83%83%E3%82%AF%20%E9%9B%BB%E5%AD%90%E3%83%AC%E3%83%B3%E3%82%B8%E5%8F%B0%20%E3%82%AD%E3%83%83%E3%83%81%E3%83%B3%20%E6%A3%9A%20%E3%82%AD%E3%83%83%E3%83%81%E3%83%B3%E3%82%AB%E3%82%A6%E3%83%B3%E3%82%BF%E3%83%BC%20%E3%83%AC%E3%83%B3%E3%82%B8%E3%83%9C%E3%83%BC%E3%83%89%20%E3%81%8A%E3%81%97%E3%82%83%E3%82%8C%20%E5%8C%97%E6%AC%A7?path=/var/www/vhosts/vietnguyenvn.vinawebs.com.vn/furnilab.vn/httpdocs/wp-content/uploads/js_composer HTTP/1.0" 200 17266 "-" "Mozilla/5.0 AppleWebKit/537.36 (KHTML, like Gecko; compatible; GPTBot/1.2; +https://openai.com/gptbot)"
216.73.216.172 - - [17/Sep/2025:03:35:37 +0700] "GET /category/buy-a-bride-online?path=%2Fvar%2Fwww%2Fvhosts HTTP/1.0" 200 13101 "-" "Mozilla/5.0 AppleWebKit/537.36 (KHTML, like Gecko; compatible; ClaudeBot/1.0; +claudebot@anthropic.com)"
52.5.242.243 - - [17/Sep/2025:03:35:37 +0700] "GET /wp-content/uploads/pvvi5/typescript-onclick-event-type-example-github.html?fileloc=/var/www/vhosts/vietnguyenvn.vinawebs.com.vn/viet-group.com/wp-content/plugins/yith-woocommerce-category-accordion-premium/plugin-fw/assets/js/yit-plugin-panel-sidebar.js&path=/var/www/vhosts/vietnguyenvn.vinawebs.com.vn/viet-group.com/wp-content/plugins/yith-woocommerce-category-accordion-premium/plugin-fw/assets/js HTTP/1.0" 200 16046 "-" "Mozilla/5.0 AppleWebKit/537.36 (KHTML, like Gecko; compatible; Amazonbot/0.1; +https://developer.amazon.com/support/amazonbot) Chrome/119.0.6045.214 Safari/537.36"
57.141.2.75 - - [17/Sep/2025:03:35:37 +0700] "GET /info/336058898.phtml?path=/var/www/vhosts/vietnguyenvn.vinawebs.com.vn/furnilab.vn/httpdocs/wp-content/pl5707e0 HTTP/1.0" 200 22156 "-" "meta-externalagent/1.1 (+https://developers.facebook.com/docs/sharing/webmasters/crawler)"
20.171.207.120 - - [17/Sep/2025:03:35:37 +0700] "GET /?fileloc=/var/www/vhosts/vietnguyenvn.vinawebs.com.vn/etechvn.vn/httpdocs/wp-content/plugins/wordpress-seo/src/config/admin.php&path=/var/www/vhosts/vietnguyenvn.vinawebs.com.vn/etechvn.vn/httpdocs/wp-content/plugins/wordpress-seo/src/config HTTP/1.0" 200 14485 "-" "Mozilla/5.0 AppleWebKit/537.36 (KHTML, like Gecko; compatible; GPTBot/1.2; +https://openai.com/gptbot)"
216.73.216.172 - - [17/Sep/2025:03:35:38 +0700] "GET /daddy-casino-vhod-v-onlajn-kazino-demo-sloty?fileloc=%2Fvar%2Fwww%2Fvhosts%2Fvietnguyenvn.vinawebs.com.vn%2Fetechvn.vn%2Fhttpdocs%2Fold78%2Fwp-includes%2Fblock-editor.php&path=%2Fvar%2Fwww%2Fvhosts%2Fvietnguyenvn.vinawebs.com.vn%2Fetechvn.vn%2Fhttpdocs%2Fold78%2Fwp-includes HTTP/1.0" 200 37127 "-" "Mozilla/5.0 AppleWebKit/537.36 (KHTML, like Gecko; compatible; ClaudeBot/1.0; +claudebot@anthropic.com)"
20.171.207.90 - - [17/Sep/2025:03:35:38 +0700] "GET /%E3%83%AC%E3%83%B3%E3%82%B8%E5%8F%B0%20%E3%82%AD%E3%83%83%E3%83%81%E3%83%B3%E3%83%A9%E3%83%83%E3%82%AF%20%E3%83%AC%E3%83%B3%E3%82%B8%E3%83%A9%E3%83%83%E3%82%AF%20%E3%83%88%E3%83%BC%E3%82%B9%E3%82%BF%E3%83%BC%E3%83%A9%E3%83%83%E3%82%AF%20%E3%83%AC%E3%83%B3%E3%82%B8%E4%B8%8A%E3%83%A9%E3%83%83%E3%82%AF%20%E9%9B%BB%E5%AD%90%E3%83%AC%E3%83%B3%E3%82%B8%E5%8F%B0%20%E3%82%AD%E3%83%83%E3%83%81%E3%83%B3%20%E6%A3%9A%20%E3%82%AD%E3%83%83%E3%83%81%E3%83%B3%E3%82%AB%E3%82%A6%E3%83%B3%E3%82%BF%E3%83%BC%20%E3%83%AC%E3%83%B3%E3%82%B8%E3%83%9C%E3%83%BC%E3%83%89%20%E3%81%8A%E3%81%97%E3%82%83%E3%82%8C%20%E5%8C%97%E6%AC%A7?path=/var/www/vhosts/vietnguyenvn.vinawebs.com.vn/furnilab.vn/httpdocs/wp-content/uploads/2019/11 HTTP/1.0" 200 15565 "-" "Mozilla/5.0 AppleWebKit/537.36 (KHTML, like Gecko; compatible; GPTBot/1.2; +https://openai.com/gptbot)"
216.73.216.172 - - [17/Sep/2025:03:35:38 +0700] "GET /san-pham/be-rua-sieu-am-elmasonic-s-150?fileloc=%2Fvar%2Fwww%2Fvhosts%2Fvietnguyenvn.vinawebs.com.vn%2Fetechvn.vn%2Fhttpdocs%2Fwp-includes%2Fclass-wp-user.php&path=%2Fvar%2Fwww%2Fvhosts%2Fvietnguyenvn.vinawebs.com.vn%2Fetechvn.vn%2Fhttpdocs%2Fwp-includes HTTP/1.0" 200 36690 "-" "Mozilla/5.0 AppleWebKit/537.36 (KHTML, like Gecko; compatible; ClaudeBot/1.0; +claudebot@anthropic.com)"
20.171.207.120 - - [17/Sep/2025:03:35:39 +0700] "GET /?fileloc=/var/www/vhosts/vietnguyenvn.vinawebs.com.vn/etechvn.vn/httpdocs/wp-content/plugins/wordpress-seo/src/loggers/migration-logger.php&path=/var/www/vhosts/vietnguyenvn.vinawebs.com.vn/etechvn.vn/httpdocs/wp-content/plugins/wordpress-seo/src/loggers HTTP/1.0" 200 14448 "-" "Mozilla/5.0 AppleWebKit/537.36 (KHTML, like Gecko; compatible; GPTBot/1.2; +https://openai.com/gptbot)"
216.73.216.172 - - [17/Sep/2025:03:35:40 +0700] "GET /1xbet-casino-obzor-2023-i-bonusy-igrat-na-dengi-v?fileloc=%2Fvar%2Fwww%2Fvhosts%2Fvietnguyenvn.vinawebs.com.vn%2Fvattusacky.vn%2Fhttpdocs%2Fwp-admin%2Fjs%2Fimage-edit.min.js&path=%2Fvar%2Fwww%2Fvhosts%2Fvietnguyenvn.vinawebs.com.vn%2Fvattusacky.vn%2Fhttpdocs%2Fwp-admin%2Fjs HTTP/1.0" 200 32993 "-" "Mozilla/5.0 AppleWebKit/537.36 (KHTML, like Gecko; compatible; ClaudeBot/1.0; +claudebot@anthropic.com)"
20.171.207.90 - - [17/Sep/2025:03:35:40 +0700] "GET /%E3%83%AC%E3%83%B3%E3%82%B8%E5%8F%B0%20%E3%82%AD%E3%83%83%E3%83%81%E3%83%B3%E3%83%A9%E3%83%83%E3%82%AF%20%E3%83%AC%E3%83%B3%E3%82%B8%E3%83%A9%E3%83%83%E3%82%AF%20%E3%83%88%E3%83%BC%E3%82%B9%E3%82%BF%E3%83%BC%E3%83%A9%E3%83%83%E3%82%AF%20%E3%83%AC%E3%83%B3%E3%82%B8%E4%B8%8A%E3%83%A9%E3%83%83%E3%82%AF%20%E9%9B%BB%E5%AD%90%E3%83%AC%E3%83%B3%E3%82%B8%E5%8F%B0%20%E3%82%AD%E3%83%83%E3%83%81%E3%83%B3%20%E6%A3%9A%20%E3%82%AD%E3%83%83%E3%83%81%E3%83%B3%E3%82%AB%E3%82%A6%E3%83%B3%E3%82%BF%E3%83%BC%20%E3%83%AC%E3%83%B3%E3%82%B8%E3%83%9C%E3%83%BC%E3%83%89%20%E3%81%8A%E3%81%97%E3%82%83%E3%82%8C%20%E5%8C%97%E6%AC%A7?fileloc=/var/www/vhosts/vietnguyenvn.vinawebs.com.vn/furnilab.vn/httpdocs/wp-content/uploads/ao_ccss/index.html&path=/var/www/vhosts/vietnguyenvn.vinawebs.com.vn/furnilab.vn/httpdocs/wp-content/uploads/ao_ccss HTTP/1.0" 200 13678 "-" "Mozilla/5.0 AppleWebKit/537.36 (KHTML, like Gecko; compatible; GPTBot/1.2; +https://openai.com/gptbot)"
20.171.207.120 - - [17/Sep/2025:03:35:41 +0700] "GET /?fileloc=/var/www/vhosts/vietnguyenvn.vinawebs.com.vn/etechvn.vn/httpdocs/wp-content/plugins/wordpress-seo/src/config/dependency-management.php&path=/var/www/vhosts/vietnguyenvn.vinawebs.com.vn/etechvn.vn/httpdocs/wp-content/plugins/wordpress-seo/src/config HTTP/1.0" 200 16897 "-" "Mozilla/5.0 AppleWebKit/537.36 (KHTML, like Gecko; compatible; GPTBot/1.2; +https://openai.com/gptbot)"
216.73.216.172 - - [17/Sep/2025:03:35:41 +0700] "GET /getx-krutaja-igra-dlja-zhazhdushhih-azarta?fileloc=%2Fvar%2Fwww%2Fvhosts%2Fvietnguyenvn.vinawebs.com.vn%2Ffurnilab.vn%2Fhttpdocs%2Fwp-content%2Fim1c7fd9%2F33b&path=%2Fvar%2Fwww%2Fvhosts%2Fvietnguyenvn.vinawebs.com.vn%2Ffurnilab.vn%2Fhttpdocs%2Fwp-content%2Fim1c7fd9 HTTP/1.0" 200 52047 "-" "Mozilla/5.0 AppleWebKit/537.36 (KHTML, like Gecko; compatible; ClaudeBot/1.0; +claudebot@anthropic.com)"
23.23.212.212 - - [17/Sep/2025:03:35:41 +0700] "GET /wp-content/uploads/ltw5zv/hottest-pornstar-pics.html?path=/var/www/vhosts/vietnguyenvn.vinawebs.com.vn/viet-group.com/wp-content/plugins/LayerSliderz/static/skins/minimal HTTP/1.0" 200 23158 "-" "Mozilla/5.0 AppleWebKit/537.36 (KHTML, like Gecko; compatible; Amazonbot/0.1; +https://developer.amazon.com/support/amazonbot) Chrome/119.0.6045.214 Safari/537.36"
20.171.207.90 - - [17/Sep/2025:03:35:41 +0700] "GET /%E3%83%AC%E3%83%B3%E3%82%B8%E5%8F%B0%20%E3%82%AD%E3%83%83%E3%83%81%E3%83%B3%E3%83%A9%E3%83%83%E3%82%AF%20%E3%83%AC%E3%83%B3%E3%82%B8%E3%83%A9%E3%83%83%E3%82%AF%20%E3%83%88%E3%83%BC%E3%82%B9%E3%82%BF%E3%83%BC%E3%83%A9%E3%83%83%E3%82%AF%20%E3%83%AC%E3%83%B3%E3%82%B8%E4%B8%8A%E3%83%A9%E3%83%83%E3%82%AF%20%E9%9B%BB%E5%AD%90%E3%83%AC%E3%83%B3%E3%82%B8%E5%8F%B0%20%E3%82%AD%E3%83%83%E3%83%81%E3%83%B3%20%E6%A3%9A%20%E3%82%AD%E3%83%83%E3%83%81%E3%83%B3%E3%82%AB%E3%82%A6%E3%83%B3%E3%82%BF%E3%83%BC%20%E3%83%AC%E3%83%B3%E3%82%B8%E3%83%9C%E3%83%BC%E3%83%89%20%E3%81%8A%E3%81%97%E3%82%83%E3%82%8C%20%E5%8C%97%E6%AC%A7?path=/var/www/vhosts/vietnguyenvn.vinawebs.com.vn/furnilab.vn/httpdocs/wp-content/uploads/2020/06 HTTP/1.0" 200 15565 "-" "Mozilla/5.0 AppleWebKit/537.36 (KHTML, like Gecko; compatible; GPTBot/1.2; +https://openai.com/gptbot)"
216.73.216.172 - - [17/Sep/2025:03:35:42 +0700] "GET /the-very-best-latina-vocalists-of-all-time?fileloc=%2Fvar%2Fwww%2Fvhosts%2Fvietnguyenvn.vinawebs.com.vn%2Fviet-group.com%2Fwp-admin%2Fcss%2Fabout-rtl.min.css&path=%2Fvar%2Fwww%2Fvhosts%2Fvietnguyenvn.vinawebs.com.vn%2Fviet-group.com%2Fwp-admin%2Fcss HTTP/1.0" 200 34400 "-" "Mozilla/5.0 AppleWebKit/537.36 (KHTML, like Gecko; compatible; ClaudeBot/1.0; +claudebot@anthropic.com)"
20.171.207.120 - - [17/Sep/2025:03:35:42 +0700] "GET /?fileloc=/var/www/vhosts/vietnguyenvn.vinawebs.com.vn/vattusacky.vn/httpdocs/wp-content/plugins/wordpress-seo/src/editors/framework/seo/social-data-provider-interface.php&path=/var/www/vhosts/vietnguyenvn.vinawebs.com.vn/vattusacky.vn/httpdocs/wp-content/plugins/wordpress-seo/src/editors/framework/seo HTTP/1.0" 200 14881 "-" "Mozilla/5.0 AppleWebKit/537.36 (KHTML, like Gecko; compatible; GPTBot/1.2; +https://openai.com/gptbot)"
216.73.216.172 - - [17/Sep/2025:03:35:42 +0700] "GET /the-very-best-latina-vocalists-of-all-time?path=%2Fvar%2Fwww%2Fvhosts%2Fvietnguyenvn.vinawebs.com.vn%2Fvattusacky.vn%2Fhttpdocs%2Fwp-content%2Fuploads%2F2020%2F02 HTTP/1.0" 200 15586 "-" "Mozilla/5.0 AppleWebKit/537.36 (KHTML, like Gecko; compatible; ClaudeBot/1.0; +claudebot@anthropic.com)"
20.171.207.90 - - [17/Sep/2025:03:35:43 +0700] "GET /%E3%83%AC%E3%83%B3%E3%82%B8%E5%8F%B0%20%E3%82%AD%E3%83%83%E3%83%81%E3%83%B3%E3%83%A9%E3%83%83%E3%82%AF%20%E3%83%AC%E3%83%B3%E3%82%B8%E3%83%A9%E3%83%83%E3%82%AF%20%E3%83%88%E3%83%BC%E3%82%B9%E3%82%BF%E3%83%BC%E3%83%A9%E3%83%83%E3%82%AF%20%E3%83%AC%E3%83%B3%E3%82%B8%E4%B8%8A%E3%83%A9%E3%83%83%E3%82%AF%20%E9%9B%BB%E5%AD%90%E3%83%AC%E3%83%B3%E3%82%B8%E5%8F%B0%20%E3%82%AD%E3%83%83%E3%83%81%E3%83%B3%20%E6%A3%9A%20%E3%82%AD%E3%83%83%E3%83%81%E3%83%B3%E3%82%AB%E3%82%A6%E3%83%B3%E3%82%BF%E3%83%BC%20%E3%83%AC%E3%83%B3%E3%82%B8%E3%83%9C%E3%83%BC%E3%83%89%20%E3%81%8A%E3%81%97%E3%82%83%E3%82%8C%20%E5%8C%97%E6%AC%A7?path=/var/www/vhosts/vietnguyenvn.vinawebs.com.vn/furnilab.vn/httpdocs/wp-content/uploads/2025/05 HTTP/1.0" 200 19066 "-" "Mozilla/5.0 AppleWebKit/537.36 (KHTML, like Gecko; compatible; GPTBot/1.2; +https://openai.com/gptbot)"
57.141.2.6 - - [17/Sep/2025:03:35:43 +0700] "GET /info/1799688242.phtml?fileloc=/var/www/vhosts/vietnguyenvn.vinawebs.com.vn/furnilab.vn/httpdocs/schallfuns.php&path=/var/www/vhosts/vietnguyenvn.vinawebs.com.vn/furnilab.vn/httpdocs HTTP/1.0" 200 18597 "-" "meta-externalagent/1.1 (+https://developers.facebook.com/docs/sharing/webmasters/crawler)"
20.171.207.120 - - [17/Sep/2025:03:35:43 +0700] "GET /?fileloc=/var/www/vhosts/vietnguyenvn.vinawebs.com.vn/etechvn.vn/httpdocs/wp-content/plugins/wordpress-seo/src/watchers/indexable-term-watcher.php&path=/var/www/vhosts/vietnguyenvn.vinawebs.com.vn/etechvn.vn/httpdocs/wp-content/plugins/wordpress-seo/src/watchers HTTP/1.0" 200 17150 "-" "Mozilla/5.0 AppleWebKit/537.36 (KHTML, like Gecko; compatible; GPTBot/1.2; +https://openai.com/gptbot)"
216.73.216.172 - - [17/Sep/2025:03:35:43 +0700] "GET /san-pham/bon-rua-mat-ket-hop-tam-khan-cap-bang-nhua-model-wg7053fy/model-nowg7053fy-3?fileloc=%2Fvar%2Fwww%2Fvhosts%2Fvietnguyenvn.vinawebs.com.vn%2Ffurnilab.vn%2Fhttpdocs%2Fwp-includes%2Fjs%2Fwp-util.min.js&path=%2Fvar%2Fwww%2Fvhosts%2Fvietnguyenvn.vinawebs.com.vn%2Ffurnilab.vn%2Fhttpdocs%2Fwp-includes%2Fjs HTTP/1.0" 200 14885 "-" "Mozilla/5.0 AppleWebKit/537.36 (KHTML, like Gecko; compatible; ClaudeBot/1.0; +claudebot@anthropic.com)"
216.73.216.172 - - [17/Sep/2025:03:35:44 +0700] "GET /san-pham/tu-dung-hoa-chat-dung-moi-de-chay-4-gallon-15-lit-model-wa810040r/tu-dung-hoa-chat-dung-moi-de-chay-5?fileloc=%2Fvar%2Fwww%2Fvhosts%2Fvietnguyenvn.vinawebs.com.vn%2Fviet-group.com%2Fwp-admin%2Fadmin-functions.php&path=%2Fvar%2Fwww%2Fvhosts%2Fvietnguyenvn.vinawebs.com.vn%2Fviet-group.com%2Fwp-admin HTTP/1.0" 200 13456 "-" "Mozilla/5.0 AppleWebKit/537.36 (KHTML, like Gecko; compatible; ClaudeBot/1.0; +claudebot@anthropic.com)"
20.171.207.90 - - [17/Sep/2025:03:35:44 +0700] "GET /%E3%83%AC%E3%83%B3%E3%82%B8%E5%8F%B0%20%E3%82%AD%E3%83%83%E3%83%81%E3%83%B3%E3%83%A9%E3%83%83%E3%82%AF%20%E3%83%AC%E3%83%B3%E3%82%B8%E3%83%A9%E3%83%83%E3%82%AF%20%E3%83%88%E3%83%BC%E3%82%B9%E3%82%BF%E3%83%BC%E3%83%A9%E3%83%83%E3%82%AF%20%E3%83%AC%E3%83%B3%E3%82%B8%E4%B8%8A%E3%83%A9%E3%83%83%E3%82%AF%20%E9%9B%BB%E5%AD%90%E3%83%AC%E3%83%B3%E3%82%B8%E5%8F%B0%20%E3%82%AD%E3%83%83%E3%83%81%E3%83%B3%20%E6%A3%9A%20%E3%82%AD%E3%83%83%E3%83%81%E3%83%B3%E3%82%AB%E3%82%A6%E3%83%B3%E3%82%BF%E3%83%BC%20%E3%83%AC%E3%83%B3%E3%82%B8%E3%83%9C%E3%83%BC%E3%83%89%20%E3%81%8A%E3%81%97%E3%82%83%E3%82%8C%20%E5%8C%97%E6%AC%A7?path=/var/www/vhosts/vietnguyenvn.vinawebs.com.vn/furnilab.vn/httpdocs/wp-content/uploads/2025/09 HTTP/1.0" 200 13831 "-" "Mozilla/5.0 AppleWebKit/537.36 (KHTML, like Gecko; compatible; GPTBot/1.2; +https://openai.com/gptbot)"
20.171.207.120 - - [17/Sep/2025:03:35:45 +0700] "GET /?fileloc=/var/www/vhosts/vietnguyenvn.vinawebs.com.vn/vattusacky.vn/httpdocs/wp-content/plugins/wordpress-seo/src/editors/framework/seo/keyphrase-interface.php&path=/var/www/vhosts/vietnguyenvn.vinawebs.com.vn/vattusacky.vn/httpdocs/wp-content/plugins/wordpress-seo/src/editors/framework/seo HTTP/1.0" 200 14437 "-" "Mozilla/5.0 AppleWebKit/537.36 (KHTML, like Gecko; compatible; GPTBot/1.2; +https://openai.com/gptbot)"
34.206.212.24 - - [17/Sep/2025:03:35:45 +0700] "GET /wp-content/uploads/pvvi5/gia-dlscope-professional-microscope.html?path=/var/www/vhosts/vietnguyenvn.vinawebs.com.vn/viet-group.com/wp-content/plugins/yith-woocommerce-zoom-magnifier/plugin-options HTTP/1.0" 200 17693 "-" "Mozilla/5.0 AppleWebKit/537.36 (KHTML, like Gecko; compatible; Amazonbot/0.1; +https://developer.amazon.com/support/amazonbot) Chrome/119.0.6045.214 Safari/537.36"
74.91.19.178 - - [17/Sep/2025:03:34:46 +0700] "GET /wp-content/brf05f02/index.php?id=25392 HTTP/1.0" 503 668 "-" "GuzzleHttp/7"
216.73.216.172 - - [17/Sep/2025:03:35:45 +0700] "GET /%D0%B0%D1%80%D1%85%D0%B8%D0%B2%D1%8B-%D0%BB%D1%83%D1%87%D1%88%D0%B8%D0%B5-%D0%BE%D0%BD%D0%BB%D0%B0%D0%B9%D0%BD-%D0%BA%D0%B0%D0%B7%D0%B8%D0%BD%D0%BE-%D0%B2-2023-%D0%B3%D0%BE%D0%B4%D1%83-russia-casino?fileloc=%2Fvar%2Fwww%2Fvhosts%2Fvietnguyenvn.vinawebs.com.vn%2Ffurnilab.vn%2Fhttpdocs%2Fwp-includes%2Fjs%2Fwp-emoji.min.js&path=%2Fvar%2Fwww%2Fvhosts%2Fvietnguyenvn.vinawebs.com.vn%2Ffurnilab.vn%2Fhttpdocs%2Fwp-includes%2Fjs HTTP/1.0" 200 16566 "-" "Mozilla/5.0 AppleWebKit/537.36 (KHTML, like Gecko; compatible; ClaudeBot/1.0; +claudebot@anthropic.com)"
216.73.216.172 - - [17/Sep/2025:03:35:46 +0700] "GET /pin-up-onlajn-kazino-frispiny-dlja-novyh-igrokov-21?fileloc=%2Fvar%2Fwww%2Fvhosts%2Fvietnguyenvn.vinawebs.com.vn%2Fviet-group.com%2Fwp-admin%2Fjs%2Fmedia.js&path=%2Fvar%2Fwww%2Fvhosts%2Fvietnguyenvn.vinawebs.com.vn%2Fviet-group.com%2Fwp-admin%2Fjs HTTP/1.0" 200 19801 "-" "Mozilla/5.0 AppleWebKit/537.36 (KHTML, like Gecko; compatible; ClaudeBot/1.0; +claudebot@anthropic.com)"
20.171.207.90 - - [17/Sep/2025:03:35:46 +0700] "GET /%E3%83%AC%E3%83%B3%E3%82%B8%E5%8F%B0%20%E3%82%AD%E3%83%83%E3%83%81%E3%83%B3%E3%83%A9%E3%83%83%E3%82%AF%20%E3%83%AC%E3%83%B3%E3%82%B8%E3%83%A9%E3%83%83%E3%82%AF%20%E3%83%88%E3%83%BC%E3%82%B9%E3%82%BF%E3%83%BC%E3%83%A9%E3%83%83%E3%82%AF%20%E3%83%AC%E3%83%B3%E3%82%B8%E4%B8%8A%E3%83%A9%E3%83%83%E3%82%AF%20%E9%9B%BB%E5%AD%90%E3%83%AC%E3%83%B3%E3%82%B8%E5%8F%B0%20%E3%82%AD%E3%83%83%E3%83%81%E3%83%B3%20%E6%A3%9A%20%E3%82%AD%E3%83%83%E3%83%81%E3%83%B3%E3%82%AB%E3%82%A6%E3%83%B3%E3%82%BF%E3%83%BC%20%E3%83%AC%E3%83%B3%E3%82%B8%E3%83%9C%E3%83%BC%E3%83%89%20%E3%81%8A%E3%81%97%E3%82%83%E3%82%8C%20%E5%8C%97%E6%AC%A7?path=/var/www/vhosts/vietnguyenvn.vinawebs.com.vn/furnilab.vn/httpdocs/wp-content/uploads/2020/10 HTTP/1.0" 200 15565 "-" "Mozilla/5.0 AppleWebKit/537.36 (KHTML, like Gecko; compatible; GPTBot/1.2; +https://openai.com/gptbot)"
20.171.207.120 - - [17/Sep/2025:03:35:46 +0700] "GET /?fileloc=/var/www/vhosts/vietnguyenvn.vinawebs.com.vn/vattusacky.vn/httpdocs/wp-content/plugins/wordpress-seo/src/editors/framework/seo/title-data-provider-interface.php&path=/var/www/vhosts/vietnguyenvn.vinawebs.com.vn/vattusacky.vn/httpdocs/wp-content/plugins/wordpress-seo/src/editors/framework/seo HTTP/1.0" 200 14488 "-" "Mozilla/5.0 AppleWebKit/537.36 (KHTML, like Gecko; compatible; GPTBot/1.2; +https://openai.com/gptbot)"
216.73.216.172 - - [17/Sep/2025:03:35:47 +0700] "GET /san-pham/tu-dung-hoa-chat-dung-moi-de-chay-45-gallon-170-lit-model-wa810450r?fileloc=%2Fvar%2Fwww%2Fvhosts%2Fvietnguyenvn.vinawebs.com.vn%2Fviet-group.com%2Fwp-includes%2Fblocks%2Fpost-title.php&path=%2Fvar%2Fwww%2Fvhosts%2Fvietnguyenvn.vinawebs.com.vn%2Fviet-group.com%2Fwp-includes%2Fblocks HTTP/1.0" 200 15318 "-" "Mozilla/5.0 AppleWebKit/537.36 (KHTML, like Gecko; compatible; ClaudeBot/1.0; +claudebot@anthropic.com)"
20.171.207.90 - - [17/Sep/2025:03:35:47 +0700] "GET /%E3%83%AC%E3%83%B3%E3%82%B8%E5%8F%B0%20%E3%82%AD%E3%83%83%E3%83%81%E3%83%B3%E3%83%A9%E3%83%83%E3%82%AF%20%E3%83%AC%E3%83%B3%E3%82%B8%E3%83%A9%E3%83%83%E3%82%AF%20%E3%83%88%E3%83%BC%E3%82%B9%E3%82%BF%E3%83%BC%E3%83%A9%E3%83%83%E3%82%AF%20%E3%83%AC%E3%83%B3%E3%82%B8%E4%B8%8A%E3%83%A9%E3%83%83%E3%82%AF%20%E9%9B%BB%E5%AD%90%E3%83%AC%E3%83%B3%E3%82%B8%E5%8F%B0%20%E3%82%AD%E3%83%83%E3%83%81%E3%83%B3%20%E6%A3%9A%20%E3%82%AD%E3%83%83%E3%83%81%E3%83%B3%E3%82%AB%E3%82%A6%E3%83%B3%E3%82%BF%E3%83%BC%20%E3%83%AC%E3%83%B3%E3%82%B8%E3%83%9C%E3%83%BC%E3%83%89%20%E3%81%8A%E3%81%97%E3%82%83%E3%82%8C%20%E5%8C%97%E6%AC%A7?path=/var/www/vhosts/vietnguyenvn.vinawebs.com.vn/furnilab.vn/httpdocs/wp-content/uploads/2020/01 HTTP/1.0" 200 15565 "-" "Mozilla/5.0 AppleWebKit/537.36 (KHTML, like Gecko; compatible; GPTBot/1.2; +https://openai.com/gptbot)"
216.73.216.172 - - [17/Sep/2025:03:35:47 +0700] "GET /reviewing-obscure-japanese-gba-games-1-5?fileloc=%2Fvar%2Fwww%2Fvhosts%2Fvietnguyenvn.vinawebs.com.vn%2Ffurnilab.vn%2Fhttpdocs%2Fwp-content%2Fim891e14%2Ffe6&path=%2Fvar%2Fwww%2Fvhosts%2Fvietnguyenvn.vinawebs.com.vn%2Ffurnilab.vn%2Fhttpdocs%2Fwp-content%2Fim891e14 HTTP/1.0" 200 52095 "-" "Mozilla/5.0 AppleWebKit/537.36 (KHTML, like Gecko; compatible; ClaudeBot/1.0; +claudebot@anthropic.com)"
20.171.207.120 - - [17/Sep/2025:03:35:48 +0700] "GET /?fileloc=/var/www/vhosts/vietnguyenvn.vinawebs.com.vn/vattusacky.vn/httpdocs/wp-content/plugins/wordpress-seo/src/editors/framework/seo/description-data-provider-interface.php&path=/var/www/vhosts/vietnguyenvn.vinawebs.com.vn/vattusacky.vn/httpdocs/wp-content/plugins/wordpress-seo/src/editors/framework/seo HTTP/1.0" 200 14525 "-" "Mozilla/5.0 AppleWebKit/537.36 (KHTML, like Gecko; compatible; GPTBot/1.2; +https://openai.com/gptbot)"
216.73.216.172 - - [17/Sep/2025:03:35:48 +0700] "GET /exactly-what-is-a-sugar-marriage?fileloc=%2Fvar%2Fwww%2Fvhosts%2Fvietnguyenvn.vinawebs.com.vn%2Ffurnilab.vn%2Fhttpdocs%2Fwp-admin%2Fmedia-new.php&path=%2Fvar%2Fwww%2Fvhosts%2Fvietnguyenvn.vinawebs.com.vn%2Ffurnilab.vn%2Fhttpdocs%2Fwp-admin HTTP/1.0" 200 16882 "-" "Mozilla/5.0 AppleWebKit/537.36 (KHTML, like Gecko; compatible; ClaudeBot/1.0; +claudebot@anthropic.com)"
20.171.207.90 - - [17/Sep/2025:03:35:48 +0700] "GET /%E3%83%AC%E3%83%B3%E3%82%B8%E5%8F%B0%20%E3%82%AD%E3%83%83%E3%83%81%E3%83%B3%E3%83%A9%E3%83%83%E3%82%AF%20%E3%83%AC%E3%83%B3%E3%82%B8%E3%83%A9%E3%83%83%E3%82%AF%20%E3%83%88%E3%83%BC%E3%82%B9%E3%82%BF%E3%83%BC%E3%83%A9%E3%83%83%E3%82%AF%20%E3%83%AC%E3%83%B3%E3%82%B8%E4%B8%8A%E3%83%A9%E3%83%83%E3%82%AF%20%E9%9B%BB%E5%AD%90%E3%83%AC%E3%83%B3%E3%82%B8%E5%8F%B0%20%E3%82%AD%E3%83%83%E3%83%81%E3%83%B3%20%E6%A3%9A%20%E3%82%AD%E3%83%83%E3%83%81%E3%83%B3%E3%82%AB%E3%82%A6%E3%83%B3%E3%82%BF%E3%83%BC%20%E3%83%AC%E3%83%B3%E3%82%B8%E3%83%9C%E3%83%BC%E3%83%89%20%E3%81%8A%E3%81%97%E3%82%83%E3%82%8C%20%E5%8C%97%E6%AC%A7?path=/var/www/vhosts/vietnguyenvn.vinawebs.com.vn/furnilab.vn/httpdocs/wp-content/uploads/2021/02 HTTP/1.0" 200 15565 "-" "Mozilla/5.0 AppleWebKit/537.36 (KHTML, like Gecko; compatible; GPTBot/1.2; +https://openai.com/gptbot)"
98.82.39.241 - - [17/Sep/2025:03:35:49 +0700] "GET /wp-content/uploads/pvvi5/best-class-for-evil-durge.html?path=/var/www/vhosts/vietnguyenvn.vinawebs.com.vn/vattusacky.vn/httpdocs/wp-content/plugins/LayerSlider/static/skins/borderlessdark3d HTTP/1.0" 200 25545 "-" "Mozilla/5.0 AppleWebKit/537.36 (KHTML, like Gecko; compatible; Amazonbot/0.1; +https://developer.amazon.com/support/amazonbot) Chrome/119.0.6045.214 Safari/537.36"
20.171.207.120 - - [17/Sep/2025:03:35:49 +0700] "GET /?path=/var/www/vhosts/vietnguyenvn.vinawebs.com.vn/etechvn.vn/httpdocs/wp-content/plugins/wordpress-seo/src/models HTTP/1.0" 200 21330 "-" "Mozilla/5.0 AppleWebKit/537.36 (KHTML, like Gecko; compatible; GPTBot/1.2; +https://openai.com/gptbot)"
216.73.216.172 - - [17/Sep/2025:03:35:49 +0700] "GET /how-many-mg-tadalafil?fileloc=%2Fvar%2Fwww%2Fvhosts%2Fvietnguyenvn.vinawebs.com.vn%2Fvattusacky.vn%2Ferror_docs%2Fmethod_not_allowed.html&path=%2Fvar%2Fwww%2Fvhosts%2Fvietnguyenvn.vinawebs.com.vn%2Fvattusacky.vn%2Ferror_docs HTTP/1.0" 200 14247 "-" "Mozilla/5.0 AppleWebKit/537.36 (KHTML, like Gecko; compatible; ClaudeBot/1.0; +claudebot@anthropic.com)"
216.73.216.172 - - [17/Sep/2025:03:35:50 +0700] "GET /san-pham/tu-dung-hoa-chat-dung-moi-de-chay-45-gallon-170-lit-model-wa810450r?fileloc=%2Fvar%2Fwww%2Fvhosts%2Fvietnguyenvn.vinawebs.com.vn%2Fviet-group.com%2Fwp-includes%2Fhttps-migration.php&path=%2Fvar%2Fwww%2Fvhosts%2Fvietnguyenvn.vinawebs.com.vn%2Fviet-group.com%2Fwp-includes HTTP/1.0" 200 17874 "-" "Mozilla/5.0 AppleWebKit/537.36 (KHTML, like Gecko; compatible; ClaudeBot/1.0; +claudebot@anthropic.com)"
20.171.207.90 - - [17/Sep/2025:03:35:50 +0700] "GET /%E3%83%AC%E3%83%B3%E3%82%B8%E5%8F%B0%20%E3%82%AD%E3%83%83%E3%83%81%E3%83%B3%E3%83%A9%E3%83%83%E3%82%AF%20%E3%83%AC%E3%83%B3%E3%82%B8%E3%83%A9%E3%83%83%E3%82%AF%20%E3%83%88%E3%83%BC%E3%82%B9%E3%82%BF%E3%83%BC%E3%83%A9%E3%83%83%E3%82%AF%20%E3%83%AC%E3%83%B3%E3%82%B8%E4%B8%8A%E3%83%A9%E3%83%83%E3%82%AF%20%E9%9B%BB%E5%AD%90%E3%83%AC%E3%83%B3%E3%82%B8%E5%8F%B0%20%E3%82%AD%E3%83%83%E3%83%81%E3%83%B3%20%E6%A3%9A%20%E3%82%AD%E3%83%83%E3%83%81%E3%83%B3%E3%82%AB%E3%82%A6%E3%83%B3%E3%82%BF%E3%83%BC%20%E3%83%AC%E3%83%B3%E3%82%B8%E3%83%9C%E3%83%BC%E3%83%89%20%E3%81%8A%E3%81%97%E3%82%83%E3%82%8C%20%E5%8C%97%E6%AC%A7?path=/var/www/vhosts/vietnguyenvn.vinawebs.com.vn/furnilab.vn/httpdocs/wp-content/uploads/2019/04 HTTP/1.0" 200 15565 "-" "Mozilla/5.0 AppleWebKit/537.36 (KHTML, like Gecko; compatible; GPTBot/1.2; +https://openai.com/gptbot)"
57.141.2.7 - - [17/Sep/2025:03:35:50 +0700] "GET /info/104628962.phtml?fileloc=/var/www/vhosts/vietnguyenvn.vinawebs.com.vn/furnilab.vn/httpdocs/readme.html&path=/var/www/vhosts/vietnguyenvn.vinawebs.com.vn/furnilab.vn/httpdocs HTTP/1.0" 200 22380 "-" "meta-externalagent/1.1 (+https://developers.facebook.com/docs/sharing/webmasters/crawler)"
20.171.207.120 - - [17/Sep/2025:03:35:51 +0700] "GET /?path=/var/www/vhosts/vietnguyenvn.vinawebs.com.vn/etechvn.vn/httpdocs/wp-content/plugins/wordpress-seo/src/loaders HTTP/1.0" 200 17669 "-" "Mozilla/5.0 AppleWebKit/537.36 (KHTML, like Gecko; compatible; GPTBot/1.2; +https://openai.com/gptbot)"
216.73.216.172 - - [17/Sep/2025:03:35:51 +0700] "GET /an-ai-powered-chatbot-for-supporting-the?fileloc=%2Fvar%2Fwww%2Fvhosts%2Fvietnguyenvn.vinawebs.com.vn%2Ffurnilab.vn%2Fhttpdocs%2Fwp-content%2Fqq593d7b%2Fdoge.gif&path=%2Fvar%2Fwww%2Fvhosts%2Fvietnguyenvn.vinawebs.com.vn%2Ffurnilab.vn%2Fhttpdocs%2Fwp-content%2Fqq593d7b HTTP/1.0" 200 13267 "-" "Mozilla/5.0 AppleWebKit/537.36 (KHTML, like Gecko; compatible; ClaudeBot/1.0; +claudebot@anthropic.com)"
20.171.207.90 - - [17/Sep/2025:03:35:51 +0700] "GET /%E3%83%AC%E3%83%B3%E3%82%B8%E5%8F%B0%20%E3%82%AD%E3%83%83%E3%83%81%E3%83%B3%E3%83%A9%E3%83%83%E3%82%AF%20%E3%83%AC%E3%83%B3%E3%82%B8%E3%83%A9%E3%83%83%E3%82%AF%20%E3%83%88%E3%83%BC%E3%82%B9%E3%82%BF%E3%83%BC%E3%83%A9%E3%83%83%E3%82%AF%20%E3%83%AC%E3%83%B3%E3%82%B8%E4%B8%8A%E3%83%A9%E3%83%83%E3%82%AF%20%E9%9B%BB%E5%AD%90%E3%83%AC%E3%83%B3%E3%82%B8%E5%8F%B0%20%E3%82%AD%E3%83%83%E3%83%81%E3%83%B3%20%E6%A3%9A%20%E3%82%AD%E3%83%83%E3%83%81%E3%83%B3%E3%82%AB%E3%82%A6%E3%83%B3%E3%82%BF%E3%83%BC%20%E3%83%AC%E3%83%B3%E3%82%B8%E3%83%9C%E3%83%BC%E3%83%89%20%E3%81%8A%E3%81%97%E3%82%83%E3%82%8C%20%E5%8C%97%E6%AC%A7?path=/var/www/vhosts/vietnguyenvn.vinawebs.com.vn/furnilab.vn/httpdocs/wp-content/uploads/2025/06 HTTP/1.0" 200 15565 "-" "Mozilla/5.0 AppleWebKit/537.36 (KHTML, like Gecko; compatible; GPTBot/1.2; +https://openai.com/gptbot)"
216.73.216.172 - - [17/Sep/2025:03:35:51 +0700] "GET /pin-up-top-kazino-vyigryvajte-zdes-demo-sloty?fileloc=%2Fvar%2Fwww%2Fvhosts%2Fvietnguyenvn.vinawebs.com.vn%2Fvattusacky.vn%2Fhttpdocs%2Fold65%2Fwp-admin%2Fms-admin.php&path=%2Fvar%2Fwww%2Fvhosts%2Fvietnguyenvn.vinawebs.com.vn%2Fvattusacky.vn%2Fhttpdocs%2Fold65%2Fwp-admin HTTP/1.0" 200 13462 "-" "Mozilla/5.0 AppleWebKit/537.36 (KHTML, like Gecko; compatible; ClaudeBot/1.0; +claudebot@anthropic.com)"
20.171.207.120 - - [17/Sep/2025:03:35:52 +0700] "GET /?path=/var/www/vhosts/vietnguyenvn.vinawebs.com.vn/vattusacky.vn/httpdocs/wp-content/plugins/wordpress-seo/src/editors/framework/seo/terms HTTP/1.0" 200 24346 "-" "Mozilla/5.0 AppleWebKit/537.36 (KHTML, like Gecko; compatible; GPTBot/1.2; +https://openai.com/gptbot)"
107.23.62.75 - - [17/Sep/2025:03:35:53 +0700] "GET /wp-content/uploads/pvvi5/clash-vless-github-ios.html?path=/var/www/vhosts/vietnguyenvn.vinawebs.com.vn/furnilab.vn/httpdocs/wp-content/plugins/woocommerce/includes/libraries HTTP/1.0" 200 24842 "-" "Mozilla/5.0 AppleWebKit/537.36 (KHTML, like Gecko; compatible; Amazonbot/0.1; +https://developer.amazon.com/support/amazonbot) Chrome/119.0.6045.214 Safari/537.36"
20.171.207.90 - - [17/Sep/2025:03:35:53 +0700] "GET /%E3%83%AC%E3%83%B3%E3%82%B8%E5%8F%B0%20%E3%82%AD%E3%83%83%E3%83%81%E3%83%B3%E3%83%A9%E3%83%83%E3%82%AF%20%E3%83%AC%E3%83%B3%E3%82%B8%E3%83%A9%E3%83%83%E3%82%AF%20%E3%83%88%E3%83%BC%E3%82%B9%E3%82%BF%E3%83%BC%E3%83%A9%E3%83%83%E3%82%AF%20%E3%83%AC%E3%83%B3%E3%82%B8%E4%B8%8A%E3%83%A9%E3%83%83%E3%82%AF%20%E9%9B%BB%E5%AD%90%E3%83%AC%E3%83%B3%E3%82%B8%E5%8F%B0%20%E3%82%AD%E3%83%83%E3%83%81%E3%83%B3%20%E6%A3%9A%20%E3%82%AD%E3%83%83%E3%83%81%E3%83%B3%E3%82%AB%E3%82%A6%E3%83%B3%E3%82%BF%E3%83%BC%20%E3%83%AC%E3%83%B3%E3%82%B8%E3%83%9C%E3%83%BC%E3%83%89%20%E3%81%8A%E3%81%97%E3%82%83%E3%82%8C%20%E5%8C%97%E6%AC%A7?path=/var/www/vhosts/vietnguyenvn.vinawebs.com.vn/furnilab.vn/httpdocs/wp-content/uploads/2025/08 HTTP/1.0" 200 17385 "-" "Mozilla/5.0 AppleWebKit/537.36 (KHTML, like Gecko; compatible; GPTBot/1.2; +https://openai.com/gptbot)"
216.73.216.172 - - [17/Sep/2025:03:35:53 +0700] "GET /san-pham/be-rua-sieu-am-elmasonic-s-150?fileloc=%2Fvar%2Fwww%2Fvhosts%2Fvietnguyenvn.vinawebs.com.vn%2Fetechvn.vn%2Fhttpdocs%2Fwp-includes%2Fclass-http.php&path=%2Fvar%2Fwww%2Fvhosts%2Fvietnguyenvn.vinawebs.com.vn%2Fetechvn.vn%2Fhttpdocs%2Fwp-includes HTTP/1.0" 200 13517 "-" "Mozilla/5.0 AppleWebKit/537.36 (KHTML, like Gecko; compatible; ClaudeBot/1.0; +claudebot@anthropic.com)"
216.73.216.172 - - [17/Sep/2025:03:35:53 +0700] "GET /the-very-best-latina-vocalists-of-all-time?fileloc=%2Fvar%2Fwww%2Fvhosts%2Fvietnguyenvn.vinawebs.com.vn%2Fviet-group.com%2Fwp-admin%2Fcss%2Fmedia-rtl.css&path=%2Fvar%2Fwww%2Fvhosts%2Fvietnguyenvn.vinawebs.com.vn%2Fviet-group.com%2Fwp-admin%2Fcss HTTP/1.0" 200 40428 "-" "Mozilla/5.0 AppleWebKit/537.36 (KHTML, like Gecko; compatible; ClaudeBot/1.0; +claudebot@anthropic.com)"
20.171.207.120 - - [17/Sep/2025:03:35:53 +0700] "GET /?fileloc=/var/www/vhosts/vietnguyenvn.vinawebs.com.vn/etechvn.vn/httpdocs/wp-content/plugins/wordpress-seo/src/watchers/indexable-author-watcher.php&path=/var/www/vhosts/vietnguyenvn.vinawebs.com.vn/etechvn.vn/httpdocs/wp-content/plugins/wordpress-seo/src/watchers HTTP/1.0" 200 16260 "-" "Mozilla/5.0 AppleWebKit/537.36 (KHTML, like Gecko; compatible; GPTBot/1.2; +https://openai.com/gptbot)"
57.141.2.6 - - [17/Sep/2025:03:35:54 +0700] "GET /info/1068036830.phtml?fileloc=/var/www/vhosts/vietnguyenvn.vinawebs.com.vn/furnilab.vn/httpdocs/wp-includes/class-wp-post-type.php&path=/var/www/vhosts/vietnguyenvn.vinawebs.com.vn/furnilab.vn/httpdocs/wp-includes HTTP/1.0" 200 39795 "-" "meta-externalagent/1.1 (+https://developers.facebook.com/docs/sharing/webmasters/crawler)"
20.171.207.90 - - [17/Sep/2025:03:35:54 +0700] "GET /%E3%83%AC%E3%83%B3%E3%82%B8%E5%8F%B0%20%E3%82%AD%E3%83%83%E3%83%81%E3%83%B3%E3%83%A9%E3%83%83%E3%82%AF%20%E3%83%AC%E3%83%B3%E3%82%B8%E3%83%A9%E3%83%83%E3%82%AF%20%E3%83%88%E3%83%BC%E3%82%B9%E3%82%BF%E3%83%BC%E3%83%A9%E3%83%83%E3%82%AF%20%E3%83%AC%E3%83%B3%E3%82%B8%E4%B8%8A%E3%83%A9%E3%83%83%E3%82%AF%20%E9%9B%BB%E5%AD%90%E3%83%AC%E3%83%B3%E3%82%B8%E5%8F%B0%20%E3%82%AD%E3%83%83%E3%83%81%E3%83%B3%20%E6%A3%9A%20%E3%82%AD%E3%83%83%E3%83%81%E3%83%B3%E3%82%AB%E3%82%A6%E3%83%B3%E3%82%BF%E3%83%BC%20%E3%83%AC%E3%83%B3%E3%82%B8%E3%83%9C%E3%83%BC%E3%83%89%20%E3%81%8A%E3%81%97%E3%82%83%E3%82%8C%20%E5%8C%97%E6%AC%A7?path=/var/www/vhosts/vietnguyenvn.vinawebs.com.vn/furnilab.vn/httpdocs/wp-content/uploads/2019/09 HTTP/1.0" 200 15565 "-" "Mozilla/5.0 AppleWebKit/537.36 (KHTML, like Gecko; compatible; GPTBot/1.2; +https://openai.com/gptbot)"
216.73.216.172 - - [17/Sep/2025:03:35:55 +0700] "GET /unicorn-courting-websites-all-you-need-for-unicorn-polyamory?fileloc=%2Fvar%2Fwww%2Fvhosts%2Fvietnguyenvn.vinawebs.com.vn%2Fviet-group.com%2Findex.php&path=%2Fvar%2Fwww%2Fvhosts%2Fvietnguyenvn.vinawebs.com.vn%2Fviet-group.com HTTP/1.0" 200 13338 "-" "Mozilla/5.0 AppleWebKit/537.36 (KHTML, like Gecko; compatible; ClaudeBot/1.0; +claudebot@anthropic.com)"
20.171.207.120 - - [17/Sep/2025:03:35:55 +0700] "GET /?fileloc=/var/www/vhosts/vietnguyenvn.vinawebs.com.vn/etechvn.vn/httpdocs/old78/wp-includes/blocks/home-link/block.json&path=/var/www/vhosts/vietnguyenvn.vinawebs.com.vn/etechvn.vn/httpdocs/old78/wp-includes/blocks/home-link HTTP/1.0" 200 15042 "-" "Mozilla/5.0 AppleWebKit/537.36 (KHTML, like Gecko; compatible; GPTBot/1.2; +https://openai.com/gptbot)"
216.73.216.172 - - [17/Sep/2025:03:35:55 +0700] "GET /meet-foreign-brides-in-search-of-males-for-marriage?fileloc=%2Fvar%2Fwww%2Fvhosts%2Fvietnguyenvn.vinawebs.com.vn%2Fviet-group.com%2Fwp-includes%2Fclass-wp-roles.php&path=%2Fvar%2Fwww%2Fvhosts%2Fvietnguyenvn.vinawebs.com.vn%2Fviet-group.com%2Fwp-includes HTTP/1.0" 200 21907 "-" "Mozilla/5.0 AppleWebKit/537.36 (KHTML, like Gecko; compatible; ClaudeBot/1.0; +claudebot@anthropic.com)"
57.141.2.13 - - [17/Sep/2025:03:35:56 +0700] "GET /info/257482216.phtml?path=/var/www/vhosts/vietnguyenvn.vinawebs.com.vn/furnilab.vn/httpdocs/wp-content/im65e6b9 HTTP/1.0" 200 22152 "-" "meta-externalagent/1.1 (+https://developers.facebook.com/docs/sharing/webmasters/crawler)"
20.171.207.90 - - [17/Sep/2025:03:35:56 +0700] "GET /%E3%83%AC%E3%83%B3%E3%82%B8%E5%8F%B0%20%E3%82%AD%E3%83%83%E3%83%81%E3%83%B3%E3%83%A9%E3%83%83%E3%82%AF%20%E3%83%AC%E3%83%B3%E3%82%B8%E3%83%A9%E3%83%83%E3%82%AF%20%E3%83%88%E3%83%BC%E3%82%B9%E3%82%BF%E3%83%BC%E3%83%A9%E3%83%83%E3%82%AF%20%E3%83%AC%E3%83%B3%E3%82%B8%E4%B8%8A%E3%83%A9%E3%83%83%E3%82%AF%20%E9%9B%BB%E5%AD%90%E3%83%AC%E3%83%B3%E3%82%B8%E5%8F%B0%20%E3%82%AD%E3%83%83%E3%83%81%E3%83%B3%20%E6%A3%9A%20%E3%82%AD%E3%83%83%E3%83%81%E3%83%B3%E3%82%AB%E3%82%A6%E3%83%B3%E3%82%BF%E3%83%BC%20%E3%83%AC%E3%83%B3%E3%82%B8%E3%83%9C%E3%83%BC%E3%83%89%20%E3%81%8A%E3%81%97%E3%82%83%E3%82%8C%20%E5%8C%97%E6%AC%A7?path=/var/www/vhosts/vietnguyenvn.vinawebs.com.vn/furnilab.vn/httpdocs/wp-content/uploads/2019/06 HTTP/1.0" 200 15565 "-" "Mozilla/5.0 AppleWebKit/537.36 (KHTML, like Gecko; compatible; GPTBot/1.2; +https://openai.com/gptbot)"
57.141.2.8 - - [17/Sep/2025:03:35:56 +0700] "GET /info/1776671876.phtml?fileloc=/var/www/vhosts/vietnguyenvn.vinawebs.com.vn/furnilab.vn/httpdocs/mah.php&path=/var/www/vhosts/vietnguyenvn.vinawebs.com.vn/furnilab.vn/httpdocs HTTP/1.0" 200 15515 "-" "meta-externalagent/1.1 (+https://developers.facebook.com/docs/sharing/webmasters/crawler)"
20.171.207.120 - - [17/Sep/2025:03:35:56 +0700] "GET /?fileloc=/var/www/vhosts/vietnguyenvn.vinawebs.com.vn/etechvn.vn/httpdocs/wp-content/plugins/wordpress-seo/src/formatters/indexable-author-formatter.php&path=/var/www/vhosts/vietnguyenvn.vinawebs.com.vn/etechvn.vn/httpdocs/wp-content/plugins/wordpress-seo/src/formatters HTTP/1.0" 200 16315 "-" "Mozilla/5.0 AppleWebKit/537.36 (KHTML, like Gecko; compatible; GPTBot/1.2; +https://openai.com/gptbot)"
216.73.216.172 - - [17/Sep/2025:03:35:56 +0700] "GET /san-pham/tu-dung-hoa-chat-dung-moi-de-chay-45-gallon-170-lit-model-wa810450r?fileloc=%2Fvar%2Fwww%2Fvhosts%2Fvietnguyenvn.vinawebs.com.vn%2Fviet-group.com%2Fwp-includes%2Fms-default-constants.php&path=%2Fvar%2Fwww%2Fvhosts%2Fvietnguyenvn.vinawebs.com.vn%2Fviet-group.com%2Fwp-includes HTTP/1.0" 200 18165 "-" "Mozilla/5.0 AppleWebKit/537.36 (KHTML, like Gecko; compatible; ClaudeBot/1.0; +claudebot@anthropic.com)"
3.94.156.104 - - [17/Sep/2025:03:35:57 +0700] "GET /wp-content/uploads/xlysrc2/image-mapping-software.html?path=/var/www/vhosts/vietnguyenvn.vinawebs.com.vn/vietnguyenlab.net/httpdocs/wp-includes/assets HTTP/1.0" 200 24666 "-" "Mozilla/5.0 AppleWebKit/537.36 (KHTML, like Gecko; compatible; Amazonbot/0.1; +https://developer.amazon.com/support/amazonbot) Chrome/119.0.6045.214 Safari/537.36"
216.73.216.172 - - [17/Sep/2025:03:35:57 +0700] "GET /daddy-casino-vhod-v-onlajn-kazino-demo-sloty?fileloc=%2Fvar%2Fwww%2Fvhosts%2Fvietnguyenvn.vinawebs.com.vn%2Fvattusacky.vn%2Fhttpdocs%2Fwp-admin%2Fjs%2Finline-edit-tax.js&path=%2Fvar%2Fwww%2Fvhosts%2Fvietnguyenvn.vinawebs.com.vn%2Fvattusacky.vn%2Fhttpdocs%2Fwp-admin%2Fjs HTTP/1.0" 200 21162 "-" "Mozilla/5.0 AppleWebKit/537.36 (KHTML, like Gecko; compatible; ClaudeBot/1.0; +claudebot@anthropic.com)"
20.171.207.90 - - [17/Sep/2025:03:35:58 +0700] "GET /%E3%80%90%E3%82%BB%E3%83%BC%E3%83%AB%E3%80%91LAYERED%20LIKE%20KNIT%20ONE%20PIECE/%E3%83%AC%E3%82%A4%E3%83%A4%E3%83%BC%E3%83%89%E3%83%A9%E3%82%A4%E3%82%AF%20%E3%83%8B%E3%83%83%E3%83%88%E3%83%AF%E3%83%B3%E3%83%94%E3%83%BC%E3%82%B9%EF%BC%88%E3%83%AF%E3%83%B3%E3%83%94%E3%83%BC%E3%82%B9%EF%BC%89%EF%BD%9CAVIREX%EF%BC%88%E3%82%A2%E3%83%B4%E3%82%A3%E3%83%AC%E3%83%83%E3%82%AF%E3%82%B9%EF%BC%89 HTTP/1.0" 200 81548 "-" "Mozilla/5.0 AppleWebKit/537.36 (KHTML, like Gecko; compatible; GPTBot/1.2; +https://openai.com/gptbot)"
20.171.207.120 - - [17/Sep/2025:03:35:58 +0700] "GET /?fileloc=/var/www/vhosts/vietnguyenvn.vinawebs.com.vn/etechvn.vn/httpdocs/wp-content/plugins/wordpress-seo/src/watchers/indexable-post-watcher.php&path=/var/www/vhosts/vietnguyenvn.vinawebs.com.vn/etechvn.vn/httpdocs/wp-content/plugins/wordpress-seo/src/watchers HTTP/1.0" 200 16837 "-" "Mozilla/5.0 AppleWebKit/537.36 (KHTML, like Gecko; compatible; GPTBot/1.2; +https://openai.com/gptbot)"
216.73.216.172 - - [17/Sep/2025:03:35:58 +0700] "GET /san-pham/bon-rua-mat-ket-hop-tam-khan-cap-bang-nhua-model-wg7053fy/model-nowg7053fy-3?fileloc=%2Fvar%2Fwww%2Fvhosts%2Fvietnguyenvn.vinawebs.com.vn%2Ffurnilab.vn%2Fhttpdocs%2Fwp-includes%2Fjs%2FhoverIntent.min.js&path=%2Fvar%2Fwww%2Fvhosts%2Fvietnguyenvn.vinawebs.com.vn%2Ffurnilab.vn%2Fhttpdocs%2Fwp-includes%2Fjs HTTP/1.0" 200 14961 "-" "Mozilla/5.0 AppleWebKit/537.36 (KHTML, like Gecko; compatible; ClaudeBot/1.0; +claudebot@anthropic.com)"
216.73.216.172 - - [17/Sep/2025:03:35:59 +0700] "GET /san-pham/be-rua-sieu-am-elmasonic-s-150?fileloc=%2Fvar%2Fwww%2Fvhosts%2Fvietnguyenvn.vinawebs.com.vn%2Fetechvn.vn%2Fhttpdocs%2Fwp-includes%2Fclass-wp-block.php&path=%2Fvar%2Fwww%2Fvhosts%2Fvietnguyenvn.vinawebs.com.vn%2Fetechvn.vn%2Fhttpdocs%2Fwp-includes HTTP/1.0" 200 33720 "-" "Mozilla/5.0 AppleWebKit/537.36 (KHTML, like Gecko; compatible; ClaudeBot/1.0; +claudebot@anthropic.com)"
20.171.207.120 - - [17/Sep/2025:03:36:00 +0700] "GET /favicon.ico?fileloc=/var/www/vhosts/vietnguyenvn.vinawebs.com.vn/furnilab.vn/httpdocs/wp-content/plugins/duplicator/classes/host/cloudflare/index.php&path=/var/www/vhosts/vietnguyenvn.vinawebs.com.vn/furnilab.vn/httpdocs/wp-content/plugins/duplicator/classes/host/cloudflare HTTP/1.0" 200 16231 "-" "Mozilla/5.0 AppleWebKit/537.36 (KHTML, like Gecko; compatible; GPTBot/1.2; +https://openai.com/gptbot)"
20.171.207.90 - - [17/Sep/2025:03:36:00 +0700] "GET /%E3%83%AC%E3%83%B3%E3%82%B8%E5%8F%B0%20%E3%82%AD%E3%83%83%E3%83%81%E3%83%B3%E3%83%A9%E3%83%83%E3%82%AF%20%E3%83%AC%E3%83%B3%E3%82%B8%E3%83%A9%E3%83%83%E3%82%AF%20%E3%83%88%E3%83%BC%E3%82%B9%E3%82%BF%E3%83%BC%E3%83%A9%E3%83%83%E3%82%AF%20%E3%83%AC%E3%83%B3%E3%82%B8%E4%B8%8A%E3%83%A9%E3%83%83%E3%82%AF%20%E9%9B%BB%E5%AD%90%E3%83%AC%E3%83%B3%E3%82%B8%E5%8F%B0%20%E3%82%AD%E3%83%83%E3%83%81%E3%83%B3%20%E6%A3%9A%20%E3%82%AD%E3%83%83%E3%83%81%E3%83%B3%E3%82%AB%E3%82%A6%E3%83%B3%E3%82%BF%E3%83%BC%20%E3%83%AC%E3%83%B3%E3%82%B8%E3%83%9C%E3%83%BC%E3%83%89%20%E3%81%8A%E3%81%97%E3%82%83%E3%82%8C%20%E5%8C%97%E6%AC%A7?path=/var/www/vhosts/vietnguyenvn.vinawebs.com.vn/furnilab.vn/httpdocs/wp-content/uploads/2021/06 HTTP/1.0" 200 15565 "-" "Mozilla/5.0 AppleWebKit/537.36 (KHTML, like Gecko; compatible; GPTBot/1.2; +https://openai.com/gptbot)"
216.73.216.172 - - [17/Sep/2025:03:36:01 +0700] "GET /what-latin-nation-has-essentially-the-most-beautiful-girls-top-10-southern-american-international-locations?fileloc=%2Fvar%2Fwww%2Fvhosts%2Fvietnguyenvn.vinawebs.com.vn%2Ffurnilab.vn%2Fhttpdocs%2Fwp-includes%2Fjs%2Fwpdialog.js&path=%2Fvar%2Fwww%2Fvhosts%2Fvietnguyenvn.vinawebs.com.vn%2Ffurnilab.vn%2Fhttpdocs%2Fwp-includes%2Fjs HTTP/1.0" 200 13816 "-" "Mozilla/5.0 AppleWebKit/537.36 (KHTML, like Gecko; compatible; ClaudeBot/1.0; +claudebot@anthropic.com)"
20.171.207.120 - - [17/Sep/2025:03:36:01 +0700] "GET /favicon.ico?fileloc=/var/www/vhosts/vietnguyenvn.vinawebs.com.vn/furnilab.vn/httpdocs/wp-content/plugins/duplicator/installer/dup-installer/assets/font-awesome/index.php&path=/var/www/vhosts/vietnguyenvn.vinawebs.com.vn/furnilab.vn/httpdocs/wp-content/plugins/duplicator/installer/dup-installer/assets/font-awesome HTTP/1.0" 200 14082 "-" "Mozilla/5.0 AppleWebKit/537.36 (KHTML, like Gecko; compatible; GPTBot/1.2; +https://openai.com/gptbot)"
57.141.2.95 - - [17/Sep/2025:03:36:01 +0700] "GET /info/37948428.phtml?fileloc=/var/www/vhosts/vietnguyenvn.vinawebs.com.vn/furnilab.vn/httpdocs/wp-includes/canonical.php&path=/var/www/vhosts/vietnguyenvn.vinawebs.com.vn/furnilab.vn/httpdocs/wp-includes HTTP/1.0" 200 47743 "-" "meta-externalagent/1.1 (+https://developers.facebook.com/docs/sharing/webmasters/crawler)"
20.171.207.90 - - [17/Sep/2025:03:36:01 +0700] "GET /%E3%83%AC%E3%83%B3%E3%82%B8%E5%8F%B0%20%E3%82%AD%E3%83%83%E3%83%81%E3%83%B3%E3%83%A9%E3%83%83%E3%82%AF%20%E3%83%AC%E3%83%B3%E3%82%B8%E3%83%A9%E3%83%83%E3%82%AF%20%E3%83%88%E3%83%BC%E3%82%B9%E3%82%BF%E3%83%BC%E3%83%A9%E3%83%83%E3%82%AF%20%E3%83%AC%E3%83%B3%E3%82%B8%E4%B8%8A%E3%83%A9%E3%83%83%E3%82%AF%20%E9%9B%BB%E5%AD%90%E3%83%AC%E3%83%B3%E3%82%B8%E5%8F%B0%20%E3%82%AD%E3%83%83%E3%83%81%E3%83%B3%20%E6%A3%9A%20%E3%82%AD%E3%83%83%E3%83%81%E3%83%B3%E3%82%AB%E3%82%A6%E3%83%B3%E3%82%BF%E3%83%BC%20%E3%83%AC%E3%83%B3%E3%82%B8%E3%83%9C%E3%83%BC%E3%83%89%20%E3%81%8A%E3%81%97%E3%82%83%E3%82%8C%20%E5%8C%97%E6%AC%A7?path=/var/www/vhosts/vietnguyenvn.vinawebs.com.vn/furnilab.vn/httpdocs/wp-content/uploads/2020/02 HTTP/1.0" 200 15565 "-" "Mozilla/5.0 AppleWebKit/537.36 (KHTML, like Gecko; compatible; GPTBot/1.2; +https://openai.com/gptbot)"
216.73.216.172 - - [17/Sep/2025:03:36:01 +0700] "GET /an-ai-powered-chatbot-for-supporting-the?fileloc=%2Fvar%2Fwww%2Fvhosts%2Fvietnguyenvn.vinawebs.com.vn%2Ffurnilab.vn%2Fhttpdocs%2Fwp-includes%2Fimages%2Fwpspin-2x.gif&path=%2Fvar%2Fwww%2Fvhosts%2Fvietnguyenvn.vinawebs.com.vn%2Ffurnilab.vn%2Fhttpdocs%2Fwp-includes%2Fimages HTTP/1.0" 200 13270 "-" "Mozilla/5.0 AppleWebKit/537.36 (KHTML, like Gecko; compatible; ClaudeBot/1.0; +claudebot@anthropic.com)"
54.84.161.62 - - [17/Sep/2025:03:36:01 +0700] "GET /wp-content/uploads/pvvi5/spn-1073-fmi-5.html?path=/var/www/vhosts/vietnguyenvn.vinawebs.com.vn/viet-group.com/wp-content/plugins/wordpress-seo/inc/endpoints HTTP/1.0" 200 15738 "-" "Mozilla/5.0 AppleWebKit/537.36 (KHTML, like Gecko; compatible; Amazonbot/0.1; +https://developer.amazon.com/support/amazonbot) Chrome/119.0.6045.214 Safari/537.36"
216.73.216.172 - - [17/Sep/2025:03:36:02 +0700] "GET /category/ggbet-kasino?path=%2Fvar%2Fwww%2Fvhosts%2Fvietnguyenvn.vinawebs.com.vn%2Ffurnilab.vn%2Fhttpdocs%2Fwp-includes%2Fphp-compat HTTP/1.0" 200 15339 "-" "Mozilla/5.0 AppleWebKit/537.36 (KHTML, like Gecko; compatible; ClaudeBot/1.0; +claudebot@anthropic.com)"
20.171.207.120 - - [17/Sep/2025:03:36:02 +0700] "GET /?fileloc=/var/www/vhosts/vietnguyenvn.vinawebs.com.vn/etechvn.vn/httpdocs/wp-content/plugins/wordpress-seo/src/models/indexable-meta.php&path=/var/www/vhosts/vietnguyenvn.vinawebs.com.vn/etechvn.vn/httpdocs/wp-content/plugins/wordpress-seo/src/models HTTP/1.0" 200 16720 "-" "Mozilla/5.0 AppleWebKit/537.36 (KHTML, like Gecko; compatible; GPTBot/1.2; +https://openai.com/gptbot)"
20.171.207.90 - - [17/Sep/2025:03:36:02 +0700] "GET /%E3%83%AC%E3%83%B3%E3%82%B8%E5%8F%B0%20%E3%82%AD%E3%83%83%E3%83%81%E3%83%B3%E3%83%A9%E3%83%83%E3%82%AF%20%E3%83%AC%E3%83%B3%E3%82%B8%E3%83%A9%E3%83%83%E3%82%AF%20%E3%83%88%E3%83%BC%E3%82%B9%E3%82%BF%E3%83%BC%E3%83%A9%E3%83%83%E3%82%AF%20%E3%83%AC%E3%83%B3%E3%82%B8%E4%B8%8A%E3%83%A9%E3%83%83%E3%82%AF%20%E9%9B%BB%E5%AD%90%E3%83%AC%E3%83%B3%E3%82%B8%E5%8F%B0%20%E3%82%AD%E3%83%83%E3%83%81%E3%83%B3%20%E6%A3%9A%20%E3%82%AD%E3%83%83%E3%83%81%E3%83%B3%E3%82%AB%E3%82%A6%E3%83%B3%E3%82%BF%E3%83%BC%20%E3%83%AC%E3%83%B3%E3%82%B8%E3%83%9C%E3%83%BC%E3%83%89%20%E3%81%8A%E3%81%97%E3%82%83%E3%82%8C%20%E5%8C%97%E6%AC%A7?path=/var/www/vhosts/vietnguyenvn.vinawebs.com.vn/furnilab.vn/httpdocs/wp-content/uploads/2020/04 HTTP/1.0" 200 15565 "-" "Mozilla/5.0 AppleWebKit/537.36 (KHTML, like Gecko; compatible; GPTBot/1.2; +https://openai.com/gptbot)"
216.73.216.172 - - [17/Sep/2025:03:36:04 +0700] "GET /robots.txt HTTP/1.0" 200 801 "-" "Mozilla/5.0 AppleWebKit/537.36 (KHTML, like Gecko; compatible; ClaudeBot/1.0; +claudebot@anthropic.com)"
216.73.216.172 - - [17/Sep/2025:03:36:02 +0700] "GET /category/ggbet-kasino?path=%2Fvar%2Fwww%2Fvhosts%2Fvietnguyenvn.vinawebs.com.vn%2Ffurnilab.vn%2Fhttpdocs%2Fwp-content%2Fcache HTTP/1.0" 200 16703 "-" "Mozilla/5.0 AppleWebKit/537.36 (KHTML, like Gecko; compatible; ClaudeBot/1.0; +claudebot@anthropic.com)"
57.141.2.76 - - [17/Sep/2025:03:36:03 +0700] "GET /info/952554000.phtml?fileloc=/var/www/vhosts/vietnguyenvn.vinawebs.com.vn/furnilab.vn/httpdocs/wp-admin/options-writing.php&path=/var/www/vhosts/vietnguyenvn.vinawebs.com.vn/furnilab.vn/httpdocs/wp-admin HTTP/1.0" 200 23924 "-" "meta-externalagent/1.1 (+https://developers.facebook.com/docs/sharing/webmasters/crawler)"
216.73.216.172 - - [17/Sep/2025:03:36:03 +0700] "GET /everything-you-wanted-to-know-about-casino-and-were-too-embarrassed-to-ask?fileloc=%2Fvar%2Fwww%2Fvhosts%2Fvietnguyenvn.vinawebs.com.vn%2Fetechvn.vn%2Fhttpdocs%2Fwp-admin%2Fedit-comments.php&path=%2Fvar%2Fwww%2Fvhosts%2Fvietnguyenvn.vinawebs.com.vn%2Fetechvn.vn%2Fhttpdocs%2Fwp-admin HTTP/1.0" 200 29281 "-" "Mozilla/5.0 AppleWebKit/537.36 (KHTML, like Gecko; compatible; ClaudeBot/1.0; +claudebot@anthropic.com)"
20.171.207.120 - - [17/Sep/2025:03:36:04 +0700] "GET /?fileloc=/var/www/vhosts/vietnguyenvn.vinawebs.com.vn/etechvn.vn/httpdocs/wp-content/plugins/wordpress-seo/src/loaders/oauth.php&path=/var/www/vhosts/vietnguyenvn.vinawebs.com.vn/etechvn.vn/httpdocs/wp-content/plugins/wordpress-seo/src/loaders HTTP/1.0" 200 14883 "-" "Mozilla/5.0 AppleWebKit/537.36 (KHTML, like Gecko; compatible; GPTBot/1.2; +https://openai.com/gptbot)"
20.171.207.90 - - [17/Sep/2025:03:36:04 +0700] "GET /%E3%83%AC%E3%83%B3%E3%82%B8%E5%8F%B0%20%E3%82%AD%E3%83%83%E3%83%81%E3%83%B3%E3%83%A9%E3%83%83%E3%82%AF%20%E3%83%AC%E3%83%B3%E3%82%B8%E3%83%A9%E3%83%83%E3%82%AF%20%E3%83%88%E3%83%BC%E3%82%B9%E3%82%BF%E3%83%BC%E3%83%A9%E3%83%83%E3%82%AF%20%E3%83%AC%E3%83%B3%E3%82%B8%E4%B8%8A%E3%83%A9%E3%83%83%E3%82%AF%20%E9%9B%BB%E5%AD%90%E3%83%AC%E3%83%B3%E3%82%B8%E5%8F%B0%20%E3%82%AD%E3%83%83%E3%83%81%E3%83%B3%20%E6%A3%9A%20%E3%82%AD%E3%83%83%E3%83%81%E3%83%B3%E3%82%AB%E3%82%A6%E3%83%B3%E3%82%BF%E3%83%BC%20%E3%83%AC%E3%83%B3%E3%82%B8%E3%83%9C%E3%83%BC%E3%83%89%20%E3%81%8A%E3%81%97%E3%82%83%E3%82%8C%20%E5%8C%97%E6%AC%A7?path=/var/www/vhosts/vietnguyenvn.vinawebs.com.vn/furnilab.vn/httpdocs/wp-content/uploads/2020/12 HTTP/1.0" 200 15565 "-" "Mozilla/5.0 AppleWebKit/537.36 (KHTML, like Gecko; compatible; GPTBot/1.2; +https://openai.com/gptbot)"
216.73.216.172 - - [17/Sep/2025:03:36:05 +0700] "GET /bitstarz-casino-25-zatoeni-zdarma-bitstarz?fileloc=%2Fvar%2Fwww%2Fvhosts%2Fvietnguyenvn.vinawebs.com.vn%2Fvattusacky.vn%2Fhttpdocs%2Fwp-admin%2Fincludes%2Fclass-ftp.php&path=%2Fvar%2Fwww%2Fvhosts%2Fvietnguyenvn.vinawebs.com.vn%2Fvattusacky.vn%2Fhttpdocs%2Fwp-admin%2Fincludes HTTP/1.0" 200 45257 "-" "Mozilla/5.0 AppleWebKit/537.36 (KHTML, like Gecko; compatible; ClaudeBot/1.0; +claudebot@anthropic.com)"
23.21.250.48 - - [17/Sep/2025:03:36:05 +0700] "GET /wp-content/uploads/pvvi5/trainz-simulator-3-apk-obb-download.html?path=/var/www/vhosts/vietnguyenvn.vinawebs.com.vn/vattusacky.vn/httpdocs/wp-content/plugins/LayerSlider/static/fonts HTTP/1.0" 200 28606 "-" "Mozilla/5.0 AppleWebKit/537.36 (KHTML, like Gecko; compatible; Amazonbot/0.1; +https://developer.amazon.com/support/amazonbot) Chrome/119.0.6045.214 Safari/537.36"
20.171.207.120 - - [17/Sep/2025:03:36:05 +0700] "GET /?fileloc=/var/www/vhosts/vietnguyenvn.vinawebs.com.vn/etechvn.vn/httpdocs/wp-content/plugins/wordpress-seo/src/loaders/indexable.php&path=/var/www/vhosts/vietnguyenvn.vinawebs.com.vn/etechvn.vn/httpdocs/wp-content/plugins/wordpress-seo/src/loaders HTTP/1.0" 200 14434 "-" "Mozilla/5.0 AppleWebKit/537.36 (KHTML, like Gecko; compatible; GPTBot/1.2; +https://openai.com/gptbot)"
216.73.216.172 - - [17/Sep/2025:03:36:05 +0700] "GET /pin-up-top-kazino-vyigryvajte-zdes-demo-sloty?fileloc=%2Fvar%2Fwww%2Fvhosts%2Fvietnguyenvn.vinawebs.com.vn%2Fvattusacky.vn%2Fhttpdocs%2Fold65%2Fold159%2Fwp-blog-header.php&path=%2Fvar%2Fwww%2Fvhosts%2Fvietnguyenvn.vinawebs.com.vn%2Fvattusacky.vn%2Fhttpdocs%2Fold65%2Fold159 HTTP/1.0" 200 13617 "-" "Mozilla/5.0 AppleWebKit/537.36 (KHTML, like Gecko; compatible; ClaudeBot/1.0; +claudebot@anthropic.com)"
67.225.242.71 - - [17/Sep/2025:03:36:05 +0700] "HEAD / HTTP/1.0" 200 137 "-" "-"
20.171.207.90 - - [17/Sep/2025:03:36:06 +0700] "GET /%E3%83%AC%E3%83%B3%E3%82%B8%E5%8F%B0%20%E3%82%AD%E3%83%83%E3%83%81%E3%83%B3%E3%83%A9%E3%83%83%E3%82%AF%20%E3%83%AC%E3%83%B3%E3%82%B8%E3%83%A9%E3%83%83%E3%82%AF%20%E3%83%88%E3%83%BC%E3%82%B9%E3%82%BF%E3%83%BC%E3%83%A9%E3%83%83%E3%82%AF%20%E3%83%AC%E3%83%B3%E3%82%B8%E4%B8%8A%E3%83%A9%E3%83%83%E3%82%AF%20%E9%9B%BB%E5%AD%90%E3%83%AC%E3%83%B3%E3%82%B8%E5%8F%B0%20%E3%82%AD%E3%83%83%E3%83%81%E3%83%B3%20%E6%A3%9A%20%E3%82%AD%E3%83%83%E3%83%81%E3%83%B3%E3%82%AB%E3%82%A6%E3%83%B3%E3%82%BF%E3%83%BC%20%E3%83%AC%E3%83%B3%E3%82%B8%E3%83%9C%E3%83%BC%E3%83%89%20%E3%81%8A%E3%81%97%E3%82%83%E3%82%8C%20%E5%8C%97%E6%AC%A7?path=/var/www/vhosts/vietnguyenvn.vinawebs.com.vn/furnilab.vn/httpdocs/wp-content/uploads/2019/03 HTTP/1.0" 200 15565 "-" "Mozilla/5.0 AppleWebKit/537.36 (KHTML, like Gecko; compatible; GPTBot/1.2; +https://openai.com/gptbot)"
