217.113.194.72 - - [17/Sep/2025:06:11:29 +0700] "GET /lam-the-nao-ban-co-the-vay-vaytienvn-com-tien-mat-truc-tuyen-xxiv-hai-chuc/feed/ HTTP/1.0" 200 1838 "-" "Mozilla/5.0 (compatible; Barkrowler/0.9; +https://babbar.tech/crawler)"
217.113.194.78 - - [17/Sep/2025:06:11:48 +0700] "GET /1win-bukmekerskaja-kontora-ofitsialnyj-sajt-bk-1vin-bet-zerkalo-na-segodnja/feed/ HTTP/1.0" 200 1880 "-" "Mozilla/5.0 (compatible; Barkrowler/0.9; +https://babbar.tech/crawler)"
142.44.228.102 - - [17/Sep/2025:06:12:02 +0700] "GET /starda-casino-onlajn-kazino-bonusy-kazino-sloty-2/feed/ HTTP/1.0" 200 1793 "-" "Mozilla/5.0 (compatible; AhrefsBot/7.0; +http://ahrefs.com/robot/)"
217.113.194.72 - - [17/Sep/2025:06:12:07 +0700] "GET /category/1xbet-apk-descargar-la-aplicacion-1xbet-aplicacion-1xbet-android-costa-de-marfil-307/ HTTP/1.0" 200 60335 "-" "Mozilla/5.0 (compatible; Barkrowler/0.9; +https://babbar.tech/crawler)"
45.117.177.72 - - [17/Sep/2025:06:12:32 +0700] "POST /wp-cron.php?doing_wp_cron=1758064351.8490340709686279296875 HTTP/1.0" 200 416 "-" "WordPress/6.8.1; https://vattusacky.vn"
217.113.194.217 - - [17/Sep/2025:06:12:30 +0700] "GET /san-pham/bo-lay-mau-loi-2%E2%80%B3-x-6%E2%80%B3-co-ky-hieu-signature-scs-complete/feed/ HTTP/1.0" 200 1786 "-" "Mozilla/5.0 (compatible; Barkrowler/0.9; +https://babbar.tech/crawler)"
162.221.187.154 - - [17/Sep/2025:06:12:37 +0700] "POST /xmlrpc.php HTTP/1.0" 200 956 "https://vattusacky.vn" "Mozilla/5.0 (Windows NT 10.0; Win64; x64; rv:126.0) Gecko/20100101 Firefox/126.0"
148.113.128.105 - - [17/Sep/2025:06:12:39 +0700] "GET /77ups-24-15/feed/ HTTP/1.0" 200 1754 "-" "Mozilla/5.0 (compatible; AhrefsBot/7.0; +http://ahrefs.com/robot/)"
162.221.187.154 - - [17/Sep/2025:06:12:40 +0700] "POST /wp-login.php HTTP/1.0" 200 11725 "https://vattusacky.vn" "Mozilla/5.0 (Macintosh; Intel Mac OS X 10_15_7; rv:129.0) Gecko/20100101 Firefox/129.0"
217.113.194.81 - - [17/Sep/2025:06:12:50 +0700] "GET /san-pham/bo-dung-cu-lay-mau-dat-2%C2%BC-co-ky-hieu-signature-soil-sampler-kit/feed/ HTTP/1.0" 200 1791 "-" "Mozilla/5.0 (compatible; Barkrowler/0.9; +https://babbar.tech/crawler)"
217.113.194.79 - - [17/Sep/2025:06:13:09 +0700] "GET /san-pham/bom-lay-mau-khi-the-tich-050-den-300-l-phut-sibata-mp-sigma300nii/feed/ HTTP/1.0" 200 1781 "-" "Mozilla/5.0 (compatible; Barkrowler/0.9; +https://babbar.tech/crawler)"
51.161.37.109 - - [17/Sep/2025:06:13:15 +0700] "GET /can-you-take-atorvastatin-and-propranolol-together/feed/ HTTP/1.0" 200 1749 "-" "Mozilla/5.0 (compatible; AhrefsBot/7.0; +http://ahrefs.com/robot/)"
45.117.177.72 - - [17/Sep/2025:06:13:29 +0700] "POST /wp-cron.php?doing_wp_cron=1758064409.4690680503845214843750 HTTP/1.0" 200 416 "-" "WordPress/6.8.1; https://vattusacky.vn"
217.113.194.75 - - [17/Sep/2025:06:13:28 +0700] "GET /san-pham/thiet-bi-lay-mau-bui-puf-58-280-lpm-khong-choi-than-03-cap/feed/ HTTP/1.0" 200 1764 "-" "Mozilla/5.0 (compatible; Barkrowler/0.9; +https://babbar.tech/crawler)"
45.117.177.72 - - [17/Sep/2025:06:13:49 +0700] "POST /wp-cron.php?doing_wp_cron=1758064429.5829870700836181640625 HTTP/1.0" 200 416 "-" "WordPress/6.8.1; https://vattusacky.vn"
217.113.194.78 - - [17/Sep/2025:06:13:48 +0700] "GET /cach-tim-khoan-tra-truoc-vay-online-nhanh-24-7-duoc-tiet-lo-cho-ban-cai-thien/ HTTP/1.0" 200 211103 "-" "Mozilla/5.0 (compatible; Barkrowler/0.9; +https://babbar.tech/crawler)"
51.222.168.84 - - [17/Sep/2025:06:13:58 +0700] "GET /getx-igra-na-dengi-igra-na-dengi-otzyvy-skachat-2/feed/ HTTP/1.0" 200 1787 "-" "Mozilla/5.0 (compatible; AhrefsBot/7.0; +http://ahrefs.com/robot/)"
45.117.177.72 - - [17/Sep/2025:06:14:22 +0700] "POST /wp-cron.php?doing_wp_cron=1758064462.7260780334472656250000 HTTP/1.0" 200 416 "-" "WordPress/6.8.1; https://vattusacky.vn"
217.113.194.218 - - [17/Sep/2025:06:14:21 +0700] "GET /thiet-bi-lay-mau-bui-pm10-pm2-5-xung-quanh-dong-thoi-model-ipm-fds-2510/feed/ HTTP/1.0" 200 1827 "-" "Mozilla/5.0 (compatible; Barkrowler/0.9; +https://babbar.tech/crawler)"
217.113.194.74 - - [17/Sep/2025:06:14:39 +0700] "GET /leo-vegas-casino-welcome-reward-100-deposit-bonus-upwards-to-1000-and-up-200-free-moves-for-july-2023/feed/ HTTP/1.0" 200 1901 "-" "Mozilla/5.0 (compatible; Barkrowler/0.9; +https://babbar.tech/crawler)"
54.39.210.240 - - [17/Sep/2025:06:14:43 +0700] "GET /ggbet-casino-erfahrungsbericht-das-spielangebot-2/feed/ HTTP/1.0" 200 1777 "-" "Mozilla/5.0 (compatible; AhrefsBot/7.0; +http://ahrefs.com/robot/)"
217.113.194.76 - - [17/Sep/2025:06:14:58 +0700] "GET /mang-lai-thoi-gian-nghi-ngoi-cashberry-vay-tien-lien-quan-den-tin-dung-tuc-thi/feed/ HTTP/1.0" 200 1850 "-" "Mozilla/5.0 (compatible; Barkrowler/0.9; +https://babbar.tech/crawler)"
45.117.177.72 - - [17/Sep/2025:06:15:14 +0700] "POST /wp-cron.php?doing_wp_cron=1758064514.6461250782012939453125 HTTP/1.0" 200 416 "-" "WordPress/6.8.1; https://vattusacky.vn"
4.227.36.49 - - [17/Sep/2025:06:15:12 +0700] "GET /robots.txt HTTP/1.0" 301 562 "http://www.vattusacky.vn/robots.txt" "Mozilla/5.0 AppleWebKit/537.36 (KHTML, like Gecko; compatible; GPTBot/1.2; +https://openai.com/gptbot)"
4.227.36.49 - - [17/Sep/2025:06:15:15 +0700] "GET /robots.txt HTTP/1.0" 200 984 "https://www.vattusacky.vn/robots.txt" "Mozilla/5.0 AppleWebKit/537.36 (KHTML, like Gecko; compatible; GPTBot/1.2; +https://openai.com/gptbot)"
217.113.194.72 - - [17/Sep/2025:06:15:17 +0700] "GET /phan-mem-tien-do-senmo-nhanh-chong-gapvay-don-gian-va-de-dang-co-the-van-chuyen/feed/ HTTP/1.0" 200 1870 "-" "Mozilla/5.0 (compatible; Barkrowler/0.9; +https://babbar.tech/crawler)"
45.117.177.72 - - [17/Sep/2025:06:15:29 +0700] "POST /wp-cron.php?doing_wp_cron=1758064529.7405390739440917968750 HTTP/1.0" 200 416 "-" "WordPress/6.8.1; https://vattusacky.vn"
188.213.248.117 - - [17/Sep/2025:06:15:26 +0700] "GET /quan-trac-khi-thai-theo-thong-tu-24/ HTTP/1.0" 200 287416 "-" "Mozilla/5.0 (Linux; Android 8.0; Pixel 2 Build/OPD3.170816.012) AppleWebKit/537.36 (KHTML, like Gecko) Chrome/59.0.6916.1047 Mobile Safari/537.36"
188.213.248.117 - - [17/Sep/2025:06:15:30 +0700] "GET /wp-content/plugins/gridlist-view-for-woocommerce/css/shop_lgv.css?ver=1.1.8 HTTP/1.0" 200 440 "https://vattusacky.vn/quan-trac-khi-thai-theo-thong-tu-24/" "Mozilla/5.0 (Linux; Android 8.0; Pixel 2 Build/OPD3.170816.012) AppleWebKit/537.36 (KHTML, like Gecko) Chrome/59.0.6916.1047 Mobile Safari/537.36"
188.213.248.117 - - [17/Sep/2025:06:15:30 +0700] "GET /wp-content/plugins/gridlist-view-for-woocommerce/berocket/assets/css/font-awesome.min.css?ver=6.8.1 HTTP/1.0" 200 464 "https://vattusacky.vn/quan-trac-khi-thai-theo-thong-tu-24/" "Mozilla/5.0 (Linux; Android 8.0; Pixel 2 Build/OPD3.170816.012) AppleWebKit/537.36 (KHTML, like Gecko) Chrome/59.0.6916.1047 Mobile Safari/537.36"
188.213.248.117 - - [17/Sep/2025:06:15:31 +0700] "GET /wp-includes/css/dist/block-library/style.min.css?ver=6.8.1 HTTP/1.0" 200 423 "https://vattusacky.vn/quan-trac-khi-thai-theo-thong-tu-24/" "Mozilla/5.0 (Linux; Android 8.0; Pixel 2 Build/OPD3.170816.012) AppleWebKit/537.36 (KHTML, like Gecko) Chrome/59.0.6916.1047 Mobile Safari/537.36"
188.213.248.117 - - [17/Sep/2025:06:15:31 +0700] "GET /wp-content/plugins/content-views-query-and-display-post-page/public/assets/css/cv.css?ver=4.1 HTTP/1.0" 200 460 "https://vattusacky.vn/quan-trac-khi-thai-theo-thong-tu-24/" "Mozilla/5.0 (Linux; Android 8.0; Pixel 2 Build/OPD3.170816.012) AppleWebKit/537.36 (KHTML, like Gecko) Chrome/59.0.6916.1047 Mobile Safari/537.36"
188.213.248.117 - - [17/Sep/2025:06:15:31 +0700] "GET /wp-content/plugins/contact-form-7/includes/css/styles.css?ver=6.0.6 HTTP/1.0" 200 432 "https://vattusacky.vn/quan-trac-khi-thai-theo-thong-tu-24/" "Mozilla/5.0 (Linux; Android 8.0; Pixel 2 Build/OPD3.170816.012) AppleWebKit/537.36 (KHTML, like Gecko) Chrome/59.0.6916.1047 Mobile Safari/537.36"
188.213.248.117 - - [17/Sep/2025:06:15:31 +0700] "GET /wp-content/plugins/devvn-stickytooltip/stickytooltip.css?ver=1.0.0 HTTP/1.0" 200 431 "https://vattusacky.vn/quan-trac-khi-thai-theo-thong-tu-24/" "Mozilla/5.0 (Linux; Android 8.0; Pixel 2 Build/OPD3.170816.012) AppleWebKit/537.36 (KHTML, like Gecko) Chrome/59.0.6916.1047 Mobile Safari/537.36"
188.213.248.117 - - [17/Sep/2025:06:15:31 +0700] "GET /wp-content/plugins/woocommerce/assets/css/woocommerce-smallscreen.css?ver=9.8.3 HTTP/1.0" 200 444 "https://vattusacky.vn/quan-trac-khi-thai-theo-thong-tu-24/" "Mozilla/5.0 (Linux; Android 8.0; Pixel 2 Build/OPD3.170816.012) AppleWebKit/537.36 (KHTML, like Gecko) Chrome/59.0.6916.1047 Mobile Safari/537.36"
188.213.248.117 - - [17/Sep/2025:06:15:31 +0700] "GET /wp-content/plugins/woocommerce/assets/css/woocommerce-layout.css?ver=9.8.3 HTTP/1.0" 200 439 "https://vattusacky.vn/quan-trac-khi-thai-theo-thong-tu-24/" "Mozilla/5.0 (Linux; Android 8.0; Pixel 2 Build/OPD3.170816.012) AppleWebKit/537.36 (KHTML, like Gecko) Chrome/59.0.6916.1047 Mobile Safari/537.36"
188.213.248.117 - - [17/Sep/2025:06:15:32 +0700] "GET /wp-content/plugins/woocommerce/assets/css/woocommerce.css?ver=9.8.3 HTTP/1.0" 200 432 "https://vattusacky.vn/quan-trac-khi-thai-theo-thong-tu-24/" "Mozilla/5.0 (Linux; Android 8.0; Pixel 2 Build/OPD3.170816.012) AppleWebKit/537.36 (KHTML, like Gecko) Chrome/59.0.6916.1047 Mobile Safari/537.36"
188.213.248.117 - - [17/Sep/2025:06:15:32 +0700] "GET /wp-content/plugins/yith-woocommerce-category-accordion-premium/assets/css/ywcca_style.css?ver=1.0.12 HTTP/1.0" 200 464 "https://vattusacky.vn/quan-trac-khi-thai-theo-thong-tu-24/" "Mozilla/5.0 (Linux; Android 8.0; Pixel 2 Build/OPD3.170816.012) AppleWebKit/537.36 (KHTML, like Gecko) Chrome/59.0.6916.1047 Mobile Safari/537.36"
188.213.248.117 - - [17/Sep/2025:06:15:32 +0700] "GET /wp-content/plugins/yith-woocommerce-category-accordion-premium/cache/ywcca_dynamics.css?ver=6.8.1 HTTP/1.0" 200 462 "https://vattusacky.vn/quan-trac-khi-thai-theo-thong-tu-24/" "Mozilla/5.0 (Linux; Android 8.0; Pixel 2 Build/OPD3.170816.012) AppleWebKit/537.36 (KHTML, like Gecko) Chrome/59.0.6916.1047 Mobile Safari/537.36"
188.213.248.117 - - [17/Sep/2025:06:15:32 +0700] "GET /wp-content/plugins/woocommerce/assets/css/brands.css?ver=9.8.3 HTTP/1.0" 200 427 "https://vattusacky.vn/quan-trac-khi-thai-theo-thong-tu-24/" "Mozilla/5.0 (Linux; Android 8.0; Pixel 2 Build/OPD3.170816.012) AppleWebKit/537.36 (KHTML, like Gecko) Chrome/59.0.6916.1047 Mobile Safari/537.36"
188.213.248.117 - - [17/Sep/2025:06:15:32 +0700] "GET /wp-content/themes/tem_techno_v2/inc/css/bootstrap.min.css?ver=6.8.1 HTTP/1.0" 200 432 "https://vattusacky.vn/quan-trac-khi-thai-theo-thong-tu-24/" "Mozilla/5.0 (Linux; Android 8.0; Pixel 2 Build/OPD3.170816.012) AppleWebKit/537.36 (KHTML, like Gecko) Chrome/59.0.6916.1047 Mobile Safari/537.36"
188.213.248.117 - - [17/Sep/2025:06:15:32 +0700] "GET /wp-content/themes/tem_techno_v2/style.css?ver=6.8.1 HTTP/1.0" 200 416 "https://vattusacky.vn/quan-trac-khi-thai-theo-thong-tu-24/" "Mozilla/5.0 (Linux; Android 8.0; Pixel 2 Build/OPD3.170816.012) AppleWebKit/537.36 (KHTML, like Gecko) Chrome/59.0.6916.1047 Mobile Safari/537.36"
188.213.248.117 - - [17/Sep/2025:06:15:32 +0700] "GET /wp-content/themes/tem_techno_v2/inc/css/font-awesome.min.css?ver=6.8.1 HTTP/1.0" 200 435 "https://vattusacky.vn/quan-trac-khi-thai-theo-thong-tu-24/" "Mozilla/5.0 (Linux; Android 8.0; Pixel 2 Build/OPD3.170816.012) AppleWebKit/537.36 (KHTML, like Gecko) Chrome/59.0.6916.1047 Mobile Safari/537.36"
188.213.248.117 - - [17/Sep/2025:06:15:32 +0700] "GET /wp-content/themes/tem_techno_v2/slmenu.css HTTP/1.0" 200 417 "https://vattusacky.vn/quan-trac-khi-thai-theo-thong-tu-24/" "Mozilla/5.0 (Linux; Android 8.0; Pixel 2 Build/OPD3.170816.012) AppleWebKit/537.36 (KHTML, like Gecko) Chrome/59.0.6916.1047 Mobile Safari/537.36"
188.213.248.117 - - [17/Sep/2025:06:15:32 +0700] "GET /wp-content/plugins/wp-pagenavi/pagenavi-css.css?ver=2.70 HTTP/1.0" 200 823 "https://vattusacky.vn/quan-trac-khi-thai-theo-thong-tu-24/" "Mozilla/5.0 (Linux; Android 8.0; Pixel 2 Build/OPD3.170816.012) AppleWebKit/537.36 (KHTML, like Gecko) Chrome/59.0.6916.1047 Mobile Safari/537.36"
188.213.248.117 - - [17/Sep/2025:06:15:32 +0700] "GET /wp-content/uploads/2018/04/o-nhiem-bau-khong-khi-tai-viet-nam.jpg HTTP/1.0" 200 442 "https://vattusacky.vn/quan-trac-khi-thai-theo-thong-tu-24/" "Mozilla/5.0 (Linux; Android 8.0; Pixel 2 Build/OPD3.170816.012) AppleWebKit/537.36 (KHTML, like Gecko) Chrome/59.0.6916.1047 Mobile Safari/537.36"
188.213.248.117 - - [17/Sep/2025:06:15:33 +0700] "GET /wp-content/plugins/woocommerce/assets/client/blocks/wc-blocks.css?ver=wc-9.8.3 HTTP/1.0" 200 440 "https://vattusacky.vn/quan-trac-khi-thai-theo-thong-tu-24/" "Mozilla/5.0 (Linux; Android 8.0; Pixel 2 Build/OPD3.170816.012) AppleWebKit/537.36 (KHTML, like Gecko) Chrome/59.0.6916.1047 Mobile Safari/537.36"
188.213.248.117 - - [17/Sep/2025:06:15:34 +0700] "GET /wp-content/uploads/2016/09/cropped-logo-vietnguyen.png HTTP/1.0" 200 430 "https://vattusacky.vn/quan-trac-khi-thai-theo-thong-tu-24/" "Mozilla/5.0 (Linux; Android 8.0; Pixel 2 Build/OPD3.170816.012) AppleWebKit/537.36 (KHTML, like Gecko) Chrome/59.0.6916.1047 Mobile Safari/537.36"
188.213.248.117 - - [17/Sep/2025:06:15:34 +0700] "GET /wp-content/uploads/2018/08/untitled-1-2.jpg HTTP/1.0" 200 420 "https://vattusacky.vn/quan-trac-khi-thai-theo-thong-tu-24/" "Mozilla/5.0 (Linux; Android 8.0; Pixel 2 Build/OPD3.170816.012) AppleWebKit/537.36 (KHTML, like Gecko) Chrome/59.0.6916.1047 Mobile Safari/537.36"
188.213.248.117 - - [17/Sep/2025:06:15:34 +0700] "GET /wp-content/uploads/2016/07/bw-technologies.png HTTP/1.0" 200 422 "https://vattusacky.vn/quan-trac-khi-thai-theo-thong-tu-24/" "Mozilla/5.0 (Linux; Android 8.0; Pixel 2 Build/OPD3.170816.012) AppleWebKit/537.36 (KHTML, like Gecko) Chrome/59.0.6916.1047 Mobile Safari/537.36"
188.213.248.117 - - [17/Sep/2025:06:15:35 +0700] "GET /wp-content/uploads/2016/07/berghof_logo.png HTTP/1.0" 200 419 "https://vattusacky.vn/quan-trac-khi-thai-theo-thong-tu-24/" "Mozilla/5.0 (Linux; Android 8.0; Pixel 2 Build/OPD3.170816.012) AppleWebKit/537.36 (KHTML, like Gecko) Chrome/59.0.6916.1047 Mobile Safari/537.36"
188.213.248.117 - - [17/Sep/2025:06:15:35 +0700] "GET /wp-content/uploads/2016/07/bandelin-logo.png HTTP/1.0" 200 420 "https://vattusacky.vn/quan-trac-khi-thai-theo-thong-tu-24/" "Mozilla/5.0 (Linux; Android 8.0; Pixel 2 Build/OPD3.170816.012) AppleWebKit/537.36 (KHTML, like Gecko) Chrome/59.0.6916.1047 Mobile Safari/537.36"
188.213.248.117 - - [17/Sep/2025:06:15:35 +0700] "GET /wp-content/uploads/2016/07/analytical-testing-corp-logo.jpg HTTP/1.0" 200 436 "https://vattusacky.vn/quan-trac-khi-thai-theo-thong-tu-24/" "Mozilla/5.0 (Linux; Android 8.0; Pixel 2 Build/OPD3.170816.012) AppleWebKit/537.36 (KHTML, like Gecko) Chrome/59.0.6916.1047 Mobile Safari/537.36"
188.213.248.117 - - [17/Sep/2025:06:15:35 +0700] "GET /wp-content/uploads/2018/06/hiq-logo.png HTTP/1.0" 200 415 "https://vattusacky.vn/quan-trac-khi-thai-theo-thong-tu-24/" "Mozilla/5.0 (Linux; Android 8.0; Pixel 2 Build/OPD3.170816.012) AppleWebKit/537.36 (KHTML, like Gecko) Chrome/59.0.6916.1047 Mobile Safari/537.36"
188.213.248.117 - - [17/Sep/2025:06:15:35 +0700] "GET /wp-content/uploads/2018/06/halmilton-logo.jpg HTTP/1.0" 200 422 "https://vattusacky.vn/quan-trac-khi-thai-theo-thong-tu-24/" "Mozilla/5.0 (Linux; Android 8.0; Pixel 2 Build/OPD3.170816.012) AppleWebKit/537.36 (KHTML, like Gecko) Chrome/59.0.6916.1047 Mobile Safari/537.36"
188.213.248.117 - - [17/Sep/2025:06:15:35 +0700] "GET /wp-content/uploads/2018/06/gfg.jpg HTTP/1.0" 200 411 "https://vattusacky.vn/quan-trac-khi-thai-theo-thong-tu-24/" "Mozilla/5.0 (Linux; Android 8.0; Pixel 2 Build/OPD3.170816.012) AppleWebKit/537.36 (KHTML, like Gecko) Chrome/59.0.6916.1047 Mobile Safari/537.36"
188.213.248.117 - - [17/Sep/2025:06:15:35 +0700] "GET /wp-content/uploads/2018/06/witeg-logo.jpg HTTP/1.0" 200 418 "https://vattusacky.vn/quan-trac-khi-thai-theo-thong-tu-24/" "Mozilla/5.0 (Linux; Android 8.0; Pixel 2 Build/OPD3.170816.012) AppleWebKit/537.36 (KHTML, like Gecko) Chrome/59.0.6916.1047 Mobile Safari/537.36"
188.213.248.117 - - [17/Sep/2025:06:15:35 +0700] "GET /wp-content/uploads/2018/06/evoqua-logo.jpg HTTP/1.0" 200 419 "https://vattusacky.vn/quan-trac-khi-thai-theo-thong-tu-24/" "Mozilla/5.0 (Linux; Android 8.0; Pixel 2 Build/OPD3.170816.012) AppleWebKit/537.36 (KHTML, like Gecko) Chrome/59.0.6916.1047 Mobile Safari/537.36"
188.213.248.117 - - [17/Sep/2025:06:15:34 +0700] "GET /path/to/default.png HTTP/1.0" 404 70667 "https://vattusacky.vn/quan-trac-khi-thai-theo-thong-tu-24/" "Mozilla/5.0 (Linux; Android 8.0; Pixel 2 Build/OPD3.170816.012) AppleWebKit/537.36 (KHTML, like Gecko) Chrome/59.0.6916.1047 Mobile Safari/537.36"
188.213.248.117 - - [17/Sep/2025:06:15:36 +0700] "GET /wp-content/uploads/2018/06/sibata.gif HTTP/1.0" 200 413 "https://vattusacky.vn/quan-trac-khi-thai-theo-thong-tu-24/" "Mozilla/5.0 (Linux; Android 8.0; Pixel 2 Build/OPD3.170816.012) AppleWebKit/537.36 (KHTML, like Gecko) Chrome/59.0.6916.1047 Mobile Safari/537.36"
188.213.248.117 - - [17/Sep/2025:06:15:36 +0700] "GET /wp-content/uploads/2018/06/wildco-logo.png HTTP/1.0" 200 418 "https://vattusacky.vn/quan-trac-khi-thai-theo-thong-tu-24/" "Mozilla/5.0 (Linux; Android 8.0; Pixel 2 Build/OPD3.170816.012) AppleWebKit/537.36 (KHTML, like Gecko) Chrome/59.0.6916.1047 Mobile Safari/537.36"
188.213.248.117 - - [17/Sep/2025:06:15:36 +0700] "GET /wp-content/uploads/2018/06/mettler-logo.png HTTP/1.0" 200 419 "https://vattusacky.vn/quan-trac-khi-thai-theo-thong-tu-24/" "Mozilla/5.0 (Linux; Android 8.0; Pixel 2 Build/OPD3.170816.012) AppleWebKit/537.36 (KHTML, like Gecko) Chrome/59.0.6916.1047 Mobile Safari/537.36"
188.213.248.117 - - [17/Sep/2025:06:15:36 +0700] "GET /wp-content/uploads/2018/06/logo-aco.gif HTTP/1.0" 200 415 "https://vattusacky.vn/quan-trac-khi-thai-theo-thong-tu-24/" "Mozilla/5.0 (Linux; Android 8.0; Pixel 2 Build/OPD3.170816.012) AppleWebKit/537.36 (KHTML, like Gecko) Chrome/59.0.6916.1047 Mobile Safari/537.36"
188.213.248.117 - - [17/Sep/2025:06:15:36 +0700] "GET /wp-content/uploads/2018/06/kruess-logo.png HTTP/1.0" 200 418 "https://vattusacky.vn/quan-trac-khi-thai-theo-thong-tu-24/" "Mozilla/5.0 (Linux; Android 8.0; Pixel 2 Build/OPD3.170816.012) AppleWebKit/537.36 (KHTML, like Gecko) Chrome/59.0.6916.1047 Mobile Safari/537.36"
188.213.248.117 - - [17/Sep/2025:06:15:36 +0700] "GET /wp-content/uploads/2018/06/evermed-logo.jpg HTTP/1.0" 200 420 "https://vattusacky.vn/quan-trac-khi-thai-theo-thong-tu-24/" "Mozilla/5.0 (Linux; Android 8.0; Pixel 2 Build/OPD3.170816.012) AppleWebKit/537.36 (KHTML, like Gecko) Chrome/59.0.6916.1047 Mobile Safari/537.36"
217.113.194.217 - - [17/Sep/2025:06:15:35 +0700] "GET /san-pham/thiet-bi-lay-mau-nuoc-alpha-van-dorn-loai-doc-4-2-lit-nhan-hang-wildco/feed/ HTTP/1.0" 200 1801 "-" "Mozilla/5.0 (compatible; Barkrowler/0.9; +https://babbar.tech/crawler)"
188.213.248.117 - - [17/Sep/2025:06:15:37 +0700] "GET /wp-content/uploads/2018/06/dlab-logo.jpg HTTP/1.0" 200 417 "https://vattusacky.vn/quan-trac-khi-thai-theo-thong-tu-24/" "Mozilla/5.0 (Linux; Android 8.0; Pixel 2 Build/OPD3.170816.012) AppleWebKit/537.36 (KHTML, like Gecko) Chrome/59.0.6916.1047 Mobile Safari/537.36"
188.213.248.117 - - [17/Sep/2025:06:15:37 +0700] "GET /wp-content/themes/tem_techno_v2/images/iconMobile.png HTTP/1.0" 200 429 "https://vattusacky.vn/wp-content/themes/tem_techno_v2/style.css?ver=6.8.1" "Mozilla/5.0 (Linux; Android 8.0; Pixel 2 Build/OPD3.170816.012) AppleWebKit/537.36 (KHTML, like Gecko) Chrome/59.0.6916.1047 Mobile Safari/537.36"
188.213.248.117 - - [17/Sep/2025:06:15:37 +0700] "GET /images/image002.jpg HTTP/1.0" 404 70667 "https://vattusacky.vn/quan-trac-khi-thai-theo-thong-tu-24/" "Mozilla/5.0 (Linux; Android 8.0; Pixel 2 Build/OPD3.170816.012) AppleWebKit/537.36 (KHTML, like Gecko) Chrome/59.0.6916.1047 Mobile Safari/537.36"
188.213.248.117 - - [17/Sep/2025:06:15:37 +0700] "GET /images/image004.jpg HTTP/1.0" 404 70667 "https://vattusacky.vn/quan-trac-khi-thai-theo-thong-tu-24/" "Mozilla/5.0 (Linux; Android 8.0; Pixel 2 Build/OPD3.170816.012) AppleWebKit/537.36 (KHTML, like Gecko) Chrome/59.0.6916.1047 Mobile Safari/537.36"
188.213.248.117 - - [17/Sep/2025:06:15:37 +0700] "GET /images/image005.jpg HTTP/1.0" 404 70667 "https://vattusacky.vn/quan-trac-khi-thai-theo-thong-tu-24/" "Mozilla/5.0 (Linux; Android 8.0; Pixel 2 Build/OPD3.170816.012) AppleWebKit/537.36 (KHTML, like Gecko) Chrome/59.0.6916.1047 Mobile Safari/537.36"
188.213.248.117 - - [17/Sep/2025:06:15:37 +0700] "GET /images/image003.jpg HTTP/1.0" 404 70667 "https://vattusacky.vn/quan-trac-khi-thai-theo-thong-tu-24/" "Mozilla/5.0 (Linux; Android 8.0; Pixel 2 Build/OPD3.170816.012) AppleWebKit/537.36 (KHTML, like Gecko) Chrome/59.0.6916.1047 Mobile Safari/537.36"
188.213.248.117 - - [17/Sep/2025:06:15:37 +0700] "GET /images/logo-vietnguyen.png HTTP/1.0" 404 70667 "https://vattusacky.vn/quan-trac-khi-thai-theo-thong-tu-24/" "Mozilla/5.0 (Linux; Android 8.0; Pixel 2 Build/OPD3.170816.012) AppleWebKit/537.36 (KHTML, like Gecko) Chrome/59.0.6916.1047 Mobile Safari/537.36"
51.161.65.70 - - [17/Sep/2025:06:15:39 +0700] "GET /gama-casino-oficialnyj-sajt-kazino-demo-bystryj-2/feed/ HTTP/1.0" 200 1796 "-" "Mozilla/5.0 (compatible; AhrefsBot/7.0; +http://ahrefs.com/robot/)"
217.113.194.217 - - [17/Sep/2025:06:15:55 +0700] "GET /san-pham/thiet-bi-lay-mau-nuoc-alpha-van-dorn-loai-doc-8-2-lit-nhan-hang-wildco/feed/ HTTP/1.0" 200 1801 "-" "Mozilla/5.0 (compatible; Barkrowler/0.9; +https://babbar.tech/crawler)"
110.249.202.158 - - [17/Sep/2025:06:15:56 +0700] "GET /robots.txt HTTP/1.0" 200 984 "-" "Mozilla/5.0 (Linux; Android 5.0) AppleWebKit/537.36 (KHTML, like Gecko) Mobile Safari/537.36 (compatible; Bytespider; https://zhanzhang.toutiao.com/)"
217.113.194.78 - - [17/Sep/2025:06:16:14 +0700] "GET /san-pham/thiet-bi-lay-mau-nuoc-alpha-van-dorn-loai-doc-6-2-lit-nhan-hang-wildco/feed/ HTTP/1.0" 200 1801 "-" "Mozilla/5.0 (compatible; Barkrowler/0.9; +https://babbar.tech/crawler)"
54.39.89.71 - - [17/Sep/2025:06:16:14 +0700] "GET /temple-university-press/feed/ HTTP/1.0" 200 1666 "-" "Mozilla/5.0 (compatible; AhrefsBot/7.0; +http://ahrefs.com/robot/)"
45.117.177.72 - - [17/Sep/2025:06:16:34 +0700] "POST /wp-cron.php?doing_wp_cron=1758064594.4443519115447998046875 HTTP/1.0" 200 416 "-" "WordPress/6.8.1; https://vattusacky.vn"
217.113.194.218 - - [17/Sep/2025:06:16:33 +0700] "GET /san-pham/hi-q-_-phan-loc-bui-pm2-5-hi-vol-inlet-bo-kit-ho-tro-chuyen-dau/feed/ HTTP/1.0" 200 1786 "-" "Mozilla/5.0 (compatible; Barkrowler/0.9; +https://babbar.tech/crawler)"
217.113.194.78 - - [17/Sep/2025:06:16:52 +0700] "GET /lam-the-nao-de-mua-mot-ung-vay-nhanh-1-trieu-truoc-truc-tuyen-nhanh-chong/feed/ HTTP/1.0" 200 1837 "-" "Mozilla/5.0 (compatible; Barkrowler/0.9; +https://babbar.tech/crawler)"
51.161.65.15 - - [17/Sep/2025:06:17:08 +0700] "GET /daddy-casino-obzor-2023-i-bonusy-igrat-na-dengi-v-2/feed/ HTTP/1.0" 200 1799 "-" "Mozilla/5.0 (compatible; AhrefsBot/7.0; +http://ahrefs.com/robot/)"
217.113.194.76 - - [17/Sep/2025:06:17:11 +0700] "GET /video-tutorial-activities-port-models-video-tutorial-activities-3q-collection-of-100-free-video-tutorial-casino-wars-modern-casino-slot/feed/ HTTP/1.0" 200 2004 "-" "Mozilla/5.0 (compatible; Barkrowler/0.9; +https://babbar.tech/crawler)"
45.117.177.72 - - [17/Sep/2025:06:17:32 +0700] "POST /wp-cron.php?doing_wp_cron=1758064652.7962839603424072265625 HTTP/1.0" 200 416 "-" "WordPress/6.8.1; https://vattusacky.vn"
217.113.194.79 - - [17/Sep/2025:06:17:31 +0700] "GET /voprosy-i-otvety-pro-bk-mostbet-glinlik-glinlik-modelleri-glinlik-qiymtlri/feed/ HTTP/1.0" 200 1850 "-" "Mozilla/5.0 (compatible; Barkrowler/0.9; +https://babbar.tech/crawler)"
54.39.89.240 - - [17/Sep/2025:06:17:47 +0700] "GET /scegli-tra-una-vasta-gamma-di-giochi-coinvolgenti-2/feed/ HTTP/1.0" 200 1750 "-" "Mozilla/5.0 (compatible; AhrefsBot/7.0; +http://ahrefs.com/robot/)"
217.113.194.77 - - [17/Sep/2025:06:17:52 +0700] "GET /cach-tot-nhat-de-vay-thu-https-vaytienvn-com-nhap-tren-internet-hai-chuc-24/feed/ HTTP/1.0" 200 1838 "-" "Mozilla/5.0 (compatible; Barkrowler/0.9; +https://babbar.tech/crawler)"
217.113.194.78 - - [17/Sep/2025:06:18:13 +0700] "GET /tang-lich-su-tin-dung-cua-ban-tai-vay-nhanh-online-500k-findo-progress-phan-mem-may-tinh/feed/ HTTP/1.0" 200 1881 "-" "Mozilla/5.0 (compatible; Barkrowler/0.9; +https://babbar.tech/crawler)"
45.117.177.72 - - [17/Sep/2025:06:18:31 +0700] "POST /wp-cron.php?doing_wp_cron=1758064711.5608239173889160156250 HTTP/1.0" 200 416 "-" "WordPress/6.8.1; https://vattusacky.vn"
15.235.98.130 - - [17/Sep/2025:06:18:30 +0700] "GET /kazino-pin-ap-rabochee-zerkalo-vhod-igrovye-2/feed/ HTTP/1.0" 200 1811 "-" "Mozilla/5.0 (compatible; AhrefsBot/7.0; +http://ahrefs.com/robot/)"
217.113.194.79 - - [17/Sep/2025:06:18:31 +0700] "GET /dlaczego-synna-siec-nigdy-nie-wesza-do-polski-czasy-takich-brandow-juz-miney/feed/ HTTP/1.0" 200 1850 "-" "Mozilla/5.0 (compatible; Barkrowler/0.9; +https://babbar.tech/crawler)"
217.113.194.81 - - [17/Sep/2025:06:18:50 +0700] "GET /san-pham/thiet-bi-lay-mau-nuoc-alpha-van-dorn-loai-doc-4-2-lit-nhan-hang-wildco-2/feed/ HTTP/1.0" 200 1805 "-" "Mozilla/5.0 (compatible; Barkrowler/0.9; +https://babbar.tech/crawler)"
54.39.0.116 - - [17/Sep/2025:06:19:07 +0700] "GET /asian-bride-in-the-united-states/feed/ HTTP/1.0" 200 1693 "-" "Mozilla/5.0 (compatible; AhrefsBot/7.0; +http://ahrefs.com/robot/)"
217.113.194.78 - - [17/Sep/2025:06:19:10 +0700] "GET /san-pham/thiet-bi-lay-mau-nuoc-alpha-van-dorn-loai-doc-3-2-lit-nhan-hang-wildco/feed/ HTTP/1.0" 200 1801 "-" "Mozilla/5.0 (compatible; Barkrowler/0.9; +https://babbar.tech/crawler)"
45.117.177.72 - - [17/Sep/2025:06:19:30 +0700] "POST /wp-cron.php?doing_wp_cron=1758064770.3600530624389648437500 HTTP/1.0" 200 416 "-" "WordPress/6.8.1; https://vattusacky.vn"
217.113.194.74 - - [17/Sep/2025:06:19:28 +0700] "GET /san-pham/thiet-bi-lay-mau-nuoc-alpha-van-dorn-loai-doc-8-2-lit-nhan-hang-wildco-2/feed/ HTTP/1.0" 200 1805 "-" "Mozilla/5.0 (compatible; Barkrowler/0.9; +https://babbar.tech/crawler)"
84.39.226.226 - - [17/Sep/2025:06:19:32 +0700] "GET /best-bollinger-bands-settings/ HTTP/1.0" 200 214301 "-" "Mozilla/5.0 (iPhone; CPU iPhone OS 11_0 like Mac OS X) AppleWebKit/537.36 (KHTML, like Gecko) Chrome/46.0.4728.1149 Mobile Safari/537.36"
185.191.171.17 - - [17/Sep/2025:06:19:38 +0700] "GET /lam-the-nao-ban-co-the-vay-vaytienvn-com-tien-mat-truc-tuyen-xxiv-hai-chuc/ HTTP/1.0" 200 212756 "-" "Mozilla/5.0 (compatible; SemrushBot/7~bl; +http://www.semrush.com/bot.html)"
84.39.226.226 - - [17/Sep/2025:06:19:40 +0700] "GET /path/to/default.png HTTP/1.0" 404 70667 "https://vattusacky.vn/best-bollinger-bands-settings/" "Mozilla/5.0 (iPhone; CPU iPhone OS 11_0 like Mac OS X) AppleWebKit/537.36 (KHTML, like Gecko) Chrome/46.0.4728.1149 Mobile Safari/537.36"
54.39.0.88 - - [17/Sep/2025:06:19:44 +0700] "GET /author/yanz/page/6/ HTTP/1.0" 200 76460 "-" "Mozilla/5.0 (compatible; AhrefsBot/7.0; +http://ahrefs.com/robot/)"
84.39.226.226 - - [17/Sep/2025:06:19:45 +0700] "GET /images/image002.jpg HTTP/1.0" 404 70667 "https://vattusacky.vn/best-bollinger-bands-settings/" "Mozilla/5.0 (iPhone; CPU iPhone OS 11_0 like Mac OS X) AppleWebKit/537.36 (KHTML, like Gecko) Chrome/46.0.4728.1149 Mobile Safari/537.36"
84.39.226.226 - - [17/Sep/2025:06:19:45 +0700] "GET /images/image003.jpg HTTP/1.0" 404 70667 "https://vattusacky.vn/best-bollinger-bands-settings/" "Mozilla/5.0 (iPhone; CPU iPhone OS 11_0 like Mac OS X) AppleWebKit/537.36 (KHTML, like Gecko) Chrome/46.0.4728.1149 Mobile Safari/537.36"
84.39.226.226 - - [17/Sep/2025:06:19:45 +0700] "GET /images/image004.jpg HTTP/1.0" 404 70667 "https://vattusacky.vn/best-bollinger-bands-settings/" "Mozilla/5.0 (iPhone; CPU iPhone OS 11_0 like Mac OS X) AppleWebKit/537.36 (KHTML, like Gecko) Chrome/46.0.4728.1149 Mobile Safari/537.36"
85.208.96.194 - - [17/Sep/2025:06:19:45 +0700] "GET /mostbet-ofitsialnyj-sajt-bukmekerskoj-kontory-obzor/ HTTP/1.0" 200 222684 "-" "Mozilla/5.0 (compatible; SemrushBot/7~bl; +http://www.semrush.com/bot.html)"
84.39.226.226 - - [17/Sep/2025:06:19:46 +0700] "GET /images/image005.jpg HTTP/1.0" 404 70667 "https://vattusacky.vn/best-bollinger-bands-settings/" "Mozilla/5.0 (iPhone; CPU iPhone OS 11_0 like Mac OS X) AppleWebKit/537.36 (KHTML, like Gecko) Chrome/46.0.4728.1149 Mobile Safari/537.36"
84.39.226.226 - - [17/Sep/2025:06:19:46 +0700] "GET /images/logo-vietnguyen.png HTTP/1.0" 404 70667 "https://vattusacky.vn/best-bollinger-bands-settings/" "Mozilla/5.0 (iPhone; CPU iPhone OS 11_0 like Mac OS X) AppleWebKit/537.36 (KHTML, like Gecko) Chrome/46.0.4728.1149 Mobile Safari/537.36"
217.113.194.76 - - [17/Sep/2025:06:19:47 +0700] "GET /san-pham/thiet-bi-lay-mau-nuoc-alpha-van-dorn-loai-doc-2-2-lit-nhan-hang-wildco/feed/ HTTP/1.0" 200 1801 "-" "Mozilla/5.0 (compatible; Barkrowler/0.9; +https://babbar.tech/crawler)"
217.113.194.218 - - [17/Sep/2025:06:20:06 +0700] "GET /san-pham/thiet-bi-lay-mau-nuoc-alpha-van-dorn-loai-doc-6-2-lit-nhan-hang-wildco-2/feed/ HTTP/1.0" 200 1805 "-" "Mozilla/5.0 (compatible; Barkrowler/0.9; +https://babbar.tech/crawler)"
45.117.177.72 - - [17/Sep/2025:06:20:19 +0700] "POST /wp-cron.php?doing_wp_cron=1758064819.7478420734405517578125 HTTP/1.0" 200 416 "-" "WordPress/6.8.1; https://vattusacky.vn"
142.44.225.162 - - [17/Sep/2025:06:20:18 +0700] "GET /queen-johnnie-gambling-establishment-official-49/feed/ HTTP/1.0" 200 1780 "-" "Mozilla/5.0 (compatible; AhrefsBot/7.0; +http://ahrefs.com/robot/)"
178.16.53.98 - - [17/Sep/2025:06:20:20 +0700] "POST /wp-login.php HTTP/1.0" 200 11876 "-" "Mozilla/5.0"
217.113.194.75 - - [17/Sep/2025:06:20:26 +0700] "GET /xac-dinh-tien-do-https-vaysite-com-nguoi-cho-vay-findo-quy-nhanh-nhat-cung/feed/ HTTP/1.0" 200 1836 "-" "Mozilla/5.0 (compatible; Barkrowler/0.9; +https://babbar.tech/crawler)"
213.180.203.182 - - [17/Sep/2025:06:20:40 +0700] "GET /robots.txt HTTP/1.0" 200 984 "-" "Mozilla/5.0 (compatible; YandexBot/3.0; +http://yandex.com/bots)"
5.255.231.200 - - [17/Sep/2025:06:20:43 +0700] "GET /the/do-clo-duo/ HTTP/1.0" 200 67874 "-" "Mozilla/5.0 (compatible; YandexBot/3.0; +http://yandex.com/bots)"
217.113.194.81 - - [17/Sep/2025:06:20:49 +0700] "GET /massive-ripoff-mydailyfling-com-giving-united-states-a-huge-number-of-fake-emails-utilizing-fake-female-users/feed/ HTTP/1.0" 200 1925 "-" "Mozilla/5.0 (compatible; Barkrowler/0.9; +https://babbar.tech/crawler)"
142.44.228.194 - - [17/Sep/2025:06:20:50 +0700] "GET /photo-product-specifications-91/feed/ HTTP/1.0" 200 1687 "-" "Mozilla/5.0 (compatible; AhrefsBot/7.0; +http://ahrefs.com/robot/)"
85.208.96.199 - - [17/Sep/2025:06:21:02 +0700] "GET /how-to-compose-cheap-essays/ HTTP/1.0" 200 205879 "-" "Mozilla/5.0 (compatible; SemrushBot/7~bl; +http://www.semrush.com/bot.html)"
200.27.101.245 - - [17/Sep/2025:06:21:05 +0700] "POST /xmlrpc.php HTTP/1.0" 200 956 "https://vattusacky.vn" "Mozilla/5.0 (Windows NT 10.0; Win64; x64; rv:128.0) Gecko/20100101 Firefox/128.0"
200.27.101.245 - - [17/Sep/2025:06:21:09 +0700] "POST /wp-login.php HTTP/1.0" 200 11725 "https://vattusacky.vn" "Mozilla/5.0 (Windows NT 10.0; Win64; x64; rv:127.0) Gecko/20100101 Firefox/127.0"
217.113.194.81 - - [17/Sep/2025:06:21:09 +0700] "GET /por-que-no-puedo-retirar-dinero-de-1xbet-mejores-casas-de-apuestas-en-linea-y-bonos-165/feed/ HTTP/1.0" 200 1861 "-" "Mozilla/5.0 (compatible; Barkrowler/0.9; +https://babbar.tech/crawler)"
45.117.177.72 - - [17/Sep/2025:06:21:18 +0700] "POST /wp-cron.php?doing_wp_cron=1758064878.4533669948577880859375 HTTP/1.0" 200 416 "-" "WordPress/6.8.1; https://vattusacky.vn"
85.208.96.199 - - [17/Sep/2025:06:21:17 +0700] "GET /category/mostbet-casino/ HTTP/1.0" 200 99254 "-" "Mozilla/5.0 (compatible; SemrushBot/7~bl; +http://www.semrush.com/bot.html)"
217.113.194.73 - - [17/Sep/2025:06:21:27 +0700] "GET /worldcoin-ya-regala-dinero-por-registrarse-sam-altman-aspira-a-que-2000-millones-de-humanos-se-apunten-935/feed/ HTTP/1.0" 200 1913 "-" "Mozilla/5.0 (compatible; Barkrowler/0.9; +https://babbar.tech/crawler)"
15.235.96.227 - - [17/Sep/2025:06:21:38 +0700] "GET /1win-en-guvenilir-casino-sitesi-guncel-sitesi/feed/ HTTP/1.0" 200 1743 "-" "Mozilla/5.0 (compatible; AhrefsBot/7.0; +http://ahrefs.com/robot/)"
154.54.249.200 - - [17/Sep/2025:06:21:46 +0700] "GET /san-pham/bo-lay-mau-loi-1-1-2%E2%80%B3-x-6%E2%80%B3-co-ky-hieu-signature-scs-complete/feed/ HTTP/1.0" 200 1798 "-" "Mozilla/5.0 (compatible; Barkrowler/0.9; +https://babbar.tech/crawler)"
217.113.194.75 - - [17/Sep/2025:06:22:06 +0700] "GET /san-pham/thiet-bi-lay-mau-bui-pm10-pm2-5-pm1-0-1-5-%C3%B7-5-5-m3h-2/feed/ HTTP/1.0" 200 1751 "-" "Mozilla/5.0 (compatible; Barkrowler/0.9; +https://babbar.tech/crawler)"
45.117.177.72 - - [17/Sep/2025:06:22:17 +0700] "POST /wp-cron.php?doing_wp_cron=1758064937.3920331001281738281250 HTTP/1.0" 200 416 "-" "WordPress/6.8.1; https://vattusacky.vn"
142.44.228.103 - - [17/Sep/2025:06:22:15 +0700] "GET /why-are-customers-ditching-bet365-and-sportingbet-37/feed/ HTTP/1.0" 200 1761 "-" "Mozilla/5.0 (compatible; AhrefsBot/7.0; +http://ahrefs.com/robot/)"
217.113.194.218 - - [17/Sep/2025:06:22:24 +0700] "GET /san-pham/thiet-bi-lay-mau-nuoc-alpha-van-dorn-loai-ngang-6-2-lit-nhan-hang-wildco/feed/ HTTP/1.0" 200 1805 "-" "Mozilla/5.0 (compatible; Barkrowler/0.9; +https://babbar.tech/crawler)"
217.113.194.218 - - [17/Sep/2025:06:22:43 +0700] "GET /san-pham/thiet-bi-lay-mau-nuoc-alpha-van-dorn-loai-doc-3-2-lit-nhan-hang-wildco-2/feed/ HTTP/1.0" 200 1805 "-" "Mozilla/5.0 (compatible; Barkrowler/0.9; +https://babbar.tech/crawler)"
54.39.0.201 - - [17/Sep/2025:06:22:50 +0700] "GET /1xbet-cellular-app-apk-obtain-for-android-65/feed/ HTTP/1.0" 200 1726 "-" "Mozilla/5.0 (compatible; AhrefsBot/7.0; +http://ahrefs.com/robot/)"
217.113.194.217 - - [17/Sep/2025:06:23:02 +0700] "GET /san-pham/thiet-bi-lay-mau-nuoc-alpha-van-dorn-loai-doc-2-2-lit-nhan-hang-wildco-2/feed/ HTTP/1.0" 200 1805 "-" "Mozilla/5.0 (compatible; Barkrowler/0.9; +https://babbar.tech/crawler)"
45.117.177.72 - - [17/Sep/2025:06:23:23 +0700] "POST /wp-cron.php?doing_wp_cron=1758065003.7493889331817626953125 HTTP/1.0" 200 416 "-" "WordPress/6.8.1; https://vattusacky.vn"
217.113.194.218 - - [17/Sep/2025:06:23:22 +0700] "GET /5-chuong-trinh-tien-bo-vay-tien-nhanh-tot-nhat-tu-%E2%80%8B%E2%80%8B%E2%80%8B%E2%80%8Ban-do/feed/ HTTP/1.0" 200 1866 "-" "Mozilla/5.0 (compatible; Barkrowler/0.9; +https://babbar.tech/crawler)"
51.222.168.34 - - [17/Sep/2025:06:23:36 +0700] "GET /codere-apuestas-resena-de-una-sobre-las-mejores-viviendas-de-apuestas-para-mexico/feed/ HTTP/1.0" 200 1843 "-" "Mozilla/5.0 (compatible; AhrefsBot/7.0; +http://ahrefs.com/robot/)"
217.113.194.78 - - [17/Sep/2025:06:23:42 +0700] "GET /legalny-hazard-w-polsce-na-przykadzie-feuer-speiender-berg-umgangssprachlich-vegas-i-innych-kasyn/feed/ HTTP/1.0" 200 1894 "-" "Mozilla/5.0 (compatible; Barkrowler/0.9; +https://babbar.tech/crawler)"
217.113.194.217 - - [17/Sep/2025:06:24:02 +0700] "GET /san-pham/thiet-bi-lay-mau-nuoc-alpha-van-dorn-loai-ngang-3-2-lit-nhan-hang-wildco/feed/ HTTP/1.0" 200 1805 "-" "Mozilla/5.0 (compatible; Barkrowler/0.9; +https://babbar.tech/crawler)"
54.39.210.15 - - [17/Sep/2025:06:24:10 +0700] "GET /beautiful-diamonds-jewellery-rings-bracelet-2/feed/ HTTP/1.0" 200 1766 "-" "Mozilla/5.0 (compatible; AhrefsBot/7.0; +http://ahrefs.com/robot/)"
45.117.177.72 - - [17/Sep/2025:06:24:22 +0700] "POST /wp-cron.php?doing_wp_cron=1758065062.6238939762115478515625 HTTP/1.0" 200 416 "-" "WordPress/6.8.1; https://vattusacky.vn"
217.113.194.80 - - [17/Sep/2025:06:24:21 +0700] "GET /san-pham/thiet-bi-lay-mau-nuoc-alpha-van-dorn-loai-ngang-4-2-lit-nhan-hang-wildco/feed/ HTTP/1.0" 200 1805 "-" "Mozilla/5.0 (compatible; Barkrowler/0.9; +https://babbar.tech/crawler)"
217.113.194.81 - - [17/Sep/2025:06:24:42 +0700] "GET /san-pham/thiet-bi-lay-mau-nuoc-alpha-van-dorn-loai-ngang-6-2-lit-nhan-hang-wildco-2/feed/ HTTP/1.0" 200 1809 "-" "Mozilla/5.0 (compatible; Barkrowler/0.9; +https://babbar.tech/crawler)"
115.78.7.179 - - [17/Sep/2025:06:24:51 +0700] "POST /xmlrpc.php HTTP/1.0" 200 954 "-" "Mozilla/5.0 (X11; Ubuntu; Linux x86_64; rv:85.0) Gecko/20100101 Firefox/91.0"
217.113.194.76 - - [17/Sep/2025:06:25:02 +0700] "GET /san-pham/thiet-bi-lay-mau-nuoc-alpha-van-dorn-loai-ngang-2-2-lit-nhan-hang-wildco/feed/ HTTP/1.0" 200 1805 "-" "Mozilla/5.0 (compatible; Barkrowler/0.9; +https://babbar.tech/crawler)"
45.117.177.72 - - [17/Sep/2025:06:25:17 +0700] "POST /wp-cron.php?doing_wp_cron=1758065117.6598250865936279296875 HTTP/1.0" 200 416 "-" "WordPress/6.8.1; https://vattusacky.vn"
194.242.45.55 - - [17/Sep/2025:06:25:15 +0700] "POST /xmlrpc.php HTTP/1.0" 200 956 "https://vattusacky.vn" "Mozilla/5.0 (Windows NT 10.0; Win64; x64) AppleWebKit/537.36 (KHTML, like Gecko) Chrome/115.0.5790.102 Safari/537.36"
194.242.45.55 - - [17/Sep/2025:06:25:18 +0700] "POST /wp-login.php HTTP/1.0" 200 11725 "https://vattusacky.vn" "Mozilla/5.0 (Macintosh; Intel Mac OS X 10_15_7) AppleWebKit/537.36 (KHTML, like Gecko) Chrome/115.0.5790.102 Safari/537.36"
217.113.194.81 - - [17/Sep/2025:06:25:22 +0700] "GET /san-pham/thiet-bi-lay-mau-nuoc-alpha-van-dorn-loai-ngang-8-2-lit-nhan-hang-wildco/feed/ HTTP/1.0" 200 1805 "-" "Mozilla/5.0 (compatible; Barkrowler/0.9; +https://babbar.tech/crawler)"
217.113.194.78 - - [17/Sep/2025:06:25:42 +0700] "GET /san-pham/thiet-bi-lay-mau-nuoc-alpha-van-dorn-loai-doc-4-2-lit-nhan-hang-wildco-4/feed/ HTTP/1.0" 200 1805 "-" "Mozilla/5.0 (compatible; Barkrowler/0.9; +https://babbar.tech/crawler)"
217.113.194.81 - - [17/Sep/2025:06:26:02 +0700] "GET /san-pham/thiet-bi-lay-mau-nuoc-alpha-van-dorn-loai-doc-4-2-lit-nhan-hang-wildco-3/feed/ HTTP/1.0" 200 1805 "-" "Mozilla/5.0 (compatible; Barkrowler/0.9; +https://babbar.tech/crawler)"
45.117.177.72 - - [17/Sep/2025:06:26:23 +0700] "POST /wp-cron.php?doing_wp_cron=1758065183.4642360210418701171875 HTTP/1.0" 200 416 "-" "WordPress/6.8.1; https://vattusacky.vn"
217.113.194.76 - - [17/Sep/2025:06:26:22 +0700] "GET /san-pham/thiet-bi-lay-mau-nuoc-alpha-van-dorn-loai-doc-3-2-lit-nhan-hang-wildco-3/feed/ HTTP/1.0" 200 1805 "-" "Mozilla/5.0 (compatible; Barkrowler/0.9; +https://babbar.tech/crawler)"
54.39.0.88 - - [17/Sep/2025:06:26:29 +0700] "GET /explore-video-chat-options-omegle-like-platforms/feed/ HTTP/1.0" 200 1742 "-" "Mozilla/5.0 (compatible; AhrefsBot/7.0; +http://ahrefs.com/robot/)"
217.113.194.75 - - [17/Sep/2025:06:26:40 +0700] "GET /san-pham/thiet-bi-lay-mau-nuoc-alpha-van-dorn-loai-doc-3-2-lit-nhan-hang-wildco-4/feed/ HTTP/1.0" 200 1805 "-" "Mozilla/5.0 (compatible; Barkrowler/0.9; +https://babbar.tech/crawler)"
217.113.194.73 - - [17/Sep/2025:06:27:00 +0700] "GET /san-pham/thiet-bi-lay-mau-nuoc-alpha-van-dorn-loai-doc-8-2-lit-nhan-hang-wildco-3/feed/ HTTP/1.0" 200 1805 "-" "Mozilla/5.0 (compatible; Barkrowler/0.9; +https://babbar.tech/crawler)"
142.44.220.171 - - [17/Sep/2025:06:27:07 +0700] "GET /oficialnyj-sajt-kazino-cat-casino-frispiny-dlja/feed/ HTTP/1.0" 200 1804 "-" "Mozilla/5.0 (compatible; AhrefsBot/7.0; +http://ahrefs.com/robot/)"
45.117.177.72 - - [17/Sep/2025:06:27:20 +0700] "POST /wp-cron.php?doing_wp_cron=1758065240.1200029850006103515625 HTTP/1.0" 200 416 "-" "WordPress/6.8.1; https://vattusacky.vn"
217.113.194.79 - - [17/Sep/2025:06:27:18 +0700] "GET /san-pham/thiet-bi-lay-mau-nuoc-alpha-van-dorn-loai-doc-2-2-lit-nhan-hang-wildco-3/feed/ HTTP/1.0" 200 1805 "-" "Mozilla/5.0 (compatible; Barkrowler/0.9; +https://babbar.tech/crawler)"
217.113.194.77 - - [17/Sep/2025:06:27:37 +0700] "GET /san-pham/thiet-bi-lay-mau-nuoc-alpha-van-dorn-loai-doc-6-2-lit-nhan-hang-wildco-4/feed/ HTTP/1.0" 200 1805 "-" "Mozilla/5.0 (compatible; Barkrowler/0.9; +https://babbar.tech/crawler)"
154.54.249.200 - - [17/Sep/2025:06:27:57 +0700] "GET /san-pham/thiet-bi-lay-mau-nuoc-alpha-van-dorn-loai-doc-6-2-lit-nhan-hang-wildco-3/feed/ HTTP/1.0" 200 1805 "-" "Mozilla/5.0 (compatible; Barkrowler/0.9; +https://babbar.tech/crawler)"
45.117.177.72 - - [17/Sep/2025:06:28:18 +0700] "POST /wp-cron.php?doing_wp_cron=1758065298.6586201190948486328125 HTTP/1.0" 200 416 "-" "WordPress/6.8.1; https://vattusacky.vn"
217.113.194.79 - - [17/Sep/2025:06:28:17 +0700] "GET /mobilnaja-versija-1hstavka-vhod-na-ofitsialnyj-sajt-bukmekerskoj-kontory-1xstavka/feed/ HTTP/1.0" 200 1901 "-" "Mozilla/5.0 (compatible; Barkrowler/0.9; +https://babbar.tech/crawler)"
54.39.89.239 - - [17/Sep/2025:06:28:25 +0700] "GET /via-the-internet-board-managing-features/feed/ HTTP/1.0" 200 1717 "-" "Mozilla/5.0 (compatible; AhrefsBot/7.0; +http://ahrefs.com/robot/)"
217.113.194.77 - - [17/Sep/2025:06:28:38 +0700] "GET /pretend-sugar-daddy-scams-goal-people-left-financially-insecure-by-covid-19-pandemic-south-china-morning-post/ HTTP/1.0" 200 79113 "-" "Mozilla/5.0 (compatible; Barkrowler/0.9; +https://babbar.tech/crawler)"
51.75.119.161 - - [17/Sep/2025:06:28:53 +0700] "GET /robots.txt HTTP/1.0" 200 984 "-" "Mozilla/5.0 (compatible; MJ12bot/v1.4.8; http://mj12bot.com/)"
51.75.119.161 - - [17/Sep/2025:06:28:56 +0700] "GET /%D0%B0%D0%BF%D0%BF%D0%B0%D1%80%D0%B0%D1%82-%D1%81-%D0%B2%D1%8B%D0%B4%D0%B0%D1%87%D0%B5%D0%B9-%D0%BF%D1%80%D0%B8%D0%B7%D0%BE%D0%B2-lucky-streak-unis-%D0%BA%D0%B8%D1%82%D0%B0%D0%B9-%D0%BA%D1%83%D0%BF/feed/ HTTP/1.0" 200 2143 "-" "Mozilla/5.0 (compatible; MJ12bot/v1.4.8; http://mj12bot.com/)"
217.113.194.81 - - [17/Sep/2025:06:29:00 +0700] "GET /san-pham/bo-kit-lay-mau-bun-va-tram-tich-voi-tank-chua-bang-nhom-aluminum-tank-sampling-kit/feed/ HTTP/1.0" 200 1835 "-" "Mozilla/5.0 (compatible; Barkrowler/0.9; +https://babbar.tech/crawler)"
51.75.119.161 - - [17/Sep/2025:06:29:00 +0700] "GET /danh-muc/co-ba%CC%89n-thi-nghie%CC%A3m/tu-am/ HTTP/1.0" 200 80412 "-" "Mozilla/5.0 (compatible; MJ12bot/v1.4.8; http://mj12bot.com/)"
54.39.210.74 - - [17/Sep/2025:06:29:03 +0700] "GET /1xbit-on-line-casino-mobile-37/feed/ HTTP/1.0" 200 1684 "-" "Mozilla/5.0 (compatible; AhrefsBot/7.0; +http://ahrefs.com/robot/)"
51.75.119.161 - - [17/Sep/2025:06:29:04 +0700] "GET /danh-muc/co-ba%CC%89n-thi-nghie%CC%A3m/tu-an-toan-sinh-hoc-tu-pcr/ HTTP/1.0" 200 60319 "-" "Mozilla/5.0 (compatible; MJ12bot/v1.4.8; http://mj12bot.com/)"
51.75.119.161 - - [17/Sep/2025:06:29:07 +0700] "GET /danh-muc/co-ba%CC%89n-thi-nghie%CC%A3m/tu-cay-vi-sinh/ HTTP/1.0" 200 95069 "-" "Mozilla/5.0 (compatible; MJ12bot/v1.4.8; http://mj12bot.com/)"
51.75.119.161 - - [17/Sep/2025:06:29:11 +0700] "GET /danh-muc/co-ba%CC%89n-thi-nghie%CC%A3m/tu-hut-khi-doc/ HTTP/1.0" 200 60100 "-" "Mozilla/5.0 (compatible; MJ12bot/v1.4.8; http://mj12bot.com/)"
51.75.119.161 - - [17/Sep/2025:06:29:14 +0700] "GET /danh-muc/co-ba%CC%89n-thi-nghie%CC%A3m/tu-mat-phong-thi-nghie%CC%A3m/ HTTP/1.0" 200 60337 "-" "Mozilla/5.0 (compatible; MJ12bot/v1.4.8; http://mj12bot.com/)"
45.117.177.72 - - [17/Sep/2025:06:29:19 +0700] "POST /wp-cron.php?doing_wp_cron=1758065359.0442969799041748046875 HTTP/1.0" 200 416 "-" "WordPress/6.8.1; https://vattusacky.vn"
51.75.119.161 - - [17/Sep/2025:06:29:17 +0700] "GET /danh-muc/moi-truong-dat/du%CC%A3ng-cu%CC%A3-lay-ma%CC%83u-dat-moi-truong-dat/ HTTP/1.0" 200 164036 "-" "Mozilla/5.0 (compatible; MJ12bot/v1.4.8; http://mj12bot.com/)"
217.113.194.76 - - [17/Sep/2025:06:29:22 +0700] "GET /san-pham/thiet-bi-lay-mau-nuoc-alpha-van-dorn-loai-ngang-3-2-lit-nhan-hang-wildco-2/feed/ HTTP/1.0" 200 1809 "-" "Mozilla/5.0 (compatible; Barkrowler/0.9; +https://babbar.tech/crawler)"
51.75.119.161 - - [17/Sep/2025:06:29:22 +0700] "GET /danh-muc/moi-truong-dat/du%CC%A3ng-cu%CC%A3-lay-ma%CC%83u-dat-moi-truong-dat/page/2/ HTTP/1.0" 200 82845 "-" "Mozilla/5.0 (compatible; MJ12bot/v1.4.8; http://mj12bot.com/)"
51.75.119.161 - - [17/Sep/2025:06:29:25 +0700] "GET /danh-muc/phan-tich-thi-nghie%CC%A3m/he-thong-chiet-beo-sohlex/feed/ HTTP/1.0" 200 149099 "-" "Mozilla/5.0 (compatible; MJ12bot/v1.4.8; http://mj12bot.com/)"
51.75.119.161 - - [17/Sep/2025:06:29:29 +0700] "GET /danh-muc/phan-tich-thi-nghie%CC%A3m/may-phan-tich-toctnb/feed/ HTTP/1.0" 200 308047 "-" "Mozilla/5.0 (compatible; MJ12bot/v1.4.8; http://mj12bot.com/)"
51.75.119.161 - - [17/Sep/2025:06:29:34 +0700] "GET /danh-muc/phan-tich-thi-nghie%CC%A3m/quang-pho-phat-xa-plasma-icpoes/feed/ HTTP/1.0" 200 17292 "-" "Mozilla/5.0 (compatible; MJ12bot/v1.4.8; http://mj12bot.com/)"
51.75.119.161 - - [17/Sep/2025:06:29:37 +0700] "GET /danh-muc/phan-tich-thi-nghie%CC%A3m/sac-ky-ion-ic/feed/ HTTP/1.0" 200 13511 "-" "Mozilla/5.0 (compatible; MJ12bot/v1.4.8; http://mj12bot.com/)"
51.75.119.161 - - [17/Sep/2025:06:29:40 +0700] "GET /danh-muc/phan-tich-thi-nghie%CC%A3m/thiet-bi-do-hoat-do-nuoc/feed/ HTTP/1.0" 200 9136 "-" "Mozilla/5.0 (compatible; MJ12bot/v1.4.8; http://mj12bot.com/)"
217.113.194.72 - - [17/Sep/2025:06:29:41 +0700] "GET /san-pham/thiet-bi-lay-mau-nuoc-alpha-van-dorn-loai-ngang-4-2-lit-nhan-hang-wildco-2/feed/ HTTP/1.0" 200 1809 "-" "Mozilla/5.0 (compatible; Barkrowler/0.9; +https://babbar.tech/crawler)"
51.75.119.161 - - [17/Sep/2025:06:29:43 +0700] "GET /danh-muc/phan-tich-thi-nghie%CC%A3m/ HTTP/1.0" 200 67406 "-" "Mozilla/5.0 (compatible; MJ12bot/v1.4.8; http://mj12bot.com/)"
54.39.6.188 - - [17/Sep/2025:06:29:44 +0700] "GET /1xbet-india-96-2/feed/ HTTP/1.0" 200 1642 "-" "Mozilla/5.0 (compatible; AhrefsBot/7.0; +http://ahrefs.com/robot/)"
51.75.119.161 - - [17/Sep/2025:06:29:47 +0700] "GET /danh-muc/phan-tich-thi-nghie%CC%A3m/he-thong-chiet-beo-sohlex/ HTTP/1.0" 200 68795 "-" "Mozilla/5.0 (compatible; MJ12bot/v1.4.8; http://mj12bot.com/)"
51.75.119.161 - - [17/Sep/2025:06:29:51 +0700] "GET /danh-muc/phan-tich-thi-nghie%CC%A3m/he-thong-chung-cat-dam-kjeldahl/ HTTP/1.0" 200 105361 "-" "Mozilla/5.0 (compatible; MJ12bot/v1.4.8; http://mj12bot.com/)"
51.75.119.161 - - [17/Sep/2025:06:29:55 +0700] "GET /danh-muc/phan-tich-thi-nghie%CC%A3m/may-phan-tich-toctnb/ HTTP/1.0" 200 75142 "-" "Mozilla/5.0 (compatible; MJ12bot/v1.4.8; http://mj12bot.com/)"
51.75.119.161 - - [17/Sep/2025:06:29:59 +0700] "GET /danh-muc/phan-tich-thi-nghie%CC%A3m/may-quang-pho-tu-ngoai-kha-kien-uv-vis/ HTTP/1.0" 200 186975 "-" "Mozilla/5.0 (compatible; MJ12bot/v1.4.8; http://mj12bot.com/)"
217.113.194.75 - - [17/Sep/2025:06:30:00 +0700] "GET /san-pham/thiet-bi-lay-mau-nuoc-alpha-van-dorn-loai-ngang-6-2-lit-nhan-hang-wildco-3/feed/ HTTP/1.0" 200 1809 "-" "Mozilla/5.0 (compatible; Barkrowler/0.9; +https://babbar.tech/crawler)"
51.75.119.161 - - [17/Sep/2025:06:30:02 +0700] "GET /danh-muc/phan-tich-thi-nghie%CC%A3m/may-quang-pho-tu-ngoai-kha-kien-uv-vis/page/2/ HTTP/1.0" 200 107575 "-" "Mozilla/5.0 (compatible; MJ12bot/v1.4.8; http://mj12bot.com/)"
51.75.119.161 - - [17/Sep/2025:06:30:06 +0700] "GET /danh-muc/phan-tich-thi-nghie%CC%A3m/quang-pho-phat-xa-plasma-icpoes/ HTTP/1.0" 200 68974 "-" "Mozilla/5.0 (compatible; MJ12bot/v1.4.8; http://mj12bot.com/)"
51.75.119.161 - - [17/Sep/2025:06:30:09 +0700] "GET /danh-muc/phan-tich-thi-nghie%CC%A3m/sac-ky-ion-ic/ HTTP/1.0" 200 68787 "-" "Mozilla/5.0 (compatible; MJ12bot/v1.4.8; http://mj12bot.com/)"
51.75.119.161 - - [17/Sep/2025:06:30:12 +0700] "GET /danh-muc/phan-tich-thi-nghie%CC%A3m/sac-ky-khi-gc-khoi-pho-ms/ HTTP/1.0" 200 60333 "-" "Mozilla/5.0 (compatible; MJ12bot/v1.4.8; http://mj12bot.com/)"
45.117.177.72 - - [17/Sep/2025:06:30:18 +0700] "POST /wp-cron.php?doing_wp_cron=1758065417.9527640342712402343750 HTTP/1.0" 200 416 "-" "WordPress/6.8.1; https://vattusacky.vn"
51.75.119.161 - - [17/Sep/2025:06:30:16 +0700] "GET /danh-muc/phan-tich-thi-nghie%CC%A3m/sac-ky-long-hplc/ HTTP/1.0" 200 60105 "-" "Mozilla/5.0 (compatible; MJ12bot/v1.4.8; http://mj12bot.com/)"
51.75.119.161 - - [17/Sep/2025:06:30:20 +0700] "GET /danh-muc/phan-tich-thi-nghie%CC%A3m/thiet-bi-do-hoat-do-nuoc/ HTTP/1.0" 200 69051 "-" "Mozilla/5.0 (compatible; MJ12bot/v1.4.8; http://mj12bot.com/)"
217.113.194.81 - - [17/Sep/2025:06:30:21 +0700] "GET /san-pham/thiet-bi-lay-mau-nuoc-alpha-van-dorn-loai-ngang-8-2-lit-nhan-hang-wildco-2/feed/ HTTP/1.0" 200 1809 "-" "Mozilla/5.0 (compatible; Barkrowler/0.9; +https://babbar.tech/crawler)"
51.75.119.161 - - [17/Sep/2025:06:30:23 +0700] "GET /danh-muc/thiet-bi%CC%A3-do-luong/do-phong-xa-dien-tu-truong/feed/ HTTP/1.0" 200 725249 "-" "Mozilla/5.0 (compatible; MJ12bot/v1.4.8; http://mj12bot.com/)"
148.113.128.41 - - [17/Sep/2025:06:30:24 +0700] "GET /nycs-12-best-dating-coaches-of-2014/feed/ HTTP/1.0" 200 1709 "-" "Mozilla/5.0 (compatible; AhrefsBot/7.0; +http://ahrefs.com/robot/)"
217.113.194.74 - - [17/Sep/2025:06:30:40 +0700] "GET /chinh-xac-khoan-tra-truoc-cho-dang-ky-lam-the-atm-online-vay-tai-chinh-mua-nha-la-gi/feed/ HTTP/1.0" 200 1870 "-" "Mozilla/5.0 (compatible; Barkrowler/0.9; +https://babbar.tech/crawler)"
20.171.108.50 - - [17/Sep/2025:06:30:45 +0700] "GET /wp-includes/js/ HTTP/1.0" 403 576 "-" "-"
20.171.108.50 - - [17/Sep/2025:06:30:46 +0700] "GET /wp-includes/pomo/ HTTP/1.0" 403 578 "-" "-"
20.171.108.50 - - [17/Sep/2025:06:30:46 +0700] "GET /wp-includes/rest-api/ HTTP/1.0" 403 582 "-" "-"
20.171.108.50 - - [17/Sep/2025:06:30:46 +0700] "GET /wp-includes/widgets/ HTTP/1.0" 403 581 "-" "-"
20.171.108.50 - - [17/Sep/2025:06:30:47 +0700] "GET /wp-admin/css/ HTTP/1.0" 403 574 "-" "-"
20.171.108.50 - - [17/Sep/2025:06:30:47 +0700] "GET /wp-admin/images/ HTTP/1.0" 403 577 "-" "-"
20.171.108.50 - - [17/Sep/2025:06:30:48 +0700] "GET /wp-admin/maint/ HTTP/1.0" 403 576 "-" "-"
20.171.108.50 - - [17/Sep/2025:06:30:48 +0700] "GET /wp-admin/meta/ HTTP/1.0" 301 700 "-" "-"
20.171.108.50 - - [17/Sep/2025:06:30:50 +0700] "GET /san-pham/metalometer-do-kim-loai-trong-nuoc/ HTTP/1.0" 200 125606 "-" "-"
20.171.108.50 - - [17/Sep/2025:06:30:53 +0700] "GET /wp-admin/network/ HTTP/1.0" 302 583 "-" "-"
20.171.108.50 - - [17/Sep/2025:06:30:54 +0700] "GET /wp-login.php?redirect_to=https%3A%2F%2Fvattusacky.vn%2Fwp-admin%2Fnetwork%2F&reauth=1 HTTP/1.0" 200 13411 "-" "-"
20.171.108.50 - - [17/Sep/2025:06:30:56 +0700] "GET /wp-admin/user/ HTTP/1.0" 302 580 "-" "-"
20.171.108.50 - - [17/Sep/2025:06:30:58 +0700] "GET /wp-login.php?redirect_to=https%3A%2F%2Fvattusacky.vn%2Fwp-admin%2Fuser%2F&reauth=1 HTTP/1.0" 200 13405 "-" "-"
20.171.108.50 - - [17/Sep/2025:06:30:59 +0700] "GET /wp-content/ HTTP/1.0" 200 323 "-" "-"
