File: /var/www/vhosts/vietnguyenvn.vinawebs.com.vn/logs/vattusacky.vn/access_ssl_log
45.117.177.72 - - [16/Sep/2025:03:29:23 +0700] "POST /wp-cron.php?doing_wp_cron=1757968163.4696719646453857421875 HTTP/1.0" 200 416 "-" "WordPress/6.8.1; https://vattusacky.vn"
51.161.65.123 - - [16/Sep/2025:03:29:22 +0700] "GET /the-role-of-omegle-in-combating-social-isolation-and-loneliness-among-seniors/ HTTP/1.0" 200 91179 "-" "Mozilla/5.0 (compatible; AhrefsBot/7.0; +http://ahrefs.com/robot/)"
217.113.194.78 - - [16/Sep/2025:03:29:30 +0700] "GET /omegle-and-ometv-for-discussing-current-events/ HTTP/1.0" 200 91438 "-" "Mozilla/5.0 (compatible; Barkrowler/0.9; +https://babbar.tech/crawler)"
217.113.194.75 - - [16/Sep/2025:03:29:54 +0700] "GET /omegle-and-ometv-for-virtual-language-courses/feed/ HTTP/1.0" 200 1732 "-" "Mozilla/5.0 (compatible; Barkrowler/0.9; +https://babbar.tech/crawler)"
217.113.194.77 - - [16/Sep/2025:03:30:12 +0700] "GET /omegle-and-ometv-for-online-debates/feed/ HTTP/1.0" 200 1702 "-" "Mozilla/5.0 (compatible; Barkrowler/0.9; +https://babbar.tech/crawler)"
45.117.177.72 - - [16/Sep/2025:03:30:27 +0700] "POST /wp-cron.php?doing_wp_cron=1757968227.6658210754394531250000 HTTP/1.0" 200 416 "-" "WordPress/6.8.1; https://vattusacky.vn"
142.44.225.203 - - [16/Sep/2025:03:30:26 +0700] "GET /tag/1xbet/ HTTP/1.0" 200 76460 "-" "Mozilla/5.0 (compatible; AhrefsBot/7.0; +http://ahrefs.com/robot/)"
217.113.194.75 - - [16/Sep/2025:03:30:31 +0700] "GET /omegle-and-ometv-for-creating-online-communities/ HTTP/1.0" 200 93372 "-" "Mozilla/5.0 (compatible; Barkrowler/0.9; +https://babbar.tech/crawler)"
217.113.194.77 - - [16/Sep/2025:03:30:56 +0700] "GET /omegle-and-ometv-for-language-practice/feed/ HTTP/1.0" 200 1711 "-" "Mozilla/5.0 (compatible; Barkrowler/0.9; +https://babbar.tech/crawler)"
45.117.177.72 - - [16/Sep/2025:03:31:19 +0700] "POST /wp-cron.php?doing_wp_cron=1757968278.7465250492095947265625 HTTP/1.0" 200 416 "-" "WordPress/6.8.1; https://vattusacky.vn"
217.113.194.218 - - [16/Sep/2025:03:31:17 +0700] "GET /omegle-and-ometv-for-artistic-collaborations/ HTTP/1.0" 200 92793 "-" "Mozilla/5.0 (compatible; Barkrowler/0.9; +https://babbar.tech/crawler)"
185.191.171.12 - - [16/Sep/2025:03:31:18 +0700] "GET /danh-muc/moi-truong-nuoc/do-luu-toc-dong-chay-kenh-ho/ HTTP/1.0" 200 88262 "-" "Mozilla/5.0 (compatible; SemrushBot/7~bl; +http://www.semrush.com/bot.html)"
51.161.37.76 - - [16/Sep/2025:03:31:27 +0700] "GET /cho-vay-ung-dung-nhanh-trang-web-vdong-app-cho-vay-ung-dung-nhanh-nao-kha-dung/ HTTP/1.0" 200 211730 "-" "Mozilla/5.0 (compatible; AhrefsBot/7.0; +http://ahrefs.com/robot/)"
217.113.194.74 - - [16/Sep/2025:03:31:42 +0700] "GET /omegle-and-ometv-for-sharing-interests/feed/ HTTP/1.0" 200 1711 "-" "Mozilla/5.0 (compatible; Barkrowler/0.9; +https://babbar.tech/crawler)"
217.113.194.217 - - [16/Sep/2025:03:32:01 +0700] "GET /omegle-and-ometv-for-finding-mentors/feed/ HTTP/1.0" 200 1705 "-" "Mozilla/5.0 (compatible; Barkrowler/0.9; +https://babbar.tech/crawler)"
45.117.177.72 - - [16/Sep/2025:03:32:22 +0700] "POST /wp-cron.php?doing_wp_cron=1757968342.3236169815063476562500 HTTP/1.0" 200 416 "-" "WordPress/6.8.1; https://vattusacky.vn"
217.113.194.217 - - [16/Sep/2025:03:32:20 +0700] "GET /omegle-and-ometv-for-finding-travel-buddies/ HTTP/1.0" 200 91649 "-" "Mozilla/5.0 (compatible; Barkrowler/0.9; +https://babbar.tech/crawler)"
54.39.203.90 - - [16/Sep/2025:03:32:22 +0700] "GET /1win-casino-onlajn-shirokij-vybor-igrovyh-slotov-2/ HTTP/1.0" 200 224536 "-" "Mozilla/5.0 (compatible; AhrefsBot/7.0; +http://ahrefs.com/robot/)"
217.113.194.76 - - [16/Sep/2025:03:32:45 +0700] "GET /omegle-and-online-privacy-protecting-your-personal-information/feed/ HTTP/1.0" 200 1783 "-" "Mozilla/5.0 (compatible; Barkrowler/0.9; +https://babbar.tech/crawler)"
217.113.194.76 - - [16/Sep/2025:03:33:03 +0700] "GET /omegles-unique-features-what-sets-it-apart/feed/ HTTP/1.0" 200 1723 "-" "Mozilla/5.0 (compatible; Barkrowler/0.9; +https://babbar.tech/crawler)"
45.117.177.72 - - [16/Sep/2025:03:33:23 +0700] "POST /wp-cron.php?doing_wp_cron=1757968403.1529059410095214843750 HTTP/1.0" 200 416 "-" "WordPress/6.8.1; https://vattusacky.vn"
15.235.98.241 - - [16/Sep/2025:03:33:21 +0700] "GET /the-role-of-omegle-in-social-movements-and-activism/ HTTP/1.0" 200 90402 "-" "Mozilla/5.0 (compatible; AhrefsBot/7.0; +http://ahrefs.com/robot/)"
217.113.194.217 - - [16/Sep/2025:03:33:21 +0700] "GET /omegle-an-introduction-to-anonymous-chatting/feed/ HTTP/1.0" 200 1729 "-" "Mozilla/5.0 (compatible; Barkrowler/0.9; +https://babbar.tech/crawler)"
217.113.194.217 - - [16/Sep/2025:03:33:40 +0700] "GET /omegle-for-socializing-making-friends-and-meeting-new-people/ HTTP/1.0" 200 90133 "-" "Mozilla/5.0 (compatible; Barkrowler/0.9; +https://babbar.tech/crawler)"
217.113.194.72 - - [16/Sep/2025:03:34:05 +0700] "GET /omegle-for-solving-puzzles-and-riddles-with-strangers/feed/ HTTP/1.0" 200 1756 "-" "Mozilla/5.0 (compatible; Barkrowler/0.9; +https://babbar.tech/crawler)"
45.117.177.72 - - [16/Sep/2025:03:34:19 +0700] "POST /wp-cron.php?doing_wp_cron=1757968459.6574330329895019531250 HTTP/1.0" 200 416 "-" "WordPress/6.8.1; https://vattusacky.vn"
167.114.139.230 - - [16/Sep/2025:03:34:17 +0700] "GET /what-are-the-benefits-of-cbd/ HTTP/1.0" 200 205343 "-" "Mozilla/5.0 (compatible; AhrefsBot/7.0; +http://ahrefs.com/robot/)"
217.113.194.79 - - [16/Sep/2025:03:34:24 +0700] "GET /omegle-for-solving-puzzles-and-riddles-with-strangers/ HTTP/1.0" 200 91659 "-" "Mozilla/5.0 (compatible; Barkrowler/0.9; +https://babbar.tech/crawler)"
217.113.194.76 - - [16/Sep/2025:03:34:47 +0700] "GET /omegle-safety-tips-protecting-yourself-online/feed/ HTTP/1.0" 200 1732 "-" "Mozilla/5.0 (compatible; Barkrowler/0.9; +https://babbar.tech/crawler)"
154.54.249.200 - - [16/Sep/2025:03:35:06 +0700] "GET /omegle-alternatives-safe-and-secure-online-platforms/feed/ HTTP/1.0" 200 1753 "-" "Mozilla/5.0 (compatible; Barkrowler/0.9; +https://babbar.tech/crawler)"
15.235.27.197 - - [16/Sep/2025:03:35:15 +0700] "GET /3921-2/ HTTP/1.0" 200 206253 "-" "Mozilla/5.0 (compatible; AhrefsBot/7.0; +http://ahrefs.com/robot/)"
45.117.177.72 - - [16/Sep/2025:03:35:26 +0700] "POST /wp-cron.php?doing_wp_cron=1757968525.8421900272369384765625 HTTP/1.0" 200 416 "-" "WordPress/6.8.1; https://vattusacky.vn"
217.113.194.72 - - [16/Sep/2025:03:35:24 +0700] "GET /omegle-bots-the-rise-of-automated-chat-partners/feed/ HTTP/1.0" 200 1738 "-" "Mozilla/5.0 (compatible; Barkrowler/0.9; +https://babbar.tech/crawler)"
217.113.194.217 - - [16/Sep/2025:03:35:42 +0700] "GET /omegles-link-to-cyberbullying-and-online-harassment/feed/ HTTP/1.0" 200 1750 "-" "Mozilla/5.0 (compatible; Barkrowler/0.9; +https://babbar.tech/crawler)"
217.113.194.79 - - [16/Sep/2025:03:36:02 +0700] "GET /omegles-influence-on-online-dating-and-matchmaking/feed/ HTTP/1.0" 200 1747 "-" "Mozilla/5.0 (compatible; Barkrowler/0.9; +https://babbar.tech/crawler)"
142.44.228.130 - - [16/Sep/2025:03:36:10 +0700] "GET /the-role-of-omegle-in-fostering-creative-connections-and-collaborations/ HTTP/1.0" 200 91588 "-" "Mozilla/5.0 (compatible; AhrefsBot/7.0; +http://ahrefs.com/robot/)"
45.117.177.72 - - [16/Sep/2025:03:36:23 +0700] "POST /wp-cron.php?doing_wp_cron=1757968582.9439699649810791015625 HTTP/1.0" 200 416 "-" "WordPress/6.8.1; https://vattusacky.vn"
217.113.194.218 - - [16/Sep/2025:03:36:21 +0700] "GET /omegles-influence-on-online-gaming-and-virtual-communities/ HTTP/1.0" 200 90475 "-" "Mozilla/5.0 (compatible; Barkrowler/0.9; +https://babbar.tech/crawler)"
217.113.194.77 - - [16/Sep/2025:03:36:44 +0700] "GET /omegles-influence-on-the-development-of-online-communities/feed/ HTTP/1.0" 200 1771 "-" "Mozilla/5.0 (compatible; Barkrowler/0.9; +https://babbar.tech/crawler)"
54.39.203.75 - - [16/Sep/2025:03:37:01 +0700] "GET /the-role-of-omegle-in-long-distance-relationships/ HTTP/1.0" 200 90303 "-" "Mozilla/5.0 (compatible; AhrefsBot/7.0; +http://ahrefs.com/robot/)"
154.54.249.200 - - [16/Sep/2025:03:37:05 +0700] "GET /omegle-tales-adventures-in-the-digital-abyss/feed/ HTTP/1.0" 200 1729 "-" "Mozilla/5.0 (compatible; Barkrowler/0.9; +https://babbar.tech/crawler)"
45.117.177.72 - - [16/Sep/2025:03:37:25 +0700] "POST /wp-cron.php?doing_wp_cron=1757968644.8328669071197509765625 HTTP/1.0" 200 416 "-" "WordPress/6.8.1; https://vattusacky.vn"
217.113.194.77 - - [16/Sep/2025:03:37:23 +0700] "GET /omegles-terms-of-service-what-you-need-to-know/ HTTP/1.0" 200 90177 "-" "Mozilla/5.0 (compatible; Barkrowler/0.9; +https://babbar.tech/crawler)"
217.113.194.80 - - [16/Sep/2025:03:37:53 +0700] "GET /omegle-in-the-age-of-social-distancing/feed/ HTTP/1.0" 200 1711 "-" "Mozilla/5.0 (compatible; Barkrowler/0.9; +https://babbar.tech/crawler)"
142.44.220.58 - - [16/Sep/2025:03:37:55 +0700] "GET /3944-2/ HTTP/1.0" 200 206266 "-" "Mozilla/5.0 (compatible; AhrefsBot/7.0; +http://ahrefs.com/robot/)"
185.191.171.19 - - [16/Sep/2025:03:38:05 +0700] "GET /the/do/ HTTP/1.0" 200 67864 "-" "Mozilla/5.0 (compatible; SemrushBot/7~bl; +http://www.semrush.com/bot.html)"
217.113.194.78 - - [16/Sep/2025:03:38:14 +0700] "GET /omegle-in-the-classroom-educational-uses-and-concerns/feed/ HTTP/1.0" 200 1756 "-" "Mozilla/5.0 (compatible; Barkrowler/0.9; +https://babbar.tech/crawler)"
45.117.177.72 - - [16/Sep/2025:03:38:33 +0700] "POST /wp-cron.php?doing_wp_cron=1757968713.2411489486694335937500 HTTP/1.0" 200 416 "-" "WordPress/6.8.1; https://vattusacky.vn"
85.208.96.211 - - [16/Sep/2025:03:38:31 +0700] "GET /exactly-what-to-not-do-on-a-romantic-date/ HTTP/1.0" 200 206655 "-" "Mozilla/5.0 (compatible; SemrushBot/7~bl; +http://www.semrush.com/bot.html)"
217.113.194.74 - - [16/Sep/2025:03:38:33 +0700] "GET /omegle-a-portal-to-anonymous-adventures-and-beyond/feed/ HTTP/1.0" 200 1747 "-" "Mozilla/5.0 (compatible; Barkrowler/0.9; +https://babbar.tech/crawler)"
54.39.89.240 - - [16/Sep/2025:03:38:42 +0700] "GET /category/uncategorized/page/350/ HTTP/1.0" 200 76723 "-" "Mozilla/5.0 (compatible; AhrefsBot/7.0; +http://ahrefs.com/robot/)"
217.113.194.74 - - [16/Sep/2025:03:38:51 +0700] "GET /omegle-as-a-platform-for-self-expression/feed/ HTTP/1.0" 200 1717 "-" "Mozilla/5.0 (compatible; Barkrowler/0.9; +https://babbar.tech/crawler)"
217.113.194.74 - - [16/Sep/2025:03:39:10 +0700] "GET /omegle-strangers-cultivating-online-friendships/feed/ HTTP/1.0" 200 1738 "-" "Mozilla/5.0 (compatible; Barkrowler/0.9; +https://babbar.tech/crawler)"
45.117.177.72 - - [16/Sep/2025:03:39:32 +0700] "POST /wp-cron.php?doing_wp_cron=1757968772.6212270259857177734375 HTTP/1.0" 200 416 "-" "WordPress/6.8.1; https://vattusacky.vn"
217.113.194.74 - - [16/Sep/2025:03:39:31 +0700] "GET /omegle-video-chat-enhancing-your-communication/ HTTP/1.0" 200 89326 "-" "Mozilla/5.0 (compatible; Barkrowler/0.9; +https://babbar.tech/crawler)"
51.161.37.140 - - [16/Sep/2025:03:39:35 +0700] "GET /the-role-of-omegle-in-online-activism-and-awareness/ HTTP/1.0" 200 91653 "-" "Mozilla/5.0 (compatible; AhrefsBot/7.0; +http://ahrefs.com/robot/)"
185.191.171.19 - - [16/Sep/2025:03:39:46 +0700] "GET /pin-up-zerkalo-internet-kazino-obzor-internet-2/ HTTP/1.0" 200 230076 "-" "Mozilla/5.0 (compatible; SemrushBot/7~bl; +http://www.semrush.com/bot.html)"
185.191.171.9 - - [16/Sep/2025:03:39:51 +0700] "GET /the/ozone/ HTTP/1.0" 200 67987 "-" "Mozilla/5.0 (compatible; SemrushBot/7~bl; +http://www.semrush.com/bot.html)"
217.113.194.81 - - [16/Sep/2025:03:39:54 +0700] "GET /omegles-content-filter-does-it-really-work/feed/ HTTP/1.0" 200 1723 "-" "Mozilla/5.0 (compatible; Barkrowler/0.9; +https://babbar.tech/crawler)"
154.54.249.200 - - [16/Sep/2025:03:40:12 +0700] "GET /omegle-in-transition-a-glimpse-into-the-future/feed/ HTTP/1.0" 200 1735 "-" "Mozilla/5.0 (compatible; Barkrowler/0.9; +https://babbar.tech/crawler)"
45.117.177.72 - - [16/Sep/2025:03:40:29 +0700] "POST /wp-cron.php?doing_wp_cron=1757968829.4340798854827880859375 HTTP/1.0" 200 416 "-" "WordPress/6.8.1; https://vattusacky.vn"
15.235.98.53 - - [16/Sep/2025:03:40:27 +0700] "GET /the-role-of-omegle-in-online-dating-and-relationships/ HTTP/1.0" 200 91619 "-" "Mozilla/5.0 (compatible; AhrefsBot/7.0; +http://ahrefs.com/robot/)"
217.113.194.75 - - [16/Sep/2025:03:40:34 +0700] "GET /omegle-adventures-a-window-into-unknown-worlds/feed/ HTTP/1.0" 200 1735 "-" "Mozilla/5.0 (compatible; Barkrowler/0.9; +https://babbar.tech/crawler)"
217.113.194.81 - - [16/Sep/2025:03:40:52 +0700] "GET /omegles-impact-on-the-concept-of-virtual-connections/ HTTP/1.0" 200 74654 "-" "Mozilla/5.0 (compatible; Barkrowler/0.9; +https://babbar.tech/crawler)"
217.113.194.72 - - [16/Sep/2025:03:41:14 +0700] "GET /omegles-impact-on-traditional-notions-of-privacy/ HTTP/1.0" 200 91550 "-" "Mozilla/5.0 (compatible; Barkrowler/0.9; +https://babbar.tech/crawler)"
45.117.177.72 - - [16/Sep/2025:03:41:41 +0700] "POST /wp-cron.php?doing_wp_cron=1757968901.5326159000396728515625 HTTP/1.0" 200 416 "-" "WordPress/6.8.1; https://vattusacky.vn"
142.44.233.218 - - [16/Sep/2025:03:41:39 +0700] "GET /the-role-of-omegle-in-online-gaming-communities/ HTTP/1.0" 200 91298 "-" "Mozilla/5.0 (compatible; AhrefsBot/7.0; +http://ahrefs.com/robot/)"
217.113.194.218 - - [16/Sep/2025:03:41:47 +0700] "GET /omegles-impact-on-mental-health-and-well-being/feed/ HTTP/1.0" 200 1735 "-" "Mozilla/5.0 (compatible; Barkrowler/0.9; +https://babbar.tech/crawler)"
217.113.194.75 - - [16/Sep/2025:03:42:05 +0700] "GET /omegles-impact-on-empathy-and-compassion/feed/ HTTP/1.0" 200 1717 "-" "Mozilla/5.0 (compatible; Barkrowler/0.9; +https://babbar.tech/crawler)"
65.55.210.16 - - [16/Sep/2025:03:42:09 +0700] "GET /wp-content/plugins/gridlist-view-for-woocommerce/js/jquery.cookie.js?ver=1.1.8 HTTP/1.0" 200 457 "https://vattusacky.vn/unlocking-the-potential-embracing-the-unexpected-on-omegle/" "Mozilla/5.0 AppleWebKit/537.36 (KHTML, like Gecko; compatible; bingbot/2.0; +http://www.bing.com/bingbot.htm) Chrome/136.0.0.0 Safari/537.36"
65.55.210.16 - - [16/Sep/2025:03:42:09 +0700] "GET /wp-content/plugins/contact-form-7/includes/swv/js/index.js?ver=6.0.6 HTTP/1.0" 200 447 "https://vattusacky.vn/unlocking-the-potential-embracing-the-unexpected-on-omegle/" "Mozilla/5.0 AppleWebKit/537.36 (KHTML, like Gecko; compatible; bingbot/2.0; +http://www.bing.com/bingbot.htm) Chrome/136.0.0.0 Safari/537.36"
45.117.177.72 - - [16/Sep/2025:03:42:26 +0700] "POST /wp-cron.php?doing_wp_cron=1757968945.8111879825592041015625 HTTP/1.0" 200 416 "-" "WordPress/6.8.1; https://vattusacky.vn"
217.113.194.73 - - [16/Sep/2025:03:42:24 +0700] "GET /omegles-impact-on-society-a-global-perspective/ HTTP/1.0" 200 92375 "-" "Mozilla/5.0 (compatible; Barkrowler/0.9; +https://babbar.tech/crawler)"
142.44.228.57 - - [16/Sep/2025:03:42:31 +0700] "GET /the-role-of-omegle-in-overcoming-shyness-and-social-anxiety/ HTTP/1.0" 200 93833 "-" "Mozilla/5.0 (compatible; AhrefsBot/7.0; +http://ahrefs.com/robot/)"
217.113.194.81 - - [16/Sep/2025:03:42:48 +0700] "GET /omegles-impact-on-online-privacy-discussions/feed/ HTTP/1.0" 200 1729 "-" "Mozilla/5.0 (compatible; Barkrowler/0.9; +https://babbar.tech/crawler)"
217.113.194.78 - - [16/Sep/2025:03:43:06 +0700] "GET /setting-boundaries-establishing-privacy-on-omegle/feed/ HTTP/1.0" 200 1744 "-" "Mozilla/5.0 (compatible; Barkrowler/0.9; +https://babbar.tech/crawler)"
45.117.177.72 - - [16/Sep/2025:03:43:26 +0700] "POST /wp-cron.php?doing_wp_cron=1757969006.6385080814361572265625 HTTP/1.0" 200 416 "-" "WordPress/6.8.1; https://vattusacky.vn"
217.113.194.81 - - [16/Sep/2025:03:43:24 +0700] "GET /5-various-steps-to-taking-meeting-notes-effectively/ HTTP/1.0" 200 236970 "-" "Mozilla/5.0 (compatible; Barkrowler/0.9; +https://babbar.tech/crawler)"
54.39.89.121 - - [16/Sep/2025:03:43:30 +0700] "GET /the-role-of-omegle-in-overcoming-social-barriers-and-stereotypes/ HTTP/1.0" 200 79125 "-" "Mozilla/5.0 (compatible; AhrefsBot/7.0; +http://ahrefs.com/robot/)"
154.54.249.200 - - [16/Sep/2025:03:43:56 +0700] "GET /online-spor-bahisleri-irketi-ve-casino/feed/ HTTP/1.0" 200 1713 "-" "Mozilla/5.0 (compatible; Barkrowler/0.9; +https://babbar.tech/crawler)"
217.113.194.74 - - [16/Sep/2025:03:44:14 +0700] "GET /fostering-inclusivity-omegles-video-chat-features/ HTTP/1.0" 200 92510 "-" "Mozilla/5.0 (compatible; Barkrowler/0.9; +https://babbar.tech/crawler)"
45.117.177.72 - - [16/Sep/2025:03:44:23 +0700] "POST /wp-cron.php?doing_wp_cron=1757969063.2034471035003662109375 HTTP/1.0" 200 416 "-" "WordPress/6.8.1; https://vattusacky.vn"
54.38.147.53 - - [16/Sep/2025:03:44:21 +0700] "GET /robots.txt HTTP/1.0" 200 984 "-" "Mozilla/5.0 (compatible; AhrefsBot/7.0; +http://ahrefs.com/robot/)"
148.113.128.81 - - [16/Sep/2025:03:44:25 +0700] "GET /plej-fortuna-kazino-bonusy-igrat-v-virtualnuju/ HTTP/1.0" 200 223803 "-" "Mozilla/5.0 (compatible; AhrefsBot/7.0; +http://ahrefs.com/robot/)"
217.113.194.72 - - [16/Sep/2025:03:44:37 +0700] "GET /how-omegle-therapy-can-help-with-mental-health-challenges/ HTTP/1.0" 200 91645 "-" "Mozilla/5.0 (compatible; Barkrowler/0.9; +https://babbar.tech/crawler)"
217.113.194.218 - - [16/Sep/2025:03:45:04 +0700] "GET /how-omegle-offers-a-unique-form-of-virtual-therapy/ HTTP/1.0" 403 612 "-" "Mozilla/5.0 (compatible; Barkrowler/0.9; +https://babbar.tech/crawler)"
45.117.177.72 - - [16/Sep/2025:03:45:19 +0700] "POST /wp-cron.php?doing_wp_cron=1757969118.8186979293823242187500 HTTP/1.0" 200 416 "-" "WordPress/6.8.1; https://vattusacky.vn"
35.153.86.200 - - [16/Sep/2025:03:45:17 +0700] "GET /networking-for-personal-growth-on-omegle-and-ometv/ HTTP/1.0" 200 91504 "-" "Mozilla/5.0 AppleWebKit/537.36 (KHTML, like Gecko; compatible; Amazonbot/0.1; +https://developer.amazon.com/support/amazonbot) Chrome/119.0.6045.214 Safari/537.36"
51.222.95.1 - - [16/Sep/2025:03:45:21 +0700] "GET /the-role-of-omegle-in-overcoming-social-phobias-and-anxiety-disorders/ HTTP/1.0" 200 93183 "-" "Mozilla/5.0 (compatible; AhrefsBot/7.0; +http://ahrefs.com/robot/)"
170.23.8.151 - - [16/Sep/2025:03:45:45 +0700] "GET /lien-he/ HTTP/1.0" 200 242368 "-" "Mozilla/5.0 (Windows NT 10.0; Win64; x64) AppleWebKit/537.36 (KHTML, like Gecko) Chrome/134.0.0.0 Safari/537.3"
142.44.225.236 - - [16/Sep/2025:03:46:04 +0700] "GET /hinge-evaluation-2021/ HTTP/1.0" 200 219510 "-" "Mozilla/5.0 (compatible; AhrefsBot/7.0; +http://ahrefs.com/robot/)"
45.117.177.72 - - [16/Sep/2025:03:46:56 +0700] "POST /wp-cron.php?doing_wp_cron=1757969216.1370809078216552734375 HTTP/1.0" 200 416 "-" "WordPress/6.8.1; https://vattusacky.vn"
54.39.6.140 - - [16/Sep/2025:03:46:53 +0700] "GET /the-role-of-omegle-in-shaping-youth-culture-and-online-trends/ HTTP/1.0" 200 89191 "-" "Mozilla/5.0 (compatible; AhrefsBot/7.0; +http://ahrefs.com/robot/)"
45.117.177.72 - - [16/Sep/2025:03:47:38 +0700] "POST /wp-cron.php?doing_wp_cron=1757969257.9870650768280029296875 HTTP/1.0" 200 416 "-" "WordPress/6.8.1; https://vattusacky.vn"
217.113.194.77 - - [16/Sep/2025:03:47:36 +0700] "GET /how-omegle-provides-a-space-for-human-connection/ HTTP/1.0" 200 90563 "-" "Mozilla/5.0 (compatible; Barkrowler/0.9; +https://babbar.tech/crawler)"
51.68.111.242 - - [16/Sep/2025:03:47:40 +0700] "GET /robots.txt HTTP/1.0" 200 984 "-" "Mozilla/5.0 (compatible; MJ12bot/v2.0.4; http://mj12bot.com/)"
54.39.203.38 - - [16/Sep/2025:03:47:40 +0700] "GET /the-world-at-your-fingertips-exploring-global-diversity-on-omegle-and-ometv/ HTTP/1.0" 200 93201 "-" "Mozilla/5.0 (compatible; AhrefsBot/7.0; +http://ahrefs.com/robot/)"
51.68.111.242 - - [16/Sep/2025:03:47:42 +0700] "GET / HTTP/1.0" 200 60070 "-" "Mozilla/5.0 (compatible; MJ12bot/v2.0.4; http://mj12bot.com/)"
217.113.194.78 - - [16/Sep/2025:03:47:59 +0700] "GET /how-does-omegle-promote-empathy-and-compassion/ HTTP/1.0" 200 93641 "-" "Mozilla/5.0 (compatible; Barkrowler/0.9; +https://babbar.tech/crawler)"
45.117.177.72 - - [16/Sep/2025:03:48:34 +0700] "POST /wp-cron.php?doing_wp_cron=1757969314.2071568965911865234375 HTTP/1.0" 200 416 "-" "WordPress/6.8.1; https://vattusacky.vn"
217.113.194.78 - - [16/Sep/2025:03:48:32 +0700] "GET /how-does-metformin-affect-testosterone/feed/ HTTP/1.0" 200 1713 "-" "Mozilla/5.0 (compatible; Barkrowler/0.9; +https://babbar.tech/crawler)"
54.39.136.66 - - [16/Sep/2025:03:48:34 +0700] "GET /tips-and-strategies-for-finding-meaningful-connections-on-omegle/ HTTP/1.0" 200 91407 "-" "Mozilla/5.0 (compatible; AhrefsBot/7.0; +http://ahrefs.com/robot/)"
185.191.171.5 - - [16/Sep/2025:03:48:37 +0700] "GET /4224-2/ HTTP/1.0" 200 206537 "-" "Mozilla/5.0 (compatible; SemrushBot/7~bl; +http://www.semrush.com/bot.html)"
217.113.194.74 - - [16/Sep/2025:03:48:51 +0700] "GET /japanese-mail-order-brides-how-to-find-a-japanese-wife/ HTTP/1.0" 200 76743 "-" "Mozilla/5.0 (compatible; Barkrowler/0.9; +https://babbar.tech/crawler)"
45.117.177.72 - - [16/Sep/2025:03:49:18 +0700] "POST /wp-cron.php?doing_wp_cron=1757969357.9282190799713134765625 HTTP/1.0" 200 416 "-" "WordPress/6.8.1; https://vattusacky.vn"
217.113.194.73 - - [16/Sep/2025:03:49:16 +0700] "GET /coffee-with-samso-blackstone-minerals-ltd-closing/feed/ HTTP/1.0" 200 1813 "-" "Mozilla/5.0 (compatible; Barkrowler/0.9; +https://babbar.tech/crawler)"
15.235.98.24 - - [16/Sep/2025:03:49:31 +0700] "GET /tips-and-tricks-for-creating-a-positive-first-impression-on-omegle/ HTTP/1.0" 200 92132 "-" "Mozilla/5.0 (compatible; AhrefsBot/7.0; +http://ahrefs.com/robot/)"
217.113.194.217 - - [16/Sep/2025:03:49:34 +0700] "GET /redefining-random-chats-omegles-next-phase/feed/ HTTP/1.0" 200 1723 "-" "Mozilla/5.0 (compatible; Barkrowler/0.9; +https://babbar.tech/crawler)"
217.113.194.217 - - [16/Sep/2025:03:49:52 +0700] "GET /redefining-online-connections-omegles-next-chapter/feed/ HTTP/1.0" 200 1747 "-" "Mozilla/5.0 (compatible; Barkrowler/0.9; +https://babbar.tech/crawler)"
85.208.96.202 - - [16/Sep/2025:03:50:01 +0700] "GET /the/do-nh3/ HTTP/1.0" 200 68794 "-" "Mozilla/5.0 (compatible; SemrushBot/7~bl; +http://www.semrush.com/bot.html)"
217.113.194.75 - - [16/Sep/2025:03:50:12 +0700] "GET /redefining-online-interactions-omegles-future-path/feed/ HTTP/1.0" 200 1747 "-" "Mozilla/5.0 (compatible; Barkrowler/0.9; +https://babbar.tech/crawler)"
45.117.177.72 - - [16/Sep/2025:03:50:23 +0700] "POST /wp-cron.php?doing_wp_cron=1757969423.3219799995422363281250 HTTP/1.0" 200 416 "-" "WordPress/6.8.1; https://vattusacky.vn"
142.44.233.146 - - [16/Sep/2025:03:50:21 +0700] "GET /tag/moi-truong-lao-dong/feed/ HTTP/1.0" 200 157941 "-" "Mozilla/5.0 (compatible; AhrefsBot/7.0; +http://ahrefs.com/robot/)"
217.113.194.78 - - [16/Sep/2025:03:50:29 +0700] "GET /overcoming-stereotypes-in-online-interactions/feed/ HTTP/1.0" 200 1732 "-" "Mozilla/5.0 (compatible; Barkrowler/0.9; +https://babbar.tech/crawler)"
217.113.194.79 - - [16/Sep/2025:03:50:47 +0700] "GET /behind-the-algorithm-how-omegle-matches-users/ HTTP/1.0" 200 89118 "-" "Mozilla/5.0 (compatible; Barkrowler/0.9; +https://babbar.tech/crawler)"
217.113.194.77 - - [16/Sep/2025:03:51:11 +0700] "GET /challenges-and-limitations-of-omegles-algorithm/feed/ HTTP/1.0" 200 1738 "-" "Mozilla/5.0 (compatible; Barkrowler/0.9; +https://babbar.tech/crawler)"
45.117.177.72 - - [16/Sep/2025:03:51:17 +0700] "POST /wp-cron.php?doing_wp_cron=1757969477.1044371128082275390625 HTTP/1.0" 200 416 "-" "WordPress/6.8.1; https://vattusacky.vn"
44.217.177.142 - - [16/Sep/2025:03:51:15 +0700] "GET /the/thiet-bi-lay-mau-nuoc/ HTTP/1.0" 200 181947 "-" "Mozilla/5.0 AppleWebKit/537.36 (KHTML, like Gecko; compatible; Amazonbot/0.1; +https://developer.amazon.com/support/amazonbot) Chrome/119.0.6045.214 Safari/537.36"
44.205.192.249 - - [16/Sep/2025:03:51:23 +0700] "GET /the/mau-bui-iodine/ HTTP/1.0" 200 67380 "-" "Mozilla/5.0 AppleWebKit/537.36 (KHTML, like Gecko; compatible; Amazonbot/0.1; +https://developer.amazon.com/support/amazonbot) Chrome/119.0.6045.214 Safari/537.36"
98.84.131.195 - - [16/Sep/2025:03:51:27 +0700] "GET /danh-muc/moi-truong-nuoc/dung-cu-lay-mau-loi/?s= HTTP/1.0" 200 100485 "-" "Mozilla/5.0 AppleWebKit/537.36 (KHTML, like Gecko; compatible; Amazonbot/0.1; +https://developer.amazon.com/support/amazonbot) Chrome/119.0.6045.214 Safari/537.36"
34.236.185.101 - - [16/Sep/2025:03:51:29 +0700] "GET /wp-content/uploads/2019/03/Memmert-Waterbath-WNB-14.en_.pdf HTTP/1.0" 200 441 "-" "Mozilla/5.0 AppleWebKit/537.36 (KHTML, like Gecko; compatible; Amazonbot/0.1; +https://developer.amazon.com/support/amazonbot) Chrome/119.0.6045.214 Safari/537.36"
154.54.249.200 - - [16/Sep/2025:03:51:31 +0700] "GET /the-future-of-cybertherapy-innovations-and-advancements/feed/ HTTP/1.0" 200 1762 "-" "Mozilla/5.0 (compatible; Barkrowler/0.9; +https://babbar.tech/crawler)"
34.195.60.66 - - [16/Sep/2025:03:51:34 +0700] "GET /wp-content/uploads/2018/04/UMF_2000_UserManual.pdf HTTP/1.0" 200 432 "-" "Mozilla/5.0 AppleWebKit/537.36 (KHTML, like Gecko; compatible; Amazonbot/0.1; +https://developer.amazon.com/support/amazonbot) Chrome/119.0.6045.214 Safari/537.36"
15.235.96.137 - - [16/Sep/2025:03:51:34 +0700] "GET /vhod-na-licenzionnoe-zerkalo-gama-v-2023-godu-9/ HTTP/1.0" 200 232509 "-" "Mozilla/5.0 (compatible; AhrefsBot/7.0; +http://ahrefs.com/robot/)"
52.190.190.19 - - [16/Sep/2025:03:51:36 +0700] "GET / HTTP/1.0" 503 8085 "-" "Mozilla/5.0 AppleWebKit/537.36 (KHTML, like Gecko); compatible; ChatGPT-User/1.0; +https://openai.com/bot"
217.113.194.74 - - [16/Sep/2025:03:51:55 +0700] "GET /the-future-of-omegle-predictions-and-speculations/feed/ HTTP/1.0" 200 1744 "-" "Mozilla/5.0 (compatible; Barkrowler/0.9; +https://babbar.tech/crawler)"
217.113.194.81 - - [16/Sep/2025:03:52:13 +0700] "GET /the-psychology-of-omegle-understanding-user-behavior/feed/ HTTP/1.0" 200 1753 "-" "Mozilla/5.0 (compatible; Barkrowler/0.9; +https://babbar.tech/crawler)"
45.117.177.72 - - [16/Sep/2025:03:52:20 +0700] "POST /wp-cron.php?doing_wp_cron=1757969540.7106690406799316406250 HTTP/1.0" 200 416 "-" "WordPress/6.8.1; https://vattusacky.vn"
185.191.171.3 - - [16/Sep/2025:03:52:19 +0700] "GET /danh-muc/moi-truong-nuoc/lay-mau-nuoc-alpha-van-dorn-loai-ngang/page/2/ HTTP/1.0" 200 100411 "-" "Mozilla/5.0 (compatible; SemrushBot/7~bl; +http://www.semrush.com/bot.html)"
217.113.194.75 - - [16/Sep/2025:03:52:31 +0700] "GET /the-social-aspects-of-omegle-and-digital-communities/feed/ HTTP/1.0" 200 1753 "-" "Mozilla/5.0 (compatible; Barkrowler/0.9; +https://babbar.tech/crawler)"
54.39.6.87 - - [16/Sep/2025:03:52:46 +0700] "GET /tips-and-tricks-for-using-omegle-and-ometv-effectively/ HTTP/1.0" 200 92948 "-" "Mozilla/5.0 (compatible; AhrefsBot/7.0; +http://ahrefs.com/robot/)"
217.113.194.72 - - [16/Sep/2025:03:52:50 +0700] "GET /the-social-implications-of-coincidences-on-omegle/feed/ HTTP/1.0" 200 1744 "-" "Mozilla/5.0 (compatible; Barkrowler/0.9; +https://babbar.tech/crawler)"
217.113.194.79 - - [16/Sep/2025:03:53:09 +0700] "GET /ggbet-casino-erfahrungsbericht-das-spielangebot/ HTTP/1.0" 200 97945 "-" "Mozilla/5.0 (compatible; Barkrowler/0.9; +https://babbar.tech/crawler)"
45.117.177.72 - - [16/Sep/2025:03:53:34 +0700] "POST /wp-cron.php?doing_wp_cron=1757969614.7627210617065429687500 HTTP/1.0" 200 416 "-" "WordPress/6.8.1; https://vattusacky.vn"
217.113.194.75 - - [16/Sep/2025:03:53:33 +0700] "GET /the-very-best-virtual-info-room-computer-software/feed/ HTTP/1.0" 200 1744 "-" "Mozilla/5.0 (compatible; Barkrowler/0.9; +https://babbar.tech/crawler)"
148.113.128.112 - - [16/Sep/2025:03:53:44 +0700] "GET /tag/quan-trac-moi-truong/feed/ HTTP/1.0" 200 157945 "-" "Mozilla/5.0 (compatible; AhrefsBot/7.0; +http://ahrefs.com/robot/)"
85.208.96.206 - - [16/Sep/2025:03:53:49 +0700] "GET /choosing-the-best-info-room/ HTTP/1.0" 200 205341 "-" "Mozilla/5.0 (compatible; SemrushBot/7~bl; +http://www.semrush.com/bot.html)"
217.113.194.80 - - [16/Sep/2025:03:53:54 +0700] "GET /what-is-eos-eos-cryptocurrency-news-review-and/feed/ HTTP/1.0" 200 1747 "-" "Mozilla/5.0 (compatible; Barkrowler/0.9; +https://babbar.tech/crawler)"
217.113.194.73 - - [16/Sep/2025:03:54:12 +0700] "GET /strategies-for-handling-rejection-in-online-flirtation/feed/ HTTP/1.0" 200 1759 "-" "Mozilla/5.0 (compatible; Barkrowler/0.9; +https://babbar.tech/crawler)"
45.117.177.72 - - [16/Sep/2025:03:54:33 +0700] "POST /wp-cron.php?doing_wp_cron=1757969672.8718550205230712890625 HTTP/1.0" 200 416 "-" "WordPress/6.8.1; https://vattusacky.vn"
217.113.194.217 - - [16/Sep/2025:03:54:31 +0700] "GET /building-empathy-in-a-fast-paced-digital-world/ HTTP/1.0" 200 91065 "-" "Mozilla/5.0 (compatible; Barkrowler/0.9; +https://babbar.tech/crawler)"
51.161.65.54 - - [16/Sep/2025:03:54:39 +0700] "GET /analatica/feed/ HTTP/1.0" 200 1624 "-" "Mozilla/5.0 (compatible; AhrefsBot/7.0; +http://ahrefs.com/robot/)"
217.113.194.76 - - [16/Sep/2025:03:54:56 +0700] "GET /building-a-responsible-online-community-on-ometv/feed/ HTTP/1.0" 200 1741 "-" "Mozilla/5.0 (compatible; Barkrowler/0.9; +https://babbar.tech/crawler)"
45.117.177.72 - - [16/Sep/2025:03:55:17 +0700] "POST /wp-cron.php?doing_wp_cron=1757969717.7204270362854003906250 HTTP/1.0" 200 416 "-" "WordPress/6.8.1; https://vattusacky.vn"
217.113.194.77 - - [16/Sep/2025:03:55:15 +0700] "GET /building-a-responsible-online-community-on-omegle/feed/ HTTP/1.0" 200 1744 "-" "Mozilla/5.0 (compatible; Barkrowler/0.9; +https://babbar.tech/crawler)"
217.113.194.77 - - [16/Sep/2025:03:55:36 +0700] "GET /building-resilience-through-omegles-social-experiment/ HTTP/1.0" 200 92100 "-" "Mozilla/5.0 (compatible; Barkrowler/0.9; +https://babbar.tech/crawler)"
51.161.37.135 - - [16/Sep/2025:03:55:38 +0700] "GET /tips-for-a-positive-experience-on-omegles-algorithm/ HTTP/1.0" 200 88756 "-" "Mozilla/5.0 (compatible; AhrefsBot/7.0; +http://ahrefs.com/robot/)"
217.113.194.75 - - [16/Sep/2025:03:56:01 +0700] "GET /buy-mostbest-products-online-at-best-prices-40/feed/ HTTP/1.0" 200 1732 "-" "Mozilla/5.0 (compatible; Barkrowler/0.9; +https://babbar.tech/crawler)"
45.117.177.72 - - [16/Sep/2025:03:56:18 +0700] "POST /wp-cron.php?doing_wp_cron=1757969778.4432039260864257812500 HTTP/1.0" 200 416 "-" "WordPress/6.8.1; https://vattusacky.vn"
115.79.196.94 - - [16/Sep/2025:03:56:16 +0700] "POST /xmlrpc.php HTTP/1.0" 200 954 "-" "Mozilla/5.0 (X11; Ubuntu; Linux x86_64; rv:85.0) Gecko/20100101 Firefox/91.0"
217.113.194.80 - - [16/Sep/2025:03:56:19 +0700] "GET /funny-omegle-experiences-and-unexpected-funny-results/ HTTP/1.0" 200 92392 "-" "Mozilla/5.0 (compatible; Barkrowler/0.9; +https://babbar.tech/crawler)"
15.235.96.102 - - [16/Sep/2025:03:56:32 +0700] "GET /tag/bui-khi-thai/feed/ HTTP/1.0" 200 156584 "-" "Mozilla/5.0 (compatible; AhrefsBot/7.0; +http://ahrefs.com/robot/)"
85.208.96.207 - - [16/Sep/2025:03:56:37 +0700] "GET /leovegas-online-gambling-casino-evaluation-bonus-10-000/ HTTP/1.0" 200 220341 "-" "Mozilla/5.0 (compatible; SemrushBot/7~bl; +http://www.semrush.com/bot.html)"
217.113.194.78 - - [16/Sep/2025:03:56:42 +0700] "GET /future-perspectives-on-omegles-algorithmic-dance/ HTTP/1.0" 200 91630 "-" "Mozilla/5.0 (compatible; Barkrowler/0.9; +https://babbar.tech/crawler)"
217.113.194.75 - - [16/Sep/2025:03:57:04 +0700] "GET /techniques-persons-gain-a-advantage-at-casinos/feed/ HTTP/1.0" 200 1735 "-" "Mozilla/5.0 (compatible; Barkrowler/0.9; +https://babbar.tech/crawler)"
45.117.177.72 - - [16/Sep/2025:03:57:24 +0700] "POST /wp-cron.php?doing_wp_cron=1757969844.4772980213165283203125 HTTP/1.0" 200 416 "-" "WordPress/6.8.1; https://vattusacky.vn"
217.113.194.75 - - [16/Sep/2025:03:57:22 +0700] "GET /free-spins-a-fantastic-way-to-play-casino-games-online/ HTTP/1.0" 200 207024 "-" "Mozilla/5.0 (compatible; Barkrowler/0.9; +https://babbar.tech/crawler)"
148.113.128.3 - - [16/Sep/2025:03:57:24 +0700] "GET /exactly-what-are-the-benefits-of-cbd/ HTTP/1.0" 200 205898 "-" "Mozilla/5.0 (compatible; AhrefsBot/7.0; +http://ahrefs.com/robot/)"
154.213.195.72 - - [16/Sep/2025:03:57:38 +0700] "GET //wp-includes/ID3/license.txt HTTP/1.0" 200 404 "-" "Mozilla/5.0 (Windows NT 10.0; Win64; x64) AppleWebKit/537.36 (KHTML, like Gecko) Chrome/95.0.4638.69 Safari/537.36"
154.213.195.72 - - [16/Sep/2025:03:57:38 +0700] "GET //feed/ HTTP/1.0" 301 647 "-" "Mozilla/5.0 (Windows NT 10.0; Win64; x64) AppleWebKit/537.36 (KHTML, like Gecko) Chrome/95.0.4638.69 Safari/537.36"
154.213.195.72 - - [16/Sep/2025:03:57:41 +0700] "GET //xmlrpc.php?rsd HTTP/1.0" 200 1290 "-" "Mozilla/5.0 (Windows NT 10.0; Win64; x64) AppleWebKit/537.36 (KHTML, like Gecko) Chrome/95.0.4638.69 Safari/537.36"
154.213.195.72 - - [16/Sep/2025:03:57:42 +0700] "GET //?author=1 HTTP/1.0" 301 414 "-" "Mozilla/5.0 (Windows NT 10.0; Win64; x64) AppleWebKit/537.36 (KHTML, like Gecko) Chrome/95.0.4638.69 Safari/537.36"
154.213.195.72 - - [16/Sep/2025:03:57:44 +0700] "GET //?author=2 HTTP/1.0" 301 519 "-" "Mozilla/5.0 (Windows NT 10.0; Win64; x64) AppleWebKit/537.36 (KHTML, like Gecko) Chrome/95.0.4638.69 Safari/537.36"
154.213.195.72 - - [16/Sep/2025:03:57:46 +0700] "GET //wp-json/wp/v2/users/ HTTP/1.0" 200 22735 "-" "Mozilla/5.0 (Windows NT 10.0; Win64; x64) AppleWebKit/537.36 (KHTML, like Gecko) Chrome/95.0.4638.69 Safari/537.36"
154.213.195.72 - - [16/Sep/2025:03:57:49 +0700] "GET //wp-json/oembed/1.0/embed?url=https://vattusacky.vn/ HTTP/1.0" 200 2860 "-" "Mozilla/5.0 (Windows NT 10.0; Win64; x64) AppleWebKit/537.36 (KHTML, like Gecko) Chrome/95.0.4638.69 Safari/537.36"
154.213.195.72 - - [16/Sep/2025:03:57:51 +0700] "POST //xmlrpc.php HTTP/1.0" 200 933 "-" "Mozilla/5.0 (Windows NT 10.0; Win64; x64) AppleWebKit/537.36 (KHTML, like Gecko) Chrome/95.0.4638.69 Safari/537.36"
154.213.195.72 - - [16/Sep/2025:03:57:53 +0700] "POST //xmlrpc.php HTTP/1.0" 200 933 "-" "Mozilla/5.0 (Windows NT 10.0; Win64; x64) AppleWebKit/537.36 (KHTML, like Gecko) Chrome/95.0.4638.69 Safari/537.36"
217.113.194.217 - - [16/Sep/2025:03:57:53 +0700] "GET /augmenting-random-chats-omegles-next-level/feed/ HTTP/1.0" 200 1723 "-" "Mozilla/5.0 (compatible; Barkrowler/0.9; +https://babbar.tech/crawler)"
154.213.195.72 - - [16/Sep/2025:03:57:54 +0700] "POST //xmlrpc.php HTTP/1.0" 200 954 "-" "Mozilla/5.0 (Windows NT 10.0; Win64; x64) AppleWebKit/537.36 (KHTML, like Gecko) Chrome/95.0.4638.69 Safari/537.36"
154.213.195.72 - - [16/Sep/2025:03:57:56 +0700] "POST //xmlrpc.php HTTP/1.0" 200 954 "-" "Mozilla/5.0 (Windows NT 10.0; Win64; x64) AppleWebKit/537.36 (KHTML, like Gecko) Chrome/95.0.4638.69 Safari/537.36"
154.213.195.72 - - [16/Sep/2025:03:57:58 +0700] "POST //xmlrpc.php HTTP/1.0" 200 933 "-" "Mozilla/5.0 (Windows NT 10.0; Win64; x64) AppleWebKit/537.36 (KHTML, like Gecko) Chrome/95.0.4638.69 Safari/537.36"
154.213.195.72 - - [16/Sep/2025:03:58:00 +0700] "POST //xmlrpc.php HTTP/1.0" 200 954 "-" "Mozilla/5.0 (Windows NT 10.0; Win64; x64) AppleWebKit/537.36 (KHTML, like Gecko) Chrome/95.0.4638.69 Safari/537.36"
154.213.195.72 - - [16/Sep/2025:03:58:02 +0700] "POST //xmlrpc.php HTTP/1.0" 200 954 "-" "Mozilla/5.0 (Windows NT 10.0; Win64; x64) AppleWebKit/537.36 (KHTML, like Gecko) Chrome/95.0.4638.69 Safari/537.36"
154.213.195.72 - - [16/Sep/2025:03:58:03 +0700] "POST //xmlrpc.php HTTP/1.0" 200 954 "-" "Mozilla/5.0 (Windows NT 10.0; Win64; x64) AppleWebKit/537.36 (KHTML, like Gecko) Chrome/95.0.4638.69 Safari/537.36"
154.213.195.72 - - [16/Sep/2025:03:58:05 +0700] "POST //xmlrpc.php HTTP/1.0" 200 954 "-" "Mozilla/5.0 (Windows NT 10.0; Win64; x64) AppleWebKit/537.36 (KHTML, like Gecko) Chrome/95.0.4638.69 Safari/537.36"
154.213.195.72 - - [16/Sep/2025:03:58:07 +0700] "POST //xmlrpc.php HTTP/1.0" 200 954 "-" "Mozilla/5.0 (Windows NT 10.0; Win64; x64) AppleWebKit/537.36 (KHTML, like Gecko) Chrome/95.0.4638.69 Safari/537.36"
154.213.195.72 - - [16/Sep/2025:03:58:08 +0700] "POST //xmlrpc.php HTTP/1.0" 200 954 "-" "Mozilla/5.0 (Windows NT 10.0; Win64; x64) AppleWebKit/537.36 (KHTML, like Gecko) Chrome/95.0.4638.69 Safari/537.36"
154.213.195.72 - - [16/Sep/2025:03:58:10 +0700] "POST //xmlrpc.php HTTP/1.0" 200 954 "-" "Mozilla/5.0 (Windows NT 10.0; Win64; x64) AppleWebKit/537.36 (KHTML, like Gecko) Chrome/95.0.4638.69 Safari/537.36"
154.213.195.72 - - [16/Sep/2025:03:58:12 +0700] "POST //xmlrpc.php HTTP/1.0" 200 954 "-" "Mozilla/5.0 (Windows NT 10.0; Win64; x64) AppleWebKit/537.36 (KHTML, like Gecko) Chrome/95.0.4638.69 Safari/537.36"
217.113.194.217 - - [16/Sep/2025:03:58:13 +0700] "GET /queen-johnnie-gambling-establishment-official-49/feed/ HTTP/1.0" 200 1780 "-" "Mozilla/5.0 (compatible; Barkrowler/0.9; +https://babbar.tech/crawler)"
154.213.195.72 - - [16/Sep/2025:03:58:13 +0700] "POST //xmlrpc.php HTTP/1.0" 200 954 "-" "Mozilla/5.0 (Windows NT 10.0; Win64; x64) AppleWebKit/537.36 (KHTML, like Gecko) Chrome/95.0.4638.69 Safari/537.36"
154.213.195.72 - - [16/Sep/2025:03:58:15 +0700] "POST //xmlrpc.php HTTP/1.0" 200 954 "-" "Mozilla/5.0 (Windows NT 10.0; Win64; x64) AppleWebKit/537.36 (KHTML, like Gecko) Chrome/95.0.4638.69 Safari/537.36"
45.117.177.72 - - [16/Sep/2025:03:58:19 +0700] "POST /wp-cron.php?doing_wp_cron=1757969898.8125510215759277343750 HTTP/1.0" 200 416 "-" "WordPress/6.8.1; https://vattusacky.vn"
154.213.195.72 - - [16/Sep/2025:03:58:17 +0700] "POST //xmlrpc.php HTTP/1.0" 200 954 "-" "Mozilla/5.0 (Windows NT 10.0; Win64; x64) AppleWebKit/537.36 (KHTML, like Gecko) Chrome/95.0.4638.69 Safari/537.36"
142.44.220.87 - - [16/Sep/2025:03:58:17 +0700] "GET /where-to-get-the-best-online-dating-service/ HTTP/1.0" 200 206338 "-" "Mozilla/5.0 (compatible; AhrefsBot/7.0; +http://ahrefs.com/robot/)"
154.213.195.72 - - [16/Sep/2025:03:58:19 +0700] "POST //xmlrpc.php HTTP/1.0" 200 954 "-" "Mozilla/5.0 (Windows NT 10.0; Win64; x64) AppleWebKit/537.36 (KHTML, like Gecko) Chrome/95.0.4638.69 Safari/537.36"
154.213.195.72 - - [16/Sep/2025:03:58:21 +0700] "POST //xmlrpc.php HTTP/1.0" 200 954 "-" "Mozilla/5.0 (Windows NT 10.0; Win64; x64) AppleWebKit/537.36 (KHTML, like Gecko) Chrome/95.0.4638.69 Safari/537.36"
154.213.195.72 - - [16/Sep/2025:03:58:22 +0700] "POST //xmlrpc.php HTTP/1.0" 200 954 "-" "Mozilla/5.0 (Windows NT 10.0; Win64; x64) AppleWebKit/537.36 (KHTML, like Gecko) Chrome/95.0.4638.69 Safari/537.36"
154.213.195.72 - - [16/Sep/2025:03:58:24 +0700] "POST //xmlrpc.php HTTP/1.0" 200 954 "-" "Mozilla/5.0 (Windows NT 10.0; Win64; x64) AppleWebKit/537.36 (KHTML, like Gecko) Chrome/95.0.4638.69 Safari/537.36"
154.213.195.72 - - [16/Sep/2025:03:58:26 +0700] "POST //xmlrpc.php HTTP/1.0" 200 954 "-" "Mozilla/5.0 (Windows NT 10.0; Win64; x64) AppleWebKit/537.36 (KHTML, like Gecko) Chrome/95.0.4638.69 Safari/537.36"
154.213.195.72 - - [16/Sep/2025:03:58:27 +0700] "POST //xmlrpc.php HTTP/1.0" 200 954 "-" "Mozilla/5.0 (Windows NT 10.0; Win64; x64) AppleWebKit/537.36 (KHTML, like Gecko) Chrome/95.0.4638.69 Safari/537.36"
154.213.195.72 - - [16/Sep/2025:03:58:29 +0700] "POST //xmlrpc.php HTTP/1.0" 200 954 "-" "Mozilla/5.0 (Windows NT 10.0; Win64; x64) AppleWebKit/537.36 (KHTML, like Gecko) Chrome/95.0.4638.69 Safari/537.36"
154.213.195.72 - - [16/Sep/2025:03:58:30 +0700] "POST //xmlrpc.php HTTP/1.0" 200 954 "-" "Mozilla/5.0 (Windows NT 10.0; Win64; x64) AppleWebKit/537.36 (KHTML, like Gecko) Chrome/95.0.4638.69 Safari/537.36"
217.113.194.77 - - [16/Sep/2025:03:58:31 +0700] "GET /virtual-empathy-a-new-frontier-in-human-connection/feed/ HTTP/1.0" 200 1747 "-" "Mozilla/5.0 (compatible; Barkrowler/0.9; +https://babbar.tech/crawler)"
154.213.195.72 - - [16/Sep/2025:03:58:32 +0700] "POST //xmlrpc.php HTTP/1.0" 200 954 "-" "Mozilla/5.0 (Windows NT 10.0; Win64; x64) AppleWebKit/537.36 (KHTML, like Gecko) Chrome/95.0.4638.69 Safari/537.36"
154.213.195.72 - - [16/Sep/2025:03:58:34 +0700] "POST //xmlrpc.php HTTP/1.0" 200 954 "-" "Mozilla/5.0 (Windows NT 10.0; Win64; x64) AppleWebKit/537.36 (KHTML, like Gecko) Chrome/95.0.4638.69 Safari/537.36"
154.213.195.72 - - [16/Sep/2025:03:58:35 +0700] "POST //xmlrpc.php HTTP/1.0" 200 954 "-" "Mozilla/5.0 (Windows NT 10.0; Win64; x64) AppleWebKit/537.36 (KHTML, like Gecko) Chrome/95.0.4638.69 Safari/537.36"
154.213.195.72 - - [16/Sep/2025:03:58:37 +0700] "POST //xmlrpc.php HTTP/1.0" 200 954 "-" "Mozilla/5.0 (Windows NT 10.0; Win64; x64) AppleWebKit/537.36 (KHTML, like Gecko) Chrome/95.0.4638.69 Safari/537.36"
154.213.195.72 - - [16/Sep/2025:03:58:39 +0700] "POST //xmlrpc.php HTTP/1.0" 200 954 "-" "Mozilla/5.0 (Windows NT 10.0; Win64; x64) AppleWebKit/537.36 (KHTML, like Gecko) Chrome/95.0.4638.69 Safari/537.36"
154.213.195.72 - - [16/Sep/2025:03:58:41 +0700] "POST //xmlrpc.php HTTP/1.0" 200 954 "-" "Mozilla/5.0 (Windows NT 10.0; Win64; x64) AppleWebKit/537.36 (KHTML, like Gecko) Chrome/95.0.4638.69 Safari/537.36"
154.213.195.72 - - [16/Sep/2025:03:58:42 +0700] "POST //xmlrpc.php HTTP/1.0" 200 954 "-" "Mozilla/5.0 (Windows NT 10.0; Win64; x64) AppleWebKit/537.36 (KHTML, like Gecko) Chrome/95.0.4638.69 Safari/537.36"
154.213.195.72 - - [16/Sep/2025:03:58:44 +0700] "POST //xmlrpc.php HTTP/1.0" 200 954 "-" "Mozilla/5.0 (Windows NT 10.0; Win64; x64) AppleWebKit/537.36 (KHTML, like Gecko) Chrome/95.0.4638.69 Safari/537.36"
154.213.195.72 - - [16/Sep/2025:03:58:46 +0700] "POST //xmlrpc.php HTTP/1.0" 200 954 "-" "Mozilla/5.0 (Windows NT 10.0; Win64; x64) AppleWebKit/537.36 (KHTML, like Gecko) Chrome/95.0.4638.69 Safari/537.36"
154.213.195.72 - - [16/Sep/2025:03:58:48 +0700] "POST //xmlrpc.php HTTP/1.0" 200 954 "-" "Mozilla/5.0 (Windows NT 10.0; Win64; x64) AppleWebKit/537.36 (KHTML, like Gecko) Chrome/95.0.4638.69 Safari/537.36"
217.113.194.80 - - [16/Sep/2025:03:58:49 +0700] "GET /virtual-relationships-omegles-video-chat-potential/feed/ HTTP/1.0" 200 1747 "-" "Mozilla/5.0 (compatible; Barkrowler/0.9; +https://babbar.tech/crawler)"
154.213.195.72 - - [16/Sep/2025:03:58:49 +0700] "POST //xmlrpc.php HTTP/1.0" 200 954 "-" "Mozilla/5.0 (Windows NT 10.0; Win64; x64) AppleWebKit/537.36 (KHTML, like Gecko) Chrome/95.0.4638.69 Safari/537.36"
154.213.195.72 - - [16/Sep/2025:03:58:51 +0700] "POST //xmlrpc.php HTTP/1.0" 200 954 "-" "Mozilla/5.0 (Windows NT 10.0; Win64; x64) AppleWebKit/537.36 (KHTML, like Gecko) Chrome/95.0.4638.69 Safari/537.36"
52.163.69.163 - - [16/Sep/2025:03:58:51 +0700] "GET / HTTP/1.0" 200 60070 "-" "-"
154.213.195.72 - - [16/Sep/2025:03:58:53 +0700] "POST //xmlrpc.php HTTP/1.0" 200 954 "-" "Mozilla/5.0 (Windows NT 10.0; Win64; x64) AppleWebKit/537.36 (KHTML, like Gecko) Chrome/95.0.4638.69 Safari/537.36"
52.163.69.163 - - [16/Sep/2025:03:58:54 +0700] "GET / HTTP/1.0" 200 60070 "-" "-"
154.213.195.72 - - [16/Sep/2025:03:58:55 +0700] "POST //xmlrpc.php HTTP/1.0" 200 954 "-" "Mozilla/5.0 (Windows NT 10.0; Win64; x64) AppleWebKit/537.36 (KHTML, like Gecko) Chrome/95.0.4638.69 Safari/537.36"
154.213.195.72 - - [16/Sep/2025:03:58:56 +0700] "POST //xmlrpc.php HTTP/1.0" 200 954 "-" "Mozilla/5.0 (Windows NT 10.0; Win64; x64) AppleWebKit/537.36 (KHTML, like Gecko) Chrome/95.0.4638.69 Safari/537.36"
52.163.69.163 - - [16/Sep/2025:03:58:57 +0700] "GET /wp-content/plugins/hellopress/wp_filemanager.php HTTP/1.0" 404 70812 "-" "-"
52.163.69.163 - - [16/Sep/2025:03:58:58 +0700] "GET /f.php HTTP/1.0" 403 566 "-" "-"
52.163.69.163 - - [16/Sep/2025:03:58:58 +0700] "GET /222.php HTTP/1.0" 403 568 "-" "-"
52.163.69.163 - - [16/Sep/2025:03:58:59 +0700] "GET /cc.php HTTP/1.0" 403 567 "-" "-"
52.163.69.163 - - [16/Sep/2025:03:58:59 +0700] "GET /ova-wso.php HTTP/1.0" 403 572 "-" "-"
52.163.69.163 - - [16/Sep/2025:03:58:59 +0700] "GET /g1.php HTTP/1.0" 403 567 "-" "-"
52.163.69.163 - - [16/Sep/2025:03:58:59 +0700] "GET /hk.php HTTP/1.0" 403 567 "-" "-"
52.163.69.163 - - [16/Sep/2025:03:59:00 +0700] "GET /mg.php HTTP/1.0" 403 567 "-" "-"
154.213.195.72 - - [16/Sep/2025:03:58:58 +0700] "POST //xmlrpc.php HTTP/1.0" 200 954 "-" "Mozilla/5.0 (Windows NT 10.0; Win64; x64) AppleWebKit/537.36 (KHTML, like Gecko) Chrome/95.0.4638.69 Safari/537.36"
52.163.69.163 - - [16/Sep/2025:03:59:00 +0700] "GET /blurbs.php HTTP/1.0" 403 571 "-" "-"
52.163.69.163 - - [16/Sep/2025:03:59:01 +0700] "GET /drunk.php HTTP/1.0" 403 570 "-" "-"
52.163.69.163 - - [16/Sep/2025:03:59:01 +0700] "GET /667.php HTTP/1.0" 403 568 "-" "-"
52.163.69.163 - - [16/Sep/2025:03:59:01 +0700] "GET /dropdown.php HTTP/1.0" 403 573 "-" "-"
52.163.69.163 - - [16/Sep/2025:03:59:01 +0700] "GET /x0.php HTTP/1.0" 403 567 "-" "-"
52.163.69.163 - - [16/Sep/2025:03:59:01 +0700] "GET /hackfut_4927.php HTTP/1.0" 403 577 "-" "-"
154.213.195.72 - - [16/Sep/2025:03:59:00 +0700] "POST //xmlrpc.php HTTP/1.0" 200 954 "-" "Mozilla/5.0 (Windows NT 10.0; Win64; x64) AppleWebKit/537.36 (KHTML, like Gecko) Chrome/95.0.4638.69 Safari/537.36"
52.163.69.163 - - [16/Sep/2025:03:59:01 +0700] "GET /ig4i9t.php HTTP/1.0" 403 571 "-" "-"
52.163.69.163 - - [16/Sep/2025:03:59:01 +0700] "GET /qcivq.php HTTP/1.0" 403 570 "-" "-"
52.163.69.163 - - [16/Sep/2025:03:59:02 +0700] "GET /dds.php HTTP/1.0" 403 568 "-" "-"
52.163.69.163 - - [16/Sep/2025:03:59:02 +0700] "GET /ant.php HTTP/1.0" 403 568 "-" "-"
52.163.69.163 - - [16/Sep/2025:03:59:02 +0700] "GET /y.php HTTP/1.0" 403 566 "-" "-"
52.163.69.163 - - [16/Sep/2025:03:59:02 +0700] "GET /sale.php HTTP/1.0" 403 569 "-" "-"
52.163.69.163 - - [16/Sep/2025:03:59:02 +0700] "GET /des.php HTTP/1.0" 403 568 "-" "-"
52.163.69.163 - - [16/Sep/2025:03:59:03 +0700] "GET /g1.php HTTP/1.0" 403 567 "-" "-"
52.163.69.163 - - [16/Sep/2025:03:59:03 +0700] "GET /mn.php HTTP/1.0" 403 567 "-" "-"
154.213.195.72 - - [16/Sep/2025:03:59:01 +0700] "POST //xmlrpc.php HTTP/1.0" 200 954 "-" "Mozilla/5.0 (Windows NT 10.0; Win64; x64) AppleWebKit/537.36 (KHTML, like Gecko) Chrome/95.0.4638.69 Safari/537.36"
52.163.69.163 - - [16/Sep/2025:03:59:03 +0700] "GET /zzz.php HTTP/1.0" 403 568 "-" "-"
52.163.69.163 - - [16/Sep/2025:03:59:03 +0700] "GET /rtheq.php HTTP/1.0" 403 570 "-" "-"
52.163.69.163 - - [16/Sep/2025:03:59:03 +0700] "GET /bb.php HTTP/1.0" 403 567 "-" "-"
52.163.69.163 - - [16/Sep/2025:03:59:04 +0700] "GET /files.php HTTP/1.0" 403 570 "-" "-"
52.163.69.163 - - [16/Sep/2025:03:59:04 +0700] "GET /uwu2.php HTTP/1.0" 403 569 "-" "-"
52.163.69.163 - - [16/Sep/2025:03:59:04 +0700] "GET /test.php HTTP/1.0" 403 569 "-" "-"
52.163.69.163 - - [16/Sep/2025:03:59:04 +0700] "GET /aiwy2a.php HTTP/1.0" 403 571 "-" "-"
52.163.69.163 - - [16/Sep/2025:03:59:04 +0700] "GET /amax.php HTTP/1.0" 403 569 "-" "-"
52.163.69.163 - - [16/Sep/2025:03:59:04 +0700] "GET /stuk4z.php HTTP/1.0" 403 571 "-" "-"
154.213.195.72 - - [16/Sep/2025:03:59:03 +0700] "POST //xmlrpc.php HTTP/1.0" 200 954 "-" "Mozilla/5.0 (Windows NT 10.0; Win64; x64) AppleWebKit/537.36 (KHTML, like Gecko) Chrome/95.0.4638.69 Safari/537.36"
52.163.69.163 - - [16/Sep/2025:03:59:05 +0700] "GET /goat.php HTTP/1.0" 403 569 "-" "-"
52.163.69.163 - - [16/Sep/2025:03:59:05 +0700] "GET /nope.php HTTP/1.0" 403 569 "-" "-"
52.163.69.163 - - [16/Sep/2025:03:59:05 +0700] "GET /acxx.php HTTP/1.0" 403 569 "-" "-"
52.163.69.163 - - [16/Sep/2025:03:59:05 +0700] "GET /ay.php HTTP/1.0" 403 567 "-" "-"
52.163.69.163 - - [16/Sep/2025:03:59:05 +0700] "GET /a.php HTTP/1.0" 403 566 "-" "-"
52.163.69.163 - - [16/Sep/2025:03:59:05 +0700] "GET /g.php HTTP/1.0" 403 566 "-" "-"
52.163.69.163 - - [16/Sep/2025:03:59:05 +0700] "GET /p1u.php HTTP/1.0" 403 568 "-" "-"
52.163.69.163 - - [16/Sep/2025:03:59:05 +0700] "GET /dom.php HTTP/1.0" 403 568 "-" "-"
52.163.69.163 - - [16/Sep/2025:03:59:05 +0700] "GET /php.php HTTP/1.0" 403 568 "-" "-"
52.163.69.163 - - [16/Sep/2025:03:59:06 +0700] "GET /elf.php HTTP/1.0" 403 568 "-" "-"
154.213.195.72 - - [16/Sep/2025:03:59:05 +0700] "POST //xmlrpc.php HTTP/1.0" 200 954 "-" "Mozilla/5.0 (Windows NT 10.0; Win64; x64) AppleWebKit/537.36 (KHTML, like Gecko) Chrome/95.0.4638.69 Safari/537.36"
154.213.195.72 - - [16/Sep/2025:03:59:06 +0700] "POST //xmlrpc.php HTTP/1.0" 200 954 "-" "Mozilla/5.0 (Windows NT 10.0; Win64; x64) AppleWebKit/537.36 (KHTML, like Gecko) Chrome/95.0.4638.69 Safari/537.36"
217.113.194.75 - - [16/Sep/2025:03:59:07 +0700] "GET /cultural-sensitivity-and-understanding-on-omegle/ HTTP/1.0" 200 89154 "-" "Mozilla/5.0 (compatible; Barkrowler/0.9; +https://babbar.tech/crawler)"
154.213.195.72 - - [16/Sep/2025:03:59:08 +0700] "POST //xmlrpc.php HTTP/1.0" 200 954 "-" "Mozilla/5.0 (Windows NT 10.0; Win64; x64) AppleWebKit/537.36 (KHTML, like Gecko) Chrome/95.0.4638.69 Safari/537.36"
154.213.195.72 - - [16/Sep/2025:03:59:10 +0700] "POST //xmlrpc.php HTTP/1.0" 200 954 "-" "Mozilla/5.0 (Windows NT 10.0; Win64; x64) AppleWebKit/537.36 (KHTML, like Gecko) Chrome/95.0.4638.69 Safari/537.36"
154.213.195.72 - - [16/Sep/2025:03:59:11 +0700] "POST //xmlrpc.php HTTP/1.0" 200 954 "-" "Mozilla/5.0 (Windows NT 10.0; Win64; x64) AppleWebKit/537.36 (KHTML, like Gecko) Chrome/95.0.4638.69 Safari/537.36"
154.213.195.72 - - [16/Sep/2025:03:59:13 +0700] "POST //xmlrpc.php HTTP/1.0" 200 954 "-" "Mozilla/5.0 (Windows NT 10.0; Win64; x64) AppleWebKit/537.36 (KHTML, like Gecko) Chrome/95.0.4638.69 Safari/537.36"
154.213.195.72 - - [16/Sep/2025:03:59:15 +0700] "POST //xmlrpc.php HTTP/1.0" 200 954 "-" "Mozilla/5.0 (Windows NT 10.0; Win64; x64) AppleWebKit/537.36 (KHTML, like Gecko) Chrome/95.0.4638.69 Safari/537.36"
167.114.139.189 - - [16/Sep/2025:03:59:15 +0700] "GET /what-precisely-makes-a-great-application-for-info-management-method/ HTTP/1.0" 200 206482 "-" "Mozilla/5.0 (compatible; AhrefsBot/7.0; +http://ahrefs.com/robot/)"
45.117.177.72 - - [16/Sep/2025:03:59:18 +0700] "POST /wp-cron.php?doing_wp_cron=1757969958.1351320743560791015625 HTTP/1.0" 200 416 "-" "WordPress/6.8.1; https://vattusacky.vn"
154.213.195.72 - - [16/Sep/2025:03:59:16 +0700] "POST //xmlrpc.php HTTP/1.0" 200 954 "-" "Mozilla/5.0 (Windows NT 10.0; Win64; x64) AppleWebKit/537.36 (KHTML, like Gecko) Chrome/95.0.4638.69 Safari/537.36"
154.213.195.72 - - [16/Sep/2025:03:59:18 +0700] "POST //xmlrpc.php HTTP/1.0" 200 954 "-" "Mozilla/5.0 (Windows NT 10.0; Win64; x64) AppleWebKit/537.36 (KHTML, like Gecko) Chrome/95.0.4638.69 Safari/537.36"
154.213.195.72 - - [16/Sep/2025:03:59:20 +0700] "POST //xmlrpc.php HTTP/1.0" 200 954 "-" "Mozilla/5.0 (Windows NT 10.0; Win64; x64) AppleWebKit/537.36 (KHTML, like Gecko) Chrome/95.0.4638.69 Safari/537.36"
154.213.195.72 - - [16/Sep/2025:03:59:21 +0700] "POST //xmlrpc.php HTTP/1.0" 200 954 "-" "Mozilla/5.0 (Windows NT 10.0; Win64; x64) AppleWebKit/537.36 (KHTML, like Gecko) Chrome/95.0.4638.69 Safari/537.36"
