57.141.2.6 - - [11/Sep/2025:17:48:17 +0700] "GET /goods/advan11901552.htm HTTP/1.0" 200 323 "-" "meta-externalagent/1.1 (+https://developers.facebook.com/docs/sharing/webmasters/crawler)"
66.249.70.71 - - [11/Sep/2025:17:48:23 +0700] "GET /goods/drain52526652.htm HTTP/1.0" 200 177779 "-" "Mozilla/5.0 (Linux; Android 6.0.1; Nexus 5X Build/MMB29P) AppleWebKit/537.36 (KHTML, like Gecko) Chrome/139.0.7258.154 Mobile Safari/537.36 (compatible; GoogleOther)"
57.141.2.59 - - [11/Sep/2025:17:51:52 +0700] "GET /goods/film12496280.htm HTTP/1.0" 200 323 "-" "meta-externalagent/1.1 (+https://developers.facebook.com/docs/sharing/webmasters/crawler)"
57.141.2.63 - - [11/Sep/2025:17:51:58 +0700] "GET /goods/fit80132631.htm HTTP/1.0" 200 323 "-" "meta-externalagent/1.1 (+https://developers.facebook.com/docs/sharing/webmasters/crawler)"
57.141.2.21 - - [11/Sep/2025:17:52:00 +0700] "GET /goods/robot60668645.htm HTTP/1.0" 200 323 "-" "meta-externalagent/1.1 (+https://developers.facebook.com/docs/sharing/webmasters/crawler)"
57.141.2.34 - - [11/Sep/2025:17:52:03 +0700] "GET /goods/lever31578466.htm HTTP/1.0" 200 323 "-" "meta-externalagent/1.1 (+https://developers.facebook.com/docs/sharing/webmasters/crawler)"
57.141.2.94 - - [11/Sep/2025:17:52:03 +0700] "GET /goods/philo70649838.htm HTTP/1.0" 200 323 "-" "meta-externalagent/1.1 (+https://developers.facebook.com/docs/sharing/webmasters/crawler)"
57.141.2.65 - - [11/Sep/2025:17:52:06 +0700] "GET /goods/poll10701952.htm HTTP/1.0" 200 323 "-" "meta-externalagent/1.1 (+https://developers.facebook.com/docs/sharing/webmasters/crawler)"
57.141.2.3 - - [11/Sep/2025:17:52:18 +0700] "GET /goods/passi80513823.htm HTTP/1.0" 200 323 "-" "meta-externalagent/1.1 (+https://developers.facebook.com/docs/sharing/webmasters/crawler)"
57.141.2.30 - - [11/Sep/2025:17:52:19 +0700] "GET /goods/molec31203074.htm HTTP/1.0" 200 323 "-" "meta-externalagent/1.1 (+https://developers.facebook.com/docs/sharing/webmasters/crawler)"
57.141.2.34 - - [11/Sep/2025:17:52:20 +0700] "GET /goods/estim32538090.htm HTTP/1.0" 200 323 "-" "meta-externalagent/1.1 (+https://developers.facebook.com/docs/sharing/webmasters/crawler)"
57.141.2.46 - - [11/Sep/2025:17:52:21 +0700] "GET /goods/slap20639737.htm HTTP/1.0" 200 323 "-" "meta-externalagent/1.1 (+https://developers.facebook.com/docs/sharing/webmasters/crawler)"
57.141.2.45 - - [11/Sep/2025:17:52:29 +0700] "GET /goods/miss82292375.htm HTTP/1.0" 200 323 "-" "meta-externalagent/1.1 (+https://developers.facebook.com/docs/sharing/webmasters/crawler)"
57.141.2.74 - - [11/Sep/2025:17:52:33 +0700] "GET /goods/wonde72432294.htm HTTP/1.0" 200 323 "-" "meta-externalagent/1.1 (+https://developers.facebook.com/docs/sharing/webmasters/crawler)"
57.141.2.56 - - [11/Sep/2025:17:52:36 +0700] "GET /goods/yet40380451.htm HTTP/1.0" 200 323 "-" "meta-externalagent/1.1 (+https://developers.facebook.com/docs/sharing/webmasters/crawler)"
57.141.2.43 - - [11/Sep/2025:17:52:37 +0700] "GET /goods/gym42641259.htm HTTP/1.0" 200 323 "-" "meta-externalagent/1.1 (+https://developers.facebook.com/docs/sharing/webmasters/crawler)"
57.141.2.46 - - [11/Sep/2025:17:52:37 +0700] "GET /goods/knee41772459.htm HTTP/1.0" 200 323 "-" "meta-externalagent/1.1 (+https://developers.facebook.com/docs/sharing/webmasters/crawler)"
57.141.2.74 - - [11/Sep/2025:17:52:39 +0700] "GET /goods/rely30786730.htm HTTP/1.0" 200 323 "-" "meta-externalagent/1.1 (+https://developers.facebook.com/docs/sharing/webmasters/crawler)"
57.141.2.94 - - [11/Sep/2025:17:52:42 +0700] "GET /goods/as22936305.htm HTTP/1.0" 200 323 "-" "meta-externalagent/1.1 (+https://developers.facebook.com/docs/sharing/webmasters/crawler)"
57.141.2.43 - - [11/Sep/2025:17:52:42 +0700] "GET /goods/dad30497426.htm HTTP/1.0" 200 323 "-" "meta-externalagent/1.1 (+https://developers.facebook.com/docs/sharing/webmasters/crawler)"
57.141.2.30 - - [11/Sep/2025:17:52:44 +0700] "GET /goods/flavo22995081.htm HTTP/1.0" 200 323 "-" "meta-externalagent/1.1 (+https://developers.facebook.com/docs/sharing/webmasters/crawler)"
66.249.71.33 - - [11/Sep/2025:17:52:53 +0700] "GET /goods/almos70528614.htm HTTP/1.0" 200 176108 "-" "Mozilla/5.0 (Linux; Android 6.0.1; Nexus 5X Build/MMB29P) AppleWebKit/537.36 (KHTML, like Gecko) Chrome/139.0.7258.154 Mobile Safari/537.36 (compatible; Googlebot/2.1; +http://www.google.com/bot.html)"
57.141.2.20 - - [11/Sep/2025:17:52:55 +0700] "GET /goods/giraf31676026.htm HTTP/1.0" 200 323 "-" "meta-externalagent/1.1 (+https://developers.facebook.com/docs/sharing/webmasters/crawler)"
57.141.2.64 - - [11/Sep/2025:17:53:05 +0700] "GET /goods/immed30260562.htm HTTP/1.0" 200 323 "-" "meta-externalagent/1.1 (+https://developers.facebook.com/docs/sharing/webmasters/crawler)"
57.141.2.70 - - [11/Sep/2025:17:53:08 +0700] "GET /goods/senat10187032.htm HTTP/1.0" 200 323 "-" "meta-externalagent/1.1 (+https://developers.facebook.com/docs/sharing/webmasters/crawler)"
57.141.2.48 - - [11/Sep/2025:17:53:12 +0700] "GET /goods/sugar11804216.htm HTTP/1.0" 200 323 "-" "meta-externalagent/1.1 (+https://developers.facebook.com/docs/sharing/webmasters/crawler)"
57.141.2.54 - - [11/Sep/2025:17:53:15 +0700] "GET /goods/new31064018.htm HTTP/1.0" 200 323 "-" "meta-externalagent/1.1 (+https://developers.facebook.com/docs/sharing/webmasters/crawler)"
57.141.2.70 - - [11/Sep/2025:17:53:17 +0700] "GET /goods/momen52641020.htm HTTP/1.0" 200 323 "-" "meta-externalagent/1.1 (+https://developers.facebook.com/docs/sharing/webmasters/crawler)"
57.141.2.29 - - [11/Sep/2025:17:53:38 +0700] "GET /goods/myrna72791990.htm HTTP/1.0" 200 323 "-" "meta-externalagent/1.1 (+https://developers.facebook.com/docs/sharing/webmasters/crawler)"
57.141.2.51 - - [11/Sep/2025:17:53:42 +0700] "GET /goods/adj71653694.htm HTTP/1.0" 200 323 "-" "meta-externalagent/1.1 (+https://developers.facebook.com/docs/sharing/webmasters/crawler)"
57.141.2.16 - - [11/Sep/2025:17:53:43 +0700] "GET /goods/tongu10424264.htm HTTP/1.0" 200 323 "-" "meta-externalagent/1.1 (+https://developers.facebook.com/docs/sharing/webmasters/crawler)"
57.141.2.70 - - [11/Sep/2025:17:53:48 +0700] "GET /goods/rough20670801.htm HTTP/1.0" 200 323 "-" "meta-externalagent/1.1 (+https://developers.facebook.com/docs/sharing/webmasters/crawler)"
66.249.71.33 - - [11/Sep/2025:17:53:49 +0700] "GET /goods/bottl71244006.htm HTTP/1.0" 200 172365 "-" "Mozilla/5.0 (Linux; Android 6.0.1; Nexus 5X Build/MMB29P) AppleWebKit/537.36 (KHTML, like Gecko) Chrome/139.0.7258.154 Mobile Safari/537.36 (compatible; Googlebot/2.1; +http://www.google.com/bot.html)"
57.141.2.61 - - [11/Sep/2025:17:54:00 +0700] "GET /goods/bury30954826.htm HTTP/1.0" 200 323 "-" "meta-externalagent/1.1 (+https://developers.facebook.com/docs/sharing/webmasters/crawler)"
57.141.2.70 - - [11/Sep/2025:17:54:04 +0700] "GET /goods/advis32536050.htm HTTP/1.0" 200 323 "-" "meta-externalagent/1.1 (+https://developers.facebook.com/docs/sharing/webmasters/crawler)"
57.141.2.91 - - [11/Sep/2025:17:54:08 +0700] "GET /goods/brist50690708.htm HTTP/1.0" 200 323 "-" "meta-externalagent/1.1 (+https://developers.facebook.com/docs/sharing/webmasters/crawler)"
57.141.2.92 - - [11/Sep/2025:17:54:09 +0700] "GET /goods/rosy12603880.htm HTTP/1.0" 200 323 "-" "meta-externalagent/1.1 (+https://developers.facebook.com/docs/sharing/webmasters/crawler)"
57.141.2.52 - - [11/Sep/2025:17:54:10 +0700] "GET /goods/tax42419811.htm HTTP/1.0" 200 323 "-" "meta-externalagent/1.1 (+https://developers.facebook.com/docs/sharing/webmasters/crawler)"
57.141.2.61 - - [11/Sep/2025:17:54:12 +0700] "GET /goods/indic70958438.htm HTTP/1.0" 200 323 "-" "meta-externalagent/1.1 (+https://developers.facebook.com/docs/sharing/webmasters/crawler)"
57.141.2.16 - - [11/Sep/2025:17:54:14 +0700] "GET /goods/pupil11284120.htm HTTP/1.0" 200 323 "-" "meta-externalagent/1.1 (+https://developers.facebook.com/docs/sharing/webmasters/crawler)"
57.141.2.10 - - [11/Sep/2025:17:54:17 +0700] "GET /goods/earn41063115.htm HTTP/1.0" 200 323 "-" "meta-externalagent/1.1 (+https://developers.facebook.com/docs/sharing/webmasters/crawler)"
66.249.71.32 - - [11/Sep/2025:17:54:19 +0700] "POST /get-message-notify HTTP/1.0" 503 8544 "https://vnc-group.vn/goods/bottl71244006.htm" "Mozilla/5.0 (Linux; Android 6.0.1; Nexus 5X Build/MMB29P) AppleWebKit/537.36 (KHTML, like Gecko) Chrome/139.0.7258.154 Mobile Safari/537.36 (compatible; Googlebot/2.1; +http://www.google.com/bot.html)"
57.141.2.54 - - [11/Sep/2025:17:54:23 +0700] "GET /goods/handb72185118.htm HTTP/1.0" 200 323 "-" "meta-externalagent/1.1 (+https://developers.facebook.com/docs/sharing/webmasters/crawler)"
57.141.2.53 - - [11/Sep/2025:17:54:28 +0700] "GET /goods/summi82427759.htm HTTP/1.0" 200 323 "-" "meta-externalagent/1.1 (+https://developers.facebook.com/docs/sharing/webmasters/crawler)"
57.141.2.28 - - [11/Sep/2025:17:54:40 +0700] "GET /goods/inevi12362144.htm HTTP/1.0" 200 323 "-" "meta-externalagent/1.1 (+https://developers.facebook.com/docs/sharing/webmasters/crawler)"
57.141.2.19 - - [11/Sep/2025:17:54:41 +0700] "GET /goods/fresh60420453.htm HTTP/1.0" 200 323 "-" "meta-externalagent/1.1 (+https://developers.facebook.com/docs/sharing/webmasters/crawler)"
57.141.2.10 - - [11/Sep/2025:17:54:56 +0700] "GET /goods/latte11926960.htm HTTP/1.0" 200 323 "-" "meta-externalagent/1.1 (+https://developers.facebook.com/docs/sharing/webmasters/crawler)"
57.141.2.6 - - [11/Sep/2025:17:54:58 +0700] "GET /goods/heigh21556129.htm HTTP/1.0" 200 323 "-" "meta-externalagent/1.1 (+https://developers.facebook.com/docs/sharing/webmasters/crawler)"
57.141.2.5 - - [11/Sep/2025:17:55:05 +0700] "GET /goods/overa62662645.htm HTTP/1.0" 200 323 "-" "meta-externalagent/1.1 (+https://developers.facebook.com/docs/sharing/webmasters/crawler)"
57.141.2.63 - - [11/Sep/2025:17:55:07 +0700] "GET /goods/disgu12878928.htm HTTP/1.0" 200 323 "-" "meta-externalagent/1.1 (+https://developers.facebook.com/docs/sharing/webmasters/crawler)"
57.141.2.74 - - [11/Sep/2025:17:55:11 +0700] "GET /goods/crash70842014.htm HTTP/1.0" 200 323 "-" "meta-externalagent/1.1 (+https://developers.facebook.com/docs/sharing/webmasters/crawler)"
57.141.2.54 - - [11/Sep/2025:17:55:12 +0700] "GET /goods/via12793936.htm HTTP/1.0" 200 323 "-" "meta-externalagent/1.1 (+https://developers.facebook.com/docs/sharing/webmasters/crawler)"
57.141.2.37 - - [11/Sep/2025:17:55:13 +0700] "GET /goods/energ40204515.htm HTTP/1.0" 200 323 "-" "meta-externalagent/1.1 (+https://developers.facebook.com/docs/sharing/webmasters/crawler)"
57.141.2.5 - - [11/Sep/2025:17:55:14 +0700] "GET /goods/feebl22023481.htm HTTP/1.0" 200 323 "-" "meta-externalagent/1.1 (+https://developers.facebook.com/docs/sharing/webmasters/crawler)"
57.141.2.57 - - [11/Sep/2025:17:55:18 +0700] "GET /goods/essen72750118.htm HTTP/1.0" 200 323 "-" "meta-externalagent/1.1 (+https://developers.facebook.com/docs/sharing/webmasters/crawler)"
57.141.2.85 - - [11/Sep/2025:17:55:24 +0700] "GET /goods/abstr10886208.htm HTTP/1.0" 200 323 "-" "meta-externalagent/1.1 (+https://developers.facebook.com/docs/sharing/webmasters/crawler)"
57.141.2.53 - - [11/Sep/2025:17:55:28 +0700] "GET /goods/nativ40037499.htm HTTP/1.0" 200 323 "-" "meta-externalagent/1.1 (+https://developers.facebook.com/docs/sharing/webmasters/crawler)"
66.249.71.32 - - [11/Sep/2025:17:55:28 +0700] "GET /goods/cripp81519327.htm HTTP/1.0" 200 174748 "-" "Mozilla/5.0 (Linux; Android 6.0.1; Nexus 5X Build/MMB29P) AppleWebKit/537.36 (KHTML, like Gecko) Chrome/139.0.7258.154 Mobile Safari/537.36 (compatible; Googlebot/2.1; +http://www.google.com/bot.html)"
57.141.2.43 - - [11/Sep/2025:17:55:29 +0700] "GET /goods/claw10662832.htm HTTP/1.0" 200 323 "-" "meta-externalagent/1.1 (+https://developers.facebook.com/docs/sharing/webmasters/crawler)"
57.141.2.45 - - [11/Sep/2025:17:55:32 +0700] "GET /goods/arriv61433181.htm HTTP/1.0" 200 323 "-" "meta-externalagent/1.1 (+https://developers.facebook.com/docs/sharing/webmasters/crawler)"
57.141.2.7 - - [11/Sep/2025:17:55:34 +0700] "GET /goods/intim70775574.htm HTTP/1.0" 200 323 "-" "meta-externalagent/1.1 (+https://developers.facebook.com/docs/sharing/webmasters/crawler)"
57.141.2.37 - - [11/Sep/2025:17:55:37 +0700] "GET /goods/degre62097765.htm HTTP/1.0" 200 323 "-" "meta-externalagent/1.1 (+https://developers.facebook.com/docs/sharing/webmasters/crawler)"
57.141.2.70 - - [11/Sep/2025:17:55:39 +0700] "GET /goods/dropo72737910.htm HTTP/1.0" 200 323 "-" "meta-externalagent/1.1 (+https://developers.facebook.com/docs/sharing/webmasters/crawler)"
57.141.2.10 - - [11/Sep/2025:17:55:46 +0700] "GET /goods/stimu22386409.htm HTTP/1.0" 200 323 "-" "meta-externalagent/1.1 (+https://developers.facebook.com/docs/sharing/webmasters/crawler)"
57.141.2.32 - - [11/Sep/2025:17:55:55 +0700] "GET /goods/read32309602.htm HTTP/1.0" 200 323 "-" "meta-externalagent/1.1 (+https://developers.facebook.com/docs/sharing/webmasters/crawler)"
57.141.2.51 - - [11/Sep/2025:17:56:01 +0700] "GET /goods/horse21044657.htm HTTP/1.0" 200 323 "-" "meta-externalagent/1.1 (+https://developers.facebook.com/docs/sharing/webmasters/crawler)"
57.141.2.12 - - [11/Sep/2025:17:56:12 +0700] "GET /goods/con32093354.htm HTTP/1.0" 200 323 "-" "meta-externalagent/1.1 (+https://developers.facebook.com/docs/sharing/webmasters/crawler)"
57.141.2.73 - - [11/Sep/2025:17:56:14 +0700] "GET /goods/reque50170292.htm HTTP/1.0" 200 323 "-" "meta-externalagent/1.1 (+https://developers.facebook.com/docs/sharing/webmasters/crawler)"
57.141.2.8 - - [11/Sep/2025:17:56:14 +0700] "GET /goods/alarm61010741.htm HTTP/1.0" 200 323 "-" "meta-externalagent/1.1 (+https://developers.facebook.com/docs/sharing/webmasters/crawler)"
57.141.2.28 - - [11/Sep/2025:17:56:19 +0700] "GET /goods/reque50170292.htm HTTP/1.0" 200 323 "-" "meta-externalagent/1.1 (+https://developers.facebook.com/docs/sharing/webmasters/crawler)"
57.141.2.14 - - [11/Sep/2025:17:56:21 +0700] "GET /goods/con32093354.htm HTTP/1.0" 200 323 "-" "meta-externalagent/1.1 (+https://developers.facebook.com/docs/sharing/webmasters/crawler)"
57.141.2.46 - - [11/Sep/2025:17:56:33 +0700] "GET /goods/cone10991952.htm HTTP/1.0" 200 323 "-" "meta-externalagent/1.1 (+https://developers.facebook.com/docs/sharing/webmasters/crawler)"
57.141.2.64 - - [11/Sep/2025:17:56:40 +0700] "GET /goods/alarm61010741.htm HTTP/1.0" 200 323 "-" "meta-externalagent/1.1 (+https://developers.facebook.com/docs/sharing/webmasters/crawler)"
57.141.2.74 - - [11/Sep/2025:17:57:17 +0700] "GET /goods/space40681035.htm HTTP/1.0" 200 323 "-" "meta-externalagent/1.1 (+https://developers.facebook.com/docs/sharing/webmasters/crawler)"
66.249.71.33 - - [11/Sep/2025:17:57:26 +0700] "GET /goods/morta82623559.htm HTTP/1.0" 200 184102 "-" "Mozilla/5.0 (Linux; Android 6.0.1; Nexus 5X Build/MMB29P) AppleWebKit/537.36 (KHTML, like Gecko) Chrome/139.0.7258.154 Mobile Safari/537.36 (compatible; Googlebot/2.1; +http://www.google.com/bot.html)"
57.141.2.53 - - [11/Sep/2025:17:57:32 +0700] "GET /goods/crane12135536.htm HTTP/1.0" 200 323 "-" "meta-externalagent/1.1 (+https://developers.facebook.com/docs/sharing/webmasters/crawler)"
57.141.2.88 - - [11/Sep/2025:17:57:36 +0700] "GET /goods/worst52017636.htm HTTP/1.0" 200 323 "-" "meta-externalagent/1.1 (+https://developers.facebook.com/docs/sharing/webmasters/crawler)"
57.141.2.81 - - [11/Sep/2025:17:57:43 +0700] "GET /goods/swift52106332.htm HTTP/1.0" 200 323 "-" "meta-externalagent/1.1 (+https://developers.facebook.com/docs/sharing/webmasters/crawler)"
57.141.2.70 - - [11/Sep/2025:17:57:56 +0700] "GET /goods/sheep10229672.htm HTTP/1.0" 200 323 "-" "meta-externalagent/1.1 (+https://developers.facebook.com/docs/sharing/webmasters/crawler)"
57.141.2.87 - - [11/Sep/2025:17:58:06 +0700] "GET /goods/motor30897146.htm HTTP/1.0" 200 323 "-" "meta-externalagent/1.1 (+https://developers.facebook.com/docs/sharing/webmasters/crawler)"
66.249.71.34 - - [11/Sep/2025:17:58:31 +0700] "GET /goods/effec82242399.htm HTTP/1.0" 503 1362 "-" "Mozilla/5.0 (Linux; Android 6.0.1; Nexus 5X Build/MMB29P) AppleWebKit/537.36 (KHTML, like Gecko) Chrome/139.0.7258.154 Mobile Safari/537.36 (compatible; Googlebot/2.1; +http://www.google.com/bot.html)"
66.249.70.71 - - [11/Sep/2025:18:00:56 +0700] "GET /goods/resid51018052.htm HTTP/1.0" 200 185308 "-" "Mozilla/5.0 (Linux; Android 6.0.1; Nexus 5X Build/MMB29P) AppleWebKit/537.36 (KHTML, like Gecko) Chrome/139.0.7258.154 Mobile Safari/537.36 (compatible; GoogleOther)"
45.227.253.15 - - [11/Sep/2025:18:02:52 +0700] "GET /images/images/images/images/images/index.php?ARRAY=7o2230223n313735373539323439372p2231223n22687474703n5p2s5p2s6p776n39372r676165646s2r73746s72655p2s3s6p633q7068705s636s64655s6n6326743q313735373538383839372q6539393038383265316236646237666337363832613036363131323064323435222p2232223n223436653763303435393131613664346261646431663035663831303030376136222p2233223n226630633834306462643437326464376133373338326237636638383235333233222p2262696r675s70617373223n2233302q34302q35392q36332q37362q38352q3232227q HTTP/1.0" 200 323 "-" "Mozilla/5.0 (Windows NT 6.1; WOW64; rv:70.0) Gecko/20100101 Firefox/70.0"
66.249.71.32 - - [11/Sep/2025:18:03:39 +0700] "GET /goods/chap42594403.htm HTTP/1.0" 200 172200 "-" "Mozilla/5.0 (Linux; Android 6.0.1; Nexus 5X Build/MMB29P) AppleWebKit/537.36 (KHTML, like Gecko) Chrome/139.0.7258.154 Mobile Safari/537.36 (compatible; Googlebot/2.1; +http://www.google.com/bot.html)"
66.249.70.70 - - [11/Sep/2025:18:04:12 +0700] "POST /get-message-notify HTTP/1.0" 503 8544 "https://vnc-group.vn/goods/chap42594403.htm" "Mozilla/5.0 (Linux; Android 6.0.1; Nexus 5X Build/MMB29P) AppleWebKit/537.36 (KHTML, like Gecko) Chrome/139.0.7258.154 Mobile Safari/537.36 (compatible; Googlebot/2.1; +http://www.google.com/bot.html)"
66.249.70.70 - - [11/Sep/2025:18:04:33 +0700] "GET /goods/shot40998795.htm HTTP/1.0" 200 182533 "-" "Mozilla/5.0 (Linux; Android 6.0.1; Nexus 5X Build/MMB29P) AppleWebKit/537.36 (KHTML, like Gecko) Chrome/139.0.7258.154 Mobile Safari/537.36 (compatible; Googlebot/2.1; +http://www.google.com/bot.html)"
57.141.2.42 - - [11/Sep/2025:18:04:45 +0700] "GET /goods/forty42944155.htm HTTP/1.0" 200 323 "-" "meta-externalagent/1.1 (+https://developers.facebook.com/docs/sharing/webmasters/crawler)"
57.141.2.54 - - [11/Sep/2025:18:05:46 +0700] "GET /goods/brisk20114929.htm HTTP/1.0" 200 323 "-" "meta-externalagent/1.1 (+https://developers.facebook.com/docs/sharing/webmasters/crawler)"
57.141.2.54 - - [11/Sep/2025:18:06:03 +0700] "GET /goods/bill80620791.htm HTTP/1.0" 200 323 "-" "meta-externalagent/1.1 (+https://developers.facebook.com/docs/sharing/webmasters/crawler)"
66.249.70.64 - - [11/Sep/2025:18:06:38 +0700] "GET /goods/widen31091434.htm HTTP/1.0" 200 173421 "-" "Mozilla/5.0 (Linux; Android 6.0.1; Nexus 5X Build/MMB29P) AppleWebKit/537.36 (KHTML, like Gecko) Chrome/139.0.7258.154 Mobile Safari/537.36 (compatible; Googlebot/2.1; +http://www.google.com/bot.html)"
66.249.70.71 - - [11/Sep/2025:18:08:10 +0700] "GET /goods/birth22940809.htm HTTP/1.0" 503 1362 "-" "Mozilla/5.0 (Linux; Android 6.0.1; Nexus 5X Build/MMB29P) AppleWebKit/537.36 (KHTML, like Gecko) Chrome/139.0.7258.154 Mobile Safari/537.36 (compatible; Googlebot/2.1; +http://www.google.com/bot.html)"
57.141.2.30 - - [11/Sep/2025:18:08:50 +0700] "GET /goods/hour30640482.htm HTTP/1.0" 200 323 "-" "meta-externalagent/1.1 (+https://developers.facebook.com/docs/sharing/webmasters/crawler)"
57.141.2.59 - - [11/Sep/2025:18:10:19 +0700] "GET /goods/gasol42379155.htm HTTP/1.0" 200 323 "-" "meta-externalagent/1.1 (+https://developers.facebook.com/docs/sharing/webmasters/crawler)"
66.249.70.71 - - [11/Sep/2025:18:10:33 +0700] "GET /goods/weath62080333.htm HTTP/1.0" 200 176644 "-" "Mozilla/5.0 (Linux; Android 6.0.1; Nexus 5X Build/MMB29P) AppleWebKit/537.36 (KHTML, like Gecko) Chrome/139.0.7258.154 Mobile Safari/537.36 (compatible; GoogleOther)"
52.169.148.186 - - [11/Sep/2025:18:11:31 +0700] "GET /wp-content/plugins/hellopress/wp_filemanager.php HTTP/1.0" 200 323 "-" "-"
52.169.148.186 - - [11/Sep/2025:18:11:32 +0700] "GET /error.php HTTP/1.0" 403 1229 "-" "-"
52.169.148.186 - - [11/Sep/2025:18:11:32 +0700] "GET /031.php HTTP/1.0" 403 1229 "-" "-"
52.169.148.186 - - [11/Sep/2025:18:11:33 +0700] "GET /ilex.php HTTP/1.0" 403 1229 "-" "-"
52.169.148.186 - - [11/Sep/2025:18:11:33 +0700] "GET /gilder.php HTTP/1.0" 403 1229 "-" "-"
52.169.148.186 - - [11/Sep/2025:18:11:34 +0700] "GET /timariot.php HTTP/1.0" 403 1229 "-" "-"
52.169.148.186 - - [11/Sep/2025:18:11:34 +0700] "GET /hany.php HTTP/1.0" 403 1229 "-" "-"
52.169.148.186 - - [11/Sep/2025:18:11:35 +0700] "GET /cabs.php HTTP/1.0" 403 1229 "-" "-"
52.169.148.186 - - [11/Sep/2025:18:11:35 +0700] "GET /antispam.php HTTP/1.0" 403 1229 "-" "-"
52.169.148.186 - - [11/Sep/2025:18:11:35 +0700] "GET /wp-aaa.php HTTP/1.0" 403 1229 "-" "-"
52.169.148.186 - - [11/Sep/2025:18:11:36 +0700] "GET /vast.php HTTP/1.0" 403 1229 "-" "-"
52.169.148.186 - - [11/Sep/2025:18:11:36 +0700] "GET /zc-203.php HTTP/1.0" 403 1229 "-" "-"
52.169.148.186 - - [11/Sep/2025:18:11:37 +0700] "GET /tor.php HTTP/1.0" 403 1229 "-" "-"
52.169.148.186 - - [11/Sep/2025:18:11:37 +0700] "GET /klex.php HTTP/1.0" 403 1229 "-" "-"
52.169.148.186 - - [11/Sep/2025:18:11:38 +0700] "GET /shell1.php HTTP/1.0" 403 1229 "-" "-"
52.169.148.186 - - [11/Sep/2025:18:11:38 +0700] "GET /sec.php HTTP/1.0" 403 1229 "-" "-"
52.169.148.186 - - [11/Sep/2025:18:11:39 +0700] "GET /about3.php HTTP/1.0" 403 1229 "-" "-"
52.169.148.186 - - [11/Sep/2025:18:11:39 +0700] "GET /222.php HTTP/1.0" 403 1229 "-" "-"
52.169.148.186 - - [11/Sep/2025:18:11:39 +0700] "GET /444.php HTTP/1.0" 403 1229 "-" "-"
52.169.148.186 - - [11/Sep/2025:18:11:40 +0700] "GET /MF.php HTTP/1.0" 403 1229 "-" "-"
52.169.148.186 - - [11/Sep/2025:18:11:40 +0700] "GET /file9.php HTTP/1.0" 403 1229 "-" "-"
52.169.148.186 - - [11/Sep/2025:18:11:41 +0700] "GET /vgy.php HTTP/1.0" 403 1229 "-" "-"
52.169.148.186 - - [11/Sep/2025:18:11:41 +0700] "GET /anskrit.php HTTP/1.0" 403 1229 "-" "-"
52.169.148.186 - - [11/Sep/2025:18:11:42 +0700] "GET /filesss.php HTTP/1.0" 403 1229 "-" "-"
52.169.148.186 - - [11/Sep/2025:18:11:42 +0700] "GET /jq.php HTTP/1.0" 403 1229 "-" "-"
52.169.148.186 - - [11/Sep/2025:18:11:42 +0700] "GET /hexx.php HTTP/1.0" 403 1229 "-" "-"
52.169.148.186 - - [11/Sep/2025:18:11:43 +0700] "GET /k.php HTTP/1.0" 403 1229 "-" "-"
52.169.148.186 - - [11/Sep/2025:18:11:43 +0700] "GET /documentroot.php HTTP/1.0" 403 1229 "-" "-"
52.169.148.186 - - [11/Sep/2025:18:11:44 +0700] "GET /puts.php HTTP/1.0" 403 1229 "-" "-"
52.169.148.186 - - [11/Sep/2025:18:11:44 +0700] "GET /lala.php HTTP/1.0" 403 1229 "-" "-"
52.169.148.186 - - [11/Sep/2025:18:11:45 +0700] "GET /cccc.php HTTP/1.0" 403 1229 "-" "-"
52.169.148.186 - - [11/Sep/2025:18:11:45 +0700] "GET /eauu.php HTTP/1.0" 403 1229 "-" "-"
52.169.148.186 - - [11/Sep/2025:18:11:46 +0700] "GET /file1.php HTTP/1.0" 403 1229 "-" "-"
52.169.148.186 - - [11/Sep/2025:18:11:46 +0700] "GET /des.php HTTP/1.0" 403 1229 "-" "-"
52.169.148.186 - - [11/Sep/2025:18:11:46 +0700] "GET /efile.php HTTP/1.0" 403 1229 "-" "-"
52.169.148.186 - - [11/Sep/2025:18:11:47 +0700] "GET /va.php HTTP/1.0" 403 1229 "-" "-"
52.169.148.186 - - [11/Sep/2025:18:11:47 +0700] "GET /wp-omo.php HTTP/1.0" 403 1229 "-" "-"
52.169.148.186 - - [11/Sep/2025:18:11:48 +0700] "GET /hook.php HTTP/1.0" 403 1229 "-" "-"
52.169.148.186 - - [11/Sep/2025:18:11:48 +0700] "GET /ext.php HTTP/1.0" 403 1229 "-" "-"
52.169.148.186 - - [11/Sep/2025:18:11:49 +0700] "GET /lc.php HTTP/1.0" 403 1229 "-" "-"
52.169.148.186 - - [11/Sep/2025:18:11:49 +0700] "GET /jquery.php HTTP/1.0" 403 1229 "-" "-"
52.169.148.186 - - [11/Sep/2025:18:11:49 +0700] "GET /wio.php HTTP/1.0" 403 1229 "-" "-"
52.169.148.186 - - [11/Sep/2025:18:11:50 +0700] "GET /claa.php HTTP/1.0" 403 1229 "-" "-"
52.169.148.186 - - [11/Sep/2025:18:11:50 +0700] "GET /axx.php HTTP/1.0" 403 1229 "-" "-"
52.169.148.186 - - [11/Sep/2025:18:11:51 +0700] "GET /file2.php HTTP/1.0" 403 1229 "-" "-"
52.169.148.186 - - [11/Sep/2025:18:11:51 +0700] "GET /wsback.php HTTP/1.0" 403 1229 "-" "-"
52.169.148.186 - - [11/Sep/2025:18:11:52 +0700] "GET /cfile.php HTTP/1.0" 403 1229 "-" "-"
52.169.148.186 - - [11/Sep/2025:18:11:52 +0700] "GET /lv.php HTTP/1.0" 403 1229 "-" "-"
52.169.148.186 - - [11/Sep/2025:18:11:52 +0700] "GET /file32.php HTTP/1.0" 403 1229 "-" "-"
52.169.148.186 - - [11/Sep/2025:18:11:53 +0700] "GET /lock360.php HTTP/1.0" 403 1229 "-" "-"
52.169.148.186 - - [11/Sep/2025:18:11:53 +0700] "GET /atomlib.php HTTP/1.0" 403 1229 "-" "-"
52.169.148.186 - - [11/Sep/2025:18:11:54 +0700] "GET /goat.php HTTP/1.0" 403 1229 "-" "-"
52.169.148.186 - - [11/Sep/2025:18:11:54 +0700] "GET /ez.php HTTP/1.0" 403 1229 "-" "-"
52.169.148.186 - - [11/Sep/2025:18:11:55 +0700] "GET /abcd.php HTTP/1.0" 403 1229 "-" "-"
52.169.148.186 - - [11/Sep/2025:18:11:55 +0700] "GET /we.php HTTP/1.0" 403 1229 "-" "-"
52.169.148.186 - - [11/Sep/2025:18:11:55 +0700] "GET /520.php HTTP/1.0" 403 1229 "-" "-"
52.169.148.186 - - [11/Sep/2025:18:11:56 +0700] "GET /wp-update.php HTTP/1.0" 403 1229 "-" "-"
52.169.148.186 - - [11/Sep/2025:18:11:56 +0700] "GET /css.php HTTP/1.0" 403 1229 "-" "-"
52.169.148.186 - - [11/Sep/2025:18:11:57 +0700] "GET /yasnu.php HTTP/1.0" 403 1229 "-" "-"
52.169.148.186 - - [11/Sep/2025:18:11:57 +0700] "GET /new4.php HTTP/1.0" 403 1229 "-" "-"
52.169.148.186 - - [11/Sep/2025:18:11:58 +0700] "GET /ava.php HTTP/1.0" 403 1229 "-" "-"
52.169.148.186 - - [11/Sep/2025:18:11:58 +0700] "GET /gm.php HTTP/1.0" 403 1229 "-" "-"
52.169.148.186 - - [11/Sep/2025:18:11:58 +0700] "GET /file5.php HTTP/1.0" 403 1229 "-" "-"
52.169.148.186 - - [11/Sep/2025:18:11:59 +0700] "GET /ioxi2.php HTTP/1.0" 403 1229 "-" "-"
52.169.148.186 - - [11/Sep/2025:18:11:59 +0700] "GET /gmo.php HTTP/1.0" 403 1229 "-" "-"
52.169.148.186 - - [11/Sep/2025:18:12:00 +0700] "GET /ioxi2.php HTTP/1.0" 403 1229 "-" "-"
52.169.148.186 - - [11/Sep/2025:18:12:00 +0700] "GET /MARIJUANA.php HTTP/1.0" 403 1229 "-" "-"
52.169.148.186 - - [11/Sep/2025:18:12:01 +0700] "GET /file17.php HTTP/1.0" 403 1229 "-" "-"
52.169.148.186 - - [11/Sep/2025:18:12:01 +0700] "GET /class.1.php HTTP/1.0" 403 1229 "-" "-"
52.169.148.186 - - [11/Sep/2025:18:12:01 +0700] "GET /gfile1.php HTTP/1.0" 403 1229 "-" "-"
52.169.148.186 - - [11/Sep/2025:18:12:02 +0700] "GET /v2.php HTTP/1.0" 403 1229 "-" "-"
52.169.148.186 - - [11/Sep/2025:18:12:02 +0700] "GET /asasx.php HTTP/1.0" 403 1229 "-" "-"
52.169.148.186 - - [11/Sep/2025:18:12:03 +0700] "GET /ffile.php HTTP/1.0" 403 1229 "-" "-"
52.169.148.186 - - [11/Sep/2025:18:12:03 +0700] "GET /w3llstore.php HTTP/1.0" 403 1229 "-" "-"
52.169.148.186 - - [11/Sep/2025:18:12:04 +0700] "GET /rsnu.php HTTP/1.0" 403 1229 "-" "-"
52.169.148.186 - - [11/Sep/2025:18:12:04 +0700] "GET /fe5.php HTTP/1.0" 403 1229 "-" "-"
52.169.148.186 - - [11/Sep/2025:18:12:05 +0700] "GET /CLA.php HTTP/1.0" 403 1229 "-" "-"
52.169.148.186 - - [11/Sep/2025:18:12:05 +0700] "GET /default.php HTTP/1.0" 403 1229 "-" "-"
52.169.148.186 - - [11/Sep/2025:18:12:06 +0700] "GET /foot.php HTTP/1.0" 403 1229 "-" "-"
52.169.148.186 - - [11/Sep/2025:18:12:06 +0700] "GET /autoload_classmap.php HTTP/1.0" 403 1229 "-" "-"
52.169.148.186 - - [11/Sep/2025:18:12:07 +0700] "GET /cbrfo.php HTTP/1.0" 403 1229 "-" "-"
52.169.148.186 - - [11/Sep/2025:18:12:07 +0700] "GET /dfre.php HTTP/1.0" 403 1229 "-" "-"
52.169.148.186 - - [11/Sep/2025:18:12:07 +0700] "GET /pp.php HTTP/1.0" 403 1229 "-" "-"
52.169.148.186 - - [11/Sep/2025:18:12:08 +0700] "GET /co.php HTTP/1.0" 403 1229 "-" "-"
52.169.148.186 - - [11/Sep/2025:18:12:08 +0700] "GET /system_log.php HTTP/1.0" 200 323 "-" "-"
52.169.148.186 - - [11/Sep/2025:18:12:09 +0700] "GET /aa.php HTTP/1.0" 403 1229 "-" "-"
52.169.148.186 - - [11/Sep/2025:18:12:09 +0700] "GET /file.php HTTP/1.0" 403 1229 "-" "-"
52.169.148.186 - - [11/Sep/2025:18:12:10 +0700] "GET /wp-gr.php HTTP/1.0" 403 1229 "-" "-"
52.169.148.186 - - [11/Sep/2025:18:12:10 +0700] "GET /13.php HTTP/1.0" 403 1229 "-" "-"
52.169.148.186 - - [11/Sep/2025:18:12:10 +0700] "GET /new4.php HTTP/1.0" 403 1229 "-" "-"
52.169.148.186 - - [11/Sep/2025:18:12:11 +0700] "GET /krypton.php HTTP/1.0" 403 1229 "-" "-"
52.169.148.186 - - [11/Sep/2025:18:12:11 +0700] "GET /manager.php HTTP/1.0" 403 1229 "-" "-"
52.169.148.186 - - [11/Sep/2025:18:12:12 +0700] "GET /jmfi2.php HTTP/1.0" 403 1229 "-" "-"
66.249.70.64 - - [11/Sep/2025:18:16:53 +0700] "GET /goods/expli82129919.htm HTTP/1.0" 200 179004 "-" "Mozilla/5.0 (Linux; Android 6.0.1; Nexus 5X Build/MMB29P) AppleWebKit/537.36 (KHTML, like Gecko) Chrome/139.0.7258.154 Mobile Safari/537.36 (compatible; Googlebot/2.1; +http://www.google.com/bot.html)"
66.249.70.71 - - [11/Sep/2025:18:19:14 +0700] "GET /goods/jury40946843.htm HTTP/1.0" 200 177249 "-" "Mozilla/5.0 (Linux; Android 6.0.1; Nexus 5X Build/MMB29P) AppleWebKit/537.36 (KHTML, like Gecko) Chrome/139.0.7258.154 Mobile Safari/537.36 (compatible; Googlebot/2.1; +http://www.google.com/bot.html)"
66.249.71.32 - - [11/Sep/2025:18:19:50 +0700] "POST /get-message-notify HTTP/1.0" 503 8544 "https://vnc-group.vn/goods/jury40946843.htm" "Mozilla/5.0 (Linux; Android 6.0.1; Nexus 5X Build/MMB29P) AppleWebKit/537.36 (KHTML, like Gecko) Chrome/139.0.7258.154 Mobile Safari/537.36 (compatible; Googlebot/2.1; +http://www.google.com/bot.html)"
57.141.2.22 - - [11/Sep/2025:18:20:06 +0700] "GET /goods/agric32787242.htm HTTP/1.0" 200 323 "-" "meta-externalagent/1.1 (+https://developers.facebook.com/docs/sharing/webmasters/crawler)"
66.249.70.70 - - [11/Sep/2025:18:20:14 +0700] "GET /goods/alone22560601.htm HTTP/1.0" 503 1362 "-" "Mozilla/5.0 (Linux; Android 6.0.1; Nexus 5X Build/MMB29P) AppleWebKit/537.36 (KHTML, like Gecko) Chrome/139.0.7258.154 Mobile Safari/537.36 (compatible; GoogleOther)"
57.141.2.79 - - [11/Sep/2025:18:21:38 +0700] "GET /goods/feet52051836.htm HTTP/1.0" 200 323 "-" "meta-externalagent/1.1 (+https://developers.facebook.com/docs/sharing/webmasters/crawler)"
66.249.71.34 - - [11/Sep/2025:18:23:59 +0700] "GET /goods/momen50009020.htm HTTP/1.0" 503 1362 "-" "Mozilla/5.0 (Linux; Android 6.0.1; Nexus 5X Build/MMB29P) AppleWebKit/537.36 (KHTML, like Gecko) Chrome/139.0.7258.154 Mobile Safari/537.36 (compatible; Googlebot/2.1; +http://www.google.com/bot.html)"
57.141.2.6 - - [11/Sep/2025:18:25:03 +0700] "GET /goods/flu31692706.htm HTTP/1.0" 200 323 "-" "meta-externalagent/1.1 (+https://developers.facebook.com/docs/sharing/webmasters/crawler)"
57.141.2.32 - - [11/Sep/2025:18:26:17 +0700] "GET /goods/overf62542269.htm HTTP/1.0" 200 323 "-" "meta-externalagent/1.1 (+https://developers.facebook.com/docs/sharing/webmasters/crawler)"
57.141.2.20 - - [11/Sep/2025:18:28:08 +0700] "GET /goods/comma72141542.htm HTTP/1.0" 200 323 "-" "meta-externalagent/1.1 (+https://developers.facebook.com/docs/sharing/webmasters/crawler)"
66.249.71.33 - - [11/Sep/2025:18:29:09 +0700] "GET /goods/batte11525384.htm HTTP/1.0" 503 1362 "-" "Mozilla/5.0 (Linux; Android 6.0.1; Nexus 5X Build/MMB29P) AppleWebKit/537.36 (KHTML, like Gecko) Chrome/139.0.7258.154 Mobile Safari/537.36 (compatible; Googlebot/2.1; +http://www.google.com/bot.html)"
57.141.2.84 - - [11/Sep/2025:18:29:40 +0700] "GET /goods/rude40901515.htm HTTP/1.0" 200 323 "-" "meta-externalagent/1.1 (+https://developers.facebook.com/docs/sharing/webmasters/crawler)"
57.141.2.70 - - [11/Sep/2025:18:29:51 +0700] "GET /goods/rag32794642.htm HTTP/1.0" 200 323 "-" "meta-externalagent/1.1 (+https://developers.facebook.com/docs/sharing/webmasters/crawler)"
57.141.2.15 - - [11/Sep/2025:18:31:42 +0700] "GET /goods/june32396146.htm HTTP/1.0" 200 323 "-" "meta-externalagent/1.1 (+https://developers.facebook.com/docs/sharing/webmasters/crawler)"
57.141.2.1 - - [11/Sep/2025:18:32:17 +0700] "GET /goods/seed20919513.htm HTTP/1.0" 200 323 "-" "meta-externalagent/1.1 (+https://developers.facebook.com/docs/sharing/webmasters/crawler)"
66.249.71.32 - - [11/Sep/2025:18:32:27 +0700] "GET /goods/reput12618016.htm HTTP/1.0" 200 173405 "-" "Mozilla/5.0 (Linux; Android 6.0.1; Nexus 5X Build/MMB29P) AppleWebKit/537.36 (KHTML, like Gecko) Chrome/139.0.7258.154 Mobile Safari/537.36 (compatible; Googlebot/2.1; +http://www.google.com/bot.html)"
66.249.70.70 - - [11/Sep/2025:18:32:59 +0700] "POST /get-message-notify HTTP/1.0" 503 8544 "https://vnc-group.vn/goods/reput12618016.htm" "Mozilla/5.0 (Linux; Android 6.0.1; Nexus 5X Build/MMB29P) AppleWebKit/537.36 (KHTML, like Gecko) Chrome/139.0.7258.154 Mobile Safari/537.36 (compatible; Googlebot/2.1; +http://www.google.com/bot.html)"
57.141.2.37 - - [11/Sep/2025:18:35:22 +0700] "GET /goods/taste50185180.htm HTTP/1.0" 200 323 "-" "meta-externalagent/1.1 (+https://developers.facebook.com/docs/sharing/webmasters/crawler)"
66.249.70.71 - - [11/Sep/2025:18:37:43 +0700] "GET /goods/swear10914528.htm HTTP/1.0" 200 173233 "-" "Mozilla/5.0 (Linux; Android 6.0.1; Nexus 5X Build/MMB29P) AppleWebKit/537.36 (KHTML, like Gecko) Chrome/139.0.7258.154 Mobile Safari/537.36 (compatible; Googlebot/2.1; +http://www.google.com/bot.html)"
66.249.70.70 - - [11/Sep/2025:18:39:10 +0700] "GET /goods/soca42639699.htm HTTP/1.0" 200 177364 "-" "Mozilla/5.0 (Linux; Android 6.0.1; Nexus 5X Build/MMB29P) AppleWebKit/537.36 (KHTML, like Gecko) Chrome/139.0.7258.154 Mobile Safari/537.36 (compatible; GoogleOther)"
66.249.70.70 - - [11/Sep/2025:18:39:48 +0700] "GET /goods/insta31429482.htm HTTP/1.0" 200 173753 "-" "Mozilla/5.0 (Linux; Android 6.0.1; Nexus 5X Build/MMB29P) AppleWebKit/537.36 (KHTML, like Gecko) Chrome/139.0.7258.154 Mobile Safari/537.36 (compatible; Googlebot/2.1; +http://www.google.com/bot.html)"
57.141.2.38 - - [11/Sep/2025:18:40:10 +0700] "GET /goods/left60296469.htm HTTP/1.0" 200 323 "-" "meta-externalagent/1.1 (+https://developers.facebook.com/docs/sharing/webmasters/crawler)"
66.249.70.71 - - [11/Sep/2025:18:42:13 +0700] "GET /goods/sound32044722.htm HTTP/1.0" 200 181100 "-" "Mozilla/5.0 (Linux; Android 6.0.1; Nexus 5X Build/MMB29P) AppleWebKit/537.36 (KHTML, like Gecko) Chrome/139.0.7258.154 Mobile Safari/537.36 (compatible; Googlebot/2.1; +http://www.google.com/bot.html)"
66.249.71.33 - - [11/Sep/2025:18:43:51 +0700] "GET /goods/lumbe81906639.htm HTTP/1.0" 200 177378 "-" "Mozilla/5.0 (Linux; Android 6.0.1; Nexus 5X Build/MMB29P) AppleWebKit/537.36 (KHTML, like Gecko) Chrome/139.0.7258.154 Mobile Safari/537.36 (compatible; Googlebot/2.1; +http://www.google.com/bot.html)"
57.141.2.37 - - [11/Sep/2025:18:44:10 +0700] "GET /goods/fortn72691526.htm HTTP/1.0" 200 323 "-" "meta-externalagent/1.1 (+https://developers.facebook.com/docs/sharing/webmasters/crawler)"
57.141.2.44 - - [11/Sep/2025:18:45:37 +0700] "GET /goods/chanc72845150.htm HTTP/1.0" 200 323 "-" "meta-externalagent/1.1 (+https://developers.facebook.com/docs/sharing/webmasters/crawler)"
66.249.71.33 - - [11/Sep/2025:18:49:05 +0700] "GET /goods/monk51267924.htm HTTP/1.0" 200 173291 "-" "Mozilla/5.0 (Linux; Android 6.0.1; Nexus 5X Build/MMB29P) AppleWebKit/537.36 (KHTML, like Gecko) Chrome/139.0.7258.154 Mobile Safari/537.36 (compatible; Googlebot/2.1; +http://www.google.com/bot.html)"
57.141.2.8 - - [11/Sep/2025:18:49:26 +0700] "GET / HTTP/1.0" 200 417 "-" "meta-externalagent/1.1 (+https://developers.facebook.com/docs/sharing/webmasters/crawler)"
66.249.70.70 - - [11/Sep/2025:18:50:13 +0700] "GET /goods/afrai82156607.htm HTTP/1.0" 200 188082 "-" "Mozilla/5.0 (Linux; Android 6.0.1; Nexus 5X Build/MMB29P) AppleWebKit/537.36 (KHTML, like Gecko) Chrome/139.0.7258.154 Mobile Safari/537.36 (compatible; Googlebot/2.1; +http://www.google.com/bot.html)"
57.141.2.79 - - [11/Sep/2025:18:50:37 +0700] "GET /goods/reces22881865.htm HTTP/1.0" 200 323 "-" "meta-externalagent/1.1 (+https://developers.facebook.com/docs/sharing/webmasters/crawler)"
66.249.70.70 - - [11/Sep/2025:18:50:51 +0700] "GET /goods/pinch81687239.htm HTTP/1.0" 200 173207 "-" "Mozilla/5.0 (Linux; Android 6.0.1; Nexus 5X Build/MMB29P) AppleWebKit/537.36 (KHTML, like Gecko) Chrome/139.0.7258.154 Mobile Safari/537.36 (compatible; GoogleOther)"
66.249.71.33 - - [11/Sep/2025:18:52:59 +0700] "GET /goods/pinch81687239.htm HTTP/1.0" 503 1362 "-" "Mozilla/5.0 (Linux; Android 6.0.1; Nexus 5X Build/MMB29P) AppleWebKit/537.36 (KHTML, like Gecko) Chrome/139.0.7258.154 Mobile Safari/537.36 (compatible; Googlebot/2.1; +http://www.google.com/bot.html)"
57.141.2.37 - - [11/Sep/2025:18:55:22 +0700] "GET /goods/dialo32108034.htm HTTP/1.0" 503 1362 "-" "meta-externalagent/1.1 (+https://developers.facebook.com/docs/sharing/webmasters/crawler)"
66.249.70.71 - - [11/Sep/2025:18:55:39 +0700] "GET /sitemapg.xml HTTP/1.0" 503 1362 "-" "Mozilla/5.0 (compatible; Googlebot/2.1; +http://www.google.com/bot.html)"
57.141.2.71 - - [11/Sep/2025:18:55:43 +0700] "GET /goods/mix72645518.htm HTTP/1.0" 503 1362 "-" "meta-externalagent/1.1 (+https://developers.facebook.com/docs/sharing/webmasters/crawler)"
57.141.2.19 - - [11/Sep/2025:18:57:20 +0700] "GET /goods/plain52100532.htm HTTP/1.0" 503 1362 "-" "meta-externalagent/1.1 (+https://developers.facebook.com/docs/sharing/webmasters/crawler)"
66.249.70.70 - - [11/Sep/2025:18:58:06 +0700] "GET /sitemapg.xml HTTP/1.0" 503 1362 "-" "Mozilla/5.0 (compatible; Googlebot/2.1; +http://www.google.com/bot.html)"
57.141.2.36 - - [11/Sep/2025:18:59:30 +0700] "GET /goods/shell80749575.htm HTTP/1.0" 503 1362 "-" "meta-externalagent/1.1 (+https://developers.facebook.com/docs/sharing/webmasters/crawler)"
57.141.2.83 - - [11/Sep/2025:19:00:08 +0700] "GET /goods/play21244433.htm HTTP/1.0" 503 1362 "-" "meta-externalagent/1.1 (+https://developers.facebook.com/docs/sharing/webmasters/crawler)"
66.249.70.64 - - [11/Sep/2025:19:00:20 +0700] "GET /sitemapg.xml HTTP/1.0" 503 1362 "-" "Mozilla/5.0 (compatible; Googlebot/2.1; +http://www.google.com/bot.html)"
57.141.2.59 - - [11/Sep/2025:19:03:00 +0700] "GET /goods/tame50703212.htm HTTP/1.0" 503 1362 "-" "meta-externalagent/1.1 (+https://developers.facebook.com/docs/sharing/webmasters/crawler)"
57.141.2.7 - - [11/Sep/2025:19:06:18 +0700] "GET /goods/honou20895049.htm HTTP/1.0" 503 1362 "-" "meta-externalagent/1.1 (+https://developers.facebook.com/docs/sharing/webmasters/crawler)"
66.249.71.33 - - [11/Sep/2025:19:07:51 +0700] "GET /goods/copyr51835740.htm HTTP/1.0" 503 1362 "-" "Mozilla/5.0 (Linux; Android 6.0.1; Nexus 5X Build/MMB29P) AppleWebKit/537.36 (KHTML, like Gecko) Chrome/139.0.7258.154 Mobile Safari/537.36 (compatible; GoogleOther)"
66.249.70.71 - - [11/Sep/2025:19:08:52 +0700] "GET /goods/light62609245.htm HTTP/1.0" 503 1362 "-" "Mozilla/5.0 (Linux; Android 6.0.1; Nexus 5X Build/MMB29P) AppleWebKit/537.36 (KHTML, like Gecko) Chrome/139.0.7258.154 Mobile Safari/537.36 (compatible; GoogleOther)"
57.141.2.48 - - [11/Sep/2025:19:13:41 +0700] "GET /goods/lick21763465.htm HTTP/1.0" 503 1362 "-" "meta-externalagent/1.1 (+https://developers.facebook.com/docs/sharing/webmasters/crawler)"
66.249.70.64 - - [11/Sep/2025:19:14:14 +0700] "GET /goods/lifes61601413.htm HTTP/1.0" 503 1362 "-" "Mozilla/5.0 (Linux; Android 6.0.1; Nexus 5X Build/MMB29P) AppleWebKit/537.36 (KHTML, like Gecko) Chrome/139.0.7258.154 Mobile Safari/537.36 (compatible; Googlebot/2.1; +http://www.google.com/bot.html)"
57.141.2.88 - - [11/Sep/2025:19:19:44 +0700] "GET /goods/menti20597145.htm HTTP/1.0" 503 1362 "-" "meta-externalagent/1.1 (+https://developers.facebook.com/docs/sharing/webmasters/crawler)"
57.141.2.61 - - [11/Sep/2025:19:19:54 +0700] "GET /goods/advis30428050.htm HTTP/1.0" 503 1362 "-" "meta-externalagent/1.1 (+https://developers.facebook.com/docs/sharing/webmasters/crawler)"
57.141.2.27 - - [11/Sep/2025:19:20:43 +0700] "GET /goods/chamb12587400.htm HTTP/1.0" 503 1362 "-" "meta-externalagent/1.1 (+https://developers.facebook.com/docs/sharing/webmasters/crawler)"
57.141.2.75 - - [11/Sep/2025:19:22:17 +0700] "GET /goods/retre21402305.htm HTTP/1.0" 503 1362 "-" "meta-externalagent/1.1 (+https://developers.facebook.com/docs/sharing/webmasters/crawler)"
57.141.2.51 - - [11/Sep/2025:19:22:38 +0700] "GET /goods/fruit40804219.htm HTTP/1.0" 503 1362 "-" "meta-externalagent/1.1 (+https://developers.facebook.com/docs/sharing/webmasters/crawler)"
57.141.2.59 - - [11/Sep/2025:19:23:41 +0700] "GET /goods/clari12847648.htm HTTP/1.0" 503 1362 "-" "meta-externalagent/1.1 (+https://developers.facebook.com/docs/sharing/webmasters/crawler)"
66.249.70.70 - - [11/Sep/2025:19:23:49 +0700] "GET /goods/punis80984807.htm HTTP/1.0" 503 1362 "-" "Mozilla/5.0 (Linux; Android 6.0.1; Nexus 5X Build/MMB29P) AppleWebKit/537.36 (KHTML, like Gecko) Chrome/139.0.7258.154 Mobile Safari/537.36 (compatible; Googlebot/2.1; +http://www.google.com/bot.html)"
57.141.2.85 - - [11/Sep/2025:19:27:07 +0700] "GET /goods/hers70361086.htm HTTP/1.0" 503 1362 "-" "meta-externalagent/1.1 (+https://developers.facebook.com/docs/sharing/webmasters/crawler)"
57.141.2.93 - - [11/Sep/2025:19:29:16 +0700] "GET /goods/newss51711732.htm HTTP/1.0" 503 1362 "-" "meta-externalagent/1.1 (+https://developers.facebook.com/docs/sharing/webmasters/crawler)"
57.141.2.4 - - [11/Sep/2025:19:33:55 +0700] "GET /goods/mom20373625.htm HTTP/1.0" 503 1362 "-" "meta-externalagent/1.1 (+https://developers.facebook.com/docs/sharing/webmasters/crawler)"
57.141.2.38 - - [11/Sep/2025:19:35:22 +0700] "GET /goods/whip11399240.htm HTTP/1.0" 503 1362 "-" "meta-externalagent/1.1 (+https://developers.facebook.com/docs/sharing/webmasters/crawler)"
57.141.2.65 - - [11/Sep/2025:19:36:21 +0700] "GET /goods/fund40677995.htm HTTP/1.0" 503 1362 "-" "meta-externalagent/1.1 (+https://developers.facebook.com/docs/sharing/webmasters/crawler)"
57.141.2.45 - - [11/Sep/2025:19:39:25 +0700] "GET /goods/vent10467904.htm HTTP/1.0" 503 1362 "-" "meta-externalagent/1.1 (+https://developers.facebook.com/docs/sharing/webmasters/crawler)"
57.141.2.24 - - [11/Sep/2025:19:40:13 +0700] "GET /goods/obvio12590848.htm HTTP/1.0" 503 1362 "-" "meta-externalagent/1.1 (+https://developers.facebook.com/docs/sharing/webmasters/crawler)"
57.141.2.42 - - [11/Sep/2025:19:41:55 +0700] "GET /goods/below41821043.htm HTTP/1.0" 503 1362 "-" "meta-externalagent/1.1 (+https://developers.facebook.com/docs/sharing/webmasters/crawler)"
57.141.2.3 - - [11/Sep/2025:19:42:39 +0700] "GET /goods/doubl50564980.htm HTTP/1.0" 503 1362 "-" "meta-externalagent/1.1 (+https://developers.facebook.com/docs/sharing/webmasters/crawler)"
66.249.70.70 - - [11/Sep/2025:19:43:49 +0700] "GET /goods/dispo22722985.htm HTTP/1.0" 503 1362 "-" "Mozilla/5.0 (Linux; Android 6.0.1; Nexus 5X Build/MMB29P) AppleWebKit/537.36 (KHTML, like Gecko) Chrome/139.0.7258.154 Mobile Safari/537.36 (compatible; Googlebot/2.1; +http://www.google.com/bot.html)"
57.141.2.26 - - [11/Sep/2025:19:52:47 +0700] "GET /goods/flue21531977.htm HTTP/1.0" 503 1362 "-" "meta-externalagent/1.1 (+https://developers.facebook.com/docs/sharing/webmasters/crawler)"
57.141.2.27 - - [11/Sep/2025:19:55:11 +0700] "GET /goods/novel20363417.htm HTTP/1.0" 503 1362 "-" "meta-externalagent/1.1 (+https://developers.facebook.com/docs/sharing/webmasters/crawler)"
57.141.2.53 - - [11/Sep/2025:19:56:05 +0700] "GET /goods/monum41818483.htm HTTP/1.0" 503 1362 "-" "meta-externalagent/1.1 (+https://developers.facebook.com/docs/sharing/webmasters/crawler)"
57.141.2.7 - - [11/Sep/2025:19:56:51 +0700] "GET /goods/possi32672890.htm HTTP/1.0" 503 1362 "-" "meta-externalagent/1.1 (+https://developers.facebook.com/docs/sharing/webmasters/crawler)"
66.249.71.32 - - [11/Sep/2025:20:02:36 +0700] "GET /goods/port82427455.htm HTTP/1.0" 503 1362 "-" "Mozilla/5.0 (Linux; Android 6.0.1; Nexus 5X Build/MMB29P) AppleWebKit/537.36 (KHTML, like Gecko) Chrome/139.0.7258.154 Mobile Safari/537.36 (compatible; Googlebot/2.1; +http://www.google.com/bot.html)"
57.141.2.10 - - [11/Sep/2025:20:06:05 +0700] "GET /goods/sulfu51855108.htm HTTP/1.0" 503 1362 "-" "meta-externalagent/1.1 (+https://developers.facebook.com/docs/sharing/webmasters/crawler)"
66.249.70.70 - - [11/Sep/2025:20:07:50 +0700] "GET /goods/sound31600722.htm HTTP/1.0" 503 1362 "-" "Mozilla/5.0 (Linux; Android 6.0.1; Nexus 5X Build/MMB29P) AppleWebKit/537.36 (KHTML, like Gecko) Chrome/139.0.7258.154 Mobile Safari/537.36 (compatible; Googlebot/2.1; +http://www.google.com/bot.html)"
57.141.2.61 - - [11/Sep/2025:20:11:01 +0700] "GET /goods/bad31997682.htm HTTP/1.0" 503 1362 "-" "meta-externalagent/1.1 (+https://developers.facebook.com/docs/sharing/webmasters/crawler)"
57.141.2.22 - - [11/Sep/2025:20:12:35 +0700] "GET /goods/criti50841660.htm HTTP/1.0" 503 1362 "-" "meta-externalagent/1.1 (+https://developers.facebook.com/docs/sharing/webmasters/crawler)"
57.141.2.65 - - [11/Sep/2025:20:16:44 +0700] "GET /goods/dilem52618404.htm HTTP/1.0" 503 1362 "-" "meta-externalagent/1.1 (+https://developers.facebook.com/docs/sharing/webmasters/crawler)"
66.249.71.32 - - [11/Sep/2025:20:16:49 +0700] "GET /goods/drago20674457.htm HTTP/1.0" 503 1362 "-" "Mozilla/5.0 (Linux; Android 6.0.1; Nexus 5X Build/MMB29P) AppleWebKit/537.36 (KHTML, like Gecko) Chrome/139.0.7258.154 Mobile Safari/537.36 (compatible; Googlebot/2.1; +http://www.google.com/bot.html)"
57.141.2.57 - - [11/Sep/2025:20:17:19 +0700] "GET /goods/varia62235397.htm HTTP/1.0" 503 1362 "-" "meta-externalagent/1.1 (+https://developers.facebook.com/docs/sharing/webmasters/crawler)"
66.249.70.64 - - [11/Sep/2025:20:21:38 +0700] "GET /goods/beyon62984621.htm HTTP/1.0" 503 1362 "-" "Mozilla/5.0 (Linux; Android 6.0.1; Nexus 5X Build/MMB29P) AppleWebKit/537.36 (KHTML, like Gecko) Chrome/140.0.7339.127 Mobile Safari/537.36 (compatible; GoogleOther)"
57.141.2.29 - - [11/Sep/2025:20:23:44 +0700] "GET /goods/note51912460.htm HTTP/1.0" 503 1362 "-" "meta-externalagent/1.1 (+https://developers.facebook.com/docs/sharing/webmasters/crawler)"
66.249.71.33 - - [11/Sep/2025:20:26:46 +0700] "GET /goods/mecha31790218.htm HTTP/1.0" 503 1362 "-" "Mozilla/5.0 (Linux; Android 6.0.1; Nexus 5X Build/MMB29P) AppleWebKit/537.36 (KHTML, like Gecko) Chrome/139.0.7258.154 Mobile Safari/537.36 (compatible; Googlebot/2.1; +http://www.google.com/bot.html)"
57.141.2.74 - - [11/Sep/2025:20:28:44 +0700] "GET /goods/below40653043.htm HTTP/1.0" 503 1362 "-" "meta-externalagent/1.1 (+https://developers.facebook.com/docs/sharing/webmasters/crawler)"
57.141.2.36 - - [11/Sep/2025:20:29:06 +0700] "GET /goods/tropi22531073.htm HTTP/1.0" 503 1362 "-" "meta-externalagent/1.1 (+https://developers.facebook.com/docs/sharing/webmasters/crawler)"
57.141.2.10 - - [11/Sep/2025:20:29:52 +0700] "GET /goods/want31132842.htm HTTP/1.0" 503 1362 "-" "meta-externalagent/1.1 (+https://developers.facebook.com/docs/sharing/webmasters/crawler)"
66.249.70.70 - - [11/Sep/2025:20:31:51 +0700] "GET /goods/accou12846952.htm HTTP/1.0" 503 1362 "-" "Mozilla/5.0 (Linux; Android 6.0.1; Nexus 5X Build/MMB29P) AppleWebKit/537.36 (KHTML, like Gecko) Chrome/140.0.7339.127 Mobile Safari/537.36 (compatible; Googlebot/2.1; +http://www.google.com/bot.html)"
57.141.2.60 - - [11/Sep/2025:20:32:12 +0700] "GET /goods/bicyc50161556.htm HTTP/1.0" 503 1362 "-" "meta-externalagent/1.1 (+https://developers.facebook.com/docs/sharing/webmasters/crawler)"
57.141.2.11 - - [11/Sep/2025:20:32:15 +0700] "GET /goods/happy30620698.htm HTTP/1.0" 503 1362 "-" "meta-externalagent/1.1 (+https://developers.facebook.com/docs/sharing/webmasters/crawler)"
57.141.2.90 - - [11/Sep/2025:20:32:22 +0700] "GET /goods/sciss32526570.htm HTTP/1.0" 503 1362 "-" "meta-externalagent/1.1 (+https://developers.facebook.com/docs/sharing/webmasters/crawler)"
45.227.253.15 - - [11/Sep/2025:20:35:48 +0700] "GET /index.php/jk HTTP/1.0" 503 1362 "-" "Mozilla/5.0 (Windows NT 6.1; Win64; x64) AppleWebKit/537.36 (KHTML, like Gecko) Chrome/86.0.4240.111 Safari/537.36"
57.141.2.69 - - [11/Sep/2025:20:36:58 +0700] "GET /goods/cheap20348441.htm HTTP/1.0" 503 1362 "-" "meta-externalagent/1.1 (+https://developers.facebook.com/docs/sharing/webmasters/crawler)"
66.249.70.70 - - [11/Sep/2025:20:38:36 +0700] "GET /goods/imita12125912.htm HTTP/1.0" 503 1362 "-" "Mozilla/5.0 (Linux; Android 6.0.1; Nexus 5X Build/MMB29P) AppleWebKit/537.36 (KHTML, like Gecko) Chrome/140.0.7339.127 Mobile Safari/537.36 (compatible; Googlebot/2.1; +http://www.google.com/bot.html)"
57.141.2.22 - - [11/Sep/2025:20:39:09 +0700] "GET /goods/quart61696381.htm HTTP/1.0" 503 1362 "-" "meta-externalagent/1.1 (+https://developers.facebook.com/docs/sharing/webmasters/crawler)"
57.141.2.61 - - [11/Sep/2025:20:41:11 +0700] "GET /goods/garba32327578.htm HTTP/1.0" 503 1362 "-" "meta-externalagent/1.1 (+https://developers.facebook.com/docs/sharing/webmasters/crawler)"
57.141.2.18 - - [11/Sep/2025:20:41:37 +0700] "GET /goods/scrap21695337.htm HTTP/1.0" 503 1362 "-" "meta-externalagent/1.1 (+https://developers.facebook.com/docs/sharing/webmasters/crawler)"
57.141.2.81 - - [11/Sep/2025:20:43:50 +0700] "GET /goods/biolo62189533.htm HTTP/1.0" 503 1362 "-" "meta-externalagent/1.1 (+https://developers.facebook.com/docs/sharing/webmasters/crawler)"
66.249.70.71 - - [11/Sep/2025:20:43:59 +0700] "GET /goods/mould72723278.htm HTTP/1.0" 503 1362 "-" "Mozilla/5.0 (Linux; Android 6.0.1; Nexus 5X Build/MMB29P) AppleWebKit/537.36 (KHTML, like Gecko) Chrome/139.0.7258.154 Mobile Safari/537.36 (compatible; Googlebot/2.1; +http://www.google.com/bot.html)"
57.141.2.81 - - [11/Sep/2025:20:44:06 +0700] "GET /goods/kiss52696028.htm HTTP/1.0" 503 1362 "-" "meta-externalagent/1.1 (+https://developers.facebook.com/docs/sharing/webmasters/crawler)"
57.141.2.88 - - [11/Sep/2025:20:46:12 +0700] "GET /goods/mourn52487540.htm HTTP/1.0" 503 1362 "-" "meta-externalagent/1.1 (+https://developers.facebook.com/docs/sharing/webmasters/crawler)"
57.141.2.40 - - [11/Sep/2025:20:46:32 +0700] "GET /goods/polic10100152.htm HTTP/1.0" 503 1362 "-" "meta-externalagent/1.1 (+https://developers.facebook.com/docs/sharing/webmasters/crawler)"
57.141.2.83 - - [11/Sep/2025:20:50:01 +0700] "GET /goods/by80277151.htm HTTP/1.0" 503 1362 "-" "meta-externalagent/1.1 (+https://developers.facebook.com/docs/sharing/webmasters/crawler)"
