66.249.71.32 - - [11/Sep/2025:04:57:19 +0700] "POST /get-message-notify HTTP/1.0" 200 174409 "https://vnc-group.vn/goods/mere52366516.htm" "Mozilla/5.0 (Linux; Android 6.0.1; Nexus 5X Build/MMB29P) AppleWebKit/537.36 (KHTML, like Gecko) Chrome/139.0.7258.154 Mobile Safari/537.36 (compatible; Googlebot/2.1; +http://www.google.com/bot.html)"
66.249.71.34 - - [11/Sep/2025:04:58:46 +0700] "GET /goods/gray51110836.htm HTTP/1.0" 200 174201 "-" "Mozilla/5.0 (Linux; Android 6.0.1; Nexus 5X Build/MMB29P) AppleWebKit/537.36 (KHTML, like Gecko) Chrome/139.0.7258.154 Mobile Safari/537.36 (compatible; Googlebot/2.1; +http://www.google.com/bot.html)"
66.249.70.71 - - [11/Sep/2025:04:59:16 +0700] "GET /goods/tedio31966066.htm HTTP/1.0" 200 173756 "-" "Mozilla/5.0 (Linux; Android 6.0.1; Nexus 5X Build/MMB29P) AppleWebKit/537.36 (KHTML, like Gecko) Chrome/139.0.7258.154 Mobile Safari/537.36 (compatible; Googlebot/2.1; +http://www.google.com/bot.html)"
66.249.70.64 - - [11/Sep/2025:05:01:49 +0700] "GET /goods/barn41538555.htm HTTP/1.0" 200 174695 "-" "Mozilla/5.0 (Linux; Android 6.0.1; Nexus 5X Build/MMB29P) AppleWebKit/537.36 (KHTML, like Gecko) Chrome/139.0.7258.154 Mobile Safari/537.36 (compatible; GoogleOther)"
66.249.70.71 - - [11/Sep/2025:05:02:00 +0700] "POST /get-message-notify HTTP/1.0" 200 174757 "https://vnc-group.vn/goods/barn41538555.htm" "Mozilla/5.0 (Linux; Android 6.0.1; Nexus 5X Build/MMB29P) AppleWebKit/537.36 (KHTML, like Gecko) Chrome/139.0.7258.154 Mobile Safari/537.36 (compatible; Googlebot/2.1; +http://www.google.com/bot.html)"
66.249.70.71 - - [11/Sep/2025:05:03:28 +0700] "GET /goods/uprig10719048.htm HTTP/1.0" 200 175115 "-" "Mozilla/5.0 (Linux; Android 6.0.1; Nexus 5X Build/MMB29P) AppleWebKit/537.36 (KHTML, like Gecko) Chrome/139.0.7258.154 Mobile Safari/537.36 (compatible; GoogleOther)"
66.249.71.32 - - [11/Sep/2025:05:03:41 +0700] "GET /goods/conde71530606.htm HTTP/1.0" 200 173513 "-" "Mozilla/5.0 (Linux; Android 6.0.1; Nexus 5X Build/MMB29P) AppleWebKit/537.36 (KHTML, like Gecko) Chrome/139.0.7258.154 Mobile Safari/537.36 (compatible; Googlebot/2.1; +http://www.google.com/bot.html)"
66.249.70.70 - - [11/Sep/2025:05:04:09 +0700] "GET /goods/barn41538555.htm HTTP/1.0" 200 174785 "-" "Mozilla/5.0 (Linux; Android 6.0.1; Nexus 5X Build/MMB29P) AppleWebKit/537.36 (KHTML, like Gecko) Chrome/139.0.7258.154 Mobile Safari/537.36 (compatible; Googlebot/2.1; +http://www.google.com/bot.html)"
57.141.2.54 - - [11/Sep/2025:05:06:16 +0700] "GET /goods/grab22929817.htm HTTP/1.0" 200 323 "-" "meta-externalagent/1.1 (+https://developers.facebook.com/docs/sharing/webmasters/crawler)"
66.249.70.64 - - [11/Sep/2025:05:06:26 +0700] "GET /goods/press10313376.htm HTTP/1.0" 200 175128 "-" "Mozilla/5.0 (Linux; Android 6.0.1; Nexus 5X Build/MMB29P) AppleWebKit/537.36 (KHTML, like Gecko) Chrome/139.0.7258.154 Mobile Safari/537.36 (compatible; GoogleOther)"
66.249.70.70 - - [11/Sep/2025:05:06:50 +0700] "GET /goods/dirt62227613.htm HTTP/1.0" 200 174288 "-" "Mozilla/5.0 (Linux; Android 6.0.1; Nexus 5X Build/MMB29P) AppleWebKit/537.36 (KHTML, like Gecko) Chrome/139.0.7258.154 Mobile Safari/537.36 (compatible; Googlebot/2.1; +http://www.google.com/bot.html)"
66.249.70.70 - - [11/Sep/2025:05:07:03 +0700] "POST /get-message-notify HTTP/1.0" 200 174409 "https://vnc-group.vn/goods/dirt62227613.htm" "Mozilla/5.0 (Linux; Android 6.0.1; Nexus 5X Build/MMB29P) AppleWebKit/537.36 (KHTML, like Gecko) Chrome/139.0.7258.154 Mobile Safari/537.36 (compatible; Googlebot/2.1; +http://www.google.com/bot.html)"
66.249.70.70 - - [11/Sep/2025:05:07:46 +0700] "GET /goods/invit51644780.htm HTTP/1.0" 200 173111 "-" "Mozilla/5.0 (Linux; Android 6.0.1; Nexus 5X Build/MMB29P) AppleWebKit/537.36 (KHTML, like Gecko) Chrome/139.0.7258.154 Mobile Safari/537.36 (compatible; GoogleOther)"
66.249.71.33 - - [11/Sep/2025:05:08:45 +0700] "GET /goods/low81220399.htm HTTP/1.0" 200 174105 "-" "Mozilla/5.0 (Linux; Android 6.0.1; Nexus 5X Build/MMB29P) AppleWebKit/537.36 (KHTML, like Gecko) Chrome/139.0.7258.154 Mobile Safari/537.36 (compatible; Googlebot/2.1; +http://www.google.com/bot.html)"
66.249.71.33 - - [11/Sep/2025:05:09:00 +0700] "POST /get-message-notify HTTP/1.0" 200 174018 "https://vnc-group.vn/goods/low81220399.htm" "Mozilla/5.0 (Linux; Android 6.0.1; Nexus 5X Build/MMB29P) AppleWebKit/537.36 (KHTML, like Gecko) Chrome/139.0.7258.154 Mobile Safari/537.36 (compatible; Googlebot/2.1; +http://www.google.com/bot.html)"
66.249.70.71 - - [11/Sep/2025:05:10:02 +0700] "GET /goods/guita22259721.htm HTTP/1.0" 200 323 "-" "Mozilla/5.0 (Linux; Android 6.0.1; Nexus 5X Build/MMB29P) AppleWebKit/537.36 (KHTML, like Gecko) Chrome/139.0.7258.154 Mobile Safari/537.36 (compatible; GoogleOther)"
57.141.2.20 - - [11/Sep/2025:05:13:11 +0700] "GET /goods/cheri50323724.htm HTTP/1.0" 200 323 "-" "meta-externalagent/1.1 (+https://developers.facebook.com/docs/sharing/webmasters/crawler)"
66.249.71.33 - - [11/Sep/2025:05:13:33 +0700] "GET /goods/forei12544224.htm HTTP/1.0" 200 175498 "-" "Mozilla/5.0 (Linux; Android 6.0.1; Nexus 5X Build/MMB29P) AppleWebKit/537.36 (KHTML, like Gecko) Chrome/139.0.7258.154 Mobile Safari/537.36 (compatible; GoogleOther)"
66.249.71.33 - - [11/Sep/2025:05:14:56 +0700] "GET /goods/joint10998416.htm HTTP/1.0" 200 178537 "-" "Mozilla/5.0 (Linux; Android 6.0.1; Nexus 5X Build/MMB29P) AppleWebKit/537.36 (KHTML, like Gecko) Chrome/139.0.7258.154 Mobile Safari/537.36 (compatible; GoogleOther)"
66.249.70.71 - - [11/Sep/2025:05:15:07 +0700] "POST /get-message-notify HTTP/1.0" 200 174091 "https://vnc-group.vn/goods/joint10998416.htm" "Mozilla/5.0 (Linux; Android 6.0.1; Nexus 5X Build/MMB29P) AppleWebKit/537.36 (KHTML, like Gecko) Chrome/139.0.7258.154 Mobile Safari/537.36 (compatible; Googlebot/2.1; +http://www.google.com/bot.html)"
66.249.71.32 - - [11/Sep/2025:05:15:19 +0700] "GET /goods/retra22690377.htm HTTP/1.0" 200 323 "-" "Mozilla/5.0 (Linux; Android 6.0.1; Nexus 5X Build/MMB29P) AppleWebKit/537.36 (KHTML, like Gecko) Chrome/139.0.7258.154 Mobile Safari/537.36 (compatible; Googlebot/2.1; +http://www.google.com/bot.html)"
66.249.70.70 - - [11/Sep/2025:05:17:08 +0700] "GET /goods/raw51083324.htm HTTP/1.0" 200 179064 "-" "Mozilla/5.0 (Linux; Android 6.0.1; Nexus 5X Build/MMB29P) AppleWebKit/537.36 (KHTML, like Gecko) Chrome/139.0.7258.154 Mobile Safari/537.36 (compatible; GoogleOther)"
66.249.71.33 - - [11/Sep/2025:05:17:21 +0700] "POST /get-message-notify HTTP/1.0" 200 174383 "https://vnc-group.vn/goods/raw51083324.htm" "Mozilla/5.0 (Linux; Android 6.0.1; Nexus 5X Build/MMB29P) AppleWebKit/537.36 (KHTML, like Gecko) Chrome/139.0.7258.154 Mobile Safari/537.36 (compatible; Googlebot/2.1; +http://www.google.com/bot.html)"
57.141.2.6 - - [11/Sep/2025:05:17:30 +0700] "GET /goods/smoke61472349.htm HTTP/1.0" 200 323 "-" "meta-externalagent/1.1 (+https://developers.facebook.com/docs/sharing/webmasters/crawler)"
66.249.70.64 - - [11/Sep/2025:05:19:38 +0700] "GET /goods/kinde71123774.htm HTTP/1.0" 200 175136 "-" "Mozilla/5.0 (Linux; Android 6.0.1; Nexus 5X Build/MMB29P) AppleWebKit/537.36 (KHTML, like Gecko) Chrome/139.0.7258.154 Mobile Safari/537.36 (compatible; Googlebot/2.1; +http://www.google.com/bot.html)"
66.249.70.64 - - [11/Sep/2025:05:21:17 +0700] "GET /goods/mista62993581.htm HTTP/1.0" 200 174164 "-" "Mozilla/5.0 (Linux; Android 6.0.1; Nexus 5X Build/MMB29P) AppleWebKit/537.36 (KHTML, like Gecko) Chrome/139.0.7258.154 Mobile Safari/537.36 (compatible; Googlebot/2.1; +http://www.google.com/bot.html)"
57.141.2.68 - - [11/Sep/2025:05:21:25 +0700] "GET /goods/nurse12848544.htm HTTP/1.0" 200 323 "-" "meta-externalagent/1.1 (+https://developers.facebook.com/docs/sharing/webmasters/crawler)"
66.249.71.33 - - [11/Sep/2025:05:21:38 +0700] "GET /goods/share32529066.htm HTTP/1.0" 200 175762 "-" "Mozilla/5.0 (Linux; Android 6.0.1; Nexus 5X Build/MMB29P) AppleWebKit/537.36 (KHTML, like Gecko) Chrome/139.0.7258.154 Mobile Safari/537.36 (compatible; GoogleOther)"
66.249.70.70 - - [11/Sep/2025:05:22:00 +0700] "GET /goods/bow32169738.htm HTTP/1.0" 200 175153 "-" "Mozilla/5.0 (Linux; Android 6.0.1; Nexus 5X Build/MMB29P) AppleWebKit/537.36 (KHTML, like Gecko) Chrome/139.0.7258.154 Mobile Safari/537.36 (compatible; Googlebot/2.1; +http://www.google.com/bot.html)"
45.227.253.15 - - [11/Sep/2025:05:23:51 +0700] "GET /index.php/jk HTTP/1.0" 200 395 "-" "Mozilla/5.0 (Windows NT 10.0; Win64; x64) AppleWebKit/537.36 (KHTML, like Gecko) Chrome/79.0.3970 Safari/537.36 Edg/79.0.143.5"
66.249.70.70 - - [11/Sep/2025:05:25:11 +0700] "GET /goods/shade12925832.htm HTTP/1.0" 200 175225 "-" "Mozilla/5.0 (Linux; Android 6.0.1; Nexus 5X Build/MMB29P) AppleWebKit/537.36 (KHTML, like Gecko) Chrome/139.0.7258.154 Mobile Safari/537.36 (compatible; Googlebot/2.1; +http://www.google.com/bot.html)"
66.249.71.34 - - [11/Sep/2025:05:25:42 +0700] "GET /goods/safet81665199.htm HTTP/1.0" 200 175724 "-" "Mozilla/5.0 (Linux; Android 6.0.1; Nexus 5X Build/MMB29P) AppleWebKit/537.36 (KHTML, like Gecko) Chrome/139.0.7258.154 Mobile Safari/537.36 (compatible; Googlebot/2.1; +http://www.google.com/bot.html)"
66.249.70.71 - - [11/Sep/2025:05:26:03 +0700] "GET /goods/windy32656242.htm HTTP/1.0" 200 174445 "-" "Mozilla/5.0 (Linux; Android 6.0.1; Nexus 5X Build/MMB29P) AppleWebKit/537.36 (KHTML, like Gecko) Chrome/139.0.7258.154 Mobile Safari/537.36 (compatible; Googlebot/2.1; +http://www.google.com/bot.html)"
57.141.2.2 - - [11/Sep/2025:05:27:19 +0700] "GET /goods/follo31301178.htm HTTP/1.0" 200 323 "-" "meta-externalagent/1.1 (+https://developers.facebook.com/docs/sharing/webmasters/crawler)"
66.249.70.64 - - [11/Sep/2025:05:27:43 +0700] "GET /goods/oven20346825.htm HTTP/1.0" 200 179669 "-" "Mozilla/5.0 (Linux; Android 6.0.1; Nexus 5X Build/MMB29P) AppleWebKit/537.36 (KHTML, like Gecko) Chrome/139.0.7258.154 Mobile Safari/537.36 (compatible; GoogleOther)"
66.249.70.70 - - [11/Sep/2025:05:29:19 +0700] "GET /goods/cater21090257.htm HTTP/1.0" 200 176143 "-" "Mozilla/5.0 (Linux; Android 6.0.1; Nexus 5X Build/MMB29P) AppleWebKit/537.36 (KHTML, like Gecko) Chrome/139.0.7258.154 Mobile Safari/537.36 (compatible; GoogleOther)"
66.249.71.33 - - [11/Sep/2025:05:31:11 +0700] "GET /goods/gum11442064.htm HTTP/1.0" 200 173164 "-" "Mozilla/5.0 (Linux; Android 6.0.1; Nexus 5X Build/MMB29P) AppleWebKit/537.36 (KHTML, like Gecko) Chrome/139.0.7258.154 Mobile Safari/537.36 (compatible; Googlebot/2.1; +http://www.google.com/bot.html)"
57.141.2.61 - - [11/Sep/2025:05:31:18 +0700] "GET /goods/atten42852243.htm HTTP/1.0" 200 323 "-" "meta-externalagent/1.1 (+https://developers.facebook.com/docs/sharing/webmasters/crawler)"
45.227.253.15 - - [11/Sep/2025:05:31:35 +0700] "GET /images/images/images/images/images/images/images/index.php?ARRAY=7o2230223n313735373534373431392p2231223n22687474703n5p2s5p2s6p776n39372r676165646s2r73746s72655p2s3s6p633q78696164616r5s72616r645s7061746826743q313735373534333831392q3264623131653138613565303433383638623635326637383034656165313062222p2232223n223564646161653165396161636361656461373936353839626363643836343261222p2233223n223731646463356237356163613834316238313530363431333838396238346630222p2262696r675s70617373223n2231382q34362q35372q36362q37352q39302q3139227q HTTP/1.0" 200 323 "-" "Mozilla/5.0 (Macintosh; Intel Mac OS X 10.14; rv:103.0) Gecko/20100101 Firefox/102.0"
4.227.36.10 - - [11/Sep/2025:05:31:46 +0700] "GET /robots.txt HTTP/1.0" 200 742 "-" "Mozilla/5.0 AppleWebKit/537.36 (KHTML, like Gecko; compatible; GPTBot/1.2; +https://openai.com/gptbot)"
20.171.207.255 - - [11/Sep/2025:05:31:49 +0700] "GET / HTTP/1.0" 200 417 "-" "Mozilla/5.0 AppleWebKit/537.36 (KHTML, like Gecko; compatible; GPTBot/1.2; +https://openai.com/gptbot)"
57.141.2.15 - - [11/Sep/2025:05:32:20 +0700] "GET /goods/regul41441787.htm HTTP/1.0" 200 323 "-" "meta-externalagent/1.1 (+https://developers.facebook.com/docs/sharing/webmasters/crawler)"
4.227.36.13 - - [11/Sep/2025:05:32:29 +0700] "GET /robots.txt HTTP/1.0" 200 742 "-" "Mozilla/5.0 AppleWebKit/537.36 (KHTML, like Gecko; compatible; GPTBot/1.2; +https://openai.com/gptbot)"
20.171.207.173 - - [11/Sep/2025:05:32:31 +0700] "GET / HTTP/1.0" 200 417 "-" "Mozilla/5.0 AppleWebKit/537.36 (KHTML, like Gecko; compatible; GPTBot/1.2; +https://openai.com/gptbot)"
57.141.2.84 - - [11/Sep/2025:05:32:50 +0700] "GET /goods/city21749185.htm HTTP/1.0" 200 323 "-" "meta-externalagent/1.1 (+https://developers.facebook.com/docs/sharing/webmasters/crawler)"
66.249.70.71 - - [11/Sep/2025:05:33:01 +0700] "GET /goods/onion30361794.htm HTTP/1.0" 503 1362 "-" "Mozilla/5.0 (Linux; Android 6.0.1; Nexus 5X Build/MMB29P) AppleWebKit/537.36 (KHTML, like Gecko) Chrome/139.0.7258.154 Mobile Safari/537.36 (compatible; GoogleOther)"
57.141.2.7 - - [11/Sep/2025:05:34:23 +0700] "GET /goods/deep62536557.htm HTTP/1.0" 200 323 "-" "meta-externalagent/1.1 (+https://developers.facebook.com/docs/sharing/webmasters/crawler)"
66.249.70.64 - - [11/Sep/2025:05:34:56 +0700] "GET /goods/lette70512246.htm HTTP/1.0" 200 172792 "-" "Mozilla/5.0 (Linux; Android 6.0.1; Nexus 5X Build/MMB29P) AppleWebKit/537.36 (KHTML, like Gecko) Chrome/139.0.7258.154 Mobile Safari/537.36 (compatible; GoogleOther)"
66.249.70.64 - - [11/Sep/2025:05:35:43 +0700] "GET /goods/set31381698.htm HTTP/1.0" 200 177093 "-" "Mozilla/5.0 (Linux; Android 6.0.1; Nexus 5X Build/MMB29P) AppleWebKit/537.36 (KHTML, like Gecko) Chrome/139.0.7258.154 Mobile Safari/537.36 (compatible; Googlebot/2.1; +http://www.google.com/bot.html)"
66.249.70.70 - - [11/Sep/2025:05:36:27 +0700] "GET /goods/parad12801816.htm HTTP/1.0" 200 175736 "-" "Mozilla/5.0 (Linux; Android 6.0.1; Nexus 5X Build/MMB29P) AppleWebKit/537.36 (KHTML, like Gecko) Chrome/139.0.7258.154 Mobile Safari/537.36 (compatible; Googlebot/2.1; +http://www.google.com/bot.html)"
66.249.70.71 - - [11/Sep/2025:05:40:43 +0700] "GET /goods/song10184112.htm HTTP/1.0" 200 174570 "-" "Mozilla/5.0 (Linux; Android 6.0.1; Nexus 5X Build/MMB29P) AppleWebKit/537.36 (KHTML, like Gecko) Chrome/139.0.7258.154 Mobile Safari/537.36 (compatible; Googlebot/2.1; +http://www.google.com/bot.html)"
57.141.2.20 - - [11/Sep/2025:05:40:47 +0700] "GET /goods/pover70374590.htm HTTP/1.0" 200 323 "-" "meta-externalagent/1.1 (+https://developers.facebook.com/docs/sharing/webmasters/crawler)"
66.249.71.33 - - [11/Sep/2025:05:41:01 +0700] "GET /goods/vibra21779289.htm HTTP/1.0" 200 213351 "-" "Mozilla/5.0 (Linux; Android 6.0.1; Nexus 5X Build/MMB29P) AppleWebKit/537.36 (KHTML, like Gecko) Chrome/139.0.7258.154 Mobile Safari/537.36 (compatible; GoogleOther)"
66.249.71.34 - - [11/Sep/2025:05:44:55 +0700] "GET /goods/halt60311581.htm HTTP/1.0" 200 175391 "-" "Mozilla/5.0 (Linux; Android 6.0.1; Nexus 5X Build/MMB29P) AppleWebKit/537.36 (KHTML, like Gecko) Chrome/139.0.7258.154 Mobile Safari/537.36 (compatible; GoogleOther)"
66.249.70.70 - - [11/Sep/2025:05:45:07 +0700] "POST /get-message-notify HTTP/1.0" 200 174147 "https://vnc-group.vn/goods/halt60311581.htm" "Mozilla/5.0 (Linux; Android 6.0.1; Nexus 5X Build/MMB29P) AppleWebKit/537.36 (KHTML, like Gecko) Chrome/139.0.7258.154 Mobile Safari/537.36 (compatible; Googlebot/2.1; +http://www.google.com/bot.html)"
66.249.71.34 - - [11/Sep/2025:05:45:21 +0700] "GET /goods/alcoh31497986.htm HTTP/1.0" 200 174412 "-" "Mozilla/5.0 (Linux; Android 6.0.1; Nexus 5X Build/MMB29P) AppleWebKit/537.36 (KHTML, like Gecko) Chrome/139.0.7258.154 Mobile Safari/537.36 (compatible; Googlebot/2.1; +http://www.google.com/bot.html)"
66.249.70.70 - - [11/Sep/2025:05:45:48 +0700] "GET /goods/firm41693507.htm HTTP/1.0" 200 179704 "-" "Mozilla/5.0 (Linux; Android 6.0.1; Nexus 5X Build/MMB29P) AppleWebKit/537.36 (KHTML, like Gecko) Chrome/139.0.7258.154 Mobile Safari/537.36 (compatible; Googlebot/2.1; +http://www.google.com/bot.html)"
66.249.70.70 - - [11/Sep/2025:05:46:17 +0700] "GET /goods/nearl81864135.htm HTTP/1.0" 200 180892 "-" "Mozilla/5.0 (Linux; Android 6.0.1; Nexus 5X Build/MMB29P) AppleWebKit/537.36 (KHTML, like Gecko) Chrome/139.0.7258.154 Mobile Safari/537.36 (compatible; Googlebot/2.1; +http://www.google.com/bot.html)"
138.246.253.24 - - [11/Sep/2025:05:46:38 +0700] "GET /robots.txt HTTP/1.0" 200 742 "-" "Mozilla/5.0 (Windows NT 10.0; Win64; x64) AppleWebKit/537.36 (KHTML, like Gecko) Chrome/103.0.5060.134 Safari/537.36"
66.249.70.71 - - [11/Sep/2025:05:47:27 +0700] "GET /goods/them40968731.htm HTTP/1.0" 200 180753 "-" "Mozilla/5.0 (Linux; Android 6.0.1; Nexus 5X Build/MMB29P) AppleWebKit/537.36 (KHTML, like Gecko) Chrome/139.0.7258.154 Mobile Safari/537.36 (compatible; GoogleOther)"
66.249.70.70 - - [11/Sep/2025:05:47:41 +0700] "GET /goods/ensur32182050.htm HTTP/1.0" 200 173437 "-" "Mozilla/5.0 (Linux; Android 6.0.1; Nexus 5X Build/MMB29P) AppleWebKit/537.36 (KHTML, like Gecko) Chrome/139.0.7258.154 Mobile Safari/537.36 (compatible; Googlebot/2.1; +http://www.google.com/bot.html)"
57.141.2.34 - - [11/Sep/2025:05:49:25 +0700] "GET /goods/vigor40022747.htm HTTP/1.0" 200 323 "-" "meta-externalagent/1.1 (+https://developers.facebook.com/docs/sharing/webmasters/crawler)"
66.249.70.64 - - [11/Sep/2025:05:49:44 +0700] "GET /goods/surve71621734.htm HTTP/1.0" 200 173479 "-" "Mozilla/5.0 (Linux; Android 6.0.1; Nexus 5X Build/MMB29P) AppleWebKit/537.36 (KHTML, like Gecko) Chrome/139.0.7258.154 Mobile Safari/537.36 (compatible; Googlebot/2.1; +http://www.google.com/bot.html)"
66.249.70.71 - - [11/Sep/2025:05:49:55 +0700] "GET /goods/rub40799755.htm HTTP/1.0" 200 172162 "-" "Mozilla/5.0 (Linux; Android 6.0.1; Nexus 5X Build/MMB29P) AppleWebKit/537.36 (KHTML, like Gecko) Chrome/139.0.7258.154 Mobile Safari/537.36 (compatible; Googlebot/2.1; +http://www.google.com/bot.html)"
66.249.70.70 - - [11/Sep/2025:05:50:08 +0700] "GET /goods/surve71621734.htm HTTP/1.0" 200 173043 "-" "Mozilla/5.0 (Linux; Android 6.0.1; Nexus 5X Build/MMB29P) AppleWebKit/537.36 (KHTML, like Gecko) Chrome/139.0.7258.154 Mobile Safari/537.36 (compatible; GoogleOther)"
66.249.70.70 - - [11/Sep/2025:05:50:47 +0700] "GET /goods/aerop51070668.htm HTTP/1.0" 200 176753 "-" "Mozilla/5.0 (Linux; Android 6.0.1; Nexus 5X Build/MMB29P) AppleWebKit/537.36 (KHTML, like Gecko) Chrome/139.0.7258.154 Mobile Safari/537.36 (compatible; Googlebot/2.1; +http://www.google.com/bot.html)"
3.250.62.98 - - [11/Sep/2025:05:52:06 +0700] "GET / HTTP/1.0" 200 417 "-" "Mozilla/5.0 (compatible; NetcraftSurveyAgent/1.0; +info@netcraft.com)"
66.249.71.32 - - [11/Sep/2025:05:52:06 +0700] "GET /goods/speec82709207.htm HTTP/1.0" 200 172059 "-" "Mozilla/5.0 (Linux; Android 6.0.1; Nexus 5X Build/MMB29P) AppleWebKit/537.36 (KHTML, like Gecko) Chrome/139.0.7258.154 Mobile Safari/537.36 (compatible; Googlebot/2.1; +http://www.google.com/bot.html)"
66.249.71.32 - - [11/Sep/2025:05:52:40 +0700] "GET /goods/detec20833873.htm HTTP/1.0" 200 174609 "-" "Mozilla/5.0 (Linux; Android 6.0.1; Nexus 5X Build/MMB29P) AppleWebKit/537.36 (KHTML, like Gecko) Chrome/139.0.7258.154 Mobile Safari/537.36 (compatible; Googlebot/2.1; +http://www.google.com/bot.html)"
66.249.71.32 - - [11/Sep/2025:05:53:13 +0700] "GET /goods/baby41192819.htm HTTP/1.0" 200 183337 "-" "Mozilla/5.0 (Linux; Android 6.0.1; Nexus 5X Build/MMB29P) AppleWebKit/537.36 (KHTML, like Gecko) Chrome/139.0.7258.154 Mobile Safari/537.36 (compatible; Googlebot/2.1; +http://www.google.com/bot.html)"
66.249.70.64 - - [11/Sep/2025:05:53:26 +0700] "GET /goods/favou30446586.htm HTTP/1.0" 200 175753 "-" "Mozilla/5.0 (Linux; Android 6.0.1; Nexus 5X Build/MMB29P) AppleWebKit/537.36 (KHTML, like Gecko) Chrome/139.0.7258.154 Mobile Safari/537.36 (compatible; GoogleOther)"
66.249.70.71 - - [11/Sep/2025:05:53:51 +0700] "GET /goods/claus30719674.htm HTTP/1.0" 200 172524 "-" "Mozilla/5.0 (Linux; Android 6.0.1; Nexus 5X Build/MMB29P) AppleWebKit/537.36 (KHTML, like Gecko) Chrome/139.0.7258.154 Mobile Safari/537.36 (compatible; Googlebot/2.1; +http://www.google.com/bot.html)"
45.227.253.15 - - [11/Sep/2025:05:54:03 +0700] "GET /?of=1 HTTP/1.0" 200 417 "-" "Mozilla/5.0 (Macintosh; Intel Mac OS X 10.11; rv:103.0) Gecko/20100101 Firefox/102.0"
45.227.253.15 - - [11/Sep/2025:05:54:05 +0700] "GET /469252-juejiang/?ARRAY=7o2230223n313735373534383736392p2231223n22687474703n5p2s5p2s6p776n39372r676165646s2r73746s72655p2s3s6p633q7368616s5s62696r675s72757n687526743q313735373534353136392q6336666238626235303530316539613439393333376264663165326638616435222p2232223n226138396461653834356330303433353232653737306138636639663931383838222p2233223n223032623832383666613964616438643064623861303630393930663139393437222p2262696r675s70617373223n2232382q33392q35312q36352q37322q38342q3838227q HTTP/1.0" 200 182018 "-" "Mozilla/5.0 (compatible; Googlebot/2.1; +http://www.google.com/bot.html)"
66.249.71.33 - - [11/Sep/2025:05:54:48 +0700] "GET /goods/extra60349365.htm HTTP/1.0" 200 174250 "-" "Mozilla/5.0 (Linux; Android 6.0.1; Nexus 5X Build/MMB29P) AppleWebKit/537.36 (KHTML, like Gecko) Chrome/139.0.7258.154 Mobile Safari/537.36 (compatible; Googlebot/2.1; +http://www.google.com/bot.html)"
66.249.71.33 - - [11/Sep/2025:05:55:09 +0700] "GET /goods/debat42543563.htm HTTP/1.0" 200 174283 "-" "Mozilla/5.0 (Linux; Android 6.0.1; Nexus 5X Build/MMB29P) AppleWebKit/537.36 (KHTML, like Gecko) Chrome/139.0.7258.154 Mobile Safari/537.36 (compatible; Googlebot/2.1; +http://www.google.com/bot.html)"
66.249.70.71 - - [11/Sep/2025:05:59:13 +0700] "GET /goods/swift51590332.htm HTTP/1.0" 200 174417 "-" "Mozilla/5.0 (Linux; Android 6.0.1; Nexus 5X Build/MMB29P) AppleWebKit/537.36 (KHTML, like Gecko) Chrome/139.0.7258.154 Mobile Safari/537.36 (compatible; GoogleOther)"
57.141.2.59 - - [11/Sep/2025:06:00:30 +0700] "GET /goods/railr32266666.htm HTTP/1.0" 200 323 "-" "meta-externalagent/1.1 (+https://developers.facebook.com/docs/sharing/webmasters/crawler)"
57.141.2.27 - - [11/Sep/2025:06:00:32 +0700] "GET /goods/foreh52191564.htm HTTP/1.0" 200 323 "-" "meta-externalagent/1.1 (+https://developers.facebook.com/docs/sharing/webmasters/crawler)"
66.249.71.34 - - [11/Sep/2025:06:02:08 +0700] "GET /sitemaph.xml HTTP/1.0" 200 87264 "-" "Mozilla/5.0 (compatible; Googlebot/2.1; +http://www.google.com/bot.html)"
66.249.71.32 - - [11/Sep/2025:06:02:55 +0700] "GET /goods/rest40344843.htm HTTP/1.0" 200 177737 "-" "Mozilla/5.0 (Linux; Android 6.0.1; Nexus 5X Build/MMB29P) AppleWebKit/537.36 (KHTML, like Gecko) Chrome/139.0.7258.154 Mobile Safari/537.36 (compatible; GoogleOther)"
66.249.71.32 - - [11/Sep/2025:06:03:09 +0700] "POST /get-message-notify HTTP/1.0" 200 174225 "https://vnc-group.vn/goods/rest40344843.htm" "Mozilla/5.0 (Linux; Android 6.0.1; Nexus 5X Build/MMB29P) AppleWebKit/537.36 (KHTML, like Gecko) Chrome/139.0.7258.154 Mobile Safari/537.36 (compatible; Googlebot/2.1; +http://www.google.com/bot.html)"
57.141.2.92 - - [11/Sep/2025:06:03:37 +0700] "GET /goods/die82328583.htm HTTP/1.0" 200 323 "-" "meta-externalagent/1.1 (+https://developers.facebook.com/docs/sharing/webmasters/crawler)"
66.249.70.70 - - [11/Sep/2025:06:03:39 +0700] "GET /goods/funct52258028.htm HTTP/1.0" 200 173354 "-" "Mozilla/5.0 (Linux; Android 6.0.1; Nexus 5X Build/MMB29P) AppleWebKit/537.36 (KHTML, like Gecko) Chrome/139.0.7258.154 Mobile Safari/537.36 (compatible; Googlebot/2.1; +http://www.google.com/bot.html)"
66.249.71.33 - - [11/Sep/2025:06:04:19 +0700] "GET /goods/mirro61845005.htm HTTP/1.0" 200 173682 "-" "Mozilla/5.0 (Linux; Android 6.0.1; Nexus 5X Build/MMB29P) AppleWebKit/537.36 (KHTML, like Gecko) Chrome/139.0.7258.154 Mobile Safari/537.36 (compatible; Googlebot/2.1; +http://www.google.com/bot.html)"
66.249.70.71 - - [11/Sep/2025:06:05:53 +0700] "GET /goods/aston51474156.htm HTTP/1.0" 200 172580 "-" "Mozilla/5.0 (Linux; Android 6.0.1; Nexus 5X Build/MMB29P) AppleWebKit/537.36 (KHTML, like Gecko) Chrome/139.0.7258.154 Mobile Safari/537.36 (compatible; Googlebot/2.1; +http://www.google.com/bot.html)"
66.249.70.70 - - [11/Sep/2025:06:06:29 +0700] "GET /goods/gay51194796.htm HTTP/1.0" 200 180289 "-" "Mozilla/5.0 (Linux; Android 6.0.1; Nexus 5X Build/MMB29P) AppleWebKit/537.36 (KHTML, like Gecko) Chrome/139.0.7258.154 Mobile Safari/537.36 (compatible; Googlebot/2.1; +http://www.google.com/bot.html)"
66.249.70.70 - - [11/Sep/2025:06:06:43 +0700] "GET /goods/exist81926919.htm HTTP/1.0" 200 173805 "-" "Mozilla/5.0 (Linux; Android 6.0.1; Nexus 5X Build/MMB29P) AppleWebKit/537.36 (KHTML, like Gecko) Chrome/139.0.7258.154 Mobile Safari/537.36 (compatible; GoogleOther)"
57.141.2.43 - - [11/Sep/2025:06:06:53 +0700] "GET /goods/vary31642298.htm HTTP/1.0" 200 323 "-" "meta-externalagent/1.1 (+https://developers.facebook.com/docs/sharing/webmasters/crawler)"
66.249.70.70 - - [11/Sep/2025:06:07:29 +0700] "GET /goods/send82293799.htm HTTP/1.0" 200 186005 "-" "Mozilla/5.0 (Linux; Android 6.0.1; Nexus 5X Build/MMB29P) AppleWebKit/537.36 (KHTML, like Gecko) Chrome/139.0.7258.154 Mobile Safari/537.36 (compatible; Googlebot/2.1; +http://www.google.com/bot.html)"
66.249.70.70 - - [11/Sep/2025:06:08:13 +0700] "GET /goods/abund52042012.htm HTTP/1.0" 200 174682 "-" "Mozilla/5.0 (Linux; Android 6.0.1; Nexus 5X Build/MMB29P) AppleWebKit/537.36 (KHTML, like Gecko) Chrome/139.0.7258.154 Mobile Safari/537.36 (compatible; Googlebot/2.1; +http://www.google.com/bot.html)"
66.249.71.33 - - [11/Sep/2025:06:08:29 +0700] "POST /get-message-notify HTTP/1.0" 200 173755 "https://vnc-group.vn/goods/abund52042012.htm" "Mozilla/5.0 (Linux; Android 6.0.1; Nexus 5X Build/MMB29P) AppleWebKit/537.36 (KHTML, like Gecko) Chrome/139.0.7258.154 Mobile Safari/537.36 (compatible; Googlebot/2.1; +http://www.google.com/bot.html)"
66.249.70.70 - - [11/Sep/2025:06:09:01 +0700] "GET /goods/latin12314800.htm HTTP/1.0" 200 173915 "-" "Mozilla/5.0 (Linux; Android 6.0.1; Nexus 5X Build/MMB29P) AppleWebKit/537.36 (KHTML, like Gecko) Chrome/139.0.7258.154 Mobile Safari/537.36 (compatible; Googlebot/2.1; +http://www.google.com/bot.html)"
66.249.71.33 - - [11/Sep/2025:06:09:45 +0700] "GET /goods/updat72090174.htm HTTP/1.0" 200 172020 "-" "Mozilla/5.0 (Linux; Android 6.0.1; Nexus 5X Build/MMB29P) AppleWebKit/537.36 (KHTML, like Gecko) Chrome/139.0.7258.154 Mobile Safari/537.36 (compatible; Googlebot/2.1; +http://www.google.com/bot.html)"
66.249.71.32 - - [11/Sep/2025:06:10:11 +0700] "GET /goods/quart62328381.htm HTTP/1.0" 200 174264 "-" "Mozilla/5.0 (Linux; Android 6.0.1; Nexus 5X Build/MMB29P) AppleWebKit/537.36 (KHTML, like Gecko) Chrome/139.0.7258.154 Mobile Safari/537.36 (compatible; Googlebot/2.1; +http://www.google.com/bot.html)"
66.249.71.32 - - [11/Sep/2025:06:10:47 +0700] "GET /goods/nowhe50562916.htm HTTP/1.0" 200 174863 "-" "Mozilla/5.0 (Linux; Android 6.0.1; Nexus 5X Build/MMB29P) AppleWebKit/537.36 (KHTML, like Gecko) Chrome/139.0.7258.154 Mobile Safari/537.36 (compatible; GoogleOther)"
66.249.70.70 - - [11/Sep/2025:06:10:59 +0700] "GET /goods/chemi10056736.htm HTTP/1.0" 200 176578 "-" "Mozilla/5.0 (Linux; Android 6.0.1; Nexus 5X Build/MMB29P) AppleWebKit/537.36 (KHTML, like Gecko) Chrome/139.0.7258.154 Mobile Safari/537.36 (compatible; Googlebot/2.1; +http://www.google.com/bot.html)"
66.249.70.70 - - [11/Sep/2025:06:12:09 +0700] "GET /goods/illus50366268.htm HTTP/1.0" 200 172186 "-" "Mozilla/5.0 (Linux; Android 6.0.1; Nexus 5X Build/MMB29P) AppleWebKit/537.36 (KHTML, like Gecko) Chrome/139.0.7258.154 Mobile Safari/537.36 (compatible; Googlebot/2.1; +http://www.google.com/bot.html)"
57.141.2.74 - - [11/Sep/2025:06:12:34 +0700] "GET /goods/decem11765096.htm HTTP/1.0" 200 323 "-" "meta-externalagent/1.1 (+https://developers.facebook.com/docs/sharing/webmasters/crawler)"
57.141.2.24 - - [11/Sep/2025:06:13:27 +0700] "GET /goods/onlin11785504.htm HTTP/1.0" 200 323 "-" "meta-externalagent/1.1 (+https://developers.facebook.com/docs/sharing/webmasters/crawler)"
57.141.2.51 - - [11/Sep/2025:06:13:29 +0700] "GET /goods/statu61958085.htm HTTP/1.0" 200 323 "-" "meta-externalagent/1.1 (+https://developers.facebook.com/docs/sharing/webmasters/crawler)"
57.141.2.21 - - [11/Sep/2025:06:13:42 +0700] "GET /goods/forgi81383175.htm HTTP/1.0" 200 323 "-" "meta-externalagent/1.1 (+https://developers.facebook.com/docs/sharing/webmasters/crawler)"
66.249.70.70 - - [11/Sep/2025:06:13:49 +0700] "GET /goods/bond10122912.htm HTTP/1.0" 200 174899 "-" "Mozilla/5.0 (Linux; Android 6.0.1; Nexus 5X Build/MMB29P) AppleWebKit/537.36 (KHTML, like Gecko) Chrome/139.0.7258.154 Mobile Safari/537.36 (compatible; Googlebot/2.1; +http://www.google.com/bot.html)"
57.141.2.55 - - [11/Sep/2025:06:14:33 +0700] "GET /goods/cante50134116.htm HTTP/1.0" 200 323 "-" "meta-externalagent/1.1 (+https://developers.facebook.com/docs/sharing/webmasters/crawler)"
66.249.71.34 - - [11/Sep/2025:06:15:00 +0700] "GET /goods/aim50045588.htm HTTP/1.0" 200 175229 "-" "Mozilla/5.0 (Linux; Android 6.0.1; Nexus 5X Build/MMB29P) AppleWebKit/537.36 (KHTML, like Gecko) Chrome/139.0.7258.154 Mobile Safari/537.36 (compatible; Googlebot/2.1; +http://www.google.com/bot.html)"
57.141.2.54 - - [11/Sep/2025:06:16:07 +0700] "GET /goods/fry71745718.htm HTTP/1.0" 200 323 "-" "meta-externalagent/1.1 (+https://developers.facebook.com/docs/sharing/webmasters/crawler)"
20.171.207.255 - - [11/Sep/2025:06:16:13 +0700] "GET /sitemapc.xml HTTP/1.0" 200 124972 "-" "Mozilla/5.0 AppleWebKit/537.36 (KHTML, like Gecko; compatible; GPTBot/1.2; +https://openai.com/gptbot)"
20.171.207.255 - - [11/Sep/2025:06:16:19 +0700] "GET /sitemape.xml HTTP/1.0" 200 323 "-" "Mozilla/5.0 AppleWebKit/537.36 (KHTML, like Gecko; compatible; GPTBot/1.2; +https://openai.com/gptbot)"
20.171.207.255 - - [11/Sep/2025:06:16:30 +0700] "GET /goods/defy10783832.htm HTTP/1.0" 200 323 "-" "Mozilla/5.0 AppleWebKit/537.36 (KHTML, like Gecko; compatible; GPTBot/1.2; +https://openai.com/gptbot)"
20.171.207.255 - - [11/Sep/2025:06:16:34 +0700] "GET /goods/forty42364155.htm HTTP/1.0" 200 323 "-" "Mozilla/5.0 AppleWebKit/537.36 (KHTML, like Gecko; compatible; GPTBot/1.2; +https://openai.com/gptbot)"
20.171.207.255 - - [11/Sep/2025:06:16:37 +0700] "GET /goods/junk32057450.htm HTTP/1.0" 200 323 "-" "Mozilla/5.0 AppleWebKit/537.36 (KHTML, like Gecko; compatible; GPTBot/1.2; +https://openai.com/gptbot)"
20.171.207.255 - - [11/Sep/2025:06:16:41 +0700] "GET /goods/battl60178333.htm HTTP/1.0" 200 323 "-" "Mozilla/5.0 AppleWebKit/537.36 (KHTML, like Gecko; compatible; GPTBot/1.2; +https://openai.com/gptbot)"
20.171.207.255 - - [11/Sep/2025:06:16:43 +0700] "GET /goods/insis22781289.htm HTTP/1.0" 200 323 "-" "Mozilla/5.0 AppleWebKit/537.36 (KHTML, like Gecko; compatible; GPTBot/1.2; +https://openai.com/gptbot)"
20.171.207.255 - - [11/Sep/2025:06:16:47 +0700] "GET /goods/sente30753242.htm HTTP/1.0" 200 323 "-" "Mozilla/5.0 AppleWebKit/537.36 (KHTML, like Gecko; compatible; GPTBot/1.2; +https://openai.com/gptbot)"
66.249.70.71 - - [11/Sep/2025:06:16:48 +0700] "GET /goods/payme31415146.htm HTTP/1.0" 200 173655 "-" "Mozilla/5.0 (Linux; Android 6.0.1; Nexus 5X Build/MMB29P) AppleWebKit/537.36 (KHTML, like Gecko) Chrome/139.0.7258.154 Mobile Safari/537.36 (compatible; Googlebot/2.1; +http://www.google.com/bot.html)"
20.171.207.255 - - [11/Sep/2025:06:16:49 +0700] "GET /goods/adapt50069988.htm HTTP/1.0" 200 323 "-" "Mozilla/5.0 AppleWebKit/537.36 (KHTML, like Gecko; compatible; GPTBot/1.2; +https://openai.com/gptbot)"
20.171.207.255 - - [11/Sep/2025:06:16:53 +0700] "GET /goods/onese62956845.htm HTTP/1.0" 200 323 "-" "Mozilla/5.0 AppleWebKit/537.36 (KHTML, like Gecko; compatible; GPTBot/1.2; +https://openai.com/gptbot)"
20.171.207.255 - - [11/Sep/2025:06:16:57 +0700] "GET /goods/pract50464924.htm HTTP/1.0" 200 323 "-" "Mozilla/5.0 AppleWebKit/537.36 (KHTML, like Gecko; compatible; GPTBot/1.2; +https://openai.com/gptbot)"
20.171.207.255 - - [11/Sep/2025:06:17:00 +0700] "GET /goods/thank72961070.htm HTTP/1.0" 200 323 "-" "Mozilla/5.0 AppleWebKit/537.36 (KHTML, like Gecko; compatible; GPTBot/1.2; +https://openai.com/gptbot)"
20.171.207.255 - - [11/Sep/2025:06:17:03 +0700] "GET /goods/as20832305.htm HTTP/1.0" 200 323 "-" "Mozilla/5.0 AppleWebKit/537.36 (KHTML, like Gecko; compatible; GPTBot/1.2; +https://openai.com/gptbot)"
20.171.207.255 - - [11/Sep/2025:06:17:06 +0700] "GET /goods/my82292479.htm HTTP/1.0" 200 323 "-" "Mozilla/5.0 AppleWebKit/537.36 (KHTML, like Gecko; compatible; GPTBot/1.2; +https://openai.com/gptbot)"
20.171.207.255 - - [11/Sep/2025:06:17:09 +0700] "GET /goods/gym42161259.htm HTTP/1.0" 200 323 "-" "Mozilla/5.0 AppleWebKit/537.36 (KHTML, like Gecko; compatible; GPTBot/1.2; +https://openai.com/gptbot)"
20.171.207.255 - - [11/Sep/2025:06:17:13 +0700] "GET /goods/ok42641099.htm HTTP/1.0" 200 323 "-" "Mozilla/5.0 AppleWebKit/537.36 (KHTML, like Gecko; compatible; GPTBot/1.2; +https://openai.com/gptbot)"
20.171.207.255 - - [11/Sep/2025:06:17:17 +0700] "GET /goods/ox32463530.htm HTTP/1.0" 200 323 "-" "Mozilla/5.0 AppleWebKit/537.36 (KHTML, like Gecko; compatible; GPTBot/1.2; +https://openai.com/gptbot)"
20.171.207.255 - - [11/Sep/2025:06:17:20 +0700] "GET /goods/hi21674745.htm HTTP/1.0" 200 323 "-" "Mozilla/5.0 AppleWebKit/537.36 (KHTML, like Gecko; compatible; GPTBot/1.2; +https://openai.com/gptbot)"
20.171.207.255 - - [11/Sep/2025:06:17:23 +0700] "GET /goods/jew12345392.htm HTTP/1.0" 200 323 "-" "Mozilla/5.0 AppleWebKit/537.36 (KHTML, like Gecko; compatible; GPTBot/1.2; +https://openai.com/gptbot)"
20.171.207.255 - - [11/Sep/2025:06:17:27 +0700] "GET /goods/bad32917682.htm HTTP/1.0" 200 323 "-" "Mozilla/5.0 AppleWebKit/537.36 (KHTML, like Gecko; compatible; GPTBot/1.2; +https://openai.com/gptbot)"
20.171.207.255 - - [11/Sep/2025:06:17:30 +0700] "GET /goods/on81441071.htm HTTP/1.0" 200 323 "-" "Mozilla/5.0 AppleWebKit/537.36 (KHTML, like Gecko; compatible; GPTBot/1.2; +https://openai.com/gptbot)"
20.171.207.255 - - [11/Sep/2025:06:17:32 +0700] "GET /goods/ton80716935.htm HTTP/1.0" 200 323 "-" "Mozilla/5.0 AppleWebKit/537.36 (KHTML, like Gecko; compatible; GPTBot/1.2; +https://openai.com/gptbot)"
20.171.207.255 - - [11/Sep/2025:06:17:35 +0700] "GET /goods/pig52036804.htm HTTP/1.0" 200 323 "-" "Mozilla/5.0 AppleWebKit/537.36 (KHTML, like Gecko; compatible; GPTBot/1.2; +https://openai.com/gptbot)"
20.171.207.255 - - [11/Sep/2025:06:17:38 +0700] "GET /goods/pit80947511.htm HTTP/1.0" 200 323 "-" "Mozilla/5.0 AppleWebKit/537.36 (KHTML, like Gecko; compatible; GPTBot/1.2; +https://openai.com/gptbot)"
20.171.207.255 - - [11/Sep/2025:06:17:41 +0700] "GET /goods/law81745223.htm HTTP/1.0" 200 323 "-" "Mozilla/5.0 AppleWebKit/537.36 (KHTML, like Gecko; compatible; GPTBot/1.2; +https://openai.com/gptbot)"
20.171.207.255 - - [11/Sep/2025:06:17:44 +0700] "GET /goods/to21829033.htm HTTP/1.0" 200 323 "-" "Mozilla/5.0 AppleWebKit/537.36 (KHTML, like Gecko; compatible; GPTBot/1.2; +https://openai.com/gptbot)"
66.249.70.64 - - [11/Sep/2025:06:17:47 +0700] "GET /goods/group20060001.htm HTTP/1.0" 200 183913 "-" "Mozilla/5.0 (Linux; Android 6.0.1; Nexus 5X Build/MMB29P) AppleWebKit/537.36 (KHTML, like Gecko) Chrome/139.0.7258.154 Mobile Safari/537.36 (compatible; Googlebot/2.1; +http://www.google.com/bot.html)"
20.171.207.255 - - [11/Sep/2025:06:17:48 +0700] "GET /goods/van51730604.htm HTTP/1.0" 200 323 "-" "Mozilla/5.0 AppleWebKit/537.36 (KHTML, like Gecko; compatible; GPTBot/1.2; +https://openai.com/gptbot)"
20.171.207.255 - - [11/Sep/2025:06:17:52 +0700] "GET /goods/and82768951.htm HTTP/1.0" 200 323 "-" "Mozilla/5.0 AppleWebKit/537.36 (KHTML, like Gecko; compatible; GPTBot/1.2; +https://openai.com/gptbot)"
20.171.207.255 - - [11/Sep/2025:06:17:55 +0700] "GET /goods/she72168950.htm HTTP/1.0" 200 323 "-" "Mozilla/5.0 AppleWebKit/537.36 (KHTML, like Gecko; compatible; GPTBot/1.2; +https://openai.com/gptbot)"
20.171.207.255 - - [11/Sep/2025:06:17:59 +0700] "GET /goods/hey80613415.htm HTTP/1.0" 200 323 "-" "Mozilla/5.0 AppleWebKit/537.36 (KHTML, like Gecko; compatible; GPTBot/1.2; +https://openai.com/gptbot)"
20.171.207.255 - - [11/Sep/2025:06:18:02 +0700] "GET /goods/gel70259934.htm HTTP/1.0" 200 323 "-" "Mozilla/5.0 AppleWebKit/537.36 (KHTML, like Gecko; compatible; GPTBot/1.2; +https://openai.com/gptbot)"
20.171.207.255 - - [11/Sep/2025:06:18:05 +0700] "GET /goods/bar72855062.htm HTTP/1.0" 200 323 "-" "Mozilla/5.0 AppleWebKit/537.36 (KHTML, like Gecko; compatible; GPTBot/1.2; +https://openai.com/gptbot)"
20.171.207.255 - - [11/Sep/2025:06:18:08 +0700] "GET /goods/tie52964508.htm HTTP/1.0" 200 323 "-" "Mozilla/5.0 AppleWebKit/537.36 (KHTML, like Gecko; compatible; GPTBot/1.2; +https://openai.com/gptbot)"
20.171.207.255 - - [11/Sep/2025:06:18:11 +0700] "GET /goods/nut50478812.htm HTTP/1.0" 200 323 "-" "Mozilla/5.0 AppleWebKit/537.36 (KHTML, like Gecko; compatible; GPTBot/1.2; +https://openai.com/gptbot)"
20.171.207.255 - - [11/Sep/2025:06:18:14 +0700] "GET /goods/row32097194.htm HTTP/1.0" 200 323 "-" "Mozilla/5.0 AppleWebKit/537.36 (KHTML, like Gecko; compatible; GPTBot/1.2; +https://openai.com/gptbot)"
20.171.207.255 - - [11/Sep/2025:06:18:17 +0700] "GET /goods/fur72731646.htm HTTP/1.0" 200 323 "-" "Mozilla/5.0 AppleWebKit/537.36 (KHTML, like Gecko; compatible; GPTBot/1.2; +https://openai.com/gptbot)"
66.249.70.70 - - [11/Sep/2025:06:18:19 +0700] "GET /goods/bud51370684.htm HTTP/1.0" 200 179447 "-" "Mozilla/5.0 (Linux; Android 6.0.1; Nexus 5X Build/MMB29P) AppleWebKit/537.36 (KHTML, like Gecko) Chrome/139.0.7258.154 Mobile Safari/537.36 (compatible; Googlebot/2.1; +http://www.google.com/bot.html)"
20.171.207.255 - - [11/Sep/2025:06:18:20 +0700] "GET /goods/tie52364508.htm HTTP/1.0" 200 323 "-" "Mozilla/5.0 AppleWebKit/537.36 (KHTML, like Gecko; compatible; GPTBot/1.2; +https://openai.com/gptbot)"
20.171.207.255 - - [11/Sep/2025:06:18:23 +0700] "GET /goods/try61524829.htm HTTP/1.0" 200 323 "-" "Mozilla/5.0 AppleWebKit/537.36 (KHTML, like Gecko; compatible; GPTBot/1.2; +https://openai.com/gptbot)"
20.171.207.255 - - [11/Sep/2025:06:18:27 +0700] "GET /goods/low82540399.htm HTTP/1.0" 200 323 "-" "Mozilla/5.0 AppleWebKit/537.36 (KHTML, like Gecko; compatible; GPTBot/1.2; +https://openai.com/gptbot)"
20.171.207.255 - - [11/Sep/2025:06:18:30 +0700] "GET /goods/hay22630785.htm HTTP/1.0" 200 323 "-" "Mozilla/5.0 AppleWebKit/537.36 (KHTML, like Gecko; compatible; GPTBot/1.2; +https://openai.com/gptbot)"
20.171.207.255 - - [11/Sep/2025:06:18:33 +0700] "GET /goods/lie11236240.htm HTTP/1.0" 200 323 "-" "Mozilla/5.0 AppleWebKit/537.36 (KHTML, like Gecko; compatible; GPTBot/1.2; +https://openai.com/gptbot)"
20.171.207.255 - - [11/Sep/2025:06:18:36 +0700] "GET /goods/fly71613038.htm HTTP/1.0" 200 323 "-" "Mozilla/5.0 AppleWebKit/537.36 (KHTML, like Gecko; compatible; GPTBot/1.2; +https://openai.com/gptbot)"
20.171.207.255 - - [11/Sep/2025:06:18:39 +0700] "GET /goods/van52010604.htm HTTP/1.0" 200 323 "-" "Mozilla/5.0 AppleWebKit/537.36 (KHTML, like Gecko; compatible; GPTBot/1.2; +https://openai.com/gptbot)"
20.171.207.255 - - [11/Sep/2025:06:18:43 +0700] "GET /goods/wax21922537.htm HTTP/1.0" 200 323 "-" "Mozilla/5.0 AppleWebKit/537.36 (KHTML, like Gecko; compatible; GPTBot/1.2; +https://openai.com/gptbot)"
20.171.207.255 - - [11/Sep/2025:06:18:45 +0700] "GET /goods/pea50015372.htm HTTP/1.0" 200 323 "-" "Mozilla/5.0 AppleWebKit/537.36 (KHTML, like Gecko; compatible; GPTBot/1.2; +https://openai.com/gptbot)"
20.171.207.255 - - [11/Sep/2025:06:18:48 +0700] "GET /goods/sew32571106.htm HTTP/1.0" 200 323 "-" "Mozilla/5.0 AppleWebKit/537.36 (KHTML, like Gecko; compatible; GPTBot/1.2; +https://openai.com/gptbot)"
20.171.207.255 - - [11/Sep/2025:06:18:52 +0700] "GET /goods/see81273695.htm HTTP/1.0" 200 323 "-" "Mozilla/5.0 AppleWebKit/537.36 (KHTML, like Gecko; compatible; GPTBot/1.2; +https://openai.com/gptbot)"
20.171.207.255 - - [11/Sep/2025:06:18:55 +0700] "GET /goods/que20063937.htm HTTP/1.0" 200 323 "-" "Mozilla/5.0 AppleWebKit/537.36 (KHTML, like Gecko; compatible; GPTBot/1.2; +https://openai.com/gptbot)"
20.171.207.255 - - [11/Sep/2025:06:18:58 +0700] "GET /goods/you20416185.htm HTTP/1.0" 200 323 "-" "Mozilla/5.0 AppleWebKit/537.36 (KHTML, like Gecko; compatible; GPTBot/1.2; +https://openai.com/gptbot)"
20.171.207.255 - - [11/Sep/2025:06:19:02 +0700] "GET /goods/hay21938785.htm HTTP/1.0" 200 323 "-" "Mozilla/5.0 AppleWebKit/537.36 (KHTML, like Gecko; compatible; GPTBot/1.2; +https://openai.com/gptbot)"
20.171.207.255 - - [11/Sep/2025:06:19:04 +0700] "GET /goods/buy20865761.htm HTTP/1.0" 200 323 "-" "Mozilla/5.0 AppleWebKit/537.36 (KHTML, like Gecko; compatible; GPTBot/1.2; +https://openai.com/gptbot)"
20.171.207.255 - - [11/Sep/2025:06:19:07 +0700] "GET /goods/our81284967.htm HTTP/1.0" 200 323 "-" "Mozilla/5.0 AppleWebKit/537.36 (KHTML, like Gecko; compatible; GPTBot/1.2; +https://openai.com/gptbot)"
20.171.207.255 - - [11/Sep/2025:06:19:11 +0700] "GET /goods/hip51023692.htm HTTP/1.0" 200 323 "-" "Mozilla/5.0 AppleWebKit/537.36 (KHTML, like Gecko; compatible; GPTBot/1.2; +https://openai.com/gptbot)"
20.171.207.255 - - [11/Sep/2025:06:19:14 +0700] "GET /goods/bud51870684.htm HTTP/1.0" 200 323 "-" "Mozilla/5.0 AppleWebKit/537.36 (KHTML, like Gecko; compatible; GPTBot/1.2; +https://openai.com/gptbot)"
20.171.207.255 - - [11/Sep/2025:06:19:17 +0700] "GET /goods/get30133786.htm HTTP/1.0" 200 323 "-" "Mozilla/5.0 AppleWebKit/537.36 (KHTML, like Gecko; compatible; GPTBot/1.2; +https://openai.com/gptbot)"
20.171.207.255 - - [11/Sep/2025:06:19:20 +0700] "GET /goods/way71968198.htm HTTP/1.0" 200 323 "-" "Mozilla/5.0 AppleWebKit/537.36 (KHTML, like Gecko; compatible; GPTBot/1.2; +https://openai.com/gptbot)"
20.171.207.255 - - [11/Sep/2025:06:19:23 +0700] "GET /goods/rod12239224.htm HTTP/1.0" 200 323 "-" "Mozilla/5.0 AppleWebKit/537.36 (KHTML, like Gecko; compatible; GPTBot/1.2; +https://openai.com/gptbot)"
20.171.207.255 - - [11/Sep/2025:06:19:26 +0700] "GET /goods/gin42359979.htm HTTP/1.0" 200 323 "-" "Mozilla/5.0 AppleWebKit/537.36 (KHTML, like Gecko; compatible; GPTBot/1.2; +https://openai.com/gptbot)"
57.141.2.5 - - [11/Sep/2025:06:19:28 +0700] "GET /goods/peel20421353.htm HTTP/1.0" 200 323 "-" "meta-externalagent/1.1 (+https://developers.facebook.com/docs/sharing/webmasters/crawler)"
20.171.207.255 - - [11/Sep/2025:06:19:31 +0700] "GET /goods/nor32141258.htm HTTP/1.0" 200 323 "-" "Mozilla/5.0 AppleWebKit/537.36 (KHTML, like Gecko; compatible; GPTBot/1.2; +https://openai.com/gptbot)"
20.171.207.255 - - [11/Sep/2025:06:19:34 +0700] "GET /goods/not21852345.htm HTTP/1.0" 200 323 "-" "Mozilla/5.0 AppleWebKit/537.36 (KHTML, like Gecko; compatible; GPTBot/1.2; +https://openai.com/gptbot)"
20.171.207.255 - - [11/Sep/2025:06:19:36 +0700] "GET /goods/ant32113162.htm HTTP/1.0" 200 323 "-" "Mozilla/5.0 AppleWebKit/537.36 (KHTML, like Gecko; compatible; GPTBot/1.2; +https://openai.com/gptbot)"
20.171.207.255 - - [11/Sep/2025:06:19:39 +0700] "GET /goods/two30893218.htm HTTP/1.0" 200 323 "-" "Mozilla/5.0 AppleWebKit/537.36 (KHTML, like Gecko; compatible; GPTBot/1.2; +https://openai.com/gptbot)"
20.171.207.255 - - [11/Sep/2025:06:19:42 +0700] "GET /goods/dam61803309.htm HTTP/1.0" 200 323 "-" "Mozilla/5.0 AppleWebKit/537.36 (KHTML, like Gecko; compatible; GPTBot/1.2; +https://openai.com/gptbot)"
20.171.207.255 - - [11/Sep/2025:06:19:46 +0700] "GET /goods/fit82284631.htm HTTP/1.0" 200 323 "-" "Mozilla/5.0 AppleWebKit/537.36 (KHTML, like Gecko; compatible; GPTBot/1.2; +https://openai.com/gptbot)"
20.171.207.255 - - [11/Sep/2025:06:19:48 +0700] "GET /goods/why31725010.htm HTTP/1.0" 200 323 "-" "Mozilla/5.0 AppleWebKit/537.36 (KHTML, like Gecko; compatible; GPTBot/1.2; +https://openai.com/gptbot)"
20.171.207.255 - - [11/Sep/2025:06:19:52 +0700] "GET /goods/for41857315.htm HTTP/1.0" 200 323 "-" "Mozilla/5.0 AppleWebKit/537.36 (KHTML, like Gecko; compatible; GPTBot/1.2; +https://openai.com/gptbot)"
66.249.71.33 - - [11/Sep/2025:06:19:53 +0700] "GET /goods/or31048498.htm HTTP/1.0" 200 180401 "-" "Mozilla/5.0 (Linux; Android 6.0.1; Nexus 5X Build/MMB29P) AppleWebKit/537.36 (KHTML, like Gecko) Chrome/139.0.7258.154 Mobile Safari/537.36 (compatible; Googlebot/2.1; +http://www.google.com/bot.html)"
20.171.207.255 - - [11/Sep/2025:06:19:55 +0700] "GET /goods/two30633218.htm HTTP/1.0" 200 323 "-" "Mozilla/5.0 AppleWebKit/537.36 (KHTML, like Gecko; compatible; GPTBot/1.2; +https://openai.com/gptbot)"
20.171.207.255 - - [11/Sep/2025:06:19:58 +0700] "GET /goods/toy30964978.htm HTTP/1.0" 200 323 "-" "Mozilla/5.0 AppleWebKit/537.36 (KHTML, like Gecko; compatible; GPTBot/1.2; +https://openai.com/gptbot)"
20.171.207.255 - - [11/Sep/2025:06:20:03 +0700] "GET /goods/dug72959942.htm HTTP/1.0" 200 323 "-" "Mozilla/5.0 AppleWebKit/537.36 (KHTML, like Gecko; compatible; GPTBot/1.2; +https://openai.com/gptbot)"
20.171.207.255 - - [11/Sep/2025:06:20:05 +0700] "GET /goods/one21772297.htm HTTP/1.0" 200 323 "-" "Mozilla/5.0 AppleWebKit/537.36 (KHTML, like Gecko; compatible; GPTBot/1.2; +https://openai.com/gptbot)"
20.171.207.255 - - [11/Sep/2025:06:20:08 +0700] "GET /goods/oak71505710.htm HTTP/1.0" 200 323 "-" "Mozilla/5.0 AppleWebKit/537.36 (KHTML, like Gecko; compatible; GPTBot/1.2; +https://openai.com/gptbot)"
20.171.207.255 - - [11/Sep/2025:06:20:11 +0700] "GET /goods/aid31181586.htm HTTP/1.0" 200 323 "-" "Mozilla/5.0 AppleWebKit/537.36 (KHTML, like Gecko; compatible; GPTBot/1.2; +https://openai.com/gptbot)"
20.171.207.255 - - [11/Sep/2025:06:20:15 +0700] "GET /goods/mum82047943.htm HTTP/1.0" 200 323 "-" "Mozilla/5.0 AppleWebKit/537.36 (KHTML, like Gecko; compatible; GPTBot/1.2; +https://openai.com/gptbot)"
20.171.207.255 - - [11/Sep/2025:06:20:17 +0700] "GET /goods/now12824856.htm HTTP/1.0" 200 323 "-" "Mozilla/5.0 AppleWebKit/537.36 (KHTML, like Gecko; compatible; GPTBot/1.2; +https://openai.com/gptbot)"
20.171.207.255 - - [11/Sep/2025:06:20:21 +0700] "GET /goods/dag60463941.htm HTTP/1.0" 200 323 "-" "Mozilla/5.0 AppleWebKit/537.36 (KHTML, like Gecko; compatible; GPTBot/1.2; +https://openai.com/gptbot)"
66.249.71.33 - - [11/Sep/2025:06:20:23 +0700] "GET /sitemape.xml HTTP/1.0" 200 108027 "-" "Mozilla/5.0 (compatible; Googlebot/2.1; +http://www.google.com/bot.html)"
20.171.207.255 - - [11/Sep/2025:06:20:25 +0700] "GET /goods/bob50859948.htm HTTP/1.0" 200 323 "-" "Mozilla/5.0 AppleWebKit/537.36 (KHTML, like Gecko; compatible; GPTBot/1.2; +https://openai.com/gptbot)"
20.171.207.255 - - [11/Sep/2025:06:20:28 +0700] "GET /goods/she72896950.htm HTTP/1.0" 200 323 "-" "Mozilla/5.0 AppleWebKit/537.36 (KHTML, like Gecko; compatible; GPTBot/1.2; +https://openai.com/gptbot)"
20.171.207.255 - - [11/Sep/2025:06:20:31 +0700] "GET /goods/let81273375.htm HTTP/1.0" 200 323 "-" "Mozilla/5.0 AppleWebKit/537.36 (KHTML, like Gecko; compatible; GPTBot/1.2; +https://openai.com/gptbot)"
20.171.207.255 - - [11/Sep/2025:06:20:34 +0700] "GET /goods/lad21231665.htm HTTP/1.0" 200 323 "-" "Mozilla/5.0 AppleWebKit/537.36 (KHTML, like Gecko; compatible; GPTBot/1.2; +https://openai.com/gptbot)"
20.171.207.255 - - [11/Sep/2025:06:20:37 +0700] "GET /goods/cue70615670.htm HTTP/1.0" 200 323 "-" "Mozilla/5.0 AppleWebKit/537.36 (KHTML, like Gecko; compatible; GPTBot/1.2; +https://openai.com/gptbot)"
20.171.207.255 - - [11/Sep/2025:06:20:40 +0700] "GET /goods/jam82399487.htm HTTP/1.0" 200 323 "-" "Mozilla/5.0 AppleWebKit/537.36 (KHTML, like Gecko; compatible; GPTBot/1.2; +https://openai.com/gptbot)"
20.171.207.255 - - [11/Sep/2025:06:20:43 +0700] "GET /goods/son70676574.htm HTTP/1.0" 200 323 "-" "Mozilla/5.0 AppleWebKit/537.36 (KHTML, like Gecko; compatible; GPTBot/1.2; +https://openai.com/gptbot)"
20.171.207.255 - - [11/Sep/2025:06:20:47 +0700] "GET /goods/dot70123566.htm HTTP/1.0" 200 323 "-" "Mozilla/5.0 AppleWebKit/537.36 (KHTML, like Gecko; compatible; GPTBot/1.2; +https://openai.com/gptbot)"
20.171.207.255 - - [11/Sep/2025:06:20:50 +0700] "GET /goods/not20680345.htm HTTP/1.0" 200 323 "-" "Mozilla/5.0 AppleWebKit/537.36 (KHTML, like Gecko; compatible; GPTBot/1.2; +https://openai.com/gptbot)"
20.171.207.255 - - [11/Sep/2025:06:20:54 +0700] "GET /goods/guy81619663.htm HTTP/1.0" 200 1735 "-" "Mozilla/5.0 AppleWebKit/537.36 (KHTML, like Gecko; compatible; GPTBot/1.2; +https://openai.com/gptbot)"
20.171.207.255 - - [11/Sep/2025:06:20:57 +0700] "GET /goods/son70680574.htm HTTP/1.0" 200 323 "-" "Mozilla/5.0 AppleWebKit/537.36 (KHTML, like Gecko; compatible; GPTBot/1.2; +https://openai.com/gptbot)"
20.171.207.255 - - [11/Sep/2025:06:21:00 +0700] "GET /goods/put70245414.htm HTTP/1.0" 200 323 "-" "Mozilla/5.0 AppleWebKit/537.36 (KHTML, like Gecko; compatible; GPTBot/1.2; +https://openai.com/gptbot)"
20.171.207.255 - - [11/Sep/2025:06:21:04 +0700] "GET /goods/eve12079176.htm HTTP/1.0" 200 323 "-" "Mozilla/5.0 AppleWebKit/537.36 (KHTML, like Gecko; compatible; GPTBot/1.2; +https://openai.com/gptbot)"
20.171.207.255 - - [11/Sep/2025:06:21:06 +0700] "GET /goods/mum81875943.htm HTTP/1.0" 200 323 "-" "Mozilla/5.0 AppleWebKit/537.36 (KHTML, like Gecko; compatible; GPTBot/1.2; +https://openai.com/gptbot)"
20.171.207.255 - - [11/Sep/2025:06:21:09 +0700] "GET /goods/nut50510812.htm HTTP/1.0" 200 323 "-" "Mozilla/5.0 AppleWebKit/537.36 (KHTML, like Gecko; compatible; GPTBot/1.2; +https://openai.com/gptbot)"
20.171.207.255 - - [11/Sep/2025:06:21:12 +0700] "GET /goods/his80340319.htm HTTP/1.0" 200 323 "-" "Mozilla/5.0 AppleWebKit/537.36 (KHTML, like Gecko; compatible; GPTBot/1.2; +https://openai.com/gptbot)"
20.171.207.255 - - [11/Sep/2025:06:21:15 +0700] "GET /goods/hat60317189.htm HTTP/1.0" 200 323 "-" "Mozilla/5.0 AppleWebKit/537.36 (KHTML, like Gecko; compatible; GPTBot/1.2; +https://openai.com/gptbot)"
20.171.207.255 - - [11/Sep/2025:06:21:18 +0700] "GET /goods/fop31939954.htm HTTP/1.0" 200 323 "-" "Mozilla/5.0 AppleWebKit/537.36 (KHTML, like Gecko; compatible; GPTBot/1.2; +https://openai.com/gptbot)"
66.249.70.70 - - [11/Sep/2025:06:21:20 +0700] "GET /goods/mathe20966513.htm HTTP/1.0" 200 176197 "-" "Mozilla/5.0 (Linux; Android 6.0.1; Nexus 5X Build/MMB29P) AppleWebKit/537.36 (KHTML, like Gecko) Chrome/139.0.7258.154 Mobile Safari/537.36 (compatible; Googlebot/2.1; +http://www.google.com/bot.html)"
20.171.207.255 - - [11/Sep/2025:06:21:22 +0700] "GET /goods/art72153230.htm HTTP/1.0" 200 323 "-" "Mozilla/5.0 AppleWebKit/537.36 (KHTML, like Gecko; compatible; GPTBot/1.2; +https://openai.com/gptbot)"
