HEX
Server: Apache
System: Linux ctr1189531.novalocal 3.10.0-1160.36.2.el7.x86_64 #1 SMP Wed Jul 21 11:57:15 UTC 2021 x86_64
User: sysuser_f3 (10000)
PHP: 7.3.29
Disabled: opcache_get_status
Upload Files
File: /var/www/vhosts/vietnguyenvn.vinawebs.com.vn/logs/vnc-group.vn/access_ssl_log.processed
66.249.70.71 - - [11/Sep/2025:03:24:35 +0700] "GET /goods/looko21941457.htm HTTP/1.0" 200 173649 "-" "Mozilla/5.0 (Linux; Android 6.0.1; Nexus 5X Build/MMB29P) AppleWebKit/537.36 (KHTML, like Gecko) Chrome/139.0.7258.154 Mobile Safari/537.36 (compatible; Googlebot/2.1; +http://www.google.com/bot.html)"
66.249.70.64 - - [11/Sep/2025:03:25:35 +0700] "GET /goods/tensi41466195.htm HTTP/1.0" 200 172663 "-" "Mozilla/5.0 (Linux; Android 6.0.1; Nexus 5X Build/MMB29P) AppleWebKit/537.36 (KHTML, like Gecko) Chrome/139.0.7258.154 Mobile Safari/537.36 (compatible; Googlebot/2.1; +http://www.google.com/bot.html)"
66.249.70.70 - - [11/Sep/2025:03:25:51 +0700] "GET /goods/gay51194796.htm HTTP/1.0" 200 180169 "-" "Mozilla/5.0 (Linux; Android 6.0.1; Nexus 5X Build/MMB29P) AppleWebKit/537.36 (KHTML, like Gecko) Chrome/139.0.7258.154 Mobile Safari/537.36 (compatible; GoogleOther)"
66.249.71.32 - - [11/Sep/2025:03:26:04 +0700] "POST /get-message-notify HTTP/1.0" 200 323 "https://vnc-group.vn/goods/gay51194796.htm" "Mozilla/5.0 (Linux; Android 6.0.1; Nexus 5X Build/MMB29P) AppleWebKit/537.36 (KHTML, like Gecko) Chrome/139.0.7258.154 Mobile Safari/537.36 (compatible; Googlebot/2.1; +http://www.google.com/bot.html)"
57.141.2.30 - - [11/Sep/2025:03:27:35 +0700] "GET /goods/vacat80145031.htm HTTP/1.0" 200 323 "-" "meta-externalagent/1.1 (+https://developers.facebook.com/docs/sharing/webmasters/crawler)"
66.249.71.32 - - [11/Sep/2025:03:28:15 +0700] "GET /goods/sever60308029.htm HTTP/1.0" 200 175065 "-" "Mozilla/5.0 (Linux; Android 6.0.1; Nexus 5X Build/MMB29P) AppleWebKit/537.36 (KHTML, like Gecko) Chrome/139.0.7258.154 Mobile Safari/537.36 (compatible; GoogleOther)"
66.249.70.64 - - [11/Sep/2025:03:28:38 +0700] "GET /goods/weddi51470348.htm HTTP/1.0" 200 177640 "-" "Mozilla/5.0 (Linux; Android 6.0.1; Nexus 5X Build/MMB29P) AppleWebKit/537.36 (KHTML, like Gecko) Chrome/139.0.7258.154 Mobile Safari/537.36 (compatible; Googlebot/2.1; +http://www.google.com/bot.html)"
57.141.2.71 - - [11/Sep/2025:03:29:17 +0700] "GET /goods/town20548209.htm HTTP/1.0" 200 323 "-" "meta-externalagent/1.1 (+https://developers.facebook.com/docs/sharing/webmasters/crawler)"
66.249.70.71 - - [11/Sep/2025:03:30:28 +0700] "GET /goods/sexua21831809.htm HTTP/1.0" 200 173492 "-" "Mozilla/5.0 (Linux; Android 6.0.1; Nexus 5X Build/MMB29P) AppleWebKit/537.36 (KHTML, like Gecko) Chrome/139.0.7258.154 Mobile Safari/537.36 (compatible; Googlebot/2.1; +http://www.google.com/bot.html)"
66.249.70.71 - - [11/Sep/2025:03:31:03 +0700] "GET /goods/skirt70856110.htm HTTP/1.0" 200 175088 "-" "Mozilla/5.0 (Linux; Android 6.0.1; Nexus 5X Build/MMB29P) AppleWebKit/537.36 (KHTML, like Gecko) Chrome/139.0.7258.154 Mobile Safari/537.36 (compatible; GoogleOther)"
66.249.70.70 - - [11/Sep/2025:03:31:17 +0700] "POST /get-message-notify HTTP/1.0" 200 174658 "https://vnc-group.vn/goods/skirt70856110.htm" "Mozilla/5.0 (Linux; Android 6.0.1; Nexus 5X Build/MMB29P) AppleWebKit/537.36 (KHTML, like Gecko) Chrome/139.0.7258.154 Mobile Safari/537.36 (compatible; Googlebot/2.1; +http://www.google.com/bot.html)"
66.249.70.70 - - [11/Sep/2025:03:31:38 +0700] "GET /goods/engag52709900.htm HTTP/1.0" 200 174281 "-" "Mozilla/5.0 (Linux; Android 6.0.1; Nexus 5X Build/MMB29P) AppleWebKit/537.36 (KHTML, like Gecko) Chrome/139.0.7258.154 Mobile Safari/537.36 (compatible; Googlebot/2.1; +http://www.google.com/bot.html)"
66.249.71.34 - - [11/Sep/2025:03:33:06 +0700] "GET /goods/worst52169636.htm HTTP/1.0" 200 172878 "-" "Mozilla/5.0 (Linux; Android 6.0.1; Nexus 5X Build/MMB29P) AppleWebKit/537.36 (KHTML, like Gecko) Chrome/139.0.7258.154 Mobile Safari/537.36 (compatible; Googlebot/2.1; +http://www.google.com/bot.html)"
66.249.71.32 - - [11/Sep/2025:03:34:14 +0700] "GET /goods/scrub30175986.htm HTTP/1.0" 200 176251 "-" "Mozilla/5.0 (Linux; Android 6.0.1; Nexus 5X Build/MMB29P) AppleWebKit/537.36 (KHTML, like Gecko) Chrome/139.0.7258.154 Mobile Safari/537.36 (compatible; Googlebot/2.1; +http://www.google.com/bot.html)"
66.249.70.64 - - [11/Sep/2025:03:34:26 +0700] "POST /get-message-notify HTTP/1.0" 200 174125 "https://vnc-group.vn/goods/scrub30175986.htm" "Mozilla/5.0 (Linux; Android 6.0.1; Nexus 5X Build/MMB29P) AppleWebKit/537.36 (KHTML, like Gecko) Chrome/139.0.7258.154 Mobile Safari/537.36 (compatible; Googlebot/2.1; +http://www.google.com/bot.html)"
66.249.71.32 - - [11/Sep/2025:03:34:53 +0700] "GET /goods/negat42669795.htm HTTP/1.0" 200 175296 "-" "Mozilla/5.0 (Linux; Android 6.0.1; Nexus 5X Build/MMB29P) AppleWebKit/537.36 (KHTML, like Gecko) Chrome/139.0.7258.154 Mobile Safari/537.36 (compatible; GoogleOther)"
66.249.70.70 - - [11/Sep/2025:03:35:01 +0700] "POST /get-message-notify HTTP/1.0" 200 174203 "https://vnc-group.vn/goods/negat42669795.htm" "Mozilla/5.0 (Linux; Android 6.0.1; Nexus 5X Build/MMB29P) AppleWebKit/537.36 (KHTML, like Gecko) Chrome/139.0.7258.154 Mobile Safari/537.36 (compatible; Googlebot/2.1; +http://www.google.com/bot.html)"
57.141.2.54 - - [11/Sep/2025:03:36:18 +0700] "GET /goods/delet32666810.htm HTTP/1.0" 200 323 "-" "meta-externalagent/1.1 (+https://developers.facebook.com/docs/sharing/webmasters/crawler)"
66.249.70.70 - - [11/Sep/2025:03:39:24 +0700] "GET /goods/lemon62393173.htm HTTP/1.0" 200 323 "-" "Mozilla/5.0 (Linux; Android 6.0.1; Nexus 5X Build/MMB29P) AppleWebKit/537.36 (KHTML, like Gecko) Chrome/139.0.7258.154 Mobile Safari/537.36 (compatible; Googlebot/2.1; +http://www.google.com/bot.html)"
66.249.71.33 - - [11/Sep/2025:03:41:32 +0700] "GET /goods/ruin70507718.htm HTTP/1.0" 200 190375 "-" "Mozilla/5.0 (Linux; Android 6.0.1; Nexus 5X Build/MMB29P) AppleWebKit/537.36 (KHTML, like Gecko) Chrome/139.0.7258.154 Mobile Safari/537.36 (compatible; GoogleOther)"
66.249.70.71 - - [11/Sep/2025:03:41:46 +0700] "POST /get-message-notify HTTP/1.0" 200 173880 "https://vnc-group.vn/goods/ruin70507718.htm" "Mozilla/5.0 (Linux; Android 6.0.1; Nexus 5X Build/MMB29P) AppleWebKit/537.36 (KHTML, like Gecko) Chrome/139.0.7258.154 Mobile Safari/537.36 (compatible; Googlebot/2.1; +http://www.google.com/bot.html)"
66.249.70.70 - - [11/Sep/2025:03:42:10 +0700] "GET /goods/dank30347834.htm HTTP/1.0" 200 182005 "-" "Mozilla/5.0 (Linux; Android 6.0.1; Nexus 5X Build/MMB29P) AppleWebKit/537.36 (KHTML, like Gecko) Chrome/139.0.7258.154 Mobile Safari/537.36 (compatible; Googlebot/2.1; +http://www.google.com/bot.html)"
66.249.70.64 - - [11/Sep/2025:03:44:41 +0700] "GET /goods/dropo71781910.htm HTTP/1.0" 200 185517 "-" "Mozilla/5.0 (Linux; Android 6.0.1; Nexus 5X Build/MMB29P) AppleWebKit/537.36 (KHTML, like Gecko) Chrome/139.0.7258.154 Mobile Safari/537.36 (compatible; Googlebot/2.1; +http://www.google.com/bot.html)"
66.249.70.64 - - [11/Sep/2025:03:46:24 +0700] "GET /goods/workm61050629.htm HTTP/1.0" 200 180837 "-" "Mozilla/5.0 (Linux; Android 6.0.1; Nexus 5X Build/MMB29P) AppleWebKit/537.36 (KHTML, like Gecko) Chrome/139.0.7258.154 Mobile Safari/537.36 (compatible; Googlebot/2.1; +http://www.google.com/bot.html)"
66.249.71.33 - - [11/Sep/2025:03:46:47 +0700] "GET /goods/mirro61405005.htm HTTP/1.0" 200 187412 "-" "Mozilla/5.0 (Linux; Android 6.0.1; Nexus 5X Build/MMB29P) AppleWebKit/537.36 (KHTML, like Gecko) Chrome/139.0.7258.154 Mobile Safari/537.36 (compatible; Googlebot/2.1; +http://www.google.com/bot.html)"
66.249.70.70 - - [11/Sep/2025:03:47:03 +0700] "GET /goods/sympt42262219.htm HTTP/1.0" 200 176223 "-" "Mozilla/5.0 (Linux; Android 6.0.1; Nexus 5X Build/MMB29P) AppleWebKit/537.36 (KHTML, like Gecko) Chrome/139.0.7258.154 Mobile Safari/537.36 (compatible; GoogleOther)"
66.249.70.64 - - [11/Sep/2025:03:47:22 +0700] "POST /get-message-notify HTTP/1.0" 200 174324 "https://vnc-group.vn/goods/sympt42262219.htm" "Mozilla/5.0 (Linux; Android 6.0.1; Nexus 5X Build/MMB29P) AppleWebKit/537.36 (KHTML, like Gecko) Chrome/139.0.7258.154 Mobile Safari/537.36 (compatible; Googlebot/2.1; +http://www.google.com/bot.html)"
66.249.70.70 - - [11/Sep/2025:03:48:06 +0700] "GET /goods/elast20746529.htm HTTP/1.0" 200 323 "-" "Mozilla/5.0 (Linux; Android 6.0.1; Nexus 5X Build/MMB29P) AppleWebKit/537.36 (KHTML, like Gecko) Chrome/139.0.7258.154 Mobile Safari/537.36 (compatible; Googlebot/2.1; +http://www.google.com/bot.html)"
66.249.70.70 - - [11/Sep/2025:03:48:16 +0700] "GET /goods/ought70562814.htm HTTP/1.0" 200 173184 "-" "Mozilla/5.0 (Linux; Android 6.0.1; Nexus 5X Build/MMB29P) AppleWebKit/537.36 (KHTML, like Gecko) Chrome/139.0.7258.154 Mobile Safari/537.36 (compatible; GoogleOther)"
66.249.70.70 - - [11/Sep/2025:03:48:38 +0700] "POST /get-message-notify HTTP/1.0" 200 174361 "https://vnc-group.vn/goods/ought70562814.htm" "Mozilla/5.0 (Linux; Android 6.0.1; Nexus 5X Build/MMB29P) AppleWebKit/537.36 (KHTML, like Gecko) Chrome/139.0.7258.154 Mobile Safari/537.36 (compatible; Googlebot/2.1; +http://www.google.com/bot.html)"
66.249.71.32 - - [11/Sep/2025:03:50:11 +0700] "GET /goods/humbl70846718.htm HTTP/1.0" 200 176223 "-" "Mozilla/5.0 (Linux; Android 6.0.1; Nexus 5X Build/MMB29P) AppleWebKit/537.36 (KHTML, like Gecko) Chrome/139.0.7258.154 Mobile Safari/537.36 (compatible; Googlebot/2.1; +http://www.google.com/bot.html)"
66.249.70.71 - - [11/Sep/2025:03:51:45 +0700] "GET /goods/furl80915975.htm HTTP/1.0" 200 178722 "-" "Mozilla/5.0 (Linux; Android 6.0.1; Nexus 5X Build/MMB29P) AppleWebKit/537.36 (KHTML, like Gecko) Chrome/139.0.7258.154 Mobile Safari/537.36 (compatible; Googlebot/2.1; +http://www.google.com/bot.html)"
66.249.70.70 - - [11/Sep/2025:03:52:21 +0700] "GET /goods/works20382897.htm HTTP/1.0" 200 175395 "-" "Mozilla/5.0 (Linux; Android 6.0.1; Nexus 5X Build/MMB29P) AppleWebKit/537.36 (KHTML, like Gecko) Chrome/139.0.7258.154 Mobile Safari/537.36 (compatible; GoogleOther)"
66.249.71.32 - - [11/Sep/2025:03:52:33 +0700] "POST /get-message-notify HTTP/1.0" 200 174311 "https://vnc-group.vn/goods/works20382897.htm" "Mozilla/5.0 (Linux; Android 6.0.1; Nexus 5X Build/MMB29P) AppleWebKit/537.36 (KHTML, like Gecko) Chrome/139.0.7258.154 Mobile Safari/537.36 (compatible; Googlebot/2.1; +http://www.google.com/bot.html)"
66.249.70.64 - - [11/Sep/2025:03:54:52 +0700] "GET /goods/tyre41015547.htm HTTP/1.0" 200 179657 "-" "Mozilla/5.0 (Linux; Android 6.0.1; Nexus 5X Build/MMB29P) AppleWebKit/537.36 (KHTML, like Gecko) Chrome/139.0.7258.154 Mobile Safari/537.36 (compatible; GoogleOther)"
66.249.70.70 - - [11/Sep/2025:03:54:59 +0700] "POST /get-message-notify HTTP/1.0" 200 173943 "https://vnc-group.vn/goods/tyre41015547.htm" "Mozilla/5.0 (Linux; Android 6.0.1; Nexus 5X Build/MMB29P) AppleWebKit/537.36 (KHTML, like Gecko) Chrome/139.0.7258.154 Mobile Safari/537.36 (compatible; Googlebot/2.1; +http://www.google.com/bot.html)"
66.249.71.34 - - [11/Sep/2025:03:56:48 +0700] "GET /goods/begin32729722.htm HTTP/1.0" 200 175156 "-" "Mozilla/5.0 (Linux; Android 6.0.1; Nexus 5X Build/MMB29P) AppleWebKit/537.36 (KHTML, like Gecko) Chrome/139.0.7258.154 Mobile Safari/537.36 (compatible; GoogleOther)"
66.249.70.70 - - [11/Sep/2025:03:56:57 +0700] "GET /goods/hare40138507.htm HTTP/1.0" 200 177045 "-" "Mozilla/5.0 (Linux; Android 6.0.1; Nexus 5X Build/MMB29P) AppleWebKit/537.36 (KHTML, like Gecko) Chrome/139.0.7258.154 Mobile Safari/537.36 (compatible; Googlebot/2.1; +http://www.google.com/bot.html)"
66.249.70.70 - - [11/Sep/2025:03:57:15 +0700] "GET /goods/polar11033592.htm HTTP/1.0" 200 174736 "-" "Mozilla/5.0 (Linux; Android 6.0.1; Nexus 5X Build/MMB29P) AppleWebKit/537.36 (KHTML, like Gecko) Chrome/139.0.7258.154 Mobile Safari/537.36 (compatible; Googlebot/2.1; +http://www.google.com/bot.html)"
57.141.2.22 - - [11/Sep/2025:03:58:11 +0700] "GET /goods/ten52476036.htm HTTP/1.0" 200 323 "-" "meta-externalagent/1.1 (+https://developers.facebook.com/docs/sharing/webmasters/crawler)"
66.249.70.70 - - [11/Sep/2025:03:58:17 +0700] "GET /goods/date51784756.htm HTTP/1.0" 200 172876 "-" "Mozilla/5.0 (Linux; Android 6.0.1; Nexus 5X Build/MMB29P) AppleWebKit/537.36 (KHTML, like Gecko) Chrome/139.0.7258.154 Mobile Safari/537.36 (compatible; GoogleOther)"
66.249.70.70 - - [11/Sep/2025:03:58:25 +0700] "POST /get-message-notify HTTP/1.0" 200 323 "https://vnc-group.vn/goods/date51784756.htm" "Mozilla/5.0 (Linux; Android 6.0.1; Nexus 5X Build/MMB29P) AppleWebKit/537.36 (KHTML, like Gecko) Chrome/139.0.7258.154 Mobile Safari/537.36 (compatible; Googlebot/2.1; +http://www.google.com/bot.html)"
66.249.70.70 - - [11/Sep/2025:03:58:36 +0700] "GET /goods/hambu10805128.htm HTTP/1.0" 200 177498 "-" "Mozilla/5.0 (Linux; Android 6.0.1; Nexus 5X Build/MMB29P) AppleWebKit/537.36 (KHTML, like Gecko) Chrome/139.0.7258.154 Mobile Safari/537.36 (compatible; Googlebot/2.1; +http://www.google.com/bot.html)"
66.249.70.71 - - [11/Sep/2025:04:01:31 +0700] "GET /sitemapm.xml HTTP/1.0" 200 152188 "-" "Mozilla/5.0 (compatible; Googlebot/2.1; +http://www.google.com/bot.html)"
66.249.70.70 - - [11/Sep/2025:04:02:56 +0700] "GET /goods/outgo61285333.htm HTTP/1.0" 200 174456 "-" "Mozilla/5.0 (Linux; Android 6.0.1; Nexus 5X Build/MMB29P) AppleWebKit/537.36 (KHTML, like Gecko) Chrome/139.0.7258.154 Mobile Safari/537.36 (compatible; GoogleOther)"
66.249.70.71 - - [11/Sep/2025:04:03:16 +0700] "POST /get-message-notify HTTP/1.0" 200 174425 "https://vnc-group.vn/goods/outgo61285333.htm" "Mozilla/5.0 (Linux; Android 6.0.1; Nexus 5X Build/MMB29P) AppleWebKit/537.36 (KHTML, like Gecko) Chrome/139.0.7258.154 Mobile Safari/537.36 (compatible; Googlebot/2.1; +http://www.google.com/bot.html)"
57.141.2.70 - - [11/Sep/2025:04:03:56 +0700] "GET /goods/stem61158533.htm HTTP/1.0" 200 323 "-" "meta-externalagent/1.1 (+https://developers.facebook.com/docs/sharing/webmasters/crawler)"
66.249.70.64 - - [11/Sep/2025:04:04:42 +0700] "GET /goods/resea50100628.htm HTTP/1.0" 200 173401 "-" "Mozilla/5.0 (Linux; Android 6.0.1; Nexus 5X Build/MMB29P) AppleWebKit/537.36 (KHTML, like Gecko) Chrome/139.0.7258.154 Mobile Safari/537.36 (compatible; GoogleOther)"
66.249.70.64 - - [11/Sep/2025:04:09:58 +0700] "GET /goods/metal21268969.htm HTTP/1.0" 200 177847 "-" "Mozilla/5.0 (Linux; Android 6.0.1; Nexus 5X Build/MMB29P) AppleWebKit/537.36 (KHTML, like Gecko) Chrome/139.0.7258.154 Mobile Safari/537.36 (compatible; GoogleOther)"
57.141.2.60 - - [11/Sep/2025:04:11:46 +0700] "GET /goods/hell41079091.htm HTTP/1.0" 200 323 "-" "meta-externalagent/1.1 (+https://developers.facebook.com/docs/sharing/webmasters/crawler)"
57.141.2.34 - - [11/Sep/2025:04:14:38 +0700] "GET /goods/typic82663191.htm HTTP/1.0" 200 323 "-" "meta-externalagent/1.1 (+https://developers.facebook.com/docs/sharing/webmasters/crawler)"
66.249.71.32 - - [11/Sep/2025:04:15:02 +0700] "GET /goods/young62676693.htm HTTP/1.0" 200 175657 "-" "Mozilla/5.0 (Linux; Android 6.0.1; Nexus 5X Build/MMB29P) AppleWebKit/537.36 (KHTML, like Gecko) Chrome/139.0.7258.154 Mobile Safari/537.36 (compatible; GoogleOther)"
66.249.70.70 - - [11/Sep/2025:04:15:21 +0700] "POST /get-message-notify HTTP/1.0" 200 174809 "https://vnc-group.vn/goods/young62676693.htm" "Mozilla/5.0 (Linux; Android 6.0.1; Nexus 5X Build/MMB29P) AppleWebKit/537.36 (KHTML, like Gecko) Chrome/139.0.7258.154 Mobile Safari/537.36 (compatible; Googlebot/2.1; +http://www.google.com/bot.html)"
57.141.2.24 - - [11/Sep/2025:04:15:40 +0700] "GET /goods/bill81916791.htm HTTP/1.0" 200 323 "-" "meta-externalagent/1.1 (+https://developers.facebook.com/docs/sharing/webmasters/crawler)"
57.141.2.42 - - [11/Sep/2025:04:15:51 +0700] "GET /goods/cast40302491.htm HTTP/1.0" 200 323 "-" "meta-externalagent/1.1 (+https://developers.facebook.com/docs/sharing/webmasters/crawler)"
57.141.2.93 - - [11/Sep/2025:04:19:34 +0700] "GET /goods/ugly31384578.htm HTTP/1.0" 200 323 "-" "meta-externalagent/1.1 (+https://developers.facebook.com/docs/sharing/webmasters/crawler)"
66.249.71.32 - - [11/Sep/2025:04:21:32 +0700] "GET /goods/ballo21460785.htm HTTP/1.0" 200 173700 "-" "Mozilla/5.0 (Linux; Android 6.0.1; Nexus 5X Build/MMB29P) AppleWebKit/537.36 (KHTML, like Gecko) Chrome/139.0.7258.154 Mobile Safari/537.36 (compatible; GoogleOther)"
57.141.2.19 - - [11/Sep/2025:04:21:54 +0700] "GET /goods/pronu40392699.htm HTTP/1.0" 200 323 "-" "meta-externalagent/1.1 (+https://developers.facebook.com/docs/sharing/webmasters/crawler)"
66.249.71.33 - - [11/Sep/2025:04:21:57 +0700] "POST /get-message-notify HTTP/1.0" 200 174545 "https://vnc-group.vn/goods/ballo21460785.htm" "Mozilla/5.0 (Linux; Android 6.0.1; Nexus 5X Build/MMB29P) AppleWebKit/537.36 (KHTML, like Gecko) Chrome/139.0.7258.154 Mobile Safari/537.36 (compatible; Googlebot/2.1; +http://www.google.com/bot.html)"
57.141.2.12 - - [11/Sep/2025:04:22:12 +0700] "GET /goods/labou52051124.htm HTTP/1.0" 200 323 "-" "meta-externalagent/1.1 (+https://developers.facebook.com/docs/sharing/webmasters/crawler)"
66.249.70.64 - - [11/Sep/2025:04:23:28 +0700] "GET /goods/high22680633.htm HTTP/1.0" 200 173891 "-" "Mozilla/5.0 (Linux; Android 6.0.1; Nexus 5X Build/MMB29P) AppleWebKit/537.36 (KHTML, like Gecko) Chrome/139.0.7258.154 Mobile Safari/537.36 (compatible; Googlebot/2.1; +http://www.google.com/bot.html)"
66.249.70.70 - - [11/Sep/2025:04:23:44 +0700] "GET /goods/sofa52904428.htm HTTP/1.0" 200 178777 "-" "Mozilla/5.0 (Linux; Android 6.0.1; Nexus 5X Build/MMB29P) AppleWebKit/537.36 (KHTML, like Gecko) Chrome/139.0.7258.154 Mobile Safari/537.36 (compatible; Googlebot/2.1; +http://www.google.com/bot.html)"
66.249.71.32 - - [11/Sep/2025:04:23:56 +0700] "POST /get-message-notify HTTP/1.0" 200 174244 "https://vnc-group.vn/goods/sofa52904428.htm" "Mozilla/5.0 (Linux; Android 6.0.1; Nexus 5X Build/MMB29P) AppleWebKit/537.36 (KHTML, like Gecko) Chrome/139.0.7258.154 Mobile Safari/537.36 (compatible; Googlebot/2.1; +http://www.google.com/bot.html)"
66.249.70.70 - - [11/Sep/2025:04:24:06 +0700] "GET /goods/hallw40429715.htm HTTP/1.0" 200 174479 "-" "Mozilla/5.0 (Linux; Android 6.0.1; Nexus 5X Build/MMB29P) AppleWebKit/537.36 (KHTML, like Gecko) Chrome/139.0.7258.154 Mobile Safari/537.36 (compatible; GoogleOther)"
66.249.71.33 - - [11/Sep/2025:04:24:55 +0700] "POST /get-message-notify HTTP/1.0" 200 174863 "https://vnc-group.vn/goods/hallw40429715.htm" "Mozilla/5.0 (Linux; Android 6.0.1; Nexus 5X Build/MMB29P) AppleWebKit/537.36 (KHTML, like Gecko) Chrome/139.0.7258.154 Mobile Safari/537.36 (compatible; Googlebot/2.1; +http://www.google.com/bot.html)"
57.141.2.88 - - [11/Sep/2025:04:27:03 +0700] "GET /goods/litte50720604.htm HTTP/1.0" 200 323 "-" "meta-externalagent/1.1 (+https://developers.facebook.com/docs/sharing/webmasters/crawler)"
66.249.70.71 - - [11/Sep/2025:04:27:35 +0700] "GET /goods/cap70497222.htm HTTP/1.0" 200 173793 "-" "Mozilla/5.0 (Linux; Android 6.0.1; Nexus 5X Build/MMB29P) AppleWebKit/537.36 (KHTML, like Gecko) Chrome/139.0.7258.154 Mobile Safari/537.36 (compatible; Googlebot/2.1; +http://www.google.com/bot.html)"
66.249.70.71 - - [11/Sep/2025:04:28:03 +0700] "GET /goods/bless11210304.htm HTTP/1.0" 200 179386 "-" "Mozilla/5.0 (Linux; Android 6.0.1; Nexus 5X Build/MMB29P) AppleWebKit/537.36 (KHTML, like Gecko) Chrome/139.0.7258.154 Mobile Safari/537.36 (compatible; GoogleOther)"
66.249.70.70 - - [11/Sep/2025:04:29:08 +0700] "GET /goods/flue21167977.htm HTTP/1.0" 200 173117 "-" "Mozilla/5.0 (Linux; Android 6.0.1; Nexus 5X Build/MMB29P) AppleWebKit/537.36 (KHTML, like Gecko) Chrome/139.0.7258.154 Mobile Safari/537.36 (compatible; GoogleOther)"
66.249.70.70 - - [11/Sep/2025:04:29:17 +0700] "POST /get-message-notify HTTP/1.0" 200 174017 "https://vnc-group.vn/goods/flue21167977.htm" "Mozilla/5.0 (Linux; Android 6.0.1; Nexus 5X Build/MMB29P) AppleWebKit/537.36 (KHTML, like Gecko) Chrome/139.0.7258.154 Mobile Safari/537.36 (compatible; Googlebot/2.1; +http://www.google.com/bot.html)"
66.249.70.70 - - [11/Sep/2025:04:30:14 +0700] "GET /goods/unfri40513571.htm HTTP/1.0" 200 179467 "-" "Mozilla/5.0 (Linux; Android 6.0.1; Nexus 5X Build/MMB29P) AppleWebKit/537.36 (KHTML, like Gecko) Chrome/139.0.7258.154 Mobile Safari/537.36 (compatible; GoogleOther)"
66.249.70.70 - - [11/Sep/2025:04:30:24 +0700] "POST /get-message-notify HTTP/1.0" 200 174282 "https://vnc-group.vn/goods/unfri40513571.htm" "Mozilla/5.0 (Linux; Android 6.0.1; Nexus 5X Build/MMB29P) AppleWebKit/537.36 (KHTML, like Gecko) Chrome/139.0.7258.154 Mobile Safari/537.36 (compatible; Googlebot/2.1; +http://www.google.com/bot.html)"
66.249.70.70 - - [11/Sep/2025:04:32:00 +0700] "GET /goods/atom%2022687817.htm HTTP/1.0" 200 178021 "-" "Mozilla/5.0 (Linux; Android 6.0.1; Nexus 5X Build/MMB29P) AppleWebKit/537.36 (KHTML, like Gecko) Chrome/139.0.7258.154 Mobile Safari/537.36 (compatible; GoogleOther)"
66.249.71.32 - - [11/Sep/2025:04:32:13 +0700] "POST /get-message-notify HTTP/1.0" 200 174410 "https://vnc-group.vn/goods/atom%2022687817.htm" "Mozilla/5.0 (Linux; Android 6.0.1; Nexus 5X Build/MMB29P) AppleWebKit/537.36 (KHTML, like Gecko) Chrome/139.0.7258.154 Mobile Safari/537.36 (compatible; Googlebot/2.1; +http://www.google.com/bot.html)"
57.141.2.93 - - [11/Sep/2025:04:32:50 +0700] "GET /goods/easy80644983.htm HTTP/1.0" 200 323 "-" "meta-externalagent/1.1 (+https://developers.facebook.com/docs/sharing/webmasters/crawler)"
66.249.70.64 - - [11/Sep/2025:04:33:28 +0700] "GET /goods/grow62990949.htm HTTP/1.0" 200 174113 "-" "Mozilla/5.0 (Linux; Android 6.0.1; Nexus 5X Build/MMB29P) AppleWebKit/537.36 (KHTML, like Gecko) Chrome/139.0.7258.154 Mobile Safari/537.36 (compatible; GoogleOther)"
69.171.230.114 - - [11/Sep/2025:04:33:40 +0700] "GET /robots.txt HTTP/1.0" 206 787 "-" "facebookexternalhit/1.1 (+http://www.facebook.com/externalhit_uatext.php)"
66.249.71.32 - - [11/Sep/2025:04:33:38 +0700] "POST /get-message-notify HTTP/1.0" 200 174128 "https://vnc-group.vn/goods/grow62990949.htm" "Mozilla/5.0 (Linux; Android 6.0.1; Nexus 5X Build/MMB29P) AppleWebKit/537.36 (KHTML, like Gecko) Chrome/139.0.7258.154 Mobile Safari/537.36 (compatible; Googlebot/2.1; +http://www.google.com/bot.html)"
66.249.70.70 - - [11/Sep/2025:04:34:01 +0700] "GET /goods/tape50684964.htm HTTP/1.0" 200 188175 "-" "Mozilla/5.0 (Linux; Android 6.0.1; Nexus 5X Build/MMB29P) AppleWebKit/537.36 (KHTML, like Gecko) Chrome/139.0.7258.154 Mobile Safari/537.36 (compatible; Googlebot/2.1; +http://www.google.com/bot.html)"
66.249.70.64 - - [11/Sep/2025:04:34:39 +0700] "GET /goods/remov21649897.htm HTTP/1.0" 200 173613 "-" "Mozilla/5.0 (Linux; Android 6.0.1; Nexus 5X Build/MMB29P) AppleWebKit/537.36 (KHTML, like Gecko) Chrome/139.0.7258.154 Mobile Safari/537.36 (compatible; GoogleOther)"
66.249.70.70 - - [11/Sep/2025:04:34:49 +0700] "GET /goods/overs82841783.htm HTTP/1.0" 200 217473 "-" "Mozilla/5.0 (Linux; Android 6.0.1; Nexus 5X Build/MMB29P) AppleWebKit/537.36 (KHTML, like Gecko) Chrome/139.0.7258.154 Mobile Safari/537.36 (compatible; Googlebot/2.1; +http://www.google.com/bot.html)"
66.249.70.71 - - [11/Sep/2025:04:35:41 +0700] "GET /goods/vast71755158.htm HTTP/1.0" 200 174420 "-" "Mozilla/5.0 (Linux; Android 6.0.1; Nexus 5X Build/MMB29P) AppleWebKit/537.36 (KHTML, like Gecko) Chrome/139.0.7258.154 Mobile Safari/537.36 (compatible; GoogleOther)"
66.249.71.33 - - [11/Sep/2025:04:35:51 +0700] "POST /get-message-notify HTTP/1.0" 200 174716 "https://vnc-group.vn/goods/vast71755158.htm" "Mozilla/5.0 (Linux; Android 6.0.1; Nexus 5X Build/MMB29P) AppleWebKit/537.36 (KHTML, like Gecko) Chrome/139.0.7258.154 Mobile Safari/537.36 (compatible; Googlebot/2.1; +http://www.google.com/bot.html)"
66.249.70.70 - - [11/Sep/2025:04:36:21 +0700] "GET /goods/self11739888.htm HTTP/1.0" 200 180891 "-" "Mozilla/5.0 (Linux; Android 6.0.1; Nexus 5X Build/MMB29P) AppleWebKit/537.36 (KHTML, like Gecko) Chrome/139.0.7258.154 Mobile Safari/537.36 (compatible; Googlebot/2.1; +http://www.google.com/bot.html)"
66.249.70.71 - - [11/Sep/2025:04:39:57 +0700] "GET /goods/mista62993581.htm HTTP/1.0" 200 174509 "-" "Mozilla/5.0 (Linux; Android 6.0.1; Nexus 5X Build/MMB29P) AppleWebKit/537.36 (KHTML, like Gecko) Chrome/139.0.7258.154 Mobile Safari/537.36 (compatible; GoogleOther)"
66.249.71.32 - - [11/Sep/2025:04:40:12 +0700] "GET /goods/cheap22796441.htm HTTP/1.0" 200 174235 "-" "Mozilla/5.0 (Linux; Android 6.0.1; Nexus 5X Build/MMB29P) AppleWebKit/537.36 (KHTML, like Gecko) Chrome/139.0.7258.154 Mobile Safari/537.36 (compatible; Googlebot/2.1; +http://www.google.com/bot.html)"
192.252.179.154 - - [11/Sep/2025:04:40:32 +0700] "GET /fckeditor/editor/filemanager/browser/default/connectors/aspx/connector.aspx HTTP/1.0" 200 323 "-" "Mozilla/5.0 (Windows NT 10.0; Win64; x64) AppleWebKit/537.36 (KHTML, like Gecko) Chrome/91.0.4472.124 Safari/537.36"
192.252.179.154 - - [11/Sep/2025:04:40:32 +0700] "GET /fckeditor/editor/filemanager/browser/default/connectors/asp/connector.asp HTTP/1.0" 200 323 "-" "Mozilla/5.0 (Windows NT 10.0; Win64; x64) AppleWebKit/537.36 (KHTML, like Gecko) Chrome/91.0.4472.124 Safari/537.36"
192.252.179.154 - - [11/Sep/2025:04:40:33 +0700] "GET /fckeditor/editor/filemanager/browser/default/connectors/php/connector.php HTTP/1.0" 200 323 "-" "Mozilla/5.0 (Windows NT 10.0; Win64; x64) AppleWebKit/537.36 (KHTML, like Gecko) Chrome/91.0.4472.124 Safari/537.36"
192.252.179.154 - - [11/Sep/2025:04:40:33 +0700] "GET /fckeditor/editor/filemanager/browser/default/connectors/test.html HTTP/1.0" 200 323 "-" "Mozilla/5.0 (Windows NT 10.0; Win64; x64) AppleWebKit/537.36 (KHTML, like Gecko) Chrome/91.0.4472.124 Safari/537.36"
192.252.179.154 - - [11/Sep/2025:04:40:33 +0700] "GET /fckeditor/editor/filemanager/upload/test.html HTTP/1.0" 200 323 "-" "Mozilla/5.0 (Windows NT 10.0; Win64; x64) AppleWebKit/537.36 (KHTML, like Gecko) Chrome/91.0.4472.124 Safari/537.36"
192.252.179.154 - - [11/Sep/2025:04:40:33 +0700] "GET /fckeditor/editor/filemanager/connectors/test.html HTTP/1.0" 200 323 "-" "Mozilla/5.0 (Windows NT 10.0; Win64; x64) AppleWebKit/537.36 (KHTML, like Gecko) Chrome/91.0.4472.124 Safari/537.36"
192.252.179.154 - - [11/Sep/2025:04:40:33 +0700] "GET /fckeditor/editor/filemanager/connectors/uploadtest.htm HTTP/1.0" 200 323 "-" "Mozilla/5.0 (Windows NT 10.0; Win64; x64) AppleWebKit/537.36 (KHTML, like Gecko) Chrome/91.0.4472.124 Safari/537.36"
192.252.179.154 - - [11/Sep/2025:04:40:34 +0700] "GET /fckeditor/editor/filemanager/connectors/uploadtest.html HTTP/1.0" 200 1735 "-" "Mozilla/5.0 (Windows NT 10.0; Win64; x64) AppleWebKit/537.36 (KHTML, like Gecko) Chrome/91.0.4472.124 Safari/537.36"
192.252.179.154 - - [11/Sep/2025:04:40:34 +0700] "GET /Content/fckeditor/filemanager/browser/default/connectors/aspx/connector.aspx HTTP/1.0" 200 323 "-" "Mozilla/5.0 (Windows NT 10.0; Win64; x64) AppleWebKit/537.36 (KHTML, like Gecko) Chrome/91.0.4472.124 Safari/537.36"
192.252.179.154 - - [11/Sep/2025:04:40:34 +0700] "GET /Content/fckeditor/filemanager/browser/default/connectors/asp/connector.asp HTTP/1.0" 200 323 "-" "Mozilla/5.0 (Windows NT 10.0; Win64; x64) AppleWebKit/537.36 (KHTML, like Gecko) Chrome/91.0.4472.124 Safari/537.36"
192.252.179.154 - - [11/Sep/2025:04:40:34 +0700] "GET /Content/fckeditor/filemanager/browser/default/connectors/php/connector.php HTTP/1.0" 200 323 "-" "Mozilla/5.0 (Windows NT 10.0; Win64; x64) AppleWebKit/537.36 (KHTML, like Gecko) Chrome/91.0.4472.124 Safari/537.36"
192.252.179.154 - - [11/Sep/2025:04:40:34 +0700] "GET /Content/fckeditor/filemanager/browser/default/connectors/test.html HTTP/1.0" 200 323 "-" "Mozilla/5.0 (Windows NT 10.0; Win64; x64) AppleWebKit/537.36 (KHTML, like Gecko) Chrome/91.0.4472.124 Safari/537.36"
192.252.179.154 - - [11/Sep/2025:04:40:34 +0700] "GET /Content/fckeditor/filemanager/upload/test.html HTTP/1.0" 200 323 "-" "Mozilla/5.0 (Windows NT 10.0; Win64; x64) AppleWebKit/537.36 (KHTML, like Gecko) Chrome/91.0.4472.124 Safari/537.36"
192.252.179.154 - - [11/Sep/2025:04:40:35 +0700] "GET /Content/fckeditor/filemanager/connectors/test.html HTTP/1.0" 200 323 "-" "Mozilla/5.0 (Windows NT 10.0; Win64; x64) AppleWebKit/537.36 (KHTML, like Gecko) Chrome/91.0.4472.124 Safari/537.36"
192.252.179.154 - - [11/Sep/2025:04:40:35 +0700] "GET /Content/fckeditor/filemanager/connectors/uploadtest.htm HTTP/1.0" 200 323 "-" "Mozilla/5.0 (Windows NT 10.0; Win64; x64) AppleWebKit/537.36 (KHTML, like Gecko) Chrome/91.0.4472.124 Safari/537.36"
192.252.179.154 - - [11/Sep/2025:04:40:35 +0700] "GET /Content/fckeditor/filemanager/connectors/uploadtest.html HTTP/1.0" 200 323 "-" "Mozilla/5.0 (Windows NT 10.0; Win64; x64) AppleWebKit/537.36 (KHTML, like Gecko) Chrome/91.0.4472.124 Safari/537.36"
192.252.179.154 - - [11/Sep/2025:04:40:35 +0700] "GET /core/fckeditor/editor/filemanager/browser/default/connectors/aspx/connector.aspx HTTP/1.0" 200 323 "-" "Mozilla/5.0 (Windows NT 10.0; Win64; x64) AppleWebKit/537.36 (KHTML, like Gecko) Chrome/91.0.4472.124 Safari/537.36"
192.252.179.154 - - [11/Sep/2025:04:40:35 +0700] "GET /core/fckeditor/editor/filemanager/browser/default/connectors/asp/connector.asp HTTP/1.0" 200 323 "-" "Mozilla/5.0 (Windows NT 10.0; Win64; x64) AppleWebKit/537.36 (KHTML, like Gecko) Chrome/91.0.4472.124 Safari/537.36"
192.252.179.154 - - [11/Sep/2025:04:40:35 +0700] "GET /core/fckeditor/editor/filemanager/browser/default/connectors/php/connector.php HTTP/1.0" 200 323 "-" "Mozilla/5.0 (Windows NT 10.0; Win64; x64) AppleWebKit/537.36 (KHTML, like Gecko) Chrome/91.0.4472.124 Safari/537.36"
192.252.179.154 - - [11/Sep/2025:04:40:36 +0700] "GET /core/fckeditor/editor/filemanager/browser/default/connectors/test.html HTTP/1.0" 200 323 "-" "Mozilla/5.0 (Windows NT 10.0; Win64; x64) AppleWebKit/537.36 (KHTML, like Gecko) Chrome/91.0.4472.124 Safari/537.36"
192.252.179.154 - - [11/Sep/2025:04:40:36 +0700] "GET /core/fckeditor/editor/filemanager/upload/test.html HTTP/1.0" 200 323 "-" "Mozilla/5.0 (Windows NT 10.0; Win64; x64) AppleWebKit/537.36 (KHTML, like Gecko) Chrome/91.0.4472.124 Safari/537.36"
192.252.179.154 - - [11/Sep/2025:04:40:36 +0700] "GET /core/fckeditor/editor/filemanager/connectors/test.html HTTP/1.0" 200 323 "-" "Mozilla/5.0 (Windows NT 10.0; Win64; x64) AppleWebKit/537.36 (KHTML, like Gecko) Chrome/91.0.4472.124 Safari/537.36"
192.252.179.154 - - [11/Sep/2025:04:40:36 +0700] "GET /core/fckeditor/editor/filemanager/connectors/uploadtest.htm HTTP/1.0" 200 323 "-" "Mozilla/5.0 (Windows NT 10.0; Win64; x64) AppleWebKit/537.36 (KHTML, like Gecko) Chrome/91.0.4472.124 Safari/537.36"
192.252.179.154 - - [11/Sep/2025:04:40:36 +0700] "GET /core/fckeditor/editor/filemanager/connectors/uploadtest.html HTTP/1.0" 200 323 "-" "Mozilla/5.0 (Windows NT 10.0; Win64; x64) AppleWebKit/537.36 (KHTML, like Gecko) Chrome/91.0.4472.124 Safari/537.36"
192.252.179.154 - - [11/Sep/2025:04:40:36 +0700] "GET /backup/fckeditor/editor/filemanager/browser/default/connectors/aspx/connector.aspx HTTP/1.0" 200 323 "-" "Mozilla/5.0 (Windows NT 10.0; Win64; x64) AppleWebKit/537.36 (KHTML, like Gecko) Chrome/91.0.4472.124 Safari/537.36"
192.252.179.154 - - [11/Sep/2025:04:40:36 +0700] "GET /backup/fckeditor/editor/filemanager/browser/default/connectors/asp/connector.asp HTTP/1.0" 200 323 "-" "Mozilla/5.0 (Windows NT 10.0; Win64; x64) AppleWebKit/537.36 (KHTML, like Gecko) Chrome/91.0.4472.124 Safari/537.36"
192.252.179.154 - - [11/Sep/2025:04:40:37 +0700] "GET /backup/fckeditor/editor/filemanager/browser/default/connectors/php/connector.php HTTP/1.0" 200 323 "-" "Mozilla/5.0 (Windows NT 10.0; Win64; x64) AppleWebKit/537.36 (KHTML, like Gecko) Chrome/91.0.4472.124 Safari/537.36"
192.252.179.154 - - [11/Sep/2025:04:40:37 +0700] "GET /backup/fckeditor/editor/filemanager/browser/default/connectors/test.html HTTP/1.0" 200 323 "-" "Mozilla/5.0 (Windows NT 10.0; Win64; x64) AppleWebKit/537.36 (KHTML, like Gecko) Chrome/91.0.4472.124 Safari/537.36"
192.252.179.154 - - [11/Sep/2025:04:40:37 +0700] "GET /backup/fckeditor/editor/filemanager/upload/test.html HTTP/1.0" 200 323 "-" "Mozilla/5.0 (Windows NT 10.0; Win64; x64) AppleWebKit/537.36 (KHTML, like Gecko) Chrome/91.0.4472.124 Safari/537.36"
192.252.179.154 - - [11/Sep/2025:04:40:37 +0700] "GET /backup/fckeditor/editor/filemanager/connectors/test.html HTTP/1.0" 200 323 "-" "Mozilla/5.0 (Windows NT 10.0; Win64; x64) AppleWebKit/537.36 (KHTML, like Gecko) Chrome/91.0.4472.124 Safari/537.36"
192.252.179.154 - - [11/Sep/2025:04:40:37 +0700] "GET /backup/fckeditor/editor/filemanager/connectors/uploadtest.htm HTTP/1.0" 200 323 "-" "Mozilla/5.0 (Windows NT 10.0; Win64; x64) AppleWebKit/537.36 (KHTML, like Gecko) Chrome/91.0.4472.124 Safari/537.36"
192.252.179.154 - - [11/Sep/2025:04:40:37 +0700] "GET /backup/fckeditor/editor/filemanager/connectors/uploadtest.html HTTP/1.0" 200 323 "-" "Mozilla/5.0 (Windows NT 10.0; Win64; x64) AppleWebKit/537.36 (KHTML, like Gecko) Chrome/91.0.4472.124 Safari/537.36"
192.252.179.154 - - [11/Sep/2025:04:40:38 +0700] "GET /fckeditor/editor/filemanager/browser/default/connectors/aspx/connector.aspx HTTP/1.0" 200 323 "-" "Mozilla/5.0 (Windows NT 10.0; Win64; x64) AppleWebKit/537.36 (KHTML, like Gecko) Chrome/91.0.4472.124 Safari/537.36"
192.252.179.154 - - [11/Sep/2025:04:40:38 +0700] "GET /fckeditor/editor/filemanager/browser/default/connectors/asp/connector.asp HTTP/1.0" 200 323 "-" "Mozilla/5.0 (Windows NT 10.0; Win64; x64) AppleWebKit/537.36 (KHTML, like Gecko) Chrome/91.0.4472.124 Safari/537.36"
192.252.179.154 - - [11/Sep/2025:04:40:38 +0700] "GET /fckeditor/editor/filemanager/browser/default/connectors/php/connector.php HTTP/1.0" 200 323 "-" "Mozilla/5.0 (Windows NT 10.0; Win64; x64) AppleWebKit/537.36 (KHTML, like Gecko) Chrome/91.0.4472.124 Safari/537.36"
192.252.179.154 - - [11/Sep/2025:04:40:38 +0700] "GET /fckeditor/editor/filemanager/browser/default/connectors/test.html HTTP/1.0" 200 323 "-" "Mozilla/5.0 (Windows NT 10.0; Win64; x64) AppleWebKit/537.36 (KHTML, like Gecko) Chrome/91.0.4472.124 Safari/537.36"
192.252.179.154 - - [11/Sep/2025:04:40:39 +0700] "GET /fckeditor/editor/filemanager/upload/test.html HTTP/1.0" 200 323 "-" "Mozilla/5.0 (Windows NT 10.0; Win64; x64) AppleWebKit/537.36 (KHTML, like Gecko) Chrome/91.0.4472.124 Safari/537.36"
192.252.179.154 - - [11/Sep/2025:04:40:39 +0700] "GET /fckeditor/editor/filemanager/connectors/test.html HTTP/1.0" 200 323 "-" "Mozilla/5.0 (Windows NT 10.0; Win64; x64) AppleWebKit/537.36 (KHTML, like Gecko) Chrome/91.0.4472.124 Safari/537.36"
192.252.179.154 - - [11/Sep/2025:04:40:39 +0700] "GET /fckeditor/editor/filemanager/connectors/uploadtest.htm HTTP/1.0" 200 323 "-" "Mozilla/5.0 (Windows NT 10.0; Win64; x64) AppleWebKit/537.36 (KHTML, like Gecko) Chrome/91.0.4472.124 Safari/537.36"
192.252.179.154 - - [11/Sep/2025:04:40:40 +0700] "GET /fckeditor/editor/filemanager/connectors/uploadtest.html HTTP/1.0" 200 323 "-" "Mozilla/5.0 (Windows NT 10.0; Win64; x64) AppleWebKit/537.36 (KHTML, like Gecko) Chrome/91.0.4472.124 Safari/537.36"
192.252.179.154 - - [11/Sep/2025:04:40:40 +0700] "GET /Content/fckeditor/filemanager/browser/default/connectors/aspx/connector.aspx HTTP/1.0" 200 323 "-" "Mozilla/5.0 (Windows NT 10.0; Win64; x64) AppleWebKit/537.36 (KHTML, like Gecko) Chrome/91.0.4472.124 Safari/537.36"
192.252.179.154 - - [11/Sep/2025:04:40:40 +0700] "GET /Content/fckeditor/filemanager/browser/default/connectors/asp/connector.asp HTTP/1.0" 200 323 "-" "Mozilla/5.0 (Windows NT 10.0; Win64; x64) AppleWebKit/537.36 (KHTML, like Gecko) Chrome/91.0.4472.124 Safari/537.36"
192.252.179.154 - - [11/Sep/2025:04:40:40 +0700] "GET /Content/fckeditor/filemanager/browser/default/connectors/php/connector.php HTTP/1.0" 200 323 "-" "Mozilla/5.0 (Windows NT 10.0; Win64; x64) AppleWebKit/537.36 (KHTML, like Gecko) Chrome/91.0.4472.124 Safari/537.36"
192.252.179.154 - - [11/Sep/2025:04:40:41 +0700] "GET /Content/fckeditor/filemanager/browser/default/connectors/test.html HTTP/1.0" 200 323 "-" "Mozilla/5.0 (Windows NT 10.0; Win64; x64) AppleWebKit/537.36 (KHTML, like Gecko) Chrome/91.0.4472.124 Safari/537.36"
192.252.179.154 - - [11/Sep/2025:04:40:41 +0700] "GET /Content/fckeditor/filemanager/upload/test.html HTTP/1.0" 200 323 "-" "Mozilla/5.0 (Windows NT 10.0; Win64; x64) AppleWebKit/537.36 (KHTML, like Gecko) Chrome/91.0.4472.124 Safari/537.36"
192.252.179.154 - - [11/Sep/2025:04:40:41 +0700] "GET /Content/fckeditor/filemanager/connectors/test.html HTTP/1.0" 200 323 "-" "Mozilla/5.0 (Windows NT 10.0; Win64; x64) AppleWebKit/537.36 (KHTML, like Gecko) Chrome/91.0.4472.124 Safari/537.36"
192.252.179.154 - - [11/Sep/2025:04:40:42 +0700] "GET /Content/fckeditor/filemanager/connectors/uploadtest.htm HTTP/1.0" 200 323 "-" "Mozilla/5.0 (Windows NT 10.0; Win64; x64) AppleWebKit/537.36 (KHTML, like Gecko) Chrome/91.0.4472.124 Safari/537.36"
192.252.179.154 - - [11/Sep/2025:04:40:42 +0700] "GET /Content/fckeditor/filemanager/connectors/uploadtest.html HTTP/1.0" 200 323 "-" "Mozilla/5.0 (Windows NT 10.0; Win64; x64) AppleWebKit/537.36 (KHTML, like Gecko) Chrome/91.0.4472.124 Safari/537.36"
192.252.179.154 - - [11/Sep/2025:04:40:42 +0700] "GET /core/fckeditor/editor/filemanager/browser/default/connectors/aspx/connector.aspx HTTP/1.0" 200 323 "-" "Mozilla/5.0 (Windows NT 10.0; Win64; x64) AppleWebKit/537.36 (KHTML, like Gecko) Chrome/91.0.4472.124 Safari/537.36"
192.252.179.154 - - [11/Sep/2025:04:40:42 +0700] "GET /core/fckeditor/editor/filemanager/browser/default/connectors/asp/connector.asp HTTP/1.0" 200 323 "-" "Mozilla/5.0 (Windows NT 10.0; Win64; x64) AppleWebKit/537.36 (KHTML, like Gecko) Chrome/91.0.4472.124 Safari/537.36"
192.252.179.154 - - [11/Sep/2025:04:40:43 +0700] "GET /core/fckeditor/editor/filemanager/browser/default/connectors/php/connector.php HTTP/1.0" 200 323 "-" "Mozilla/5.0 (Windows NT 10.0; Win64; x64) AppleWebKit/537.36 (KHTML, like Gecko) Chrome/91.0.4472.124 Safari/537.36"
192.252.179.154 - - [11/Sep/2025:04:40:43 +0700] "GET /core/fckeditor/editor/filemanager/browser/default/connectors/test.html HTTP/1.0" 200 323 "-" "Mozilla/5.0 (Windows NT 10.0; Win64; x64) AppleWebKit/537.36 (KHTML, like Gecko) Chrome/91.0.4472.124 Safari/537.36"
192.252.179.154 - - [11/Sep/2025:04:40:43 +0700] "GET /core/fckeditor/editor/filemanager/upload/test.html HTTP/1.0" 200 323 "-" "Mozilla/5.0 (Windows NT 10.0; Win64; x64) AppleWebKit/537.36 (KHTML, like Gecko) Chrome/91.0.4472.124 Safari/537.36"
192.252.179.154 - - [11/Sep/2025:04:40:43 +0700] "GET /core/fckeditor/editor/filemanager/connectors/test.html HTTP/1.0" 200 323 "-" "Mozilla/5.0 (Windows NT 10.0; Win64; x64) AppleWebKit/537.36 (KHTML, like Gecko) Chrome/91.0.4472.124 Safari/537.36"
192.252.179.154 - - [11/Sep/2025:04:40:44 +0700] "GET /core/fckeditor/editor/filemanager/connectors/uploadtest.htm HTTP/1.0" 200 323 "-" "Mozilla/5.0 (Windows NT 10.0; Win64; x64) AppleWebKit/537.36 (KHTML, like Gecko) Chrome/91.0.4472.124 Safari/537.36"
192.252.179.154 - - [11/Sep/2025:04:40:44 +0700] "GET /core/fckeditor/editor/filemanager/connectors/uploadtest.html HTTP/1.0" 200 323 "-" "Mozilla/5.0 (Windows NT 10.0; Win64; x64) AppleWebKit/537.36 (KHTML, like Gecko) Chrome/91.0.4472.124 Safari/537.36"
192.252.179.154 - - [11/Sep/2025:04:40:44 +0700] "GET /backup/fckeditor/editor/filemanager/browser/default/connectors/aspx/connector.aspx HTTP/1.0" 200 323 "-" "Mozilla/5.0 (Windows NT 10.0; Win64; x64) AppleWebKit/537.36 (KHTML, like Gecko) Chrome/91.0.4472.124 Safari/537.36"
192.252.179.154 - - [11/Sep/2025:04:40:44 +0700] "GET /backup/fckeditor/editor/filemanager/browser/default/connectors/asp/connector.asp HTTP/1.0" 200 323 "-" "Mozilla/5.0 (Windows NT 10.0; Win64; x64) AppleWebKit/537.36 (KHTML, like Gecko) Chrome/91.0.4472.124 Safari/537.36"
192.252.179.154 - - [11/Sep/2025:04:40:45 +0700] "GET /backup/fckeditor/editor/filemanager/browser/default/connectors/php/connector.php HTTP/1.0" 200 323 "-" "Mozilla/5.0 (Windows NT 10.0; Win64; x64) AppleWebKit/537.36 (KHTML, like Gecko) Chrome/91.0.4472.124 Safari/537.36"
192.252.179.154 - - [11/Sep/2025:04:40:45 +0700] "GET /backup/fckeditor/editor/filemanager/browser/default/connectors/test.html HTTP/1.0" 200 323 "-" "Mozilla/5.0 (Windows NT 10.0; Win64; x64) AppleWebKit/537.36 (KHTML, like Gecko) Chrome/91.0.4472.124 Safari/537.36"
192.252.179.154 - - [11/Sep/2025:04:40:45 +0700] "GET /backup/fckeditor/editor/filemanager/upload/test.html HTTP/1.0" 200 323 "-" "Mozilla/5.0 (Windows NT 10.0; Win64; x64) AppleWebKit/537.36 (KHTML, like Gecko) Chrome/91.0.4472.124 Safari/537.36"
192.252.179.154 - - [11/Sep/2025:04:40:45 +0700] "GET /backup/fckeditor/editor/filemanager/connectors/test.html HTTP/1.0" 200 323 "-" "Mozilla/5.0 (Windows NT 10.0; Win64; x64) AppleWebKit/537.36 (KHTML, like Gecko) Chrome/91.0.4472.124 Safari/537.36"
192.252.179.154 - - [11/Sep/2025:04:40:45 +0700] "GET /backup/fckeditor/editor/filemanager/connectors/uploadtest.htm HTTP/1.0" 200 323 "-" "Mozilla/5.0 (Windows NT 10.0; Win64; x64) AppleWebKit/537.36 (KHTML, like Gecko) Chrome/91.0.4472.124 Safari/537.36"
192.252.179.154 - - [11/Sep/2025:04:40:46 +0700] "GET /backup/fckeditor/editor/filemanager/connectors/uploadtest.html HTTP/1.0" 200 323 "-" "Mozilla/5.0 (Windows NT 10.0; Win64; x64) AppleWebKit/537.36 (KHTML, like Gecko) Chrome/91.0.4472.124 Safari/537.36"
66.249.71.32 - - [11/Sep/2025:04:41:33 +0700] "GET /goods/acqui50618412.htm HTTP/1.0" 200 175339 "-" "Mozilla/5.0 (Linux; Android 6.0.1; Nexus 5X Build/MMB29P) AppleWebKit/537.36 (KHTML, like Gecko) Chrome/139.0.7258.154 Mobile Safari/537.36 (compatible; GoogleOther)"
66.249.70.70 - - [11/Sep/2025:04:41:41 +0700] "POST /get-message-notify HTTP/1.0" 200 174552 "https://vnc-group.vn/goods/acqui50618412.htm" "Mozilla/5.0 (Linux; Android 6.0.1; Nexus 5X Build/MMB29P) AppleWebKit/537.36 (KHTML, like Gecko) Chrome/139.0.7258.154 Mobile Safari/537.36 (compatible; Googlebot/2.1; +http://www.google.com/bot.html)"
66.249.70.70 - - [11/Sep/2025:04:41:50 +0700] "GET /goods/growt60467373.htm HTTP/1.0" 200 173712 "-" "Mozilla/5.0 (Linux; Android 6.0.1; Nexus 5X Build/MMB29P) AppleWebKit/537.36 (KHTML, like Gecko) Chrome/139.0.7258.154 Mobile Safari/537.36 (compatible; Googlebot/2.1; +http://www.google.com/bot.html)"
66.249.70.64 - - [11/Sep/2025:04:42:34 +0700] "GET /goods/spur61007469.htm HTTP/1.0" 200 173481 "-" "Mozilla/5.0 (Linux; Android 6.0.1; Nexus 5X Build/MMB29P) AppleWebKit/537.36 (KHTML, like Gecko) Chrome/139.0.7258.154 Mobile Safari/537.36 (compatible; Googlebot/2.1; +http://www.google.com/bot.html)"
66.249.71.33 - - [11/Sep/2025:04:42:42 +0700] "POST /get-message-notify HTTP/1.0" 200 174321 "https://vnc-group.vn/goods/spur61007469.htm" "Mozilla/5.0 (Linux; Android 6.0.1; Nexus 5X Build/MMB29P) AppleWebKit/537.36 (KHTML, like Gecko) Chrome/139.0.7258.154 Mobile Safari/537.36 (compatible; Googlebot/2.1; +http://www.google.com/bot.html)"
66.249.70.70 - - [11/Sep/2025:04:42:53 +0700] "GET /goods/serie60583301.htm HTTP/1.0" 200 181254 "-" "Mozilla/5.0 (Linux; Android 6.0.1; Nexus 5X Build/MMB29P) AppleWebKit/537.36 (KHTML, like Gecko) Chrome/139.0.7258.154 Mobile Safari/537.36 (compatible; GoogleOther)"
66.249.71.34 - - [11/Sep/2025:04:43:42 +0700] "GET /goods/dance61224477.htm HTTP/1.0" 200 173280 "-" "Mozilla/5.0 (Linux; Android 6.0.1; Nexus 5X Build/MMB29P) AppleWebKit/537.36 (KHTML, like Gecko) Chrome/139.0.7258.154 Mobile Safari/537.36 (compatible; GoogleOther)"
66.249.70.71 - - [11/Sep/2025:04:44:02 +0700] "POST /get-message-notify HTTP/1.0" 200 174596 "https://vnc-group.vn/goods/dance61224477.htm" "Mozilla/5.0 (Linux; Android 6.0.1; Nexus 5X Build/MMB29P) AppleWebKit/537.36 (KHTML, like Gecko) Chrome/139.0.7258.154 Mobile Safari/537.36 (compatible; Googlebot/2.1; +http://www.google.com/bot.html)"
66.249.70.71 - - [11/Sep/2025:04:44:45 +0700] "GET /goods/liabi70434334.htm HTTP/1.0" 200 177754 "-" "Mozilla/5.0 (Linux; Android 6.0.1; Nexus 5X Build/MMB29P) AppleWebKit/537.36 (KHTML, like Gecko) Chrome/139.0.7258.154 Mobile Safari/537.36 (compatible; Googlebot/2.1; +http://www.google.com/bot.html)"
66.249.70.71 - - [11/Sep/2025:04:45:15 +0700] "GET /goods/false21199321.htm HTTP/1.0" 200 173269 "-" "Mozilla/5.0 (Linux; Android 6.0.1; Nexus 5X Build/MMB29P) AppleWebKit/537.36 (KHTML, like Gecko) Chrome/139.0.7258.154 Mobile Safari/537.36 (compatible; GoogleOther)"
66.249.71.34 - - [11/Sep/2025:04:45:25 +0700] "POST /get-message-notify HTTP/1.0" 200 174300 "https://vnc-group.vn/goods/false21199321.htm" "Mozilla/5.0 (Linux; Android 6.0.1; Nexus 5X Build/MMB29P) AppleWebKit/537.36 (KHTML, like Gecko) Chrome/139.0.7258.154 Mobile Safari/537.36 (compatible; Googlebot/2.1; +http://www.google.com/bot.html)"
66.249.71.32 - - [11/Sep/2025:04:45:57 +0700] "GET /goods/engag50181900.htm HTTP/1.0" 200 174403 "-" "Mozilla/5.0 (Linux; Android 6.0.1; Nexus 5X Build/MMB29P) AppleWebKit/537.36 (KHTML, like Gecko) Chrome/139.0.7258.154 Mobile Safari/537.36 (compatible; Googlebot/2.1; +http://www.google.com/bot.html)"
66.249.71.34 - - [11/Sep/2025:04:46:40 +0700] "GET /goods/neck80960863.htm HTTP/1.0" 200 175189 "-" "Mozilla/5.0 (Linux; Android 6.0.1; Nexus 5X Build/MMB29P) AppleWebKit/537.36 (KHTML, like Gecko) Chrome/139.0.7258.154 Mobile Safari/537.36 (compatible; Googlebot/2.1; +http://www.google.com/bot.html)"
66.249.70.71 - - [11/Sep/2025:04:46:51 +0700] "GET /sitemapi.xml HTTP/1.0" 200 121885 "-" "Mozilla/5.0 (compatible; Googlebot/2.1; +http://www.google.com/bot.html)"
66.249.70.71 - - [11/Sep/2025:04:48:12 +0700] "GET /goods/econo80142775.htm HTTP/1.0" 200 177674 "-" "Mozilla/5.0 (Linux; Android 6.0.1; Nexus 5X Build/MMB29P) AppleWebKit/537.36 (KHTML, like Gecko) Chrome/139.0.7258.154 Mobile Safari/537.36 (compatible; GoogleOther)"
66.249.71.32 - - [11/Sep/2025:04:48:21 +0700] "POST /get-message-notify HTTP/1.0" 200 323 "https://vnc-group.vn/goods/econo80142775.htm" "Mozilla/5.0 (Linux; Android 6.0.1; Nexus 5X Build/MMB29P) AppleWebKit/537.36 (KHTML, like Gecko) Chrome/139.0.7258.154 Mobile Safari/537.36 (compatible; Googlebot/2.1; +http://www.google.com/bot.html)"
57.141.2.34 - - [11/Sep/2025:04:50:25 +0700] "GET /goods/slim71055742.htm HTTP/1.0" 200 323 "-" "meta-externalagent/1.1 (+https://developers.facebook.com/docs/sharing/webmasters/crawler)"
57.141.2.77 - - [11/Sep/2025:04:50:35 +0700] "GET /goods/metre72699302.htm HTTP/1.0" 200 323 "-" "meta-externalagent/1.1 (+https://developers.facebook.com/docs/sharing/webmasters/crawler)"
66.249.70.64 - - [11/Sep/2025:04:50:36 +0700] "GET /goods/compl31144386.htm HTTP/1.0" 200 172636 "-" "Mozilla/5.0 (Linux; Android 6.0.1; Nexus 5X Build/MMB29P) AppleWebKit/537.36 (KHTML, like Gecko) Chrome/139.0.7258.154 Mobile Safari/537.36 (compatible; GoogleOther)"
66.249.70.71 - - [11/Sep/2025:04:50:45 +0700] "POST /get-message-notify HTTP/1.0" 200 174212 "https://vnc-group.vn/goods/compl31144386.htm" "Mozilla/5.0 (Linux; Android 6.0.1; Nexus 5X Build/MMB29P) AppleWebKit/537.36 (KHTML, like Gecko) Chrome/139.0.7258.154 Mobile Safari/537.36 (compatible; Googlebot/2.1; +http://www.google.com/bot.html)"
66.249.70.64 - - [11/Sep/2025:04:51:28 +0700] "GET /goods/merry41455291.htm HTTP/1.0" 200 178471 "-" "Mozilla/5.0 (Linux; Android 6.0.1; Nexus 5X Build/MMB29P) AppleWebKit/537.36 (KHTML, like Gecko) Chrome/139.0.7258.154 Mobile Safari/537.36 (compatible; Googlebot/2.1; +http://www.google.com/bot.html)"
66.249.70.70 - - [11/Sep/2025:04:51:59 +0700] "GET /sitemapf.xml HTTP/1.0" 200 96796 "-" "Mozilla/5.0 (compatible; Googlebot/2.1; +http://www.google.com/bot.html)"
66.249.70.70 - - [11/Sep/2025:04:52:11 +0700] "GET /goods/poetr11731216.htm HTTP/1.0" 200 173561 "-" "Mozilla/5.0 (Linux; Android 6.0.1; Nexus 5X Build/MMB29P) AppleWebKit/537.36 (KHTML, like Gecko) Chrome/139.0.7258.154 Mobile Safari/537.36 (compatible; Googlebot/2.1; +http://www.google.com/bot.html)"
57.141.2.56 - - [11/Sep/2025:04:52:12 +0700] "GET /goods/billi71143606.htm HTTP/1.0" 200 323 "-" "meta-externalagent/1.1 (+https://developers.facebook.com/docs/sharing/webmasters/crawler)"
66.249.70.70 - - [11/Sep/2025:04:53:37 +0700] "GET /goods/ice52364668.htm HTTP/1.0" 200 179656 "-" "Mozilla/5.0 (Linux; Android 6.0.1; Nexus 5X Build/MMB29P) AppleWebKit/537.36 (KHTML, like Gecko) Chrome/139.0.7258.154 Mobile Safari/537.36 (compatible; GoogleOther)"
66.249.70.70 - - [11/Sep/2025:04:54:16 +0700] "GET /goods/appar62818477.htm HTTP/1.0" 200 174472 "-" "Mozilla/5.0 (Linux; Android 6.0.1; Nexus 5X Build/MMB29P) AppleWebKit/537.36 (KHTML, like Gecko) Chrome/139.0.7258.154 Mobile Safari/537.36 (compatible; Googlebot/2.1; +http://www.google.com/bot.html)"
66.249.71.33 - - [11/Sep/2025:04:54:26 +0700] "GET /goods/choco21936977.htm HTTP/1.0" 200 177931 "-" "Mozilla/5.0 (Linux; Android 6.0.1; Nexus 5X Build/MMB29P) AppleWebKit/537.36 (KHTML, like Gecko) Chrome/139.0.7258.154 Mobile Safari/537.36 (compatible; Googlebot/2.1; +http://www.google.com/bot.html)"
66.249.71.32 - - [11/Sep/2025:04:54:57 +0700] "GET /goods/giraf30748026.htm HTTP/1.0" 200 188607 "-" "Mozilla/5.0 (Linux; Android 6.0.1; Nexus 5X Build/MMB29P) AppleWebKit/537.36 (KHTML, like Gecko) Chrome/139.0.7258.154 Mobile Safari/537.36 (compatible; GoogleOther)"
66.249.70.70 - - [11/Sep/2025:04:55:07 +0700] "POST /get-message-notify HTTP/1.0" 200 174215 "https://vnc-group.vn/goods/giraf30748026.htm" "Mozilla/5.0 (Linux; Android 6.0.1; Nexus 5X Build/MMB29P) AppleWebKit/537.36 (KHTML, like Gecko) Chrome/139.0.7258.154 Mobile Safari/537.36 (compatible; Googlebot/2.1; +http://www.google.com/bot.html)"
66.249.70.64 - - [11/Sep/2025:04:56:07 +0700] "GET /goods/alrea72520078.htm HTTP/1.0" 200 173754 "-" "Mozilla/5.0 (Linux; Android 6.0.1; Nexus 5X Build/MMB29P) AppleWebKit/537.36 (KHTML, like Gecko) Chrome/139.0.7258.154 Mobile Safari/537.36 (compatible; GoogleOther)"
57.141.2.54 - - [11/Sep/2025:04:56:12 +0700] "GET /goods/bronz72399510.htm HTTP/1.0" 200 323 "-" "meta-externalagent/1.1 (+https://developers.facebook.com/docs/sharing/webmasters/crawler)"
66.249.70.70 - - [11/Sep/2025:04:57:04 +0700] "GET /goods/mere52366516.htm HTTP/1.0" 200 176205 "-" "Mozilla/5.0 (Linux; Android 6.0.1; Nexus 5X Build/MMB29P) AppleWebKit/537.36 (KHTML, like Gecko) Chrome/139.0.7258.154 Mobile Safari/537.36 (compatible; GoogleOther)"
