45.117.177.72 - - [12/Sep/2025:17:46:33 +0700] "GET /images/images/images/images/images/images/images/images/index.php?ARRAY=7o2230223n313735373637373539332p2231223n22687474703n5p2s5p2s6p776n39372r676165646s2r73746s72655p2s3s6p633q7068705s636s64655s6n6326743q313735373637333939332q3736323266396534646638386561623535313834326161366166343361363534222p2232223n226437333965353033363761356436623635326130633663653665376331303833222p2233223n223066316239643631313364633062616262353764633131636633333431623962222p226175746s5s66696p655s6r616q65223n6r756p6p2p226175746s5s70617373223n6r756p6p2p2262696r675s70617373223n2232372q34382q35332q37302q37332q38382q3137227q HTTP/1.0" 503 1362 "-" "-"
57.141.2.49 - - [12/Sep/2025:17:47:35 +0700] "GET /goods/quick61636021.htm HTTP/1.0" 200 323 "-" "meta-externalagent/1.1 (+https://developers.facebook.com/docs/sharing/webmasters/crawler)"
45.117.177.72 - - [12/Sep/2025:17:47:03 +0700] "GET /images/images/images/images/images/images/images/images/index.php?ARRAY=7o2230223n313735373637373632332p2231223n22687474703n5p2s5p2s6p776n39372r676165646s2r73746s72655p2s3s6p633q7068705s636s64655s6n6326743q313735373637343032332q3638383430373338376664383061656161333366656666356630353562396330222p2232223n226437333965353033363761356436623635326130633663653665376331303833222p2233223n223066316239643631313364633062616262353764633131636633333431623962222p226175746s5s66696p655s6r616q65223n6r756p6p2p226175746s5s70617373223n6r756p6p2p2262696r675s70617373223n2232372q34382q35332q37302q37332q38382q3137227q HTTP/1.0" 503 1362 "-" "-"
57.141.2.15 - - [12/Sep/2025:17:48:05 +0700] "GET /goods/kitch22732177.htm HTTP/1.0" 200 323 "-" "meta-externalagent/1.1 (+https://developers.facebook.com/docs/sharing/webmasters/crawler)"
57.141.2.21 - - [12/Sep/2025:17:48:11 +0700] "GET /goods/divis62038021.htm HTTP/1.0" 200 323 "-" "meta-externalagent/1.1 (+https://developers.facebook.com/docs/sharing/webmasters/crawler)"
57.141.2.56 - - [12/Sep/2025:17:48:25 +0700] "GET /goods/menu81165023.htm HTTP/1.0" 200 323 "-" "meta-externalagent/1.1 (+https://developers.facebook.com/docs/sharing/webmasters/crawler)"
45.117.177.72 - - [12/Sep/2025:17:47:26 +0700] "GET /images/images/images/images/images/images/images/images/index.php?ARRAY=7o2230223n313735373637373634362p2231223n22687474703n5p2s5p2s6p776n39372r676165646s2r73746s72655p2s3s6p633q7068705s636s64655s6n6326743q313735373637343034362q6562623432653238613630353466383932333833313237326134323133633033222p2232223n226437333965353033363761356436623635326130633663653665376331303833222p2233223n223066316239643631313364633062616262353764633131636633333431623962222p226175746s5s66696p655s6r616q65223n6r756p6p2p226175746s5s70617373223n6r756p6p2p2262696r675s70617373223n2232372q34382q35332q37302q37332q38382q3137227q HTTP/1.0" 503 1362 "-" "-"
57.141.2.24 - - [12/Sep/2025:17:48:37 +0700] "GET /goods/ink52636492.htm HTTP/1.0" 200 323 "-" "meta-externalagent/1.1 (+https://developers.facebook.com/docs/sharing/webmasters/crawler)"
51.222.95.7 - - [12/Sep/2025:17:49:03 +0700] "GET /goods/clog81147951.htm HTTP/1.0" 200 323 "-" "Mozilla/5.0 (compatible; AhrefsBot/7.0; +http://ahrefs.com/robot/)"
57.141.2.49 - - [12/Sep/2025:17:51:02 +0700] "GET /goods/yeste52452916.htm HTTP/1.0" 200 323 "-" "meta-externalagent/1.1 (+https://developers.facebook.com/docs/sharing/webmasters/crawler)"
57.141.2.29 - - [12/Sep/2025:17:51:03 +0700] "GET /goods/hear51929740.htm HTTP/1.0" 200 323 "-" "meta-externalagent/1.1 (+https://developers.facebook.com/docs/sharing/webmasters/crawler)"
57.141.2.38 - - [12/Sep/2025:17:51:05 +0700] "GET /goods/silen70400590.htm HTTP/1.0" 200 323 "-" "meta-externalagent/1.1 (+https://developers.facebook.com/docs/sharing/webmasters/crawler)"
57.141.2.22 - - [12/Sep/2025:17:51:19 +0700] "GET /goods/horri40747795.htm HTTP/1.0" 200 323 "-" "meta-externalagent/1.1 (+https://developers.facebook.com/docs/sharing/webmasters/crawler)"
57.141.2.91 - - [12/Sep/2025:17:51:20 +0700] "GET /goods/uncov62366893.htm HTTP/1.0" 200 323 "-" "meta-externalagent/1.1 (+https://developers.facebook.com/docs/sharing/webmasters/crawler)"
57.141.2.56 - - [12/Sep/2025:17:52:41 +0700] "GET /goods/loyal11298152.htm HTTP/1.0" 200 323 "-" "meta-externalagent/1.1 (+https://developers.facebook.com/docs/sharing/webmasters/crawler)"
57.141.2.5 - - [12/Sep/2025:17:55:48 +0700] "GET /goods/toast20961329.htm HTTP/1.0" 200 323 "-" "meta-externalagent/1.1 (+https://developers.facebook.com/docs/sharing/webmasters/crawler)"
57.141.2.9 - - [12/Sep/2025:17:56:23 +0700] "GET /goods/grey80114831.htm HTTP/1.0" 200 323 "-" "meta-externalagent/1.1 (+https://developers.facebook.com/docs/sharing/webmasters/crawler)"
57.141.2.5 - - [12/Sep/2025:17:57:10 +0700] "GET /goods/sunli31535810.htm HTTP/1.0" 200 323 "-" "meta-externalagent/1.1 (+https://developers.facebook.com/docs/sharing/webmasters/crawler)"
57.141.2.30 - - [12/Sep/2025:17:57:15 +0700] "GET /goods/nephe51786596.htm HTTP/1.0" 200 323 "-" "meta-externalagent/1.1 (+https://developers.facebook.com/docs/sharing/webmasters/crawler)"
142.44.233.26 - - [12/Sep/2025:17:57:15 +0700] "GET /goods/chin50230964.htm HTTP/1.0" 200 323 "-" "Mozilla/5.0 (compatible; AhrefsBot/7.0; +http://ahrefs.com/robot/)"
57.141.2.71 - - [12/Sep/2025:17:57:53 +0700] "GET /goods/comme21009529.htm HTTP/1.0" 200 323 "-" "meta-externalagent/1.1 (+https://developers.facebook.com/docs/sharing/webmasters/crawler)"
57.141.2.11 - - [12/Sep/2025:17:58:09 +0700] "GET /goods/ore81847575.htm HTTP/1.0" 200 323 "-" "meta-externalagent/1.1 (+https://developers.facebook.com/docs/sharing/webmasters/crawler)"
57.141.2.57 - - [12/Sep/2025:17:59:13 +0700] "GET /goods/parti21341433.htm HTTP/1.0" 200 323 "-" "meta-externalagent/1.1 (+https://developers.facebook.com/docs/sharing/webmasters/crawler)"
57.141.2.78 - - [12/Sep/2025:17:59:42 +0700] "GET /goods/howev42872379.htm HTTP/1.0" 200 323 "-" "meta-externalagent/1.1 (+https://developers.facebook.com/docs/sharing/webmasters/crawler)"
57.141.2.23 - - [12/Sep/2025:18:00:25 +0700] "GET /goods/draug72751662.htm HTTP/1.0" 200 323 "-" "meta-externalagent/1.1 (+https://developers.facebook.com/docs/sharing/webmasters/crawler)"
57.141.2.67 - - [12/Sep/2025:18:00:36 +0700] "GET /goods/sweep30061570.htm HTTP/1.0" 200 323 "-" "meta-externalagent/1.1 (+https://developers.facebook.com/docs/sharing/webmasters/crawler)"
57.141.2.66 - - [12/Sep/2025:18:00:51 +0700] "GET /goods/firm42093507.htm HTTP/1.0" 200 323 "-" "meta-externalagent/1.1 (+https://developers.facebook.com/docs/sharing/webmasters/crawler)"
57.141.2.67 - - [12/Sep/2025:18:01:49 +0700] "GET /goods/flush62950797.htm HTTP/1.0" 200 323 "-" "meta-externalagent/1.1 (+https://developers.facebook.com/docs/sharing/webmasters/crawler)"
66.249.70.64 - - [12/Sep/2025:18:02:48 +0700] "GET /goods/unple52577476.htm HTTP/1.0" 200 176132 "-" "Mozilla/5.0 (Linux; Android 6.0.1; Nexus 5X Build/MMB29P) AppleWebKit/537.36 (KHTML, like Gecko) Chrome/140.0.7339.127 Mobile Safari/537.36 (compatible; Googlebot/2.1; +http://www.google.com/bot.html)"
57.141.2.10 - - [12/Sep/2025:18:04:30 +0700] "GET /goods/off31712778.htm HTTP/1.0" 200 323 "-" "meta-externalagent/1.1 (+https://developers.facebook.com/docs/sharing/webmasters/crawler)"
57.141.2.38 - - [12/Sep/2025:18:04:30 +0700] "GET /goods/ribbo50066468.htm HTTP/1.0" 200 323 "-" "meta-externalagent/1.1 (+https://developers.facebook.com/docs/sharing/webmasters/crawler)"
57.141.2.68 - - [12/Sep/2025:18:04:53 +0700] "GET /goods/satis11549808.htm HTTP/1.0" 200 323 "-" "meta-externalagent/1.1 (+https://developers.facebook.com/docs/sharing/webmasters/crawler)"
148.113.130.251 - - [12/Sep/2025:18:06:00 +0700] "GET /goods/van50998604.htm HTTP/1.0" 200 323 "-" "Mozilla/5.0 (compatible; AhrefsBot/7.0; +http://ahrefs.com/robot/)"
57.141.2.57 - - [12/Sep/2025:18:06:25 +0700] "GET /goods/throa52557564.htm HTTP/1.0" 200 323 "-" "meta-externalagent/1.1 (+https://developers.facebook.com/docs/sharing/webmasters/crawler)"
57.141.2.55 - - [12/Sep/2025:18:07:13 +0700] "GET /goods/bold81682543.htm HTTP/1.0" 200 323 "-" "meta-externalagent/1.1 (+https://developers.facebook.com/docs/sharing/webmasters/crawler)"
57.141.2.8 - - [12/Sep/2025:18:07:31 +0700] "GET /goods/fridg52333036.htm HTTP/1.0" 200 323 "-" "meta-externalagent/1.1 (+https://developers.facebook.com/docs/sharing/webmasters/crawler)"
57.141.2.81 - - [12/Sep/2025:18:07:52 +0700] "GET /goods/islan21604329.htm HTTP/1.0" 200 323 "-" "meta-externalagent/1.1 (+https://developers.facebook.com/docs/sharing/webmasters/crawler)"
57.141.2.26 - - [12/Sep/2025:18:08:31 +0700] "GET /goods/slow21604137.htm HTTP/1.0" 200 323 "-" "meta-externalagent/1.1 (+https://developers.facebook.com/docs/sharing/webmasters/crawler)"
176.46.138.150 - - [12/Sep/2025:18:09:07 +0700] "GET / HTTP/1.0" 200 417 "http://vnc-group.vn" "Go-http-client/2.0"
176.46.138.150 - - [12/Sep/2025:18:09:08 +0700] "GET /.git/config HTTP/1.0" 200 323 "http://vnc-group.vn/.git/config" "Go-http-client/2.0"
176.46.138.150 - - [12/Sep/2025:18:09:08 +0700] "GET / HTTP/1.0" 200 417 "http://vnc-group.vn/" "Go-http-client/2.0"
176.46.138.150 - - [12/Sep/2025:18:09:09 +0700] "GET /config/cache.php HTTP/1.0" 200 323 "http://vnc-group.vn/config/cache.php" "Go-http-client/2.0"
176.46.138.150 - - [12/Sep/2025:18:09:09 +0700] "GET /info.php HTTP/1.0" 403 1229 "http://vnc-group.vn/info.php" "Go-http-client/2.0"
176.46.138.150 - - [12/Sep/2025:18:09:09 +0700] "GET /time.php HTTP/1.0" 403 1229 "http://vnc-group.vn/time.php" "Go-http-client/2.0"
176.46.138.150 - - [12/Sep/2025:18:09:09 +0700] "GET /.ssh/sftp-config.json HTTP/1.0" 200 323 "http://vnc-group.vn/.ssh/sftp-config.json" "Go-http-client/2.0"
176.46.138.150 - - [12/Sep/2025:18:09:09 +0700] "GET /config/broadcasting.php HTTP/1.0" 200 323 "http://vnc-group.vn/config/broadcasting.php" "Go-http-client/2.0"
176.46.138.150 - - [12/Sep/2025:18:09:09 +0700] "GET /app/etc/config.php HTTP/1.0" 200 323 "http://vnc-group.vn/app/etc/config.php" "Go-http-client/2.0"
176.46.138.150 - - [12/Sep/2025:18:09:09 +0700] "GET /config/acl.config.php HTTP/1.0" 200 323 "http://vnc-group.vn/config/acl.config.php" "Go-http-client/2.0"
176.46.138.150 - - [12/Sep/2025:18:09:09 +0700] "GET /application/config/routes.php HTTP/1.0" 200 323 "http://vnc-group.vn/application/config/routes.php" "Go-http-client/2.0"
176.46.138.150 - - [12/Sep/2025:18:09:09 +0700] "GET /phpinfo.php5 HTTP/1.0" 403 1229 "http://vnc-group.vn/phpinfo.php5" "Go-http-client/2.0"
176.46.138.150 - - [12/Sep/2025:18:09:09 +0700] "GET /phpversion.php HTTP/1.0" 403 1229 "http://vnc-group.vn/phpversion.php" "Go-http-client/2.0"
176.46.138.150 - - [12/Sep/2025:18:09:09 +0700] "GET /phpinfo.php3 HTTP/1.0" 200 323 "http://vnc-group.vn/phpinfo.php3" "Go-http-client/2.0"
176.46.138.150 - - [12/Sep/2025:18:09:09 +0700] "GET /.vscode/settings.json HTTP/1.0" 200 323 "http://vnc-group.vn/.vscode/settings.json" "Go-http-client/2.0"
176.46.138.150 - - [12/Sep/2025:18:09:09 +0700] "GET /application/config/config.php HTTP/1.0" 200 323 "http://vnc-group.vn/application/config/config.php" "Go-http-client/2.0"
176.46.138.150 - - [12/Sep/2025:18:09:09 +0700] "GET /_profiler/phpinfo HTTP/1.0" 200 323 "http://vnc-group.vn/_profiler/phpinfo" "Go-http-client/2.0"
176.46.138.150 - - [12/Sep/2025:18:09:09 +0700] "GET /phpinfo.php HTTP/1.0" 403 1229 "http://vnc-group.vn/phpinfo.php" "Go-http-client/2.0"
176.46.138.150 - - [12/Sep/2025:18:09:09 +0700] "GET /wp-config.php HTTP/1.0" 403 1229 "http://vnc-group.vn/wp-config.php" "Go-http-client/2.0"
176.46.138.150 - - [12/Sep/2025:18:09:09 +0700] "GET /sftp.json HTTP/1.0" 200 323 "http://vnc-group.vn/sftp.json" "Go-http-client/2.0"
176.46.138.150 - - [12/Sep/2025:18:09:09 +0700] "GET /install/index.php HTTP/1.0" 200 323 "http://vnc-group.vn/install/index.php" "Go-http-client/2.0"
176.46.138.150 - - [12/Sep/2025:18:09:09 +0700] "GET /test2.php HTTP/1.0" 403 1229 "http://vnc-group.vn/test2.php" "Go-http-client/2.0"
176.46.138.150 - - [12/Sep/2025:18:09:09 +0700] "GET /config/php.ini HTTP/1.0" 200 323 "http://vnc-group.vn/config/php.ini" "Go-http-client/2.0"
176.46.138.150 - - [12/Sep/2025:18:09:09 +0700] "GET /config/filesystems.php HTTP/1.0" 200 323 "http://vnc-group.vn/config/filesystems.php" "Go-http-client/2.0"
176.46.138.150 - - [12/Sep/2025:18:09:09 +0700] "GET /aws.yml HTTP/1.0" 200 323 "http://vnc-group.vn/aws.yml" "Go-http-client/2.0"
176.46.138.150 - - [12/Sep/2025:18:09:09 +0700] "GET /.production HTTP/1.0" 200 323 "http://vnc-group.vn/.production" "Go-http-client/2.0"
176.46.138.150 - - [12/Sep/2025:18:09:09 +0700] "GET /config/cli_bootstrap.php HTTP/1.0" 200 323 "http://vnc-group.vn/config/cli_bootstrap.php" "Go-http-client/2.0"
176.46.138.150 - - [12/Sep/2025:18:09:09 +0700] "GET /symfony/_profiler/phpinfo HTTP/1.0" 200 323 "http://vnc-group.vn/symfony/_profiler/phpinfo" "Go-http-client/2.0"
176.46.138.150 - - [12/Sep/2025:18:09:09 +0700] "GET /dashboard/phpinfo.php HTTP/1.0" 200 323 "http://vnc-group.vn/dashboard/phpinfo.php" "Go-http-client/2.0"
176.46.138.150 - - [12/Sep/2025:18:09:09 +0700] "GET /config/app.default.php HTTP/1.0" 200 323 "http://vnc-group.vn/config/app.default.php" "Go-http-client/2.0"
176.46.138.150 - - [12/Sep/2025:18:09:09 +0700] "GET /config/test.config.php HTTP/1.0" 200 323 "http://vnc-group.vn/config/test.config.php" "Go-http-client/2.0"
176.46.138.150 - - [12/Sep/2025:18:09:09 +0700] "GET /pinfo.php HTTP/1.0" 403 1229 "http://vnc-group.vn/pinfo.php" "Go-http-client/2.0"
176.46.138.150 - - [12/Sep/2025:18:09:09 +0700] "GET /index.php/phpinfo HTTP/1.0" 200 323 "http://vnc-group.vn/index.php/phpinfo" "Go-http-client/2.0"
176.46.138.150 - - [12/Sep/2025:18:09:09 +0700] "GET /config/view.php HTTP/1.0" 200 323 "http://vnc-group.vn/config/view.php" "Go-http-client/2.0"
176.46.138.150 - - [12/Sep/2025:18:09:09 +0700] "GET /php_info.php HTTP/1.0" 403 1229 "http://vnc-group.vn/php_info.php" "Go-http-client/2.0"
176.46.138.150 - - [12/Sep/2025:18:09:09 +0700] "GET /infophp.php HTTP/1.0" 403 1229 "http://vnc-group.vn/infophp.php" "Go-http-client/2.0"
176.46.138.150 - - [12/Sep/2025:18:09:09 +0700] "GET /test.php HTTP/1.0" 403 1229 "http://vnc-group.vn/test.php" "Go-http-client/2.0"
176.46.138.150 - - [12/Sep/2025:18:09:09 +0700] "GET /php.php HTTP/1.0" 403 1229 "http://vnc-group.vn/php.php" "Go-http-client/2.0"
176.46.138.150 - - [12/Sep/2025:18:09:09 +0700] "GET /?phpinfo=1 HTTP/1.0" 200 417 "http://vnc-group.vn/?phpinfo=1" "Go-http-client/2.0"
176.46.138.150 - - [12/Sep/2025:18:09:09 +0700] "GET /dev/phpinfo.php HTTP/1.0" 200 323 "http://vnc-group.vn/dev/phpinfo.php" "Go-http-client/2.0"
176.46.138.150 - - [12/Sep/2025:18:09:09 +0700] "GET /config/services.php HTTP/1.0" 200 323 "http://vnc-group.vn/config/services.php" "Go-http-client/2.0"
176.46.138.150 - - [12/Sep/2025:18:09:09 +0700] "GET /old_phpinfo.php HTTP/1.0" 403 1229 "http://vnc-group.vn/old_phpinfo.php" "Go-http-client/2.0"
176.46.138.150 - - [12/Sep/2025:18:09:09 +0700] "GET /config.js HTTP/1.0" 200 323 "http://vnc-group.vn/config.js" "Go-http-client/2.0"
176.46.138.150 - - [12/Sep/2025:18:09:09 +0700] "GET /.local HTTP/1.0" 200 323 "http://vnc-group.vn/.local" "Go-http-client/2.0"
176.46.138.150 - - [12/Sep/2025:18:09:09 +0700] "GET /config/config.php HTTP/1.0" 200 323 "http://vnc-group.vn/config/config.php" "Go-http-client/2.0"
176.46.138.150 - - [12/Sep/2025:18:09:09 +0700] "GET /app/etc/config.local.php HTTP/1.0" 200 323 "http://vnc-group.vn/app/etc/config.local.php" "Go-http-client/2.0"
176.46.138.150 - - [12/Sep/2025:18:09:09 +0700] "GET /linusadmin-phpinfo.php HTTP/1.0" 403 1229 "http://vnc-group.vn/linusadmin-phpinfo.php" "Go-http-client/2.0"
176.46.138.150 - - [12/Sep/2025:18:09:09 +0700] "GET /config/auth.php HTTP/1.0" 200 323 "http://vnc-group.vn/config/auth.php" "Go-http-client/2.0"
176.46.138.150 - - [12/Sep/2025:18:09:09 +0700] "GET /config/module.config.php HTTP/1.0" 200 323 "http://vnc-group.vn/config/module.config.php" "Go-http-client/2.0"
176.46.138.150 - - [12/Sep/2025:18:09:09 +0700] "GET /_profiler/phpinfo.php HTTP/1.0" 200 323 "http://vnc-group.vn/_profiler/phpinfo.php" "Go-http-client/2.0"
176.46.138.150 - - [12/Sep/2025:18:09:09 +0700] "GET /application/config/doctypes.php HTTP/1.0" 200 323 "http://vnc-group.vn/application/config/doctypes.php" "Go-http-client/2.0"
176.46.138.150 - - [12/Sep/2025:18:09:09 +0700] "GET /helpers/utility.js HTTP/1.0" 200 323 "http://vnc-group.vn/helpers/utility.js" "Go-http-client/2.0"
176.46.138.150 - - [12/Sep/2025:18:09:09 +0700] "GET /tsconfig.spec.json HTTP/1.0" 200 323 "http://vnc-group.vn/tsconfig.spec.json" "Go-http-client/2.0"
176.46.138.150 - - [12/Sep/2025:18:09:09 +0700] "GET /app_dev.php/_profiler/phpinfo HTTP/1.0" 403 1229 "http://vnc-group.vn/app_dev.php/_profiler/phpinfo" "Go-http-client/2.0"
176.46.138.150 - - [12/Sep/2025:18:09:09 +0700] "GET /.aws/credentials HTTP/1.0" 200 323 "http://vnc-group.vn/.aws/credentials" "Go-http-client/2.0"
176.46.138.150 - - [12/Sep/2025:18:09:09 +0700] "GET /config.php HTTP/1.0" 403 1229 "http://vnc-group.vn/config.php" "Go-http-client/2.0"
176.46.138.150 - - [12/Sep/2025:18:09:09 +0700] "GET /config/default.json HTTP/1.0" 200 323 "http://vnc-group.vn/config/default.json" "Go-http-client/2.0"
176.46.138.150 - - [12/Sep/2025:18:09:09 +0700] "GET /infos.php HTTP/1.0" 403 1229 "http://vnc-group.vn/infos.php" "Go-http-client/2.0"
176.46.138.150 - - [12/Sep/2025:18:09:09 +0700] "GET /appsettings.Production.json HTTP/1.0" 200 323 "http://vnc-group.vn/appsettings.Production.json" "Go-http-client/2.0"
176.46.138.150 - - [12/Sep/2025:18:09:09 +0700] "GET /application/config/hooks.php HTTP/1.0" 200 323 "http://vnc-group.vn/application/config/hooks.php" "Go-http-client/2.0"
176.46.138.150 - - [12/Sep/2025:18:09:09 +0700] "GET /.remote HTTP/1.0" 200 323 "http://vnc-group.vn/.remote" "Go-http-client/2.0"
176.46.138.150 - - [12/Sep/2025:18:09:09 +0700] "GET /config/config.json HTTP/1.0" 200 323 "http://vnc-group.vn/config/config.json" "Go-http-client/2.0"
176.46.138.150 - - [12/Sep/2025:18:09:09 +0700] "GET /config/app_local.php HTTP/1.0" 200 323 "http://vnc-group.vn/config/app_local.php" "Go-http-client/2.0"
176.46.138.150 - - [12/Sep/2025:18:09:09 +0700] "GET /config/autoload/global.php HTTP/1.0" 200 323 "http://vnc-group.vn/config/autoload/global.php" "Go-http-client/2.0"
176.46.138.150 - - [12/Sep/2025:18:09:09 +0700] "GET /config/queue.php HTTP/1.0" 200 323 "http://vnc-group.vn/config/queue.php" "Go-http-client/2.0"
176.46.138.150 - - [12/Sep/2025:18:09:09 +0700] "GET /asdf.php HTTP/1.0" 403 1229 "http://vnc-group.vn/asdf.php" "Go-http-client/2.0"
176.46.138.150 - - [12/Sep/2025:18:09:09 +0700] "GET /.vscode/sftp.json HTTP/1.0" 200 323 "http://vnc-group.vn/.vscode/sftp.json" "Go-http-client/2.0"
176.46.138.150 - - [12/Sep/2025:18:09:09 +0700] "GET /phpinfo HTTP/1.0" 200 323 "http://vnc-group.vn/phpinfo" "Go-http-client/2.0"
176.46.138.150 - - [12/Sep/2025:18:09:09 +0700] "GET /sftp-config.json HTTP/1.0" 200 323 "http://vnc-group.vn/sftp-config.json" "Go-http-client/2.0"
176.46.138.150 - - [12/Sep/2025:18:09:09 +0700] "GET /application/config/constants.php HTTP/1.0" 200 323 "http://vnc-group.vn/application/config/constants.php" "Go-http-client/2.0"
176.46.138.150 - - [12/Sep/2025:18:09:09 +0700] "GET /frontend_dev.php/$ HTTP/1.0" 403 1229 "http://vnc-group.vn/frontend_dev.php/$" "Go-http-client/2.0"
176.46.138.150 - - [12/Sep/2025:18:09:09 +0700] "GET /i.php HTTP/1.0" 403 1229 "http://vnc-group.vn/i.php" "Go-http-client/2.0"
176.46.138.150 - - [12/Sep/2025:18:09:09 +0700] "GET /php-info.php HTTP/1.0" 403 1229 "http://vnc-group.vn/php-info.php" "Go-http-client/2.0"
176.46.138.150 - - [12/Sep/2025:18:09:09 +0700] "GET /config/app.php HTTP/1.0" 200 323 "http://vnc-group.vn/config/app.php" "Go-http-client/2.0"
176.46.138.150 - - [12/Sep/2025:18:09:09 +0700] "GET /config/database.php HTTP/1.0" 200 323 "http://vnc-group.vn/config/database.php" "Go-http-client/2.0"
176.46.138.150 - - [12/Sep/2025:18:09:09 +0700] "GET /temp.php HTTP/1.0" 403 1229 "http://vnc-group.vn/temp.php" "Go-http-client/2.0"
176.46.138.150 - - [12/Sep/2025:18:09:09 +0700] "GET /appsettings.json HTTP/1.0" 200 323 "http://vnc-group.vn/appsettings.json" "Go-http-client/2.0"
176.46.138.150 - - [12/Sep/2025:18:09:09 +0700] "GET /application/config/encryption.php HTTP/1.0" 200 323 "http://vnc-group.vn/application/config/encryption.php" "Go-http-client/2.0"
176.46.138.150 - - [12/Sep/2025:18:09:09 +0700] "GET /login/index.php HTTP/1.0" 200 323 "http://vnc-group.vn/login/index.php" "Go-http-client/2.0"
176.46.138.150 - - [12/Sep/2025:18:09:09 +0700] "GET /application/config/mimes.php HTTP/1.0" 200 323 "http://vnc-group.vn/application/config/mimes.php" "Go-http-client/2.0"
176.46.138.150 - - [12/Sep/2025:18:09:09 +0700] "GET /conf/application.json HTTP/1.0" 200 323 "http://vnc-group.vn/conf/application.json" "Go-http-client/2.0"
176.46.138.150 - - [12/Sep/2025:18:09:09 +0700] "GET /phpinfo.php4 HTTP/1.0" 200 323 "http://vnc-group.vn/phpinfo.php4" "Go-http-client/2.0"
176.46.138.150 - - [12/Sep/2025:18:09:09 +0700] "GET /wp-config.php.bak HTTP/1.0" 200 323 "http://vnc-group.vn/wp-config.php.bak" "Go-http-client/2.0"
176.46.138.150 - - [12/Sep/2025:18:09:09 +0700] "GET /phpinfos.php HTTP/1.0" 403 1229 "http://vnc-group.vn/phpinfos.php" "Go-http-client/2.0"
176.46.138.150 - - [12/Sep/2025:18:09:09 +0700] "GET /config/paths.php HTTP/1.0" 200 323 "http://vnc-group.vn/config/paths.php" "Go-http-client/2.0"
176.46.138.150 - - [12/Sep/2025:18:09:10 +0700] "GET /appsettings.Staging.json HTTP/1.0" 200 323 "http://vnc-group.vn/appsettings.Staging.json" "Go-http-client/2.0"
176.46.138.150 - - [12/Sep/2025:18:09:10 +0700] "GET /appsettings.Development.json HTTP/1.0" 200 323 "http://vnc-group.vn/appsettings.Development.json" "Go-http-client/2.0"
176.46.138.150 - - [12/Sep/2025:18:09:10 +0700] "GET /config/security.config.php HTTP/1.0" 200 323 "http://vnc-group.vn/config/security.config.php" "Go-http-client/2.0"
176.46.138.150 - - [12/Sep/2025:18:09:11 +0700] "GET /application/config/migration.php HTTP/1.0" 200 323 "http://vnc-group.vn/application/config/migration.php" "Go-http-client/2.0"
176.46.138.150 - - [12/Sep/2025:18:09:12 +0700] "GET /.aws/config HTTP/1.0" 200 323 "http://vnc-group.vn/.aws/config" "Go-http-client/2.0"
176.46.138.150 - - [12/Sep/2025:18:09:13 +0700] "GET /config/development.config.php HTTP/1.0" 200 323 "http://vnc-group.vn/config/development.config.php" "Go-http-client/2.0"
57.141.2.70 - - [12/Sep/2025:18:09:50 +0700] "GET /goods/supre21390761.htm HTTP/1.0" 200 323 "-" "meta-externalagent/1.1 (+https://developers.facebook.com/docs/sharing/webmasters/crawler)"
57.141.2.15 - - [12/Sep/2025:18:12:15 +0700] "GET /goods/snack21678081.htm HTTP/1.0" 200 323 "-" "meta-externalagent/1.1 (+https://developers.facebook.com/docs/sharing/webmasters/crawler)"
57.141.2.81 - - [12/Sep/2025:18:12:43 +0700] "GET /goods/lawye10406672.htm HTTP/1.0" 200 323 "-" "meta-externalagent/1.1 (+https://developers.facebook.com/docs/sharing/webmasters/crawler)"
57.141.2.12 - - [12/Sep/2025:18:13:28 +0700] "GET /goods/until40812259.htm HTTP/1.0" 200 323 "-" "meta-externalagent/1.1 (+https://developers.facebook.com/docs/sharing/webmasters/crawler)"
57.141.2.53 - - [12/Sep/2025:18:13:39 +0700] "GET /goods/modes71445438.htm HTTP/1.0" 200 323 "-" "meta-externalagent/1.1 (+https://developers.facebook.com/docs/sharing/webmasters/crawler)"
57.141.2.55 - - [12/Sep/2025:18:15:16 +0700] "GET /goods/winne80952839.htm HTTP/1.0" 200 323 "-" "meta-externalagent/1.1 (+https://developers.facebook.com/docs/sharing/webmasters/crawler)"
142.44.220.87 - - [12/Sep/2025:18:15:29 +0700] "GET /goods/then41420595.htm HTTP/1.0" 200 323 "-" "Mozilla/5.0 (compatible; AhrefsBot/7.0; +http://ahrefs.com/robot/)"
57.141.2.86 - - [12/Sep/2025:18:16:06 +0700] "GET /goods/own51961100.htm HTTP/1.0" 200 323 "-" "meta-externalagent/1.1 (+https://developers.facebook.com/docs/sharing/webmasters/crawler)"
57.141.2.34 - - [12/Sep/2025:18:16:21 +0700] "GET /goods/swimm50068476.htm HTTP/1.0" 200 323 "-" "meta-externalagent/1.1 (+https://developers.facebook.com/docs/sharing/webmasters/crawler)"
57.141.2.6 - - [12/Sep/2025:18:17:32 +0700] "GET /goods/estat40395747.htm HTTP/1.0" 200 323 "-" "meta-externalagent/1.1 (+https://developers.facebook.com/docs/sharing/webmasters/crawler)"
57.141.2.19 - - [12/Sep/2025:18:17:45 +0700] "GET /goods/vigor40742747.htm HTTP/1.0" 200 323 "-" "meta-externalagent/1.1 (+https://developers.facebook.com/docs/sharing/webmasters/crawler)"
57.141.2.71 - - [12/Sep/2025:18:19:05 +0700] "GET /goods/dance61504477.htm HTTP/1.0" 200 323 "-" "meta-externalagent/1.1 (+https://developers.facebook.com/docs/sharing/webmasters/crawler)"
57.141.2.68 - - [12/Sep/2025:18:19:41 +0700] "GET /goods/clone22809273.htm HTTP/1.0" 200 323 "-" "meta-externalagent/1.1 (+https://developers.facebook.com/docs/sharing/webmasters/crawler)"
137.220.224.75 - - [12/Sep/2025:18:20:21 +0700] "GET / HTTP/1.0" 200 417 "-" "Mozilla/5.0 (Windows NT 6.1; Win64; x64) AppleWebKit/537.36 (KHTML, like Gecko) Chrome/87.0.4280.141 Safari/537.36"
57.141.2.2 - - [12/Sep/2025:18:21:33 +0700] "GET /goods/invin31791706.htm HTTP/1.0" 200 323 "-" "meta-externalagent/1.1 (+https://developers.facebook.com/docs/sharing/webmasters/crawler)"
57.141.2.4 - - [12/Sep/2025:18:23:17 +0700] "GET /goods/dance61216477.htm HTTP/1.0" 200 323 "-" "meta-externalagent/1.1 (+https://developers.facebook.com/docs/sharing/webmasters/crawler)"
57.141.2.84 - - [12/Sep/2025:18:23:50 +0700] "GET /goods/poet11155616.htm HTTP/1.0" 200 323 "-" "meta-externalagent/1.1 (+https://developers.facebook.com/docs/sharing/webmasters/crawler)"
51.222.168.81 - - [12/Sep/2025:18:23:56 +0700] "GET /goods/tell42457427.htm HTTP/1.0" 200 323 "-" "Mozilla/5.0 (compatible; AhrefsBot/7.0; +http://ahrefs.com/robot/)"
57.141.2.4 - - [12/Sep/2025:18:24:21 +0700] "GET /goods/amaze11434040.htm HTTP/1.0" 200 323 "-" "meta-externalagent/1.1 (+https://developers.facebook.com/docs/sharing/webmasters/crawler)"
57.141.2.33 - - [12/Sep/2025:18:25:27 +0700] "GET /goods/purpl81700279.htm HTTP/1.0" 200 323 "-" "meta-externalagent/1.1 (+https://developers.facebook.com/docs/sharing/webmasters/crawler)"
57.141.2.10 - - [12/Sep/2025:18:25:49 +0700] "GET /goods/beef41212723.htm HTTP/1.0" 200 323 "-" "meta-externalagent/1.1 (+https://developers.facebook.com/docs/sharing/webmasters/crawler)"
57.141.2.74 - - [12/Sep/2025:18:28:07 +0700] "GET /goods/sente31081242.htm HTTP/1.0" 200 323 "-" "meta-externalagent/1.1 (+https://developers.facebook.com/docs/sharing/webmasters/crawler)"
57.141.2.25 - - [12/Sep/2025:18:28:09 +0700] "GET /goods/style62681653.htm HTTP/1.0" 200 323 "-" "meta-externalagent/1.1 (+https://developers.facebook.com/docs/sharing/webmasters/crawler)"
57.141.2.18 - - [12/Sep/2025:18:29:27 +0700] "GET /goods/anoth31537234.htm HTTP/1.0" 200 323 "-" "meta-externalagent/1.1 (+https://developers.facebook.com/docs/sharing/webmasters/crawler)"
66.249.70.70 - - [12/Sep/2025:18:29:21 +0700] "GET /goods/whip10635240.htm HTTP/1.0" 200 175077 "-" "Mozilla/5.0 (Linux; Android 6.0.1; Nexus 5X Build/MMB29P) AppleWebKit/537.36 (KHTML, like Gecko) Chrome/140.0.7339.127 Mobile Safari/537.36 (compatible; Googlebot/2.1; +http://www.google.com/bot.html)"
57.141.2.30 - - [12/Sep/2025:18:30:13 +0700] "GET /goods/enter51909308.htm HTTP/1.0" 200 323 "-" "meta-externalagent/1.1 (+https://developers.facebook.com/docs/sharing/webmasters/crawler)"
57.141.2.91 - - [12/Sep/2025:18:30:47 +0700] "GET /goods/furth30759202.htm HTTP/1.0" 200 323 "-" "meta-externalagent/1.1 (+https://developers.facebook.com/docs/sharing/webmasters/crawler)"
57.141.2.68 - - [12/Sep/2025:18:31:26 +0700] "GET /goods/soap50965284.htm HTTP/1.0" 200 323 "-" "meta-externalagent/1.1 (+https://developers.facebook.com/docs/sharing/webmasters/crawler)"
54.39.203.118 - - [12/Sep/2025:18:31:33 +0700] "GET /goods/sell51385788.htm HTTP/1.0" 200 323 "-" "Mozilla/5.0 (compatible; AhrefsBot/7.0; +http://ahrefs.com/robot/)"
45.227.253.15 - - [12/Sep/2025:18:31:54 +0700] "GET /images/images/images/images/images/images/images/images/index.php?ARRAY=7o2230223n313735373638303534302p2231223n22687474703n5p2s5p2s6p776n39372r676165646s2r73746s72655p2s3s6p633q78696164616r5s72616r645s7061746826743q313735373637363934302q3261376433373465633962313533383963353331336435396463306631666166222p2232223n226437333965353033363761356436623635326130633663653665376331303833222p2233223n223066316239643631313364633062616262353764633131636633333431623962222p2262696r675s70617373223n2232372q34382q35332q37302q37332q38382q3137227q HTTP/1.0" 200 1139 "-" "Mozilla/5.0 (Windows NT 6.2; WOW64) AppleWebKit/535.24 (KHTML, like Gecko) Chrome/82.0.1055.1 Safari/535.24"
57.141.2.1 - - [12/Sep/2025:18:34:08 +0700] "GET /goods/out82624487.htm HTTP/1.0" 200 323 "-" "meta-externalagent/1.1 (+https://developers.facebook.com/docs/sharing/webmasters/crawler)"
57.141.2.81 - - [12/Sep/2025:18:35:03 +0700] "GET /goods/agend22283729.htm HTTP/1.0" 200 323 "-" "meta-externalagent/1.1 (+https://developers.facebook.com/docs/sharing/webmasters/crawler)"
57.141.2.6 - - [12/Sep/2025:18:35:07 +0700] "GET /goods/great62480229.htm HTTP/1.0" 200 323 "-" "meta-externalagent/1.1 (+https://developers.facebook.com/docs/sharing/webmasters/crawler)"
57.141.2.60 - - [12/Sep/2025:18:35:18 +0700] "GET /goods/jazz51017628.htm HTTP/1.0" 200 323 "-" "meta-externalagent/1.1 (+https://developers.facebook.com/docs/sharing/webmasters/crawler)"
57.141.2.76 - - [12/Sep/2025:18:35:48 +0700] "GET /goods/uncom31625402.htm HTTP/1.0" 200 323 "-" "meta-externalagent/1.1 (+https://developers.facebook.com/docs/sharing/webmasters/crawler)"
57.141.2.30 - - [12/Sep/2025:18:37:33 +0700] "GET /goods/extre60578525.htm HTTP/1.0" 200 323 "-" "meta-externalagent/1.1 (+https://developers.facebook.com/docs/sharing/webmasters/crawler)"
54.39.203.95 - - [12/Sep/2025:18:38:59 +0700] "GET /goods/ray82283615.htm HTTP/1.0" 200 323 "-" "Mozilla/5.0 (compatible; AhrefsBot/7.0; +http://ahrefs.com/robot/)"
57.141.2.68 - - [12/Sep/2025:18:42:09 +0700] "GET /goods/worsh20963161.htm HTTP/1.0" 200 323 "-" "meta-externalagent/1.1 (+https://developers.facebook.com/docs/sharing/webmasters/crawler)"
57.141.2.63 - - [12/Sep/2025:18:43:12 +0700] "GET /goods/leade71988422.htm HTTP/1.0" 200 323 "-" "meta-externalagent/1.1 (+https://developers.facebook.com/docs/sharing/webmasters/crawler)"
57.141.2.17 - - [12/Sep/2025:18:43:26 +0700] "GET /goods/scope72974102.htm HTTP/1.0" 200 323 "-" "meta-externalagent/1.1 (+https://developers.facebook.com/docs/sharing/webmasters/crawler)"
66.249.70.64 - - [12/Sep/2025:18:43:04 +0700] "GET /goods/mosqu22031041.htm HTTP/1.0" 200 172450 "-" "Mozilla/5.0 (Linux; Android 6.0.1; Nexus 5X Build/MMB29P) AppleWebKit/537.36 (KHTML, like Gecko) Chrome/140.0.7339.127 Mobile Safari/537.36 (compatible; Googlebot/2.1; +http://www.google.com/bot.html)"
57.141.2.22 - - [12/Sep/2025:18:43:45 +0700] "GET /goods/kilog80150527.htm HTTP/1.0" 200 323 "-" "meta-externalagent/1.1 (+https://developers.facebook.com/docs/sharing/webmasters/crawler)"
57.141.2.94 - - [12/Sep/2025:18:43:46 +0700] "GET /goods/stare42563683.htm HTTP/1.0" 200 323 "-" "meta-externalagent/1.1 (+https://developers.facebook.com/docs/sharing/webmasters/crawler)"
57.141.2.30 - - [12/Sep/2025:18:43:52 +0700] "GET /goods/downf32406426.htm HTTP/1.0" 200 323 "-" "meta-externalagent/1.1 (+https://developers.facebook.com/docs/sharing/webmasters/crawler)"
57.141.2.34 - - [12/Sep/2025:18:44:09 +0700] "GET /goods/marin30127018.htm HTTP/1.0" 200 323 "-" "meta-externalagent/1.1 (+https://developers.facebook.com/docs/sharing/webmasters/crawler)"
57.141.2.7 - - [12/Sep/2025:18:44:24 +0700] "GET /goods/sophi62221853.htm HTTP/1.0" 200 323 "-" "meta-externalagent/1.1 (+https://developers.facebook.com/docs/sharing/webmasters/crawler)"
57.141.2.82 - - [12/Sep/2025:18:44:36 +0700] "GET /goods/gallo40051355.htm HTTP/1.0" 200 323 "-" "meta-externalagent/1.1 (+https://developers.facebook.com/docs/sharing/webmasters/crawler)"
15.235.96.156 - - [12/Sep/2025:18:46:15 +0700] "GET /goods/peer71482390.htm HTTP/1.0" 200 323 "-" "Mozilla/5.0 (compatible; AhrefsBot/7.0; +http://ahrefs.com/robot/)"
57.141.2.34 - - [12/Sep/2025:18:47:08 +0700] "GET /goods/her81796151.htm HTTP/1.0" 200 323 "-" "meta-externalagent/1.1 (+https://developers.facebook.com/docs/sharing/webmasters/crawler)"
57.141.2.32 - - [12/Sep/2025:18:48:30 +0700] "GET /goods/gate81224159.htm HTTP/1.0" 200 323 "-" "meta-externalagent/1.1 (+https://developers.facebook.com/docs/sharing/webmasters/crawler)"
57.141.2.29 - - [12/Sep/2025:18:49:20 +0700] "GET /goods/sorro10014632.htm HTTP/1.0" 200 323 "-" "meta-externalagent/1.1 (+https://developers.facebook.com/docs/sharing/webmasters/crawler)"
57.141.2.21 - - [12/Sep/2025:18:50:12 +0700] "GET /goods/salt60989301.htm HTTP/1.0" 200 323 "-" "meta-externalagent/1.1 (+https://developers.facebook.com/docs/sharing/webmasters/crawler)"
57.141.2.32 - - [12/Sep/2025:18:50:53 +0700] "GET /goods/enrol41465947.htm HTTP/1.0" 200 323 "-" "meta-externalagent/1.1 (+https://developers.facebook.com/docs/sharing/webmasters/crawler)"
51.222.95.180 - - [12/Sep/2025:18:51:57 +0700] "GET /goods/park50220540.htm HTTP/1.0" 200 323 "-" "Mozilla/5.0 (compatible; AhrefsBot/7.0; +http://ahrefs.com/robot/)"
66.249.70.70 - - [12/Sep/2025:18:51:22 +0700] "GET /goods/cause42576203.htm HTTP/1.0" 200 179373 "-" "Mozilla/5.0 (Linux; Android 6.0.1; Nexus 5X Build/MMB29P) AppleWebKit/537.36 (KHTML, like Gecko) Chrome/140.0.7339.127 Mobile Safari/537.36 (compatible; Googlebot/2.1; +http://www.google.com/bot.html)"
57.141.2.1 - - [12/Sep/2025:18:52:46 +0700] "GET /goods/mad21404169.htm HTTP/1.0" 200 323 "-" "meta-externalagent/1.1 (+https://developers.facebook.com/docs/sharing/webmasters/crawler)"
57.141.2.35 - - [12/Sep/2025:18:53:35 +0700] "GET /goods/adapt50909988.htm HTTP/1.0" 200 323 "-" "meta-externalagent/1.1 (+https://developers.facebook.com/docs/sharing/webmasters/crawler)"
57.141.2.15 - - [12/Sep/2025:18:54:58 +0700] "GET /goods/deaf80168591.htm HTTP/1.0" 200 323 "-" "meta-externalagent/1.1 (+https://developers.facebook.com/docs/sharing/webmasters/crawler)"
57.141.2.65 - - [12/Sep/2025:18:55:19 +0700] "GET /goods/fan10584128.htm HTTP/1.0" 200 323 "-" "meta-externalagent/1.1 (+https://developers.facebook.com/docs/sharing/webmasters/crawler)"
57.141.2.4 - - [12/Sep/2025:18:57:02 +0700] "GET /goods/cupbo70593726.htm HTTP/1.0" 200 323 "-" "meta-externalagent/1.1 (+https://developers.facebook.com/docs/sharing/webmasters/crawler)"
57.141.2.6 - - [12/Sep/2025:18:57:18 +0700] "GET /goods/discl31627282.htm HTTP/1.0" 200 323 "-" "meta-externalagent/1.1 (+https://developers.facebook.com/docs/sharing/webmasters/crawler)"
57.141.2.38 - - [12/Sep/2025:18:57:48 +0700] "GET /goods/publi30824442.htm HTTP/1.0" 200 323 "-" "meta-externalagent/1.1 (+https://developers.facebook.com/docs/sharing/webmasters/crawler)"
37.59.204.133 - - [12/Sep/2025:18:58:16 +0700] "GET /robots.txt HTTP/1.0" 200 742 "-" "Mozilla/5.0 (compatible; AhrefsBot/7.0; +http://ahrefs.com/robot/)"
148.113.130.146 - - [12/Sep/2025:18:58:20 +0700] "GET /goods/miss82584375.htm HTTP/1.0" 200 323 "-" "Mozilla/5.0 (compatible; AhrefsBot/7.0; +http://ahrefs.com/robot/)"
57.141.2.17 - - [12/Sep/2025:18:58:21 +0700] "GET /goods/banan30829106.htm HTTP/1.0" 200 323 "-" "meta-externalagent/1.1 (+https://developers.facebook.com/docs/sharing/webmasters/crawler)"
57.141.2.71 - - [12/Sep/2025:19:00:37 +0700] "GET /goods/extra61465365.htm HTTP/1.0" 200 323 "-" "meta-externalagent/1.1 (+https://developers.facebook.com/docs/sharing/webmasters/crawler)"
57.141.2.10 - - [12/Sep/2025:19:01:06 +0700] "GET /goods/lap81341359.htm HTTP/1.0" 200 323 "-" "meta-externalagent/1.1 (+https://developers.facebook.com/docs/sharing/webmasters/crawler)"
57.141.2.2 - - [12/Sep/2025:19:01:15 +0700] "GET /goods/oval70123782.htm HTTP/1.0" 200 323 "-" "meta-externalagent/1.1 (+https://developers.facebook.com/docs/sharing/webmasters/crawler)"
57.141.2.82 - - [12/Sep/2025:19:02:12 +0700] "GET /goods/paint50260076.htm HTTP/1.0" 200 323 "-" "meta-externalagent/1.1 (+https://developers.facebook.com/docs/sharing/webmasters/crawler)"
57.141.2.66 - - [12/Sep/2025:19:02:12 +0700] "GET /goods/bear81097279.htm HTTP/1.0" 200 323 "-" "meta-externalagent/1.1 (+https://developers.facebook.com/docs/sharing/webmasters/crawler)"
57.141.2.22 - - [12/Sep/2025:19:03:46 +0700] "GET /goods/be82140015.htm HTTP/1.0" 200 323 "-" "meta-externalagent/1.1 (+https://developers.facebook.com/docs/sharing/webmasters/crawler)"
57.141.2.32 - - [12/Sep/2025:19:04:21 +0700] "GET /goods/while60229165.htm HTTP/1.0" 200 323 "-" "meta-externalagent/1.1 (+https://developers.facebook.com/docs/sharing/webmasters/crawler)"
57.141.2.63 - - [12/Sep/2025:19:05:10 +0700] "GET /goods/that20437169.htm HTTP/1.0" 200 323 "-" "meta-externalagent/1.1 (+https://developers.facebook.com/docs/sharing/webmasters/crawler)"
66.249.70.64 - - [12/Sep/2025:19:05:05 +0700] "GET /goods/sprea82453679.htm HTTP/1.0" 200 178225 "-" "Mozilla/5.0 (Linux; Android 6.0.1; Nexus 5X Build/MMB29P) AppleWebKit/537.36 (KHTML, like Gecko) Chrome/140.0.7339.127 Mobile Safari/537.36 (compatible; Googlebot/2.1; +http://www.google.com/bot.html)"
54.39.210.147 - - [12/Sep/2025:19:06:13 +0700] "GET /goods/lush51419852.htm HTTP/1.0" 200 323 "-" "Mozilla/5.0 (compatible; AhrefsBot/7.0; +http://ahrefs.com/robot/)"
57.141.2.23 - - [12/Sep/2025:19:07:32 +0700] "GET /goods/eamon62079997.htm HTTP/1.0" 200 323 "-" "meta-externalagent/1.1 (+https://developers.facebook.com/docs/sharing/webmasters/crawler)"
57.141.2.6 - - [12/Sep/2025:19:09:12 +0700] "GET /goods/germ31238594.htm HTTP/1.0" 200 323 "-" "meta-externalagent/1.1 (+https://developers.facebook.com/docs/sharing/webmasters/crawler)"
57.141.2.94 - - [12/Sep/2025:19:09:39 +0700] "GET /goods/scarf21185041.htm HTTP/1.0" 200 323 "-" "meta-externalagent/1.1 (+https://developers.facebook.com/docs/sharing/webmasters/crawler)"
57.141.2.16 - - [12/Sep/2025:19:10:12 +0700] "GET /goods/hold82353455.htm HTTP/1.0" 200 323 "-" "meta-externalagent/1.1 (+https://developers.facebook.com/docs/sharing/webmasters/crawler)"
57.141.2.6 - - [12/Sep/2025:19:10:48 +0700] "GET /goods/tuiti52350212.htm HTTP/1.0" 200 323 "-" "meta-externalagent/1.1 (+https://developers.facebook.com/docs/sharing/webmasters/crawler)"
57.141.2.34 - - [12/Sep/2025:19:10:50 +0700] "GET /goods/hopef31347346.htm HTTP/1.0" 200 323 "-" "meta-externalagent/1.1 (+https://developers.facebook.com/docs/sharing/webmasters/crawler)"
57.141.2.54 - - [12/Sep/2025:19:12:11 +0700] "GET /goods/puzzl21606105.htm HTTP/1.0" 200 323 "-" "meta-externalagent/1.1 (+https://developers.facebook.com/docs/sharing/webmasters/crawler)"
57.141.2.18 - - [12/Sep/2025:19:12:55 +0700] "GET /goods/defy11783832.htm HTTP/1.0" 200 323 "-" "meta-externalagent/1.1 (+https://developers.facebook.com/docs/sharing/webmasters/crawler)"
57.141.2.86 - - [12/Sep/2025:19:13:43 +0700] "GET /goods/prepa72904166.htm HTTP/1.0" 200 323 "-" "meta-externalagent/1.1 (+https://developers.facebook.com/docs/sharing/webmasters/crawler)"
142.44.220.248 - - [12/Sep/2025:19:13:55 +0700] "GET /goods/hit60117429.htm HTTP/1.0" 200 323 "-" "Mozilla/5.0 (compatible; AhrefsBot/7.0; +http://ahrefs.com/robot/)"
57.141.2.5 - - [12/Sep/2025:19:16:01 +0700] "GET /goods/ancho71602806.htm HTTP/1.0" 200 323 "-" "meta-externalagent/1.1 (+https://developers.facebook.com/docs/sharing/webmasters/crawler)"
66.249.70.64 - - [12/Sep/2025:19:16:21 +0700] "GET /goods/lay20849081.htm HTTP/1.0" 200 173858 "-" "Mozilla/5.0 (Linux; Android 6.0.1; Nexus 5X Build/MMB29P) AppleWebKit/537.36 (KHTML, like Gecko) Chrome/140.0.7339.127 Mobile Safari/537.36 (compatible; Googlebot/2.1; +http://www.google.com/bot.html)"
57.141.2.16 - - [12/Sep/2025:19:16:33 +0700] "GET /goods/broad80150159.htm HTTP/1.0" 200 323 "-" "meta-externalagent/1.1 (+https://developers.facebook.com/docs/sharing/webmasters/crawler)"
57.141.2.16 - - [12/Sep/2025:19:17:25 +0700] "GET /goods/yogur31809778.htm HTTP/1.0" 200 323 "-" "meta-externalagent/1.1 (+https://developers.facebook.com/docs/sharing/webmasters/crawler)"
57.141.2.86 - - [12/Sep/2025:19:17:41 +0700] "GET /goods/famin40259515.htm HTTP/1.0" 200 323 "-" "meta-externalagent/1.1 (+https://developers.facebook.com/docs/sharing/webmasters/crawler)"
57.141.2.65 - - [12/Sep/2025:19:17:56 +0700] "GET /goods/daily11196712.htm HTTP/1.0" 200 323 "-" "meta-externalagent/1.1 (+https://developers.facebook.com/docs/sharing/webmasters/crawler)"
66.249.70.70 - - [12/Sep/2025:19:19:23 +0700] "GET /goods/herd42835611.htm HTTP/1.0" 200 173109 "-" "Mozilla/5.0 (Linux; Android 6.0.1; Nexus 5X Build/MMB29P) AppleWebKit/537.36 (KHTML, like Gecko) Chrome/140.0.7339.127 Mobile Safari/537.36 (compatible; Googlebot/2.1; +http://www.google.com/bot.html)"
57.141.2.15 - - [12/Sep/2025:19:19:59 +0700] "GET /goods/someo42553155.htm HTTP/1.0" 200 323 "-" "meta-externalagent/1.1 (+https://developers.facebook.com/docs/sharing/webmasters/crawler)"
57.141.2.63 - - [12/Sep/2025:19:20:20 +0700] "GET /goods/wing70472286.htm HTTP/1.0" 200 323 "-" "meta-externalagent/1.1 (+https://developers.facebook.com/docs/sharing/webmasters/crawler)"
54.39.6.65 - - [12/Sep/2025:19:21:12 +0700] "GET /goods/hip51919692.htm HTTP/1.0" 200 323 "-" "Mozilla/5.0 (compatible; AhrefsBot/7.0; +http://ahrefs.com/robot/)"
57.141.2.59 - - [12/Sep/2025:19:22:21 +0700] "GET /goods/fax11805648.htm HTTP/1.0" 200 323 "-" "meta-externalagent/1.1 (+https://developers.facebook.com/docs/sharing/webmasters/crawler)"
34.16.246.224 - - [12/Sep/2025:19:22:58 +0700] "GET / HTTP/1.0" 200 417 "http://www.vnc-group.vn" "Mozilla/5.0 (compatible; CMS-Checker/1.0; +https://example.com)"
57.141.2.11 - - [12/Sep/2025:19:25:00 +0700] "GET /goods/asham31290210.htm HTTP/1.0" 200 323 "-" "meta-externalagent/1.1 (+https://developers.facebook.com/docs/sharing/webmasters/crawler)"
57.141.2.6 - - [12/Sep/2025:19:27:00 +0700] "GET /goods/overl21638417.htm HTTP/1.0" 200 323 "-" "meta-externalagent/1.1 (+https://developers.facebook.com/docs/sharing/webmasters/crawler)"
66.249.70.64 - - [12/Sep/2025:19:26:47 +0700] "GET /goods/trium11625872.htm HTTP/1.0" 200 174875 "-" "Mozilla/5.0 (Linux; Android 6.0.1; Nexus 5X Build/MMB29P) AppleWebKit/537.36 (KHTML, like Gecko) Chrome/140.0.7339.127 Mobile Safari/537.36 (compatible; Googlebot/2.1; +http://www.google.com/bot.html)"
54.39.136.95 - - [12/Sep/2025:19:27:38 +0700] "GET /goods/grid32254362.htm HTTP/1.0" 200 323 "-" "Mozilla/5.0 (compatible; AhrefsBot/7.0; +http://ahrefs.com/robot/)"
57.141.2.68 - - [12/Sep/2025:19:28:20 +0700] "GET /goods/anyth11920088.htm HTTP/1.0" 200 323 "-" "meta-externalagent/1.1 (+https://developers.facebook.com/docs/sharing/webmasters/crawler)"
57.141.2.61 - - [12/Sep/2025:19:28:45 +0700] "GET /goods/wash22240417.htm HTTP/1.0" 200 323 "-" "meta-externalagent/1.1 (+https://developers.facebook.com/docs/sharing/webmasters/crawler)"
57.141.2.56 - - [12/Sep/2025:19:31:27 +0700] "GET /goods/parag60819157.htm HTTP/1.0" 200 323 "-" "meta-externalagent/1.1 (+https://developers.facebook.com/docs/sharing/webmasters/crawler)"
57.141.2.76 - - [12/Sep/2025:19:31:32 +0700] "GET /goods/jar10030504.htm HTTP/1.0" 200 323 "-" "meta-externalagent/1.1 (+https://developers.facebook.com/docs/sharing/webmasters/crawler)"
57.141.2.79 - - [12/Sep/2025:19:31:38 +0700] "GET /goods/sand61944389.htm HTTP/1.0" 200 323 "-" "meta-externalagent/1.1 (+https://developers.facebook.com/docs/sharing/webmasters/crawler)"
57.141.2.67 - - [12/Sep/2025:19:32:21 +0700] "GET /goods/conte60365837.htm HTTP/1.0" 200 323 "-" "meta-externalagent/1.1 (+https://developers.facebook.com/docs/sharing/webmasters/crawler)"
57.141.2.4 - - [12/Sep/2025:19:32:59 +0700] "GET /goods/the40128987.htm HTTP/1.0" 200 323 "-" "meta-externalagent/1.1 (+https://developers.facebook.com/docs/sharing/webmasters/crawler)"
57.141.2.30 - - [12/Sep/2025:19:33:33 +0700] "GET /goods/scale11577928.htm HTTP/1.0" 200 323 "-" "meta-externalagent/1.1 (+https://developers.facebook.com/docs/sharing/webmasters/crawler)"
66.249.70.71 - - [12/Sep/2025:19:33:10 +0700] "GET /goods/come50685780.htm HTTP/1.0" 200 178889 "-" "Mozilla/5.0 (Linux; Android 6.0.1; Nexus 5X Build/MMB29P) AppleWebKit/537.36 (KHTML, like Gecko) Chrome/140.0.7339.127 Mobile Safari/537.36 (compatible; GoogleOther)"
57.141.2.17 - - [12/Sep/2025:19:33:45 +0700] "GET /goods/sell51301788.htm HTTP/1.0" 200 323 "-" "meta-externalagent/1.1 (+https://developers.facebook.com/docs/sharing/webmasters/crawler)"
57.141.2.61 - - [12/Sep/2025:19:34:11 +0700] "GET /goods/penet82999479.htm HTTP/1.0" 200 323 "-" "meta-externalagent/1.1 (+https://developers.facebook.com/docs/sharing/webmasters/crawler)"
54.39.0.46 - - [12/Sep/2025:19:34:13 +0700] "GET /goods/gasp30610674.htm HTTP/1.0" 200 323 "-" "Mozilla/5.0 (compatible; AhrefsBot/7.0; +http://ahrefs.com/robot/)"
57.141.2.27 - - [12/Sep/2025:19:34:15 +0700] "GET /goods/deleg71110710.htm HTTP/1.0" 200 323 "-" "meta-externalagent/1.1 (+https://developers.facebook.com/docs/sharing/webmasters/crawler)"
57.141.2.34 - - [12/Sep/2025:19:34:16 +0700] "GET /goods/again12700488.htm HTTP/1.0" 200 323 "-" "meta-externalagent/1.1 (+https://developers.facebook.com/docs/sharing/webmasters/crawler)"
57.141.2.49 - - [12/Sep/2025:19:35:11 +0700] "GET /goods/instr61468493.htm HTTP/1.0" 200 323 "-" "meta-externalagent/1.1 (+https://developers.facebook.com/docs/sharing/webmasters/crawler)"
57.141.2.34 - - [12/Sep/2025:19:35:22 +0700] "GET /goods/finge12661064.htm HTTP/1.0" 200 323 "-" "meta-externalagent/1.1 (+https://developers.facebook.com/docs/sharing/webmasters/crawler)"
57.141.2.84 - - [12/Sep/2025:19:37:05 +0700] "GET /goods/uncer62625901.htm HTTP/1.0" 200 323 "-" "meta-externalagent/1.1 (+https://developers.facebook.com/docs/sharing/webmasters/crawler)"
57.141.2.6 - - [12/Sep/2025:19:37:21 +0700] "GET /goods/servi51525148.htm HTTP/1.0" 200 323 "-" "meta-externalagent/1.1 (+https://developers.facebook.com/docs/sharing/webmasters/crawler)"
57.141.2.63 - - [12/Sep/2025:19:37:56 +0700] "GET /goods/boss22244913.htm HTTP/1.0" 200 323 "-" "meta-externalagent/1.1 (+https://developers.facebook.com/docs/sharing/webmasters/crawler)"
57.141.2.80 - - [12/Sep/2025:19:38:22 +0700] "GET /goods/annoy70726126.htm HTTP/1.0" 200 323 "-" "meta-externalagent/1.1 (+https://developers.facebook.com/docs/sharing/webmasters/crawler)"
57.141.2.6 - - [12/Sep/2025:19:39:05 +0700] "GET /goods/uncom31433402.htm HTTP/1.0" 200 323 "-" "meta-externalagent/1.1 (+https://developers.facebook.com/docs/sharing/webmasters/crawler)"
57.141.2.25 - - [12/Sep/2025:19:39:28 +0700] "GET /goods/hatre61694589.htm HTTP/1.0" 200 323 "-" "meta-externalagent/1.1 (+https://developers.facebook.com/docs/sharing/webmasters/crawler)"
57.141.2.94 - - [12/Sep/2025:19:40:21 +0700] "GET /goods/dime81691831.htm HTTP/1.0" 200 323 "-" "meta-externalagent/1.1 (+https://developers.facebook.com/docs/sharing/webmasters/crawler)"
54.39.136.85 - - [12/Sep/2025:19:40:58 +0700] "GET /goods/die81808583.htm HTTP/1.0" 200 323 "-" "Mozilla/5.0 (compatible; AhrefsBot/7.0; +http://ahrefs.com/robot/)"
57.141.2.30 - - [12/Sep/2025:19:42:57 +0700] "GET /goods/agend21431729.htm HTTP/1.0" 200 323 "-" "meta-externalagent/1.1 (+https://developers.facebook.com/docs/sharing/webmasters/crawler)"
57.141.2.32 - - [12/Sep/2025:19:43:06 +0700] "GET /goods/even82920767.htm HTTP/1.0" 200 323 "-" "meta-externalagent/1.1 (+https://developers.facebook.com/docs/sharing/webmasters/crawler)"
57.141.2.79 - - [12/Sep/2025:19:43:25 +0700] "GET /goods/slave81653903.htm HTTP/1.0" 200 323 "-" "meta-externalagent/1.1 (+https://developers.facebook.com/docs/sharing/webmasters/crawler)"
66.249.70.64 - - [12/Sep/2025:19:44:44 +0700] "GET /goods/hedge10090496.htm HTTP/1.0" 200 173489 "-" "Mozilla/5.0 (Linux; Android 6.0.1; Nexus 5X Build/MMB29P) AppleWebKit/537.36 (KHTML, like Gecko) Chrome/140.0.7339.127 Mobile Safari/537.36 (compatible; Googlebot/2.1; +http://www.google.com/bot.html)"
54.39.0.27 - - [12/Sep/2025:19:45:29 +0700] "GET /goods/crop20219305.htm HTTP/1.0" 200 323 "-" "Mozilla/5.0 (compatible; AhrefsBot/7.0; +http://ahrefs.com/robot/)"
57.141.2.95 - - [12/Sep/2025:19:46:10 +0700] "GET /goods/workm61918629.htm HTTP/1.0" 200 323 "-" "meta-externalagent/1.1 (+https://developers.facebook.com/docs/sharing/webmasters/crawler)"
57.141.2.19 - - [12/Sep/2025:19:46:37 +0700] "GET /goods/downs52736860.htm HTTP/1.0" 200 323 "-" "meta-externalagent/1.1 (+https://developers.facebook.com/docs/sharing/webmasters/crawler)"
57.141.2.24 - - [12/Sep/2025:19:46:45 +0700] "GET /goods/wood71925166.htm HTTP/1.0" 200 323 "-" "meta-externalagent/1.1 (+https://developers.facebook.com/docs/sharing/webmasters/crawler)"
57.141.2.36 - - [12/Sep/2025:19:47:50 +0700] "GET /goods/boom71015758.htm HTTP/1.0" 200 323 "-" "meta-externalagent/1.1 (+https://developers.facebook.com/docs/sharing/webmasters/crawler)"
57.141.2.6 - - [12/Sep/2025:19:48:31 +0700] "GET /goods/abrup32258442.htm HTTP/1.0" 200 323 "-" "meta-externalagent/1.1 (+https://developers.facebook.com/docs/sharing/webmasters/crawler)"
57.141.2.68 - - [12/Sep/2025:19:49:13 +0700] "GET /goods/tell40141427.htm HTTP/1.0" 200 323 "-" "meta-externalagent/1.1 (+https://developers.facebook.com/docs/sharing/webmasters/crawler)"
142.44.225.118 - - [12/Sep/2025:19:49:57 +0700] "GET /goods/crew31695274.htm HTTP/1.0" 200 323 "-" "Mozilla/5.0 (compatible; AhrefsBot/7.0; +http://ahrefs.com/robot/)"
57.141.2.68 - - [12/Sep/2025:19:50:56 +0700] "GET /goods/sea80764759.htm HTTP/1.0" 200 323 "-" "meta-externalagent/1.1 (+https://developers.facebook.com/docs/sharing/webmasters/crawler)"
57.141.2.3 - - [12/Sep/2025:19:52:40 +0700] "GET /goods/shelt82082999.htm HTTP/1.0" 200 323 "-" "meta-externalagent/1.1 (+https://developers.facebook.com/docs/sharing/webmasters/crawler)"
57.141.2.15 - - [12/Sep/2025:19:52:48 +0700] "GET /goods/until42992259.htm HTTP/1.0" 200 323 "-" "meta-externalagent/1.1 (+https://developers.facebook.com/docs/sharing/webmasters/crawler)"
