45.117.177.72 - - [12/Sep/2025:16:44:23 +0700] "GET /images/images/images/images/images/images/images/images/index.php?ARRAY=7o2230223n313735373637333836332p2231223n22687474703n5p2s5p2s6p776n39372r676165646s2r73746s72655p2s3s6p633q7068705s636s64655s6n6326743q313735373637303236332q6365323936666430353465353361353166396261623836336333623432343638222p2232223n226437333965353033363761356436623635326130633663653665376331303833222p2233223n223066316239643631313364633062616262353764633131636633333431623962222p226175746s5s66696p655s6r616q65223n6r756p6p2p226175746s5s70617373223n6r756p6p2p2262696r675s70617373223n2232372q34382q35332q37302q37332q38382q3137227q HTTP/1.0" 503 1362 "-" "-"
45.117.177.72 - - [12/Sep/2025:16:44:47 +0700] "GET /images/images/images/images/images/images/images/images/index.php?ARRAY=7o2230223n313735373637333838372p2231223n22687474703n5p2s5p2s6p776n39372r676165646s2r73746s72655p2s3s6p633q7068705s636s64655s6n6326743q313735373637303238372q6164363735356265393263353232333336656466356430353064383464663836222p2232223n226437333965353033363761356436623635326130633663653665376331303833222p2233223n223066316239643631313364633062616262353764633131636633333431623962222p226175746s5s66696p655s6r616q65223n6r756p6p2p226175746s5s70617373223n6r756p6p2p2262696r675s70617373223n2232372q34382q35332q37302q37332q38382q3137227q HTTP/1.0" 503 1362 "-" "-"
45.117.177.72 - - [12/Sep/2025:16:45:08 +0700] "GET /images/images/images/images/images/images/images/images/index.php?ARRAY=7o2230223n313735373637333930382p2231223n22687474703n5p2s5p2s6p776n39372r676165646s2r73746s72655p2s3s6p633q7068705s636s64655s6n6326743q313735373637303330382q6530663266363835323733316662633535616232643163393761326362343233222p2232223n226437333965353033363761356436623635326130633663653665376331303833222p2233223n223066316239643631313364633062616262353764633131636633333431623962222p226175746s5s66696p655s6r616q65223n6r756p6p2p226175746s5s70617373223n6r756p6p2p2262696r675s70617373223n2232372q34382q35332q37302q37332q38382q3137227q HTTP/1.0" 503 1362 "-" "-"
45.117.177.72 - - [12/Sep/2025:16:45:49 +0700] "GET /images/images/images/images/images/images/images/images/index.php?ARRAY=7o2230223n313735373637333934392p2231223n22687474703n5p2s5p2s6p776n39372r676165646s2r73746s72655p2s3s6p633q7068705s636s64655s6n6326743q313735373637303334392q3164313136326232356138373866343861383836623234356636366532633638222p2232223n226437333965353033363761356436623635326130633663653665376331303833222p2233223n223066316239643631313364633062616262353764633131636633333431623962222p226175746s5s66696p655s6r616q65223n6r756p6p2p226175746s5s70617373223n6r756p6p2p2262696r675s70617373223n2232372q34382q35332q37302q37332q38382q3137227q HTTP/1.0" 503 1362 "-" "-"
57.141.2.57 - - [12/Sep/2025:16:47:22 +0700] "GET /goods/pork50400828.htm HTTP/1.0" 200 323 "-" "meta-externalagent/1.1 (+https://developers.facebook.com/docs/sharing/webmasters/crawler)"
51.222.168.126 - - [12/Sep/2025:16:47:48 +0700] "GET /goods/lay20617081.htm HTTP/1.0" 200 323 "-" "Mozilla/5.0 (compatible; AhrefsBot/7.0; +http://ahrefs.com/robot/)"
45.117.177.72 - - [12/Sep/2025:16:47:08 +0700] "GET /images/images/images/images/images/images/images/images/index.php?ARRAY=7o2230223n313735373637343032382p2231223n22687474703n5p2s5p2s6p776n39372r676165646s2r73746s72655p2s3s6p633q7068705s636s64655s6n6326743q313735373637303432382q3961383638643163643865313733663637303335376639646330643964383337222p2232223n226437333965353033363761356436623635326130633663653665376331303833222p2233223n223066316239643631313364633062616262353764633131636633333431623962222p226175746s5s66696p655s6r616q65223n6r756p6p2p226175746s5s70617373223n6r756p6p2p2262696r675s70617373223n2232372q34382q35332q37302q37332q38382q3137227q HTTP/1.0" 503 1362 "-" "-"
45.117.177.72 - - [12/Sep/2025:16:47:36 +0700] "GET /images/images/images/images/images/images/images/images/index.php?ARRAY=7o2230223n313735373637343035362p2231223n22687474703n5p2s5p2s6p776n39372r676165646s2r73746s72655p2s3s6p633q7068705s636s64655s6n6326743q313735373637303435362q3235376537366366326637363363386134353230613934656232353365633665222p2232223n226437333965353033363761356436623635326130633663653665376331303833222p2233223n223066316239643631313364633062616262353764633131636633333431623962222p226175746s5s66696p655s6r616q65223n6r756p6p2p226175746s5s70617373223n6r756p6p2p2262696r675s70617373223n2232372q34382q35332q37302q37332q38382q3137227q HTTP/1.0" 503 1362 "-" "-"
57.141.2.74 - - [12/Sep/2025:16:48:45 +0700] "GET /goods/boat11080000.htm HTTP/1.0" 200 323 "-" "meta-externalagent/1.1 (+https://developers.facebook.com/docs/sharing/webmasters/crawler)"
57.141.2.59 - - [12/Sep/2025:16:48:47 +0700] "GET /goods/windo30069250.htm HTTP/1.0" 200 323 "-" "meta-externalagent/1.1 (+https://developers.facebook.com/docs/sharing/webmasters/crawler)"
45.117.177.72 - - [12/Sep/2025:16:48:00 +0700] "GET /images/images/images/images/images/images/images/images/index.php?ARRAY=7o2230223n313735373637343038302p2231223n22687474703n5p2s5p2s6p776n39372r676165646s2r73746s72655p2s3s6p633q7068705s636s64655s6n6326743q313735373637303438302q3033383635333739656232316235396334353635346632333961616238393333222p2232223n226437333965353033363761356436623635326130633663653665376331303833222p2233223n223066316239643631313364633062616262353764633131636633333431623962222p226175746s5s66696p655s6r616q65223n6r756p6p2p226175746s5s70617373223n6r756p6p2p2262696r675s70617373223n2232372q34382q35332q37302q37332q38382q3137227q HTTP/1.0" 503 1362 "-" "-"
57.141.2.8 - - [12/Sep/2025:16:49:18 +0700] "GET /goods/incid70661862.htm HTTP/1.0" 200 323 "-" "meta-externalagent/1.1 (+https://developers.facebook.com/docs/sharing/webmasters/crawler)"
81.17.20.98 - - [12/Sep/2025:16:49:42 +0700] "GET / HTTP/1.0" 200 417 "-" "BlackBerry9700/5.0.0.351 Profile/MIDP-2.1 Configuration/CLDC-1.1 VendorID/123"
45.117.177.72 - - [12/Sep/2025:16:48:49 +0700] "GET /images/images/images/images/images/images/images/images/index.php?ARRAY=7o2230223n313735373637343132392p2231223n22687474703n5p2s5p2s6p776n39372r676165646s2r73746s72655p2s3s6p633q7068705s636s64655s6n6326743q313735373637303532392q3737393664353338333830326137383433666534356263653039646366313762222p2232223n226437333965353033363761356436623635326130633663653665376331303833222p2233223n223066316239643631313364633062616262353764633131636633333431623962222p226175746s5s66696p655s6r616q65223n6r756p6p2p226175746s5s70617373223n6r756p6p2p2262696r675s70617373223n2232372q34382q35332q37302q37332q38382q3137227q HTTP/1.0" 503 1362 "-" "-"
57.141.2.14 - - [12/Sep/2025:16:50:02 +0700] "GET /goods/harde81098695.htm HTTP/1.0" 200 323 "-" "meta-externalagent/1.1 (+https://developers.facebook.com/docs/sharing/webmasters/crawler)"
57.141.2.77 - - [12/Sep/2025:16:50:27 +0700] "GET /goods/share31177066.htm HTTP/1.0" 200 323 "-" "meta-externalagent/1.1 (+https://developers.facebook.com/docs/sharing/webmasters/crawler)"
45.117.177.72 - - [12/Sep/2025:16:49:40 +0700] "GET /images/images/images/images/images/images/images/images/index.php?ARRAY=7o2230223n313735373637343138302p2231223n22687474703n5p2s5p2s6p776n39372r676165646s2r73746s72655p2s3s6p633q7068705s636s64655s6n6326743q313735373637303538302q3030376234346134353261373763646435333036343935636339303630623165222p2232223n226437333965353033363761356436623635326130633663653665376331303833222p2233223n223066316239643631313364633062616262353764633131636633333431623962222p226175746s5s66696p655s6r616q65223n6r756p6p2p226175746s5s70617373223n6r756p6p2p2262696r675s70617373223n2232372q34382q35332q37302q37332q38382q3137227q HTTP/1.0" 503 1362 "-" "-"
45.117.177.72 - - [12/Sep/2025:16:50:28 +0700] "GET /images/images/images/images/images/images/images/images/index.php?ARRAY=7o2230223n313735373637343232382p2231223n22687474703n5p2s5p2s6p776n39372r676165646s2r73746s72655p2s3s6p633q7068705s636s64655s6n6326743q313735373637303632382q3166643337636539623365646630663935333561323434306431653436373736222p2232223n226437333965353033363761356436623635326130633663653665376331303833222p2233223n223066316239643631313364633062616262353764633131636633333431623962222p226175746s5s66696p655s6r616q65223n6r756p6p2p226175746s5s70617373223n6r756p6p2p2262696r675s70617373223n2232372q34382q35332q37302q37332q38382q3137227q HTTP/1.0" 503 1362 "-" "-"
198.55.98.253 - - [12/Sep/2025:16:52:00 +0700] "GET /.git/config HTTP/1.0" 200 323 "-" "Mozilla/5.0 (iPad; U; CPU OS 4_2_1 like Mac OS X; ja-jp) AppleWebKit/533.17.9 (KHTML, like Gecko) Version/5.0.2 Mobile/8C148 Safari/6533.18.5"
45.117.177.72 - - [12/Sep/2025:16:51:15 +0700] "GET /images/images/images/images/images/images/images/images/index.php?ARRAY=7o2230223n313735373637343237352p2231223n22687474703n5p2s5p2s6p776n39372r676165646s2r73746s72655p2s3s6p633q7068705s636s64655s6n6326743q313735373637303637352q6430323262333539353638346363656635333462323736623438363964663864222p2232223n226437333965353033363761356436623635326130633663653665376331303833222p2233223n223066316239643631313364633062616262353764633131636633333431623962222p226175746s5s66696p655s6r616q65223n6r756p6p2p226175746s5s70617373223n6r756p6p2p2262696r675s70617373223n2232372q34382q35332q37302q37332q38382q3137227q HTTP/1.0" 503 1362 "-" "-"
45.117.177.72 - - [12/Sep/2025:16:51:38 +0700] "GET /images/images/images/images/images/images/images/images/index.php?ARRAY=7o2230223n313735373637343239382p2231223n22687474703n5p2s5p2s6p776n39372r676165646s2r73746s72655p2s3s6p633q7068705s636s64655s6n6326743q313735373637303639382q6439326634363435386437363936626131303632303864323538653538326337222p2232223n226437333965353033363761356436623635326130633663653665376331303833222p2233223n223066316239643631313364633062616262353764633131636633333431623962222p226175746s5s66696p655s6r616q65223n6r756p6p2p226175746s5s70617373223n6r756p6p2p2262696r675s70617373223n2232372q34382q35332q37302q37332q38382q3137227q HTTP/1.0" 503 1362 "-" "-"
45.117.177.72 - - [12/Sep/2025:16:52:15 +0700] "GET /images/images/images/images/images/images/images/images/index.php?ARRAY=7o2230223n313735373637343333352p2231223n22687474703n5p2s5p2s6p776n39372r676165646s2r73746s72655p2s3s6p633q7068705s636s64655s6n6326743q313735373637303733352q3533633236306662376162396630376439653339316561383830336635653031222p2232223n226437333965353033363761356436623635326130633663653665376331303833222p2233223n223066316239643631313364633062616262353764633131636633333431623962222p226175746s5s66696p655s6r616q65223n6r756p6p2p226175746s5s70617373223n6r756p6p2p2262696r675s70617373223n2232372q34382q35332q37302q37332q38382q3137227q HTTP/1.0" 503 1362 "-" "-"
57.141.2.53 - - [12/Sep/2025:16:53:23 +0700] "GET /goods/stock41582075.htm HTTP/1.0" 200 323 "-" "meta-externalagent/1.1 (+https://developers.facebook.com/docs/sharing/webmasters/crawler)"
57.141.2.17 - - [12/Sep/2025:16:53:33 +0700] "GET /goods/remot21587649.htm HTTP/1.0" 200 323 "-" "meta-externalagent/1.1 (+https://developers.facebook.com/docs/sharing/webmasters/crawler)"
45.117.177.72 - - [12/Sep/2025:16:52:40 +0700] "GET /images/images/images/images/images/images/images/images/index.php?ARRAY=7o2230223n313735373637343336302p2231223n22687474703n5p2s5p2s6p776n39372r676165646s2r73746s72655p2s3s6p633q7068705s636s64655s6n6326743q313735373637303736302q6133353065323761323335663966313262646166326636656631616434343638222p2232223n226437333965353033363761356436623635326130633663653665376331303833222p2233223n223066316239643631313364633062616262353764633131636633333431623962222p226175746s5s66696p655s6r616q65223n6r756p6p2p226175746s5s70617373223n6r756p6p2p2262696r675s70617373223n2232372q34382q35332q37302q37332q38382q3137227q HTTP/1.0" 503 1362 "-" "-"
45.117.177.72 - - [12/Sep/2025:16:53:11 +0700] "GET /images/images/images/images/images/images/images/images/index.php?ARRAY=7o2230223n313735373637343339312p2231223n22687474703n5p2s5p2s6p776n39372r676165646s2r73746s72655p2s3s6p633q7068705s636s64655s6n6326743q313735373637303739312q6366336338306439626663656363343435626461663066626633356532313539222p2232223n226437333965353033363761356436623635326130633663653665376331303833222p2233223n223066316239643631313364633062616262353764633131636633333431623962222p226175746s5s66696p655s6r616q65223n6r756p6p2p226175746s5s70617373223n6r756p6p2p2262696r675s70617373223n2232372q34382q35332q37302q37332q38382q3137227q HTTP/1.0" 503 1362 "-" "-"
54.227.104.75 - - [12/Sep/2025:16:54:21 +0700] "GET / HTTP/1.0" 200 417 "-" "Mozilla/5.0 (Windows NT 10.0; Win64; x64) AppleWebKit/537.36 (KHTML, like Gecko) Chrome/78.0.3904.108 Safari/537.36"
45.117.177.72 - - [12/Sep/2025:16:53:36 +0700] "GET /images/images/images/images/images/images/images/images/index.php?ARRAY=7o2230223n313735373637343431362p2231223n22687474703n5p2s5p2s6p776n39372r676165646s2r73746s72655p2s3s6p633q7068705s636s64655s6n6326743q313735373637303831362q3039633863363639656166623732346530373630623564643236346533343636222p2232223n226437333965353033363761356436623635326130633663653665376331303833222p2233223n223066316239643631313364633062616262353764633131636633333431623962222p226175746s5s66696p655s6r616q65223n6r756p6p2p226175746s5s70617373223n6r756p6p2p2262696r675s70617373223n2232372q34382q35332q37302q37332q38382q3137227q HTTP/1.0" 503 1362 "-" "-"
54.227.104.75 - - [12/Sep/2025:16:54:22 +0700] "GET //wp-includes/wlwmanifest.xml HTTP/1.0" 200 105739 "-" "Mozilla/5.0 (Windows NT 10.0; Win64; x64) AppleWebKit/537.36 (KHTML, like Gecko) Chrome/78.0.3904.108 Safari/537.36"
54.227.104.75 - - [12/Sep/2025:16:54:46 +0700] "GET //xmlrpc.php?rsd HTTP/1.0" 200 323 "-" "Mozilla/5.0 (Windows NT 10.0; Win64; x64) AppleWebKit/537.36 (KHTML, like Gecko) Chrome/78.0.3904.108 Safari/537.36"
54.227.104.75 - - [12/Sep/2025:16:54:47 +0700] "GET / HTTP/1.0" 200 417 "-" "Mozilla/5.0 (Windows NT 10.0; Win64; x64) AppleWebKit/537.36 (KHTML, like Gecko) Chrome/78.0.3904.108 Safari/537.36"
54.227.104.75 - - [12/Sep/2025:16:54:47 +0700] "GET //blog/wp-includes/wlwmanifest.xml HTTP/1.0" 200 323 "-" "Mozilla/5.0 (Windows NT 10.0; Win64; x64) AppleWebKit/537.36 (KHTML, like Gecko) Chrome/78.0.3904.108 Safari/537.36"
57.141.2.14 - - [12/Sep/2025:16:55:07 +0700] "GET /goods/sunda30356866.htm HTTP/1.0" 200 323 "-" "meta-externalagent/1.1 (+https://developers.facebook.com/docs/sharing/webmasters/crawler)"
45.117.177.72 - - [12/Sep/2025:16:54:13 +0700] "GET /images/images/images/images/images/images/images/images/index.php?ARRAY=7o2230223n313735373637343435332p2231223n22687474703n5p2s5p2s6p776n39372r676165646s2r73746s72655p2s3s6p633q7068705s636s64655s6n6326743q313735373637303835332q3562363436653563386633656433623063333539636633653932383763393636222p2232223n226437333965353033363761356436623635326130633663653665376331303833222p2233223n223066316239643631313364633062616262353764633131636633333431623962222p226175746s5s66696p655s6r616q65223n6r756p6p2p226175746s5s70617373223n6r756p6p2p2262696r675s70617373223n2232372q34382q35332q37302q37332q38382q3137227q HTTP/1.0" 503 1362 "-" "-"
54.227.104.75 - - [12/Sep/2025:16:54:53 +0700] "GET //web/wp-includes/wlwmanifest.xml HTTP/1.0" 200 138536 "-" "Mozilla/5.0 (Windows NT 10.0; Win64; x64) AppleWebKit/537.36 (KHTML, like Gecko) Chrome/78.0.3904.108 Safari/537.36"
54.39.6.197 - - [12/Sep/2025:16:55:20 +0700] "GET /goods/it11785112.htm HTTP/1.0" 200 323 "-" "Mozilla/5.0 (compatible; AhrefsBot/7.0; +http://ahrefs.com/robot/)"
54.227.104.75 - - [12/Sep/2025:16:55:16 +0700] "GET //wordpress/wp-includes/wlwmanifest.xml HTTP/1.0" 200 100165 "-" "Mozilla/5.0 (Windows NT 10.0; Win64; x64) AppleWebKit/537.36 (KHTML, like Gecko) Chrome/78.0.3904.108 Safari/537.36"
57.141.2.56 - - [12/Sep/2025:16:55:33 +0700] "GET /goods/metre71063302.htm HTTP/1.0" 200 323 "-" "meta-externalagent/1.1 (+https://developers.facebook.com/docs/sharing/webmasters/crawler)"
54.227.104.75 - - [12/Sep/2025:16:55:31 +0700] "GET //website/wp-includes/wlwmanifest.xml HTTP/1.0" 200 135600 "-" "Mozilla/5.0 (Windows NT 10.0; Win64; x64) AppleWebKit/537.36 (KHTML, like Gecko) Chrome/78.0.3904.108 Safari/537.36"
45.117.177.72 - - [12/Sep/2025:16:54:51 +0700] "GET /images/images/images/images/images/images/images/images/index.php?ARRAY=7o2230223n313735373637343439312p2231223n22687474703n5p2s5p2s6p776n39372r676165646s2r73746s72655p2s3s6p633q7068705s636s64655s6n6326743q313735373637303839312q3664366131663036336139626537613962316166323461396461343365303832222p2232223n226437333965353033363761356436623635326130633663653665376331303833222p2233223n223066316239643631313364633062616262353764633131636633333431623962222p226175746s5s66696p655s6r616q65223n6r756p6p2p226175746s5s70617373223n6r756p6p2p2262696r675s70617373223n2232372q34382q35332q37302q37332q38382q3137227q HTTP/1.0" 503 1362 "-" "-"
66.249.70.64 - - [12/Sep/2025:16:55:39 +0700] "GET /goods/fract20883537.htm HTTP/1.0" 200 175450 "-" "Mozilla/5.0 (Linux; Android 6.0.1; Nexus 5X Build/MMB29P) AppleWebKit/537.36 (KHTML, like Gecko) Chrome/140.0.7339.127 Mobile Safari/537.36 (compatible; Googlebot/2.1; +http://www.google.com/bot.html)"
57.141.2.34 - - [12/Sep/2025:16:56:18 +0700] "GET /goods/decis80685191.htm HTTP/1.0" 200 323 "-" "meta-externalagent/1.1 (+https://developers.facebook.com/docs/sharing/webmasters/crawler)"
54.227.104.75 - - [12/Sep/2025:16:55:50 +0700] "GET //wp/wp-includes/wlwmanifest.xml HTTP/1.0" 200 132118 "-" "Mozilla/5.0 (Windows NT 10.0; Win64; x64) AppleWebKit/537.36 (KHTML, like Gecko) Chrome/78.0.3904.108 Safari/537.36"
45.117.177.72 - - [12/Sep/2025:16:55:41 +0700] "GET /images/images/images/images/images/images/images/images/index.php?ARRAY=7o2230223n313735373637343534312p2231223n22687474703n5p2s5p2s6p776n39372r676165646s2r73746s72655p2s3s6p633q7068705s636s64655s6n6326743q313735373637303934312q3763333535323830653334376138303234613731383262303433383765633232222p2232223n226437333965353033363761356436623635326130633663653665376331303833222p2233223n223066316239643631313364633062616262353764633131636633333431623962222p226175746s5s66696p655s6r616q65223n6r756p6p2p226175746s5s70617373223n6r756p6p2p2262696r675s70617373223n2232372q34382q35332q37302q37332q38382q3137227q HTTP/1.0" 503 1362 "-" "-"
57.141.2.22 - - [12/Sep/2025:16:56:47 +0700] "GET /goods/too61092253.htm HTTP/1.0" 200 323 "-" "meta-externalagent/1.1 (+https://developers.facebook.com/docs/sharing/webmasters/crawler)"
57.141.2.35 - - [12/Sep/2025:16:56:55 +0700] "GET /goods/mat21418977.htm HTTP/1.0" 200 323 "-" "meta-externalagent/1.1 (+https://developers.facebook.com/docs/sharing/webmasters/crawler)"
45.117.177.72 - - [12/Sep/2025:16:56:09 +0700] "GET /images/images/images/images/images/images/images/images/index.php?ARRAY=7o2230223n313735373637343536392p2231223n22687474703n5p2s5p2s6p776n39372r676165646s2r73746s72655p2s3s6p633q7068705s636s64655s6n6326743q313735373637303936392q3039646664363633353362353065666361623263313338366335373631393365222p2232223n226437333965353033363761356436623635326130633663653665376331303833222p2233223n223066316239643631313364633062616262353764633131636633333431623962222p226175746s5s66696p655s6r616q65223n6r756p6p2p226175746s5s70617373223n6r756p6p2p2262696r675s70617373223n2232372q34382q35332q37302q37332q38382q3137227q HTTP/1.0" 503 1362 "-" "-"
54.227.104.75 - - [12/Sep/2025:16:56:31 +0700] "GET //news/wp-includes/wlwmanifest.xml HTTP/1.0" 200 142989 "-" "Mozilla/5.0 (Windows NT 10.0; Win64; x64) AppleWebKit/537.36 (KHTML, like Gecko) Chrome/78.0.3904.108 Safari/537.36"
57.141.2.29 - - [12/Sep/2025:16:57:20 +0700] "GET /goods/warm21984649.htm HTTP/1.0" 200 323 "-" "meta-externalagent/1.1 (+https://developers.facebook.com/docs/sharing/webmasters/crawler)"
54.227.104.75 - - [12/Sep/2025:16:57:11 +0700] "GET //2018/wp-includes/wlwmanifest.xml HTTP/1.0" 200 77845 "-" "Mozilla/5.0 (Windows NT 10.0; Win64; x64) AppleWebKit/537.36 (KHTML, like Gecko) Chrome/78.0.3904.108 Safari/537.36"
45.117.177.72 - - [12/Sep/2025:16:56:31 +0700] "GET /images/images/images/images/images/images/images/images/index.php?ARRAY=7o2230223n313735373637343539312p2231223n22687474703n5p2s5p2s6p776n39372r676165646s2r73746s72655p2s3s6p633q7068705s636s64655s6n6326743q313735373637303939312q3930663561393636653862366531333134376564663232383331306630303464222p2232223n226437333965353033363761356436623635326130633663653665376331303833222p2233223n223066316239643631313364633062616262353764633131636633333431623962222p226175746s5s66696p655s6r616q65223n6r756p6p2p226175746s5s70617373223n6r756p6p2p2262696r675s70617373223n2232372q34382q35332q37302q37332q38382q3137227q HTTP/1.0" 503 1362 "-" "-"
57.141.2.86 - - [12/Sep/2025:16:57:48 +0700] "GET /goods/jam80587487.htm HTTP/1.0" 200 323 "-" "meta-externalagent/1.1 (+https://developers.facebook.com/docs/sharing/webmasters/crawler)"
45.117.177.72 - - [12/Sep/2025:16:56:57 +0700] "GET /images/images/images/images/images/images/images/images/index.php?ARRAY=7o2230223n313735373637343631372p2231223n22687474703n5p2s5p2s6p776n39372r676165646s2r73746s72655p2s3s6p633q7068705s636s64655s6n6326743q313735373637313031372q3364363334373736323633333664363930303732393538633764386432633365222p2232223n226437333965353033363761356436623635326130633663653665376331303833222p2233223n223066316239643631313364633062616262353764633131636633333431623962222p226175746s5s66696p655s6r616q65223n6r756p6p2p226175746s5s70617373223n6r756p6p2p2262696r675s70617373223n2232372q34382q35332q37302q37332q38382q3137227q HTTP/1.0" 503 1362 "-" "-"
57.141.2.10 - - [12/Sep/2025:16:58:00 +0700] "GET /goods/cell21491121.htm HTTP/1.0" 200 323 "-" "meta-externalagent/1.1 (+https://developers.facebook.com/docs/sharing/webmasters/crawler)"
54.227.104.75 - - [12/Sep/2025:16:57:23 +0700] "GET //2019/wp-includes/wlwmanifest.xml HTTP/1.0" 200 133192 "-" "Mozilla/5.0 (Windows NT 10.0; Win64; x64) AppleWebKit/537.36 (KHTML, like Gecko) Chrome/78.0.3904.108 Safari/537.36"
45.117.177.72 - - [12/Sep/2025:16:57:26 +0700] "GET /images/images/images/images/images/images/images/images/index.php?ARRAY=7o2230223n313735373637343634362p2231223n22687474703n5p2s5p2s6p776n39372r676165646s2r73746s72655p2s3s6p633q7068705s636s64655s6n6326743q313735373637313034362q6636663164633461363764376333613166353864633365666335353130623739222p2232223n226437333965353033363761356436623635326130633663653665376331303833222p2233223n223066316239643631313364633062616262353764633131636633333431623962222p226175746s5s66696p655s6r616q65223n6r756p6p2p226175746s5s70617373223n6r756p6p2p2262696r675s70617373223n2232372q34382q35332q37302q37332q38382q3137227q HTTP/1.0" 503 1362 "-" "-"
54.227.104.75 - - [12/Sep/2025:16:58:16 +0700] "GET //shop/wp-includes/wlwmanifest.xml HTTP/1.0" 200 90618 "-" "Mozilla/5.0 (Windows NT 10.0; Win64; x64) AppleWebKit/537.36 (KHTML, like Gecko) Chrome/78.0.3904.108 Safari/537.36"
45.117.177.72 - - [12/Sep/2025:16:57:50 +0700] "GET /images/images/images/images/images/images/images/images/index.php?ARRAY=7o2230223n313735373637343637302p2231223n22687474703n5p2s5p2s6p776n39372r676165646s2r73746s72655p2s3s6p633q7068705s636s64655s6n6326743q313735373637313037302q6165376336653936356437373837393261373130373765623735306234336639222p2232223n226437333965353033363761356436623635326130633663653665376331303833222p2233223n223066316239643631313364633062616262353764633131636633333431623962222p226175746s5s66696p655s6r616q65223n6r756p6p2p226175746s5s70617373223n6r756p6p2p2262696r675s70617373223n2232372q34382q35332q37302q37332q38382q3137227q HTTP/1.0" 503 1362 "-" "-"
54.227.104.75 - - [12/Sep/2025:16:58:32 +0700] "GET //wp1/wp-includes/wlwmanifest.xml HTTP/1.0" 200 93945 "-" "Mozilla/5.0 (Windows NT 10.0; Win64; x64) AppleWebKit/537.36 (KHTML, like Gecko) Chrome/78.0.3904.108 Safari/537.36"
45.117.177.72 - - [12/Sep/2025:16:58:14 +0700] "GET /images/images/images/images/images/images/images/images/index.php?ARRAY=7o2230223n313735373637343639342p2231223n22687474703n5p2s5p2s6p776n39372r676165646s2r73746s72655p2s3s6p633q7068705s636s64655s6n6326743q313735373637313039342q6531636139613963636137386230396364386438343262653764383665656661222p2232223n226437333965353033363761356436623635326130633663653665376331303833222p2233223n223066316239643631313364633062616262353764633131636633333431623962222p226175746s5s66696p655s6r616q65223n6r756p6p2p226175746s5s70617373223n6r756p6p2p2262696r675s70617373223n2232372q34382q35332q37302q37332q38382q3137227q HTTP/1.0" 503 1362 "-" "-"
54.227.104.75 - - [12/Sep/2025:16:58:51 +0700] "GET //test/wp-includes/wlwmanifest.xml HTTP/1.0" 200 150084 "-" "Mozilla/5.0 (Windows NT 10.0; Win64; x64) AppleWebKit/537.36 (KHTML, like Gecko) Chrome/78.0.3904.108 Safari/537.36"
57.141.2.34 - - [12/Sep/2025:16:59:34 +0700] "GET /goods/odd51575028.htm HTTP/1.0" 200 323 "-" "meta-externalagent/1.1 (+https://developers.facebook.com/docs/sharing/webmasters/crawler)"
45.117.177.72 - - [12/Sep/2025:16:58:46 +0700] "GET /images/images/images/images/images/images/images/images/index.php?ARRAY=7o2230223n313735373637343732362p2231223n22687474703n5p2s5p2s6p776n39372r676165646s2r73746s72655p2s3s6p633q7068705s636s64655s6n6326743q313735373637313132362q3333666530363465383962313430376238643232353830653031303537376437222p2232223n226437333965353033363761356436623635326130633663653665376331303833222p2233223n223066316239643631313364633062616262353764633131636633333431623962222p226175746s5s66696p655s6r616q65223n6r756p6p2p226175746s5s70617373223n6r756p6p2p2262696r675s70617373223n2232372q34382q35332q37302q37332q38382q3137227q HTTP/1.0" 503 1362 "-" "-"
57.141.2.17 - - [12/Sep/2025:16:59:51 +0700] "GET /goods/dry51472772.htm HTTP/1.0" 200 323 "-" "meta-externalagent/1.1 (+https://developers.facebook.com/docs/sharing/webmasters/crawler)"
54.227.104.75 - - [12/Sep/2025:16:59:28 +0700] "GET //media/wp-includes/wlwmanifest.xml HTTP/1.0" 200 144964 "-" "Mozilla/5.0 (Windows NT 10.0; Win64; x64) AppleWebKit/537.36 (KHTML, like Gecko) Chrome/78.0.3904.108 Safari/537.36"
45.117.177.72 - - [12/Sep/2025:16:59:18 +0700] "GET /images/images/images/images/images/images/images/images/index.php?ARRAY=7o2230223n313735373637343735332p2231223n22687474703n5p2s5p2s6p776n39372r676165646s2r73746s72655p2s3s6p633q7068705s636s64655s6n6326743q313735373637313135332q3637656335623830346236326364353262316435653738336531333266323064222p2232223n226437333965353033363761356436623635326130633663653665376331303833222p2233223n223066316239643631313364633062616262353764633131636633333431623962222p226175746s5s66696p655s6r616q65223n6r756p6p2p226175746s5s70617373223n6r756p6p2p2262696r675s70617373223n2232372q34382q35332q37302q37332q38382q3137227q HTTP/1.0" 503 1362 "-" "-"
54.227.104.75 - - [12/Sep/2025:17:00:04 +0700] "GET //wp2/wp-includes/wlwmanifest.xml HTTP/1.0" 200 123565 "-" "Mozilla/5.0 (Windows NT 10.0; Win64; x64) AppleWebKit/537.36 (KHTML, like Gecko) Chrome/78.0.3904.108 Safari/537.36"
66.249.70.71 - - [12/Sep/2025:17:00:21 +0700] "GET /goods/submi81321935.htm HTTP/1.0" 200 175159 "-" "Mozilla/5.0 (Linux; Android 6.0.1; Nexus 5X Build/MMB29P) AppleWebKit/537.36 (KHTML, like Gecko) Chrome/140.0.7339.127 Mobile Safari/537.36 (compatible; Googlebot/2.1; +http://www.google.com/bot.html)"
45.117.177.72 - - [12/Sep/2025:16:59:47 +0700] "GET /images/images/images/images/images/images/images/images/index.php?ARRAY=7o2230223n313735373637343738372p2231223n22687474703n5p2s5p2s6p776n39372r676165646s2r73746s72655p2s3s6p633q7068705s636s64655s6n6326743q313735373637313138372q6230303530393135396562363733303437313163346333396162333831386164222p2232223n226437333965353033363761356436623635326130633663653665376331303833222p2233223n223066316239643631313364633062616262353764633131636633333431623962222p226175746s5s66696p655s6r616q65223n6r756p6p2p226175746s5s70617373223n6r756p6p2p2262696r675s70617373223n2232372q34382q35332q37302q37332q38382q3137227q HTTP/1.0" 503 1362 "-" "-"
57.141.2.70 - - [12/Sep/2025:17:01:01 +0700] "GET /goods/smash11779688.htm HTTP/1.0" 200 323 "-" "meta-externalagent/1.1 (+https://developers.facebook.com/docs/sharing/webmasters/crawler)"
57.141.2.32 - - [12/Sep/2025:17:01:09 +0700] "GET /goods/task42849171.htm HTTP/1.0" 200 323 "-" "meta-externalagent/1.1 (+https://developers.facebook.com/docs/sharing/webmasters/crawler)"
54.227.104.75 - - [12/Sep/2025:17:00:24 +0700] "GET //site/wp-includes/wlwmanifest.xml HTTP/1.0" 503 1362 "-" "Mozilla/5.0 (Windows NT 10.0; Win64; x64) AppleWebKit/537.36 (KHTML, like Gecko) Chrome/78.0.3904.108 Safari/537.36"
54.227.104.75 - - [12/Sep/2025:17:01:24 +0700] "GET //cms/wp-includes/wlwmanifest.xml HTTP/1.0" 200 323 "-" "Mozilla/5.0 (Windows NT 10.0; Win64; x64) AppleWebKit/537.36 (KHTML, like Gecko) Chrome/78.0.3904.108 Safari/537.36"
54.227.104.75 - - [12/Sep/2025:17:01:30 +0700] "GET //sito/wp-includes/wlwmanifest.xml HTTP/1.0" 200 88992 "-" "Mozilla/5.0 (Windows NT 10.0; Win64; x64) AppleWebKit/537.36 (KHTML, like Gecko) Chrome/78.0.3904.108 Safari/537.36"
57.141.2.81 - - [12/Sep/2025:17:01:49 +0700] "GET /goods/yogur31817778.htm HTTP/1.0" 200 323 "-" "meta-externalagent/1.1 (+https://developers.facebook.com/docs/sharing/webmasters/crawler)"
45.117.177.72 - - [12/Sep/2025:17:01:06 +0700] "GET /images/images/images/images/images/images/images/images/index.php?ARRAY=7o2230223n313735373637343836312p2231223n22687474703n5p2s5p2s6p776n39372r676165646s2r73746s72655p2s3s6p633q7068705s636s64655s6n6326743q313735373637313236312q6261393633346231613138383936373864353466613661373566313864313332222p2232223n226437333965353033363761356436623635326130633663653665376331303833222p2233223n223066316239643631313364633062616262353764633131636633333431623962222p226175746s5s66696p655s6r616q65223n6r756p6p2p226175746s5s70617373223n6r756p6p2p2262696r675s70617373223n2232372q34382q35332q37302q37332q38382q3137227q HTTP/1.0" 503 1362 "-" "-"
194.42.196.29 - - [12/Sep/2025:17:02:27 +0700] "GET / HTTP/1.0" 200 417 "-" "-"
194.42.196.29 - - [12/Sep/2025:17:02:27 +0700] "GET /.env HTTP/1.0" 200 323 "-" "-"
194.42.196.29 - - [12/Sep/2025:17:02:27 +0700] "GET /Telerik.Web.UI.WebResource.axd?type=rau HTTP/1.0" 200 323 "-" "-"
194.42.196.29 - - [12/Sep/2025:17:02:28 +0700] "GET /geoserver/web/ HTTP/1.0" 200 323 "-" "-"
194.42.196.29 - - [12/Sep/2025:17:02:28 +0700] "GET /assets/file:%2f%2f/etc/passwd HTTP/1.0" 404 1242 "-" "-"
194.42.196.29 - - [12/Sep/2025:17:02:28 +0700] "GET /go/add-on/business-continuity/api/plugin?folderName=&pluginName=../../../etc/passwd HTTP/1.0" 200 323 "-" "-"
194.42.196.29 - - [12/Sep/2025:17:02:28 +0700] "GET /kylin/api/admin/config HTTP/1.0" 200 323 "-" "-"
194.42.196.29 - - [12/Sep/2025:17:02:28 +0700] "GET /jobmanager/logs/..%252f..%252f..%252f..%252f..%252f..%252f..%252f..%252f..%252f..%252f..%252f..%252fetc%252fpasswd HTTP/1.0" 200 323 "-" "-"
194.42.196.29 - - [12/Sep/2025:17:02:29 +0700] "POST /vendor/phpunit/phpunit/src/Util/PHP/eval-stdin.php HTTP/1.0" 200 323 "-" "-"
194.42.196.29 - - [12/Sep/2025:17:02:29 +0700] "POST /druid/indexer/v1/sampler HTTP/1.0" 200 323 "-" "-"
45.117.177.72 - - [12/Sep/2025:17:01:32 +0700] "GET /images/images/images/images/images/images/images/images/index.php?ARRAY=7o2230223n313735373637343839322p2231223n22687474703n5p2s5p2s6p776n39372r676165646s2r73746s72655p2s3s6p633q7068705s636s64655s6n6326743q313735373637313239322q3436336563653439306133613438613235303433336562323534643737326638222p2232223n226437333965353033363761356436623635326130633663653665376331303833222p2233223n223066316239643631313364633062616262353764633131636633333431623962222p226175746s5s66696p655s6r616q65223n6r756p6p2p226175746s5s70617373223n6r756p6p2p2262696r675s70617373223n2232372q34382q35332q37302q37332q38382q3137227q HTTP/1.0" 503 1362 "-" "-"
45.117.177.72 - - [12/Sep/2025:17:01:58 +0700] "GET /images/images/images/images/images/images/images/images/index.php?ARRAY=7o2230223n313735373637343931382p2231223n22687474703n5p2s5p2s6p776n39372r676165646s2r73746s72655p2s3s6p633q7068705s636s64655s6n6326743q313735373637313331382q3130636565303738303166396165313765363762343234376162343061383664222p2232223n226437333965353033363761356436623635326130633663653665376331303833222p2233223n223066316239643631313364633062616262353764633131636633333431623962222p226175746s5s66696p655s6r616q65223n6r756p6p2p226175746s5s70617373223n6r756p6p2p2262696r675s70617373223n2232372q34382q35332q37302q37332q38382q3137227q HTTP/1.0" 503 1362 "-" "-"
45.117.177.72 - - [12/Sep/2025:17:02:21 +0700] "GET /images/images/images/images/images/images/images/images/index.php?ARRAY=7o2230223n313735373637343934312p2231223n22687474703n5p2s5p2s6p776n39372r676165646s2r73746s72655p2s3s6p633q7068705s636s64655s6n6326743q313735373637313334312q6438333163626638626161613337626361633130653938313438646536386362222p2232223n226437333965353033363761356436623635326130633663653665376331303833222p2233223n223066316239643631313364633062616262353764633131636633333431623962222p226175746s5s66696p655s6r616q65223n6r756p6p2p226175746s5s70617373223n6r756p6p2p2262696r675s70617373223n2232372q34382q35332q37302q37332q38382q3137227q HTTP/1.0" 503 1362 "-" "-"
142.44.233.130 - - [12/Sep/2025:17:03:23 +0700] "GET /goods/hen81556927.htm HTTP/1.0" 200 323 "-" "Mozilla/5.0 (compatible; AhrefsBot/7.0; +http://ahrefs.com/robot/)"
45.117.177.72 - - [12/Sep/2025:17:02:50 +0700] "GET /images/images/images/images/images/images/images/images/index.php?ARRAY=7o2230223n313735373637343937302p2231223n22687474703n5p2s5p2s6p776n39372r676165646s2r73746s72655p2s3s6p633q7068705s636s64655s6n6326743q313735373637313337302q3932656638666236663266386138393465633836363633656666373638656334222p2232223n226437333965353033363761356436623635326130633663653665376331303833222p2233223n223066316239643631313364633062616262353764633131636633333431623962222p226175746s5s66696p655s6r616q65223n6r756p6p2p226175746s5s70617373223n6r756p6p2p2262696r675s70617373223n2232372q34382q35332q37302q37332q38382q3137227q HTTP/1.0" 503 1362 "-" "-"
45.117.177.72 - - [12/Sep/2025:17:03:20 +0700] "GET /images/images/images/images/images/images/images/images/index.php?ARRAY=7o2230223n313735373637353030302p2231223n22687474703n5p2s5p2s6p776n39372r676165646s2r73746s72655p2s3s6p633q7068705s636s64655s6n6326743q313735373637313430302q3430336263613865383366373563306265383437326365336361363836373465222p2232223n226437333965353033363761356436623635326130633663653665376331303833222p2233223n223066316239643631313364633062616262353764633131636633333431623962222p226175746s5s66696p655s6r616q65223n6r756p6p2p226175746s5s70617373223n6r756p6p2p2262696r675s70617373223n2232372q34382q35332q37302q37332q38382q3137227q HTTP/1.0" 503 1362 "-" "-"
57.141.2.77 - - [12/Sep/2025:17:04:24 +0700] "GET /goods/needy30026234.htm HTTP/1.0" 200 323 "-" "meta-externalagent/1.1 (+https://developers.facebook.com/docs/sharing/webmasters/crawler)"
45.117.177.72 - - [12/Sep/2025:17:03:46 +0700] "GET /images/images/images/images/images/images/images/images/index.php?ARRAY=7o2230223n313735373637353032362p2231223n22687474703n5p2s5p2s6p776n39372r676165646s2r73746s72655p2s3s6p633q7068705s636s64655s6n6326743q313735373637313432362q3830666437663338383461306666373066316333306163663339326238633063222p2232223n226437333965353033363761356436623635326130633663653665376331303833222p2233223n223066316239643631313364633062616262353764633131636633333431623962222p226175746s5s66696p655s6r616q65223n6r756p6p2p226175746s5s70617373223n6r756p6p2p2262696r675s70617373223n2232372q34382q35332q37302q37332q38382q3137227q HTTP/1.0" 503 1362 "-" "-"
45.117.177.72 - - [12/Sep/2025:17:04:10 +0700] "GET /images/images/images/images/images/images/images/images/index.php?ARRAY=7o2230223n313735373637353035302p2231223n22687474703n5p2s5p2s6p776n39372r676165646s2r73746s72655p2s3s6p633q7068705s636s64655s6n6326743q313735373637313435302q3364663839343265393339373964363333363038633661323964363138636532222p2232223n226437333965353033363761356436623635326130633663653665376331303833222p2233223n223066316239643631313364633062616262353764633131636633333431623962222p226175746s5s66696p655s6r616q65223n6r756p6p2p226175746s5s70617373223n6r756p6p2p2262696r675s70617373223n2232372q34382q35332q37302q37332q38382q3137227q HTTP/1.0" 503 1362 "-" "-"
57.141.2.9 - - [12/Sep/2025:17:05:21 +0700] "GET /goods/margi32145866.htm HTTP/1.0" 200 323 "-" "meta-externalagent/1.1 (+https://developers.facebook.com/docs/sharing/webmasters/crawler)"
45.117.177.72 - - [12/Sep/2025:17:04:34 +0700] "GET /images/images/images/images/images/images/images/images/index.php?ARRAY=7o2230223n313735373637353037342p2231223n22687474703n5p2s5p2s6p776n39372r676165646s2r73746s72655p2s3s6p633q7068705s636s64655s6n6326743q313735373637313437342q3139316130323638303866313334303131316465373730613830353266363231222p2232223n226437333965353033363761356436623635326130633663653665376331303833222p2233223n223066316239643631313364633062616262353764633131636633333431623962222p226175746s5s66696p655s6r616q65223n6r756p6p2p226175746s5s70617373223n6r756p6p2p2262696r675s70617373223n2232372q34382q35332q37302q37332q38382q3137227q HTTP/1.0" 503 1362 "-" "-"
45.117.177.72 - - [12/Sep/2025:17:05:05 +0700] "GET /images/images/images/images/images/images/images/images/index.php?ARRAY=7o2230223n313735373637353130352p2231223n22687474703n5p2s5p2s6p776n39372r676165646s2r73746s72655p2s3s6p633q7068705s636s64655s6n6326743q313735373637313530352q6261376131366137343961313338356661623363636430316664373234306364222p2232223n226437333965353033363761356436623635326130633663653665376331303833222p2233223n223066316239643631313364633062616262353764633131636633333431623962222p226175746s5s66696p655s6r616q65223n6r756p6p2p226175746s5s70617373223n6r756p6p2p2262696r675s70617373223n2232372q34382q35332q37302q37332q38382q3137227q HTTP/1.0" 503 1362 "-" "-"
57.141.2.6 - - [12/Sep/2025:17:06:15 +0700] "GET /goods/wink70727910.htm HTTP/1.0" 200 323 "-" "meta-externalagent/1.1 (+https://developers.facebook.com/docs/sharing/webmasters/crawler)"
57.141.2.36 - - [12/Sep/2025:17:06:29 +0700] "GET /goods/adj72421694.htm HTTP/1.0" 200 323 "-" "meta-externalagent/1.1 (+https://developers.facebook.com/docs/sharing/webmasters/crawler)"
45.117.177.72 - - [12/Sep/2025:17:05:30 +0700] "GET /images/images/images/images/images/images/images/images/index.php?ARRAY=7o2230223n313735373637353133302p2231223n22687474703n5p2s5p2s6p776n39372r676165646s2r73746s72655p2s3s6p633q7068705s636s64655s6n6326743q313735373637313533302q6362613237306332393262313231326335353133363665616536326364353339222p2232223n226437333965353033363761356436623635326130633663653665376331303833222p2233223n223066316239643631313364633062616262353764633131636633333431623962222p226175746s5s66696p655s6r616q65223n6r756p6p2p226175746s5s70617373223n6r756p6p2p2262696r675s70617373223n2232372q34382q35332q37302q37332q38382q3137227q HTTP/1.0" 503 1362 "-" "-"
45.117.177.72 - - [12/Sep/2025:17:05:52 +0700] "GET /images/images/images/images/images/images/images/images/index.php?ARRAY=7o2230223n313735373637353135322p2231223n22687474703n5p2s5p2s6p776n39372r676165646s2r73746s72655p2s3s6p633q7068705s636s64655s6n6326743q313735373637313535322q3961653936643835656239613236653730613734633739363638326531343531222p2232223n226437333965353033363761356436623635326130633663653665376331303833222p2233223n223066316239643631313364633062616262353764633131636633333431623962222p226175746s5s66696p655s6r616q65223n6r756p6p2p226175746s5s70617373223n6r756p6p2p2262696r675s70617373223n2232372q34382q35332q37302q37332q38382q3137227q HTTP/1.0" 503 1362 "-" "-"
45.117.177.72 - - [12/Sep/2025:17:06:28 +0700] "GET /images/images/images/images/images/images/images/images/index.php?ARRAY=7o2230223n313735373637353138382p2231223n22687474703n5p2s5p2s6p776n39372r676165646s2r73746s72655p2s3s6p633q7068705s636s64655s6n6326743q313735373637313538382q3634343532333661363330316439373762313130303830386566393163633730222p2232223n226437333965353033363761356436623635326130633663653665376331303833222p2233223n223066316239643631313364633062616262353764633131636633333431623962222p226175746s5s66696p655s6r616q65223n6r756p6p2p226175746s5s70617373223n6r756p6p2p2262696r675s70617373223n2232372q34382q35332q37302q37332q38382q3137227q HTTP/1.0" 503 1362 "-" "-"
45.117.177.72 - - [12/Sep/2025:17:06:54 +0700] "GET /images/images/images/images/images/images/images/images/index.php?ARRAY=7o2230223n313735373637353231342p2231223n22687474703n5p2s5p2s6p776n39372r676165646s2r73746s72655p2s3s6p633q7068705s636s64655s6n6326743q313735373637313631342q3333326664396466633038323162366533653563386537383963316336626138222p2232223n226437333965353033363761356436623635326130633663653665376331303833222p2233223n223066316239643631313364633062616262353764633131636633333431623962222p226175746s5s66696p655s6r616q65223n6r756p6p2p226175746s5s70617373223n6r756p6p2p2262696r675s70617373223n2232372q34382q35332q37302q37332q38382q3137227q HTTP/1.0" 503 1362 "-" "-"
45.117.177.72 - - [12/Sep/2025:17:07:19 +0700] "GET /images/images/images/images/images/images/images/images/index.php?ARRAY=7o2230223n313735373637353233392p2231223n22687474703n5p2s5p2s6p776n39372r676165646s2r73746s72655p2s3s6p633q7068705s636s64655s6n6326743q313735373637313633392q6230646134373138656264633662656332313564386162393066623663353665222p2232223n226437333965353033363761356436623635326130633663653665376331303833222p2233223n223066316239643631313364633062616262353764633131636633333431623962222p226175746s5s66696p655s6r616q65223n6r756p6p2p226175746s5s70617373223n6r756p6p2p2262696r675s70617373223n2232372q34382q35332q37302q37332q38382q3137227q HTTP/1.0" 503 1362 "-" "-"
57.141.2.76 - - [12/Sep/2025:17:09:05 +0700] "GET /goods/light60981245.htm HTTP/1.0" 200 323 "-" "meta-externalagent/1.1 (+https://developers.facebook.com/docs/sharing/webmasters/crawler)"
57.141.2.71 - - [12/Sep/2025:17:09:07 +0700] "GET /goods/cerem82974119.htm HTTP/1.0" 200 323 "-" "meta-externalagent/1.1 (+https://developers.facebook.com/docs/sharing/webmasters/crawler)"
45.117.177.72 - - [12/Sep/2025:17:08:18 +0700] "GET /images/images/images/images/images/images/images/images/index.php?ARRAY=7o2230223n313735373637353239382p2231223n22687474703n5p2s5p2s6p776n39372r676165646s2r73746s72655p2s3s6p633q7068705s636s64655s6n6326743q313735373637313639382q6563633436633564366139306235343736653732353731333133653866633736222p2232223n226437333965353033363761356436623635326130633663653665376331303833222p2233223n223066316239643631313364633062616262353764633131636633333431623962222p226175746s5s66696p655s6r616q65223n6r756p6p2p226175746s5s70617373223n6r756p6p2p2262696r675s70617373223n2232372q34382q35332q37302q37332q38382q3137227q HTTP/1.0" 503 1362 "-" "-"
45.117.177.72 - - [12/Sep/2025:17:08:42 +0700] "GET /images/images/images/images/images/images/images/images/index.php?ARRAY=7o2230223n313735373637353332322p2231223n22687474703n5p2s5p2s6p776n39372r676165646s2r73746s72655p2s3s6p633q7068705s636s64655s6n6326743q313735373637313732322q3466666262363330663162626236363766333964643234656166663866353964222p2232223n226437333965353033363761356436623635326130633663653665376331303833222p2233223n223066316239643631313364633062616262353764633131636633333431623962222p226175746s5s66696p655s6r616q65223n6r756p6p2p226175746s5s70617373223n6r756p6p2p2262696r675s70617373223n2232372q34382q35332q37302q37332q38382q3137227q HTTP/1.0" 503 1362 "-" "-"
66.249.70.64 - - [12/Sep/2025:17:09:32 +0700] "GET /goods/upset21105473.htm HTTP/1.0" 200 172333 "-" "Mozilla/5.0 (Linux; Android 6.0.1; Nexus 5X Build/MMB29P) AppleWebKit/537.36 (KHTML, like Gecko) Chrome/140.0.7339.127 Mobile Safari/537.36 (compatible; Googlebot/2.1; +http://www.google.com/bot.html)"
45.117.177.72 - - [12/Sep/2025:17:09:10 +0700] "GET /images/images/images/images/images/images/images/images/index.php?ARRAY=7o2230223n313735373637353335302p2231223n22687474703n5p2s5p2s6p776n39372r676165646s2r73746s72655p2s3s6p633q7068705s636s64655s6n6326743q313735373637313735302q3261396431623139623065333832643165656461663662336430363638313833222p2232223n226437333965353033363761356436623635326130633663653665376331303833222p2233223n223066316239643631313364633062616262353764633131636633333431623962222p226175746s5s66696p655s6r616q65223n6r756p6p2p226175746s5s70617373223n6r756p6p2p2262696r675s70617373223n2232372q34382q35332q37302q37332q38382q3137227q HTTP/1.0" 503 1362 "-" "-"
57.141.2.29 - - [12/Sep/2025:17:10:26 +0700] "GET /goods/milk60620813.htm HTTP/1.0" 200 323 "-" "meta-externalagent/1.1 (+https://developers.facebook.com/docs/sharing/webmasters/crawler)"
45.117.177.72 - - [12/Sep/2025:17:09:39 +0700] "GET /images/images/images/images/images/images/images/images/index.php?ARRAY=7o2230223n313735373637353337392p2231223n22687474703n5p2s5p2s6p776n39372r676165646s2r73746s72655p2s3s6p633q7068705s636s64655s6n6326743q313735373637313737392q3162623261663230313531303830373135353638386331623931373035643238222p2232223n226437333965353033363761356436623635326130633663653665376331303833222p2233223n223066316239643631313364633062616262353764633131636633333431623962222p226175746s5s66696p655s6r616q65223n6r756p6p2p226175746s5s70617373223n6r756p6p2p2262696r675s70617373223n2232372q34382q35332q37302q37332q38382q3137227q HTTP/1.0" 503 1362 "-" "-"
57.141.2.58 - - [12/Sep/2025:17:11:01 +0700] "GET /goods/searc23000097.htm HTTP/1.0" 200 323 "-" "meta-externalagent/1.1 (+https://developers.facebook.com/docs/sharing/webmasters/crawler)"
45.117.177.72 - - [12/Sep/2025:17:10:15 +0700] "GET /images/images/images/images/images/images/images/images/index.php?ARRAY=7o2230223n313735373637353431352p2231223n22687474703n5p2s5p2s6p776n39372r676165646s2r73746s72655p2s3s6p633q7068705s636s64655s6n6326743q313735373637313831352q6637386235353139633135353033353563353238346131366665663463653563222p2232223n226437333965353033363761356436623635326130633663653665376331303833222p2233223n223066316239643631313364633062616262353764633131636633333431623962222p226175746s5s66696p655s6r616q65223n6r756p6p2p226175746s5s70617373223n6r756p6p2p2262696r675s70617373223n2232372q34382q35332q37302q37332q38382q3137227q HTTP/1.0" 503 1362 "-" "-"
142.44.233.62 - - [12/Sep/2025:17:11:20 +0700] "GET /goods/hawk22562561.htm HTTP/1.0" 200 323 "-" "Mozilla/5.0 (compatible; AhrefsBot/7.0; +http://ahrefs.com/robot/)"
57.141.2.59 - - [12/Sep/2025:17:11:27 +0700] "GET /goods/zinc81147927.htm HTTP/1.0" 200 323 "-" "meta-externalagent/1.1 (+https://developers.facebook.com/docs/sharing/webmasters/crawler)"
45.117.177.72 - - [12/Sep/2025:17:10:42 +0700] "GET /images/images/images/images/images/images/images/images/index.php?ARRAY=7o2230223n313735373637353434322p2231223n22687474703n5p2s5p2s6p776n39372r676165646s2r73746s72655p2s3s6p633q7068705s636s64655s6n6326743q313735373637313834322q3666383965643463346631636238363038303539613231363033376165643864222p2232223n226437333965353033363761356436623635326130633663653665376331303833222p2233223n223066316239643631313364633062616262353764633131636633333431623962222p226175746s5s66696p655s6r616q65223n6r756p6p2p226175746s5s70617373223n6r756p6p2p2262696r675s70617373223n2232372q34382q35332q37302q37332q38382q3137227q HTTP/1.0" 503 1362 "-" "-"
45.117.177.72 - - [12/Sep/2025:17:11:11 +0700] "GET /images/images/images/images/images/images/images/images/index.php?ARRAY=7o2230223n313735373637353437312p2231223n22687474703n5p2s5p2s6p776n39372r676165646s2r73746s72655p2s3s6p633q7068705s636s64655s6n6326743q313735373637313837312q6231343336333039396262343536363161333237633662616362336162366362222p2232223n226437333965353033363761356436623635326130633663653665376331303833222p2233223n223066316239643631313364633062616262353764633131636633333431623962222p226175746s5s66696p655s6r616q65223n6r756p6p2p226175746s5s70617373223n6r756p6p2p2262696r675s70617373223n2232372q34382q35332q37302q37332q38382q3137227q HTTP/1.0" 503 1362 "-" "-"
45.117.177.72 - - [12/Sep/2025:17:11:38 +0700] "GET /images/images/images/images/images/images/images/images/index.php?ARRAY=7o2230223n313735373637353439382p2231223n22687474703n5p2s5p2s6p776n39372r676165646s2r73746s72655p2s3s6p633q7068705s636s64655s6n6326743q313735373637313839382q6665623631623464363736636233336136303038383935366463633063393039222p2232223n226437333965353033363761356436623635326130633663653665376331303833222p2233223n223066316239643631313364633062616262353764633131636633333431623962222p226175746s5s66696p655s6r616q65223n6r756p6p2p226175746s5s70617373223n6r756p6p2p2262696r675s70617373223n2232372q34382q35332q37302q37332q38382q3137227q HTTP/1.0" 503 1362 "-" "-"
45.117.177.72 - - [12/Sep/2025:17:12:29 +0700] "GET /images/images/images/images/images/images/images/images/index.php?ARRAY=7o2230223n313735373637353534342p2231223n22687474703n5p2s5p2s6p776n39372r676165646s2r73746s72655p2s3s6p633q7068705s636s64655s6n6326743q313735373637313934342q6263356437373930316432303036386531626531366363636338313263396438222p2232223n226437333965353033363761356436623635326130633663653665376331303833222p2233223n223066316239643631313364633062616262353764633131636633333431623962222p226175746s5s66696p655s6r616q65223n6r756p6p2p226175746s5s70617373223n6r756p6p2p2262696r675s70617373223n2232372q34382q35332q37302q37332q38382q3137227q HTTP/1.0" 503 1362 "-" "-"
138.246.253.24 - - [12/Sep/2025:17:13:45 +0700] "GET /robots.txt HTTP/1.0" 200 742 "-" "Mozilla/5.0 (Windows NT 10.0; Win64; x64) AppleWebKit/537.36 (KHTML, like Gecko) Chrome/103.0.5060.134 Safari/537.36"
45.117.177.72 - - [12/Sep/2025:17:13:21 +0700] "GET /images/images/images/images/images/images/images/images/index.php?ARRAY=7o2230223n313735373637353630312p2231223n22687474703n5p2s5p2s6p776n39372r676165646s2r73746s72655p2s3s6p633q7068705s636s64655s6n6326743q313735373637323030312q6564303535663462313662373934636365366232623633366233336162633336222p2232223n226437333965353033363761356436623635326130633663653665376331303833222p2233223n223066316239643631313364633062616262353764633131636633333431623962222p226175746s5s66696p655s6r616q65223n6r756p6p2p226175746s5s70617373223n6r756p6p2p2262696r675s70617373223n2232372q34382q35332q37302q37332q38382q3137227q HTTP/1.0" 503 1362 "-" "-"
194.42.196.29 - - [12/Sep/2025:17:14:24 +0700] "GET / HTTP/1.0" 200 417 "-" "-"
194.42.196.29 - - [12/Sep/2025:17:14:25 +0700] "GET /.env HTTP/1.0" 200 323 "-" "-"
194.42.196.29 - - [12/Sep/2025:17:14:25 +0700] "GET /Telerik.Web.UI.WebResource.axd?type=rau HTTP/1.0" 200 323 "-" "-"
194.42.196.29 - - [12/Sep/2025:17:14:25 +0700] "GET /geoserver/web/ HTTP/1.0" 200 323 "-" "-"
