54.37.86.223 - - [12/Sep/2025:17:39:43 +0700] "GET /danh-muc/moi-truong-nuoc/maydophongxa/?s=Berthold%20-%20%C4%90%E1%BB%A9c HTTP/1.0" 200 72313 "-" "Mozilla/5.0 (compatible; MJ12bot/v1.4.8; http://mj12bot.com/)"
54.37.86.223 - - [12/Sep/2025:17:39:47 +0700] "GET /danh-muc/moi-truong-nuoc/maydophongxa/?s=SPC%20%E2%80%9CDoza%E2%80%9D%20Ltd.,%20%E2%80%93%20Nga HTTP/1.0" 200 72585 "-" "Mozilla/5.0 (compatible; MJ12bot/v1.4.8; http://mj12bot.com/)"
54.37.86.223 - - [12/Sep/2025:17:39:51 +0700] "GET /danh-muc/phan-tich-thi-nghie%CC%A3m/feed/ HTTP/1.0" 200 1367073 "-" "Mozilla/5.0 (compatible; MJ12bot/v1.4.8; http://mj12bot.com/)"
85.208.98.20 - - [12/Sep/2025:17:39:53 +0700] "GET /could-you-be-hooking-up-or-dating/ HTTP/1.0" 200 206410 "-" "Mozilla/5.0 (compatible; SemrushBot-BA; +http://www.semrush.com/bot.html)"
85.208.98.29 - - [12/Sep/2025:17:39:54 +0700] "GET /play-online-slots/ HTTP/1.0" 200 207045 "-" "Mozilla/5.0 (compatible; SemrushBot-BA; +http://www.semrush.com/bot.html)"
85.208.98.16 - - [12/Sep/2025:17:39:54 +0700] "GET /comprehending-the-relationship-between-culture-and-relationships-2/ HTTP/1.0" 200 209456 "-" "Mozilla/5.0 (compatible; SemrushBot-BA; +http://www.semrush.com/bot.html)"
85.208.98.31 - - [12/Sep/2025:17:40:03 +0700] "GET /bet-with-glory-casino-casino-welcome-bonus-huge-2/ HTTP/1.0" 200 217524 "-" "Mozilla/5.0 (compatible; SemrushBot-BA; +http://www.semrush.com/bot.html)"
85.208.98.22 - - [12/Sep/2025:17:40:03 +0700] "GET /gay-porn-free-porn-gay-sites/ HTTP/1.0" 200 209414 "-" "Mozilla/5.0 (compatible; SemrushBot-BA; +http://www.semrush.com/bot.html)"
85.208.98.19 - - [12/Sep/2025:17:40:03 +0700] "GET /evoqua/ HTTP/1.0" 200 203572 "-" "Mozilla/5.0 (compatible; SemrushBot-BA; +http://www.semrush.com/bot.html)"
85.208.98.29 - - [12/Sep/2025:17:40:11 +0700] "GET /best-rated-free-vpn-services/ HTTP/1.0" 200 236465 "-" "Mozilla/5.0 (compatible; SemrushBot-BA; +http://www.semrush.com/bot.html)"
85.208.98.31 - - [12/Sep/2025:17:40:11 +0700] "GET /finding-a-sugardaddy-in-australia/ HTTP/1.0" 200 208037 "-" "Mozilla/5.0 (compatible; SemrushBot-BA; +http://www.semrush.com/bot.html)"
85.208.98.16 - - [12/Sep/2025:17:40:11 +0700] "GET /approaches-for-successful-sweets-daddies-and-babies-interactions/ HTTP/1.0" 200 209063 "-" "Mozilla/5.0 (compatible; SemrushBot-BA; +http://www.semrush.com/bot.html)"
54.37.86.223 - - [12/Sep/2025:17:40:14 +0700] "GET /danh-muc/phan-tich-thi-nghie%CC%A3m/he-thong-chung-cat-dam-kjeldahl/feed/ HTTP/1.0" 200 1035841 "-" "Mozilla/5.0 (compatible; MJ12bot/v1.4.8; http://mj12bot.com/)"
45.117.177.72 - - [12/Sep/2025:17:40:21 +0700] "POST /wp-cron.php?doing_wp_cron=1757673621.2332179546356201171875 HTTP/1.0" 200 416 "-" "WordPress/6.8.1; https://vattusacky.vn"
54.39.136.155 - - [12/Sep/2025:17:40:19 +0700] "GET /omegles-terms-of-service-what-you-need-to-know/ HTTP/1.0" 200 90177 "-" "Mozilla/5.0 (compatible; AhrefsBot/7.0; +http://ahrefs.com/robot/)"
85.208.98.31 - - [12/Sep/2025:17:40:25 +0700] "GET /is-match-com-free/ HTTP/1.0" 200 206636 "-" "Mozilla/5.0 (compatible; SemrushBot-BA; +http://www.semrush.com/bot.html)"
85.208.98.22 - - [12/Sep/2025:17:40:25 +0700] "GET /annotated-scf-literature-review-swift-certain-fair/ HTTP/1.0" 200 286056 "-" "Mozilla/5.0 (compatible; SemrushBot-BA; +http://www.semrush.com/bot.html)"
85.208.98.16 - - [12/Sep/2025:17:40:25 +0700] "GET /san-pham/thiet-bi-hieu-chuan-bom-lay-mau-khi-2/ HTTP/1.0" 200 264437 "-" "Mozilla/5.0 (compatible; SemrushBot-BA; +http://www.semrush.com/bot.html)"
54.37.86.223 - - [12/Sep/2025:17:40:32 +0700] "GET /danh-muc/phan-tich-thi-nghie%CC%A3m/may-quang-pho-tu-ngoai-kha-kien-uv-vis/feed/ HTTP/1.0" 200 1763203 "-" "Mozilla/5.0 (compatible; MJ12bot/v1.4.8; http://mj12bot.com/)"
85.208.98.22 - - [12/Sep/2025:17:40:36 +0700] "GET /1xbit-casino-evaluate-guide-2022-updated-8/ HTTP/1.0" 200 231361 "-" "Mozilla/5.0 (compatible; SemrushBot-BA; +http://www.semrush.com/bot.html)"
85.208.98.31 - - [12/Sep/2025:17:40:36 +0700] "GET /kruss/hiq-logo/ HTTP/1.0" 200 198061 "-" "Mozilla/5.0 (compatible; SemrushBot-BA; +http://www.semrush.com/bot.html)"
85.208.98.16 - - [12/Sep/2025:17:40:36 +0700] "GET /home-oriented-american-woman/ HTTP/1.0" 200 206518 "-" "Mozilla/5.0 (compatible; SemrushBot-BA; +http://www.semrush.com/bot.html)"
54.37.86.223 - - [12/Sep/2025:17:40:46 +0700] "GET /danh-muc/thiet-bi%CC%A3-do-luong/feed/ HTTP/1.0" 200 1612787 "-" "Mozilla/5.0 (compatible; MJ12bot/v1.4.8; http://mj12bot.com/)"
85.208.98.22 - - [12/Sep/2025:17:40:50 +0700] "GET /college-essay-writers/ HTTP/1.0" 200 206592 "-" "Mozilla/5.0 (compatible; SemrushBot-BA; +http://www.semrush.com/bot.html)"
85.208.98.19 - - [12/Sep/2025:17:40:50 +0700] "GET /via-the-internet-board-managing-features/ HTTP/1.0" 200 205598 "-" "Mozilla/5.0 (compatible; SemrushBot-BA; +http://www.semrush.com/bot.html)"
85.208.98.24 - - [12/Sep/2025:17:40:50 +0700] "GET /arranging-a-small-marriage-on-a-budget/ HTTP/1.0" 200 208382 "-" "Mozilla/5.0 (compatible; SemrushBot-BA; +http://www.semrush.com/bot.html)"
54.39.203.225 - - [12/Sep/2025:17:41:04 +0700] "GET /ethical-considerations-in-anonymous-chatting-omegles-role/ HTTP/1.0" 200 91056 "-" "Mozilla/5.0 (compatible; AhrefsBot/7.0; +http://ahrefs.com/robot/)"
85.208.98.29 - - [12/Sep/2025:17:41:07 +0700] "GET /san-pham/thiet-bi-do-phong-xa-gamma-khu-vuc/ HTTP/1.0" 200 242090 "-" "Mozilla/5.0 (compatible; SemrushBot-BA; +http://www.semrush.com/bot.html)"
85.208.98.24 - - [12/Sep/2025:17:41:07 +0700] "GET /22bet-evaluation-cell-app-and-attractive-welcome-5/ HTTP/1.0" 200 242713 "-" "Mozilla/5.0 (compatible; SemrushBot-BA; +http://www.semrush.com/bot.html)"
85.208.98.20 - - [12/Sep/2025:17:41:08 +0700] "GET /how-could-i-chat-with-another-girl/ HTTP/1.0" 200 206337 "-" "Mozilla/5.0 (compatible; SemrushBot-BA; +http://www.semrush.com/bot.html)"
45.117.177.72 - - [12/Sep/2025:17:41:26 +0700] "POST /wp-cron.php?doing_wp_cron=1757673686.2517650127410888671875 HTTP/1.0" 200 416 "-" "WordPress/6.8.1; https://vattusacky.vn"
54.37.86.223 - - [12/Sep/2025:17:41:24 +0700] "GET /danh-muc/thiet-bi%CC%A3-do-luong/do-chat-luong-khi-trong-phong-iaq/ HTTP/1.0" 200 60371 "-" "Mozilla/5.0 (compatible; MJ12bot/v1.4.8; http://mj12bot.com/)"
85.208.98.29 - - [12/Sep/2025:17:41:28 +0700] "GET /7-great-spots-to-get-a-significant-other/ HTTP/1.0" 200 208272 "-" "Mozilla/5.0 (compatible; SemrushBot-BA; +http://www.semrush.com/bot.html)"
85.208.98.16 - - [12/Sep/2025:17:41:28 +0700] "GET /asian-shares-rise-after-relief-rally-on-wall/ HTTP/1.0" 200 249867 "-" "Mozilla/5.0 (compatible; SemrushBot-BA; +http://www.semrush.com/bot.html)"
85.208.98.31 - - [12/Sep/2025:17:41:28 +0700] "GET /7-tips-for-recovering-from-a-broken-heart/ HTTP/1.0" 200 208183 "-" "Mozilla/5.0 (compatible; SemrushBot-BA; +http://www.semrush.com/bot.html)"
15.235.27.110 - - [12/Sep/2025:17:41:44 +0700] "GET /side-splitting-omegle-chat-fails-and-funny-prank-encounters/ HTTP/1.0" 200 87434 "-" "Mozilla/5.0 (compatible; AhrefsBot/7.0; +http://ahrefs.com/robot/)"
85.208.98.24 - - [12/Sep/2025:17:42:08 +0700] "GET /online-poker-gambling-site/ HTTP/1.0" 200 206228 "-" "Mozilla/5.0 (compatible; SemrushBot-BA; +http://www.semrush.com/bot.html)"
85.208.98.19 - - [12/Sep/2025:17:42:08 +0700] "GET /free-granny-chat-porn-movies/ HTTP/1.0" 200 211922 "-" "Mozilla/5.0 (compatible; SemrushBot-BA; +http://www.semrush.com/bot.html)"
85.208.98.22 - - [12/Sep/2025:17:42:08 +0700] "GET /perfect-woman/ HTTP/1.0" 200 206053 "-" "Mozilla/5.0 (compatible; SemrushBot-BA; +http://www.semrush.com/bot.html)"
142.44.220.5 - - [12/Sep/2025:17:42:12 +0700] "GET /the-future-landscape-of-random-chats-omegles-role/ HTTP/1.0" 200 90433 "-" "Mozilla/5.0 (compatible; AhrefsBot/7.0; +http://ahrefs.com/robot/)"
54.37.86.223 - - [12/Sep/2025:17:42:13 +0700] "GET /danh-muc/thiet-bi%CC%A3-do-luong/khuc-xa-ke-do-do-man/ HTTP/1.0" 200 60179 "-" "Mozilla/5.0 (compatible; MJ12bot/v1.4.8; http://mj12bot.com/)"
54.37.86.223 - - [12/Sep/2025:17:42:15 +0700] "GET /danh-muc/thiet-bi%CC%A3-do-luong/do-phong-xa-dien-tu-truong/ HTTP/1.0" 200 98160 "-" "Mozilla/5.0 (compatible; MJ12bot/v1.4.8; http://mj12bot.com/)"
45.117.177.72 - - [12/Sep/2025:17:42:18 +0700] "POST /wp-cron.php?doing_wp_cron=1757673738.0009810924530029296875 HTTP/1.0" 200 416 "-" "WordPress/6.8.1; https://vattusacky.vn"
54.37.86.223 - - [12/Sep/2025:17:42:16 +0700] "GET /danh-muc/thiet-bi%CC%A3-do-luong/kiem-tra-bang-hat-tu/ HTTP/1.0" 200 60127 "-" "Mozilla/5.0 (compatible; MJ12bot/v1.4.8; http://mj12bot.com/)"
54.37.86.223 - - [12/Sep/2025:17:42:20 +0700] "GET /danh-muc/thiet-bi%CC%A3-do-luong/kiem-tra-khuyet-tat-bang-x-ray/ HTTP/1.0" 200 60307 "-" "Mozilla/5.0 (compatible; MJ12bot/v1.4.8; http://mj12bot.com/)"
54.37.86.223 - - [12/Sep/2025:17:42:23 +0700] "GET /danh-muc/thiet-bi%CC%A3-do-luong/kiem-tra-khuyet-tat-sieu-am/ HTTP/1.0" 200 60258 "-" "Mozilla/5.0 (compatible; MJ12bot/v1.4.8; http://mj12bot.com/)"
54.37.86.223 - - [12/Sep/2025:17:42:26 +0700] "GET /danh-muc/thiet-bi%CC%A3-do-luong/may-do-buc-xa-nhiet/ HTTP/1.0" 200 60114 "-" "Mozilla/5.0 (compatible; MJ12bot/v1.4.8; http://mj12bot.com/)"
85.208.98.31 - - [12/Sep/2025:17:42:27 +0700] "GET /kruss/logo-aco/ HTTP/1.0" 200 205314 "-" "Mozilla/5.0 (compatible; SemrushBot-BA; +http://www.semrush.com/bot.html)"
85.208.98.29 - - [12/Sep/2025:17:42:27 +0700] "GET /essay-for-sale-with-custom-writing-services/ HTTP/1.0" 200 207005 "-" "Mozilla/5.0 (compatible; SemrushBot-BA; +http://www.semrush.com/bot.html)"
85.208.98.16 - - [12/Sep/2025:17:42:27 +0700] "GET /creating-an-effective-online-dating-services-profile-2/ HTTP/1.0" 200 208667 "-" "Mozilla/5.0 (compatible; SemrushBot-BA; +http://www.semrush.com/bot.html)"
54.37.86.223 - - [12/Sep/2025:17:42:30 +0700] "GET /danh-muc/thiet-bi%CC%A3-do-luong/may-do-do-bong/ HTTP/1.0" 200 60010 "-" "Mozilla/5.0 (compatible; MJ12bot/v1.4.8; http://mj12bot.com/)"
54.37.86.223 - - [12/Sep/2025:17:42:34 +0700] "GET /danh-muc/thiet-bi%CC%A3-do-luong/may-do-do-cung-cam-tay/ HTTP/1.0" 200 60180 "-" "Mozilla/5.0 (compatible; MJ12bot/v1.4.8; http://mj12bot.com/)"
54.37.86.223 - - [12/Sep/2025:17:42:38 +0700] "GET /danh-muc/thiet-bi%CC%A3-do-luong/may-do-do-day-bang-sieu-am/ HTTP/1.0" 200 60269 "-" "Mozilla/5.0 (compatible; MJ12bot/v1.4.8; http://mj12bot.com/)"
54.37.86.223 - - [12/Sep/2025:17:42:41 +0700] "GET /danh-muc/thiet-bi%CC%A3-do-luong/may-do-do-day-lop-phu/ HTTP/1.0" 200 60174 "-" "Mozilla/5.0 (compatible; MJ12bot/v1.4.8; http://mj12bot.com/)"
54.37.86.223 - - [12/Sep/2025:17:42:45 +0700] "GET /danh-muc/thiet-bi%CC%A3-do-luong/may-do-do-nham-be-mat/ HTTP/1.0" 200 60174 "-" "Mozilla/5.0 (compatible; MJ12bot/v1.4.8; http://mj12bot.com/)"
51.222.168.9 - - [12/Sep/2025:17:42:47 +0700] "GET /the-fascinating-world-of-serendipitous-encounters-on-omegle/ HTTP/1.0" 200 90797 "-" "Mozilla/5.0 (compatible; AhrefsBot/7.0; +http://ahrefs.com/robot/)"
54.37.86.223 - - [12/Sep/2025:17:42:49 +0700] "GET /danh-muc/thiet-bi%CC%A3-do-luong/may-do-do-on/ HTTP/1.0" 200 110024 "-" "Mozilla/5.0 (compatible; MJ12bot/v1.4.8; http://mj12bot.com/)"
85.208.98.19 - - [12/Sep/2025:17:42:50 +0700] "GET /does-indeed-cbd-genuinely-work/ HTTP/1.0" 200 205544 "-" "Mozilla/5.0 (compatible; SemrushBot-BA; +http://www.semrush.com/bot.html)"
85.208.98.22 - - [12/Sep/2025:17:42:50 +0700] "GET /horse-racing-betting-selections-and-information/ HTTP/1.0" 200 212233 "-" "Mozilla/5.0 (compatible; SemrushBot-BA; +http://www.semrush.com/bot.html)"
85.208.98.24 - - [12/Sep/2025:17:42:50 +0700] "GET /1st-date-topics-to-get-to-know-your-date-better/ HTTP/1.0" 200 206809 "-" "Mozilla/5.0 (compatible; SemrushBot-BA; +http://www.semrush.com/bot.html)"
54.37.86.223 - - [12/Sep/2025:17:42:53 +0700] "GET /danh-muc/thiet-bi%CC%A3-do-luong/may-do-do-rung/ HTTP/1.0" 200 74665 "-" "Mozilla/5.0 (compatible; MJ12bot/v1.4.8; http://mj12bot.com/)"
54.37.86.223 - - [12/Sep/2025:17:42:56 +0700] "GET /danh-muc/thiet-bi%CC%A3-do-luong/may-do-khuyet-tat-lop-son/ HTTP/1.0" 200 60234 "-" "Mozilla/5.0 (compatible; MJ12bot/v1.4.8; http://mj12bot.com/)"
85.208.98.29 - - [12/Sep/2025:17:43:08 +0700] "GET /how-to-handle-it-when-youve-got-little-in-accordance-with-him/ HTTP/1.0" 200 208486 "-" "Mozilla/5.0 (compatible; SemrushBot-BA; +http://www.semrush.com/bot.html)"
85.208.98.16 - - [12/Sep/2025:17:43:08 +0700] "GET /4606-2/ HTTP/1.0" 200 206673 "-" "Mozilla/5.0 (compatible; SemrushBot-BA; +http://www.semrush.com/bot.html)"
85.208.98.20 - - [12/Sep/2025:17:43:09 +0700] "GET /dambulla-viiking-cricket-group-sri-lanka-45/ HTTP/1.0" 200 237173 "-" "Mozilla/5.0 (compatible; SemrushBot-BA; +http://www.semrush.com/bot.html)"
45.117.177.72 - - [12/Sep/2025:17:43:20 +0700] "POST /wp-cron.php?doing_wp_cron=1757673800.5762898921966552734375 HTTP/1.0" 200 416 "-" "WordPress/6.8.1; https://vattusacky.vn"
15.235.98.114 - - [12/Sep/2025:17:43:19 +0700] "GET /omegle-for-language-learning-practice-speaking-with-strangers/ HTTP/1.0" 200 91906 "-" "Mozilla/5.0 (compatible; AhrefsBot/7.0; +http://ahrefs.com/robot/)"
85.208.98.16 - - [12/Sep/2025:17:43:25 +0700] "GET /crescent-a-free-muslim-friendly-dating-app-connects-30000-consumers-internationally/ HTTP/1.0" 200 215828 "-" "Mozilla/5.0 (compatible; SemrushBot-BA; +http://www.semrush.com/bot.html)"
85.208.98.20 - - [12/Sep/2025:17:43:25 +0700] "GET /san-pham/may-do-do-rung-type-3233/ HTTP/1.0" 200 221398 "-" "Mozilla/5.0 (compatible; SemrushBot-BA; +http://www.semrush.com/bot.html)"
85.208.98.29 - - [12/Sep/2025:17:43:25 +0700] "GET /san-pham/bo-trung-hoa-hoi-doc-velp-sms/ HTTP/1.0" 200 254641 "-" "Mozilla/5.0 (compatible; SemrushBot-BA; +http://www.semrush.com/bot.html)"
54.37.86.223 - - [12/Sep/2025:17:43:33 +0700] "GET /danh-muc/thiet-bi%CC%A3-do-luong/may-do-kiem-tra-do-cung/ HTTP/1.0" 200 60233 "-" "Mozilla/5.0 (compatible; MJ12bot/v1.4.8; http://mj12bot.com/)"
54.37.86.223 - - [12/Sep/2025:17:43:37 +0700] "GET /danh-muc/thiet-bi%CC%A3-do-luong/may-do-nhiet-do-do-am/ HTTP/1.0" 200 69476 "-" "Mozilla/5.0 (compatible; MJ12bot/v1.4.8; http://mj12bot.com/)"
85.208.98.19 - - [12/Sep/2025:17:43:38 +0700] "GET /how-you-can-date-delightful-single-latina-women/ HTTP/1.0" 200 208669 "-" "Mozilla/5.0 (compatible; SemrushBot-BA; +http://www.semrush.com/bot.html)"
85.208.98.20 - - [12/Sep/2025:17:43:38 +0700] "GET /quantracmoitruongnuocngam/nuoc-ngam/ HTTP/1.0" 200 198726 "-" "Mozilla/5.0 (compatible; SemrushBot-BA; +http://www.semrush.com/bot.html)"
85.208.98.24 - - [12/Sep/2025:17:43:38 +0700] "GET /the-right-way-to-meet-awesome-lithuanian-child/ HTTP/1.0" 200 208104 "-" "Mozilla/5.0 (compatible; SemrushBot-BA; +http://www.semrush.com/bot.html)"
54.37.86.223 - - [12/Sep/2025:17:43:40 +0700] "GET /danh-muc/thiet-bi%CC%A3-do-luong/may-do-toc-do-gio/ HTTP/1.0" 200 60083 "-" "Mozilla/5.0 (compatible; MJ12bot/v1.4.8; http://mj12bot.com/)"
54.37.86.223 - - [12/Sep/2025:17:43:45 +0700] "GET /danh-muc/thiet-bi%CC%A3-do-luong/may-do-vi-khi-hau/ HTTP/1.0" 200 60052 "-" "Mozilla/5.0 (compatible; MJ12bot/v1.4.8; http://mj12bot.com/)"
54.37.86.223 - - [12/Sep/2025:17:43:49 +0700] "GET /danh-muc/thiet-bi%CC%A3-do-luong/nhiet-ke-hong-ngoai/ HTTP/1.0" 200 60109 "-" "Mozilla/5.0 (compatible; MJ12bot/v1.4.8; http://mj12bot.com/)"
148.113.128.97 - - [12/Sep/2025:17:43:51 +0700] "GET /omegle-for-making-friends/ HTTP/1.0" 200 88492 "-" "Mozilla/5.0 (compatible; AhrefsBot/7.0; +http://ahrefs.com/robot/)"
54.37.86.223 - - [12/Sep/2025:17:43:53 +0700] "GET /danh-muc/thiet-bi%CC%A3-do-luong/sung-ban-be-tong-sung-bat-nay/ HTTP/1.0" 200 60353 "-" "Mozilla/5.0 (compatible; MJ12bot/v1.4.8; http://mj12bot.com/)"
54.37.86.223 - - [12/Sep/2025:17:43:56 +0700] "GET /indikatory-billa-vil%D1%8Cjamsa-indikatory-indikatory-i/ HTTP/1.0" 200 261954 "-" "Mozilla/5.0 (compatible; MJ12bot/v1.4.8; http://mj12bot.com/)"
54.37.86.223 - - [12/Sep/2025:17:44:02 +0700] "GET /kak-snjat%D1%8C-den%D1%8Cgi-s-vklada-v-sberbanke-i-mozhno-li/ HTTP/1.0" 200 232634 "-" "Mozilla/5.0 (compatible; MJ12bot/v1.4.8; http://mj12bot.com/)"
54.37.86.223 - - [12/Sep/2025:17:44:07 +0700] "GET /kak-sozdat%D1%8C-ideal%D1%8Cnoe-cv-dlja-it-specialista/ HTTP/1.0" 200 351595 "-" "Mozilla/5.0 (compatible; MJ12bot/v1.4.8; http://mj12bot.com/)"
54.37.86.223 - - [12/Sep/2025:17:44:14 +0700] "GET /ll-codigo-promocional-1xbet-%EF%B8%8F-bono-de-bienvenida-1xbet-2023-17/ HTTP/1.0" 200 88859 "-" "Mozilla/5.0 (compatible; MJ12bot/v1.4.8; http://mj12bot.com/)"
45.117.177.72 - - [12/Sep/2025:17:44:19 +0700] "POST /wp-cron.php?doing_wp_cron=1757673859.2901139259338378906250 HTTP/1.0" 200 416 "-" "WordPress/6.8.1; https://vattusacky.vn"
54.37.86.223 - - [12/Sep/2025:17:44:18 +0700] "GET /missija-kompanii-kak-ejo-sozdat%D1%8C-primery-izvestnyh/ HTTP/1.0" 200 282739 "-" "Mozilla/5.0 (compatible; MJ12bot/v1.4.8; http://mj12bot.com/)"
54.37.86.223 - - [12/Sep/2025:17:44:22 +0700] "GET /mobil%D1%8Cnye-kriptokoshel%D1%8Cki-top-10-luchshih/ HTTP/1.0" 200 216618 "-" "Mozilla/5.0 (compatible; MJ12bot/v1.4.8; http://mj12bot.com/)"
142.44.233.23 - - [12/Sep/2025:17:44:22 +0700] "GET /the-psychological-effects-of-prolonged-use-of-omegle/ HTTP/1.0" 200 90505 "-" "Mozilla/5.0 (compatible; AhrefsBot/7.0; +http://ahrefs.com/robot/)"
54.37.86.223 - - [12/Sep/2025:17:44:26 +0700] "GET /refused-by-every-lady-tips-change-situations-arounda%C2%80%C2%A6/ HTTP/1.0" 200 211636 "-" "Mozilla/5.0 (compatible; MJ12bot/v1.4.8; http://mj12bot.com/)"
54.37.86.223 - - [12/Sep/2025:17:44:38 +0700] "GET /san-pham/bo-dung-cu-lay-mau-dat-2%C2%BC-co-ky-hieu-signature-soil-sampler-kit/ HTTP/1.0" 200 329846 "-" "Mozilla/5.0 (compatible; MJ12bot/v1.4.8; http://mj12bot.com/)"
54.37.86.223 - - [12/Sep/2025:17:44:42 +0700] "GET /san-pham/bo-dung-cu-lay-mau-dat-3%C2%BC-soil-sampler-kit/ HTTP/1.0" 200 329090 "-" "Mozilla/5.0 (compatible; MJ12bot/v1.4.8; http://mj12bot.com/)"
54.37.86.223 - - [12/Sep/2025:17:44:46 +0700] "GET /san-pham/thiet-bi-lay-mau-bui-pm10-pm2-5-pm1-0-1-5-%C3%B7-5-5-m3h/ HTTP/1.0" 200 516040 "-" "Mozilla/5.0 (compatible; MJ12bot/v1.4.8; http://mj12bot.com/)"
148.113.130.4 - - [12/Sep/2025:17:44:49 +0700] "GET /the-role-of-boundaries-in-online-interactions/ HTTP/1.0" 200 91462 "-" "Mozilla/5.0 (compatible; AhrefsBot/7.0; +http://ahrefs.com/robot/)"
54.37.86.223 - - [12/Sep/2025:17:44:51 +0700] "GET /san-pham/thiet-bi-lay-mau-bui-pm10-pm2-5-pm1-0-1-5-%C3%B7-5-5-m3h-2/ HTTP/1.0" 200 511558 "-" "Mozilla/5.0 (compatible; MJ12bot/v1.4.8; http://mj12bot.com/)"
54.39.210.222 - - [12/Sep/2025:17:44:52 +0700] "GET /the-psychological-effects-of-prolonged-use-of-omegle/ HTTP/1.0" 200 90505 "-" "Mozilla/5.0 (compatible; AhrefsBot/7.0; +http://ahrefs.com/robot/)"
54.37.86.223 - - [12/Sep/2025:17:44:56 +0700] "GET /skil%D1%8Cki-zarobljae-programist-v-ukraini/ HTTP/1.0" 200 180216 "-" "Mozilla/5.0 (compatible; MJ12bot/v1.4.8; http://mj12bot.com/)"
54.37.86.223 - - [12/Sep/2025:17:45:03 +0700] "GET /svechnye-patterny-kak-povysit%D1%8C-tochnost%D1%8C-svechnyh/ HTTP/1.0" 200 228241 "-" "Mozilla/5.0 (compatible; MJ12bot/v1.4.8; http://mj12bot.com/)"
54.37.86.223 - - [12/Sep/2025:17:45:07 +0700] "GET /trader-perevod-na-russkij-slovar%D1%8C-ital%D1%8Cjanskij/ HTTP/1.0" 200 227964 "-" "Mozilla/5.0 (compatible; MJ12bot/v1.4.8; http://mj12bot.com/)"
54.37.86.223 - - [12/Sep/2025:17:45:11 +0700] "GET /%D0%B0%D0%BF%D0%BF%D0%B0%D1%80%D0%B0%D1%82-%D1%81-%D0%B2%D1%8B%D0%B4%D0%B0%D1%87%D0%B5%D0%B9-%D0%BF%D1%80%D0%B8%D0%B7%D0%BE%D0%B2-lucky-streak-unis-%D0%BA%D0%B8%D1%82%D0%B0%D0%B9-%D0%BA%D1%83%D0%BF/ HTTP/1.0" 200 224772 "-" "Mozilla/5.0 (compatible; MJ12bot/v1.4.8; http://mj12bot.com/)"
54.37.86.223 - - [12/Sep/2025:17:45:15 +0700] "GET /%D0%BF%D1%80%D0%BE%D0%B5%D0%BA%D1%82%D1%8B-%D0%B4%D0%B5%D1%80%D0%B5%D0%B2%D1%8F%D0%BD%D0%BD%D1%8B%D1%85-%D0%B4%D0%BE%D0%BC%D0%BE%D0%B2-%D0%B7%D0%B0%D0%B3%D0%BE%D1%80%D0%BE%D0%B4%D0%BD%D1%8B%D0%B5/ HTTP/1.0" 200 167031 "-" "Mozilla/5.0 (compatible; MJ12bot/v1.4.8; http://mj12bot.com/)"
45.117.177.72 - - [12/Sep/2025:17:45:20 +0700] "POST /wp-cron.php?doing_wp_cron=1757673920.7098569869995117187500 HTTP/1.0" 200 416 "-" "WordPress/6.8.1; https://vattusacky.vn"
54.37.86.223 - - [12/Sep/2025:17:45:19 +0700] "GET /%D1%81%D0%BA%D0%B0%D1%87%D0%B0%D1%82%D1%8C-1xbet-kz-%D0%BC%D0%BE%D0%B1%D0%B8%D0%BB%D1%8C%D0%BD%D0%B0%D1%8F-%D0%B2%D0%B5%D1%80%D1%81%D0%B8%D1%8F-1%D1%85%D0%B1%D0%B5%D1%82-%D0%BD%D0%B0-%D0%B0%D0%BD/ HTTP/1.0" 200 114086 "-" "Mozilla/5.0 (compatible; MJ12bot/v1.4.8; http://mj12bot.com/)"
54.37.86.223 - - [12/Sep/2025:17:45:24 +0700] "GET /%F0%9F%8E%B0-situs-slot-hari-ini-terbaik-terpercaya-2025-gampang-menang-besar-selalu-update-game-terbaru/ HTTP/1.0" 200 70119 "-" "Mozilla/5.0 (compatible; MJ12bot/v1.4.8; http://mj12bot.com/)"
54.39.136.164 - - [12/Sep/2025:17:45:39 +0700] "GET /exploring-the-ethics-of-omegle-is-it-crossing-boundaries/ HTTP/1.0" 200 90559 "-" "Mozilla/5.0 (compatible; AhrefsBot/7.0; +http://ahrefs.com/robot/)"
45.117.177.72 - - [12/Sep/2025:17:46:39 +0700] "POST /wp-cron.php?doing_wp_cron=1757673998.9681260585784912109375 HTTP/1.0" 200 416 "-" "WordPress/6.8.1; https://vattusacky.vn"
142.44.233.176 - - [12/Sep/2025:17:46:37 +0700] "GET /evolving-chat-platforms-omegles-next-chapter-unveiled/ HTTP/1.0" 200 89313 "-" "Mozilla/5.0 (compatible; AhrefsBot/7.0; +http://ahrefs.com/robot/)"
45.117.177.72 - - [12/Sep/2025:17:47:29 +0700] "POST /wp-cron.php?doing_wp_cron=1757674049.1174209117889404296875 HTTP/1.0" 200 416 "-" "WordPress/6.8.1; https://vattusacky.vn"
142.44.233.97 - - [12/Sep/2025:17:47:27 +0700] "GET /the-psychological-impact-of-language-barrier-on-omegle-and-ometv-users/ HTTP/1.0" 200 82962 "-" "Mozilla/5.0 (compatible; AhrefsBot/7.0; +http://ahrefs.com/robot/)"
45.117.177.72 - - [12/Sep/2025:17:48:37 +0700] "POST /wp-cron.php?doing_wp_cron=1757674117.3186960220336914062500 HTTP/1.0" 200 416 "-" "WordPress/6.8.1; https://vattusacky.vn"
54.39.203.12 - - [12/Sep/2025:17:48:35 +0700] "GET /exploring-the-role-of-randomness-in-omegle/ HTTP/1.0" 200 73826 "-" "Mozilla/5.0 (compatible; AhrefsBot/7.0; +http://ahrefs.com/robot/)"
45.117.177.72 - - [12/Sep/2025:17:49:48 +0700] "POST /wp-cron.php?doing_wp_cron=1757674188.6429550647735595703125 HTTP/1.0" 200 416 "-" "WordPress/6.8.1; https://vattusacky.vn"
167.114.139.124 - - [12/Sep/2025:17:49:46 +0700] "GET /the-prison-of-anonymity-exploring-the-psychological-effects-of-isolation-on-omegle/ HTTP/1.0" 200 91053 "-" "Mozilla/5.0 (compatible; AhrefsBot/7.0; +http://ahrefs.com/robot/)"
45.117.177.72 - - [12/Sep/2025:17:51:01 +0700] "POST /wp-cron.php?doing_wp_cron=1757674261.5533919334411621093750 HTTP/1.0" 200 416 "-" "WordPress/6.8.1; https://vattusacky.vn"
148.113.128.213 - - [12/Sep/2025:17:51:00 +0700] "GET /the-impact-of-omegle-on-traditional-forms-of-communication-and-socializing/ HTTP/1.0" 200 92985 "-" "Mozilla/5.0 (compatible; AhrefsBot/7.0; +http://ahrefs.com/robot/)"
45.117.177.72 - - [12/Sep/2025:17:51:56 +0700] "POST /wp-cron.php?doing_wp_cron=1757674316.7675650119781494140625 HTTP/1.0" 200 416 "-" "WordPress/6.8.1; https://vattusacky.vn"
103.131.71.87 - - [12/Sep/2025:17:51:55 +0700] "GET /robots.txt HTTP/1.0" 200 984 "-" "Mozilla/5.0 (compatible; coccocbot-web/1.0; +http://help.coccoc.com/searchengine)"
54.39.0.23 - - [12/Sep/2025:17:51:57 +0700] "GET /the-hidden-gem-of-online-conversations-unlocking-the-appeal-of-omegle/ HTTP/1.0" 200 82291 "-" "Mozilla/5.0 (compatible; AhrefsBot/7.0; +http://ahrefs.com/robot/)"
103.131.71.104 - - [12/Sep/2025:17:52:02 +0700] "GET /thiet-bi-lay-mau-bui-pm10-pm2-5-phu-hop-thong-tu-24/ HTTP/1.0" 200 214130 "-" "Mozilla/5.0 (compatible; coccocbot-web/1.0; +http://help.coccoc.com/searchengine)"
103.131.71.164 - - [12/Sep/2025:17:52:09 +0700] "GET /sitemap_index.xml HTTP/1.0" 200 2426 "-" "Mozilla/5.0 (compatible; coccocbot-web/1.0; +http://help.coccoc.com/searchengine)"
45.117.177.72 - - [12/Sep/2025:17:52:19 +0700] "POST /wp-cron.php?doing_wp_cron=1757674339.2018890380859375000000 HTTP/1.0" 200 416 "-" "WordPress/6.8.1; https://vattusacky.vn"
185.191.171.7 - - [12/Sep/2025:17:52:17 +0700] "GET /robots.txt HTTP/1.0" 200 984 "-" "Mozilla/5.0 (compatible; SemrushBot/7~bl; +http://www.semrush.com/bot.html)"
85.208.96.203 - - [12/Sep/2025:17:52:21 +0700] "GET /the-incel-malfunction-dealing-with-frequent-getting-rejected/ HTTP/1.0" 200 212977 "-" "Mozilla/5.0 (compatible; SemrushBot/7~bl; +http://www.semrush.com/bot.html)"
103.131.71.164 - - [12/Sep/2025:17:52:31 +0700] "GET /post-sitemap.xml HTTP/1.0" 500 3278 "-" "Mozilla/5.0 (compatible; coccocbot-web/1.0; +http://help.coccoc.com/searchengine)"
103.131.71.164 - - [12/Sep/2025:17:52:39 +0700] "GET /post-sitemap2.xml HTTP/1.0" 200 158032 "-" "Mozilla/5.0 (compatible; coccocbot-web/1.0; +http://help.coccoc.com/searchengine)"
103.131.71.164 - - [12/Sep/2025:17:52:46 +0700] "GET /post-sitemap3.xml HTTP/1.0" 200 155802 "-" "Mozilla/5.0 (compatible; coccocbot-web/1.0; +http://help.coccoc.com/searchengine)"
51.222.95.114 - - [12/Sep/2025:17:52:48 +0700] "GET /the-impact-of-omegle-on-societal-norms-and-traditional-values/ HTTP/1.0" 200 91726 "-" "Mozilla/5.0 (compatible; AhrefsBot/7.0; +http://ahrefs.com/robot/)"
91.213.188.12 - - [12/Sep/2025:17:52:48 +0700] "POST /xmlrpc.php HTTP/1.0" 200 933 "https://vattusacky.vn" "Mozilla/5.0 (Macintosh; Intel Mac OS X 10.15; rv:126.0) Gecko/20100101 Firefox/126.0"
91.213.188.12 - - [12/Sep/2025:17:52:52 +0700] "POST /wp-login.php HTTP/1.0" 200 11724 "https://vattusacky.vn" "Mozilla/5.0 (Windows NT 10.0; Win64; x64) AppleWebKit/537.36 (KHTML, like Gecko) Chrome/126.0.0.0 Safari/537.36"
103.131.71.164 - - [12/Sep/2025:17:52:53 +0700] "GET /post-sitemap4.xml HTTP/1.0" 200 157863 "-" "Mozilla/5.0 (compatible; coccocbot-web/1.0; +http://help.coccoc.com/searchengine)"
103.131.71.164 - - [12/Sep/2025:17:53:00 +0700] "GET /post-sitemap5.xml HTTP/1.0" 200 159938 "-" "Mozilla/5.0 (compatible; coccocbot-web/1.0; +http://help.coccoc.com/searchengine)"
103.131.71.164 - - [12/Sep/2025:17:53:07 +0700] "GET /post-sitemap6.xml HTTP/1.0" 200 42210 "-" "Mozilla/5.0 (compatible; coccocbot-web/1.0; +http://help.coccoc.com/searchengine)"
103.131.71.164 - - [12/Sep/2025:17:53:14 +0700] "GET /page-sitemap.xml HTTP/1.0" 200 1873 "-" "Mozilla/5.0 (compatible; coccocbot-web/1.0; +http://help.coccoc.com/searchengine)"
45.117.177.72 - - [12/Sep/2025:17:53:22 +0700] "POST /wp-cron.php?doing_wp_cron=1757674402.6242411136627197265625 HTTP/1.0" 200 416 "-" "WordPress/6.8.1; https://vattusacky.vn"
103.131.71.164 - - [12/Sep/2025:17:53:21 +0700] "GET /attachment-sitemap.xml HTTP/1.0" 200 72345 "-" "Mozilla/5.0 (compatible; coccocbot-web/1.0; +http://help.coccoc.com/searchengine)"
103.131.71.164 - - [12/Sep/2025:17:53:29 +0700] "GET /product-sitemap.xml HTTP/1.0" 200 51048 "-" "Mozilla/5.0 (compatible; coccocbot-web/1.0; +http://help.coccoc.com/searchengine)"
54.39.0.136 - - [12/Sep/2025:17:53:32 +0700] "GET /the-impact-of-cultural-factors-on-cosmic-connections-on-omegle/ HTTP/1.0" 200 81340 "-" "Mozilla/5.0 (compatible; AhrefsBot/7.0; +http://ahrefs.com/robot/)"
103.131.71.164 - - [12/Sep/2025:17:53:36 +0700] "GET /category-sitemap.xml HTTP/1.0" 200 24564 "-" "Mozilla/5.0 (compatible; coccocbot-web/1.0; +http://help.coccoc.com/searchengine)"
103.131.71.177 - - [12/Sep/2025:17:53:43 +0700] "GET /post_tag-sitemap.xml HTTP/1.0" 200 12903 "-" "Mozilla/5.0 (compatible; coccocbot-web/1.0; +http://help.coccoc.com/searchengine)"
103.131.71.177 - - [12/Sep/2025:17:53:50 +0700] "GET /product_cat-sitemap.xml HTTP/1.0" 200 8595 "-" "Mozilla/5.0 (compatible; coccocbot-web/1.0; +http://help.coccoc.com/searchengine)"
103.131.71.177 - - [12/Sep/2025:17:53:57 +0700] "GET /product_tag-sitemap.xml HTTP/1.0" 200 28520 "-" "Mozilla/5.0 (compatible; coccocbot-web/1.0; +http://help.coccoc.com/searchengine)"
45.117.177.72 - - [12/Sep/2025:17:54:26 +0700] "POST /wp-cron.php?doing_wp_cron=1757674466.4077339172363281250000 HTTP/1.0" 200 416 "-" "WordPress/6.8.1; https://vattusacky.vn"
15.235.27.48 - - [12/Sep/2025:17:54:24 +0700] "GET /omegle-and-ometv-for-discovering-new-hobbies/ HTTP/1.0" 200 84796 "-" "Mozilla/5.0 (compatible; AhrefsBot/7.0; +http://ahrefs.com/robot/)"
45.117.177.72 - - [12/Sep/2025:17:55:25 +0700] "POST /wp-cron.php?doing_wp_cron=1757674524.8811919689178466796875 HTTP/1.0" 200 416 "-" "WordPress/6.8.1; https://vattusacky.vn"
51.161.37.201 - - [12/Sep/2025:17:55:23 +0700] "GET /exploring-different-communication-styles-on-omegle-adapting-to-your-conversation-partners-needs/ HTTP/1.0" 200 94862 "-" "Mozilla/5.0 (compatible; AhrefsBot/7.0; +http://ahrefs.com/robot/)"
51.161.65.61 - - [12/Sep/2025:17:55:51 +0700] "GET /exchanging-ideas-and-knowledge-on-omegle/ HTTP/1.0" 200 89568 "-" "Mozilla/5.0 (compatible; AhrefsBot/7.0; +http://ahrefs.com/robot/)"
45.117.177.72 - - [12/Sep/2025:17:56:22 +0700] "POST /wp-cron.php?doing_wp_cron=1757674582.3297090530395507812500 HTTP/1.0" 200 416 "-" "WordPress/6.8.1; https://vattusacky.vn"
54.39.0.69 - - [12/Sep/2025:17:56:20 +0700] "GET /omegle-and-ometv-for-getting-feedback-on-creative-work/ HTTP/1.0" 200 90846 "-" "Mozilla/5.0 (compatible; AhrefsBot/7.0; +http://ahrefs.com/robot/)"
142.44.220.71 - - [12/Sep/2025:17:56:52 +0700] "GET /omegle-and-ometv-for-exploring-music-and-art/ HTTP/1.0" 200 89808 "-" "Mozilla/5.0 (compatible; AhrefsBot/7.0; +http://ahrefs.com/robot/)"
45.117.177.72 - - [12/Sep/2025:17:57:20 +0700] "POST /wp-cron.php?doing_wp_cron=1757674640.6152620315551757812500 HTTP/1.0" 200 416 "-" "WordPress/6.8.1; https://vattusacky.vn"
54.39.136.98 - - [12/Sep/2025:17:57:19 +0700] "GET /omegle-for-introverts-finding-comfort-in-virtual-connections/ HTTP/1.0" 200 81422 "-" "Mozilla/5.0 (compatible; AhrefsBot/7.0; +http://ahrefs.com/robot/)"
148.113.130.172 - - [12/Sep/2025:17:57:55 +0700] "GET /uncovering-hidden-gems-through-omegle-conversations/ HTTP/1.0" 200 92021 "-" "Mozilla/5.0 (compatible; AhrefsBot/7.0; +http://ahrefs.com/robot/)"
45.117.177.72 - - [12/Sep/2025:17:58:23 +0700] "POST /wp-cron.php?doing_wp_cron=1757674703.4368760585784912109375 HTTP/1.0" 200 416 "-" "WordPress/6.8.1; https://vattusacky.vn"
15.235.96.120 - - [12/Sep/2025:17:58:22 +0700] "GET /omegle-and-the-changing-dynamics-of-friendship/ HTTP/1.0" 200 91079 "-" "Mozilla/5.0 (compatible; AhrefsBot/7.0; +http://ahrefs.com/robot/)"
107.170.66.27 - - [12/Sep/2025:17:58:30 +0700] "POST /xmlrpc.php HTTP/1.0" 200 933 "https://vattusacky.vn" "Mozilla/5.0 (Macintosh; Intel Mac OS X 10_15_7; rv:128.0) Gecko/20100101 Firefox/128.0"
107.170.66.27 - - [12/Sep/2025:17:58:34 +0700] "POST /wp-login.php HTTP/1.0" 200 11592 "https://vattusacky.vn" "Mozilla/5.0 (Windows NT 10.0; Win64; x64) AppleWebKit/537.36 (KHTML, like Gecko) Chrome/113.0.5672.126 Safari/537.36 Edg/113.0.1774.50"
54.39.136.156 - - [12/Sep/2025:17:58:50 +0700] "GET /uncovering-the-hidden-hazards-of-omegle-protecting-your-privacy/ HTTP/1.0" 200 89217 "-" "Mozilla/5.0 (compatible; AhrefsBot/7.0; +http://ahrefs.com/robot/)"
147.182.243.3 - - [12/Sep/2025:17:58:52 +0700] "POST /xmlrpc.php HTTP/1.0" 200 956 "-" "Mozilla/5.0 (Windows NT 10.0; Win64; x64; rv:46.0) Gecko/20100101 Firefox/46.0"
45.117.177.72 - - [12/Sep/2025:17:59:24 +0700] "POST /wp-cron.php?doing_wp_cron=1757674763.7588050365447998046875 HTTP/1.0" 200 416 "-" "WordPress/6.8.1; https://vattusacky.vn"
167.114.139.4 - - [12/Sep/2025:17:59:22 +0700] "GET /omegle-and-the-evolution-of-online-communication/ HTTP/1.0" 200 91743 "-" "Mozilla/5.0 (compatible; AhrefsBot/7.0; +http://ahrefs.com/robot/)"
15.235.98.2 - - [12/Sep/2025:17:59:50 +0700] "GET /omegle-adventures-beyond-the-screen-into-anonymous-realms/ HTTP/1.0" 200 91723 "-" "Mozilla/5.0 (compatible; AhrefsBot/7.0; +http://ahrefs.com/robot/)"
45.117.177.72 - - [12/Sep/2025:18:00:22 +0700] "POST /wp-cron.php?doing_wp_cron=1757674822.7546529769897460937500 HTTP/1.0" 200 416 "-" "WordPress/6.8.1; https://vattusacky.vn"
15.235.96.97 - - [12/Sep/2025:18:00:21 +0700] "GET /omegle-as-a-platform-for-political-discourse-and-activism/ HTTP/1.0" 200 92906 "-" "Mozilla/5.0 (compatible; AhrefsBot/7.0; +http://ahrefs.com/robot/)"
54.39.0.111 - - [12/Sep/2025:18:00:43 +0700] "GET /omegles-impact-on-the-dating-scene/ HTTP/1.0" 200 90893 "-" "Mozilla/5.0 (compatible; AhrefsBot/7.0; +http://ahrefs.com/robot/)"
45.117.177.72 - - [12/Sep/2025:18:01:18 +0700] "POST /wp-cron.php?doing_wp_cron=1757674878.0672359466552734375000 HTTP/1.0" 200 416 "-" "WordPress/6.8.1; https://vattusacky.vn"
167.114.139.41 - - [12/Sep/2025:18:01:16 +0700] "GET /navigating-controversial-topics-on-omegle-promoting-productive-discussions/ HTTP/1.0" 200 92475 "-" "Mozilla/5.0 (compatible; AhrefsBot/7.0; +http://ahrefs.com/robot/)"
216.244.66.237 - - [12/Sep/2025:18:01:44 +0700] "GET /robots.txt HTTP/1.0" 200 984 "-" "Mozilla/5.0 (compatible; DotBot/1.2; +https://opensiteexplorer.org/dotbot; help@moz.com)"
54.39.210.185 - - [12/Sep/2025:18:01:48 +0700] "GET /navigating-language-challenges-on-omegle-and-ometv/ HTTP/1.0" 200 92769 "-" "Mozilla/5.0 (compatible; AhrefsBot/7.0; +http://ahrefs.com/robot/)"
45.117.177.72 - - [12/Sep/2025:18:02:23 +0700] "POST /wp-cron.php?doing_wp_cron=1757674943.7079648971557617187500 HTTP/1.0" 200 416 "-" "WordPress/6.8.1; https://vattusacky.vn"
148.113.128.20 - - [12/Sep/2025:18:02:22 +0700] "GET /navigating-the-complexity-of-love-in-omelove-stories/ HTTP/1.0" 200 88755 "-" "Mozilla/5.0 (compatible; AhrefsBot/7.0; +http://ahrefs.com/robot/)"
54.39.210.56 - - [12/Sep/2025:18:02:43 +0700] "GET /setting-boundaries-establishing-privacy-on-omegle/ HTTP/1.0" 200 89623 "-" "Mozilla/5.0 (compatible; AhrefsBot/7.0; +http://ahrefs.com/robot/)"
54.39.6.223 - - [12/Sep/2025:18:03:03 +0700] "GET /introduction-to-omegle-the-serendipitous-chatting-platform/ HTTP/1.0" 200 90119 "-" "Mozilla/5.0 (compatible; AhrefsBot/7.0; +http://ahrefs.com/robot/)"
45.117.177.72 - - [12/Sep/2025:18:03:22 +0700] "POST /wp-cron.php?doing_wp_cron=1757675002.2427949905395507812500 HTTP/1.0" 200 416 "-" "WordPress/6.8.1; https://vattusacky.vn"
4.227.36.85 - - [12/Sep/2025:18:03:20 +0700] "GET /robots.txt HTTP/1.0" 200 984 "-" "Mozilla/5.0 AppleWebKit/537.36 (KHTML, like Gecko; compatible; GPTBot/1.2; +https://openai.com/gptbot)"
167.114.139.183 - - [12/Sep/2025:18:03:30 +0700] "GET /trust-and-vulnerability-nurturing-intimacy-on-omegle/ HTTP/1.0" 200 89075 "-" "Mozilla/5.0 (compatible; AhrefsBot/7.0; +http://ahrefs.com/robot/)"
15.235.27.235 - - [12/Sep/2025:18:03:58 +0700] "GET /journey-into-omegle-artistry-exploring-collaborative-stories/ HTTP/1.0" 200 90982 "-" "Mozilla/5.0 (compatible; AhrefsBot/7.0; +http://ahrefs.com/robot/)"
45.117.177.72 - - [12/Sep/2025:18:04:27 +0700] "POST /wp-cron.php?doing_wp_cron=1757675067.6239690780639648437500 HTTP/1.0" 200 416 "-" "WordPress/6.8.1; https://vattusacky.vn"
116.203.243.67 - - [12/Sep/2025:18:04:26 +0700] "POST /xmlrpc.php HTTP/1.0" 200 956 "https://vattusacky.vn" "Mozilla/5.0 (Macintosh; Intel Mac OS X 10_15_7; rv:127.0) Gecko/20100101 Firefox/127.0"
116.203.243.67 - - [12/Sep/2025:18:04:29 +0700] "POST /wp-login.php HTTP/1.0" 200 11592 "https://vattusacky.vn" "Mozilla/5.0 (Macintosh; Intel Mac OS X 10_15_7) AppleWebKit/537.36 (KHTML, like Gecko) Chrome/113.0.5672.93 Safari/537.36"
51.222.168.169 - - [12/Sep/2025:18:04:31 +0700] "GET /omegle-and-ometv-how-anonymous-chatting-apps-affect-mental-health/ HTTP/1.0" 200 91021 "-" "Mozilla/5.0 (compatible; AhrefsBot/7.0; +http://ahrefs.com/robot/)"
54.39.203.142 - - [12/Sep/2025:18:05:04 +0700] "GET /san-pham/palintest-_may-do-chat-luong-nuoc-da-chi-tieu-cam-tay/ HTTP/1.0" 200 321275 "-" "Mozilla/5.0 (compatible; AhrefsBot/7.0; +http://ahrefs.com/robot/)"
45.117.177.72 - - [12/Sep/2025:18:05:34 +0700] "POST /wp-cron.php?doing_wp_cron=1757675134.1198070049285888671875 HTTP/1.0" 200 416 "-" "WordPress/6.8.1; https://vattusacky.vn"
54.39.6.116 - - [12/Sep/2025:18:05:32 +0700] "GET /language-barriers-on-omegle/ HTTP/1.0" 200 91560 "-" "Mozilla/5.0 (compatible; AhrefsBot/7.0; +http://ahrefs.com/robot/)"
15.235.27.27 - - [12/Sep/2025:18:05:59 +0700] "GET /pros-and-cons-of-omegle/ HTTP/1.0" 200 86850 "-" "Mozilla/5.0 (compatible; AhrefsBot/7.0; +http://ahrefs.com/robot/)"
185.191.171.2 - - [12/Sep/2025:18:06:13 +0700] "GET /since-1985-red-butte-backyard-has-provided-a-serene-escape-for-daters-in-utah/ HTTP/1.0" 200 215898 "-" "Mozilla/5.0 (compatible; SemrushBot/7~bl; +http://www.semrush.com/bot.html)"
45.117.177.72 - - [12/Sep/2025:18:06:31 +0700] "POST /wp-cron.php?doing_wp_cron=1757675190.7160019874572753906250 HTTP/1.0" 200 416 "-" "WordPress/6.8.1; https://vattusacky.vn"
15.235.98.144 - - [12/Sep/2025:18:06:29 +0700] "GET /exploring-the-ethical-implications-of-omegles-random-chats/ HTTP/1.0" 200 90781 "-" "Mozilla/5.0 (compatible; AhrefsBot/7.0; +http://ahrefs.com/robot/)"
54.39.0.168 - - [12/Sep/2025:18:06:52 +0700] "GET /category/how-much-is-a-mail-order-bride/ HTTP/1.0" 200 58998 "-" "Mozilla/5.0 (compatible; AhrefsBot/7.0; +http://ahrefs.com/robot/)"
45.117.177.72 - - [12/Sep/2025:18:07:25 +0700] "POST /wp-cron.php?doing_wp_cron=1757675244.8407399654388427734375 HTTP/1.0" 200 416 "-" "WordPress/6.8.1; https://vattusacky.vn"
142.44.228.10 - - [12/Sep/2025:18:07:23 +0700] "GET /overcoming-language-barriers-in-omegles-social-experiment/ HTTP/1.0" 200 84628 "-" "Mozilla/5.0 (compatible; AhrefsBot/7.0; +http://ahrefs.com/robot/)"
15.235.96.34 - - [12/Sep/2025:18:07:41 +0700] "GET /overcoming-language-barriers-in-omegles-social-experiment/ HTTP/1.0" 200 84628 "-" "Mozilla/5.0 (compatible; AhrefsBot/7.0; +http://ahrefs.com/robot/)"
54.39.0.252 - - [12/Sep/2025:18:07:46 +0700] "GET /online-friendships-on-omegle/ HTTP/1.0" 200 90066 "-" "Mozilla/5.0 (compatible; AhrefsBot/7.0; +http://ahrefs.com/robot/)"
54.39.0.65 - - [12/Sep/2025:18:08:09 +0700] "GET /the-ethics-of-serendipity-balancing-privacy-and-connection-on-omegle-and-ometv/ HTTP/1.0" 200 91664 "-" "Mozilla/5.0 (compatible; AhrefsBot/7.0; +http://ahrefs.com/robot/)"
45.117.177.72 - - [12/Sep/2025:18:08:36 +0700] "POST /wp-cron.php?doing_wp_cron=1757675316.5509040355682373046875 HTTP/1.0" 200 416 "-" "WordPress/6.8.1; https://vattusacky.vn"
51.161.37.104 - - [12/Sep/2025:18:08:35 +0700] "GET /the-evolution-of-omegle-from-casual-chat-to-meaningful-connection/ HTTP/1.0" 200 91669 "-" "Mozilla/5.0 (compatible; AhrefsBot/7.0; +http://ahrefs.com/robot/)"
45.117.177.72 - - [12/Sep/2025:18:08:55 +0700] "POST /wp-cron.php?doing_wp_cron=1757675335.2929720878601074218750 HTTP/1.0" 200 416 "-" "WordPress/6.8.1; https://vattusacky.vn"
198.7.120.171 - - [12/Sep/2025:18:08:51 +0700] "GET /file-manager/ckeditor HTTP/1.0" 404 70812 "-" "Mozilla/5.0 (Windows NT 10.0; Win64; x64) AppleWebKit/537.36 (KHTML, like Gecko) Chrome/129.0.6668.71 Safari/537.36"
148.113.128.12 - - [12/Sep/2025:18:09:01 +0700] "GET /privacy-concerns-on-omegle-understanding-the-risks-and-how-to-stay-protected/ HTTP/1.0" 200 91367 "-" "Mozilla/5.0 (compatible; AhrefsBot/7.0; +http://ahrefs.com/robot/)"
176.46.138.150 - - [12/Sep/2025:18:09:08 +0700] "GET / HTTP/1.0" 200 60070 "http://vattusacky.vn" "Go-http-client/2.0"
176.46.138.150 - - [12/Sep/2025:18:09:11 +0700] "GET /wp-includes/js/dist/hooks.min.js?ver=4d63a3d491d11ffd8ac6 HTTP/1.0" 200 421 "-" "Go-http-client/2.0"
176.46.138.150 - - [12/Sep/2025:18:09:12 +0700] "GET /wp-includes/js/dist/i18n.min.js?ver=5e580eb46a90c2b997e6 HTTP/1.0" 200 420 "-" "Go-http-client/2.0"
45.117.177.72 - - [12/Sep/2025:18:09:19 +0700] "POST /wp-cron.php?doing_wp_cron=1757675359.3299589157104492187500 HTTP/1.0" 200 416 "-" "WordPress/6.8.1; https://vattusacky.vn"
176.46.138.150 - - [12/Sep/2025:18:09:12 +0700] "GET /.git/config HTTP/1.0" 404 34143 "http://vattusacky.vn/.git/config" "Go-http-client/2.0"
176.46.138.150 - - [12/Sep/2025:18:09:20 +0700] "GET /test2.php HTTP/1.0" 403 570 "http://vattusacky.vn/test2.php" "Go-http-client/2.0"
176.46.138.150 - - [12/Sep/2025:18:09:20 +0700] "GET /frontend_dev.php/$ HTTP/1.0" 403 579 "http://vattusacky.vn/frontend_dev.php/$" "Go-http-client/2.0"
176.46.138.150 - - [12/Sep/2025:18:09:20 +0700] "GET /test1.php HTTP/1.0" 403 570 "http://vattusacky.vn/test1.php" "Go-http-client/2.0"
176.46.138.150 - - [12/Sep/2025:18:09:20 +0700] "GET /time.php HTTP/1.0" 403 569 "http://vattusacky.vn/time.php" "Go-http-client/2.0"
176.46.138.150 - - [12/Sep/2025:18:09:20 +0700] "GET /infophp.php HTTP/1.0" 403 572 "http://vattusacky.vn/infophp.php" "Go-http-client/2.0"
176.46.138.150 - - [12/Sep/2025:18:09:20 +0700] "GET /phpinfo.php5 HTTP/1.0" 403 573 "http://vattusacky.vn/phpinfo.php5" "Go-http-client/2.0"
176.46.138.150 - - [12/Sep/2025:18:09:20 +0700] "GET /temp.php HTTP/1.0" 403 569 "http://vattusacky.vn/temp.php" "Go-http-client/2.0"
176.46.138.150 - - [12/Sep/2025:18:09:20 +0700] "GET /info.php HTTP/1.0" 403 569 "http://vattusacky.vn/info.php" "Go-http-client/2.0"
176.46.138.150 - - [12/Sep/2025:18:09:20 +0700] "GET /app_dev.php/_profiler/phpinfo HTTP/1.0" 403 590 "http://vattusacky.vn/app_dev.php/_profiler/phpinfo" "Go-http-client/2.0"
176.46.138.150 - - [12/Sep/2025:18:09:20 +0700] "GET /test.php HTTP/1.0" 403 569 "http://vattusacky.vn/test.php" "Go-http-client/2.0"
176.46.138.150 - - [12/Sep/2025:18:09:20 +0700] "GET /asdf.php HTTP/1.0" 403 569 "http://vattusacky.vn/asdf.php" "Go-http-client/2.0"
176.46.138.150 - - [12/Sep/2025:18:09:20 +0700] "GET /phpversion.php HTTP/1.0" 403 575 "http://vattusacky.vn/phpversion.php" "Go-http-client/2.0"
176.46.138.150 - - [12/Sep/2025:18:09:20 +0700] "GET /old_phpinfo.php HTTP/1.0" 403 576 "http://vattusacky.vn/old_phpinfo.php" "Go-http-client/2.0"
176.46.138.150 - - [12/Sep/2025:18:09:20 +0700] "GET /php_info.php HTTP/1.0" 403 573 "http://vattusacky.vn/php_info.php" "Go-http-client/2.0"
176.46.138.150 - - [12/Sep/2025:18:09:20 +0700] "GET /php-info.php HTTP/1.0" 403 573 "http://vattusacky.vn/php-info.php" "Go-http-client/2.0"
176.46.138.150 - - [12/Sep/2025:18:09:20 +0700] "GET /infos.php HTTP/1.0" 403 570 "http://vattusacky.vn/infos.php" "Go-http-client/2.0"
176.46.138.150 - - [12/Sep/2025:18:09:20 +0700] "GET /i.php HTTP/1.0" 403 566 "http://vattusacky.vn/i.php" "Go-http-client/2.0"
176.46.138.150 - - [12/Sep/2025:18:09:20 +0700] "GET /linusadmin-phpinfo.php HTTP/1.0" 403 583 "http://vattusacky.vn/linusadmin-phpinfo.php" "Go-http-client/2.0"
176.46.138.150 - - [12/Sep/2025:18:09:21 +0700] "GET /phpinfo.php HTTP/1.0" 403 572 "http://vattusacky.vn/phpinfo.php" "Go-http-client/2.0"
18.215.49.176 - - [12/Sep/2025:18:09:16 +0700] "GET /san-pham/wsl25-kiem-tra-vi-sinh/ HTTP/1.0" 200 120591 "-" "Mozilla/5.0 AppleWebKit/537.36 (KHTML, like Gecko; compatible; Amazonbot/0.1; +https://developer.amazon.com/support/amazonbot) Chrome/119.0.6045.214 Safari/537.36"
176.46.138.150 - - [12/Sep/2025:18:09:26 +0700] "GET /pinfo.php HTTP/1.0" 403 570 "http://vattusacky.vn/pinfo.php" "Go-http-client/2.0"
176.46.138.150 - - [12/Sep/2025:18:09:20 +0700] "GET /config/paths.php HTTP/1.0" 503 6963 "http://vattusacky.vn/config/paths.php" "Go-http-client/2.0"
176.46.138.150 - - [12/Sep/2025:18:09:20 +0700] "GET /config/routes.php HTTP/1.0" 503 6963 "http://vattusacky.vn/config/routes.php" "Go-http-client/2.0"
176.46.138.150 - - [12/Sep/2025:18:09:20 +0700] "GET /application/config/profiler.php HTTP/1.0" 404 25930 "http://vattusacky.vn/application/config/profiler.php" "Go-http-client/2.0"
176.46.138.150 - - [12/Sep/2025:18:09:20 +0700] "GET /.wp-config.php.swp HTTP/1.0" 503 6963 "http://vattusacky.vn/.wp-config.php.swp" "Go-http-client/2.0"
176.46.138.150 - - [12/Sep/2025:18:09:20 +0700] "GET /appsettings.Test.json HTTP/1.0" 503 6963 "http://vattusacky.vn/appsettings.Test.json" "Go-http-client/2.0"
176.46.138.150 - - [12/Sep/2025:18:09:20 +0700] "GET /application/config/hooks.php HTTP/1.0" 503 6963 "http://vattusacky.vn/application/config/hooks.php" "Go-http-client/2.0"
176.46.138.150 - - [12/Sep/2025:18:09:20 +0700] "GET /config/autoload/local.php HTTP/1.0" 503 6963 "http://vattusacky.vn/config/autoload/local.php" "Go-http-client/2.0"
3.208.156.9 - - [12/Sep/2025:18:09:20 +0700] "GET /the/do-clo-trong-nuoc/ HTTP/1.0" 200 8462 "-" "Mozilla/5.0 AppleWebKit/537.36 (KHTML, like Gecko; compatible; Amazonbot/0.1; +https://developer.amazon.com/support/amazonbot) Chrome/119.0.6045.214 Safari/537.36"
176.46.138.150 - - [12/Sep/2025:18:09:20 +0700] "GET /manifest.json HTTP/1.0" 503 6963 "http://vattusacky.vn/manifest.json" "Go-http-client/2.0"
176.46.138.150 - - [12/Sep/2025:18:09:20 +0700] "GET /config/view.php HTTP/1.0" 503 6963 "http://vattusacky.vn/config/view.php" "Go-http-client/2.0"
176.46.138.150 - - [12/Sep/2025:18:09:20 +0700] "GET /config/mail.php HTTP/1.0" 503 6963 "http://vattusacky.vn/config/mail.php" "Go-http-client/2.0"
176.46.138.150 - - [12/Sep/2025:18:09:20 +0700] "GET /application/config/autoload.php HTTP/1.0" 503 6963 "http://vattusacky.vn/application/config/autoload.php" "Go-http-client/2.0"
176.46.138.150 - - [12/Sep/2025:18:09:20 +0700] "GET /config/module.config.php HTTP/1.0" 503 6963 "http://vattusacky.vn/config/module.config.php" "Go-http-client/2.0"
176.46.138.150 - - [12/Sep/2025:18:09:20 +0700] "GET /install/index.php HTTP/1.0" 301 664 "http://vattusacky.vn/install/index.php" "Go-http-client/2.0"
176.46.138.150 - - [12/Sep/2025:18:09:20 +0700] "GET /application/config/config.php HTTP/1.0" 503 6963 "http://vattusacky.vn/application/config/config.php" "Go-http-client/2.0"
176.46.138.150 - - [12/Sep/2025:18:09:20 +0700] "GET /config/aws.yml HTTP/1.0" 503 6963 "http://vattusacky.vn/config/aws.yml" "Go-http-client/2.0"
176.46.138.150 - - [12/Sep/2025:18:09:20 +0700] "GET /application/config/database.php HTTP/1.0" 503 6963 "http://vattusacky.vn/application/config/database.php" "Go-http-client/2.0"
176.46.138.150 - - [12/Sep/2025:18:09:20 +0700] "GET /config/bootstrap.php HTTP/1.0" 503 6963 "http://vattusacky.vn/config/bootstrap.php" "Go-http-client/2.0"
176.46.138.150 - - [12/Sep/2025:18:09:20 +0700] "GET /config/dev.json HTTP/1.0" 503 6963 "http://vattusacky.vn/config/dev.json" "Go-http-client/2.0"
176.46.138.150 - - [12/Sep/2025:18:09:20 +0700] "GET /config/php.ini HTTP/1.0" 503 6963 "http://vattusacky.vn/config/php.ini" "Go-http-client/2.0"
176.46.138.150 - - [12/Sep/2025:18:09:20 +0700] "GET /application/config/mimes.php HTTP/1.0" 503 6963 "http://vattusacky.vn/application/config/mimes.php" "Go-http-client/2.0"
176.46.138.150 - - [12/Sep/2025:18:09:20 +0700] "GET /_profiler/phpinfo.php HTTP/1.0" 503 6963 "http://vattusacky.vn/_profiler/phpinfo.php" "Go-http-client/2.0"
176.46.138.150 - - [12/Sep/2025:18:09:20 +0700] "GET /.env HTTP/1.0" 503 6963 "http://vattusacky.vn/.env" "Go-http-client/2.0"
176.46.138.150 - - [12/Sep/2025:18:09:20 +0700] "GET /config/default.json HTTP/1.0" 503 6963 "http://vattusacky.vn/config/default.json" "Go-http-client/2.0"
176.46.138.150 - - [12/Sep/2025:18:09:20 +0700] "GET /public/client/planinfo HTTP/1.0" 503 6963 "http://vattusacky.vn/public/client/planinfo" "Go-http-client/2.0"
176.46.138.150 - - [12/Sep/2025:18:09:20 +0700] "GET /appsettings.QA.json HTTP/1.0" 503 6963 "http://vattusacky.vn/appsettings.QA.json" "Go-http-client/2.0"
176.46.138.150 - - [12/Sep/2025:18:09:20 +0700] "GET /application/config/encryption.php HTTP/1.0" 503 6963 "http://vattusacky.vn/application/config/encryption.php" "Go-http-client/2.0"
176.46.138.150 - - [12/Sep/2025:18:09:20 +0700] "GET /config/session.php HTTP/1.0" 503 6963 "http://vattusacky.vn/config/session.php" "Go-http-client/2.0"
176.46.138.150 - - [12/Sep/2025:18:09:20 +0700] "GET /config/config.php HTTP/1.0" 503 6963 "http://vattusacky.vn/config/config.php" "Go-http-client/2.0"
176.46.138.150 - - [12/Sep/2025:18:09:20 +0700] "GET /config/test.config.php HTTP/1.0" 503 6963 "http://vattusacky.vn/config/test.config.php" "Go-http-client/2.0"
176.46.138.150 - - [12/Sep/2025:18:09:20 +0700] "GET /.vscode/settings.json HTTP/1.0" 503 6963 "http://vattusacky.vn/.vscode/settings.json" "Go-http-client/2.0"
176.46.138.150 - - [12/Sep/2025:18:09:20 +0700] "GET /application/config/doctypes.php HTTP/1.0" 503 6963 "http://vattusacky.vn/application/config/doctypes.php" "Go-http-client/2.0"
176.46.138.150 - - [12/Sep/2025:18:09:20 +0700] "GET /application/config/migration.php HTTP/1.0" 503 6963 "http://vattusacky.vn/application/config/migration.php" "Go-http-client/2.0"
176.46.138.150 - - [12/Sep/2025:18:09:20 +0700] "GET /login/index.php HTTP/1.0" 301 662 "http://vattusacky.vn/login/index.php" "Go-http-client/2.0"
176.46.138.150 - - [12/Sep/2025:18:09:20 +0700] "GET /index.php/phpinfo HTTP/1.0" 301 663 "http://vattusacky.vn/index.php/phpinfo" "Go-http-client/2.0"
176.46.138.150 - - [12/Sep/2025:18:09:20 +0700] "GET /tsconfig.app.json HTTP/1.0" 503 6963 "http://vattusacky.vn/tsconfig.app.json" "Go-http-client/2.0"
176.46.138.150 - - [12/Sep/2025:18:09:20 +0700] "GET /api/config/tsconfig.json HTTP/1.0" 503 6963 "http://vattusacky.vn/api/config/tsconfig.json" "Go-http-client/2.0"
176.46.138.150 - - [12/Sep/2025:18:09:20 +0700] "GET /src/config/config.json HTTP/1.0" 503 6963 "http://vattusacky.vn/src/config/config.json" "Go-http-client/2.0"
176.46.138.150 - - [12/Sep/2025:18:09:20 +0700] "GET /config/development.config.php HTTP/1.0" 503 6963 "http://vattusacky.vn/config/development.config.php" "Go-http-client/2.0"
176.46.138.150 - - [12/Sep/2025:18:09:20 +0700] "GET /config/security.config.php HTTP/1.0" 503 6963 "http://vattusacky.vn/config/security.config.php" "Go-http-client/2.0"
176.46.138.150 - - [12/Sep/2025:18:09:20 +0700] "GET /config/daemon.json HTTP/1.0" 503 6963 "http://vattusacky.vn/config/daemon.json" "Go-http-client/2.0"
176.46.138.150 - - [12/Sep/2025:18:09:20 +0700] "GET /config/development.json HTTP/1.0" 503 6963 "http://vattusacky.vn/config/development.json" "Go-http-client/2.0"
176.46.138.150 - - [12/Sep/2025:18:09:20 +0700] "GET /_profiler/phpinfo HTTP/1.0" 503 6963 "http://vattusacky.vn/_profiler/phpinfo" "Go-http-client/2.0"
176.46.138.150 - - [12/Sep/2025:18:09:20 +0700] "GET /config/requirements.php HTTP/1.0" 503 6963 "http://vattusacky.vn/config/requirements.php" "Go-http-client/2.0"
