15.235.98.102 - - [12/Sep/2025:20:25:36 +0700] "GET /looking-for-arrangements-review/ HTTP/1.0" 200 208321 "-" "Mozilla/5.0 (compatible; AhrefsBot/7.0; +http://ahrefs.com/robot/)"
196.251.71.181 - - [12/Sep/2025:20:25:36 +0700] "POST //xmlrpc.php HTTP/1.0" 200 954 "-" "Mozilla/5.0 (Windows NT 10.0; Win64; x64) AppleWebKit/537.36 (KHTML, like Gecko) Chrome/89.0.4389.114 Safari/537.36"
196.251.71.181 - - [12/Sep/2025:20:25:38 +0700] "POST //xmlrpc.php HTTP/1.0" 200 954 "-" "Mozilla/5.0 (Windows NT 10.0; Win64; x64) AppleWebKit/537.36 (KHTML, like Gecko) Chrome/89.0.4389.114 Safari/537.36"
196.251.71.181 - - [12/Sep/2025:20:25:40 +0700] "POST //xmlrpc.php HTTP/1.0" 200 954 "-" "Mozilla/5.0 (Windows NT 10.0; Win64; x64) AppleWebKit/537.36 (KHTML, like Gecko) Chrome/89.0.4389.114 Safari/537.36"
196.251.71.181 - - [12/Sep/2025:20:25:42 +0700] "POST //xmlrpc.php HTTP/1.0" 200 954 "-" "Mozilla/5.0 (Windows NT 10.0; Win64; x64) AppleWebKit/537.36 (KHTML, like Gecko) Chrome/89.0.4389.114 Safari/537.36"
196.251.71.181 - - [12/Sep/2025:20:25:43 +0700] "POST //xmlrpc.php HTTP/1.0" 200 954 "-" "Mozilla/5.0 (Windows NT 10.0; Win64; x64) AppleWebKit/537.36 (KHTML, like Gecko) Chrome/89.0.4389.114 Safari/537.36"
196.251.71.181 - - [12/Sep/2025:20:25:45 +0700] "POST //xmlrpc.php HTTP/1.0" 200 954 "-" "Mozilla/5.0 (Windows NT 10.0; Win64; x64) AppleWebKit/537.36 (KHTML, like Gecko) Chrome/89.0.4389.114 Safari/537.36"
93.89.232.2 - - [12/Sep/2025:20:25:45 +0700] "POST /xmlrpc.php HTTP/1.0" 200 956 "https://vattusacky.vn" "Mozilla/5.0 (Windows NT 10.0; Win64; x64) AppleWebKit/537.36 (KHTML, like Gecko) Chrome/112.0.5615.138 Safari/537.36"
196.251.71.181 - - [12/Sep/2025:20:25:47 +0700] "POST //xmlrpc.php HTTP/1.0" 200 954 "-" "Mozilla/5.0 (Windows NT 10.0; Win64; x64) AppleWebKit/537.36 (KHTML, like Gecko) Chrome/89.0.4389.114 Safari/537.36"
93.89.232.2 - - [12/Sep/2025:20:25:48 +0700] "POST /wp-login.php HTTP/1.0" 200 11729 "https://vattusacky.vn" "Mozilla/5.0 (Windows NT 11.0; Win64; x64; rv:126.0) Gecko/20100101 Firefox/126.0"
185.191.171.10 - - [12/Sep/2025:20:25:48 +0700] "GET /writing-assistance-for-research-papers/ HTTP/1.0" 200 207072 "-" "Mozilla/5.0 (compatible; SemrushBot/7~bl; +http://www.semrush.com/bot.html)"
196.251.71.181 - - [12/Sep/2025:20:25:48 +0700] "POST //xmlrpc.php HTTP/1.0" 200 954 "-" "Mozilla/5.0 (Windows NT 10.0; Win64; x64) AppleWebKit/537.36 (KHTML, like Gecko) Chrome/89.0.4389.114 Safari/537.36"
196.251.71.181 - - [12/Sep/2025:20:25:50 +0700] "POST //xmlrpc.php HTTP/1.0" 200 954 "-" "Mozilla/5.0 (Windows NT 10.0; Win64; x64) AppleWebKit/537.36 (KHTML, like Gecko) Chrome/89.0.4389.114 Safari/537.36"
196.251.71.181 - - [12/Sep/2025:20:25:52 +0700] "POST //xmlrpc.php HTTP/1.0" 200 954 "-" "Mozilla/5.0 (Windows NT 10.0; Win64; x64) AppleWebKit/537.36 (KHTML, like Gecko) Chrome/89.0.4389.114 Safari/537.36"
196.251.71.181 - - [12/Sep/2025:20:25:53 +0700] "POST //xmlrpc.php HTTP/1.0" 200 954 "-" "Mozilla/5.0 (Windows NT 10.0; Win64; x64) AppleWebKit/537.36 (KHTML, like Gecko) Chrome/89.0.4389.114 Safari/537.36"
196.251.71.181 - - [12/Sep/2025:20:25:55 +0700] "POST //xmlrpc.php HTTP/1.0" 200 954 "-" "Mozilla/5.0 (Windows NT 10.0; Win64; x64) AppleWebKit/537.36 (KHTML, like Gecko) Chrome/89.0.4389.114 Safari/537.36"
196.251.71.181 - - [12/Sep/2025:20:25:57 +0700] "POST //xmlrpc.php HTTP/1.0" 200 954 "-" "Mozilla/5.0 (Windows NT 10.0; Win64; x64) AppleWebKit/537.36 (KHTML, like Gecko) Chrome/89.0.4389.114 Safari/537.36"
196.251.71.181 - - [12/Sep/2025:20:25:58 +0700] "POST //xmlrpc.php HTTP/1.0" 200 954 "-" "Mozilla/5.0 (Windows NT 10.0; Win64; x64) AppleWebKit/537.36 (KHTML, like Gecko) Chrome/89.0.4389.114 Safari/537.36"
196.251.71.181 - - [12/Sep/2025:20:26:00 +0700] "POST //xmlrpc.php HTTP/1.0" 200 954 "-" "Mozilla/5.0 (Windows NT 10.0; Win64; x64) AppleWebKit/537.36 (KHTML, like Gecko) Chrome/89.0.4389.114 Safari/537.36"
196.251.71.181 - - [12/Sep/2025:20:26:02 +0700] "POST //xmlrpc.php HTTP/1.0" 200 954 "-" "Mozilla/5.0 (Windows NT 10.0; Win64; x64) AppleWebKit/537.36 (KHTML, like Gecko) Chrome/89.0.4389.114 Safari/537.36"
196.251.71.181 - - [12/Sep/2025:20:26:03 +0700] "POST //xmlrpc.php HTTP/1.0" 200 954 "-" "Mozilla/5.0 (Windows NT 10.0; Win64; x64) AppleWebKit/537.36 (KHTML, like Gecko) Chrome/89.0.4389.114 Safari/537.36"
196.251.71.181 - - [12/Sep/2025:20:26:05 +0700] "POST //xmlrpc.php HTTP/1.0" 200 954 "-" "Mozilla/5.0 (Windows NT 10.0; Win64; x64) AppleWebKit/537.36 (KHTML, like Gecko) Chrome/89.0.4389.114 Safari/537.36"
196.251.71.181 - - [12/Sep/2025:20:26:06 +0700] "POST //xmlrpc.php HTTP/1.0" 200 954 "-" "Mozilla/5.0 (Windows NT 10.0; Win64; x64) AppleWebKit/537.36 (KHTML, like Gecko) Chrome/89.0.4389.114 Safari/537.36"
196.251.71.181 - - [12/Sep/2025:20:26:08 +0700] "POST //xmlrpc.php HTTP/1.0" 200 954 "-" "Mozilla/5.0 (Windows NT 10.0; Win64; x64) AppleWebKit/537.36 (KHTML, like Gecko) Chrome/89.0.4389.114 Safari/537.36"
196.251.71.181 - - [12/Sep/2025:20:26:10 +0700] "POST //xmlrpc.php HTTP/1.0" 200 954 "-" "Mozilla/5.0 (Windows NT 10.0; Win64; x64) AppleWebKit/537.36 (KHTML, like Gecko) Chrome/89.0.4389.114 Safari/537.36"
196.251.71.181 - - [12/Sep/2025:20:26:11 +0700] "POST //xmlrpc.php HTTP/1.0" 200 954 "-" "Mozilla/5.0 (Windows NT 10.0; Win64; x64) AppleWebKit/537.36 (KHTML, like Gecko) Chrome/89.0.4389.114 Safari/537.36"
54.39.89.150 - - [12/Sep/2025:20:26:12 +0700] "GET /omegle-artistry-and-community-fostering-connections-in-the-digital-space/ HTTP/1.0" 200 91891 "-" "Mozilla/5.0 (compatible; AhrefsBot/7.0; +http://ahrefs.com/robot/)"
196.251.71.181 - - [12/Sep/2025:20:26:13 +0700] "POST //xmlrpc.php HTTP/1.0" 200 954 "-" "Mozilla/5.0 (Windows NT 10.0; Win64; x64) AppleWebKit/537.36 (KHTML, like Gecko) Chrome/89.0.4389.114 Safari/537.36"
196.251.71.181 - - [12/Sep/2025:20:26:15 +0700] "POST //xmlrpc.php HTTP/1.0" 200 954 "-" "Mozilla/5.0 (Windows NT 10.0; Win64; x64) AppleWebKit/537.36 (KHTML, like Gecko) Chrome/89.0.4389.114 Safari/537.36"
45.117.177.72 - - [12/Sep/2025:20:26:17 +0700] "POST /wp-cron.php?doing_wp_cron=1757683577.9508759975433349609375 HTTP/1.0" 200 416 "-" "WordPress/6.8.1; https://vattusacky.vn"
196.251.71.181 - - [12/Sep/2025:20:26:16 +0700] "POST //xmlrpc.php HTTP/1.0" 200 954 "-" "Mozilla/5.0 (Windows NT 10.0; Win64; x64) AppleWebKit/537.36 (KHTML, like Gecko) Chrome/89.0.4389.114 Safari/537.36"
196.251.71.181 - - [12/Sep/2025:20:26:18 +0700] "POST //xmlrpc.php HTTP/1.0" 200 954 "-" "Mozilla/5.0 (Windows NT 10.0; Win64; x64) AppleWebKit/537.36 (KHTML, like Gecko) Chrome/89.0.4389.114 Safari/537.36"
196.251.71.181 - - [12/Sep/2025:20:26:19 +0700] "POST //xmlrpc.php HTTP/1.0" 200 954 "-" "Mozilla/5.0 (Windows NT 10.0; Win64; x64) AppleWebKit/537.36 (KHTML, like Gecko) Chrome/89.0.4389.114 Safari/537.36"
196.251.71.181 - - [12/Sep/2025:20:26:21 +0700] "POST //xmlrpc.php HTTP/1.0" 200 954 "-" "Mozilla/5.0 (Windows NT 10.0; Win64; x64) AppleWebKit/537.36 (KHTML, like Gecko) Chrome/89.0.4389.114 Safari/537.36"
196.251.71.181 - - [12/Sep/2025:20:26:22 +0700] "POST //xmlrpc.php HTTP/1.0" 200 954 "-" "Mozilla/5.0 (Windows NT 10.0; Win64; x64) AppleWebKit/537.36 (KHTML, like Gecko) Chrome/89.0.4389.114 Safari/537.36"
196.251.71.181 - - [12/Sep/2025:20:26:24 +0700] "POST //xmlrpc.php HTTP/1.0" 200 954 "-" "Mozilla/5.0 (Windows NT 10.0; Win64; x64) AppleWebKit/537.36 (KHTML, like Gecko) Chrome/89.0.4389.114 Safari/537.36"
196.251.71.181 - - [12/Sep/2025:20:26:26 +0700] "POST //xmlrpc.php HTTP/1.0" 200 954 "-" "Mozilla/5.0 (Windows NT 10.0; Win64; x64) AppleWebKit/537.36 (KHTML, like Gecko) Chrome/89.0.4389.114 Safari/537.36"
196.251.71.181 - - [12/Sep/2025:20:26:27 +0700] "POST //xmlrpc.php HTTP/1.0" 200 954 "-" "Mozilla/5.0 (Windows NT 10.0; Win64; x64) AppleWebKit/537.36 (KHTML, like Gecko) Chrome/89.0.4389.114 Safari/537.36"
196.251.71.181 - - [12/Sep/2025:20:26:29 +0700] "POST //xmlrpc.php HTTP/1.0" 200 954 "-" "Mozilla/5.0 (Windows NT 10.0; Win64; x64) AppleWebKit/537.36 (KHTML, like Gecko) Chrome/89.0.4389.114 Safari/537.36"
196.251.71.181 - - [12/Sep/2025:20:26:31 +0700] "POST //xmlrpc.php HTTP/1.0" 200 954 "-" "Mozilla/5.0 (Windows NT 10.0; Win64; x64) AppleWebKit/537.36 (KHTML, like Gecko) Chrome/89.0.4389.114 Safari/537.36"
196.251.71.181 - - [12/Sep/2025:20:26:32 +0700] "POST //xmlrpc.php HTTP/1.0" 200 954 "-" "Mozilla/5.0 (Windows NT 10.0; Win64; x64) AppleWebKit/537.36 (KHTML, like Gecko) Chrome/89.0.4389.114 Safari/537.36"
196.251.71.181 - - [12/Sep/2025:20:26:34 +0700] "POST //xmlrpc.php HTTP/1.0" 200 954 "-" "Mozilla/5.0 (Windows NT 10.0; Win64; x64) AppleWebKit/537.36 (KHTML, like Gecko) Chrome/89.0.4389.114 Safari/537.36"
196.251.71.181 - - [12/Sep/2025:20:26:35 +0700] "POST //xmlrpc.php HTTP/1.0" 200 954 "-" "Mozilla/5.0 (Windows NT 10.0; Win64; x64) AppleWebKit/537.36 (KHTML, like Gecko) Chrome/89.0.4389.114 Safari/537.36"
196.251.71.181 - - [12/Sep/2025:20:26:37 +0700] "POST //xmlrpc.php HTTP/1.0" 200 954 "-" "Mozilla/5.0 (Windows NT 10.0; Win64; x64) AppleWebKit/537.36 (KHTML, like Gecko) Chrome/89.0.4389.114 Safari/537.36"
196.251.71.181 - - [12/Sep/2025:20:26:38 +0700] "POST //xmlrpc.php HTTP/1.0" 200 954 "-" "Mozilla/5.0 (Windows NT 10.0; Win64; x64) AppleWebKit/537.36 (KHTML, like Gecko) Chrome/89.0.4389.114 Safari/537.36"
196.251.71.181 - - [12/Sep/2025:20:26:40 +0700] "POST //xmlrpc.php HTTP/1.0" 200 954 "-" "Mozilla/5.0 (Windows NT 10.0; Win64; x64) AppleWebKit/537.36 (KHTML, like Gecko) Chrome/89.0.4389.114 Safari/537.36"
196.251.71.181 - - [12/Sep/2025:20:26:42 +0700] "POST //xmlrpc.php HTTP/1.0" 200 954 "-" "Mozilla/5.0 (Windows NT 10.0; Win64; x64) AppleWebKit/537.36 (KHTML, like Gecko) Chrome/89.0.4389.114 Safari/537.36"
15.235.96.75 - - [12/Sep/2025:20:26:43 +0700] "GET /understanding-the-science-behind-coincidences-on-omegle/ HTTP/1.0" 200 89394 "-" "Mozilla/5.0 (compatible; AhrefsBot/7.0; +http://ahrefs.com/robot/)"
196.251.71.181 - - [12/Sep/2025:20:26:43 +0700] "POST //xmlrpc.php HTTP/1.0" 200 954 "-" "Mozilla/5.0 (Windows NT 10.0; Win64; x64) AppleWebKit/537.36 (KHTML, like Gecko) Chrome/89.0.4389.114 Safari/537.36"
196.251.71.181 - - [12/Sep/2025:20:26:45 +0700] "POST //xmlrpc.php HTTP/1.0" 200 954 "-" "Mozilla/5.0 (Windows NT 10.0; Win64; x64) AppleWebKit/537.36 (KHTML, like Gecko) Chrome/89.0.4389.114 Safari/537.36"
196.251.71.181 - - [12/Sep/2025:20:26:46 +0700] "POST //xmlrpc.php HTTP/1.0" 200 954 "-" "Mozilla/5.0 (Windows NT 10.0; Win64; x64) AppleWebKit/537.36 (KHTML, like Gecko) Chrome/89.0.4389.114 Safari/537.36"
196.251.71.181 - - [12/Sep/2025:20:26:48 +0700] "POST //xmlrpc.php HTTP/1.0" 200 954 "-" "Mozilla/5.0 (Windows NT 10.0; Win64; x64) AppleWebKit/537.36 (KHTML, like Gecko) Chrome/89.0.4389.114 Safari/537.36"
196.251.71.181 - - [12/Sep/2025:20:26:50 +0700] "POST //xmlrpc.php HTTP/1.0" 200 954 "-" "Mozilla/5.0 (Windows NT 10.0; Win64; x64) AppleWebKit/537.36 (KHTML, like Gecko) Chrome/89.0.4389.114 Safari/537.36"
196.251.71.181 - - [12/Sep/2025:20:26:51 +0700] "POST //xmlrpc.php HTTP/1.0" 200 954 "-" "Mozilla/5.0 (Windows NT 10.0; Win64; x64) AppleWebKit/537.36 (KHTML, like Gecko) Chrome/89.0.4389.114 Safari/537.36"
196.251.71.181 - - [12/Sep/2025:20:26:53 +0700] "POST //xmlrpc.php HTTP/1.0" 200 954 "-" "Mozilla/5.0 (Windows NT 10.0; Win64; x64) AppleWebKit/537.36 (KHTML, like Gecko) Chrome/89.0.4389.114 Safari/537.36"
196.251.71.181 - - [12/Sep/2025:20:26:55 +0700] "POST //xmlrpc.php HTTP/1.0" 200 954 "-" "Mozilla/5.0 (Windows NT 10.0; Win64; x64) AppleWebKit/537.36 (KHTML, like Gecko) Chrome/89.0.4389.114 Safari/537.36"
196.251.71.181 - - [12/Sep/2025:20:26:56 +0700] "POST //xmlrpc.php HTTP/1.0" 200 954 "-" "Mozilla/5.0 (Windows NT 10.0; Win64; x64) AppleWebKit/537.36 (KHTML, like Gecko) Chrome/89.0.4389.114 Safari/537.36"
196.251.71.181 - - [12/Sep/2025:20:26:58 +0700] "POST //xmlrpc.php HTTP/1.0" 200 954 "-" "Mozilla/5.0 (Windows NT 10.0; Win64; x64) AppleWebKit/537.36 (KHTML, like Gecko) Chrome/89.0.4389.114 Safari/537.36"
196.251.71.181 - - [12/Sep/2025:20:27:02 +0700] "POST //xmlrpc.php HTTP/1.0" 200 954 "-" "Mozilla/5.0 (Windows NT 10.0; Win64; x64) AppleWebKit/537.36 (KHTML, like Gecko) Chrome/89.0.4389.114 Safari/537.36"
196.251.71.181 - - [12/Sep/2025:20:27:03 +0700] "POST //xmlrpc.php HTTP/1.0" 200 954 "-" "Mozilla/5.0 (Windows NT 10.0; Win64; x64) AppleWebKit/537.36 (KHTML, like Gecko) Chrome/89.0.4389.114 Safari/537.36"
196.251.71.181 - - [12/Sep/2025:20:27:05 +0700] "POST //xmlrpc.php HTTP/1.0" 200 954 "-" "Mozilla/5.0 (Windows NT 10.0; Win64; x64) AppleWebKit/537.36 (KHTML, like Gecko) Chrome/89.0.4389.114 Safari/537.36"
196.251.71.181 - - [12/Sep/2025:20:27:07 +0700] "POST //xmlrpc.php HTTP/1.0" 200 954 "-" "Mozilla/5.0 (Windows NT 10.0; Win64; x64) AppleWebKit/537.36 (KHTML, like Gecko) Chrome/89.0.4389.114 Safari/537.36"
162.222.194.204 - - [12/Sep/2025:20:27:07 +0700] "GET /quantracnuocmatlucdia/ HTTP/1.0" 200 251816 "-" "Mozilla/5.0 (Linux; Android 5.0; SM-G900P Build/LRX21T) AppleWebKit/537.36 (KHTML, like Gecko) Chrome/52.0.9446.1848 Mobile Safari/537.36"
196.251.71.181 - - [12/Sep/2025:20:27:08 +0700] "POST //xmlrpc.php HTTP/1.0" 200 954 "-" "Mozilla/5.0 (Windows NT 10.0; Win64; x64) AppleWebKit/537.36 (KHTML, like Gecko) Chrome/89.0.4389.114 Safari/537.36"
196.251.71.181 - - [12/Sep/2025:20:27:10 +0700] "POST //xmlrpc.php HTTP/1.0" 200 954 "-" "Mozilla/5.0 (Windows NT 10.0; Win64; x64) AppleWebKit/537.36 (KHTML, like Gecko) Chrome/89.0.4389.114 Safari/537.36"
196.251.71.181 - - [12/Sep/2025:20:27:11 +0700] "POST //xmlrpc.php HTTP/1.0" 200 954 "-" "Mozilla/5.0 (Windows NT 10.0; Win64; x64) AppleWebKit/537.36 (KHTML, like Gecko) Chrome/89.0.4389.114 Safari/537.36"
196.251.71.181 - - [12/Sep/2025:20:27:13 +0700] "POST //xmlrpc.php HTTP/1.0" 200 954 "-" "Mozilla/5.0 (Windows NT 10.0; Win64; x64) AppleWebKit/537.36 (KHTML, like Gecko) Chrome/89.0.4389.114 Safari/537.36"
196.251.71.181 - - [12/Sep/2025:20:27:15 +0700] "POST //xmlrpc.php HTTP/1.0" 200 954 "-" "Mozilla/5.0 (Windows NT 10.0; Win64; x64) AppleWebKit/537.36 (KHTML, like Gecko) Chrome/89.0.4389.114 Safari/537.36"
142.44.220.124 - - [12/Sep/2025:20:27:15 +0700] "GET /the-role-of-boundaries-in-omegle-therapy-relationships/ HTTP/1.0" 200 95148 "-" "Mozilla/5.0 (compatible; AhrefsBot/7.0; +http://ahrefs.com/robot/)"
45.117.177.72 - - [12/Sep/2025:20:27:18 +0700] "POST /wp-cron.php?doing_wp_cron=1757683637.9581410884857177734375 HTTP/1.0" 200 416 "-" "WordPress/6.8.1; https://vattusacky.vn"
196.251.71.181 - - [12/Sep/2025:20:27:16 +0700] "POST //xmlrpc.php HTTP/1.0" 200 954 "-" "Mozilla/5.0 (Windows NT 10.0; Win64; x64) AppleWebKit/537.36 (KHTML, like Gecko) Chrome/89.0.4389.114 Safari/537.36"
196.251.71.181 - - [12/Sep/2025:20:27:18 +0700] "POST //xmlrpc.php HTTP/1.0" 200 954 "-" "Mozilla/5.0 (Windows NT 10.0; Win64; x64) AppleWebKit/537.36 (KHTML, like Gecko) Chrome/89.0.4389.114 Safari/537.36"
162.222.194.204 - - [12/Sep/2025:20:27:20 +0700] "GET /wp-content/plugins/gridlist-view-for-woocommerce/css/shop_lgv.css?ver=1.1.8 HTTP/1.0" 200 440 "https://vattusacky.vn/quantracnuocmatlucdia/" "Mozilla/5.0 (Linux; Android 5.0; SM-G900P Build/LRX21T) AppleWebKit/537.36 (KHTML, like Gecko) Chrome/52.0.9446.1848 Mobile Safari/537.36"
162.222.194.204 - - [12/Sep/2025:20:27:20 +0700] "GET /wp-content/plugins/gridlist-view-for-woocommerce/berocket/assets/css/font-awesome.min.css?ver=6.8.1 HTTP/1.0" 200 464 "https://vattusacky.vn/quantracnuocmatlucdia/" "Mozilla/5.0 (Linux; Android 5.0; SM-G900P Build/LRX21T) AppleWebKit/537.36 (KHTML, like Gecko) Chrome/52.0.9446.1848 Mobile Safari/537.36"
196.251.71.181 - - [12/Sep/2025:20:27:20 +0700] "POST //xmlrpc.php HTTP/1.0" 200 954 "-" "Mozilla/5.0 (Windows NT 10.0; Win64; x64) AppleWebKit/537.36 (KHTML, like Gecko) Chrome/89.0.4389.114 Safari/537.36"
162.222.194.204 - - [12/Sep/2025:20:27:22 +0700] "GET /wp-includes/css/dist/block-library/style.min.css?ver=6.8.1 HTTP/1.0" 200 423 "https://vattusacky.vn/quantracnuocmatlucdia/" "Mozilla/5.0 (Linux; Android 5.0; SM-G900P Build/LRX21T) AppleWebKit/537.36 (KHTML, like Gecko) Chrome/52.0.9446.1848 Mobile Safari/537.36"
162.222.194.204 - - [12/Sep/2025:20:27:22 +0700] "GET /wp-content/plugins/content-views-query-and-display-post-page/public/assets/css/cv.css?ver=4.1 HTTP/1.0" 200 460 "https://vattusacky.vn/quantracnuocmatlucdia/" "Mozilla/5.0 (Linux; Android 5.0; SM-G900P Build/LRX21T) AppleWebKit/537.36 (KHTML, like Gecko) Chrome/52.0.9446.1848 Mobile Safari/537.36"
162.222.194.204 - - [12/Sep/2025:20:27:22 +0700] "GET /wp-content/plugins/devvn-stickytooltip/stickytooltip.css?ver=1.0.0 HTTP/1.0" 200 431 "https://vattusacky.vn/quantracnuocmatlucdia/" "Mozilla/5.0 (Linux; Android 5.0; SM-G900P Build/LRX21T) AppleWebKit/537.36 (KHTML, like Gecko) Chrome/52.0.9446.1848 Mobile Safari/537.36"
162.222.194.204 - - [12/Sep/2025:20:27:22 +0700] "GET /wp-content/plugins/contact-form-7/includes/css/styles.css?ver=6.0.6 HTTP/1.0" 200 432 "https://vattusacky.vn/quantracnuocmatlucdia/" "Mozilla/5.0 (Linux; Android 5.0; SM-G900P Build/LRX21T) AppleWebKit/537.36 (KHTML, like Gecko) Chrome/52.0.9446.1848 Mobile Safari/537.36"
196.251.71.181 - - [12/Sep/2025:20:27:21 +0700] "POST //xmlrpc.php HTTP/1.0" 200 954 "-" "Mozilla/5.0 (Windows NT 10.0; Win64; x64) AppleWebKit/537.36 (KHTML, like Gecko) Chrome/89.0.4389.114 Safari/537.36"
162.222.194.204 - - [12/Sep/2025:20:27:23 +0700] "GET /wp-content/plugins/woocommerce/assets/css/woocommerce-smallscreen.css?ver=9.8.3 HTTP/1.0" 200 444 "https://vattusacky.vn/quantracnuocmatlucdia/" "Mozilla/5.0 (Linux; Android 5.0; SM-G900P Build/LRX21T) AppleWebKit/537.36 (KHTML, like Gecko) Chrome/52.0.9446.1848 Mobile Safari/537.36"
162.222.194.204 - - [12/Sep/2025:20:27:23 +0700] "GET /wp-content/plugins/woocommerce/assets/css/woocommerce-layout.css?ver=9.8.3 HTTP/1.0" 200 439 "https://vattusacky.vn/quantracnuocmatlucdia/" "Mozilla/5.0 (Linux; Android 5.0; SM-G900P Build/LRX21T) AppleWebKit/537.36 (KHTML, like Gecko) Chrome/52.0.9446.1848 Mobile Safari/537.36"
196.251.71.181 - - [12/Sep/2025:20:27:23 +0700] "POST //xmlrpc.php HTTP/1.0" 200 954 "-" "Mozilla/5.0 (Windows NT 10.0; Win64; x64) AppleWebKit/537.36 (KHTML, like Gecko) Chrome/89.0.4389.114 Safari/537.36"
162.222.194.204 - - [12/Sep/2025:20:27:24 +0700] "GET /wp-content/plugins/woocommerce/assets/css/woocommerce.css?ver=9.8.3 HTTP/1.0" 200 432 "https://vattusacky.vn/quantracnuocmatlucdia/" "Mozilla/5.0 (Linux; Android 5.0; SM-G900P Build/LRX21T) AppleWebKit/537.36 (KHTML, like Gecko) Chrome/52.0.9446.1848 Mobile Safari/537.36"
162.222.194.204 - - [12/Sep/2025:20:27:24 +0700] "GET /wp-content/plugins/woocommerce/assets/css/brands.css?ver=9.8.3 HTTP/1.0" 200 427 "https://vattusacky.vn/quantracnuocmatlucdia/" "Mozilla/5.0 (Linux; Android 5.0; SM-G900P Build/LRX21T) AppleWebKit/537.36 (KHTML, like Gecko) Chrome/52.0.9446.1848 Mobile Safari/537.36"
162.222.194.204 - - [12/Sep/2025:20:27:24 +0700] "GET /wp-content/plugins/yith-woocommerce-category-accordion-premium/assets/css/ywcca_style.css?ver=1.0.12 HTTP/1.0" 200 464 "https://vattusacky.vn/quantracnuocmatlucdia/" "Mozilla/5.0 (Linux; Android 5.0; SM-G900P Build/LRX21T) AppleWebKit/537.36 (KHTML, like Gecko) Chrome/52.0.9446.1848 Mobile Safari/537.36"
162.222.194.204 - - [12/Sep/2025:20:27:24 +0700] "GET /wp-content/plugins/yith-woocommerce-category-accordion-premium/cache/ywcca_dynamics.css?ver=6.8.1 HTTP/1.0" 200 462 "https://vattusacky.vn/quantracnuocmatlucdia/" "Mozilla/5.0 (Linux; Android 5.0; SM-G900P Build/LRX21T) AppleWebKit/537.36 (KHTML, like Gecko) Chrome/52.0.9446.1848 Mobile Safari/537.36"
162.222.194.204 - - [12/Sep/2025:20:27:24 +0700] "GET /wp-content/themes/tem_techno_v2/style.css?ver=6.8.1 HTTP/1.0" 200 416 "https://vattusacky.vn/quantracnuocmatlucdia/" "Mozilla/5.0 (Linux; Android 5.0; SM-G900P Build/LRX21T) AppleWebKit/537.36 (KHTML, like Gecko) Chrome/52.0.9446.1848 Mobile Safari/537.36"
162.222.194.204 - - [12/Sep/2025:20:27:24 +0700] "GET /wp-content/themes/tem_techno_v2/inc/css/bootstrap.min.css?ver=6.8.1 HTTP/1.0" 200 432 "https://vattusacky.vn/quantracnuocmatlucdia/" "Mozilla/5.0 (Linux; Android 5.0; SM-G900P Build/LRX21T) AppleWebKit/537.36 (KHTML, like Gecko) Chrome/52.0.9446.1848 Mobile Safari/537.36"
162.222.194.204 - - [12/Sep/2025:20:27:24 +0700] "GET /wp-content/themes/tem_techno_v2/inc/css/font-awesome.min.css?ver=6.8.1 HTTP/1.0" 200 435 "https://vattusacky.vn/quantracnuocmatlucdia/" "Mozilla/5.0 (Linux; Android 5.0; SM-G900P Build/LRX21T) AppleWebKit/537.36 (KHTML, like Gecko) Chrome/52.0.9446.1848 Mobile Safari/537.36"
162.222.194.204 - - [12/Sep/2025:20:27:25 +0700] "GET /wp-content/themes/tem_techno_v2/slmenu.css HTTP/1.0" 200 417 "https://vattusacky.vn/quantracnuocmatlucdia/" "Mozilla/5.0 (Linux; Android 5.0; SM-G900P Build/LRX21T) AppleWebKit/537.36 (KHTML, like Gecko) Chrome/52.0.9446.1848 Mobile Safari/537.36"
162.222.194.204 - - [12/Sep/2025:20:27:25 +0700] "GET /wp-content/plugins/wp-pagenavi/pagenavi-css.css?ver=2.70 HTTP/1.0" 200 823 "https://vattusacky.vn/quantracnuocmatlucdia/" "Mozilla/5.0 (Linux; Android 5.0; SM-G900P Build/LRX21T) AppleWebKit/537.36 (KHTML, like Gecko) Chrome/52.0.9446.1848 Mobile Safari/537.36"
162.222.194.204 - - [12/Sep/2025:20:27:25 +0700] "GET /wp-content/uploads/2018/04/o2kfxsnj.jpg HTTP/1.0" 200 416 "https://vattusacky.vn/quantracnuocmatlucdia/" "Mozilla/5.0 (Linux; Android 5.0; SM-G900P Build/LRX21T) AppleWebKit/537.36 (KHTML, like Gecko) Chrome/52.0.9446.1848 Mobile Safari/537.36"
196.251.71.181 - - [12/Sep/2025:20:27:24 +0700] "POST //xmlrpc.php HTTP/1.0" 200 954 "-" "Mozilla/5.0 (Windows NT 10.0; Win64; x64) AppleWebKit/537.36 (KHTML, like Gecko) Chrome/89.0.4389.114 Safari/537.36"
196.251.71.181 - - [12/Sep/2025:20:27:26 +0700] "POST //xmlrpc.php HTTP/1.0" 200 954 "-" "Mozilla/5.0 (Windows NT 10.0; Win64; x64) AppleWebKit/537.36 (KHTML, like Gecko) Chrome/89.0.4389.114 Safari/537.36"
196.251.71.181 - - [12/Sep/2025:20:27:27 +0700] "POST //xmlrpc.php HTTP/1.0" 200 954 "-" "Mozilla/5.0 (Windows NT 10.0; Win64; x64) AppleWebKit/537.36 (KHTML, like Gecko) Chrome/89.0.4389.114 Safari/537.36"
196.251.71.181 - - [12/Sep/2025:20:27:29 +0700] "POST //xmlrpc.php HTTP/1.0" 200 954 "-" "Mozilla/5.0 (Windows NT 10.0; Win64; x64) AppleWebKit/537.36 (KHTML, like Gecko) Chrome/89.0.4389.114 Safari/537.36"
196.251.71.181 - - [12/Sep/2025:20:27:30 +0700] "POST //xmlrpc.php HTTP/1.0" 200 954 "-" "Mozilla/5.0 (Windows NT 10.0; Win64; x64) AppleWebKit/537.36 (KHTML, like Gecko) Chrome/89.0.4389.114 Safari/537.36"
196.251.71.181 - - [12/Sep/2025:20:27:32 +0700] "POST //xmlrpc.php HTTP/1.0" 200 954 "-" "Mozilla/5.0 (Windows NT 10.0; Win64; x64) AppleWebKit/537.36 (KHTML, like Gecko) Chrome/89.0.4389.114 Safari/537.36"
162.222.194.204 - - [12/Sep/2025:20:27:34 +0700] "GET /wp-content/plugins/woocommerce/assets/client/blocks/wc-blocks.css?ver=wc-9.8.3 HTTP/1.0" 200 440 "https://vattusacky.vn/quantracnuocmatlucdia/" "Mozilla/5.0 (Linux; Android 5.0; SM-G900P Build/LRX21T) AppleWebKit/537.36 (KHTML, like Gecko) Chrome/52.0.9446.1848 Mobile Safari/537.36"
162.222.194.204 - - [12/Sep/2025:20:27:35 +0700] "GET /wp-content/uploads/2016/09/cropped-logo-vietnguyen.png HTTP/1.0" 200 430 "https://vattusacky.vn/quantracnuocmatlucdia/" "Mozilla/5.0 (Linux; Android 5.0; SM-G900P Build/LRX21T) AppleWebKit/537.36 (KHTML, like Gecko) Chrome/52.0.9446.1848 Mobile Safari/537.36"
162.222.194.204 - - [12/Sep/2025:20:27:35 +0700] "GET /wp-content/uploads/2019/09/quan-trac-moi-truong-lao-dong-image.jpg HTTP/1.0" 200 443 "https://vattusacky.vn/quantracnuocmatlucdia/" "Mozilla/5.0 (Linux; Android 5.0; SM-G900P Build/LRX21T) AppleWebKit/537.36 (KHTML, like Gecko) Chrome/52.0.9446.1848 Mobile Safari/537.36"
162.222.194.204 - - [12/Sep/2025:20:27:35 +0700] "GET /wp-content/uploads/2018/05/10-884-10_fyrite_classic-1-1.jpg HTTP/1.0" 200 436 "https://vattusacky.vn/quantracnuocmatlucdia/" "Mozilla/5.0 (Linux; Android 5.0; SM-G900P Build/LRX21T) AppleWebKit/537.36 (KHTML, like Gecko) Chrome/52.0.9446.1848 Mobile Safari/537.36"
162.222.194.204 - - [12/Sep/2025:20:27:35 +0700] "GET /wp-content/uploads/2018/05/tai-xuong.jpg HTTP/1.0" 200 417 "https://vattusacky.vn/quantracnuocmatlucdia/" "Mozilla/5.0 (Linux; Android 5.0; SM-G900P Build/LRX21T) AppleWebKit/537.36 (KHTML, like Gecko) Chrome/52.0.9446.1848 Mobile Safari/537.36"
162.222.194.204 - - [12/Sep/2025:20:27:35 +0700] "GET /wp-content/uploads/2018/05/10-884-10_fyrite_classic-1.jpg HTTP/1.0" 200 434 "https://vattusacky.vn/quantracnuocmatlucdia/" "Mozilla/5.0 (Linux; Android 5.0; SM-G900P Build/LRX21T) AppleWebKit/537.36 (KHTML, like Gecko) Chrome/52.0.9446.1848 Mobile Safari/537.36"
196.251.71.181 - - [12/Sep/2025:20:27:34 +0700] "POST //xmlrpc.php HTTP/1.0" 200 954 "-" "Mozilla/5.0 (Windows NT 10.0; Win64; x64) AppleWebKit/537.36 (KHTML, like Gecko) Chrome/89.0.4389.114 Safari/537.36"
162.222.194.204 - - [12/Sep/2025:20:27:36 +0700] "GET /wp-content/uploads/2016/07/bw-technologies.png HTTP/1.0" 200 422 "https://vattusacky.vn/quantracnuocmatlucdia/" "Mozilla/5.0 (Linux; Android 5.0; SM-G900P Build/LRX21T) AppleWebKit/537.36 (KHTML, like Gecko) Chrome/52.0.9446.1848 Mobile Safari/537.36"
162.222.194.204 - - [12/Sep/2025:20:27:35 +0700] "GET /path/to/default.png HTTP/1.0" 404 70667 "https://vattusacky.vn/quantracnuocmatlucdia/" "Mozilla/5.0 (Linux; Android 5.0; SM-G900P Build/LRX21T) AppleWebKit/537.36 (KHTML, like Gecko) Chrome/52.0.9446.1848 Mobile Safari/537.36"
162.222.194.204 - - [12/Sep/2025:20:27:36 +0700] "GET /wp-content/uploads/2018/08/untitled-1-2.jpg HTTP/1.0" 200 420 "https://vattusacky.vn/quantracnuocmatlucdia/" "Mozilla/5.0 (Linux; Android 5.0; SM-G900P Build/LRX21T) AppleWebKit/537.36 (KHTML, like Gecko) Chrome/52.0.9446.1848 Mobile Safari/537.36"
162.222.194.204 - - [12/Sep/2025:20:27:36 +0700] "GET /wp-content/uploads/2016/07/bandelin-logo.png HTTP/1.0" 200 420 "https://vattusacky.vn/quantracnuocmatlucdia/" "Mozilla/5.0 (Linux; Android 5.0; SM-G900P Build/LRX21T) AppleWebKit/537.36 (KHTML, like Gecko) Chrome/52.0.9446.1848 Mobile Safari/537.36"
162.222.194.204 - - [12/Sep/2025:20:27:36 +0700] "GET /wp-content/uploads/2016/07/berghof_logo.png HTTP/1.0" 200 419 "https://vattusacky.vn/quantracnuocmatlucdia/" "Mozilla/5.0 (Linux; Android 5.0; SM-G900P Build/LRX21T) AppleWebKit/537.36 (KHTML, like Gecko) Chrome/52.0.9446.1848 Mobile Safari/537.36"
162.222.194.204 - - [12/Sep/2025:20:27:36 +0700] "GET /wp-content/uploads/2018/06/hiq-logo.png HTTP/1.0" 200 415 "https://vattusacky.vn/quantracnuocmatlucdia/" "Mozilla/5.0 (Linux; Android 5.0; SM-G900P Build/LRX21T) AppleWebKit/537.36 (KHTML, like Gecko) Chrome/52.0.9446.1848 Mobile Safari/537.36"
162.222.194.204 - - [12/Sep/2025:20:27:37 +0700] "GET /wp-content/uploads/2016/07/analytical-testing-corp-logo.jpg HTTP/1.0" 200 436 "https://vattusacky.vn/quantracnuocmatlucdia/" "Mozilla/5.0 (Linux; Android 5.0; SM-G900P Build/LRX21T) AppleWebKit/537.36 (KHTML, like Gecko) Chrome/52.0.9446.1848 Mobile Safari/537.36"
196.251.71.181 - - [12/Sep/2025:20:27:36 +0700] "POST //xmlrpc.php HTTP/1.0" 200 954 "-" "Mozilla/5.0 (Windows NT 10.0; Win64; x64) AppleWebKit/537.36 (KHTML, like Gecko) Chrome/89.0.4389.114 Safari/537.36"
162.222.194.204 - - [12/Sep/2025:20:27:37 +0700] "GET /wp-content/uploads/2018/06/halmilton-logo.jpg HTTP/1.0" 200 422 "https://vattusacky.vn/quantracnuocmatlucdia/" "Mozilla/5.0 (Linux; Android 5.0; SM-G900P Build/LRX21T) AppleWebKit/537.36 (KHTML, like Gecko) Chrome/52.0.9446.1848 Mobile Safari/537.36"
196.251.71.181 - - [12/Sep/2025:20:27:37 +0700] "POST //xmlrpc.php HTTP/1.0" 200 954 "-" "Mozilla/5.0 (Windows NT 10.0; Win64; x64) AppleWebKit/537.36 (KHTML, like Gecko) Chrome/89.0.4389.114 Safari/537.36"
162.222.194.204 - - [12/Sep/2025:20:27:39 +0700] "GET /wp-content/uploads/2018/06/gfg.jpg HTTP/1.0" 200 411 "https://vattusacky.vn/quantracnuocmatlucdia/" "Mozilla/5.0 (Linux; Android 5.0; SM-G900P Build/LRX21T) AppleWebKit/537.36 (KHTML, like Gecko) Chrome/52.0.9446.1848 Mobile Safari/537.36"
162.222.194.204 - - [12/Sep/2025:20:27:39 +0700] "GET /wp-content/uploads/2018/06/witeg-logo.jpg HTTP/1.0" 200 418 "https://vattusacky.vn/quantracnuocmatlucdia/" "Mozilla/5.0 (Linux; Android 5.0; SM-G900P Build/LRX21T) AppleWebKit/537.36 (KHTML, like Gecko) Chrome/52.0.9446.1848 Mobile Safari/537.36"
162.222.194.204 - - [12/Sep/2025:20:27:39 +0700] "GET /wp-content/uploads/2018/06/wildco-logo.png HTTP/1.0" 200 418 "https://vattusacky.vn/quantracnuocmatlucdia/" "Mozilla/5.0 (Linux; Android 5.0; SM-G900P Build/LRX21T) AppleWebKit/537.36 (KHTML, like Gecko) Chrome/52.0.9446.1848 Mobile Safari/537.36"
162.222.194.204 - - [12/Sep/2025:20:27:39 +0700] "GET /wp-content/uploads/2018/06/logo-aco.gif HTTP/1.0" 200 415 "https://vattusacky.vn/quantracnuocmatlucdia/" "Mozilla/5.0 (Linux; Android 5.0; SM-G900P Build/LRX21T) AppleWebKit/537.36 (KHTML, like Gecko) Chrome/52.0.9446.1848 Mobile Safari/537.36"
162.222.194.204 - - [12/Sep/2025:20:27:39 +0700] "GET /wp-content/uploads/2018/06/evoqua-logo.jpg HTTP/1.0" 200 419 "https://vattusacky.vn/quantracnuocmatlucdia/" "Mozilla/5.0 (Linux; Android 5.0; SM-G900P Build/LRX21T) AppleWebKit/537.36 (KHTML, like Gecko) Chrome/52.0.9446.1848 Mobile Safari/537.36"
162.222.194.204 - - [12/Sep/2025:20:27:39 +0700] "GET /wp-content/uploads/2018/06/sibata.gif HTTP/1.0" 200 413 "https://vattusacky.vn/quantracnuocmatlucdia/" "Mozilla/5.0 (Linux; Android 5.0; SM-G900P Build/LRX21T) AppleWebKit/537.36 (KHTML, like Gecko) Chrome/52.0.9446.1848 Mobile Safari/537.36"
162.222.194.204 - - [12/Sep/2025:20:27:39 +0700] "GET /wp-content/uploads/2018/06/mettler-logo.png HTTP/1.0" 200 419 "https://vattusacky.vn/quantracnuocmatlucdia/" "Mozilla/5.0 (Linux; Android 5.0; SM-G900P Build/LRX21T) AppleWebKit/537.36 (KHTML, like Gecko) Chrome/52.0.9446.1848 Mobile Safari/537.36"
162.222.194.204 - - [12/Sep/2025:20:27:39 +0700] "GET /wp-content/uploads/2018/06/evermed-logo.jpg HTTP/1.0" 200 420 "https://vattusacky.vn/quantracnuocmatlucdia/" "Mozilla/5.0 (Linux; Android 5.0; SM-G900P Build/LRX21T) AppleWebKit/537.36 (KHTML, like Gecko) Chrome/52.0.9446.1848 Mobile Safari/537.36"
162.222.194.204 - - [12/Sep/2025:20:27:39 +0700] "GET /wp-content/uploads/2018/06/kruess-logo.png HTTP/1.0" 200 418 "https://vattusacky.vn/quantracnuocmatlucdia/" "Mozilla/5.0 (Linux; Android 5.0; SM-G900P Build/LRX21T) AppleWebKit/537.36 (KHTML, like Gecko) Chrome/52.0.9446.1848 Mobile Safari/537.36"
162.222.194.204 - - [12/Sep/2025:20:27:41 +0700] "GET /wp-content/uploads/2018/06/dlab-logo.jpg HTTP/1.0" 200 417 "https://vattusacky.vn/quantracnuocmatlucdia/" "Mozilla/5.0 (Linux; Android 5.0; SM-G900P Build/LRX21T) AppleWebKit/537.36 (KHTML, like Gecko) Chrome/52.0.9446.1848 Mobile Safari/537.36"
196.251.71.181 - - [12/Sep/2025:20:27:39 +0700] "POST //xmlrpc.php HTTP/1.0" 200 954 "-" "Mozilla/5.0 (Windows NT 10.0; Win64; x64) AppleWebKit/537.36 (KHTML, like Gecko) Chrome/89.0.4389.114 Safari/537.36"
162.222.194.204 - - [12/Sep/2025:20:27:42 +0700] "GET /wp-content/themes/tem_techno_v2/images/iconMobile.png HTTP/1.0" 200 429 "https://vattusacky.vn/wp-content/themes/tem_techno_v2/style.css?ver=6.8.1" "Mozilla/5.0 (Linux; Android 5.0; SM-G900P Build/LRX21T) AppleWebKit/537.36 (KHTML, like Gecko) Chrome/52.0.9446.1848 Mobile Safari/537.36"
162.222.194.204 - - [12/Sep/2025:20:27:41 +0700] "GET /images/image002.jpg HTTP/1.0" 404 70667 "https://vattusacky.vn/quantracnuocmatlucdia/" "Mozilla/5.0 (Linux; Android 5.0; SM-G900P Build/LRX21T) AppleWebKit/537.36 (KHTML, like Gecko) Chrome/52.0.9446.1848 Mobile Safari/537.36"
162.222.194.204 - - [12/Sep/2025:20:27:41 +0700] "GET /images/image005.jpg HTTP/1.0" 404 70667 "https://vattusacky.vn/quantracnuocmatlucdia/" "Mozilla/5.0 (Linux; Android 5.0; SM-G900P Build/LRX21T) AppleWebKit/537.36 (KHTML, like Gecko) Chrome/52.0.9446.1848 Mobile Safari/537.36"
162.222.194.204 - - [12/Sep/2025:20:27:41 +0700] "GET /images/image004.jpg HTTP/1.0" 404 70667 "https://vattusacky.vn/quantracnuocmatlucdia/" "Mozilla/5.0 (Linux; Android 5.0; SM-G900P Build/LRX21T) AppleWebKit/537.36 (KHTML, like Gecko) Chrome/52.0.9446.1848 Mobile Safari/537.36"
162.222.194.204 - - [12/Sep/2025:20:27:41 +0700] "GET /images/logo-vietnguyen.png HTTP/1.0" 404 70667 "https://vattusacky.vn/quantracnuocmatlucdia/" "Mozilla/5.0 (Linux; Android 5.0; SM-G900P Build/LRX21T) AppleWebKit/537.36 (KHTML, like Gecko) Chrome/52.0.9446.1848 Mobile Safari/537.36"
162.222.194.204 - - [12/Sep/2025:20:27:41 +0700] "GET /images/image003.jpg HTTP/1.0" 404 70667 "https://vattusacky.vn/quantracnuocmatlucdia/" "Mozilla/5.0 (Linux; Android 5.0; SM-G900P Build/LRX21T) AppleWebKit/537.36 (KHTML, like Gecko) Chrome/52.0.9446.1848 Mobile Safari/537.36"
196.251.71.181 - - [12/Sep/2025:20:27:41 +0700] "POST //xmlrpc.php HTTP/1.0" 200 954 "-" "Mozilla/5.0 (Windows NT 10.0; Win64; x64) AppleWebKit/537.36 (KHTML, like Gecko) Chrome/89.0.4389.114 Safari/537.36"
196.251.71.181 - - [12/Sep/2025:20:27:43 +0700] "POST //xmlrpc.php HTTP/1.0" 200 954 "-" "Mozilla/5.0 (Windows NT 10.0; Win64; x64) AppleWebKit/537.36 (KHTML, like Gecko) Chrome/89.0.4389.114 Safari/537.36"
196.251.71.181 - - [12/Sep/2025:20:27:44 +0700] "POST //xmlrpc.php HTTP/1.0" 200 954 "-" "Mozilla/5.0 (Windows NT 10.0; Win64; x64) AppleWebKit/537.36 (KHTML, like Gecko) Chrome/89.0.4389.114 Safari/537.36"
196.251.71.181 - - [12/Sep/2025:20:27:46 +0700] "POST //xmlrpc.php HTTP/1.0" 200 954 "-" "Mozilla/5.0 (Windows NT 10.0; Win64; x64) AppleWebKit/537.36 (KHTML, like Gecko) Chrome/89.0.4389.114 Safari/537.36"
85.208.96.212 - - [12/Sep/2025:20:27:46 +0700] "GET /chuong-trinh-chuyen-tiep-nhanh-chong-doctor-dong-tra-truoc-hang-loat-ngay-chi-sau-muoi-phut/ HTTP/1.0" 200 208788 "-" "Mozilla/5.0 (compatible; SemrushBot/7~bl; +http://www.semrush.com/bot.html)"
196.251.71.181 - - [12/Sep/2025:20:27:47 +0700] "POST //xmlrpc.php HTTP/1.0" 200 954 "-" "Mozilla/5.0 (Windows NT 10.0; Win64; x64) AppleWebKit/537.36 (KHTML, like Gecko) Chrome/89.0.4389.114 Safari/537.36"
196.251.71.181 - - [12/Sep/2025:20:27:49 +0700] "POST //xmlrpc.php HTTP/1.0" 200 954 "-" "Mozilla/5.0 (Windows NT 10.0; Win64; x64) AppleWebKit/537.36 (KHTML, like Gecko) Chrome/89.0.4389.114 Safari/537.36"
196.251.71.181 - - [12/Sep/2025:20:27:51 +0700] "POST //xmlrpc.php HTTP/1.0" 200 2366 "-" "Mozilla/5.0 (Windows NT 10.0; Win64; x64) AppleWebKit/537.36 (KHTML, like Gecko) Chrome/89.0.4389.114 Safari/537.36"
196.251.71.181 - - [12/Sep/2025:20:27:52 +0700] "POST //xmlrpc.php HTTP/1.0" 200 954 "-" "Mozilla/5.0 (Windows NT 10.0; Win64; x64) AppleWebKit/537.36 (KHTML, like Gecko) Chrome/89.0.4389.114 Safari/537.36"
196.251.71.181 - - [12/Sep/2025:20:27:54 +0700] "POST //xmlrpc.php HTTP/1.0" 200 954 "-" "Mozilla/5.0 (Windows NT 10.0; Win64; x64) AppleWebKit/537.36 (KHTML, like Gecko) Chrome/89.0.4389.114 Safari/537.36"
196.251.71.181 - - [12/Sep/2025:20:27:55 +0700] "POST //xmlrpc.php HTTP/1.0" 200 954 "-" "Mozilla/5.0 (Windows NT 10.0; Win64; x64) AppleWebKit/537.36 (KHTML, like Gecko) Chrome/89.0.4389.114 Safari/537.36"
167.114.139.218 - - [12/Sep/2025:20:27:56 +0700] "GET /tag/nuoc-duoi-dat/ HTTP/1.0" 200 59465 "-" "Mozilla/5.0 (compatible; AhrefsBot/7.0; +http://ahrefs.com/robot/)"
196.251.71.181 - - [12/Sep/2025:20:27:57 +0700] "POST //xmlrpc.php HTTP/1.0" 200 954 "-" "Mozilla/5.0 (Windows NT 10.0; Win64; x64) AppleWebKit/537.36 (KHTML, like Gecko) Chrome/89.0.4389.114 Safari/537.36"
196.251.71.181 - - [12/Sep/2025:20:27:59 +0700] "POST //xmlrpc.php HTTP/1.0" 200 954 "-" "Mozilla/5.0 (Windows NT 10.0; Win64; x64) AppleWebKit/537.36 (KHTML, like Gecko) Chrome/89.0.4389.114 Safari/537.36"
196.251.71.181 - - [12/Sep/2025:20:28:00 +0700] "POST //xmlrpc.php HTTP/1.0" 200 954 "-" "Mozilla/5.0 (Windows NT 10.0; Win64; x64) AppleWebKit/537.36 (KHTML, like Gecko) Chrome/89.0.4389.114 Safari/537.36"
196.251.71.181 - - [12/Sep/2025:20:28:02 +0700] "POST //xmlrpc.php HTTP/1.0" 200 954 "-" "Mozilla/5.0 (Windows NT 10.0; Win64; x64) AppleWebKit/537.36 (KHTML, like Gecko) Chrome/89.0.4389.114 Safari/537.36"
196.251.71.181 - - [12/Sep/2025:20:28:03 +0700] "POST //xmlrpc.php HTTP/1.0" 200 954 "-" "Mozilla/5.0 (Windows NT 10.0; Win64; x64) AppleWebKit/537.36 (KHTML, like Gecko) Chrome/89.0.4389.114 Safari/537.36"
196.251.71.181 - - [12/Sep/2025:20:28:05 +0700] "POST //xmlrpc.php HTTP/1.0" 200 954 "-" "Mozilla/5.0 (Windows NT 10.0; Win64; x64) AppleWebKit/537.36 (KHTML, like Gecko) Chrome/89.0.4389.114 Safari/537.36"
196.251.71.181 - - [12/Sep/2025:20:28:06 +0700] "POST //xmlrpc.php HTTP/1.0" 200 954 "-" "Mozilla/5.0 (Windows NT 10.0; Win64; x64) AppleWebKit/537.36 (KHTML, like Gecko) Chrome/89.0.4389.114 Safari/537.36"
196.251.71.181 - - [12/Sep/2025:20:28:08 +0700] "POST //xmlrpc.php HTTP/1.0" 200 954 "-" "Mozilla/5.0 (Windows NT 10.0; Win64; x64) AppleWebKit/537.36 (KHTML, like Gecko) Chrome/89.0.4389.114 Safari/537.36"
196.251.71.181 - - [12/Sep/2025:20:28:10 +0700] "POST //xmlrpc.php HTTP/1.0" 200 954 "-" "Mozilla/5.0 (Windows NT 10.0; Win64; x64) AppleWebKit/537.36 (KHTML, like Gecko) Chrome/89.0.4389.114 Safari/537.36"
196.251.71.181 - - [12/Sep/2025:20:28:11 +0700] "POST //xmlrpc.php HTTP/1.0" 200 954 "-" "Mozilla/5.0 (Windows NT 10.0; Win64; x64) AppleWebKit/537.36 (KHTML, like Gecko) Chrome/89.0.4389.114 Safari/537.36"
196.251.71.181 - - [12/Sep/2025:20:28:13 +0700] "POST //xmlrpc.php HTTP/1.0" 200 954 "-" "Mozilla/5.0 (Windows NT 10.0; Win64; x64) AppleWebKit/537.36 (KHTML, like Gecko) Chrome/89.0.4389.114 Safari/537.36"
196.251.71.181 - - [12/Sep/2025:20:28:15 +0700] "POST //xmlrpc.php HTTP/1.0" 200 954 "-" "Mozilla/5.0 (Windows NT 10.0; Win64; x64) AppleWebKit/537.36 (KHTML, like Gecko) Chrome/89.0.4389.114 Safari/537.36"
45.117.177.72 - - [12/Sep/2025:20:28:18 +0700] "POST /wp-cron.php?doing_wp_cron=1757683698.0909368991851806640625 HTTP/1.0" 200 416 "-" "WordPress/6.8.1; https://vattusacky.vn"
196.251.71.181 - - [12/Sep/2025:20:28:16 +0700] "POST //xmlrpc.php HTTP/1.0" 200 954 "-" "Mozilla/5.0 (Windows NT 10.0; Win64; x64) AppleWebKit/537.36 (KHTML, like Gecko) Chrome/89.0.4389.114 Safari/537.36"
196.251.71.181 - - [12/Sep/2025:20:28:18 +0700] "POST //xmlrpc.php HTTP/1.0" 200 954 "-" "Mozilla/5.0 (Windows NT 10.0; Win64; x64) AppleWebKit/537.36 (KHTML, like Gecko) Chrome/89.0.4389.114 Safari/537.36"
196.251.71.181 - - [12/Sep/2025:20:28:20 +0700] "POST //xmlrpc.php HTTP/1.0" 200 954 "-" "Mozilla/5.0 (Windows NT 10.0; Win64; x64) AppleWebKit/537.36 (KHTML, like Gecko) Chrome/89.0.4389.114 Safari/537.36"
196.251.71.181 - - [12/Sep/2025:20:28:21 +0700] "POST //xmlrpc.php HTTP/1.0" 200 954 "-" "Mozilla/5.0 (Windows NT 10.0; Win64; x64) AppleWebKit/537.36 (KHTML, like Gecko) Chrome/89.0.4389.114 Safari/537.36"
196.251.71.181 - - [12/Sep/2025:20:28:23 +0700] "POST //xmlrpc.php HTTP/1.0" 200 954 "-" "Mozilla/5.0 (Windows NT 10.0; Win64; x64) AppleWebKit/537.36 (KHTML, like Gecko) Chrome/89.0.4389.114 Safari/537.36"
196.251.71.181 - - [12/Sep/2025:20:28:25 +0700] "POST //xmlrpc.php HTTP/1.0" 200 954 "-" "Mozilla/5.0 (Windows NT 10.0; Win64; x64) AppleWebKit/537.36 (KHTML, like Gecko) Chrome/89.0.4389.114 Safari/537.36"
196.251.71.181 - - [12/Sep/2025:20:28:26 +0700] "POST //xmlrpc.php HTTP/1.0" 200 954 "-" "Mozilla/5.0 (Windows NT 10.0; Win64; x64) AppleWebKit/537.36 (KHTML, like Gecko) Chrome/89.0.4389.114 Safari/537.36"
196.251.71.181 - - [12/Sep/2025:20:28:28 +0700] "POST //xmlrpc.php HTTP/1.0" 200 954 "-" "Mozilla/5.0 (Windows NT 10.0; Win64; x64) AppleWebKit/537.36 (KHTML, like Gecko) Chrome/89.0.4389.114 Safari/537.36"
196.251.71.181 - - [12/Sep/2025:20:28:29 +0700] "POST //xmlrpc.php HTTP/1.0" 200 954 "-" "Mozilla/5.0 (Windows NT 10.0; Win64; x64) AppleWebKit/537.36 (KHTML, like Gecko) Chrome/89.0.4389.114 Safari/537.36"
196.251.71.181 - - [12/Sep/2025:20:28:31 +0700] "POST //xmlrpc.php HTTP/1.0" 200 954 "-" "Mozilla/5.0 (Windows NT 10.0; Win64; x64) AppleWebKit/537.36 (KHTML, like Gecko) Chrome/89.0.4389.114 Safari/537.36"
196.251.71.181 - - [12/Sep/2025:20:28:32 +0700] "POST //xmlrpc.php HTTP/1.0" 200 954 "-" "Mozilla/5.0 (Windows NT 10.0; Win64; x64) AppleWebKit/537.36 (KHTML, like Gecko) Chrome/89.0.4389.114 Safari/537.36"
54.39.210.70 - - [12/Sep/2025:20:28:32 +0700] "GET /cara-memilih-link-slot-1000-terpercaya-di-indonesia/ HTTP/1.0" 200 67539 "-" "Mozilla/5.0 (compatible; AhrefsBot/7.0; +http://ahrefs.com/robot/)"
196.251.71.181 - - [12/Sep/2025:20:28:34 +0700] "POST //xmlrpc.php HTTP/1.0" 200 954 "-" "Mozilla/5.0 (Windows NT 10.0; Win64; x64) AppleWebKit/537.36 (KHTML, like Gecko) Chrome/89.0.4389.114 Safari/537.36"
196.251.71.181 - - [12/Sep/2025:20:28:36 +0700] "POST //xmlrpc.php HTTP/1.0" 200 954 "-" "Mozilla/5.0 (Windows NT 10.0; Win64; x64) AppleWebKit/537.36 (KHTML, like Gecko) Chrome/89.0.4389.114 Safari/537.36"
196.251.71.181 - - [12/Sep/2025:20:28:37 +0700] "POST //xmlrpc.php HTTP/1.0" 200 954 "-" "Mozilla/5.0 (Windows NT 10.0; Win64; x64) AppleWebKit/537.36 (KHTML, like Gecko) Chrome/89.0.4389.114 Safari/537.36"
196.251.71.181 - - [12/Sep/2025:20:28:39 +0700] "POST //xmlrpc.php HTTP/1.0" 200 954 "-" "Mozilla/5.0 (Windows NT 10.0; Win64; x64) AppleWebKit/537.36 (KHTML, like Gecko) Chrome/89.0.4389.114 Safari/537.36"
196.251.71.181 - - [12/Sep/2025:20:28:40 +0700] "POST //xmlrpc.php HTTP/1.0" 200 954 "-" "Mozilla/5.0 (Windows NT 10.0; Win64; x64) AppleWebKit/537.36 (KHTML, like Gecko) Chrome/89.0.4389.114 Safari/537.36"
196.251.71.181 - - [12/Sep/2025:20:28:42 +0700] "POST //xmlrpc.php HTTP/1.0" 200 954 "-" "Mozilla/5.0 (Windows NT 10.0; Win64; x64) AppleWebKit/537.36 (KHTML, like Gecko) Chrome/89.0.4389.114 Safari/537.36"
196.251.71.181 - - [12/Sep/2025:20:28:44 +0700] "POST //xmlrpc.php HTTP/1.0" 200 954 "-" "Mozilla/5.0 (Windows NT 10.0; Win64; x64) AppleWebKit/537.36 (KHTML, like Gecko) Chrome/89.0.4389.114 Safari/537.36"
196.251.71.181 - - [12/Sep/2025:20:28:45 +0700] "POST //xmlrpc.php HTTP/1.0" 200 954 "-" "Mozilla/5.0 (Windows NT 10.0; Win64; x64) AppleWebKit/537.36 (KHTML, like Gecko) Chrome/89.0.4389.114 Safari/537.36"
196.251.71.181 - - [12/Sep/2025:20:28:47 +0700] "POST //xmlrpc.php HTTP/1.0" 200 954 "-" "Mozilla/5.0 (Windows NT 10.0; Win64; x64) AppleWebKit/537.36 (KHTML, like Gecko) Chrome/89.0.4389.114 Safari/537.36"
196.251.71.181 - - [12/Sep/2025:20:28:49 +0700] "POST //xmlrpc.php HTTP/1.0" 200 954 "-" "Mozilla/5.0 (Windows NT 10.0; Win64; x64) AppleWebKit/537.36 (KHTML, like Gecko) Chrome/89.0.4389.114 Safari/537.36"
196.251.71.181 - - [12/Sep/2025:20:28:50 +0700] "POST //xmlrpc.php HTTP/1.0" 200 954 "-" "Mozilla/5.0 (Windows NT 10.0; Win64; x64) AppleWebKit/537.36 (KHTML, like Gecko) Chrome/89.0.4389.114 Safari/537.36"
196.251.71.181 - - [12/Sep/2025:20:28:52 +0700] "POST //xmlrpc.php HTTP/1.0" 200 954 "-" "Mozilla/5.0 (Windows NT 10.0; Win64; x64) AppleWebKit/537.36 (KHTML, like Gecko) Chrome/89.0.4389.114 Safari/537.36"
196.251.71.181 - - [12/Sep/2025:20:28:53 +0700] "POST //xmlrpc.php HTTP/1.0" 200 954 "-" "Mozilla/5.0 (Windows NT 10.0; Win64; x64) AppleWebKit/537.36 (KHTML, like Gecko) Chrome/89.0.4389.114 Safari/537.36"
196.251.71.181 - - [12/Sep/2025:20:28:56 +0700] "POST //xmlrpc.php HTTP/1.0" 200 954 "-" "Mozilla/5.0 (Windows NT 10.0; Win64; x64) AppleWebKit/537.36 (KHTML, like Gecko) Chrome/89.0.4389.114 Safari/537.36"
196.251.71.181 - - [12/Sep/2025:20:28:58 +0700] "POST //xmlrpc.php HTTP/1.0" 200 954 "-" "Mozilla/5.0 (Windows NT 10.0; Win64; x64) AppleWebKit/537.36 (KHTML, like Gecko) Chrome/89.0.4389.114 Safari/537.36"
196.251.71.181 - - [12/Sep/2025:20:29:00 +0700] "POST //xmlrpc.php HTTP/1.0" 200 954 "-" "Mozilla/5.0 (Windows NT 10.0; Win64; x64) AppleWebKit/537.36 (KHTML, like Gecko) Chrome/89.0.4389.114 Safari/537.36"
196.251.71.181 - - [12/Sep/2025:20:29:01 +0700] "POST //xmlrpc.php HTTP/1.0" 200 954 "-" "Mozilla/5.0 (Windows NT 10.0; Win64; x64) AppleWebKit/537.36 (KHTML, like Gecko) Chrome/89.0.4389.114 Safari/537.36"
196.251.71.181 - - [12/Sep/2025:20:29:03 +0700] "POST //xmlrpc.php HTTP/1.0" 200 954 "-" "Mozilla/5.0 (Windows NT 10.0; Win64; x64) AppleWebKit/537.36 (KHTML, like Gecko) Chrome/89.0.4389.114 Safari/537.36"
196.251.71.181 - - [12/Sep/2025:20:29:04 +0700] "POST //xmlrpc.php HTTP/1.0" 200 954 "-" "Mozilla/5.0 (Windows NT 10.0; Win64; x64) AppleWebKit/537.36 (KHTML, like Gecko) Chrome/89.0.4389.114 Safari/537.36"
51.222.95.109 - - [12/Sep/2025:20:29:05 +0700] "GET /asian-dating-day-chat-and-match-totally-free/ HTTP/1.0" 200 90603 "-" "Mozilla/5.0 (compatible; AhrefsBot/7.0; +http://ahrefs.com/robot/)"
196.251.71.181 - - [12/Sep/2025:20:29:06 +0700] "POST //xmlrpc.php HTTP/1.0" 200 954 "-" "Mozilla/5.0 (Windows NT 10.0; Win64; x64) AppleWebKit/537.36 (KHTML, like Gecko) Chrome/89.0.4389.114 Safari/537.36"
196.251.71.181 - - [12/Sep/2025:20:29:08 +0700] "POST //xmlrpc.php HTTP/1.0" 200 954 "-" "Mozilla/5.0 (Windows NT 10.0; Win64; x64) AppleWebKit/537.36 (KHTML, like Gecko) Chrome/89.0.4389.114 Safari/537.36"
196.251.71.181 - - [12/Sep/2025:20:29:09 +0700] "POST //xmlrpc.php HTTP/1.0" 200 954 "-" "Mozilla/5.0 (Windows NT 10.0; Win64; x64) AppleWebKit/537.36 (KHTML, like Gecko) Chrome/89.0.4389.114 Safari/537.36"
196.251.71.181 - - [12/Sep/2025:20:29:11 +0700] "POST //xmlrpc.php HTTP/1.0" 200 954 "-" "Mozilla/5.0 (Windows NT 10.0; Win64; x64) AppleWebKit/537.36 (KHTML, like Gecko) Chrome/89.0.4389.114 Safari/537.36"
196.251.71.181 - - [12/Sep/2025:20:29:13 +0700] "POST //xmlrpc.php HTTP/1.0" 200 954 "-" "Mozilla/5.0 (Windows NT 10.0; Win64; x64) AppleWebKit/537.36 (KHTML, like Gecko) Chrome/89.0.4389.114 Safari/537.36"
196.251.71.181 - - [12/Sep/2025:20:29:14 +0700] "POST //xmlrpc.php HTTP/1.0" 200 954 "-" "Mozilla/5.0 (Windows NT 10.0; Win64; x64) AppleWebKit/537.36 (KHTML, like Gecko) Chrome/89.0.4389.114 Safari/537.36"
45.117.177.72 - - [12/Sep/2025:20:29:18 +0700] "POST /wp-cron.php?doing_wp_cron=1757683758.0954830646514892578125 HTTP/1.0" 200 416 "-" "WordPress/6.8.1; https://vattusacky.vn"
196.251.71.181 - - [12/Sep/2025:20:29:16 +0700] "POST //xmlrpc.php HTTP/1.0" 200 954 "-" "Mozilla/5.0 (Windows NT 10.0; Win64; x64) AppleWebKit/537.36 (KHTML, like Gecko) Chrome/89.0.4389.114 Safari/537.36"
196.251.71.181 - - [12/Sep/2025:20:29:18 +0700] "POST //xmlrpc.php HTTP/1.0" 200 954 "-" "Mozilla/5.0 (Windows NT 10.0; Win64; x64) AppleWebKit/537.36 (KHTML, like Gecko) Chrome/89.0.4389.114 Safari/537.36"
196.251.71.181 - - [12/Sep/2025:20:29:20 +0700] "POST //xmlrpc.php HTTP/1.0" 200 954 "-" "Mozilla/5.0 (Windows NT 10.0; Win64; x64) AppleWebKit/537.36 (KHTML, like Gecko) Chrome/89.0.4389.114 Safari/537.36"
196.251.71.181 - - [12/Sep/2025:20:29:21 +0700] "POST //xmlrpc.php HTTP/1.0" 200 954 "-" "Mozilla/5.0 (Windows NT 10.0; Win64; x64) AppleWebKit/537.36 (KHTML, like Gecko) Chrome/89.0.4389.114 Safari/537.36"
196.251.71.181 - - [12/Sep/2025:20:29:23 +0700] "POST //xmlrpc.php HTTP/1.0" 200 954 "-" "Mozilla/5.0 (Windows NT 10.0; Win64; x64) AppleWebKit/537.36 (KHTML, like Gecko) Chrome/89.0.4389.114 Safari/537.36"
196.251.71.181 - - [12/Sep/2025:20:29:24 +0700] "POST //xmlrpc.php HTTP/1.0" 200 954 "-" "Mozilla/5.0 (Windows NT 10.0; Win64; x64) AppleWebKit/537.36 (KHTML, like Gecko) Chrome/89.0.4389.114 Safari/537.36"
196.251.71.181 - - [12/Sep/2025:20:29:26 +0700] "POST //xmlrpc.php HTTP/1.0" 200 954 "-" "Mozilla/5.0 (Windows NT 10.0; Win64; x64) AppleWebKit/537.36 (KHTML, like Gecko) Chrome/89.0.4389.114 Safari/537.36"
196.251.71.181 - - [12/Sep/2025:20:29:27 +0700] "POST //xmlrpc.php HTTP/1.0" 200 954 "-" "Mozilla/5.0 (Windows NT 10.0; Win64; x64) AppleWebKit/537.36 (KHTML, like Gecko) Chrome/89.0.4389.114 Safari/537.36"
196.251.71.181 - - [12/Sep/2025:20:29:29 +0700] "POST //xmlrpc.php HTTP/1.0" 200 954 "-" "Mozilla/5.0 (Windows NT 10.0; Win64; x64) AppleWebKit/537.36 (KHTML, like Gecko) Chrome/89.0.4389.114 Safari/537.36"
196.251.71.181 - - [12/Sep/2025:20:29:31 +0700] "POST //xmlrpc.php HTTP/1.0" 200 954 "-" "Mozilla/5.0 (Windows NT 10.0; Win64; x64) AppleWebKit/537.36 (KHTML, like Gecko) Chrome/89.0.4389.114 Safari/537.36"
142.44.220.248 - - [12/Sep/2025:20:29:32 +0700] "GET /tag/lay-mau-nuoc-ngam/ HTTP/1.0" 200 59533 "-" "Mozilla/5.0 (compatible; AhrefsBot/7.0; +http://ahrefs.com/robot/)"
196.251.71.181 - - [12/Sep/2025:20:29:32 +0700] "POST //xmlrpc.php HTTP/1.0" 200 954 "-" "Mozilla/5.0 (Windows NT 10.0; Win64; x64) AppleWebKit/537.36 (KHTML, like Gecko) Chrome/89.0.4389.114 Safari/537.36"
196.251.71.181 - - [12/Sep/2025:20:29:34 +0700] "POST //xmlrpc.php HTTP/1.0" 200 954 "-" "Mozilla/5.0 (Windows NT 10.0; Win64; x64) AppleWebKit/537.36 (KHTML, like Gecko) Chrome/89.0.4389.114 Safari/537.36"
196.251.71.181 - - [12/Sep/2025:20:29:35 +0700] "POST //xmlrpc.php HTTP/1.0" 200 954 "-" "Mozilla/5.0 (Windows NT 10.0; Win64; x64) AppleWebKit/537.36 (KHTML, like Gecko) Chrome/89.0.4389.114 Safari/537.36"
196.251.71.181 - - [12/Sep/2025:20:29:37 +0700] "POST //xmlrpc.php HTTP/1.0" 200 954 "-" "Mozilla/5.0 (Windows NT 10.0; Win64; x64) AppleWebKit/537.36 (KHTML, like Gecko) Chrome/89.0.4389.114 Safari/537.36"
196.251.71.181 - - [12/Sep/2025:20:29:38 +0700] "POST //xmlrpc.php HTTP/1.0" 200 954 "-" "Mozilla/5.0 (Windows NT 10.0; Win64; x64) AppleWebKit/537.36 (KHTML, like Gecko) Chrome/89.0.4389.114 Safari/537.36"
196.251.71.181 - - [12/Sep/2025:20:29:40 +0700] "POST //xmlrpc.php HTTP/1.0" 200 954 "-" "Mozilla/5.0 (Windows NT 10.0; Win64; x64) AppleWebKit/537.36 (KHTML, like Gecko) Chrome/89.0.4389.114 Safari/537.36"
196.251.71.181 - - [12/Sep/2025:20:29:42 +0700] "POST //xmlrpc.php HTTP/1.0" 200 954 "-" "Mozilla/5.0 (Windows NT 10.0; Win64; x64) AppleWebKit/537.36 (KHTML, like Gecko) Chrome/89.0.4389.114 Safari/537.36"
196.251.71.181 - - [12/Sep/2025:20:29:44 +0700] "POST //xmlrpc.php HTTP/1.0" 200 954 "-" "Mozilla/5.0 (Windows NT 10.0; Win64; x64) AppleWebKit/537.36 (KHTML, like Gecko) Chrome/89.0.4389.114 Safari/537.36"
196.251.71.181 - - [12/Sep/2025:20:29:45 +0700] "POST //xmlrpc.php HTTP/1.0" 200 954 "-" "Mozilla/5.0 (Windows NT 10.0; Win64; x64) AppleWebKit/537.36 (KHTML, like Gecko) Chrome/89.0.4389.114 Safari/537.36"
