103.131.71.53 - - [12/Sep/2025:17:27:47 +0700] "GET /robots.txt HTTP/1.0" 200 984 "-" "Mozilla/5.0 (compatible; coccocbot-image/1.0; +http://help.coccoc.com/searchengine)"
103.131.71.28 - - [12/Sep/2025:17:27:55 +0700] "GET /wp-content/uploads/2018/06/wildco-logo.png HTTP/1.0" 200 418 "-" "Mozilla/5.0 (compatible; coccocbot-image/1.0; +http://help.coccoc.com/searchengine)"
45.117.177.72 - - [12/Sep/2025:17:28:19 +0700] "POST /wp-cron.php?doing_wp_cron=1757672899.1411800384521484375000 HTTP/1.0" 200 416 "-" "WordPress/6.8.1; https://vattusacky.vn"
85.208.98.23 - - [12/Sep/2025:17:28:17 +0700] "GET /robots.txt HTTP/1.0" 200 984 "http://vattusacky.vn/robots.txt" "Mozilla/5.0 (compatible; SemrushBot-BA; +http://www.semrush.com/bot.html)"
85.208.98.20 - - [12/Sep/2025:17:28:54 +0700] "GET /dragonfly-doji/ HTTP/1.0" 200 234848 "-" "Mozilla/5.0 (compatible; SemrushBot-BA; +http://www.semrush.com/bot.html)"
85.208.98.22 - - [12/Sep/2025:17:28:54 +0700] "GET /cheap-alternative-for-viagra/ HTTP/1.0" 200 219317 "-" "Mozilla/5.0 (compatible; SemrushBot-BA; +http://www.semrush.com/bot.html)"
85.208.98.29 - - [12/Sep/2025:17:28:55 +0700] "GET /haben-sie-tatsachlich-mehr-anziehen-jungs-sind-wann-bist-du-aktuell-in-einer-beziehung-bist/ HTTP/1.0" 200 205844 "-" "Mozilla/5.0 (compatible; SemrushBot-BA; +http://www.semrush.com/bot.html)"
85.208.98.20 - - [12/Sep/2025:17:29:08 +0700] "GET /fuckswipe-assessment-in-2020-features-experts-downsides/ HTTP/1.0" 200 212054 "-" "Mozilla/5.0 (compatible; SemrushBot-BA; +http://www.semrush.com/bot.html)"
85.208.98.22 - - [12/Sep/2025:17:29:08 +0700] "GET /bitcoin-price-btc-price-index-live-chart-and-usd/ HTTP/1.0" 200 376918 "-" "Mozilla/5.0 (compatible; SemrushBot-BA; +http://www.semrush.com/bot.html)"
85.208.98.19 - - [12/Sep/2025:17:29:09 +0700] "GET /benefits-and-drawbacks-of-going-out-with-a-uk-girl/ HTTP/1.0" 200 206966 "-" "Mozilla/5.0 (compatible; SemrushBot-BA; +http://www.semrush.com/bot.html)"
54.37.86.223 - - [12/Sep/2025:17:29:11 +0700] "GET /robots.txt HTTP/1.0" 200 984 "-" "Mozilla/5.0 (compatible; MJ12bot/v1.4.8; http://mj12bot.com/)"
45.117.177.72 - - [12/Sep/2025:17:29:18 +0700] "POST /wp-cron.php?doing_wp_cron=1757672958.1259300708770751953125 HTTP/1.0" 200 416 "-" "WordPress/6.8.1; https://vattusacky.vn"
54.37.86.223 - - [12/Sep/2025:17:29:16 +0700] "GET /1xbet-az-r%C9%99smi-sayt-1xbet-az%C9%99rbaycan-bukmeker-kontoru-bonuslar-apk-105/ HTTP/1.0" 200 82212 "-" "Mozilla/5.0 (compatible; MJ12bot/v1.4.8; http://mj12bot.com/)"
54.37.86.223 - - [12/Sep/2025:17:29:22 +0700] "GET /1xbet-az-r%C9%99smi-sayt-1xbet-az%C9%99rbaycan-bukmeker-kontoru-bonuslar-apk-152/ HTTP/1.0" 200 83573 "-" "Mozilla/5.0 (compatible; MJ12bot/v1.4.8; http://mj12bot.com/)"
85.208.98.19 - - [12/Sep/2025:17:29:25 +0700] "GET /dlab/ HTTP/1.0" 200 203376 "-" "Mozilla/5.0 (compatible; SemrushBot-BA; +http://www.semrush.com/bot.html)"
85.208.98.16 - - [12/Sep/2025:17:29:26 +0700] "GET /3823-2/ HTTP/1.0" 200 205822 "-" "Mozilla/5.0 (compatible; SemrushBot-BA; +http://www.semrush.com/bot.html)"
85.208.98.31 - - [12/Sep/2025:17:29:26 +0700] "GET /a-guide-to-hiring-professional-custom-essay-writers/ HTTP/1.0" 200 207465 "-" "Mozilla/5.0 (compatible; SemrushBot-BA; +http://www.semrush.com/bot.html)"
54.37.86.223 - - [12/Sep/2025:17:29:27 +0700] "GET /1xbet-azerbaycan-m%C9%99rc-sayti-giris-1xbet-azerbaycan-mobil-uygulama-yukle-248/ HTTP/1.0" 200 84086 "-" "Mozilla/5.0 (compatible; MJ12bot/v1.4.8; http://mj12bot.com/)"
54.37.86.223 - - [12/Sep/2025:17:29:31 +0700] "GET /1xbet-az%C9%99rbaycan-idman-v%C9%99-kazino-uzr%C9%99-m%C9%99rcl%C9%99r-839/ HTTP/1.0" 200 84242 "-" "Mozilla/5.0 (compatible; MJ12bot/v1.4.8; http://mj12bot.com/)"
85.208.98.19 - - [12/Sep/2025:17:29:37 +0700] "GET /access-ultra-fast-execution-and-direct-order-fills/ HTTP/1.0" 200 312300 "-" "Mozilla/5.0 (compatible; SemrushBot-BA; +http://www.semrush.com/bot.html)"
54.37.86.223 - - [12/Sep/2025:17:29:37 +0700] "GET /888-casino-evaluate-2023-%EF%B8%8F-play-actual-cash-5/ HTTP/1.0" 200 246522 "-" "Mozilla/5.0 (compatible; MJ12bot/v1.4.8; http://mj12bot.com/)"
103.131.71.26 - - [12/Sep/2025:17:29:36 +0700] "GET /sitemap_index.xml HTTP/1.0" 200 2426 "-" "Mozilla/5.0 (compatible; coccocbot-image/1.0; +http://help.coccoc.com/searchengine)"
85.208.98.16 - - [12/Sep/2025:17:29:37 +0700] "GET /how-to-erase-leovegas-account-most-recent-news-movies-photos-about-just-how-to-delete-leovegas-account-page-one/ HTTP/1.0" 200 223168 "-" "Mozilla/5.0 (compatible; SemrushBot-BA; +http://www.semrush.com/bot.html)"
85.208.98.31 - - [12/Sep/2025:17:29:37 +0700] "GET /3872-2/ HTTP/1.0" 200 206120 "-" "Mozilla/5.0 (compatible; SemrushBot-BA; +http://www.semrush.com/bot.html)"
54.37.86.223 - - [12/Sep/2025:17:29:41 +0700] "GET /aviatordan-pul-qazanmaq-2022-yeni-x%C9%99st%C9%99lik-aviator-casino-mostbet-910/ HTTP/1.0" 200 87020 "-" "Mozilla/5.0 (compatible; MJ12bot/v1.4.8; http://mj12bot.com/)"
54.37.86.223 - - [12/Sep/2025:17:29:46 +0700] "GET /az%C9%99rbaycanda-mostbet-bukmeker-kontorunun-icmali-313/ HTTP/1.0" 200 82755 "-" "Mozilla/5.0 (compatible; MJ12bot/v1.4.8; http://mj12bot.com/)"
85.208.98.19 - - [12/Sep/2025:17:29:51 +0700] "GET /aviator-predictor-v1-ninety-four-apk-mod-2023-free-159/ HTTP/1.0" 200 277750 "-" "Mozilla/5.0 (compatible; SemrushBot-BA; +http://www.semrush.com/bot.html)"
85.208.98.31 - - [12/Sep/2025:17:29:51 +0700] "GET /free-slots-no-downloads/ HTTP/1.0" 200 208396 "-" "Mozilla/5.0 (compatible; SemrushBot-BA; +http://www.semrush.com/bot.html)"
85.208.98.16 - - [12/Sep/2025:17:29:51 +0700] "GET /chinh-xac-nhung-gi-ban-can-tien-mat-nhanh-muc-the-chap-tra-truoc-moi/ HTTP/1.0" 200 212646 "-" "Mozilla/5.0 (compatible; SemrushBot-BA; +http://www.semrush.com/bot.html)"
54.37.86.223 - - [12/Sep/2025:17:29:53 +0700] "GET /az%C9%99rbaycanda-mostbet-bukmeker-kontorunun-icmali-790/ HTTP/1.0" 200 85545 "-" "Mozilla/5.0 (compatible; MJ12bot/v1.4.8; http://mj12bot.com/)"
54.37.86.223 - - [12/Sep/2025:17:30:01 +0700] "GET /casinoland-examine-2022-%EF%B8%8F-popped-place-with-regard-to-united-kingdom-competitors-%EF%B8%8F/ HTTP/1.0" 200 210304 "-" "Mozilla/5.0 (compatible; MJ12bot/v1.4.8; http://mj12bot.com/)"
85.208.98.31 - - [12/Sep/2025:17:30:01 +0700] "GET /exactly-what-does-cbd-are-a-symbol-of/ HTTP/1.0" 200 205744 "-" "Mozilla/5.0 (compatible; SemrushBot-BA; +http://www.semrush.com/bot.html)"
85.208.98.29 - - [12/Sep/2025:17:30:01 +0700] "GET /cach-nhan-don-gian-vay-tra-gop-chi-can-cmnd-tien-len-tu-mot-ngay/ HTTP/1.0" 200 208402 "-" "Mozilla/5.0 (compatible; SemrushBot-BA; +http://www.semrush.com/bot.html)"
85.208.98.24 - - [12/Sep/2025:17:30:01 +0700] "GET /free-slot-machines-get-the-top-known-slots-online/ HTTP/1.0" 200 208469 "-" "Mozilla/5.0 (compatible; SemrushBot-BA; +http://www.semrush.com/bot.html)"
54.37.86.223 - - [12/Sep/2025:17:30:07 +0700] "GET /category/1win-az-bonuslar-mobil-t%C9%99tbiq-v%C9%99-m%C9%99rc-marketl%C9%99ri-119/ HTTP/1.0" 200 64293 "-" "Mozilla/5.0 (compatible; MJ12bot/v1.4.8; http://mj12bot.com/)"
85.208.98.22 - - [12/Sep/2025:17:30:12 +0700] "GET /cach-trai-vay-tien-online-nghiem-cai-dat-truoc/ HTTP/1.0" 200 209361 "-" "Mozilla/5.0 (compatible; SemrushBot-BA; +http://www.semrush.com/bot.html)"
85.208.98.29 - - [12/Sep/2025:17:30:12 +0700] "GET /4224-2/ HTTP/1.0" 200 206537 "-" "Mozilla/5.0 (compatible; SemrushBot-BA; +http://www.semrush.com/bot.html)"
85.208.98.20 - - [12/Sep/2025:17:30:12 +0700] "GET /heated-latin-females-dating-protection-tips/ HTTP/1.0" 200 206722 "-" "Mozilla/5.0 (compatible; SemrushBot-BA; +http://www.semrush.com/bot.html)"
54.37.86.223 - - [12/Sep/2025:17:30:13 +0700] "GET /danh-muc/co-ba%CC%89n-thi-nghie%CC%A3m/ HTTP/1.0" 200 67804 "-" "Mozilla/5.0 (compatible; MJ12bot/v1.4.8; http://mj12bot.com/)"
45.117.177.72 - - [12/Sep/2025:17:30:19 +0700] "POST /wp-cron.php?doing_wp_cron=1757673019.0690479278564453125000 HTTP/1.0" 200 416 "-" "WordPress/6.8.1; https://vattusacky.vn"
54.37.86.223 - - [12/Sep/2025:17:30:17 +0700] "GET /danh-muc/co-ba%CC%89n-thi-nghie%CC%A3m/be-o%CC%89n-nhie%CC%A3t-tuan-hoan/ HTTP/1.0" 200 60379 "-" "Mozilla/5.0 (compatible; MJ12bot/v1.4.8; http://mj12bot.com/)"
85.208.98.16 - - [12/Sep/2025:17:30:22 +0700] "GET /kruss/wildco-logo/ HTTP/1.0" 200 198082 "-" "Mozilla/5.0 (compatible; SemrushBot-BA; +http://www.semrush.com/bot.html)"
85.208.98.24 - - [12/Sep/2025:17:30:22 +0700] "GET /3925-2/ HTTP/1.0" 200 206616 "-" "Mozilla/5.0 (compatible; SemrushBot-BA; +http://www.semrush.com/bot.html)"
85.208.98.31 - - [12/Sep/2025:17:30:22 +0700] "GET /ecb-clears-brendon-mccullum-of-corruption-over-his-166/ HTTP/1.0" 200 257624 "-" "Mozilla/5.0 (compatible; SemrushBot-BA; +http://www.semrush.com/bot.html)"
85.208.98.16 - - [12/Sep/2025:17:30:30 +0700] "GET /how-to-get-essays-online/ HTTP/1.0" 200 205688 "-" "Mozilla/5.0 (compatible; SemrushBot-BA; +http://www.semrush.com/bot.html)"
85.208.98.19 - - [12/Sep/2025:17:30:30 +0700] "GET /50-mg-clomid-twins/ HTTP/1.0" 200 216584 "-" "Mozilla/5.0 (compatible; SemrushBot-BA; +http://www.semrush.com/bot.html)"
85.208.98.31 - - [12/Sep/2025:17:30:30 +0700] "GET /discover-local-hookups-in-ny-city-on-high-informal-dating-site/ HTTP/1.0" 200 206001 "-" "Mozilla/5.0 (compatible; SemrushBot-BA; +http://www.semrush.com/bot.html)"
85.208.98.19 - - [12/Sep/2025:17:30:39 +0700] "GET /20-best-senior-dating-sites-of-2023/ HTTP/1.0" 200 253568 "-" "Mozilla/5.0 (compatible; SemrushBot-BA; +http://www.semrush.com/bot.html)"
85.208.98.20 - - [12/Sep/2025:17:30:39 +0700] "GET /activities-on-a-earliest-date/ HTTP/1.0" 200 207457 "-" "Mozilla/5.0 (compatible; SemrushBot-BA; +http://www.semrush.com/bot.html)"
85.208.98.22 - - [12/Sep/2025:17:30:39 +0700] "GET /killer-sudoku/ HTTP/1.0" 200 204169 "-" "Mozilla/5.0 (compatible; SemrushBot-BA; +http://www.semrush.com/bot.html)"
85.208.98.20 - - [12/Sep/2025:17:31:10 +0700] "GET /how-to-locate-an-essay-helper-for-the-job/ HTTP/1.0" 200 206269 "-" "Mozilla/5.0 (compatible; SemrushBot-BA; +http://www.semrush.com/bot.html)"
85.208.98.22 - - [12/Sep/2025:17:31:10 +0700] "GET /kruss/france-etuves/ HTTP/1.0" 200 198224 "-" "Mozilla/5.0 (compatible; SemrushBot-BA; +http://www.semrush.com/bot.html)"
85.208.98.16 - - [12/Sep/2025:17:31:10 +0700] "GET /gunbot-trading-bot-with-136-exchanges-available/ HTTP/1.0" 200 306861 "-" "Mozilla/5.0 (compatible; SemrushBot-BA; +http://www.semrush.com/bot.html)"
85.208.98.22 - - [12/Sep/2025:17:31:18 +0700] "GET /casino-mobilnaja-versija-kazino-igrovye-avtomaty-3/ HTTP/1.0" 200 222820 "-" "Mozilla/5.0 (compatible; SemrushBot-BA; +http://www.semrush.com/bot.html)"
45.117.177.72 - - [12/Sep/2025:17:31:19 +0700] "POST /wp-cron.php?doing_wp_cron=1757673079.4682750701904296875000 HTTP/1.0" 200 416 "-" "WordPress/6.8.1; https://vattusacky.vn"
85.208.98.20 - - [12/Sep/2025:17:31:18 +0700] "GET /15-best-international-dating-sites-apps-to-join-in-2023/ HTTP/1.0" 200 213823 "-" "Mozilla/5.0 (compatible; SemrushBot-BA; +http://www.semrush.com/bot.html)"
85.208.98.29 - - [12/Sep/2025:17:31:18 +0700] "GET /how-to-locate-sugar-romantic-relationships-online/ HTTP/1.0" 200 208526 "-" "Mozilla/5.0 (compatible; SemrushBot-BA; +http://www.semrush.com/bot.html)"
85.208.98.29 - - [12/Sep/2025:17:31:25 +0700] "GET /1xbet-zambia-promo-code-enroll-offer-2023-65/ HTTP/1.0" 200 237025 "-" "Mozilla/5.0 (compatible; SemrushBot-BA; +http://www.semrush.com/bot.html)"
85.208.98.20 - - [12/Sep/2025:17:31:25 +0700] "GET /guy-dating-points-ways-to-be-comfortable-in-your-like-life/ HTTP/1.0" 200 206932 "-" "Mozilla/5.0 (compatible; SemrushBot-BA; +http://www.semrush.com/bot.html)"
85.208.98.24 - - [12/Sep/2025:17:31:25 +0700] "GET /couple-things-to-do-to-reconnect/ HTTP/1.0" 200 206768 "-" "Mozilla/5.0 (compatible; SemrushBot-BA; +http://www.semrush.com/bot.html)"
85.208.98.22 - - [12/Sep/2025:17:31:34 +0700] "GET /how-you-can-on-your-online-dating-first-time-frame/ HTTP/1.0" 200 206823 "-" "Mozilla/5.0 (compatible; SemrushBot-BA; +http://www.semrush.com/bot.html)"
85.208.98.16 - - [12/Sep/2025:17:31:35 +0700] "GET /good-relationship-questions-to-improve-your-romance/ HTTP/1.0" 200 206759 "-" "Mozilla/5.0 (compatible; SemrushBot-BA; +http://www.semrush.com/bot.html)"
85.208.98.19 - - [12/Sep/2025:17:31:34 +0700] "GET /betwinner-evaluate-335/ HTTP/1.0" 200 212795 "-" "Mozilla/5.0 (compatible; SemrushBot-BA; +http://www.semrush.com/bot.html)"
139.59.32.59 - - [12/Sep/2025:17:31:40 +0700] "POST /xmlrpc.php HTTP/1.0" 200 1185 "https://vattusacky.vn" "Mozilla/5.0 (Windows NT 10.0; Win64; x64; rv:126.0) Gecko/20100101 Firefox/126.0"
85.208.98.20 - - [12/Sep/2025:17:31:43 +0700] "GET /dealing-with-your-lovers-jealousy/ HTTP/1.0" 200 209226 "-" "Mozilla/5.0 (compatible; SemrushBot-BA; +http://www.semrush.com/bot.html)"
85.208.98.29 - - [12/Sep/2025:17:31:43 +0700] "GET /bahis-siteleri-guvenilir-casino-bonuslar-ve/ HTTP/1.0" 200 217891 "-" "Mozilla/5.0 (compatible; SemrushBot-BA; +http://www.semrush.com/bot.html)"
85.208.98.24 - - [12/Sep/2025:17:31:43 +0700] "GET /bitcoin-usd-btc-usd-price-cryptocurrency-news/ HTTP/1.0" 200 308512 "-" "Mozilla/5.0 (compatible; SemrushBot-BA; +http://www.semrush.com/bot.html)"
85.208.98.22 - - [12/Sep/2025:17:31:51 +0700] "GET /3479-2/ HTTP/1.0" 200 206978 "-" "Mozilla/5.0 (compatible; SemrushBot-BA; +http://www.semrush.com/bot.html)"
85.208.98.16 - - [12/Sep/2025:17:31:51 +0700] "GET /cryptocurrency-the-10-best-cryptos-to-mine-in-2022/ HTTP/1.0" 200 290058 "-" "Mozilla/5.0 (compatible; SemrushBot-BA; +http://www.semrush.com/bot.html)"
85.208.98.20 - - [12/Sep/2025:17:31:51 +0700] "GET /free-local-gay-chat-freehookupssites/ HTTP/1.0" 200 221053 "-" "Mozilla/5.0 (compatible; SemrushBot-BA; +http://www.semrush.com/bot.html)"
51.68.111.208 - - [12/Sep/2025:17:31:56 +0700] "GET /robots.txt HTTP/1.0" 200 984 "-" "Mozilla/5.0 (compatible; MJ12bot/v2.0.4; http://mj12bot.com/)"
85.208.98.16 - - [12/Sep/2025:17:32:02 +0700] "GET /cach-nhanh-chong-tien-len-truc-tuyen-oncredit-vn-co-the-giup-noi-ve-hoa-don-dot-ngot/ HTTP/1.0" 200 241765 "-" "Mozilla/5.0 (compatible; SemrushBot-BA; +http://www.semrush.com/bot.html)"
85.208.98.22 - - [12/Sep/2025:17:32:02 +0700] "GET /san-pham/maydohoatdophongxa1000/ HTTP/1.0" 200 266255 "-" "Mozilla/5.0 (compatible; SemrushBot-BA; +http://www.semrush.com/bot.html)"
85.208.98.19 - - [12/Sep/2025:17:32:02 +0700] "GET /alman-bahis-girnecasino-50-tl-deneme-bonusu-bahis/ HTTP/1.0" 200 269763 "-" "Mozilla/5.0 (compatible; SemrushBot-BA; +http://www.semrush.com/bot.html)"
85.208.98.22 - - [12/Sep/2025:17:32:13 +0700] "GET /4264-2/ HTTP/1.0" 200 206597 "-" "Mozilla/5.0 (compatible; SemrushBot-BA; +http://www.semrush.com/bot.html)"
85.208.98.19 - - [12/Sep/2025:17:32:13 +0700] "GET /how-to-choose-a-bed/ HTTP/1.0" 200 207366 "-" "Mozilla/5.0 (compatible; SemrushBot-BA; +http://www.semrush.com/bot.html)"
85.208.98.16 - - [12/Sep/2025:17:32:13 +0700] "GET /bettilt-com-bettilt-com-dragon-bahis-sitesi/ HTTP/1.0" 200 300304 "-" "Mozilla/5.0 (compatible; SemrushBot-BA; +http://www.semrush.com/bot.html)"
51.68.111.208 - - [12/Sep/2025:17:32:13 +0700] "GET / HTTP/1.0" 200 60070 "-" "Mozilla/5.0 (compatible; MJ12bot/v2.0.4; http://mj12bot.com/)"
45.117.177.72 - - [12/Sep/2025:17:32:26 +0700] "POST /wp-cron.php?doing_wp_cron=1757673146.6598401069641113281250 HTTP/1.0" 200 416 "-" "WordPress/6.8.1; https://vattusacky.vn"
85.208.98.19 - - [12/Sep/2025:17:32:25 +0700] "GET /gk-obuv-kazahstana-s-nachala-goda-otkryla-bolee-90/ HTTP/1.0" 200 229982 "-" "Mozilla/5.0 (compatible; SemrushBot-BA; +http://www.semrush.com/bot.html)"
85.208.98.20 - - [12/Sep/2025:17:32:25 +0700] "GET /how-do-you-get-the-woman-to-just-like-me/ HTTP/1.0" 200 205238 "-" "Mozilla/5.0 (compatible; SemrushBot-BA; +http://www.semrush.com/bot.html)"
85.208.98.22 - - [12/Sep/2025:17:32:25 +0700] "GET /exactly-what-are-the-benefits-of-cbd/ HTTP/1.0" 200 205898 "-" "Mozilla/5.0 (compatible; SemrushBot-BA; +http://www.semrush.com/bot.html)"
85.208.98.20 - - [12/Sep/2025:17:32:33 +0700] "GET /3948-2/ HTTP/1.0" 200 218997 "-" "Mozilla/5.0 (compatible; SemrushBot-BA; +http://www.semrush.com/bot.html)"
85.208.98.16 - - [12/Sep/2025:17:32:33 +0700] "GET /sustanon-250-steroid-tutto-cio-che-devi-sapere-2/ HTTP/1.0" 200 204202 "-" "Mozilla/5.0 (compatible; SemrushBot-BA; +http://www.semrush.com/bot.html)"
85.208.98.29 - - [12/Sep/2025:17:32:33 +0700] "GET /hud-app-evaluation-2023-is-it-a-waste-of-time/ HTTP/1.0" 200 205791 "-" "Mozilla/5.0 (compatible; SemrushBot-BA; +http://www.semrush.com/bot.html)"
85.208.98.20 - - [12/Sep/2025:17:32:43 +0700] "GET /10000-bitcoin-to-us-dollar-or-convert-10000-btc-to/ HTTP/1.0" 200 442309 "-" "Mozilla/5.0 (compatible; SemrushBot-BA; +http://www.semrush.com/bot.html)"
85.208.98.16 - - [12/Sep/2025:17:32:43 +0700] "GET /22bet-nigeria-evaluate-2021-68/ HTTP/1.0" 200 226599 "-" "Mozilla/5.0 (compatible; SemrushBot-BA; +http://www.semrush.com/bot.html)"
85.208.98.29 - - [12/Sep/2025:17:32:43 +0700] "GET /chinh-xac-nhung-gi-ban-can-https-vaysite-com-nguoi-cho-vay-takomo-loai-phan-mem-nang-cao-nhanh-chong/ HTTP/1.0" 200 211615 "-" "Mozilla/5.0 (compatible; SemrushBot-BA; +http://www.semrush.com/bot.html)"
85.208.98.20 - - [12/Sep/2025:17:32:59 +0700] "GET /btcusd-bitcoin-us-dollar-currency-exchange-rate/ HTTP/1.0" 200 345797 "-" "Mozilla/5.0 (compatible; SemrushBot-BA; +http://www.semrush.com/bot.html)"
85.208.98.29 - - [12/Sep/2025:17:32:59 +0700] "GET /just-how-is-hemp-different-from-weed/ HTTP/1.0" 200 205817 "-" "Mozilla/5.0 (compatible; SemrushBot-BA; +http://www.semrush.com/bot.html)"
85.208.98.24 - - [12/Sep/2025:17:33:00 +0700] "GET /how-to-find-cute-ukrainian-girls/ HTTP/1.0" 200 208133 "-" "Mozilla/5.0 (compatible; SemrushBot-BA; +http://www.semrush.com/bot.html)"
85.208.98.16 - - [12/Sep/2025:17:33:12 +0700] "GET /figuring-out-what-you-want-the-relationship-to-look-like/ HTTP/1.0" 200 208555 "-" "Mozilla/5.0 (compatible; SemrushBot-BA; +http://www.semrush.com/bot.html)"
85.208.98.29 - - [12/Sep/2025:17:33:12 +0700] "GET /bitcoin-price-history-apr-2013-mar-09-2023/ HTTP/1.0" 200 311745 "-" "Mozilla/5.0 (compatible; SemrushBot-BA; +http://www.semrush.com/bot.html)"
85.208.98.20 - - [12/Sep/2025:17:33:12 +0700] "GET /atlanta-wedding-and-engagement-traditions/ HTTP/1.0" 200 206635 "-" "Mozilla/5.0 (compatible; SemrushBot-BA; +http://www.semrush.com/bot.html)"
45.117.177.72 - - [12/Sep/2025:17:33:34 +0700] "POST /wp-cron.php?doing_wp_cron=1757673214.5617780685424804687500 HTTP/1.0" 200 416 "-" "WordPress/6.8.1; https://vattusacky.vn"
85.208.98.16 - - [12/Sep/2025:17:33:33 +0700] "GET /ban-nen-lam-gi-vay-tien-online-nhanh-kieu-cai-dat-ngat/ HTTP/1.0" 200 210373 "-" "Mozilla/5.0 (compatible; SemrushBot-BA; +http://www.semrush.com/bot.html)"
85.208.98.22 - - [12/Sep/2025:17:33:33 +0700] "GET /22bet-s-brief-withdrawal-time-makes-it-india-s-55/ HTTP/1.0" 200 236871 "-" "Mozilla/5.0 (compatible; SemrushBot-BA; +http://www.semrush.com/bot.html)"
85.208.98.31 - - [12/Sep/2025:17:33:33 +0700] "GET /comprehending-the-relationship-between-culture-and-relationships/ HTTP/1.0" 200 209060 "-" "Mozilla/5.0 (compatible; SemrushBot-BA; +http://www.semrush.com/bot.html)"
85.208.98.24 - - [12/Sep/2025:17:33:47 +0700] "GET /ecommerce-design-problems/ HTTP/1.0" 200 205342 "-" "Mozilla/5.0 (compatible; SemrushBot-BA; +http://www.semrush.com/bot.html)"
85.208.98.20 - - [12/Sep/2025:17:33:47 +0700] "GET /logo1/attachment/4/ HTTP/1.0" 200 197927 "-" "Mozilla/5.0 (compatible; SemrushBot-BA; +http://www.semrush.com/bot.html)"
85.208.98.19 - - [12/Sep/2025:17:33:48 +0700] "GET /free-russian-conversation/ HTTP/1.0" 200 207661 "-" "Mozilla/5.0 (compatible; SemrushBot-BA; +http://www.semrush.com/bot.html)"
85.208.98.29 - - [12/Sep/2025:17:33:58 +0700] "GET /kruss/halmilton-logo/ HTTP/1.0" 200 198222 "-" "Mozilla/5.0 (compatible; SemrushBot-BA; +http://www.semrush.com/bot.html)"
85.208.98.31 - - [12/Sep/2025:17:33:58 +0700] "GET /exactly-what-to-not-do-on-a-romantic-date/ HTTP/1.0" 200 206655 "-" "Mozilla/5.0 (compatible; SemrushBot-BA; +http://www.semrush.com/bot.html)"
85.208.98.16 - - [12/Sep/2025:17:33:58 +0700] "GET /kruss/ HTTP/1.0" 200 203535 "-" "Mozilla/5.0 (compatible; SemrushBot-BA; +http://www.semrush.com/bot.html)"
85.208.98.22 - - [12/Sep/2025:17:34:11 +0700] "GET /methods-to-impress-a-serbian-person/ HTTP/1.0" 200 207892 "-" "Mozilla/5.0 (compatible; SemrushBot-BA; +http://www.semrush.com/bot.html)"
85.208.98.19 - - [12/Sep/2025:17:34:11 +0700] "GET /findo-progress-cai-vaygap-tien-te-bao-co-su-khac-biet/ HTTP/1.0" 200 207412 "-" "Mozilla/5.0 (compatible; SemrushBot-BA; +http://www.semrush.com/bot.html)"
85.208.98.31 - - [12/Sep/2025:17:34:11 +0700] "GET /san-pham/bom-tuan-hoan-nuoc-jp-velp/ HTTP/1.0" 200 253628 "-" "Mozilla/5.0 (compatible; SemrushBot-BA; +http://www.semrush.com/bot.html)"
45.117.177.72 - - [12/Sep/2025:17:34:24 +0700] "POST /wp-cron.php?doing_wp_cron=1757673263.7201349735260009765625 HTTP/1.0" 200 416 "-" "WordPress/6.8.1; https://vattusacky.vn"
85.208.98.16 - - [12/Sep/2025:17:34:22 +0700] "GET /a-few-ways-to-experience-an-ideal-1st-date/ HTTP/1.0" 200 206637 "-" "Mozilla/5.0 (compatible; SemrushBot-BA; +http://www.semrush.com/bot.html)"
85.208.98.20 - - [12/Sep/2025:17:34:22 +0700] "GET /quantracnuocthai/2-7/ HTTP/1.0" 200 198267 "-" "Mozilla/5.0 (compatible; SemrushBot-BA; +http://www.semrush.com/bot.html)"
85.208.98.29 - - [12/Sep/2025:17:34:22 +0700] "GET /san-pham/bom-lay-mau-khi-cam-tay-desaga-gs-212/ HTTP/1.0" 200 322725 "-" "Mozilla/5.0 (compatible; SemrushBot-BA; +http://www.semrush.com/bot.html)"
85.208.98.31 - - [12/Sep/2025:17:34:37 +0700] "GET /nycs-12-best-dating-coaches-of-2014/ HTTP/1.0" 200 211164 "-" "Mozilla/5.0 (compatible; SemrushBot-BA; +http://www.semrush.com/bot.html)"
85.208.98.29 - - [12/Sep/2025:17:34:37 +0700] "GET /free-hookup-no-subscription/ HTTP/1.0" 200 205274 "-" "Mozilla/5.0 (compatible; SemrushBot-BA; +http://www.semrush.com/bot.html)"
85.208.98.16 - - [12/Sep/2025:17:34:37 +0700] "GET /discovering-dentistas-sobre-madrid/ HTTP/1.0" 200 207185 "-" "Mozilla/5.0 (compatible; SemrushBot-BA; +http://www.semrush.com/bot.html)"
85.208.98.22 - - [12/Sep/2025:17:34:47 +0700] "GET /best-online-slots/ HTTP/1.0" 200 206379 "-" "Mozilla/5.0 (compatible; SemrushBot-BA; +http://www.semrush.com/bot.html)"
85.208.98.31 - - [12/Sep/2025:17:34:47 +0700] "GET /1xbet-mobile-app-apk-download-for-android-6/ HTTP/1.0" 200 234026 "-" "Mozilla/5.0 (compatible; SemrushBot-BA; +http://www.semrush.com/bot.html)"
85.208.98.19 - - [12/Sep/2025:17:34:47 +0700] "GET /ireland-online-gambling-information/ HTTP/1.0" 200 223563 "-" "Mozilla/5.0 (compatible; SemrushBot-BA; +http://www.semrush.com/bot.html)"
85.208.98.29 - - [12/Sep/2025:17:34:57 +0700] "GET /is-certainly-avg-rider-updater-worth-your-money/ HTTP/1.0" 200 205802 "-" "Mozilla/5.0 (compatible; SemrushBot-BA; +http://www.semrush.com/bot.html)"
85.208.98.20 - - [12/Sep/2025:17:34:57 +0700] "GET /hello-world-4/ HTTP/1.0" 200 203072 "-" "Mozilla/5.0 (compatible; SemrushBot-BA; +http://www.semrush.com/bot.html)"
85.208.98.16 - - [12/Sep/2025:17:34:57 +0700] "GET /4282-2/ HTTP/1.0" 200 216347 "-" "Mozilla/5.0 (compatible; SemrushBot-BA; +http://www.semrush.com/bot.html)"
85.208.98.22 - - [12/Sep/2025:17:35:09 +0700] "GET /about-casino-deposit-free-spins/ HTTP/1.0" 200 207335 "-" "Mozilla/5.0 (compatible; SemrushBot-BA; +http://www.semrush.com/bot.html)"
85.208.98.16 - - [12/Sep/2025:17:35:09 +0700] "GET /du-doan-dieu-gi-tu-tien-vay-500k-trinh-500-nghin-truoc-do/ HTTP/1.0" 200 212957 "-" "Mozilla/5.0 (compatible; SemrushBot-BA; +http://www.semrush.com/bot.html)"
85.208.98.31 - - [12/Sep/2025:17:35:09 +0700] "GET /how-one-can-meet-single-women/ HTTP/1.0" 200 208284 "-" "Mozilla/5.0 (compatible; SemrushBot-BA; +http://www.semrush.com/bot.html)"
85.208.98.20 - - [12/Sep/2025:17:35:22 +0700] "GET /san-pham/dau-khoan-cat-5%E2%80%B3-sand-auger/ HTTP/1.0" 200 327536 "-" "Mozilla/5.0 (compatible; SemrushBot-BA; +http://www.semrush.com/bot.html)"
85.208.98.24 - - [12/Sep/2025:17:35:23 +0700] "GET /5-tips-for-a-productive-long-length-relationship/ HTTP/1.0" 200 207130 "-" "Mozilla/5.0 (compatible; SemrushBot-BA; +http://www.semrush.com/bot.html)"
85.208.98.29 - - [12/Sep/2025:17:35:22 +0700] "GET /brazils-lula-uses-womens-day-time-to-tout-new-spending-plans/ HTTP/1.0" 503 8456 "-" "Mozilla/5.0 (compatible; SemrushBot-BA; +http://www.semrush.com/bot.html)"
85.208.98.24 - - [12/Sep/2025:17:35:36 +0700] "GET /cambridge-bitcoin-electricity-consumption-index/ HTTP/1.0" 200 321788 "-" "Mozilla/5.0 (compatible; SemrushBot-BA; +http://www.semrush.com/bot.html)"
85.208.98.20 - - [12/Sep/2025:17:35:36 +0700] "GET /avast-free-discussion-board/ HTTP/1.0" 200 205231 "-" "Mozilla/5.0 (compatible; SemrushBot-BA; +http://www.semrush.com/bot.html)"
85.208.98.29 - - [12/Sep/2025:17:35:37 +0700] "GET /4893-2/ HTTP/1.0" 200 206817 "-" "Mozilla/5.0 (compatible; SemrushBot-BA; +http://www.semrush.com/bot.html)"
54.37.86.223 - - [12/Sep/2025:17:35:47 +0700] "GET /danh-muc/co-ba%CC%89n-thi-nghie%CC%A3m/be-rua-sieu-am/ HTTP/1.0" 200 60088 "-" "Mozilla/5.0 (compatible; MJ12bot/v1.4.8; http://mj12bot.com/)"
54.37.86.223 - - [12/Sep/2025:17:35:50 +0700] "GET /danh-muc/co-ba%CC%89n-thi-nghie%CC%A3m/bep-cach-thuy%CC%89/ HTTP/1.0" 200 74690 "-" "Mozilla/5.0 (compatible; MJ12bot/v1.4.8; http://mj12bot.com/)"
85.208.98.24 - - [12/Sep/2025:17:35:52 +0700] "GET /hello-world-3/ HTTP/1.0" 200 203292 "-" "Mozilla/5.0 (compatible; SemrushBot-BA; +http://www.semrush.com/bot.html)"
85.208.98.19 - - [12/Sep/2025:17:35:52 +0700] "GET /free-spins-a-fantastic-way-to-play-casino-games-online/ HTTP/1.0" 200 207024 "-" "Mozilla/5.0 (compatible; SemrushBot-BA; +http://www.semrush.com/bot.html)"
85.208.98.20 - - [12/Sep/2025:17:35:52 +0700] "GET /biznes-igrovye-avtomaty-onlayn-igrat/ HTTP/1.0" 200 251334 "-" "Mozilla/5.0 (compatible; SemrushBot-BA; +http://www.semrush.com/bot.html)"
54.37.86.223 - - [12/Sep/2025:17:35:54 +0700] "GET /danh-muc/co-ba%CC%89n-thi-nghie%CC%A3m/bom-chan-khong-bo%CC%A3-lo%CC%A3c-chan-khong/ HTTP/1.0" 200 69859 "-" "Mozilla/5.0 (compatible; MJ12bot/v1.4.8; http://mj12bot.com/)"
54.37.86.223 - - [12/Sep/2025:17:35:58 +0700] "GET /danh-muc/co-ba%CC%89n-thi-nghie%CC%A3m/can-phan-tich-can-ky%CC%83-thua%CC%A3t/ HTTP/1.0" 200 99802 "-" "Mozilla/5.0 (compatible; MJ12bot/v1.4.8; http://mj12bot.com/)"
54.37.86.223 - - [12/Sep/2025:17:36:02 +0700] "GET /danh-muc/co-ba%CC%89n-thi-nghie%CC%A3m/can-say-a%CC%89m/ HTTP/1.0" 200 60076 "-" "Mozilla/5.0 (compatible; MJ12bot/v1.4.8; http://mj12bot.com/)"
85.208.98.20 - - [12/Sep/2025:17:36:05 +0700] "GET /how-to-write-an-essay-2/ HTTP/1.0" 200 206234 "-" "Mozilla/5.0 (compatible; SemrushBot-BA; +http://www.semrush.com/bot.html)"
85.208.98.16 - - [12/Sep/2025:17:36:05 +0700] "GET /quan-trac-khi-thai-theo-thong-tu-24/khi-thai/ HTTP/1.0" 200 198465 "-" "Mozilla/5.0 (compatible; SemrushBot-BA; +http://www.semrush.com/bot.html)"
85.208.98.29 - - [12/Sep/2025:17:36:05 +0700] "GET /how-to-find-the-finest-research-paper-writing-service/ HTTP/1.0" 200 207234 "-" "Mozilla/5.0 (compatible; SemrushBot-BA; +http://www.semrush.com/bot.html)"
54.37.86.223 - - [12/Sep/2025:17:36:06 +0700] "GET /danh-muc/co-ba%CC%89n-thi-nghie%CC%A3m/khuc-xa-ke/ HTTP/1.0" 200 60004 "-" "Mozilla/5.0 (compatible; MJ12bot/v1.4.8; http://mj12bot.com/)"
54.37.86.223 - - [12/Sep/2025:17:36:11 +0700] "GET /danh-muc/co-ba%CC%89n-thi-nghie%CC%A3m/kinh-hien-vi/ HTTP/1.0" 200 60021 "-" "Mozilla/5.0 (compatible; MJ12bot/v1.4.8; http://mj12bot.com/)"
167.114.139.221 - - [12/Sep/2025:17:36:13 +0700] "GET /sitemap_index.xml HTTP/1.0" 200 2426 "-" "Mozilla/5.0 (compatible; AhrefsBot/7.0; +http://ahrefs.com/robot/)"
54.37.86.223 - - [12/Sep/2025:17:36:15 +0700] "GET /danh-muc/co-ba%CC%89n-thi-nghie%CC%A3m/lo-nung/ HTTP/1.0" 200 74157 "-" "Mozilla/5.0 (compatible; MJ12bot/v1.4.8; http://mj12bot.com/)"
85.208.98.16 - - [12/Sep/2025:17:36:17 +0700] "GET /1win-oficialnyj-sajt-kazino-i-ego-preimushhestva-13/ HTTP/1.0" 200 231975 "-" "Mozilla/5.0 (compatible; SemrushBot-BA; +http://www.semrush.com/bot.html)"
85.208.98.31 - - [12/Sep/2025:17:36:18 +0700] "GET /3884-2/ HTTP/1.0" 200 206173 "-" "Mozilla/5.0 (compatible; SemrushBot-BA; +http://www.semrush.com/bot.html)"
85.208.98.22 - - [12/Sep/2025:17:36:18 +0700] "GET /cs-go-wagering-ideas-match-forecasts-right-now-live-score-and-probabilities-social-community/ HTTP/1.0" 200 211320 "-" "Mozilla/5.0 (compatible; SemrushBot-BA; +http://www.semrush.com/bot.html)"
54.37.86.223 - - [12/Sep/2025:17:36:19 +0700] "GET /danh-muc/co-ba%CC%89n-thi-nghie%CC%A3m/may-cat-nuoc/ HTTP/1.0" 200 60052 "-" "Mozilla/5.0 (compatible; MJ12bot/v1.4.8; http://mj12bot.com/)"
51.222.168.122 - - [12/Sep/2025:17:36:16 +0700] "GET /post-sitemap.xml HTTP/1.0" 500 3278 "-" "Mozilla/5.0 (compatible; AhrefsBot/7.0; +http://ahrefs.com/robot/)"
45.117.177.72 - - [12/Sep/2025:17:36:25 +0700] "POST /wp-cron.php?doing_wp_cron=1757673384.7702789306640625000000 HTTP/1.0" 200 416 "-" "WordPress/6.8.1; https://vattusacky.vn"
54.37.86.223 - - [12/Sep/2025:17:36:23 +0700] "GET /danh-muc/co-ba%CC%89n-thi-nghie%CC%A3m/may-cay-dia-petri/ HTTP/1.0" 200 60135 "-" "Mozilla/5.0 (compatible; MJ12bot/v1.4.8; http://mj12bot.com/)"
54.37.86.223 - - [12/Sep/2025:17:36:27 +0700] "GET /danh-muc/co-ba%CC%89n-thi-nghie%CC%A3m/may-co-quay-chan-khong/ HTTP/1.0" 200 60218 "-" "Mozilla/5.0 (compatible; MJ12bot/v1.4.8; http://mj12bot.com/)"
54.37.86.223 - - [12/Sep/2025:17:36:31 +0700] "GET /danh-muc/co-ba%CC%89n-thi-nghie%CC%A3m/may-dap-mau-vi-sinh/ HTTP/1.0" 200 60166 "-" "Mozilla/5.0 (compatible; MJ12bot/v1.4.8; http://mj12bot.com/)"
167.114.139.179 - - [12/Sep/2025:17:36:26 +0700] "GET /post-sitemap2.xml HTTP/1.0" 200 158032 "-" "Mozilla/5.0 (compatible; AhrefsBot/7.0; +http://ahrefs.com/robot/)"
85.208.98.22 - - [12/Sep/2025:17:36:32 +0700] "GET /cach-vay-tien-truc-co-tien-sinh-hoa-ra-anh-la-nhu-vay-tuyen-hai-chuc-hai-muoi-tu/ HTTP/1.0" 200 211454 "-" "Mozilla/5.0 (compatible; SemrushBot-BA; +http://www.semrush.com/bot.html)"
85.208.98.31 - - [12/Sep/2025:17:36:32 +0700] "GET /buy-clomid-without-a-prescription/ HTTP/1.0" 200 215258 "-" "Mozilla/5.0 (compatible; SemrushBot-BA; +http://www.semrush.com/bot.html)"
85.208.98.16 - - [12/Sep/2025:17:36:32 +0700] "GET /beginning-your-practice-in-online-dating-european-women/ HTTP/1.0" 200 208657 "-" "Mozilla/5.0 (compatible; SemrushBot-BA; +http://www.semrush.com/bot.html)"
54.37.86.223 - - [12/Sep/2025:17:36:35 +0700] "GET /danh-muc/co-ba%CC%89n-thi-nghie%CC%A3m/may-dem-khuan-lac/ HTTP/1.0" 200 60161 "-" "Mozilla/5.0 (compatible; MJ12bot/v1.4.8; http://mj12bot.com/)"
54.39.0.8 - - [12/Sep/2025:17:36:35 +0700] "GET /post-sitemap3.xml HTTP/1.0" 200 155802 "-" "Mozilla/5.0 (compatible; AhrefsBot/7.0; +http://ahrefs.com/robot/)"
54.37.86.223 - - [12/Sep/2025:17:36:39 +0700] "GET /danh-muc/co-ba%CC%89n-thi-nghie%CC%A3m/may-do-do-nhot/ HTTP/1.0" 200 60100 "-" "Mozilla/5.0 (compatible; MJ12bot/v1.4.8; http://mj12bot.com/)"
44.209.35.147 - - [12/Sep/2025:17:36:40 +0700] "GET /the/do-nuoc-da-chi-tieu-da-chi-tieu/ HTTP/1.0" 200 68936 "-" "Mozilla/5.0 AppleWebKit/537.36 (KHTML, like Gecko; compatible; Amazonbot/0.1; +https://developer.amazon.com/support/amazonbot) Chrome/119.0.6045.214 Safari/537.36"
54.39.136.62 - - [12/Sep/2025:17:36:41 +0700] "GET /post-sitemap4.xml HTTP/1.0" 200 157863 "-" "Mozilla/5.0 (compatible; AhrefsBot/7.0; +http://ahrefs.com/robot/)"
54.37.86.223 - - [12/Sep/2025:17:36:44 +0700] "GET /danh-muc/co-ba%CC%89n-thi-nghie%CC%A3m/may-dong-hoa-mau/ HTTP/1.0" 200 100398 "-" "Mozilla/5.0 (compatible; MJ12bot/v1.4.8; http://mj12bot.com/)"
85.208.98.20 - - [12/Sep/2025:17:36:47 +0700] "GET /how-to-convert-pdf-to-notepad-with-two-methods-10/ HTTP/1.0" 200 207952 "-" "Mozilla/5.0 (compatible; SemrushBot-BA; +http://www.semrush.com/bot.html)"
85.208.98.29 - - [12/Sep/2025:17:36:47 +0700] "GET /0x-wallet-choosing-guide-how-to-find-the-best-and/ HTTP/1.0" 200 389753 "-" "Mozilla/5.0 (compatible; SemrushBot-BA; +http://www.semrush.com/bot.html)"
85.208.98.16 - - [12/Sep/2025:17:36:47 +0700] "GET /best-research-paper-writing-service/ HTTP/1.0" 200 207499 "-" "Mozilla/5.0 (compatible; SemrushBot-BA; +http://www.semrush.com/bot.html)"
51.161.65.197 - - [12/Sep/2025:17:36:48 +0700] "GET /the-impact-of-networking-on-self-confidence-on-omegle-and-ometv/ HTTP/1.0" 200 93292 "-" "Mozilla/5.0 (compatible; AhrefsBot/7.0; +http://ahrefs.com/robot/)"
51.161.37.225 - - [12/Sep/2025:17:36:47 +0700] "GET /post-sitemap5.xml HTTP/1.0" 200 159938 "-" "Mozilla/5.0 (compatible; AhrefsBot/7.0; +http://ahrefs.com/robot/)"
54.39.6.76 - - [12/Sep/2025:17:36:52 +0700] "GET /post-sitemap6.xml HTTP/1.0" 200 42210 "-" "Mozilla/5.0 (compatible; AhrefsBot/7.0; +http://ahrefs.com/robot/)"
54.39.89.183 - - [12/Sep/2025:17:36:56 +0700] "GET /page-sitemap.xml HTTP/1.0" 200 1873 "-" "Mozilla/5.0 (compatible; AhrefsBot/7.0; +http://ahrefs.com/robot/)"
54.37.86.223 - - [12/Sep/2025:17:36:58 +0700] "GET /danh-muc/co-ba%CC%89n-thi-nghie%CC%A3m/may-dong-kho/ HTTP/1.0" 200 60038 "-" "Mozilla/5.0 (compatible; MJ12bot/v1.4.8; http://mj12bot.com/)"
85.208.98.24 - - [12/Sep/2025:17:37:04 +0700] "GET /cach-xay-dung-tienapps-com-phan-mem-tai-tro/ HTTP/1.0" 200 209890 "-" "Mozilla/5.0 (compatible; SemrushBot-BA; +http://www.semrush.com/bot.html)"
54.37.86.223 - - [12/Sep/2025:17:37:03 +0700] "GET /danh-muc/co-ba%CC%89n-thi-nghie%CC%A3m/may-khuay-dua/ HTTP/1.0" 200 60063 "-" "Mozilla/5.0 (compatible; MJ12bot/v1.4.8; http://mj12bot.com/)"
85.208.98.22 - - [12/Sep/2025:17:37:03 +0700] "GET /22bet-cell-app-and-download-22bet-ios-apk-17/ HTTP/1.0" 200 233200 "-" "Mozilla/5.0 (compatible; SemrushBot-BA; +http://www.semrush.com/bot.html)"
85.208.98.19 - - [12/Sep/2025:17:37:04 +0700] "GET /1xbet-bonuses-and-promotions-for-india-2023-192/ HTTP/1.0" 200 238763 "-" "Mozilla/5.0 (compatible; SemrushBot-BA; +http://www.semrush.com/bot.html)"
54.39.136.192 - - [12/Sep/2025:17:36:59 +0700] "GET /attachment-sitemap.xml HTTP/1.0" 200 72345 "-" "Mozilla/5.0 (compatible; AhrefsBot/7.0; +http://ahrefs.com/robot/)"
54.37.86.223 - - [12/Sep/2025:17:37:08 +0700] "GET /danh-muc/co-ba%CC%89n-thi-nghie%CC%A3m/may-khuay-tu-gia-nhiet-va-lam-lanh/ HTTP/1.0" 200 60506 "-" "Mozilla/5.0 (compatible; MJ12bot/v1.4.8; http://mj12bot.com/)"
54.37.86.223 - - [12/Sep/2025:17:37:14 +0700] "GET /danh-muc/co-ba%CC%89n-thi-nghie%CC%A3m/may-lac-lac-vortex/ HTTP/1.0" 200 60196 "-" "Mozilla/5.0 (compatible; MJ12bot/v1.4.8; http://mj12bot.com/)"
142.44.220.184 - - [12/Sep/2025:17:37:11 +0700] "GET /product-sitemap.xml HTTP/1.0" 200 51048 "-" "Mozilla/5.0 (compatible; AhrefsBot/7.0; +http://ahrefs.com/robot/)"
45.117.177.72 - - [12/Sep/2025:17:37:21 +0700] "POST /wp-cron.php?doing_wp_cron=1757673441.0884549617767333984375 HTTP/1.0" 200 416 "-" "WordPress/6.8.1; https://vattusacky.vn"
142.44.225.100 - - [12/Sep/2025:17:37:19 +0700] "GET /category-sitemap.xml HTTP/1.0" 200 24564 "-" "Mozilla/5.0 (compatible; AhrefsBot/7.0; +http://ahrefs.com/robot/)"
142.44.228.150 - - [12/Sep/2025:17:37:23 +0700] "GET /post_tag-sitemap.xml HTTP/1.0" 200 12903 "-" "Mozilla/5.0 (compatible; AhrefsBot/7.0; +http://ahrefs.com/robot/)"
54.37.86.223 - - [12/Sep/2025:17:37:23 +0700] "GET /danh-muc/co-ba%CC%89n-thi-nghie%CC%A3m/may-loc-nuoc-sieu-sach/ HTTP/1.0" 200 60263 "-" "Mozilla/5.0 (compatible; MJ12bot/v1.4.8; http://mj12bot.com/)"
85.208.98.24 - - [12/Sep/2025:17:37:24 +0700] "GET /have-you-been-internet-dating-a-fixer-upper/ HTTP/1.0" 200 208617 "-" "Mozilla/5.0 (compatible; SemrushBot-BA; +http://www.semrush.com/bot.html)"
85.208.98.19 - - [12/Sep/2025:17:37:24 +0700] "GET /10-biggest-sports-betting-thailand-mistakes-you-can-easily-avoid/ HTTP/1.0" 200 228937 "-" "Mozilla/5.0 (compatible; SemrushBot-BA; +http://www.semrush.com/bot.html)"
85.208.98.22 - - [12/Sep/2025:17:37:24 +0700] "GET /getting-foreign-females-online/ HTTP/1.0" 200 208157 "-" "Mozilla/5.0 (compatible; SemrushBot-BA; +http://www.semrush.com/bot.html)"
54.39.136.197 - - [12/Sep/2025:17:37:26 +0700] "GET /product_cat-sitemap.xml HTTP/1.0" 200 8595 "-" "Mozilla/5.0 (compatible; AhrefsBot/7.0; +http://ahrefs.com/robot/)"
54.37.86.223 - - [12/Sep/2025:17:37:27 +0700] "GET /danh-muc/co-ba%CC%89n-thi-nghie%CC%A3m/may-ly-tam/ HTTP/1.0" 200 59978 "-" "Mozilla/5.0 (compatible; MJ12bot/v1.4.8; http://mj12bot.com/)"
51.161.37.49 - - [12/Sep/2025:17:37:30 +0700] "GET /kruss/witeg-logo/ HTTP/1.0" 200 198039 "-" "Mozilla/5.0 (compatible; AhrefsBot/7.0; +http://ahrefs.com/robot/)"
142.44.228.132 - - [12/Sep/2025:17:37:30 +0700] "GET /product_tag-sitemap.xml HTTP/1.0" 200 28520 "-" "Mozilla/5.0 (compatible; AhrefsBot/7.0; +http://ahrefs.com/robot/)"
54.37.86.223 - - [12/Sep/2025:17:37:31 +0700] "GET /danh-muc/co-ba%CC%89n-thi-nghie%CC%A3m/may-nghien-ma%CC%83u/ HTTP/1.0" 200 60156 "-" "Mozilla/5.0 (compatible; MJ12bot/v1.4.8; http://mj12bot.com/)"
54.37.86.223 - - [12/Sep/2025:17:37:35 +0700] "GET /danh-muc/co-ba%CC%89n-thi-nghie%CC%A3m/may-pha-loang-mau-trong-luong/ HTTP/1.0" 200 60389 "-" "Mozilla/5.0 (compatible; MJ12bot/v1.4.8; http://mj12bot.com/)"
85.208.98.20 - - [12/Sep/2025:17:37:36 +0700] "GET /dont-be-fooled-by-best-online-betting-sites-singapore/ HTTP/1.0" 200 226299 "-" "Mozilla/5.0 (compatible; SemrushBot-BA; +http://www.semrush.com/bot.html)"
85.208.98.24 - - [12/Sep/2025:17:37:36 +0700] "GET /3861-2/ HTTP/1.0" 200 206214 "-" "Mozilla/5.0 (compatible; SemrushBot-BA; +http://www.semrush.com/bot.html)"
85.208.98.29 - - [12/Sep/2025:17:37:37 +0700] "GET /dream-singles-com-a-premium-dating-plattform-das-manner-mit-wunderschon-europaisch-frauen-verbindet/ HTTP/1.0" 200 208791 "-" "Mozilla/5.0 (compatible; SemrushBot-BA; +http://www.semrush.com/bot.html)"
185.220.101.176 - - [12/Sep/2025:17:37:38 +0700] "POST /xmlrpc.php HTTP/1.0" 200 956 "https://www.google.com/" "Mozilla/5.0 (X11; Linux x86_64) AppleWebKit/537.36 (KHTML, like Gecko) Chrome/77.0.3865.120 Safari/537.36"
54.37.86.223 - - [12/Sep/2025:17:37:48 +0700] "GET /danh-muc/co-ba%CC%89n-thi-nghie%CC%A3m/noi-hap-tiet-trung/ HTTP/1.0" 200 96725 "-" "Mozilla/5.0 (compatible; MJ12bot/v1.4.8; http://mj12bot.com/)"
54.37.86.223 - - [12/Sep/2025:17:37:55 +0700] "GET /danh-muc/co-ba%CC%89n-thi-nghie%CC%A3m/page/2/ HTTP/1.0" 200 154607 "-" "Mozilla/5.0 (compatible; MJ12bot/v1.4.8; http://mj12bot.com/)"
54.37.86.223 - - [12/Sep/2025:17:37:59 +0700] "GET /danh-muc/co-ba%CC%89n-thi-nghie%CC%A3m/phan-cu%CC%A3c-ke/ HTTP/1.0" 200 60094 "-" "Mozilla/5.0 (compatible; MJ12bot/v1.4.8; http://mj12bot.com/)"
54.37.86.223 - - [12/Sep/2025:17:38:03 +0700] "GET /danh-muc/co-ba%CC%89n-thi-nghie%CC%A3m/sang-ray/ HTTP/1.0" 200 59938 "-" "Mozilla/5.0 (compatible; MJ12bot/v1.4.8; http://mj12bot.com/)"
85.208.98.22 - - [12/Sep/2025:17:38:05 +0700] "GET /best-places-to-buy-cheap-viagra-online-in-usa/ HTTP/1.0" 200 229678 "-" "Mozilla/5.0 (compatible; SemrushBot-BA; +http://www.semrush.com/bot.html)"
85.208.98.24 - - [12/Sep/2025:17:38:05 +0700] "GET /kruss/wtw-logo/ HTTP/1.0" 200 198044 "-" "Mozilla/5.0 (compatible; SemrushBot-BA; +http://www.semrush.com/bot.html)"
85.208.98.19 - - [12/Sep/2025:17:38:05 +0700] "GET /12-best-free-chatbot-live-chat-plugins-for/ HTTP/1.0" 200 255628 "-" "Mozilla/5.0 (compatible; SemrushBot-BA; +http://www.semrush.com/bot.html)"
148.113.130.139 - - [12/Sep/2025:17:38:08 +0700] "GET /the-influence-of-omegle-and-ometv-on-mainstream-media-and-entertainment/ HTTP/1.0" 200 92807 "-" "Mozilla/5.0 (compatible; AhrefsBot/7.0; +http://ahrefs.com/robot/)"
54.37.86.223 - - [12/Sep/2025:17:38:07 +0700] "GET /danh-muc/moi-truong-dat/du%CC%A3ng-cu%CC%A3-lay-ma%CC%83u-dat-moi-truong-dat/feed/ HTTP/1.0" 200 1749544 "-" "Mozilla/5.0 (compatible; MJ12bot/v1.4.8; http://mj12bot.com/)"
45.117.177.72 - - [12/Sep/2025:17:38:18 +0700] "POST /wp-cron.php?doing_wp_cron=1757673498.5069229602813720703125 HTTP/1.0" 200 416 "-" "WordPress/6.8.1; https://vattusacky.vn"
85.208.98.24 - - [12/Sep/2025:17:38:17 +0700] "GET /como-depositar-en-1xbet-chile-guia-tutorial-completa/ HTTP/1.0" 200 219511 "-" "Mozilla/5.0 (compatible; SemrushBot-BA; +http://www.semrush.com/bot.html)"
85.208.98.20 - - [12/Sep/2025:17:38:17 +0700] "GET /top-5-things-to-do-over-a-first-night-out/ HTTP/1.0" 200 207036 "-" "Mozilla/5.0 (compatible; SemrushBot-BA; +http://www.semrush.com/bot.html)"
85.208.98.29 - - [12/Sep/2025:17:38:17 +0700] "GET /22bet-evaluation-cell-app-and-attractive-welcome-5-2/ HTTP/1.0" 200 242745 "-" "Mozilla/5.0 (compatible; SemrushBot-BA; +http://www.semrush.com/bot.html)"
216.244.66.237 - - [12/Sep/2025:17:38:25 +0700] "GET /tips-and-tricks-for-using-omegle-and-ometv-effectively/feed/ HTTP/1.0" 200 1759 "-" "Mozilla/5.0 (compatible; DotBot/1.2; +https://opensiteexplorer.org/dotbot; help@moz.com)"
85.208.98.19 - - [12/Sep/2025:17:38:26 +0700] "GET /american-complement-a-traditional-cowboy-dating-internet-site-helps-singles-lasso-schedules-relationships/ HTTP/1.0" 200 213239 "-" "Mozilla/5.0 (compatible; SemrushBot-BA; +http://www.semrush.com/bot.html)"
85.208.98.24 - - [12/Sep/2025:17:38:26 +0700] "GET /how-you-can-find-a-ukrainian-wife-over-the-internet/ HTTP/1.0" 200 208705 "-" "Mozilla/5.0 (compatible; SemrushBot-BA; +http://www.semrush.com/bot.html)"
85.208.98.22 - - [12/Sep/2025:17:38:27 +0700] "GET /how-to-buy-viagra-over-the-counter-now-available-2/ HTTP/1.0" 200 231442 "-" "Mozilla/5.0 (compatible; SemrushBot-BA; +http://www.semrush.com/bot.html)"
54.37.86.223 - - [12/Sep/2025:17:38:31 +0700] "GET /danh-muc/moi-truong-nuoc/bo-do-c-o-d/?s=Aqualytic%20-%20%C4%90%E1%BB%A9c HTTP/1.0" 200 74269 "-" "Mozilla/5.0 (compatible; MJ12bot/v1.4.8; http://mj12bot.com/)"
85.208.98.24 - - [12/Sep/2025:17:38:36 +0700] "GET /logo1/attachment/3/ HTTP/1.0" 200 197895 "-" "Mozilla/5.0 (compatible; SemrushBot-BA; +http://www.semrush.com/bot.html)"
85.208.98.19 - - [12/Sep/2025:17:38:36 +0700] "GET /best-foreign-country-to-find-a-better-half/ HTTP/1.0" 200 206597 "-" "Mozilla/5.0 (compatible; SemrushBot-BA; +http://www.semrush.com/bot.html)"
85.208.98.20 - - [12/Sep/2025:17:38:36 +0700] "GET /321-intercourse-chat-free-intercourse-chat-for-adults/ HTTP/1.0" 200 206832 "-" "Mozilla/5.0 (compatible; SemrushBot-BA; +http://www.semrush.com/bot.html)"
54.37.86.223 - - [12/Sep/2025:17:38:37 +0700] "GET /danh-muc/moi-truong-nuoc/bo-do-c-o-d/?s=Humas%20-%20H%C3%A0n%20Qu%E1%BB%91c HTTP/1.0" 200 68739 "-" "Mozilla/5.0 (compatible; MJ12bot/v1.4.8; http://mj12bot.com/)"
148.113.130.33 - - [12/Sep/2025:17:38:39 +0700] "GET /the-role-of-serendipity-in-discovering-shared-interests-on-omegle/ HTTP/1.0" 200 91150 "-" "Mozilla/5.0 (compatible; AhrefsBot/7.0; +http://ahrefs.com/robot/)"
54.37.86.223 - - [12/Sep/2025:17:38:41 +0700] "GET /danh-muc/moi-truong-nuoc/bo-loc-chan-khong-tss-bo-loc-vi-sinh/?s=Rocker%20-%20%C4%90%C3%A0i%20Loan HTTP/1.0" 200 69935 "-" "Mozilla/5.0 (compatible; MJ12bot/v1.4.8; http://mj12bot.com/)"
85.208.98.20 - - [12/Sep/2025:17:38:44 +0700] "GET /canl-slot-siteleri-handikap-canl-bahis-nedir-nasl/ HTTP/1.0" 200 267668 "-" "Mozilla/5.0 (compatible; SemrushBot-BA; +http://www.semrush.com/bot.html)"
85.208.98.19 - - [12/Sep/2025:17:38:44 +0700] "GET /how-you-can-impress-a-country-boy/ HTTP/1.0" 200 207368 "-" "Mozilla/5.0 (compatible; SemrushBot-BA; +http://www.semrush.com/bot.html)"
85.208.98.24 - - [12/Sep/2025:17:38:44 +0700] "GET /san-pham/maydohoatdophongxa/ HTTP/1.0" 200 238574 "-" "Mozilla/5.0 (compatible; SemrushBot-BA; +http://www.semrush.com/bot.html)"
54.37.86.223 - - [12/Sep/2025:17:38:46 +0700] "GET /danh-muc/moi-truong-nuoc/do-luu-toc-dong-chay-kenh-ho/?s=Global%20water%20%E2%80%93%20M%E1%BB%B9 HTTP/1.0" 200 60680 "-" "Mozilla/5.0 (compatible; MJ12bot/v1.4.8; http://mj12bot.com/)"
54.37.86.223 - - [12/Sep/2025:17:38:51 +0700] "GET /danh-muc/moi-truong-nuoc/lay-mau-nuoc-alpha-van-dorn-loai-ngang/?s=Wild%20Supply%20Company%20(thu%E1%BB%99c%20Science%20First%20company)%20%E2%80%93%20M%E1%BB%B9 HTTP/1.0" 200 61230 "-" "Mozilla/5.0 (compatible; MJ12bot/v1.4.8; http://mj12bot.com/)"
54.37.86.223 - - [12/Sep/2025:17:38:56 +0700] "GET /danh-muc/moi-truong-nuoc/may-do-nuoc-da-chi-tieu-hien-truong/?s=Horiba%20-%20Nh%E1%BA%ADt%20B%E1%BA%A3n HTTP/1.0" 200 69751 "-" "Mozilla/5.0 (compatible; MJ12bot/v1.4.8; http://mj12bot.com/)"
85.208.98.22 - - [12/Sep/2025:17:39:01 +0700] "GET /canli-casino-glory-mobil-giri-bonus/ HTTP/1.0" 200 217908 "-" "Mozilla/5.0 (compatible; SemrushBot-BA; +http://www.semrush.com/bot.html)"
85.208.98.19 - - [12/Sep/2025:17:39:02 +0700] "GET /logo2/bandelin-logo/ HTTP/1.0" 200 197993 "-" "Mozilla/5.0 (compatible; SemrushBot-BA; +http://www.semrush.com/bot.html)"
85.208.98.31 - - [12/Sep/2025:17:39:02 +0700] "GET /happymatches-a-fresh-dating-internet-site-is-actually-rebooting-internet-dating/ HTTP/1.0" 200 217172 "-" "Mozilla/5.0 (compatible; SemrushBot-BA; +http://www.semrush.com/bot.html)"
54.37.86.223 - - [12/Sep/2025:17:39:01 +0700] "GET /danh-muc/moi-truong-nuoc/may-do-nuoc-da-chi-tieu-hien-truong/?s=Humas%20-%20H%C3%A0n%20Qu%E1%BB%91c HTTP/1.0" 200 82460 "-" "Mozilla/5.0 (compatible; MJ12bot/v1.4.8; http://mj12bot.com/)"
54.37.86.223 - - [12/Sep/2025:17:39:06 +0700] "GET /danh-muc/moi-truong-nuoc/may-do-nuoc-da-chi-tieu-hien-truong/?s=Palintest%20%E2%80%93%20Anh HTTP/1.0" 200 102995 "-" "Mozilla/5.0 (compatible; MJ12bot/v1.4.8; http://mj12bot.com/)"
54.39.136.230 - - [12/Sep/2025:17:39:07 +0700] "GET /omegle-and-the-concept-of-stranger-danger-separating-myth-from-reality/ HTTP/1.0" 200 90141 "-" "Mozilla/5.0 (compatible; AhrefsBot/7.0; +http://ahrefs.com/robot/)"
85.208.98.31 - - [12/Sep/2025:17:39:11 +0700] "GET /3-peu-commun-spots-faire-connaissance-men/ HTTP/1.0" 200 206616 "-" "Mozilla/5.0 (compatible; SemrushBot-BA; +http://www.semrush.com/bot.html)"
85.208.98.19 - - [12/Sep/2025:17:39:11 +0700] "GET /exactly-what-is-a-sugar-understanding/ HTTP/1.0" 200 208235 "-" "Mozilla/5.0 (compatible; SemrushBot-BA; +http://www.semrush.com/bot.html)"
85.208.98.22 - - [12/Sep/2025:17:39:11 +0700] "GET /2023-nfl-write-finest-bets-on-the-draftkings-sportsbook/ HTTP/1.0" 200 213162 "-" "Mozilla/5.0 (compatible; SemrushBot-BA; +http://www.semrush.com/bot.html)"
54.37.86.223 - - [12/Sep/2025:17:39:12 +0700] "GET /danh-muc/moi-truong-nuoc/may-do-phmvorpectdsmandodo-duc-cam-tay/?s=Horiba%20-%20Nh%E1%BA%ADt%20B%E1%BA%A3n HTTP/1.0" 200 69821 "-" "Mozilla/5.0 (compatible; MJ12bot/v1.4.8; http://mj12bot.com/)"
45.117.177.72 - - [12/Sep/2025:17:39:19 +0700] "POST /wp-cron.php?doing_wp_cron=1757673558.9549779891967773437500 HTTP/1.0" 200 416 "-" "WordPress/6.8.1; https://vattusacky.vn"
54.37.86.223 - - [12/Sep/2025:17:39:17 +0700] "GET /danh-muc/moi-truong-nuoc/may-do-phmvorpectdsmandodo-duc-cam-tay/?s=Humas%20-%20H%C3%A0n%20Qu%E1%BB%91c HTTP/1.0" 200 69191 "-" "Mozilla/5.0 (compatible; MJ12bot/v1.4.8; http://mj12bot.com/)"
85.208.98.19 - - [12/Sep/2025:17:39:21 +0700] "GET /how-to-be-affectionate-to-your-partner/ HTTP/1.0" 200 206990 "-" "Mozilla/5.0 (compatible; SemrushBot-BA; +http://www.semrush.com/bot.html)"
85.208.98.20 - - [12/Sep/2025:17:39:21 +0700] "GET /what-is-a-conversational-interface/ HTTP/1.0" 200 229813 "-" "Mozilla/5.0 (compatible; SemrushBot-BA; +http://www.semrush.com/bot.html)"
85.208.98.24 - - [12/Sep/2025:17:39:22 +0700] "GET /exactly-what-are-mail-buy-brides/ HTTP/1.0" 200 207910 "-" "Mozilla/5.0 (compatible; SemrushBot-BA; +http://www.semrush.com/bot.html)"
54.37.86.223 - - [12/Sep/2025:17:39:22 +0700] "GET /danh-muc/moi-truong-nuoc/may-do-phmvorpectdsmandodo-duc-cam-tay/?s=Palintest%20%E2%80%93%20Anh HTTP/1.0" 200 115334 "-" "Mozilla/5.0 (compatible; MJ12bot/v1.4.8; http://mj12bot.com/)"
54.37.86.223 - - [12/Sep/2025:17:39:26 +0700] "GET /danh-muc/moi-truong-nuoc/may-do-phmvorpectdsmandodo-duc-cam-tay/?s=Sper%20Scientific%20%E2%80%93%20M%E1%BB%B9 HTTP/1.0" 200 60896 "-" "Mozilla/5.0 (compatible; MJ12bot/v1.4.8; http://mj12bot.com/)"
85.208.98.31 - - [12/Sep/2025:17:39:29 +0700] "GET /editors-choice-honor-lutsen-hotel-on-lake-better-is-a-charming-spot-for-a-romantic-getaway/ HTTP/1.0" 200 214042 "-" "Mozilla/5.0 (compatible; SemrushBot-BA; +http://www.semrush.com/bot.html)"
85.208.98.19 - - [12/Sep/2025:17:39:29 +0700] "GET /making-a-data-place-choice/ HTTP/1.0" 200 205729 "-" "Mozilla/5.0 (compatible; SemrushBot-BA; +http://www.semrush.com/bot.html)"
85.208.98.22 - - [12/Sep/2025:17:39:29 +0700] "GET /kruss/honeywell-analytics/ HTTP/1.0" 200 198376 "-" "Mozilla/5.0 (compatible; SemrushBot-BA; +http://www.semrush.com/bot.html)"
54.37.86.223 - - [12/Sep/2025:17:39:31 +0700] "GET /danh-muc/moi-truong-nuoc/may-quang-pho-phan-tich-nuoc/?s=Aqualytic%20-%20%C4%90%E1%BB%A9c HTTP/1.0" 200 75189 "-" "Mozilla/5.0 (compatible; MJ12bot/v1.4.8; http://mj12bot.com/)"
54.37.86.223 - - [12/Sep/2025:17:39:34 +0700] "GET /danh-muc/moi-truong-nuoc/may-quang-pho-phan-tich-nuoc/?s=Humas%20-%20H%C3%A0n%20Qu%E1%BB%91c HTTP/1.0" 200 88894 "-" "Mozilla/5.0 (compatible; MJ12bot/v1.4.8; http://mj12bot.com/)"
85.208.98.24 - - [12/Sep/2025:17:39:36 +0700] "GET /baba-ijebu-result-premier-lotto-outcome-baba-ijebu-10/ HTTP/1.0" 200 237473 "-" "Mozilla/5.0 (compatible; SemrushBot-BA; +http://www.semrush.com/bot.html)"
85.208.98.22 - - [12/Sep/2025:17:39:36 +0700] "GET /bet365-app-zambia-1052/ HTTP/1.0" 200 223274 "-" "Mozilla/5.0 (compatible; SemrushBot-BA; +http://www.semrush.com/bot.html)"
85.208.98.19 - - [12/Sep/2025:17:39:36 +0700] "GET /dd%C2%B9d%C2%BD-dodd-d%C2%B8d%C2%BDd%C2%BE-ddonedd%C2%B8d%C2%BDn-n%C6%92donedd%C2%B8d%C2%BDn%C2%81dod%C2%B8d%C2%B5-gambling-den-d%C2%BDd-ned%C2%B5d/ HTTP/1.0" 200 212356 "-" "Mozilla/5.0 (compatible; SemrushBot-BA; +http://www.semrush.com/bot.html)"
142.44.228.183 - - [12/Sep/2025:17:39:37 +0700] "GET /author/yanz/page/426/ HTTP/1.0" 200 78022 "-" "Mozilla/5.0 (compatible; AhrefsBot/7.0; +http://ahrefs.com/robot/)"
17.241.219.10 - - [12/Sep/2025:17:39:38 +0700] "GET /omegle-and-ometv-for-improving-communication-skills/ HTTP/1.0" 200 91639 "-" "Mozilla/5.0 (Macintosh; Intel Mac OS X 10_15_7) AppleWebKit/605.1.15 (KHTML, like Gecko) Version/17.4 Safari/605.1.15 (Applebot/0.1; +http://www.apple.com/go/applebot)"
