172.111.197.10 - - [12/Sep/2025:11:01:57 +0700] "GET /wp-content/plugins/sw_woocommerce/js/jquery.countdown.min.js HTTP/1.0" 200 449 "https://etechvn.vn/" "Mozilla/5.0 (Macintosh; Intel Mac OS X 10_15_7) AppleWebKit/537.36 (KHTML, like Gecko) Chrome/125.0.0.0 Safari/537.36"
172.111.197.10 - - [12/Sep/2025:11:01:58 +0700] "GET /wp-content/themes/techno_shop/js/jquery.fancybox.pack.js HTTP/1.0" 200 445 "https://etechvn.vn/" "Mozilla/5.0 (Macintosh; Intel Mac OS X 10_15_7) AppleWebKit/537.36 (KHTML, like Gecko) Chrome/125.0.0.0 Safari/537.36"
172.111.197.10 - - [12/Sep/2025:11:01:58 +0700] "GET /wp-content/themes/techno_shop/js/jquery.flexslider-min.js HTTP/1.0" 200 446 "https://etechvn.vn/" "Mozilla/5.0 (Macintosh; Intel Mac OS X 10_15_7) AppleWebKit/537.36 (KHTML, like Gecko) Chrome/125.0.0.0 Safari/537.36"
172.111.197.10 - - [12/Sep/2025:11:01:58 +0700] "GET /wp-content/themes/techno_shop/js/jquery.counterup.js HTTP/1.0" 200 441 "https://etechvn.vn/" "Mozilla/5.0 (Macintosh; Intel Mac OS X 10_15_7) AppleWebKit/537.36 (KHTML, like Gecko) Chrome/125.0.0.0 Safari/537.36"
172.111.197.10 - - [12/Sep/2025:11:01:58 +0700] "GET /wp-content/themes/techno_shop/js/cloud-zoom.1.0.2.min.js HTTP/1.0" 200 445 "https://etechvn.vn/" "Mozilla/5.0 (Macintosh; Intel Mac OS X 10_15_7) AppleWebKit/537.36 (KHTML, like Gecko) Chrome/125.0.0.0 Safari/537.36"
172.111.197.10 - - [12/Sep/2025:11:01:58 +0700] "GET /wp-content/themes/techno_shop/js/jquery.circliful.min.js HTTP/1.0" 200 445 "https://etechvn.vn/" "Mozilla/5.0 (Macintosh; Intel Mac OS X 10_15_7) AppleWebKit/537.36 (KHTML, like Gecko) Chrome/125.0.0.0 Safari/537.36"
172.111.197.10 - - [12/Sep/2025:11:01:58 +0700] "GET /wp-content/themes/techno_shop/js/number-polyfill.min.js HTTP/1.0" 200 444 "https://etechvn.vn/" "Mozilla/5.0 (Macintosh; Intel Mac OS X 10_15_7) AppleWebKit/537.36 (KHTML, like Gecko) Chrome/125.0.0.0 Safari/537.36"
172.111.197.10 - - [12/Sep/2025:11:01:58 +0700] "GET /wp-content/themes/techno_shop/js/masonry.pkgd.min.js HTTP/1.0" 200 441 "https://etechvn.vn/" "Mozilla/5.0 (Macintosh; Intel Mac OS X 10_15_7) AppleWebKit/537.36 (KHTML, like Gecko) Chrome/125.0.0.0 Safari/537.36"
172.111.197.10 - - [12/Sep/2025:11:01:58 +0700] "GET /wp-content/themes/techno_shop/js/wc-quantity-increment.min.js HTTP/1.0" 200 1169 "https://etechvn.vn/" "Mozilla/5.0 (Macintosh; Intel Mac OS X 10_15_7) AppleWebKit/537.36 (KHTML, like Gecko) Chrome/125.0.0.0 Safari/537.36"
172.111.197.10 - - [12/Sep/2025:11:01:58 +0700] "GET /wp-content/themes/techno_shop/js/bootstrap.min.js HTTP/1.0" 200 438 "https://etechvn.vn/" "Mozilla/5.0 (Macintosh; Intel Mac OS X 10_15_7) AppleWebKit/537.36 (KHTML, like Gecko) Chrome/125.0.0.0 Safari/537.36"
172.111.197.10 - - [12/Sep/2025:11:01:59 +0700] "GET /wp-content/themes/techno_shop/js/plugins.js HTTP/1.0" 200 432 "https://etechvn.vn/" "Mozilla/5.0 (Macintosh; Intel Mac OS X 10_15_7) AppleWebKit/537.36 (KHTML, like Gecko) Chrome/125.0.0.0 Safari/537.36"
172.111.197.10 - - [12/Sep/2025:11:01:59 +0700] "GET /wp-content/themes/techno_shop/js/main.js HTTP/1.0" 200 429 "https://etechvn.vn/" "Mozilla/5.0 (Macintosh; Intel Mac OS X 10_15_7) AppleWebKit/537.36 (KHTML, like Gecko) Chrome/125.0.0.0 Safari/537.36"
172.111.197.10 - - [12/Sep/2025:11:01:59 +0700] "GET /wp-content/themes/techno_shop/js/megamenu.js HTTP/1.0" 200 433 "https://etechvn.vn/" "Mozilla/5.0 (Macintosh; Intel Mac OS X 10_15_7) AppleWebKit/537.36 (KHTML, like Gecko) Chrome/125.0.0.0 Safari/537.36"
172.111.197.10 - - [12/Sep/2025:11:01:59 +0700] "GET /wp-content/plugins/ml-slider/assets/sliders/nivoslider/jquery.nivo.slider.pack.js?ver=3.13.1 HTTP/1.0" 200 470 "https://etechvn.vn/" "Mozilla/5.0 (Macintosh; Intel Mac OS X 10_15_7) AppleWebKit/537.36 (KHTML, like Gecko) Chrome/125.0.0.0 Safari/537.36"
172.111.197.10 - - [12/Sep/2025:11:01:59 +0700] "GET /wp-content/plugins/js_composer/assets/js/dist/js_composer_front.min.js?ver=5.0.1 HTTP/1.0" 200 459 "https://etechvn.vn/" "Mozilla/5.0 (Macintosh; Intel Mac OS X 10_15_7) AppleWebKit/537.36 (KHTML, like Gecko) Chrome/125.0.0.0 Safari/537.36"
172.111.197.10 - - [12/Sep/2025:11:01:59 +0700] "GET /wp-includes/js/jquery/ui/core.min.js?ver=1.13.3 HTTP/1.0" 200 425 "https://etechvn.vn/" "Mozilla/5.0 (Macintosh; Intel Mac OS X 10_15_7) AppleWebKit/537.36 (KHTML, like Gecko) Chrome/125.0.0.0 Safari/537.36"
172.111.197.10 - - [12/Sep/2025:11:01:59 +0700] "GET /wp-includes/js/jquery/ui/accordion.min.js?ver=1.13.3 HTTP/1.0" 200 430 "https://etechvn.vn/" "Mozilla/5.0 (Macintosh; Intel Mac OS X 10_15_7) AppleWebKit/537.36 (KHTML, like Gecko) Chrome/125.0.0.0 Safari/537.36"
172.111.197.10 - - [12/Sep/2025:11:01:59 +0700] "GET /wp-content/themes/techno_shop/assets/img/loadingp.gif HTTP/1.0" 200 429 "https://etechvn.vn/wp-content/themes/techno_shop/css/app-blue.css" "Mozilla/5.0 (Macintosh; Intel Mac OS X 10_15_7) AppleWebKit/537.36 (KHTML, like Gecko) Chrome/125.0.0.0 Safari/537.36"
172.111.197.10 - - [12/Sep/2025:11:01:59 +0700] "GET /lib/iconMobile.png HTTP/1.0" 200 394 "https://etechvn.vn/" "Mozilla/5.0 (Macintosh; Intel Mac OS X 10_15_7) AppleWebKit/537.36 (KHTML, like Gecko) Chrome/125.0.0.0 Safari/537.36"
172.111.197.10 - - [12/Sep/2025:11:01:59 +0700] "GET /wp-content/uploads/2018/04/logo01.jpg HTTP/1.0" 200 414 "https://etechvn.vn/" "Mozilla/5.0 (Macintosh; Intel Mac OS X 10_15_7) AppleWebKit/537.36 (KHTML, like Gecko) Chrome/125.0.0.0 Safari/537.36"
172.111.197.10 - - [12/Sep/2025:11:01:59 +0700] "GET /wp-content/plugins/ml-slider/assets/sliders/nivoslider/themes/default/arrows.png HTTP/1.0" 200 1274 "https://etechvn.vn/wp-content/plugins/ml-slider/assets/sliders/nivoslider/themes/default/default.css?ver=3.13.1" "Mozilla/5.0 (Macintosh; Intel Mac OS X 10_15_7) AppleWebKit/537.36 (KHTML, like Gecko) Chrome/125.0.0.0 Safari/537.36"
172.111.197.10 - - [12/Sep/2025:11:01:59 +0700] "GET /wp-content/themes/techno_shop/assets/img/minut.png HTTP/1.0" 200 1474 "https://etechvn.vn/wp-content/themes/techno_shop/css/app-blue.css" "Mozilla/5.0 (Macintosh; Intel Mac OS X 10_15_7) AppleWebKit/537.36 (KHTML, like Gecko) Chrome/125.0.0.0 Safari/537.36"
172.111.197.10 - - [12/Sep/2025:11:01:59 +0700] "GET /images/youtube.png HTTP/1.0" 404 64964 "https://etechvn.vn/" "Mozilla/5.0 (Macintosh; Intel Mac OS X 10_15_7) AppleWebKit/537.36 (KHTML, like Gecko) Chrome/125.0.0.0 Safari/537.36"
172.111.197.10 - - [12/Sep/2025:11:01:59 +0700] "GET /images/facebook.png HTTP/1.0" 404 64966 "https://etechvn.vn/" "Mozilla/5.0 (Macintosh; Intel Mac OS X 10_15_7) AppleWebKit/537.36 (KHTML, like Gecko) Chrome/125.0.0.0 Safari/537.36"
172.111.197.10 - - [12/Sep/2025:11:01:59 +0700] "GET /images/google+.png HTTP/1.0" 404 64964 "https://etechvn.vn/" "Mozilla/5.0 (Macintosh; Intel Mac OS X 10_15_7) AppleWebKit/537.36 (KHTML, like Gecko) Chrome/125.0.0.0 Safari/537.36"
172.111.197.10 - - [12/Sep/2025:11:01:59 +0700] "GET /wp-json/contact-form-7/v1/contact-forms/497/refill HTTP/1.0" 200 677 "https://etechvn.vn/" "Mozilla/5.0 (Macintosh; Intel Mac OS X 10_15_7) AppleWebKit/537.36 (KHTML, like Gecko) Chrome/125.0.0.0 Safari/537.36"
172.111.197.10 - - [12/Sep/2025:11:01:59 +0700] "GET /images/twitter.png HTTP/1.0" 404 64964 "https://etechvn.vn/" "Mozilla/5.0 (Macintosh; Intel Mac OS X 10_15_7) AppleWebKit/537.36 (KHTML, like Gecko) Chrome/125.0.0.0 Safari/537.36"
172.111.197.10 - - [12/Sep/2025:11:02:01 +0700] "GET /wp-content/uploads/2018/04/logo01-5.jpg HTTP/1.0" 200 416 "https://etechvn.vn/" "Mozilla/5.0 (Macintosh; Intel Mac OS X 10_15_7) AppleWebKit/537.36 (KHTML, like Gecko) Chrome/125.0.0.0 Safari/537.36"
172.111.197.10 - - [12/Sep/2025:11:02:01 +0700] "GET /wp-content/uploads/2018/03/logo-balck-and-decker001.jpg HTTP/1.0" 200 432 "https://etechvn.vn/" "Mozilla/5.0 (Macintosh; Intel Mac OS X 10_15_7) AppleWebKit/537.36 (KHTML, like Gecko) Chrome/125.0.0.0 Safari/537.36"
172.111.197.10 - - [12/Sep/2025:11:01:59 +0700] "POST /?wc-ajax=get_refreshed_fragments HTTP/1.0" 200 1274 "https://etechvn.vn/" "Mozilla/5.0 (Macintosh; Intel Mac OS X 10_15_7) AppleWebKit/537.36 (KHTML, like Gecko) Chrome/125.0.0.0 Safari/537.36"
172.111.197.10 - - [12/Sep/2025:11:02:01 +0700] "GET /wp-content/uploads/2018/03/logo-01.jpg HTTP/1.0" 200 415 "https://etechvn.vn/" "Mozilla/5.0 (Macintosh; Intel Mac OS X 10_15_7) AppleWebKit/537.36 (KHTML, like Gecko) Chrome/125.0.0.0 Safari/537.36"
172.111.197.10 - - [12/Sep/2025:11:02:01 +0700] "GET /wp-content/uploads/2018/04/LOGO01.jpg HTTP/1.0" 200 414 "https://etechvn.vn/" "Mozilla/5.0 (Macintosh; Intel Mac OS X 10_15_7) AppleWebKit/537.36 (KHTML, like Gecko) Chrome/125.0.0.0 Safari/537.36"
172.111.197.10 - - [12/Sep/2025:11:02:01 +0700] "GET /wp-content/uploads/2018/02/dlab-logo.jpg HTTP/1.0" 200 417 "https://etechvn.vn/" "Mozilla/5.0 (Macintosh; Intel Mac OS X 10_15_7) AppleWebKit/537.36 (KHTML, like Gecko) Chrome/125.0.0.0 Safari/537.36"
172.111.197.10 - - [12/Sep/2025:11:02:01 +0700] "GET /wp-content/uploads/2018/04/logo001.jpg HTTP/1.0" 200 415 "https://etechvn.vn/" "Mozilla/5.0 (Macintosh; Intel Mac OS X 10_15_7) AppleWebKit/537.36 (KHTML, like Gecko) Chrome/125.0.0.0 Safari/537.36"
172.111.197.10 - - [12/Sep/2025:11:02:01 +0700] "GET /wp-content/uploads/2018/07/logo-Duperthal01.jpg HTTP/1.0" 200 424 "https://etechvn.vn/" "Mozilla/5.0 (Macintosh; Intel Mac OS X 10_15_7) AppleWebKit/537.36 (KHTML, like Gecko) Chrome/125.0.0.0 Safari/537.36"
172.111.197.10 - - [12/Sep/2025:11:02:01 +0700] "GET /wp-content/uploads/2018/03/logo-edison.jpg HTTP/1.0" 200 419 "https://etechvn.vn/" "Mozilla/5.0 (Macintosh; Intel Mac OS X 10_15_7) AppleWebKit/537.36 (KHTML, like Gecko) Chrome/125.0.0.0 Safari/537.36"
172.111.197.10 - - [12/Sep/2025:11:02:01 +0700] "GET /wp-content/uploads/2018/03/LOGO-HARISON01.jpg HTTP/1.0" 200 422 "https://etechvn.vn/" "Mozilla/5.0 (Macintosh; Intel Mac OS X 10_15_7) AppleWebKit/537.36 (KHTML, like Gecko) Chrome/125.0.0.0 Safari/537.36"
172.111.197.10 - - [12/Sep/2025:11:02:02 +0700] "GET /wp-content/uploads/2018/02/logo-HPMM001.jpg HTTP/1.0" 200 420 "https://etechvn.vn/" "Mozilla/5.0 (Macintosh; Intel Mac OS X 10_15_7) AppleWebKit/537.36 (KHTML, like Gecko) Chrome/125.0.0.0 Safari/537.36"
172.111.197.10 - - [12/Sep/2025:11:02:02 +0700] "GET /wp-content/uploads/2018/04/logo01-1.jpg HTTP/1.0" 200 416 "https://etechvn.vn/" "Mozilla/5.0 (Macintosh; Intel Mac OS X 10_15_7) AppleWebKit/537.36 (KHTML, like Gecko) Chrome/125.0.0.0 Safari/537.36"
172.111.197.10 - - [12/Sep/2025:11:02:02 +0700] "GET /wp-content/uploads/2018/03/logo-honda-01-1.jpg HTTP/1.0" 200 423 "https://etechvn.vn/" "Mozilla/5.0 (Macintosh; Intel Mac OS X 10_15_7) AppleWebKit/537.36 (KHTML, like Gecko) Chrome/125.0.0.0 Safari/537.36"
172.111.197.10 - - [12/Sep/2025:11:02:02 +0700] "GET /wp-content/uploads/2018/07/logo-jiotech01.jpg HTTP/1.0" 200 422 "https://etechvn.vn/" "Mozilla/5.0 (Macintosh; Intel Mac OS X 10_15_7) AppleWebKit/537.36 (KHTML, like Gecko) Chrome/125.0.0.0 Safari/537.36"
172.111.197.10 - - [12/Sep/2025:11:02:02 +0700] "GET /wp-content/uploads/2018/08/logo-harloff01.jpg HTTP/1.0" 200 422 "https://etechvn.vn/" "Mozilla/5.0 (Macintosh; Intel Mac OS X 10_15_7) AppleWebKit/537.36 (KHTML, like Gecko) Chrome/125.0.0.0 Safari/537.36"
172.111.197.10 - - [12/Sep/2025:11:02:02 +0700] "GET /wp-content/uploads/2018/03/logo-total-0001.jpg HTTP/1.0" 200 423 "https://etechvn.vn/" "Mozilla/5.0 (Macintosh; Intel Mac OS X 10_15_7) AppleWebKit/537.36 (KHTML, like Gecko) Chrome/125.0.0.0 Safari/537.36"
172.111.197.10 - - [12/Sep/2025:11:02:03 +0700] "GET /wp-content/uploads/2018/08/Logo-koken01.jpg HTTP/1.0" 200 420 "https://etechvn.vn/" "Mozilla/5.0 (Macintosh; Intel Mac OS X 10_15_7) AppleWebKit/537.36 (KHTML, like Gecko) Chrome/125.0.0.0 Safari/537.36"
172.111.197.10 - - [12/Sep/2025:11:02:03 +0700] "GET /wp-content/uploads/2018/04/LOGO01-4.jpg HTTP/1.0" 200 416 "https://etechvn.vn/" "Mozilla/5.0 (Macintosh; Intel Mac OS X 10_15_7) AppleWebKit/537.36 (KHTML, like Gecko) Chrome/125.0.0.0 Safari/537.36"
172.111.197.10 - - [12/Sep/2025:11:02:03 +0700] "GET /wp-content/uploads/2018/04/logo-Kestrel01.jpg HTTP/1.0" 200 422 "https://etechvn.vn/" "Mozilla/5.0 (Macintosh; Intel Mac OS X 10_15_7) AppleWebKit/537.36 (KHTML, like Gecko) Chrome/125.0.0.0 Safari/537.36"
172.111.197.10 - - [12/Sep/2025:11:02:03 +0700] "GET /wp-content/uploads/2018/04/LOGO01-1.jpg HTTP/1.0" 200 416 "https://etechvn.vn/" "Mozilla/5.0 (Macintosh; Intel Mac OS X 10_15_7) AppleWebKit/537.36 (KHTML, like Gecko) Chrome/125.0.0.0 Safari/537.36"
172.111.197.10 - - [12/Sep/2025:11:02:03 +0700] "GET /wp-content/uploads/2018/04/logo01-3.jpg HTTP/1.0" 200 416 "https://etechvn.vn/" "Mozilla/5.0 (Macintosh; Intel Mac OS X 10_15_7) AppleWebKit/537.36 (KHTML, like Gecko) Chrome/125.0.0.0 Safari/537.36"
172.111.197.10 - - [12/Sep/2025:11:02:03 +0700] "GET /wp-content/uploads/2018/12/logonewpig01.png HTTP/1.0" 200 419 "https://etechvn.vn/" "Mozilla/5.0 (Macintosh; Intel Mac OS X 10_15_7) AppleWebKit/537.36 (KHTML, like Gecko) Chrome/125.0.0.0 Safari/537.36"
172.111.197.10 - - [12/Sep/2025:11:02:03 +0700] "GET /wp-content/uploads/2018/08/LOGO-PANGOLIN01.jpg HTTP/1.0" 200 423 "https://etechvn.vn/" "Mozilla/5.0 (Macintosh; Intel Mac OS X 10_15_7) AppleWebKit/537.36 (KHTML, like Gecko) Chrome/125.0.0.0 Safari/537.36"
172.111.197.10 - - [12/Sep/2025:11:02:03 +0700] "GET /wp-content/uploads/2018/03/logo-asaki-01-1.jpg HTTP/1.0" 200 423 "https://etechvn.vn/" "Mozilla/5.0 (Macintosh; Intel Mac OS X 10_15_7) AppleWebKit/537.36 (KHTML, like Gecko) Chrome/125.0.0.0 Safari/537.36"
172.111.197.10 - - [12/Sep/2025:11:02:03 +0700] "GET /wp-content/uploads/2018/04/LOGO01-3.jpg HTTP/1.0" 200 416 "https://etechvn.vn/" "Mozilla/5.0 (Macintosh; Intel Mac OS X 10_15_7) AppleWebKit/537.36 (KHTML, like Gecko) Chrome/125.0.0.0 Safari/537.36"
172.111.197.10 - - [12/Sep/2025:11:02:03 +0700] "GET /wp-content/uploads/2018/03/logo-santak-01.jpg HTTP/1.0" 200 422 "https://etechvn.vn/" "Mozilla/5.0 (Macintosh; Intel Mac OS X 10_15_7) AppleWebKit/537.36 (KHTML, like Gecko) Chrome/125.0.0.0 Safari/537.36"
172.111.197.10 - - [12/Sep/2025:11:02:03 +0700] "GET /wp-content/uploads/2018/03/logo-saiko-01.jpg HTTP/1.0" 200 421 "https://etechvn.vn/" "Mozilla/5.0 (Macintosh; Intel Mac OS X 10_15_7) AppleWebKit/537.36 (KHTML, like Gecko) Chrome/125.0.0.0 Safari/537.36"
172.111.197.10 - - [12/Sep/2025:11:02:03 +0700] "GET /wp-content/uploads/2018/10/logo-RAE01.png HTTP/1.0" 200 417 "https://etechvn.vn/" "Mozilla/5.0 (Macintosh; Intel Mac OS X 10_15_7) AppleWebKit/537.36 (KHTML, like Gecko) Chrome/125.0.0.0 Safari/537.36"
172.111.197.10 - - [12/Sep/2025:11:02:03 +0700] "GET /wp-content/uploads/2018/03/logo-sorotec01.jpg HTTP/1.0" 200 422 "https://etechvn.vn/" "Mozilla/5.0 (Macintosh; Intel Mac OS X 10_15_7) AppleWebKit/537.36 (KHTML, like Gecko) Chrome/125.0.0.0 Safari/537.36"
172.111.197.10 - - [12/Sep/2025:11:02:04 +0700] "GET /wp-content/uploads/2018/09/logosperian01-1.jpg HTTP/1.0" 200 423 "https://etechvn.vn/" "Mozilla/5.0 (Macintosh; Intel Mac OS X 10_15_7) AppleWebKit/537.36 (KHTML, like Gecko) Chrome/125.0.0.0 Safari/537.36"
172.111.197.10 - - [12/Sep/2025:11:02:04 +0700] "GET /wp-content/uploads/2018/11/logo01.png HTTP/1.0" 200 413 "https://etechvn.vn/" "Mozilla/5.0 (Macintosh; Intel Mac OS X 10_15_7) AppleWebKit/537.36 (KHTML, like Gecko) Chrome/125.0.0.0 Safari/537.36"
172.111.197.10 - - [12/Sep/2025:11:02:04 +0700] "GET /wp-content/themes/techno_shop/assets/img/quote_blog.png HTTP/1.0" 200 431 "https://etechvn.vn/wp-content/themes/techno_shop/css/app-blue.css" "Mozilla/5.0 (Macintosh; Intel Mac OS X 10_15_7) AppleWebKit/537.36 (KHTML, like Gecko) Chrome/125.0.0.0 Safari/537.36"
172.111.197.10 - - [12/Sep/2025:11:02:04 +0700] "GET /wp-content/themes/techno_shop/assets/img/plus.png HTTP/1.0" 200 425 "https://etechvn.vn/wp-content/themes/techno_shop/css/app-blue.css" "Mozilla/5.0 (Macintosh; Intel Mac OS X 10_15_7) AppleWebKit/537.36 (KHTML, like Gecko) Chrome/125.0.0.0 Safari/537.36"
172.111.197.10 - - [12/Sep/2025:11:02:04 +0700] "GET /wp-content/themes/techno_shop/fonts/fontawesome-webfont.woff2?v=4.3.0 HTTP/1.0" 200 412 "https://etechvn.vn/wp-content/themes/techno_shop/css/bootstrap.min.css" "Mozilla/5.0 (Macintosh; Intel Mac OS X 10_15_7) AppleWebKit/537.36 (KHTML, like Gecko) Chrome/125.0.0.0 Safari/537.36"
172.111.197.10 - - [12/Sep/2025:11:02:09 +0700] "GET /wp-content/uploads/2019/07/icon-etech.png HTTP/1.0" 200 417 "https://etechvn.vn/" "Mozilla/5.0 (Macintosh; Intel Mac OS X 10_15_7) AppleWebKit/537.36 (KHTML, like Gecko) Chrome/125.0.0.0 Safari/537.36"
172.111.197.10 - - [12/Sep/2025:11:02:09 +0700] "GET /wp-content/uploads/2019/07/icon-etech-100x100.png HTTP/1.0" 200 425 "https://etechvn.vn/" "Mozilla/5.0 (Macintosh; Intel Mac OS X 10_15_7) AppleWebKit/537.36 (KHTML, like Gecko) Chrome/125.0.0.0 Safari/537.36"
132.145.196.107 - - [12/Sep/2025:11:05:13 +0700] "POST /xmlrpc.php HTTP/1.0" 200 777 "-" "Mozilla/5.0 (X11; U; Linux i686; en-US; rv:96.0) Gecko/20071914 Firefox/96.0"
103.124.92.114 - - [12/Sep/2025:11:05:57 +0700] "POST /xmlrpc.php HTTP/1.0" 200 756 "https://etechvn.vn" "Mozilla/5.0 (Macintosh; Intel Mac OS X 13_3) AppleWebKit/537.36 (KHTML, like Gecko) Chrome/126.0.0.0 Safari/537.36 Edg/126.0.0.0"
103.124.92.114 - - [12/Sep/2025:11:05:59 +0700] "POST /wp-login.php HTTP/1.0" 200 10775 "https://etechvn.vn" "Mozilla/5.0 (Macintosh; Intel Mac OS X 10_15_7) AppleWebKit/537.36 (KHTML, like Gecko) Chrome/115.0.5790.102 Safari/537.36"
43.157.22.109 - - [12/Sep/2025:11:08:54 +0700] "GET /tin-tuc/tin-ky-thuat/thong-tu-so-02-2018-tt-byt-ngay-22-01-2018-cua-bo-truong-bo-y-te-ve-quy-dinh-ve-thuc-hanh-tot-co-so-ban-le-thuoc/ HTTP/1.0" 200 100401 "-" "Mozilla/5.0 (iPhone; CPU iPhone OS 13_2_3 like Mac OS X) AppleWebKit/605.1.15 (KHTML, like Gecko) Version/13.0.3 Mobile/15E148 Safari/604.1"
206.189.150.43 - - [12/Sep/2025:11:10:52 +0700] "POST /xmlrpc.php HTTP/1.0" 200 779 "https://etechvn.vn" "Mozilla/5.0 (Macintosh; Intel Mac OS X 10_15_7) AppleWebKit/537.36 (KHTML, like Gecko) Chrome/114.0.5735.134 Safari/537.36"
206.189.150.43 - - [12/Sep/2025:11:10:57 +0700] "POST /wp-login.php HTTP/1.0" 200 10775 "https://etechvn.vn" "Mozilla/5.0 (Windows NT 10.0; Win64; x64) AppleWebKit/537.36 (KHTML, like Gecko) Chrome/115.0.5790.171 Safari/537.36 Edg/115.0.1901.203"
45.117.177.72 - - [12/Sep/2025:11:15:38 +0700] "POST /wp-cron.php?doing_wp_cron=1757650538.4385550022125244140625 HTTP/1.0" 200 416 "-" "WordPress/6.6.2; https://etechvn.vn"
157.245.6.207 - - [12/Sep/2025:11:15:37 +0700] "POST /xmlrpc.php HTTP/1.0" 200 779 "https://etechvn.vn" "Mozilla/5.0 (Macintosh; Intel Mac OS X 10_15_7; rv:125.0.1) Gecko/20100101 Firefox/125.0.1"
157.245.6.207 - - [12/Sep/2025:11:15:39 +0700] "POST /wp-login.php HTTP/1.0" 200 10775 "https://etechvn.vn" "Mozilla/5.0 (Macintosh; Intel Mac OS X 10_15_7) AppleWebKit/537.36 (KHTML, like Gecko) Chrome/113.0.5672.93 Safari/537.36"
43.135.140.225 - - [12/Sep/2025:11:18:30 +0700] "GET /product_brand/dlab/ HTTP/1.0" 200 89867 "-" "Mozilla/5.0 (iPhone; CPU iPhone OS 13_2_3 like Mac OS X) AppleWebKit/605.1.15 (KHTML, like Gecko) Version/13.0.3 Mobile/15E148 Safari/604.1"
66.249.70.130 - - [12/Sep/2025:11:18:52 +0700] "GET /wp-content/plugins/woocommerce/assets/js/frontend/cart-fragments.min.js?ver=3.3.4 HTTP/1.0" 200 460 "https://etechvn.vn/danh-muc/san-pham-khac/?orderby=menu_order&add_to_wishlist=10261" "Mozilla/5.0 (Linux; Android 6.0.1; Nexus 5X Build/MMB29P) AppleWebKit/537.36 (KHTML, like Gecko) Chrome/139.0.7258.127 Mobile Safari/537.36 (compatible; Googlebot/2.1; +http://www.google.com/bot.html)"
45.117.177.72 - - [12/Sep/2025:11:20:56 +0700] "POST /wp-cron.php?doing_wp_cron=1757650856.6729919910430908203125 HTTP/1.0" 200 416 "-" "WordPress/6.6.2; https://etechvn.vn"
49.13.138.201 - - [12/Sep/2025:11:20:55 +0700] "POST /xmlrpc.php HTTP/1.0" 200 779 "https://etechvn.vn" "Mozilla/5.0 (Macintosh; Intel Mac OS X 10.15; rv:126.0) Gecko/20100101 Firefox/126.0"
49.13.138.201 - - [12/Sep/2025:11:20:59 +0700] "POST /wp-login.php HTTP/1.0" 200 10775 "https://etechvn.vn" "Mozilla/5.0 (Macintosh; Intel Mac OS X 14.3) AppleWebKit/614.31.14 (KHTML, like Gecko) Version/17.0.96 Safari/614.31.14"
199.188.204.167 - - [12/Sep/2025:11:25:58 +0700] "POST /xmlrpc.php HTTP/1.0" 200 779 "https://etechvn.vn" "Mozilla/5.0 (Windows NT 10.0; Win64; x64; rv:127.0) Gecko/20100101 Firefox/127.0"
199.188.204.167 - - [12/Sep/2025:11:25:59 +0700] "POST /wp-login.php HTTP/1.0" 200 10775 "https://etechvn.vn" "Mozilla/5.0 (Windows NT 10.0; Win64; x64; rv:126.0) Gecko/20100101 Firefox/126.0"
43.153.12.58 - - [12/Sep/2025:11:28:38 +0700] "GET /gioi-thieu-chung/giao-hang/ HTTP/1.0" 200 82097 "-" "Mozilla/5.0 (iPhone; CPU iPhone OS 13_2_3 like Mac OS X) AppleWebKit/605.1.15 (KHTML, like Gecko) Version/13.0.3 Mobile/15E148 Safari/604.1"
51.81.207.12 - - [12/Sep/2025:11:31:10 +0700] "POST /xmlrpc.php HTTP/1.0" 200 779 "https://etechvn.vn" "Mozilla/5.0 (Windows NT 10.0; Win64; x64; rv:127.0) Gecko/20100101 Firefox/127.0"
51.81.207.12 - - [12/Sep/2025:11:31:12 +0700] "POST /wp-login.php HTTP/1.0" 200 10775 "https://etechvn.vn" "Mozilla/5.0 (Windows NT 11.0; Win64; x64) AppleWebKit/537.36 (KHTML, like Gecko) Chrome/126.0.0.0 Safari/537.36"
52.167.144.207 - - [12/Sep/2025:11:31:45 +0700] "GET /danh-muc/he-thong-canh-bao-giam-sat-nhiet-do-do-am/he-thong-giam-sat-nhiet-do-va-do-am-tu-vacxin/?product_order=asc&orderby=date&product_count=64 HTTP/1.0" 200 114496 "-" "Mozilla/5.0 AppleWebKit/537.36 (KHTML, like Gecko; compatible; bingbot/2.0; +http://www.bing.com/bingbot.htm) Chrome/116.0.1938.76 Safari/537.36"
207.46.13.17 - - [12/Sep/2025:11:33:37 +0700] "GET /wp-content/uploads/2018/07/0009-768x543.jpg HTTP/1.0" 200 420 "-" "Mozilla/5.0 AppleWebKit/537.36 (KHTML, like Gecko; compatible; bingbot/2.0; +http://www.bing.com/bingbot.htm) Chrome/116.0.1938.76 Safari/537.36"
45.117.177.72 - - [12/Sep/2025:11:34:33 +0700] "POST /wp-cron.php?doing_wp_cron=1757651673.6332590579986572265625 HTTP/1.0" 200 416 "-" "WordPress/6.6.2; https://etechvn.vn"
40.77.167.67 - - [12/Sep/2025:11:34:32 +0700] "GET /danh-muc/he-thong-quan-trac-khi-thai-tu-dong/?orderby=date&product_count=96&product_order=desc HTTP/1.0" 200 113521 "-" "Mozilla/5.0 AppleWebKit/537.36 (KHTML, like Gecko; compatible; bingbot/2.0; +http://www.bing.com/bingbot.htm) Chrome/116.0.1938.76 Safari/537.36"
103.153.68.238 - - [12/Sep/2025:11:36:13 +0700] "POST /xmlrpc.php HTTP/1.0" 200 779 "https://etechvn.vn" "Mozilla/5.0 (Windows NT 10.0; Win64; x64; rv:128.0) Gecko/20100101 Firefox/128.0"
103.153.68.238 - - [12/Sep/2025:11:36:14 +0700] "POST /wp-login.php HTTP/1.0" 200 10775 "https://etechvn.vn" "Mozilla/5.0 (Windows NT 10.0; Win64; x64) AppleWebKit/537.36 (KHTML, like Gecko) Chrome/113.0.5672.93 Safari/537.36"
43.157.181.189 - - [12/Sep/2025:11:38:03 +0700] "GET /?s= HTTP/1.0" 200 86061 "-" "Mozilla/5.0 (iPhone; CPU iPhone OS 13_2_3 like Mac OS X) AppleWebKit/605.1.15 (KHTML, like Gecko) Version/13.0.3 Mobile/15E148 Safari/604.1"
3.232.82.72 - - [12/Sep/2025:11:38:05 +0700] "GET /danh-muc/he-thong-quan-trac-thoi-tiet-khi-tuong-thuy-van/?orderby=price&product_brand=&product_count=32&product_order=desc HTTP/1.0" 200 114176 "-" "Mozilla/5.0 AppleWebKit/537.36 (KHTML, like Gecko; compatible; Amazonbot/0.1; +https://developer.amazon.com/support/amazonbot) Chrome/119.0.6045.214 Safari/537.36"
34.239.197.197 - - [12/Sep/2025:11:38:09 +0700] "GET /danh-muc/san-pham-khac/?orderby=rating&product_brand=&product_count=32&product_order=asc HTTP/1.0" 200 113366 "-" "Mozilla/5.0 AppleWebKit/537.36 (KHTML, like Gecko; compatible; Amazonbot/0.1; +https://developer.amazon.com/support/amazonbot) Chrome/119.0.6045.214 Safari/537.36"
82.94.184.129 - - [12/Sep/2025:11:38:51 +0700] "POST /xmlrpc.php HTTP/1.0" 200 779 "-" "Mozilla/5.0 (Windows NT 10.0; Win64; x64; rv:52.0) Gecko/20100101 Firefox/52.0"
72.167.33.20 - - [12/Sep/2025:11:41:17 +0700] "POST /xmlrpc.php HTTP/1.0" 200 779 "https://etechvn.vn" "Mozilla/5.0 (Windows NT 10.0; Win64; x64) AppleWebKit/537.36 (KHTML, like Gecko) Chrome/126.0.0.0 Safari/537.36"
72.167.33.20 - - [12/Sep/2025:11:41:19 +0700] "POST /wp-login.php HTTP/1.0" 200 10775 "https://etechvn.vn" "Mozilla/5.0 (Windows NT 11.0; Win64; x64; rv:126.0) Gecko/20100101 Firefox/126.0"
40.77.167.27 - - [12/Sep/2025:11:42:22 +0700] "GET /slide1/france-etuves/ HTTP/1.0" 200 89607 "-" "Mozilla/5.0 AppleWebKit/537.36 (KHTML, like Gecko; compatible; bingbot/2.0; +http://www.bing.com/bingbot.htm) Chrome/116.0.1938.76 Safari/537.36"
157.230.255.214 - - [12/Sep/2025:11:45:46 +0700] "POST /xmlrpc.php HTTP/1.0" 200 779 "https://etechvn.vn" "Mozilla/5.0 (Macintosh; Intel Mac OS X 13.3; rv:126.0) Gecko/20100101 Firefox/126.0"
157.230.255.214 - - [12/Sep/2025:11:45:47 +0700] "POST /wp-login.php HTTP/1.0" 200 10775 "https://etechvn.vn" "Mozilla/5.0 (Macintosh; Intel Mac OS X 10.15; rv:126.0) Gecko/20100101 Firefox/126.0"
170.106.37.134 - - [12/Sep/2025:11:48:03 +0700] "GET /product_brand/dbs/ HTTP/1.0" 200 89612 "-" "Mozilla/5.0 (iPhone; CPU iPhone OS 13_2_3 like Mac OS X) AppleWebKit/605.1.15 (KHTML, like Gecko) Version/13.0.3 Mobile/15E148 Safari/604.1"
165.227.140.18 - - [12/Sep/2025:11:50:34 +0700] "POST /xmlrpc.php HTTP/1.0" 200 779 "https://etechvn.vn" "Mozilla/5.0 (Macintosh; Intel Mac OS X 10_15_7) AppleWebKit/537.36 (KHTML, like Gecko) Chrome/126.0.0.0 Safari/537.36"
165.227.140.18 - - [12/Sep/2025:11:50:36 +0700] "POST /wp-login.php HTTP/1.0" 200 10775 "https://etechvn.vn" "Mozilla/5.0 (Macintosh; Intel Mac OS X 10_15_7; rv:126.0) Gecko/20100101 Firefox/126.0"
51.210.194.206 - - [12/Sep/2025:11:50:48 +0700] "POST /xmlrpc.php HTTP/1.0" 200 777 "-" "Mozilla/5.0 (X11; Ubuntu; Linux x86_64; rv:85.0) Gecko/20100101 Firefox/91.0"
198.244.242.124 - - [12/Sep/2025:11:53:40 +0700] "GET /danh-muc/he-thong-giam-sat-canh-bao-dieu-khien-trong-nong-nghiep/ HTTP/1.0" 200 113006 "-" "Mozilla/5.0 (compatible; AhrefsBot/7.0; +http://ahrefs.com/robot/)"
198.244.226.5 - - [12/Sep/2025:11:54:10 +0700] "GET /wp-content/uploads/2019/07/demo-sp2-300x300.jpg HTTP/1.0" 200 424 "-" "Mozilla/5.0 (compatible; AhrefsBot/7.0; +http://ahrefs.com/robot/)"
216.172.172.45 - - [12/Sep/2025:11:55:23 +0700] "POST /xmlrpc.php HTTP/1.0" 200 779 "https://etechvn.vn" "Mozilla/5.0 (Windows NT 10.0; Win64; x64; rv:125.0.1) Gecko/20100101 Firefox/125.0.1"
216.172.172.45 - - [12/Sep/2025:11:55:24 +0700] "POST /wp-login.php HTTP/1.0" 200 10775 "https://etechvn.vn" "Mozilla/5.0 (Windows NT 10.0; Win64; x64) AppleWebKit/537.36 (KHTML, like Gecko) Chrome/116.0.5845.96 Safari/537.36"
43.130.67.33 - - [12/Sep/2025:11:56:58 +0700] "GET /xmlrpc.php HTTP/1.0" 405 423 "-" "Mozilla/5.0 (iPhone; CPU iPhone OS 13_2_3 like Mac OS X) AppleWebKit/605.1.15 (KHTML, like Gecko) Version/13.0.3 Mobile/15E148 Safari/604.1"
46.245.76.52 - - [12/Sep/2025:11:59:57 +0700] "POST /xmlrpc.php HTTP/1.0" 200 779 "https://etechvn.vn" "Mozilla/5.0 (Windows NT 10.0; Win64; x64) AppleWebKit/537.36 (KHTML, like Gecko) Chrome/113.0.5672.93 Safari/537.36"
46.245.76.52 - - [12/Sep/2025:11:59:58 +0700] "POST /wp-login.php HTTP/1.0" 200 10913 "https://etechvn.vn" "Mozilla/5.0 (Windows NT 10.0; Win64; x64; rv:129.0) Gecko/20100101 Firefox/129.0"
45.117.177.72 - - [12/Sep/2025:12:04:43 +0700] "POST /wp-cron.php?doing_wp_cron=1757653483.0167450904846191406250 HTTP/1.0" 200 416 "-" "WordPress/6.6.2; https://etechvn.vn"
162.241.61.90 - - [12/Sep/2025:12:04:42 +0700] "POST /xmlrpc.php HTTP/1.0" 200 779 "https://etechvn.vn" "Mozilla/5.0 (Macintosh; Intel Mac OS X 10_15_7; rv:125.0.1) Gecko/20100101 Firefox/125.0.1"
162.241.61.90 - - [12/Sep/2025:12:04:44 +0700] "POST /wp-login.php HTTP/1.0" 200 10775 "https://etechvn.vn" "Mozilla/5.0 (Windows NT 10.0; Win64; x64; rv:128.0) Gecko/20100101 Firefox/128.0"
207.46.13.78 - - [12/Sep/2025:12:05:23 +0700] "GET /slide1/mettler/ HTTP/1.0" 200 89462 "-" "Mozilla/5.0 AppleWebKit/537.36 (KHTML, like Gecko; compatible; bingbot/2.0; +http://www.bing.com/bingbot.htm) Chrome/116.0.1938.76 Safari/537.36"
139.59.32.59 - - [12/Sep/2025:12:09:30 +0700] "POST /xmlrpc.php HTTP/1.0" 200 779 "https://etechvn.vn" "Mozilla/5.0 (Macintosh; Intel Mac OS X 13_3) AppleWebKit/537.36 (KHTML, like Gecko) Chrome/126.0.0.0 Safari/537.36 Edg/126.0.0.0"
139.59.32.59 - - [12/Sep/2025:12:09:31 +0700] "POST /wp-login.php HTTP/1.0" 200 10775 "https://etechvn.vn" "Mozilla/5.0 (Windows NT 10.0; Win64; x64) AppleWebKit/537.36 (KHTML, like Gecko) Chrome/115.0.5790.102 Safari/537.36"
160.153.246.243 - - [12/Sep/2025:12:11:10 +0700] "GET /ALFA_DATA/alfacgiapi HTTP/1.0" 404 64993 "http://etechvn.vn/ALFA_DATA/alfacgiapi" "Mozilla/5.0 (Windows NT 10.0; Win64; x64) AppleWebKit/537.36 (KHTML, like Gecko) Chrome/87.0.4280.141 Safari/537.36"
167.172.113.201 - - [12/Sep/2025:12:14:28 +0700] "POST /xmlrpc.php HTTP/1.0" 200 779 "https://etechvn.vn" "Mozilla/5.0 (Windows NT 10.0; Win64; x64; rv:125.0.1) Gecko/20100101 Firefox/125.0.1"
167.172.113.201 - - [12/Sep/2025:12:14:30 +0700] "POST /wp-login.php HTTP/1.0" 200 10775 "https://etechvn.vn" "Mozilla/5.0 (Macintosh; Intel Mac OS X 13.3; rv:126.0) Gecko/20100101 Firefox/126.0"
160.153.246.243 - - [12/Sep/2025:12:14:35 +0700] "GET /alfacgiapi/ HTTP/1.0" 404 64975 "-" "Mozilla/5.0 (Windows NT 10.0; Win64; x64) AppleWebKit/537.36 (KHTML, like Gecko) Chrome/87.0.4280.141 Safari/537.36"
160.153.246.243 - - [12/Sep/2025:12:16:11 +0700] "GET /Telerik.Web.UI.WebResource.axd?type=rau HTTP/1.0" 404 65031 "-" "Mozilla/5.0 (Windows NT 10.0; Win64; x64) AppleWebKit/537.36 (KHTML, like Gecko) Chrome/87.0.4280.141 Safari/537.36"
98.84.200.43 - - [12/Sep/2025:12:16:57 +0700] "GET /robots.txt HTTP/1.0" 200 558 "-" "Mozilla/5.0 AppleWebKit/537.36 (KHTML, like Gecko; compatible; Amazonbot/0.1; +https://developer.amazon.com/support/amazonbot) Chrome/119.0.6045.214 Safari/537.36"
35.168.238.50 - - [12/Sep/2025:12:17:02 +0700] "GET /danh-muc/he-thong-quan-trac-thoi-tiet-khi-tuong-thuy-van/?orderby=date&product_brand=&product_order=asc HTTP/1.0" 200 113808 "-" "Mozilla/5.0 AppleWebKit/537.36 (KHTML, like Gecko; compatible; Amazonbot/0.1; +https://developer.amazon.com/support/amazonbot) Chrome/119.0.6045.214 Safari/537.36"
98.84.184.80 - - [12/Sep/2025:12:17:06 +0700] "GET /danh-muc/he-thong-quan-trac-thoi-tiet-khi-tuong-thuy-van/?orderby=popularity&product_count=32&product_order=asc HTTP/1.0" 200 113881 "-" "Mozilla/5.0 AppleWebKit/537.36 (KHTML, like Gecko; compatible; Amazonbot/0.1; +https://developer.amazon.com/support/amazonbot) Chrome/119.0.6045.214 Safari/537.36"
160.153.246.243 - - [12/Sep/2025:12:18:08 +0700] "GET /deployment-config.json HTTP/1.0" 404 64997 "-" "Mozilla/5.0 (Windows NT 10.0; Win64; x64) AppleWebKit/537.36 (KHTML, like Gecko) Chrome/87.0.4280.141 Safari/537.36"
45.117.177.72 - - [12/Sep/2025:12:19:09 +0700] "POST /wp-cron.php?doing_wp_cron=1757654349.3931779861450195312500 HTTP/1.0" 200 416 "-" "WordPress/6.6.2; https://etechvn.vn"
160.153.246.243 - - [12/Sep/2025:12:19:08 +0700] "GET /sftp-config.json HTTP/1.0" 404 64985 "-" "Mozilla/5.0 (Windows NT 10.0; Win64; x64) AppleWebKit/537.36 (KHTML, like Gecko) Chrome/87.0.4280.141 Safari/537.36"
160.153.246.243 - - [12/Sep/2025:12:20:38 +0700] "GET /sftp.json HTTP/1.0" 404 64942 "-" "Mozilla/5.0 (Windows NT 10.0; Win64; x64) AppleWebKit/537.36 (KHTML, like Gecko) Chrome/87.0.4280.141 Safari/537.36"
160.153.246.243 - - [12/Sep/2025:12:23:07 +0700] "GET /.git/config HTTP/1.0" 404 64975 "-" "Mozilla/5.0 (Windows NT 10.0; Win64; x64) AppleWebKit/537.36 (KHTML, like Gecko) Chrome/87.0.4280.141 Safari/537.36"
160.153.246.243 - - [12/Sep/2025:12:24:22 +0700] "GET /.ftpconfig HTTP/1.0" 404 64973 "-" "Mozilla/5.0 (Windows NT 10.0; Win64; x64) AppleWebKit/537.36 (KHTML, like Gecko) Chrome/87.0.4280.141 Safari/537.36"
103.153.68.238 - - [12/Sep/2025:12:24:45 +0700] "POST /xmlrpc.php HTTP/1.0" 200 779 "https://etechvn.vn" "Mozilla/5.0 (Macintosh; Intel Mac OS X 13_3) AppleWebKit/537.36 (KHTML, like Gecko) Chrome/126.0.0.0 Safari/537.36 Edg/126.0.0.0"
103.153.68.238 - - [12/Sep/2025:12:24:47 +0700] "POST /wp-login.php HTTP/1.0" 200 10775 "https://etechvn.vn" "Mozilla/5.0 (Windows NT 10.0; Win64; x64; rv:128.0) Gecko/20100101 Firefox/128.0"
160.153.246.243 - - [12/Sep/2025:12:26:29 +0700] "GET /config.json HTTP/1.0" 404 64975 "-" "Mozilla/5.0 (Windows NT 10.0; Win64; x64) AppleWebKit/537.36 (KHTML, like Gecko) Chrome/87.0.4280.141 Safari/537.36"
160.153.246.243 - - [12/Sep/2025:12:27:28 +0700] "GET /.sftp.json HTTP/1.0" 404 64973 "-" "Mozilla/5.0 (Windows NT 10.0; Win64; x64) AppleWebKit/537.36 (KHTML, like Gecko) Chrome/87.0.4280.141 Safari/537.36"
121.4.97.180 - - [12/Sep/2025:12:28:04 +0700] "GET / HTTP/1.0" 200 301446 "http://etechvn.vn" "Mozilla/5.0 (iPhone; CPU iPhone OS 13_2_3 like Mac OS X) AppleWebKit/605.1.15 (KHTML, like Gecko) Version/13.0.3 Mobile/15E148 Safari/604.1"
160.153.246.243 - - [12/Sep/2025:12:29:25 +0700] "GET /ftp-config.json HTTP/1.0" 404 64983 "-" "Mozilla/5.0 (Windows NT 10.0; Win64; x64) AppleWebKit/537.36 (KHTML, like Gecko) Chrome/87.0.4280.141 Safari/537.36"
107.180.224.51 - - [12/Sep/2025:12:29:49 +0700] "POST /xmlrpc.php HTTP/1.0" 200 779 "https://etechvn.vn" "Mozilla/5.0 (Macintosh; Intel Mac OS X 13.3; rv:126.0) Gecko/20100101 Firefox/126.0"
107.180.224.51 - - [12/Sep/2025:12:29:50 +0700] "POST /wp-login.php HTTP/1.0" 200 10775 "https://etechvn.vn" "Mozilla/5.0 (Macintosh; Intel Mac OS X 10_15_7) AppleWebKit/537.36 (KHTML, like Gecko) Chrome/115.0.5790.102 Safari/537.36"
160.153.246.243 - - [12/Sep/2025:12:29:58 +0700] "GET /.vscode/sftp.json HTTP/1.0" 404 64958 "-" "Mozilla/5.0 (Windows NT 10.0; Win64; x64) AppleWebKit/537.36 (KHTML, like Gecko) Chrome/87.0.4280.141 Safari/537.36"
160.153.246.243 - - [12/Sep/2025:12:32:04 +0700] "GET /contact-us HTTP/1.0" 404 64973 "-" "Mozilla/5.0 (Windows NT 10.0; Win64; x64) AppleWebKit/537.36 (KHTML, like Gecko) Chrome/87.0.4280.141 Safari/537.36"
160.153.246.243 - - [12/Sep/2025:12:33:37 +0700] "GET /contact HTTP/1.0" 404 64967 "-" "Mozilla/5.0 (Windows NT 10.0; Win64; x64) AppleWebKit/537.36 (KHTML, like Gecko) Chrome/87.0.4280.141 Safari/537.36"
160.153.246.243 - - [12/Sep/2025:12:34:13 +0700] "GET /career HTTP/1.0" 404 64965 "-" "Mozilla/5.0 (Windows NT 10.0; Win64; x64) AppleWebKit/537.36 (KHTML, like Gecko) Chrome/87.0.4280.141 Safari/537.36"
40.77.167.187 - - [12/Sep/2025:12:34:17 +0700] "GET /robots.txt HTTP/1.0" 200 558 "-" "Mozilla/5.0 AppleWebKit/537.36 (KHTML, like Gecko; compatible; bingbot/2.0; +http://www.bing.com/bingbot.htm) Chrome/116.0.1938.76 Safari/537.36"
207.46.13.156 - - [12/Sep/2025:12:34:26 +0700] "GET /danh-muc/he-thong-giam-sat-canh-bao-dieu-khien-trong-nong-nghiep/?orderby=price&product_count=32 HTTP/1.0" 200 113558 "-" "Mozilla/5.0 AppleWebKit/537.36 (KHTML, like Gecko; compatible; bingbot/2.0; +http://www.bing.com/bingbot.htm) Chrome/116.0.1938.76 Safari/537.36"
103.153.68.238 - - [12/Sep/2025:12:34:48 +0700] "POST /xmlrpc.php HTTP/1.0" 200 779 "https://etechvn.vn" "Mozilla/5.0 (Windows NT 10.0; Win64; x64) AppleWebKit/537.36 (KHTML, like Gecko) Chrome/112.0.5615.138 Safari/537.36"
103.153.68.238 - - [12/Sep/2025:12:34:49 +0700] "POST /wp-login.php HTTP/1.0" 200 10775 "https://etechvn.vn" "Mozilla/5.0 (Macintosh; Intel Mac OS X 10_15_7) AppleWebKit/537.36 (KHTML, like Gecko) Chrome/112.0.5615.138 Safari/537.36"
160.153.246.243 - - [12/Sep/2025:12:35:42 +0700] "GET /feedback HTTP/1.0" 404 64969 "-" "Mozilla/5.0 (Windows NT 10.0; Win64; x64) AppleWebKit/537.36 (KHTML, like Gecko) Chrome/87.0.4280.141 Safari/537.36"
40.77.167.67 - - [12/Sep/2025:12:36:41 +0700] "GET /danh-muc/he-thong-canh-bao-giam-sat-nhiet-do-do-am/he-thong-giam-sat-nhiet-do-va-do-am-kho-chua-thuc-pham/?orderby=date&product_order=desc&product_count=96 HTTP/1.0" 200 114737 "-" "Mozilla/5.0 AppleWebKit/537.36 (KHTML, like Gecko; compatible; bingbot/2.0; +http://www.bing.com/bingbot.htm) Chrome/116.0.1938.76 Safari/537.36"
160.153.246.243 - - [12/Sep/2025:12:37:25 +0700] "GET /submit HTTP/1.0" 404 64965 "-" "Mozilla/5.0 (Windows NT 10.0; Win64; x64) AppleWebKit/537.36 (KHTML, like Gecko) Chrome/87.0.4280.141 Safari/537.36"
160.153.246.243 - - [12/Sep/2025:12:39:09 +0700] "GET /form HTTP/1.0" 404 64961 "-" "Mozilla/5.0 (Windows NT 10.0; Win64; x64) AppleWebKit/537.36 (KHTML, like Gecko) Chrome/87.0.4280.141 Safari/537.36"
185.252.28.195 - - [12/Sep/2025:12:39:35 +0700] "POST /xmlrpc.php HTTP/1.0" 200 779 "https://etechvn.vn" "Mozilla/5.0 (Macintosh; Intel Mac OS X 13.3; rv:126.0) Gecko/20100101 Firefox/126.0"
185.252.28.195 - - [12/Sep/2025:12:39:36 +0700] "POST /wp-login.php HTTP/1.0" 200 10775 "https://etechvn.vn" "Mozilla/5.0 (Windows NT 11.0; Win64; x64; rv:126.0) Gecko/20100101 Firefox/126.0"
160.153.246.243 - - [12/Sep/2025:12:40:01 +0700] "GET /upload HTTP/1.0" 404 64965 "-" "Mozilla/5.0 (Windows NT 10.0; Win64; x64) AppleWebKit/537.36 (KHTML, like Gecko) Chrome/87.0.4280.141 Safari/537.36"
160.153.246.243 - - [12/Sep/2025:12:42:40 +0700] "GET /upload-file HTTP/1.0" 404 64975 "-" "Mozilla/5.0 (Windows NT 10.0; Win64; x64) AppleWebKit/537.36 (KHTML, like Gecko) Chrome/87.0.4280.141 Safari/537.36"
160.153.246.243 - - [12/Sep/2025:12:42:52 +0700] "GET /upload-document HTTP/1.0" 404 64983 "-" "Mozilla/5.0 (Windows NT 10.0; Win64; x64) AppleWebKit/537.36 (KHTML, like Gecko) Chrome/87.0.4280.141 Safari/537.36"
34.231.77.232 - - [12/Sep/2025:12:42:58 +0700] "GET /wp-admin/admin-ajax.php?action=ya_quickviewproduct&ajax=true&nonce=6f92b04427&post_id=10262 HTTP/1.0" 200 13816 "-" "Mozilla/5.0 AppleWebKit/537.36 (KHTML, like Gecko; compatible; Amazonbot/0.1; +https://developer.amazon.com/support/amazonbot) Chrome/119.0.6045.214 Safari/537.36"
18.215.24.66 - - [12/Sep/2025:12:43:02 +0700] "GET /danh-muc/he-thong-quan-trac-thoi-tiet-khi-tuong-thuy-van/?orderby=rating&product_count=96&product_order=asc HTTP/1.0" 200 113825 "-" "Mozilla/5.0 AppleWebKit/537.36 (KHTML, like Gecko; compatible; Amazonbot/0.1; +https://developer.amazon.com/support/amazonbot) Chrome/119.0.6045.214 Safari/537.36"
160.153.246.243 - - [12/Sep/2025:12:44:44 +0700] "GET /media/upload HTTP/1.0" 404 64977 "-" "Mozilla/5.0 (Windows NT 10.0; Win64; x64) AppleWebKit/537.36 (KHTML, like Gecko) Chrome/87.0.4280.141 Safari/537.36"
160.153.246.243 - - [12/Sep/2025:12:46:08 +0700] "GET /attachments/new HTTP/1.0" 301 501 "-" "Mozilla/5.0 (Windows NT 10.0; Win64; x64) AppleWebKit/537.36 (KHTML, like Gecko) Chrome/87.0.4280.141 Safari/537.36"
160.153.246.243 - - [12/Sep/2025:12:46:09 +0700] "GET /news-product/ HTTP/1.0" 200 72929 "https://etechvn.vn/attachments/new" "Mozilla/5.0 (Windows NT 10.0; Win64; x64) AppleWebKit/537.36 (KHTML, like Gecko) Chrome/87.0.4280.141 Safari/537.36"
160.153.246.243 - - [12/Sep/2025:12:47:55 +0700] "GET /documents/add HTTP/1.0" 404 64950 "-" "Mozilla/5.0 (Windows NT 10.0; Win64; x64) AppleWebKit/537.36 (KHTML, like Gecko) Chrome/87.0.4280.141 Safari/537.36"
54.37.151.241 - - [12/Sep/2025:12:49:06 +0700] "POST /xmlrpc.php HTTP/1.0" 200 779 "https://etechvn.vn" "Mozilla/5.0 (Macintosh; Intel Mac OS X 10_15_7) AppleWebKit/537.36 (KHTML, like Gecko) Chrome/116.0.5845.96 Safari/537.36"
54.37.151.241 - - [12/Sep/2025:12:49:15 +0700] "POST /wp-login.php HTTP/1.0" 200 10912 "https://etechvn.vn" "Mozilla/5.0 (Windows NT 10.0; Win64; x64) AppleWebKit/537.36 (KHTML, like Gecko) Chrome/126.0.0.0 Safari/537.36 Edg/126.0.0.0"
160.153.246.243 - - [12/Sep/2025:12:49:22 +0700] "GET /webform HTTP/1.0" 404 64967 "-" "Mozilla/5.0 (Windows NT 10.0; Win64; x64) AppleWebKit/537.36 (KHTML, like Gecko) Chrome/87.0.4280.141 Safari/537.36"
160.153.246.243 - - [12/Sep/2025:12:51:11 +0700] "GET /webform/submit HTTP/1.0" 404 64981 "-" "Mozilla/5.0 (Windows NT 10.0; Win64; x64) AppleWebKit/537.36 (KHTML, like Gecko) Chrome/87.0.4280.141 Safari/537.36"
160.153.246.243 - - [12/Sep/2025:12:51:39 +0700] "GET /webform/contact HTTP/1.0" 301 501 "-" "Mozilla/5.0 (Windows NT 10.0; Win64; x64) AppleWebKit/537.36 (KHTML, like Gecko) Chrome/87.0.4280.141 Safari/537.36"
160.153.246.243 - - [12/Sep/2025:12:51:40 +0700] "GET /contact-us-2/ HTTP/1.0" 200 73180 "https://etechvn.vn/webform/contact" "Mozilla/5.0 (Windows NT 10.0; Win64; x64) AppleWebKit/537.36 (KHTML, like Gecko) Chrome/87.0.4280.141 Safari/537.36"
160.153.246.243 - - [12/Sep/2025:12:53:19 +0700] "GET /node/add/webform HTTP/1.0" 404 64985 "-" "Mozilla/5.0 (Windows NT 10.0; Win64; x64) AppleWebKit/537.36 (KHTML, like Gecko) Chrome/87.0.4280.141 Safari/537.36"
103.204.130.101 - - [12/Sep/2025:12:53:53 +0700] "POST /xmlrpc.php HTTP/1.0" 200 779 "https://etechvn.vn" "Mozilla/5.0 (Macintosh; Intel Mac OS X 10_15_7; rv:125.0.1) Gecko/20100101 Firefox/125.0.1"
103.204.130.101 - - [12/Sep/2025:12:53:54 +0700] "POST /wp-login.php HTTP/1.0" 200 10916 "https://etechvn.vn" "Mozilla/5.0 (Windows NT 10.0; Win64; x64; rv:125.0.1) Gecko/20100101 Firefox/125.0.1"
160.153.246.243 - - [12/Sep/2025:12:54:41 +0700] "GET /node/add/contact HTTP/1.0" 301 501 "-" "Mozilla/5.0 (Windows NT 10.0; Win64; x64) AppleWebKit/537.36 (KHTML, like Gecko) Chrome/87.0.4280.141 Safari/537.36"
160.153.246.243 - - [12/Sep/2025:12:54:42 +0700] "GET /contact-us-2/ HTTP/1.0" 200 73180 "https://etechvn.vn/node/add/contact" "Mozilla/5.0 (Windows NT 10.0; Win64; x64) AppleWebKit/537.36 (KHTML, like Gecko) Chrome/87.0.4280.141 Safari/537.36"
160.153.246.243 - - [12/Sep/2025:12:56:14 +0700] "GET /node/add/form HTTP/1.0" 404 64950 "-" "Mozilla/5.0 (Windows NT 10.0; Win64; x64) AppleWebKit/537.36 (KHTML, like Gecko) Chrome/87.0.4280.141 Safari/537.36"
157.55.39.12 - - [12/Sep/2025:12:57:18 +0700] "GET /danh-muc/he-thong-canh-bao-giam-sat-nhiet-do-do-am/he-thong-giam-sat-nhiet-do-va-do-am-phong-may-chu/?product_order=desc&product_count=32&orderby=rating HTTP/1.0" 200 114648 "-" "Mozilla/5.0 AppleWebKit/537.36 (KHTML, like Gecko; compatible; bingbot/2.0; +http://www.bing.com/bingbot.htm) Chrome/116.0.1938.76 Safari/537.36"
160.153.246.243 - - [12/Sep/2025:12:57:56 +0700] "GET /form/submit HTTP/1.0" 404 64975 "-" "Mozilla/5.0 (Windows NT 10.0; Win64; x64) AppleWebKit/537.36 (KHTML, like Gecko) Chrome/87.0.4280.141 Safari/537.36"
160.153.246.243 - - [12/Sep/2025:12:58:27 +0700] "GET /form/contact HTTP/1.0" 301 501 "-" "Mozilla/5.0 (Windows NT 10.0; Win64; x64) AppleWebKit/537.36 (KHTML, like Gecko) Chrome/87.0.4280.141 Safari/537.36"
160.153.246.243 - - [12/Sep/2025:12:58:28 +0700] "GET /contact-us-2/ HTTP/1.0" 200 73180 "https://etechvn.vn/form/contact" "Mozilla/5.0 (Windows NT 10.0; Win64; x64) AppleWebKit/537.36 (KHTML, like Gecko) Chrome/87.0.4280.141 Safari/537.36"
8.218.212.177 - - [12/Sep/2025:12:58:39 +0700] "POST /xmlrpc.php HTTP/1.0" 200 779 "https://etechvn.vn" "Mozilla/5.0 (Macintosh; Intel Mac OS X 10_15_7) AppleWebKit/537.36 (KHTML, like Gecko) Chrome/114.0.5735.134 Safari/537.36"
8.218.212.177 - - [12/Sep/2025:12:58:40 +0700] "POST /wp-login.php HTTP/1.0" 200 10912 "https://etechvn.vn" "Mozilla/5.0 (Windows NT 10.0; Win64; x64) AppleWebKit/537.36 (KHTML, like Gecko) Chrome/116.0.5845.96 Safari/537.36 Edg/116.0.1938.62"
160.153.246.243 - - [12/Sep/2025:13:00:35 +0700] "GET /media/add HTTP/1.0" 404 64942 "-" "Mozilla/5.0 (Windows NT 10.0; Win64; x64) AppleWebKit/537.36 (KHTML, like Gecko) Chrome/87.0.4280.141 Safari/537.36"
52.167.144.202 - - [12/Sep/2025:13:00:54 +0700] "GET /danh-muc/he-thong-canh-bao-giam-sat-nhiet-do-do-am/he-thong-giam-sat-nhiet-do-va-do-am-kho-chua-thuc-pham/?product_count=32&orderby=menu_order HTTP/1.0" 200 114377 "-" "Mozilla/5.0 AppleWebKit/537.36 (KHTML, like Gecko; compatible; bingbot/2.0; +http://www.bing.com/bingbot.htm) Chrome/116.0.1938.76 Safari/537.36"
157.55.39.12 - - [12/Sep/2025:13:01:20 +0700] "GET /product_brand/asaki/ HTTP/1.0" 200 92931 "-" "Mozilla/5.0 AppleWebKit/537.36 (KHTML, like Gecko; compatible; bingbot/2.0; +http://www.bing.com/bingbot.htm) Chrome/116.0.1938.76 Safari/537.36"
160.153.246.243 - - [12/Sep/2025:13:01:51 +0700] "GET /file/ajax/field_file HTTP/1.0" 404 64993 "-" "Mozilla/5.0 (Windows NT 10.0; Win64; x64) AppleWebKit/537.36 (KHTML, like Gecko) Chrome/87.0.4280.141 Safari/537.36"
160.153.246.243 - - [12/Sep/2025:13:03:06 +0700] "GET /file/ajax/field_image HTTP/1.0" 404 64966 "-" "Mozilla/5.0 (Windows NT 10.0; Win64; x64) AppleWebKit/537.36 (KHTML, like Gecko) Chrome/87.0.4280.141 Safari/537.36"
165.232.60.151 - - [12/Sep/2025:13:03:31 +0700] "POST /xmlrpc.php HTTP/1.0" 200 779 "https://etechvn.vn" "Mozilla/5.0 (Windows NT 10.0; Win64; x64) AppleWebKit/537.36 (KHTML, like Gecko) Chrome/112.0.5615.138 Safari/537.36 Edg/112.0.1722.68"
165.232.60.151 - - [12/Sep/2025:13:03:32 +0700] "POST /wp-login.php HTTP/1.0" 200 10907 "https://etechvn.vn" "Mozilla/5.0 (Windows NT 10.0; Win64; x64) AppleWebKit/537.36 (KHTML, like Gecko) Chrome/116.0.5845.96 Safari/537.36 Edg/116.0.1938.62"
45.117.177.72 - - [12/Sep/2025:13:04:52 +0700] "POST /wp-cron.php?doing_wp_cron=1757657092.4202320575714111328125 HTTP/1.0" 200 416 "-" "WordPress/6.6.2; https://etechvn.vn"
160.153.246.243 - - [12/Sep/2025:13:04:51 +0700] "GET /sites/default/files/styles/medium/public/webform/submissions HTTP/1.0" 404 65073 "-" "Mozilla/5.0 (Windows NT 10.0; Win64; x64) AppleWebKit/537.36 (KHTML, like Gecko) Chrome/87.0.4280.141 Safari/537.36"
160.153.246.243 - - [12/Sep/2025:13:06:04 +0700] "GET /sites/default/files/webform/submissions HTTP/1.0" 404 65031 "-" "Mozilla/5.0 (Windows NT 10.0; Win64; x64) AppleWebKit/537.36 (KHTML, like Gecko) Chrome/87.0.4280.141 Safari/537.36"
160.153.246.243 - - [12/Sep/2025:13:07:33 +0700] "GET /sites/default/files/private/webform/submissions HTTP/1.0" 404 65047 "-" "Mozilla/5.0 (Windows NT 10.0; Win64; x64) AppleWebKit/537.36 (KHTML, like Gecko) Chrome/87.0.4280.141 Safari/537.36"
68.72.143.114 - - [12/Sep/2025:13:08:24 +0700] "POST /xmlrpc.php HTTP/1.0" 200 779 "https://etechvn.vn" "Mozilla/5.0 (Windows NT 11.0; Win64; x64; rv:126.0) Gecko/20100101 Firefox/126.0"
68.72.143.114 - - [12/Sep/2025:13:08:26 +0700] "POST /wp-login.php HTTP/1.0" 200 10912 "https://etechvn.vn" "Mozilla/5.0 (Windows NT 10.0; Win64; x64; rv:126.0) Gecko/20100101 Firefox/126.0"
160.153.246.243 - - [12/Sep/2025:13:08:49 +0700] "GET /sites/default/files/private/webform/submissions/uploads HTTP/1.0" 404 65063 "-" "Mozilla/5.0 (Windows NT 10.0; Win64; x64) AppleWebKit/537.36 (KHTML, like Gecko) Chrome/87.0.4280.141 Safari/537.36"
160.153.246.243 - - [12/Sep/2025:13:09:57 +0700] "GET /sites/default/files/webform/uploads HTTP/1.0" 404 65023 "-" "Mozilla/5.0 (Windows NT 10.0; Win64; x64) AppleWebKit/537.36 (KHTML, like Gecko) Chrome/87.0.4280.141 Safari/537.36"
94.102.211.121 - - [12/Sep/2025:13:09:59 +0700] "POST /xmlrpc.php HTTP/1.0" 200 779 "-" "Mozilla/5.0 (Windows NT 10.0; Win64; x64; rv:59.0) Gecko/20100101 Firefox/59.0"
160.153.246.243 - - [12/Sep/2025:13:11:15 +0700] "GET /sites/default/files/webform/tmp HTTP/1.0" 404 65015 "-" "Mozilla/5.0 (Windows NT 10.0; Win64; x64) AppleWebKit/537.36 (KHTML, like Gecko) Chrome/87.0.4280.141 Safari/537.36"
45.117.177.72 - - [12/Sep/2025:13:12:54 +0700] "POST /wp-cron.php?doing_wp_cron=1757657573.7960269451141357421875 HTTP/1.0" 200 416 "-" "WordPress/6.6.2; https://etechvn.vn"
160.153.246.243 - - [12/Sep/2025:13:12:52 +0700] "GET /system/ajax/file HTTP/1.0" 404 64985 "-" "Mozilla/5.0 (Windows NT 10.0; Win64; x64) AppleWebKit/537.36 (KHTML, like Gecko) Chrome/87.0.4280.141 Safari/537.36"
194.233.90.149 - - [12/Sep/2025:13:13:21 +0700] "POST /xmlrpc.php HTTP/1.0" 200 779 "https://etechvn.vn" "Mozilla/5.0 (Macintosh; Intel Mac OS X 10_15_7) AppleWebKit/537.36 (KHTML, like Gecko) Chrome/112.0.5615.138 Safari/537.36"
194.233.90.149 - - [12/Sep/2025:13:13:22 +0700] "POST /wp-login.php HTTP/1.0" 200 10907 "https://etechvn.vn" "Mozilla/5.0 (Macintosh; Intel Mac OS X 10_15_7) AppleWebKit/537.36 (KHTML, like Gecko) Chrome/126.0.0.0 Safari/537.36"
45.117.177.72 - - [12/Sep/2025:13:14:36 +0700] "POST /wp-cron.php?doing_wp_cron=1757657676.3592839241027832031250 HTTP/1.0" 200 416 "-" "WordPress/6.6.2; https://etechvn.vn"
160.153.246.243 - - [12/Sep/2025:13:14:35 +0700] "GET /.vscode/ftp-sync.json HTTP/1.0" 404 64966 "-" "Mozilla/5.0 (Windows NT 10.0; Win64; x64) AppleWebKit/537.36 (KHTML, like Gecko) Chrome/87.0.4280.141 Safari/537.36"
159.65.149.254 - - [12/Sep/2025:13:15:05 +0700] "POST /xmlrpc.php HTTP/1.0" 200 777 "-" "Mozilla/5.0 (X11; Ubuntu; Linux x86_64; rv:85.0) Gecko/20100101 Firefox/91.0"
160.153.246.243 - - [12/Sep/2025:13:15:11 +0700] "GET /.vscode/ftpconfig.json HTTP/1.0" 404 64997 "-" "Mozilla/5.0 (Windows NT 10.0; Win64; x64) AppleWebKit/537.36 (KHTML, like Gecko) Chrome/87.0.4280.141 Safari/537.36"
34.195.248.30 - - [12/Sep/2025:13:16:35 +0700] "GET /danh-muc/he-thong-quan-trac-thoi-tiet-khi-tuong-thuy-van/?product_brand=&product_count=64&product_order=asc HTTP/1.0" 200 113961 "-" "Mozilla/5.0 AppleWebKit/537.36 (KHTML, like Gecko; compatible; Amazonbot/0.1; +https://developer.amazon.com/support/amazonbot) Chrome/119.0.6045.214 Safari/537.36"
34.233.219.155 - - [12/Sep/2025:13:16:37 +0700] "GET /danh-muc/he-thong-quan-trac-thoi-tiet-khi-tuong-thuy-van/?orderby=date&product_count=32&product_order=asc HTTP/1.0" 200 113768 "-" "Mozilla/5.0 AppleWebKit/537.36 (KHTML, like Gecko; compatible; Amazonbot/0.1; +https://developer.amazon.com/support/amazonbot) Chrome/119.0.6045.214 Safari/537.36"
160.153.246.243 - - [12/Sep/2025:13:16:58 +0700] "GET /.vscode/settings.json HTTP/1.0" 404 64966 "-" "Mozilla/5.0 (Windows NT 10.0; Win64; x64) AppleWebKit/537.36 (KHTML, like Gecko) Chrome/87.0.4280.141 Safari/537.36"
160.153.246.243 - - [12/Sep/2025:13:18:01 +0700] "GET /sftp-config-alt.json HTTP/1.0" 404 64993 "-" "Mozilla/5.0 (Windows NT 10.0; Win64; x64) AppleWebKit/537.36 (KHTML, like Gecko) Chrome/87.0.4280.141 Safari/537.36"
103.72.99.238 - - [12/Sep/2025:13:18:24 +0700] "POST /xmlrpc.php HTTP/1.0" 200 779 "https://etechvn.vn" "Mozilla/5.0 (Windows NT 10.0; Win64; x64) AppleWebKit/537.36 (KHTML, like Gecko) Chrome/126.0.0.0 Safari/537.36"
