34.140.101.3 - - [12/Sep/2025:17:33:01 +0700] "POST //xmlrpc.php HTTP/1.0" 200 777 "-" "Mozilla/5.0 (Windows NT 10.0; Win64; x64) AppleWebKit/537.36 (KHTML, like Gecko) Chrome/88.0.4240.193 Safari/537.36"
34.140.101.3 - - [12/Sep/2025:17:33:02 +0700] "POST //xmlrpc.php HTTP/1.0" 200 777 "-" "Mozilla/5.0 (Windows NT 10.0; Win64; x64) AppleWebKit/537.36 (KHTML, like Gecko) Chrome/88.0.4240.193 Safari/537.36"
34.140.101.3 - - [12/Sep/2025:17:33:03 +0700] "POST //xmlrpc.php HTTP/1.0" 200 777 "-" "Mozilla/5.0 (Windows NT 10.0; Win64; x64) AppleWebKit/537.36 (KHTML, like Gecko) Chrome/88.0.4240.193 Safari/537.36"
34.140.101.3 - - [12/Sep/2025:17:33:05 +0700] "POST //xmlrpc.php HTTP/1.0" 200 777 "-" "Mozilla/5.0 (Windows NT 10.0; Win64; x64) AppleWebKit/537.36 (KHTML, like Gecko) Chrome/88.0.4240.193 Safari/537.36"
34.140.101.3 - - [12/Sep/2025:17:33:06 +0700] "POST //xmlrpc.php HTTP/1.0" 200 777 "-" "Mozilla/5.0 (Windows NT 10.0; Win64; x64) AppleWebKit/537.36 (KHTML, like Gecko) Chrome/88.0.4240.193 Safari/537.36"
34.140.101.3 - - [12/Sep/2025:17:33:07 +0700] "POST //xmlrpc.php HTTP/1.0" 200 777 "-" "Mozilla/5.0 (Windows NT 10.0; Win64; x64) AppleWebKit/537.36 (KHTML, like Gecko) Chrome/88.0.4240.193 Safari/537.36"
34.140.101.3 - - [12/Sep/2025:17:33:08 +0700] "POST //xmlrpc.php HTTP/1.0" 200 777 "-" "Mozilla/5.0 (Windows NT 10.0; Win64; x64) AppleWebKit/537.36 (KHTML, like Gecko) Chrome/88.0.4240.193 Safari/537.36"
34.140.101.3 - - [12/Sep/2025:17:33:09 +0700] "POST //xmlrpc.php HTTP/1.0" 200 777 "-" "Mozilla/5.0 (Windows NT 10.0; Win64; x64) AppleWebKit/537.36 (KHTML, like Gecko) Chrome/88.0.4240.193 Safari/537.36"
34.140.101.3 - - [12/Sep/2025:17:33:10 +0700] "POST //xmlrpc.php HTTP/1.0" 200 777 "-" "Mozilla/5.0 (Windows NT 10.0; Win64; x64) AppleWebKit/537.36 (KHTML, like Gecko) Chrome/88.0.4240.193 Safari/537.36"
34.140.101.3 - - [12/Sep/2025:17:33:12 +0700] "POST //xmlrpc.php HTTP/1.0" 200 777 "-" "Mozilla/5.0 (Windows NT 10.0; Win64; x64) AppleWebKit/537.36 (KHTML, like Gecko) Chrome/88.0.4240.193 Safari/537.36"
34.140.101.3 - - [12/Sep/2025:17:33:13 +0700] "POST //xmlrpc.php HTTP/1.0" 200 777 "-" "Mozilla/5.0 (Windows NT 10.0; Win64; x64) AppleWebKit/537.36 (KHTML, like Gecko) Chrome/88.0.4240.193 Safari/537.36"
34.140.101.3 - - [12/Sep/2025:17:33:14 +0700] "POST //xmlrpc.php HTTP/1.0" 200 777 "-" "Mozilla/5.0 (Windows NT 10.0; Win64; x64) AppleWebKit/537.36 (KHTML, like Gecko) Chrome/88.0.4240.193 Safari/537.36"
34.140.101.3 - - [12/Sep/2025:17:33:16 +0700] "POST //xmlrpc.php HTTP/1.0" 200 777 "-" "Mozilla/5.0 (Windows NT 10.0; Win64; x64) AppleWebKit/537.36 (KHTML, like Gecko) Chrome/88.0.4240.193 Safari/537.36"
34.140.101.3 - - [12/Sep/2025:17:33:17 +0700] "POST //xmlrpc.php HTTP/1.0" 200 777 "-" "Mozilla/5.0 (Windows NT 10.0; Win64; x64) AppleWebKit/537.36 (KHTML, like Gecko) Chrome/88.0.4240.193 Safari/537.36"
34.140.101.3 - - [12/Sep/2025:17:33:18 +0700] "POST //xmlrpc.php HTTP/1.0" 200 777 "-" "Mozilla/5.0 (Windows NT 10.0; Win64; x64) AppleWebKit/537.36 (KHTML, like Gecko) Chrome/88.0.4240.193 Safari/537.36"
34.140.101.3 - - [12/Sep/2025:17:33:19 +0700] "POST //xmlrpc.php HTTP/1.0" 200 777 "-" "Mozilla/5.0 (Windows NT 10.0; Win64; x64) AppleWebKit/537.36 (KHTML, like Gecko) Chrome/88.0.4240.193 Safari/537.36"
34.140.101.3 - - [12/Sep/2025:17:33:20 +0700] "POST //xmlrpc.php HTTP/1.0" 200 777 "-" "Mozilla/5.0 (Windows NT 10.0; Win64; x64) AppleWebKit/537.36 (KHTML, like Gecko) Chrome/88.0.4240.193 Safari/537.36"
34.140.101.3 - - [12/Sep/2025:17:33:23 +0700] "POST //xmlrpc.php HTTP/1.0" 200 777 "-" "Mozilla/5.0 (Windows NT 10.0; Win64; x64) AppleWebKit/537.36 (KHTML, like Gecko) Chrome/88.0.4240.193 Safari/537.36"
34.140.101.3 - - [12/Sep/2025:17:33:24 +0700] "POST //xmlrpc.php HTTP/1.0" 200 777 "-" "Mozilla/5.0 (Windows NT 10.0; Win64; x64) AppleWebKit/537.36 (KHTML, like Gecko) Chrome/88.0.4240.193 Safari/537.36"
34.140.101.3 - - [12/Sep/2025:17:33:26 +0700] "POST //xmlrpc.php HTTP/1.0" 200 777 "-" "Mozilla/5.0 (Windows NT 10.0; Win64; x64) AppleWebKit/537.36 (KHTML, like Gecko) Chrome/88.0.4240.193 Safari/537.36"
34.140.101.3 - - [12/Sep/2025:17:33:27 +0700] "POST //xmlrpc.php HTTP/1.0" 200 777 "-" "Mozilla/5.0 (Windows NT 10.0; Win64; x64) AppleWebKit/537.36 (KHTML, like Gecko) Chrome/88.0.4240.193 Safari/537.36"
34.140.101.3 - - [12/Sep/2025:17:33:28 +0700] "POST //xmlrpc.php HTTP/1.0" 200 777 "-" "Mozilla/5.0 (Windows NT 10.0; Win64; x64) AppleWebKit/537.36 (KHTML, like Gecko) Chrome/88.0.4240.193 Safari/537.36"
34.140.101.3 - - [12/Sep/2025:17:33:29 +0700] "POST //xmlrpc.php HTTP/1.0" 200 777 "-" "Mozilla/5.0 (Windows NT 10.0; Win64; x64) AppleWebKit/537.36 (KHTML, like Gecko) Chrome/88.0.4240.193 Safari/537.36"
34.140.101.3 - - [12/Sep/2025:17:33:30 +0700] "POST //xmlrpc.php HTTP/1.0" 200 777 "-" "Mozilla/5.0 (Windows NT 10.0; Win64; x64) AppleWebKit/537.36 (KHTML, like Gecko) Chrome/88.0.4240.193 Safari/537.36"
34.140.101.3 - - [12/Sep/2025:17:33:32 +0700] "POST //xmlrpc.php HTTP/1.0" 200 777 "-" "Mozilla/5.0 (Windows NT 10.0; Win64; x64) AppleWebKit/537.36 (KHTML, like Gecko) Chrome/88.0.4240.193 Safari/537.36"
34.140.101.3 - - [12/Sep/2025:17:33:33 +0700] "POST //xmlrpc.php HTTP/1.0" 200 777 "-" "Mozilla/5.0 (Windows NT 10.0; Win64; x64) AppleWebKit/537.36 (KHTML, like Gecko) Chrome/88.0.4240.193 Safari/537.36"
34.140.101.3 - - [12/Sep/2025:17:33:34 +0700] "POST //xmlrpc.php HTTP/1.0" 200 777 "-" "Mozilla/5.0 (Windows NT 10.0; Win64; x64) AppleWebKit/537.36 (KHTML, like Gecko) Chrome/88.0.4240.193 Safari/537.36"
34.140.101.3 - - [12/Sep/2025:17:33:35 +0700] "POST //xmlrpc.php HTTP/1.0" 200 777 "-" "Mozilla/5.0 (Windows NT 10.0; Win64; x64) AppleWebKit/537.36 (KHTML, like Gecko) Chrome/88.0.4240.193 Safari/537.36"
34.140.101.3 - - [12/Sep/2025:17:33:36 +0700] "POST //xmlrpc.php HTTP/1.0" 200 777 "-" "Mozilla/5.0 (Windows NT 10.0; Win64; x64) AppleWebKit/537.36 (KHTML, like Gecko) Chrome/88.0.4240.193 Safari/537.36"
34.140.101.3 - - [12/Sep/2025:17:33:38 +0700] "POST //xmlrpc.php HTTP/1.0" 200 777 "-" "Mozilla/5.0 (Windows NT 10.0; Win64; x64) AppleWebKit/537.36 (KHTML, like Gecko) Chrome/88.0.4240.193 Safari/537.36"
34.140.101.3 - - [12/Sep/2025:17:33:39 +0700] "POST //xmlrpc.php HTTP/1.0" 200 777 "-" "Mozilla/5.0 (Windows NT 10.0; Win64; x64) AppleWebKit/537.36 (KHTML, like Gecko) Chrome/88.0.4240.193 Safari/537.36"
34.140.101.3 - - [12/Sep/2025:17:33:40 +0700] "POST //xmlrpc.php HTTP/1.0" 200 777 "-" "Mozilla/5.0 (Windows NT 10.0; Win64; x64) AppleWebKit/537.36 (KHTML, like Gecko) Chrome/88.0.4240.193 Safari/537.36"
34.140.101.3 - - [12/Sep/2025:17:33:41 +0700] "POST //xmlrpc.php HTTP/1.0" 200 777 "-" "Mozilla/5.0 (Windows NT 10.0; Win64; x64) AppleWebKit/537.36 (KHTML, like Gecko) Chrome/88.0.4240.193 Safari/537.36"
34.140.101.3 - - [12/Sep/2025:17:33:42 +0700] "POST //xmlrpc.php HTTP/1.0" 200 777 "-" "Mozilla/5.0 (Windows NT 10.0; Win64; x64) AppleWebKit/537.36 (KHTML, like Gecko) Chrome/88.0.4240.193 Safari/537.36"
34.140.101.3 - - [12/Sep/2025:17:33:43 +0700] "POST //xmlrpc.php HTTP/1.0" 200 777 "-" "Mozilla/5.0 (Windows NT 10.0; Win64; x64) AppleWebKit/537.36 (KHTML, like Gecko) Chrome/88.0.4240.193 Safari/537.36"
43.130.105.21 - - [12/Sep/2025:17:33:44 +0700] "GET /?p=199 HTTP/1.0" 301 499 "-" "Mozilla/5.0 (iPhone; CPU iPhone OS 13_2_3 like Mac OS X) AppleWebKit/605.1.15 (KHTML, like Gecko) Version/13.0.3 Mobile/15E148 Safari/604.1"
34.140.101.3 - - [12/Sep/2025:17:33:44 +0700] "POST //xmlrpc.php HTTP/1.0" 200 777 "-" "Mozilla/5.0 (Windows NT 10.0; Win64; x64) AppleWebKit/537.36 (KHTML, like Gecko) Chrome/88.0.4240.193 Safari/537.36"
34.140.101.3 - - [12/Sep/2025:17:33:45 +0700] "POST //xmlrpc.php HTTP/1.0" 200 777 "-" "Mozilla/5.0 (Windows NT 10.0; Win64; x64) AppleWebKit/537.36 (KHTML, like Gecko) Chrome/88.0.4240.193 Safari/537.36"
34.140.101.3 - - [12/Sep/2025:17:33:47 +0700] "POST //xmlrpc.php HTTP/1.0" 200 777 "-" "Mozilla/5.0 (Windows NT 10.0; Win64; x64) AppleWebKit/537.36 (KHTML, like Gecko) Chrome/88.0.4240.193 Safari/537.36"
34.140.101.3 - - [12/Sep/2025:17:33:48 +0700] "POST //xmlrpc.php HTTP/1.0" 200 777 "-" "Mozilla/5.0 (Windows NT 10.0; Win64; x64) AppleWebKit/537.36 (KHTML, like Gecko) Chrome/88.0.4240.193 Safari/537.36"
34.140.101.3 - - [12/Sep/2025:17:33:49 +0700] "POST //xmlrpc.php HTTP/1.0" 200 777 "-" "Mozilla/5.0 (Windows NT 10.0; Win64; x64) AppleWebKit/537.36 (KHTML, like Gecko) Chrome/88.0.4240.193 Safari/537.36"
34.140.101.3 - - [12/Sep/2025:17:33:50 +0700] "POST //xmlrpc.php HTTP/1.0" 200 777 "-" "Mozilla/5.0 (Windows NT 10.0; Win64; x64) AppleWebKit/537.36 (KHTML, like Gecko) Chrome/88.0.4240.193 Safari/537.36"
43.130.105.21 - - [12/Sep/2025:17:33:50 +0700] "GET /my-account/ HTTP/1.0" 200 76908 "https://etechvn.vn/?p=199" "Mozilla/5.0 (iPhone; CPU iPhone OS 13_2_3 like Mac OS X) AppleWebKit/605.1.15 (KHTML, like Gecko) Version/13.0.3 Mobile/15E148 Safari/604.1"
34.140.101.3 - - [12/Sep/2025:17:33:51 +0700] "POST //xmlrpc.php HTTP/1.0" 200 777 "-" "Mozilla/5.0 (Windows NT 10.0; Win64; x64) AppleWebKit/537.36 (KHTML, like Gecko) Chrome/88.0.4240.193 Safari/537.36"
34.140.101.3 - - [12/Sep/2025:17:33:52 +0700] "POST //xmlrpc.php HTTP/1.0" 200 777 "-" "Mozilla/5.0 (Windows NT 10.0; Win64; x64) AppleWebKit/537.36 (KHTML, like Gecko) Chrome/88.0.4240.193 Safari/537.36"
34.140.101.3 - - [12/Sep/2025:17:33:53 +0700] "POST //xmlrpc.php HTTP/1.0" 200 777 "-" "Mozilla/5.0 (Windows NT 10.0; Win64; x64) AppleWebKit/537.36 (KHTML, like Gecko) Chrome/88.0.4240.193 Safari/537.36"
34.140.101.3 - - [12/Sep/2025:17:33:55 +0700] "POST //xmlrpc.php HTTP/1.0" 200 777 "-" "Mozilla/5.0 (Windows NT 10.0; Win64; x64) AppleWebKit/537.36 (KHTML, like Gecko) Chrome/88.0.4240.193 Safari/537.36"
34.140.101.3 - - [12/Sep/2025:17:33:56 +0700] "POST //xmlrpc.php HTTP/1.0" 200 777 "-" "Mozilla/5.0 (Windows NT 10.0; Win64; x64) AppleWebKit/537.36 (KHTML, like Gecko) Chrome/88.0.4240.193 Safari/537.36"
34.140.101.3 - - [12/Sep/2025:17:33:57 +0700] "POST //xmlrpc.php HTTP/1.0" 200 777 "-" "Mozilla/5.0 (Windows NT 10.0; Win64; x64) AppleWebKit/537.36 (KHTML, like Gecko) Chrome/88.0.4240.193 Safari/537.36"
34.140.101.3 - - [12/Sep/2025:17:33:58 +0700] "POST //xmlrpc.php HTTP/1.0" 200 777 "-" "Mozilla/5.0 (Windows NT 10.0; Win64; x64) AppleWebKit/537.36 (KHTML, like Gecko) Chrome/88.0.4240.193 Safari/537.36"
34.140.101.3 - - [12/Sep/2025:17:33:59 +0700] "POST //xmlrpc.php HTTP/1.0" 200 777 "-" "Mozilla/5.0 (Windows NT 10.0; Win64; x64) AppleWebKit/537.36 (KHTML, like Gecko) Chrome/88.0.4240.193 Safari/537.36"
34.140.101.3 - - [12/Sep/2025:17:34:00 +0700] "POST //xmlrpc.php HTTP/1.0" 200 777 "-" "Mozilla/5.0 (Windows NT 10.0; Win64; x64) AppleWebKit/537.36 (KHTML, like Gecko) Chrome/88.0.4240.193 Safari/537.36"
34.140.101.3 - - [12/Sep/2025:17:34:01 +0700] "POST //xmlrpc.php HTTP/1.0" 200 777 "-" "Mozilla/5.0 (Windows NT 10.0; Win64; x64) AppleWebKit/537.36 (KHTML, like Gecko) Chrome/88.0.4240.193 Safari/537.36"
34.140.101.3 - - [12/Sep/2025:17:34:02 +0700] "POST //xmlrpc.php HTTP/1.0" 200 777 "-" "Mozilla/5.0 (Windows NT 10.0; Win64; x64) AppleWebKit/537.36 (KHTML, like Gecko) Chrome/88.0.4240.193 Safari/537.36"
34.140.101.3 - - [12/Sep/2025:17:34:04 +0700] "POST //xmlrpc.php HTTP/1.0" 200 777 "-" "Mozilla/5.0 (Windows NT 10.0; Win64; x64) AppleWebKit/537.36 (KHTML, like Gecko) Chrome/88.0.4240.193 Safari/537.36"
34.140.101.3 - - [12/Sep/2025:17:34:05 +0700] "POST //xmlrpc.php HTTP/1.0" 200 777 "-" "Mozilla/5.0 (Windows NT 10.0; Win64; x64) AppleWebKit/537.36 (KHTML, like Gecko) Chrome/88.0.4240.193 Safari/537.36"
34.140.101.3 - - [12/Sep/2025:17:34:06 +0700] "POST //xmlrpc.php HTTP/1.0" 200 777 "-" "Mozilla/5.0 (Windows NT 10.0; Win64; x64) AppleWebKit/537.36 (KHTML, like Gecko) Chrome/88.0.4240.193 Safari/537.36"
34.140.101.3 - - [12/Sep/2025:17:34:07 +0700] "POST //xmlrpc.php HTTP/1.0" 200 777 "-" "Mozilla/5.0 (Windows NT 10.0; Win64; x64) AppleWebKit/537.36 (KHTML, like Gecko) Chrome/88.0.4240.193 Safari/537.36"
34.140.101.3 - - [12/Sep/2025:17:34:08 +0700] "POST //xmlrpc.php HTTP/1.0" 200 777 "-" "Mozilla/5.0 (Windows NT 10.0; Win64; x64) AppleWebKit/537.36 (KHTML, like Gecko) Chrome/88.0.4240.193 Safari/537.36"
34.140.101.3 - - [12/Sep/2025:17:34:09 +0700] "POST //xmlrpc.php HTTP/1.0" 200 777 "-" "Mozilla/5.0 (Windows NT 10.0; Win64; x64) AppleWebKit/537.36 (KHTML, like Gecko) Chrome/88.0.4240.193 Safari/537.36"
34.140.101.3 - - [12/Sep/2025:17:34:10 +0700] "POST //xmlrpc.php HTTP/1.0" 200 777 "-" "Mozilla/5.0 (Windows NT 10.0; Win64; x64) AppleWebKit/537.36 (KHTML, like Gecko) Chrome/88.0.4240.193 Safari/537.36"
34.140.101.3 - - [12/Sep/2025:17:34:11 +0700] "POST //xmlrpc.php HTTP/1.0" 200 777 "-" "Mozilla/5.0 (Windows NT 10.0; Win64; x64) AppleWebKit/537.36 (KHTML, like Gecko) Chrome/88.0.4240.193 Safari/537.36"
34.140.101.3 - - [12/Sep/2025:17:34:13 +0700] "POST //xmlrpc.php HTTP/1.0" 200 777 "-" "Mozilla/5.0 (Windows NT 10.0; Win64; x64) AppleWebKit/537.36 (KHTML, like Gecko) Chrome/88.0.4240.193 Safari/537.36"
34.140.101.3 - - [12/Sep/2025:17:34:14 +0700] "POST //xmlrpc.php HTTP/1.0" 200 777 "-" "Mozilla/5.0 (Windows NT 10.0; Win64; x64) AppleWebKit/537.36 (KHTML, like Gecko) Chrome/88.0.4240.193 Safari/537.36"
34.140.101.3 - - [12/Sep/2025:17:34:15 +0700] "POST //xmlrpc.php HTTP/1.0" 200 777 "-" "Mozilla/5.0 (Windows NT 10.0; Win64; x64) AppleWebKit/537.36 (KHTML, like Gecko) Chrome/88.0.4240.193 Safari/537.36"
34.140.101.3 - - [12/Sep/2025:17:34:16 +0700] "POST //xmlrpc.php HTTP/1.0" 200 777 "-" "Mozilla/5.0 (Windows NT 10.0; Win64; x64) AppleWebKit/537.36 (KHTML, like Gecko) Chrome/88.0.4240.193 Safari/537.36"
34.140.101.3 - - [12/Sep/2025:17:34:17 +0700] "POST //xmlrpc.php HTTP/1.0" 200 777 "-" "Mozilla/5.0 (Windows NT 10.0; Win64; x64) AppleWebKit/537.36 (KHTML, like Gecko) Chrome/88.0.4240.193 Safari/537.36"
34.140.101.3 - - [12/Sep/2025:17:34:18 +0700] "POST //xmlrpc.php HTTP/1.0" 200 777 "-" "Mozilla/5.0 (Windows NT 10.0; Win64; x64) AppleWebKit/537.36 (KHTML, like Gecko) Chrome/88.0.4240.193 Safari/537.36"
34.140.101.3 - - [12/Sep/2025:17:34:20 +0700] "POST //xmlrpc.php HTTP/1.0" 200 777 "-" "Mozilla/5.0 (Windows NT 10.0; Win64; x64) AppleWebKit/537.36 (KHTML, like Gecko) Chrome/88.0.4240.193 Safari/537.36"
34.140.101.3 - - [12/Sep/2025:17:34:21 +0700] "POST //xmlrpc.php HTTP/1.0" 200 777 "-" "Mozilla/5.0 (Windows NT 10.0; Win64; x64) AppleWebKit/537.36 (KHTML, like Gecko) Chrome/88.0.4240.193 Safari/537.36"
34.140.101.3 - - [12/Sep/2025:17:34:22 +0700] "POST //xmlrpc.php HTTP/1.0" 200 777 "-" "Mozilla/5.0 (Windows NT 10.0; Win64; x64) AppleWebKit/537.36 (KHTML, like Gecko) Chrome/88.0.4240.193 Safari/537.36"
34.140.101.3 - - [12/Sep/2025:17:34:24 +0700] "POST //xmlrpc.php HTTP/1.0" 200 777 "-" "Mozilla/5.0 (Windows NT 10.0; Win64; x64) AppleWebKit/537.36 (KHTML, like Gecko) Chrome/88.0.4240.193 Safari/537.36"
34.140.101.3 - - [12/Sep/2025:17:34:25 +0700] "POST //xmlrpc.php HTTP/1.0" 200 777 "-" "Mozilla/5.0 (Windows NT 10.0; Win64; x64) AppleWebKit/537.36 (KHTML, like Gecko) Chrome/88.0.4240.193 Safari/537.36"
34.140.101.3 - - [12/Sep/2025:17:34:26 +0700] "POST //xmlrpc.php HTTP/1.0" 200 777 "-" "Mozilla/5.0 (Windows NT 10.0; Win64; x64) AppleWebKit/537.36 (KHTML, like Gecko) Chrome/88.0.4240.193 Safari/537.36"
34.140.101.3 - - [12/Sep/2025:17:34:27 +0700] "POST //xmlrpc.php HTTP/1.0" 200 777 "-" "Mozilla/5.0 (Windows NT 10.0; Win64; x64) AppleWebKit/537.36 (KHTML, like Gecko) Chrome/88.0.4240.193 Safari/537.36"
34.140.101.3 - - [12/Sep/2025:17:34:29 +0700] "POST //xmlrpc.php HTTP/1.0" 200 777 "-" "Mozilla/5.0 (Windows NT 10.0; Win64; x64) AppleWebKit/537.36 (KHTML, like Gecko) Chrome/88.0.4240.193 Safari/537.36"
34.140.101.3 - - [12/Sep/2025:17:34:30 +0700] "POST //xmlrpc.php HTTP/1.0" 200 777 "-" "Mozilla/5.0 (Windows NT 10.0; Win64; x64) AppleWebKit/537.36 (KHTML, like Gecko) Chrome/88.0.4240.193 Safari/537.36"
34.140.101.3 - - [12/Sep/2025:17:34:31 +0700] "POST //xmlrpc.php HTTP/1.0" 200 777 "-" "Mozilla/5.0 (Windows NT 10.0; Win64; x64) AppleWebKit/537.36 (KHTML, like Gecko) Chrome/88.0.4240.193 Safari/537.36"
34.140.101.3 - - [12/Sep/2025:17:34:32 +0700] "POST //xmlrpc.php HTTP/1.0" 200 777 "-" "Mozilla/5.0 (Windows NT 10.0; Win64; x64) AppleWebKit/537.36 (KHTML, like Gecko) Chrome/88.0.4240.193 Safari/537.36"
34.140.101.3 - - [12/Sep/2025:17:34:33 +0700] "POST //xmlrpc.php HTTP/1.0" 200 777 "-" "Mozilla/5.0 (Windows NT 10.0; Win64; x64) AppleWebKit/537.36 (KHTML, like Gecko) Chrome/88.0.4240.193 Safari/537.36"
34.140.101.3 - - [12/Sep/2025:17:34:35 +0700] "POST //xmlrpc.php HTTP/1.0" 200 777 "-" "Mozilla/5.0 (Windows NT 10.0; Win64; x64) AppleWebKit/537.36 (KHTML, like Gecko) Chrome/88.0.4240.193 Safari/537.36"
34.140.101.3 - - [12/Sep/2025:17:34:36 +0700] "POST //xmlrpc.php HTTP/1.0" 200 777 "-" "Mozilla/5.0 (Windows NT 10.0; Win64; x64) AppleWebKit/537.36 (KHTML, like Gecko) Chrome/88.0.4240.193 Safari/537.36"
34.140.101.3 - - [12/Sep/2025:17:34:37 +0700] "POST //xmlrpc.php HTTP/1.0" 200 777 "-" "Mozilla/5.0 (Windows NT 10.0; Win64; x64) AppleWebKit/537.36 (KHTML, like Gecko) Chrome/88.0.4240.193 Safari/537.36"
34.140.101.3 - - [12/Sep/2025:17:34:38 +0700] "POST //xmlrpc.php HTTP/1.0" 200 777 "-" "Mozilla/5.0 (Windows NT 10.0; Win64; x64) AppleWebKit/537.36 (KHTML, like Gecko) Chrome/88.0.4240.193 Safari/537.36"
34.140.101.3 - - [12/Sep/2025:17:34:39 +0700] "POST //xmlrpc.php HTTP/1.0" 200 777 "-" "Mozilla/5.0 (Windows NT 10.0; Win64; x64) AppleWebKit/537.36 (KHTML, like Gecko) Chrome/88.0.4240.193 Safari/537.36"
34.140.101.3 - - [12/Sep/2025:17:34:41 +0700] "POST //xmlrpc.php HTTP/1.0" 200 777 "-" "Mozilla/5.0 (Windows NT 10.0; Win64; x64) AppleWebKit/537.36 (KHTML, like Gecko) Chrome/88.0.4240.193 Safari/537.36"
34.140.101.3 - - [12/Sep/2025:17:34:42 +0700] "POST //xmlrpc.php HTTP/1.0" 200 777 "-" "Mozilla/5.0 (Windows NT 10.0; Win64; x64) AppleWebKit/537.36 (KHTML, like Gecko) Chrome/88.0.4240.193 Safari/537.36"
34.140.101.3 - - [12/Sep/2025:17:34:44 +0700] "POST //xmlrpc.php HTTP/1.0" 200 777 "-" "Mozilla/5.0 (Windows NT 10.0; Win64; x64) AppleWebKit/537.36 (KHTML, like Gecko) Chrome/88.0.4240.193 Safari/537.36"
34.140.101.3 - - [12/Sep/2025:17:34:46 +0700] "POST //xmlrpc.php HTTP/1.0" 200 777 "-" "Mozilla/5.0 (Windows NT 10.0; Win64; x64) AppleWebKit/537.36 (KHTML, like Gecko) Chrome/88.0.4240.193 Safari/537.36"
34.140.101.3 - - [12/Sep/2025:17:34:47 +0700] "POST //xmlrpc.php HTTP/1.0" 200 777 "-" "Mozilla/5.0 (Windows NT 10.0; Win64; x64) AppleWebKit/537.36 (KHTML, like Gecko) Chrome/88.0.4240.193 Safari/537.36"
34.140.101.3 - - [12/Sep/2025:17:34:48 +0700] "POST //xmlrpc.php HTTP/1.0" 200 777 "-" "Mozilla/5.0 (Windows NT 10.0; Win64; x64) AppleWebKit/537.36 (KHTML, like Gecko) Chrome/88.0.4240.193 Safari/537.36"
34.140.101.3 - - [12/Sep/2025:17:34:49 +0700] "POST //xmlrpc.php HTTP/1.0" 200 777 "-" "Mozilla/5.0 (Windows NT 10.0; Win64; x64) AppleWebKit/537.36 (KHTML, like Gecko) Chrome/88.0.4240.193 Safari/537.36"
34.140.101.3 - - [12/Sep/2025:17:34:50 +0700] "POST //xmlrpc.php HTTP/1.0" 200 777 "-" "Mozilla/5.0 (Windows NT 10.0; Win64; x64) AppleWebKit/537.36 (KHTML, like Gecko) Chrome/88.0.4240.193 Safari/537.36"
34.140.101.3 - - [12/Sep/2025:17:34:51 +0700] "POST //xmlrpc.php HTTP/1.0" 200 777 "-" "Mozilla/5.0 (Windows NT 10.0; Win64; x64) AppleWebKit/537.36 (KHTML, like Gecko) Chrome/88.0.4240.193 Safari/537.36"
34.140.101.3 - - [12/Sep/2025:17:34:52 +0700] "POST //xmlrpc.php HTTP/1.0" 200 777 "-" "Mozilla/5.0 (Windows NT 10.0; Win64; x64) AppleWebKit/537.36 (KHTML, like Gecko) Chrome/88.0.4240.193 Safari/537.36"
34.140.101.3 - - [12/Sep/2025:17:34:53 +0700] "POST //xmlrpc.php HTTP/1.0" 200 777 "-" "Mozilla/5.0 (Windows NT 10.0; Win64; x64) AppleWebKit/537.36 (KHTML, like Gecko) Chrome/88.0.4240.193 Safari/537.36"
34.140.101.3 - - [12/Sep/2025:17:34:55 +0700] "POST //xmlrpc.php HTTP/1.0" 200 777 "-" "Mozilla/5.0 (Windows NT 10.0; Win64; x64) AppleWebKit/537.36 (KHTML, like Gecko) Chrome/88.0.4240.193 Safari/537.36"
34.140.101.3 - - [12/Sep/2025:17:34:56 +0700] "POST //xmlrpc.php HTTP/1.0" 200 777 "-" "Mozilla/5.0 (Windows NT 10.0; Win64; x64) AppleWebKit/537.36 (KHTML, like Gecko) Chrome/88.0.4240.193 Safari/537.36"
34.140.101.3 - - [12/Sep/2025:17:34:57 +0700] "POST //xmlrpc.php HTTP/1.0" 200 777 "-" "Mozilla/5.0 (Windows NT 10.0; Win64; x64) AppleWebKit/537.36 (KHTML, like Gecko) Chrome/88.0.4240.193 Safari/537.36"
34.140.101.3 - - [12/Sep/2025:17:34:58 +0700] "POST //xmlrpc.php HTTP/1.0" 200 777 "-" "Mozilla/5.0 (Windows NT 10.0; Win64; x64) AppleWebKit/537.36 (KHTML, like Gecko) Chrome/88.0.4240.193 Safari/537.36"
34.140.101.3 - - [12/Sep/2025:17:35:00 +0700] "POST //xmlrpc.php HTTP/1.0" 200 777 "-" "Mozilla/5.0 (Windows NT 10.0; Win64; x64) AppleWebKit/537.36 (KHTML, like Gecko) Chrome/88.0.4240.193 Safari/537.36"
34.140.101.3 - - [12/Sep/2025:17:35:01 +0700] "POST //xmlrpc.php HTTP/1.0" 200 777 "-" "Mozilla/5.0 (Windows NT 10.0; Win64; x64) AppleWebKit/537.36 (KHTML, like Gecko) Chrome/88.0.4240.193 Safari/537.36"
34.140.101.3 - - [12/Sep/2025:17:35:02 +0700] "POST //xmlrpc.php HTTP/1.0" 200 777 "-" "Mozilla/5.0 (Windows NT 10.0; Win64; x64) AppleWebKit/537.36 (KHTML, like Gecko) Chrome/88.0.4240.193 Safari/537.36"
34.140.101.3 - - [12/Sep/2025:17:35:03 +0700] "POST //xmlrpc.php HTTP/1.0" 200 777 "-" "Mozilla/5.0 (Windows NT 10.0; Win64; x64) AppleWebKit/537.36 (KHTML, like Gecko) Chrome/88.0.4240.193 Safari/537.36"
34.140.101.3 - - [12/Sep/2025:17:35:05 +0700] "POST //xmlrpc.php HTTP/1.0" 200 777 "-" "Mozilla/5.0 (Windows NT 10.0; Win64; x64) AppleWebKit/537.36 (KHTML, like Gecko) Chrome/88.0.4240.193 Safari/537.36"
34.140.101.3 - - [12/Sep/2025:17:35:06 +0700] "POST //xmlrpc.php HTTP/1.0" 200 777 "-" "Mozilla/5.0 (Windows NT 10.0; Win64; x64) AppleWebKit/537.36 (KHTML, like Gecko) Chrome/88.0.4240.193 Safari/537.36"
34.140.101.3 - - [12/Sep/2025:17:35:07 +0700] "POST //xmlrpc.php HTTP/1.0" 200 777 "-" "Mozilla/5.0 (Windows NT 10.0; Win64; x64) AppleWebKit/537.36 (KHTML, like Gecko) Chrome/88.0.4240.193 Safari/537.36"
34.140.101.3 - - [12/Sep/2025:17:35:08 +0700] "POST //xmlrpc.php HTTP/1.0" 200 777 "-" "Mozilla/5.0 (Windows NT 10.0; Win64; x64) AppleWebKit/537.36 (KHTML, like Gecko) Chrome/88.0.4240.193 Safari/537.36"
34.140.101.3 - - [12/Sep/2025:17:35:09 +0700] "POST //xmlrpc.php HTTP/1.0" 200 777 "-" "Mozilla/5.0 (Windows NT 10.0; Win64; x64) AppleWebKit/537.36 (KHTML, like Gecko) Chrome/88.0.4240.193 Safari/537.36"
34.140.101.3 - - [12/Sep/2025:17:35:11 +0700] "POST //xmlrpc.php HTTP/1.0" 200 777 "-" "Mozilla/5.0 (Windows NT 10.0; Win64; x64) AppleWebKit/537.36 (KHTML, like Gecko) Chrome/88.0.4240.193 Safari/537.36"
34.140.101.3 - - [12/Sep/2025:17:35:12 +0700] "POST //xmlrpc.php HTTP/1.0" 200 777 "-" "Mozilla/5.0 (Windows NT 10.0; Win64; x64) AppleWebKit/537.36 (KHTML, like Gecko) Chrome/88.0.4240.193 Safari/537.36"
34.140.101.3 - - [12/Sep/2025:17:35:13 +0700] "POST //xmlrpc.php HTTP/1.0" 200 777 "-" "Mozilla/5.0 (Windows NT 10.0; Win64; x64) AppleWebKit/537.36 (KHTML, like Gecko) Chrome/88.0.4240.193 Safari/537.36"
34.140.101.3 - - [12/Sep/2025:17:35:14 +0700] "POST //xmlrpc.php HTTP/1.0" 200 777 "-" "Mozilla/5.0 (Windows NT 10.0; Win64; x64) AppleWebKit/537.36 (KHTML, like Gecko) Chrome/88.0.4240.193 Safari/537.36"
34.140.101.3 - - [12/Sep/2025:17:35:15 +0700] "POST //xmlrpc.php HTTP/1.0" 200 777 "-" "Mozilla/5.0 (Windows NT 10.0; Win64; x64) AppleWebKit/537.36 (KHTML, like Gecko) Chrome/88.0.4240.193 Safari/537.36"
34.140.101.3 - - [12/Sep/2025:17:35:16 +0700] "POST //xmlrpc.php HTTP/1.0" 200 777 "-" "Mozilla/5.0 (Windows NT 10.0; Win64; x64) AppleWebKit/537.36 (KHTML, like Gecko) Chrome/88.0.4240.193 Safari/537.36"
34.140.101.3 - - [12/Sep/2025:17:35:17 +0700] "POST //xmlrpc.php HTTP/1.0" 200 777 "-" "Mozilla/5.0 (Windows NT 10.0; Win64; x64) AppleWebKit/537.36 (KHTML, like Gecko) Chrome/88.0.4240.193 Safari/537.36"
34.140.101.3 - - [12/Sep/2025:17:35:18 +0700] "POST //xmlrpc.php HTTP/1.0" 200 777 "-" "Mozilla/5.0 (Windows NT 10.0; Win64; x64) AppleWebKit/537.36 (KHTML, like Gecko) Chrome/88.0.4240.193 Safari/537.36"
34.140.101.3 - - [12/Sep/2025:17:35:19 +0700] "POST //xmlrpc.php HTTP/1.0" 200 777 "-" "Mozilla/5.0 (Windows NT 10.0; Win64; x64) AppleWebKit/537.36 (KHTML, like Gecko) Chrome/88.0.4240.193 Safari/537.36"
34.140.101.3 - - [12/Sep/2025:17:35:20 +0700] "POST //xmlrpc.php HTTP/1.0" 200 777 "-" "Mozilla/5.0 (Windows NT 10.0; Win64; x64) AppleWebKit/537.36 (KHTML, like Gecko) Chrome/88.0.4240.193 Safari/537.36"
34.140.101.3 - - [12/Sep/2025:17:35:21 +0700] "POST //xmlrpc.php HTTP/1.0" 200 777 "-" "Mozilla/5.0 (Windows NT 10.0; Win64; x64) AppleWebKit/537.36 (KHTML, like Gecko) Chrome/88.0.4240.193 Safari/537.36"
34.140.101.3 - - [12/Sep/2025:17:35:23 +0700] "POST //xmlrpc.php HTTP/1.0" 200 777 "-" "Mozilla/5.0 (Windows NT 10.0; Win64; x64) AppleWebKit/537.36 (KHTML, like Gecko) Chrome/88.0.4240.193 Safari/537.36"
34.140.101.3 - - [12/Sep/2025:17:35:24 +0700] "POST //xmlrpc.php HTTP/1.0" 200 777 "-" "Mozilla/5.0 (Windows NT 10.0; Win64; x64) AppleWebKit/537.36 (KHTML, like Gecko) Chrome/88.0.4240.193 Safari/537.36"
34.140.101.3 - - [12/Sep/2025:17:35:25 +0700] "POST //xmlrpc.php HTTP/1.0" 200 777 "-" "Mozilla/5.0 (Windows NT 10.0; Win64; x64) AppleWebKit/537.36 (KHTML, like Gecko) Chrome/88.0.4240.193 Safari/537.36"
34.140.101.3 - - [12/Sep/2025:17:35:27 +0700] "POST //xmlrpc.php HTTP/1.0" 200 777 "-" "Mozilla/5.0 (Windows NT 10.0; Win64; x64) AppleWebKit/537.36 (KHTML, like Gecko) Chrome/88.0.4240.193 Safari/537.36"
34.140.101.3 - - [12/Sep/2025:17:35:28 +0700] "POST //xmlrpc.php HTTP/1.0" 200 777 "-" "Mozilla/5.0 (Windows NT 10.0; Win64; x64) AppleWebKit/537.36 (KHTML, like Gecko) Chrome/88.0.4240.193 Safari/537.36"
34.140.101.3 - - [12/Sep/2025:17:35:29 +0700] "POST //xmlrpc.php HTTP/1.0" 200 777 "-" "Mozilla/5.0 (Windows NT 10.0; Win64; x64) AppleWebKit/537.36 (KHTML, like Gecko) Chrome/88.0.4240.193 Safari/537.36"
34.140.101.3 - - [12/Sep/2025:17:35:30 +0700] "POST //xmlrpc.php HTTP/1.0" 200 777 "-" "Mozilla/5.0 (Windows NT 10.0; Win64; x64) AppleWebKit/537.36 (KHTML, like Gecko) Chrome/88.0.4240.193 Safari/537.36"
34.140.101.3 - - [12/Sep/2025:17:35:32 +0700] "POST //xmlrpc.php HTTP/1.0" 200 777 "-" "Mozilla/5.0 (Windows NT 10.0; Win64; x64) AppleWebKit/537.36 (KHTML, like Gecko) Chrome/88.0.4240.193 Safari/537.36"
34.140.101.3 - - [12/Sep/2025:17:35:33 +0700] "POST //xmlrpc.php HTTP/1.0" 200 777 "-" "Mozilla/5.0 (Windows NT 10.0; Win64; x64) AppleWebKit/537.36 (KHTML, like Gecko) Chrome/88.0.4240.193 Safari/537.36"
34.140.101.3 - - [12/Sep/2025:17:35:34 +0700] "POST //xmlrpc.php HTTP/1.0" 200 777 "-" "Mozilla/5.0 (Windows NT 10.0; Win64; x64) AppleWebKit/537.36 (KHTML, like Gecko) Chrome/88.0.4240.193 Safari/537.36"
34.140.101.3 - - [12/Sep/2025:17:35:35 +0700] "POST //xmlrpc.php HTTP/1.0" 200 777 "-" "Mozilla/5.0 (Windows NT 10.0; Win64; x64) AppleWebKit/537.36 (KHTML, like Gecko) Chrome/88.0.4240.193 Safari/537.36"
34.140.101.3 - - [12/Sep/2025:17:35:37 +0700] "POST //xmlrpc.php HTTP/1.0" 200 777 "-" "Mozilla/5.0 (Windows NT 10.0; Win64; x64) AppleWebKit/537.36 (KHTML, like Gecko) Chrome/88.0.4240.193 Safari/537.36"
34.140.101.3 - - [12/Sep/2025:17:35:38 +0700] "POST //xmlrpc.php HTTP/1.0" 200 777 "-" "Mozilla/5.0 (Windows NT 10.0; Win64; x64) AppleWebKit/537.36 (KHTML, like Gecko) Chrome/88.0.4240.193 Safari/537.36"
34.140.101.3 - - [12/Sep/2025:17:35:39 +0700] "POST //xmlrpc.php HTTP/1.0" 200 777 "-" "Mozilla/5.0 (Windows NT 10.0; Win64; x64) AppleWebKit/537.36 (KHTML, like Gecko) Chrome/88.0.4240.193 Safari/537.36"
34.140.101.3 - - [12/Sep/2025:17:35:40 +0700] "POST //xmlrpc.php HTTP/1.0" 200 777 "-" "Mozilla/5.0 (Windows NT 10.0; Win64; x64) AppleWebKit/537.36 (KHTML, like Gecko) Chrome/88.0.4240.193 Safari/537.36"
34.140.101.3 - - [12/Sep/2025:17:35:41 +0700] "POST //xmlrpc.php HTTP/1.0" 200 777 "-" "Mozilla/5.0 (Windows NT 10.0; Win64; x64) AppleWebKit/537.36 (KHTML, like Gecko) Chrome/88.0.4240.193 Safari/537.36"
34.140.101.3 - - [12/Sep/2025:17:35:43 +0700] "POST //xmlrpc.php HTTP/1.0" 200 777 "-" "Mozilla/5.0 (Windows NT 10.0; Win64; x64) AppleWebKit/537.36 (KHTML, like Gecko) Chrome/88.0.4240.193 Safari/537.36"
34.140.101.3 - - [12/Sep/2025:17:35:44 +0700] "POST //xmlrpc.php HTTP/1.0" 200 777 "-" "Mozilla/5.0 (Windows NT 10.0; Win64; x64) AppleWebKit/537.36 (KHTML, like Gecko) Chrome/88.0.4240.193 Safari/537.36"
34.140.101.3 - - [12/Sep/2025:17:35:45 +0700] "POST //xmlrpc.php HTTP/1.0" 200 777 "-" "Mozilla/5.0 (Windows NT 10.0; Win64; x64) AppleWebKit/537.36 (KHTML, like Gecko) Chrome/88.0.4240.193 Safari/537.36"
34.140.101.3 - - [12/Sep/2025:17:35:47 +0700] "POST //xmlrpc.php HTTP/1.0" 200 777 "-" "Mozilla/5.0 (Windows NT 10.0; Win64; x64) AppleWebKit/537.36 (KHTML, like Gecko) Chrome/88.0.4240.193 Safari/537.36"
4.227.36.65 - - [12/Sep/2025:17:35:48 +0700] "GET /robots.txt HTTP/1.0" 200 558 "-" "Mozilla/5.0 AppleWebKit/537.36 (KHTML, like Gecko; compatible; GPTBot/1.2; +https://openai.com/gptbot)"
34.140.101.3 - - [12/Sep/2025:17:35:48 +0700] "POST //xmlrpc.php HTTP/1.0" 200 777 "-" "Mozilla/5.0 (Windows NT 10.0; Win64; x64) AppleWebKit/537.36 (KHTML, like Gecko) Chrome/88.0.4240.193 Safari/537.36"
20.171.207.130 - - [12/Sep/2025:17:35:47 +0700] "GET / HTTP/1.0" 200 301445 "-" "Mozilla/5.0 AppleWebKit/537.36 (KHTML, like Gecko; compatible; GPTBot/1.2; +https://openai.com/gptbot)"
34.140.101.3 - - [12/Sep/2025:17:35:49 +0700] "POST //xmlrpc.php HTTP/1.0" 200 777 "-" "Mozilla/5.0 (Windows NT 10.0; Win64; x64) AppleWebKit/537.36 (KHTML, like Gecko) Chrome/88.0.4240.193 Safari/537.36"
34.140.101.3 - - [12/Sep/2025:17:35:50 +0700] "POST //xmlrpc.php HTTP/1.0" 200 777 "-" "Mozilla/5.0 (Windows NT 10.0; Win64; x64) AppleWebKit/537.36 (KHTML, like Gecko) Chrome/88.0.4240.193 Safari/537.36"
34.140.101.3 - - [12/Sep/2025:17:35:51 +0700] "POST //xmlrpc.php HTTP/1.0" 200 777 "-" "Mozilla/5.0 (Windows NT 10.0; Win64; x64) AppleWebKit/537.36 (KHTML, like Gecko) Chrome/88.0.4240.193 Safari/537.36"
34.140.101.3 - - [12/Sep/2025:17:35:53 +0700] "POST //xmlrpc.php HTTP/1.0" 200 777 "-" "Mozilla/5.0 (Windows NT 10.0; Win64; x64) AppleWebKit/537.36 (KHTML, like Gecko) Chrome/88.0.4240.193 Safari/537.36"
34.140.101.3 - - [12/Sep/2025:17:35:54 +0700] "POST //xmlrpc.php HTTP/1.0" 200 777 "-" "Mozilla/5.0 (Windows NT 10.0; Win64; x64) AppleWebKit/537.36 (KHTML, like Gecko) Chrome/88.0.4240.193 Safari/537.36"
34.140.101.3 - - [12/Sep/2025:17:35:55 +0700] "POST //xmlrpc.php HTTP/1.0" 200 777 "-" "Mozilla/5.0 (Windows NT 10.0; Win64; x64) AppleWebKit/537.36 (KHTML, like Gecko) Chrome/88.0.4240.193 Safari/537.36"
34.140.101.3 - - [12/Sep/2025:17:35:56 +0700] "POST //xmlrpc.php HTTP/1.0" 200 777 "-" "Mozilla/5.0 (Windows NT 10.0; Win64; x64) AppleWebKit/537.36 (KHTML, like Gecko) Chrome/88.0.4240.193 Safari/537.36"
34.140.101.3 - - [12/Sep/2025:17:35:57 +0700] "POST //xmlrpc.php HTTP/1.0" 200 777 "-" "Mozilla/5.0 (Windows NT 10.0; Win64; x64) AppleWebKit/537.36 (KHTML, like Gecko) Chrome/88.0.4240.193 Safari/537.36"
34.140.101.3 - - [12/Sep/2025:17:35:58 +0700] "POST //xmlrpc.php HTTP/1.0" 200 777 "-" "Mozilla/5.0 (Windows NT 10.0; Win64; x64) AppleWebKit/537.36 (KHTML, like Gecko) Chrome/88.0.4240.193 Safari/537.36"
34.140.101.3 - - [12/Sep/2025:17:36:00 +0700] "POST //xmlrpc.php HTTP/1.0" 200 777 "-" "Mozilla/5.0 (Windows NT 10.0; Win64; x64) AppleWebKit/537.36 (KHTML, like Gecko) Chrome/88.0.4240.193 Safari/537.36"
20.171.207.130 - - [12/Sep/2025:17:36:00 +0700] "GET /?add_to_wishlist=10252 HTTP/1.0" 200 301736 "-" "Mozilla/5.0 AppleWebKit/537.36 (KHTML, like Gecko; compatible; GPTBot/1.2; +https://openai.com/gptbot)"
34.140.101.3 - - [12/Sep/2025:17:36:02 +0700] "POST //xmlrpc.php HTTP/1.0" 200 777 "-" "Mozilla/5.0 (Windows NT 10.0; Win64; x64) AppleWebKit/537.36 (KHTML, like Gecko) Chrome/88.0.4240.193 Safari/537.36"
34.140.101.3 - - [12/Sep/2025:17:36:03 +0700] "POST //xmlrpc.php HTTP/1.0" 200 777 "-" "Mozilla/5.0 (Windows NT 10.0; Win64; x64) AppleWebKit/537.36 (KHTML, like Gecko) Chrome/88.0.4240.193 Safari/537.36"
20.171.207.130 - - [12/Sep/2025:17:36:03 +0700] "GET /wp-admin/admin-ajax.php?action=ya_quickviewproduct&ajax=true&nonce=18d13fdd1d&post_id=10261 HTTP/1.0" 200 13836 "-" "Mozilla/5.0 AppleWebKit/537.36 (KHTML, like Gecko; compatible; GPTBot/1.2; +https://openai.com/gptbot)"
34.140.101.3 - - [12/Sep/2025:17:36:04 +0700] "POST //xmlrpc.php HTTP/1.0" 200 777 "-" "Mozilla/5.0 (Windows NT 10.0; Win64; x64) AppleWebKit/537.36 (KHTML, like Gecko) Chrome/88.0.4240.193 Safari/537.36"
34.140.101.3 - - [12/Sep/2025:17:36:06 +0700] "POST //xmlrpc.php HTTP/1.0" 200 777 "-" "Mozilla/5.0 (Windows NT 10.0; Win64; x64) AppleWebKit/537.36 (KHTML, like Gecko) Chrome/88.0.4240.193 Safari/537.36"
20.171.207.130 - - [12/Sep/2025:17:36:05 +0700] "GET /?add_to_wishlist=10260 HTTP/1.0" 200 301814 "-" "Mozilla/5.0 AppleWebKit/537.36 (KHTML, like Gecko; compatible; GPTBot/1.2; +https://openai.com/gptbot)"
34.140.101.3 - - [12/Sep/2025:17:36:07 +0700] "POST //xmlrpc.php HTTP/1.0" 200 777 "-" "Mozilla/5.0 (Windows NT 10.0; Win64; x64) AppleWebKit/537.36 (KHTML, like Gecko) Chrome/88.0.4240.193 Safari/537.36"
34.140.101.3 - - [12/Sep/2025:17:36:08 +0700] "POST //xmlrpc.php HTTP/1.0" 200 777 "-" "Mozilla/5.0 (Windows NT 10.0; Win64; x64) AppleWebKit/537.36 (KHTML, like Gecko) Chrome/88.0.4240.193 Safari/537.36"
20.171.207.130 - - [12/Sep/2025:17:36:08 +0700] "GET /wp-admin/admin-ajax.php?action=ya_quickviewproduct&ajax=true&nonce=18d13fdd1d&post_id=10252 HTTP/1.0" 200 14194 "-" "Mozilla/5.0 AppleWebKit/537.36 (KHTML, like Gecko; compatible; GPTBot/1.2; +https://openai.com/gptbot)"
34.140.101.3 - - [12/Sep/2025:17:36:09 +0700] "POST //xmlrpc.php HTTP/1.0" 200 777 "-" "Mozilla/5.0 (Windows NT 10.0; Win64; x64) AppleWebKit/537.36 (KHTML, like Gecko) Chrome/88.0.4240.193 Safari/537.36"
34.140.101.3 - - [12/Sep/2025:17:36:10 +0700] "POST //xmlrpc.php HTTP/1.0" 200 777 "-" "Mozilla/5.0 (Windows NT 10.0; Win64; x64) AppleWebKit/537.36 (KHTML, like Gecko) Chrome/88.0.4240.193 Safari/537.36"
20.171.207.130 - - [12/Sep/2025:17:36:11 +0700] "GET /wp-admin/admin-ajax.php?action=ya_quickviewproduct&ajax=true&nonce=18d13fdd1d&post_id=10262 HTTP/1.0" 200 13816 "-" "Mozilla/5.0 AppleWebKit/537.36 (KHTML, like Gecko; compatible; GPTBot/1.2; +https://openai.com/gptbot)"
34.140.101.3 - - [12/Sep/2025:17:36:12 +0700] "POST //xmlrpc.php HTTP/1.0" 200 777 "-" "Mozilla/5.0 (Windows NT 10.0; Win64; x64) AppleWebKit/537.36 (KHTML, like Gecko) Chrome/88.0.4240.193 Safari/537.36"
20.171.207.130 - - [12/Sep/2025:17:36:12 +0700] "GET /wp-admin/admin-ajax.php?action=ya_quickviewproduct&ajax=true&nonce=18d13fdd1d&post_id=10260 HTTP/1.0" 200 13816 "-" "Mozilla/5.0 AppleWebKit/537.36 (KHTML, like Gecko; compatible; GPTBot/1.2; +https://openai.com/gptbot)"
34.140.101.3 - - [12/Sep/2025:17:36:13 +0700] "POST //xmlrpc.php HTTP/1.0" 200 777 "-" "Mozilla/5.0 (Windows NT 10.0; Win64; x64) AppleWebKit/537.36 (KHTML, like Gecko) Chrome/88.0.4240.193 Safari/537.36"
34.140.101.3 - - [12/Sep/2025:17:36:15 +0700] "POST //xmlrpc.php HTTP/1.0" 200 777 "-" "Mozilla/5.0 (Windows NT 10.0; Win64; x64) AppleWebKit/537.36 (KHTML, like Gecko) Chrome/88.0.4240.193 Safari/537.36"
34.140.101.3 - - [12/Sep/2025:17:36:16 +0700] "POST //xmlrpc.php HTTP/1.0" 200 777 "-" "Mozilla/5.0 (Windows NT 10.0; Win64; x64) AppleWebKit/537.36 (KHTML, like Gecko) Chrome/88.0.4240.193 Safari/537.36"
34.140.101.3 - - [12/Sep/2025:17:36:17 +0700] "POST //xmlrpc.php HTTP/1.0" 200 777 "-" "Mozilla/5.0 (Windows NT 10.0; Win64; x64) AppleWebKit/537.36 (KHTML, like Gecko) Chrome/88.0.4240.193 Safari/537.36"
20.171.207.130 - - [12/Sep/2025:17:36:16 +0700] "GET /?add_to_wishlist=10261 HTTP/1.0" 200 301980 "-" "Mozilla/5.0 AppleWebKit/537.36 (KHTML, like Gecko; compatible; GPTBot/1.2; +https://openai.com/gptbot)"
34.140.101.3 - - [12/Sep/2025:17:36:18 +0700] "POST //xmlrpc.php HTTP/1.0" 200 777 "-" "Mozilla/5.0 (Windows NT 10.0; Win64; x64) AppleWebKit/537.36 (KHTML, like Gecko) Chrome/88.0.4240.193 Safari/537.36"
34.140.101.3 - - [12/Sep/2025:17:36:19 +0700] "POST //xmlrpc.php HTTP/1.0" 200 777 "-" "Mozilla/5.0 (Windows NT 10.0; Win64; x64) AppleWebKit/537.36 (KHTML, like Gecko) Chrome/88.0.4240.193 Safari/537.36"
20.171.207.130 - - [12/Sep/2025:17:36:19 +0700] "GET /?add_to_wishlist=10262 HTTP/1.0" 200 302147 "-" "Mozilla/5.0 AppleWebKit/537.36 (KHTML, like Gecko; compatible; GPTBot/1.2; +https://openai.com/gptbot)"
34.140.101.3 - - [12/Sep/2025:17:36:21 +0700] "POST //xmlrpc.php HTTP/1.0" 200 777 "-" "Mozilla/5.0 (Windows NT 10.0; Win64; x64) AppleWebKit/537.36 (KHTML, like Gecko) Chrome/88.0.4240.193 Safari/537.36"
34.140.101.3 - - [12/Sep/2025:17:36:23 +0700] "POST //xmlrpc.php HTTP/1.0" 200 777 "-" "Mozilla/5.0 (Windows NT 10.0; Win64; x64) AppleWebKit/537.36 (KHTML, like Gecko) Chrome/88.0.4240.193 Safari/537.36"
20.171.207.130 - - [12/Sep/2025:17:36:23 +0700] "GET /?s={search_term_string} HTTP/1.0" 200 64980 "-" "Mozilla/5.0 AppleWebKit/537.36 (KHTML, like Gecko; compatible; GPTBot/1.2; +https://openai.com/gptbot)"
34.140.101.3 - - [12/Sep/2025:17:36:24 +0700] "POST //xmlrpc.php HTTP/1.0" 200 777 "-" "Mozilla/5.0 (Windows NT 10.0; Win64; x64) AppleWebKit/537.36 (KHTML, like Gecko) Chrome/88.0.4240.193 Safari/537.36"
34.140.101.3 - - [12/Sep/2025:17:36:26 +0700] "POST //xmlrpc.php HTTP/1.0" 200 777 "-" "Mozilla/5.0 (Windows NT 10.0; Win64; x64) AppleWebKit/537.36 (KHTML, like Gecko) Chrome/88.0.4240.193 Safari/537.36"
34.140.101.3 - - [12/Sep/2025:17:36:27 +0700] "POST //xmlrpc.php HTTP/1.0" 200 777 "-" "Mozilla/5.0 (Windows NT 10.0; Win64; x64) AppleWebKit/537.36 (KHTML, like Gecko) Chrome/88.0.4240.193 Safari/537.36"
34.140.101.3 - - [12/Sep/2025:17:36:29 +0700] "POST //xmlrpc.php HTTP/1.0" 200 777 "-" "Mozilla/5.0 (Windows NT 10.0; Win64; x64) AppleWebKit/537.36 (KHTML, like Gecko) Chrome/88.0.4240.193 Safari/537.36"
34.140.101.3 - - [12/Sep/2025:17:36:30 +0700] "POST //xmlrpc.php HTTP/1.0" 200 777 "-" "Mozilla/5.0 (Windows NT 10.0; Win64; x64) AppleWebKit/537.36 (KHTML, like Gecko) Chrome/88.0.4240.193 Safari/537.36"
34.140.101.3 - - [12/Sep/2025:17:36:31 +0700] "POST //xmlrpc.php HTTP/1.0" 200 777 "-" "Mozilla/5.0 (Windows NT 10.0; Win64; x64) AppleWebKit/537.36 (KHTML, like Gecko) Chrome/88.0.4240.193 Safari/537.36"
34.140.101.3 - - [12/Sep/2025:17:36:33 +0700] "POST //xmlrpc.php HTTP/1.0" 200 777 "-" "Mozilla/5.0 (Windows NT 10.0; Win64; x64) AppleWebKit/537.36 (KHTML, like Gecko) Chrome/88.0.4240.193 Safari/537.36"
34.140.101.3 - - [12/Sep/2025:17:36:34 +0700] "POST //xmlrpc.php HTTP/1.0" 200 777 "-" "Mozilla/5.0 (Windows NT 10.0; Win64; x64) AppleWebKit/537.36 (KHTML, like Gecko) Chrome/88.0.4240.193 Safari/537.36"
34.140.101.3 - - [12/Sep/2025:17:36:35 +0700] "POST //xmlrpc.php HTTP/1.0" 200 777 "-" "Mozilla/5.0 (Windows NT 10.0; Win64; x64) AppleWebKit/537.36 (KHTML, like Gecko) Chrome/88.0.4240.193 Safari/537.36"
34.140.101.3 - - [12/Sep/2025:17:36:36 +0700] "POST //xmlrpc.php HTTP/1.0" 200 777 "-" "Mozilla/5.0 (Windows NT 10.0; Win64; x64) AppleWebKit/537.36 (KHTML, like Gecko) Chrome/88.0.4240.193 Safari/537.36"
34.140.101.3 - - [12/Sep/2025:17:36:38 +0700] "POST //xmlrpc.php HTTP/1.0" 200 777 "-" "Mozilla/5.0 (Windows NT 10.0; Win64; x64) AppleWebKit/537.36 (KHTML, like Gecko) Chrome/88.0.4240.193 Safari/537.36"
34.140.101.3 - - [12/Sep/2025:17:36:39 +0700] "POST //xmlrpc.php HTTP/1.0" 200 777 "-" "Mozilla/5.0 (Windows NT 10.0; Win64; x64) AppleWebKit/537.36 (KHTML, like Gecko) Chrome/88.0.4240.193 Safari/537.36"
34.140.101.3 - - [12/Sep/2025:17:36:40 +0700] "POST //xmlrpc.php HTTP/1.0" 200 777 "-" "Mozilla/5.0 (Windows NT 10.0; Win64; x64) AppleWebKit/537.36 (KHTML, like Gecko) Chrome/88.0.4240.193 Safari/537.36"
34.140.101.3 - - [12/Sep/2025:17:36:41 +0700] "POST //xmlrpc.php HTTP/1.0" 200 777 "-" "Mozilla/5.0 (Windows NT 10.0; Win64; x64) AppleWebKit/537.36 (KHTML, like Gecko) Chrome/88.0.4240.193 Safari/537.36"
34.140.101.3 - - [12/Sep/2025:17:36:42 +0700] "POST //xmlrpc.php HTTP/1.0" 200 777 "-" "Mozilla/5.0 (Windows NT 10.0; Win64; x64) AppleWebKit/537.36 (KHTML, like Gecko) Chrome/88.0.4240.193 Safari/537.36"
34.140.101.3 - - [12/Sep/2025:17:36:43 +0700] "POST //xmlrpc.php HTTP/1.0" 200 777 "-" "Mozilla/5.0 (Windows NT 10.0; Win64; x64) AppleWebKit/537.36 (KHTML, like Gecko) Chrome/88.0.4240.193 Safari/537.36"
34.140.101.3 - - [12/Sep/2025:17:36:45 +0700] "POST //xmlrpc.php HTTP/1.0" 200 777 "-" "Mozilla/5.0 (Windows NT 10.0; Win64; x64) AppleWebKit/537.36 (KHTML, like Gecko) Chrome/88.0.4240.193 Safari/537.36"
34.140.101.3 - - [12/Sep/2025:17:36:46 +0700] "POST //xmlrpc.php HTTP/1.0" 200 777 "-" "Mozilla/5.0 (Windows NT 10.0; Win64; x64) AppleWebKit/537.36 (KHTML, like Gecko) Chrome/88.0.4240.193 Safari/537.36"
40.77.167.132 - - [12/Sep/2025:17:36:48 +0700] "GET /wp-content/uploads/2018/07/0017-800x566.jpg HTTP/1.0" 200 420 "-" "Mozilla/5.0 AppleWebKit/537.36 (KHTML, like Gecko; compatible; bingbot/2.0; +http://www.bing.com/bingbot.htm) Chrome/116.0.1938.76 Safari/537.36"
34.140.101.3 - - [12/Sep/2025:17:36:47 +0700] "POST //xmlrpc.php HTTP/1.0" 200 777 "-" "Mozilla/5.0 (Windows NT 10.0; Win64; x64) AppleWebKit/537.36 (KHTML, like Gecko) Chrome/88.0.4240.193 Safari/537.36"
34.140.101.3 - - [12/Sep/2025:17:36:49 +0700] "POST //xmlrpc.php HTTP/1.0" 200 777 "-" "Mozilla/5.0 (Windows NT 10.0; Win64; x64) AppleWebKit/537.36 (KHTML, like Gecko) Chrome/88.0.4240.193 Safari/537.36"
34.140.101.3 - - [12/Sep/2025:17:36:50 +0700] "POST //xmlrpc.php HTTP/1.0" 200 777 "-" "Mozilla/5.0 (Windows NT 10.0; Win64; x64) AppleWebKit/537.36 (KHTML, like Gecko) Chrome/88.0.4240.193 Safari/537.36"
34.140.101.3 - - [12/Sep/2025:17:36:51 +0700] "POST //xmlrpc.php HTTP/1.0" 200 777 "-" "Mozilla/5.0 (Windows NT 10.0; Win64; x64) AppleWebKit/537.36 (KHTML, like Gecko) Chrome/88.0.4240.193 Safari/537.36"
34.140.101.3 - - [12/Sep/2025:17:36:52 +0700] "POST //xmlrpc.php HTTP/1.0" 200 777 "-" "Mozilla/5.0 (Windows NT 10.0; Win64; x64) AppleWebKit/537.36 (KHTML, like Gecko) Chrome/88.0.4240.193 Safari/537.36"
34.140.101.3 - - [12/Sep/2025:17:36:53 +0700] "POST //xmlrpc.php HTTP/1.0" 200 777 "-" "Mozilla/5.0 (Windows NT 10.0; Win64; x64) AppleWebKit/537.36 (KHTML, like Gecko) Chrome/88.0.4240.193 Safari/537.36"
34.140.101.3 - - [12/Sep/2025:17:36:54 +0700] "POST //xmlrpc.php HTTP/1.0" 200 777 "-" "Mozilla/5.0 (Windows NT 10.0; Win64; x64) AppleWebKit/537.36 (KHTML, like Gecko) Chrome/88.0.4240.193 Safari/537.36"
34.140.101.3 - - [12/Sep/2025:17:36:56 +0700] "POST //xmlrpc.php HTTP/1.0" 200 777 "-" "Mozilla/5.0 (Windows NT 10.0; Win64; x64) AppleWebKit/537.36 (KHTML, like Gecko) Chrome/88.0.4240.193 Safari/537.36"
34.140.101.3 - - [12/Sep/2025:17:36:57 +0700] "POST //xmlrpc.php HTTP/1.0" 200 777 "-" "Mozilla/5.0 (Windows NT 10.0; Win64; x64) AppleWebKit/537.36 (KHTML, like Gecko) Chrome/88.0.4240.193 Safari/537.36"
34.140.101.3 - - [12/Sep/2025:17:36:58 +0700] "POST //xmlrpc.php HTTP/1.0" 200 777 "-" "Mozilla/5.0 (Windows NT 10.0; Win64; x64) AppleWebKit/537.36 (KHTML, like Gecko) Chrome/88.0.4240.193 Safari/537.36"
34.140.101.3 - - [12/Sep/2025:17:36:59 +0700] "POST //xmlrpc.php HTTP/1.0" 200 777 "-" "Mozilla/5.0 (Windows NT 10.0; Win64; x64) AppleWebKit/537.36 (KHTML, like Gecko) Chrome/88.0.4240.193 Safari/537.36"
34.140.101.3 - - [12/Sep/2025:17:37:01 +0700] "POST //xmlrpc.php HTTP/1.0" 200 777 "-" "Mozilla/5.0 (Windows NT 10.0; Win64; x64) AppleWebKit/537.36 (KHTML, like Gecko) Chrome/88.0.4240.193 Safari/537.36"
34.140.101.3 - - [12/Sep/2025:17:37:02 +0700] "POST //xmlrpc.php HTTP/1.0" 200 777 "-" "Mozilla/5.0 (Windows NT 10.0; Win64; x64) AppleWebKit/537.36 (KHTML, like Gecko) Chrome/88.0.4240.193 Safari/537.36"
34.140.101.3 - - [12/Sep/2025:17:37:04 +0700] "POST //xmlrpc.php HTTP/1.0" 200 777 "-" "Mozilla/5.0 (Windows NT 10.0; Win64; x64) AppleWebKit/537.36 (KHTML, like Gecko) Chrome/88.0.4240.193 Safari/537.36"
34.140.101.3 - - [12/Sep/2025:17:37:06 +0700] "POST //xmlrpc.php HTTP/1.0" 200 777 "-" "Mozilla/5.0 (Windows NT 10.0; Win64; x64) AppleWebKit/537.36 (KHTML, like Gecko) Chrome/88.0.4240.193 Safari/537.36"
20.171.207.72 - - [12/Sep/2025:17:37:07 +0700] "GET / HTTP/1.0" 301 395 "-" "Mozilla/5.0 AppleWebKit/537.36 (KHTML, like Gecko; compatible; GPTBot/1.2; +https://openai.com/gptbot)"
34.140.101.3 - - [12/Sep/2025:17:37:07 +0700] "POST //xmlrpc.php HTTP/1.0" 200 777 "-" "Mozilla/5.0 (Windows NT 10.0; Win64; x64) AppleWebKit/537.36 (KHTML, like Gecko) Chrome/88.0.4240.193 Safari/537.36"
4.227.36.106 - - [12/Sep/2025:17:37:08 +0700] "GET /robots.txt HTTP/1.0" 301 405 "-" "Mozilla/5.0 AppleWebKit/537.36 (KHTML, like Gecko; compatible; GPTBot/1.2; +https://openai.com/gptbot)"
34.140.101.3 - - [12/Sep/2025:17:37:09 +0700] "POST //xmlrpc.php HTTP/1.0" 200 777 "-" "Mozilla/5.0 (Windows NT 10.0; Win64; x64) AppleWebKit/537.36 (KHTML, like Gecko) Chrome/88.0.4240.193 Safari/537.36"
4.227.36.106 - - [12/Sep/2025:17:37:10 +0700] "GET /robots.txt HTTP/1.0" 200 558 "https://www.etechvn.vn/robots.txt" "Mozilla/5.0 AppleWebKit/537.36 (KHTML, like Gecko; compatible; GPTBot/1.2; +https://openai.com/gptbot)"
34.140.101.3 - - [12/Sep/2025:17:37:11 +0700] "POST //xmlrpc.php HTTP/1.0" 200 777 "-" "Mozilla/5.0 (Windows NT 10.0; Win64; x64) AppleWebKit/537.36 (KHTML, like Gecko) Chrome/88.0.4240.193 Safari/537.36"
34.140.101.3 - - [12/Sep/2025:17:37:13 +0700] "POST //xmlrpc.php HTTP/1.0" 200 777 "-" "Mozilla/5.0 (Windows NT 10.0; Win64; x64) AppleWebKit/537.36 (KHTML, like Gecko) Chrome/88.0.4240.193 Safari/537.36"
34.140.101.3 - - [12/Sep/2025:17:37:14 +0700] "POST //xmlrpc.php HTTP/1.0" 200 777 "-" "Mozilla/5.0 (Windows NT 10.0; Win64; x64) AppleWebKit/537.36 (KHTML, like Gecko) Chrome/88.0.4240.193 Safari/537.36"
34.140.101.3 - - [12/Sep/2025:17:37:16 +0700] "POST //xmlrpc.php HTTP/1.0" 200 777 "-" "Mozilla/5.0 (Windows NT 10.0; Win64; x64) AppleWebKit/537.36 (KHTML, like Gecko) Chrome/88.0.4240.193 Safari/537.36"
34.140.101.3 - - [12/Sep/2025:17:37:17 +0700] "POST //xmlrpc.php HTTP/1.0" 200 777 "-" "Mozilla/5.0 (Windows NT 10.0; Win64; x64) AppleWebKit/537.36 (KHTML, like Gecko) Chrome/88.0.4240.193 Safari/537.36"
34.140.101.3 - - [12/Sep/2025:17:37:19 +0700] "POST //xmlrpc.php HTTP/1.0" 200 777 "-" "Mozilla/5.0 (Windows NT 10.0; Win64; x64) AppleWebKit/537.36 (KHTML, like Gecko) Chrome/88.0.4240.193 Safari/537.36"
34.140.101.3 - - [12/Sep/2025:17:37:20 +0700] "POST //xmlrpc.php HTTP/1.0" 200 777 "-" "Mozilla/5.0 (Windows NT 10.0; Win64; x64) AppleWebKit/537.36 (KHTML, like Gecko) Chrome/88.0.4240.193 Safari/537.36"
34.140.101.3 - - [12/Sep/2025:17:37:21 +0700] "POST //xmlrpc.php HTTP/1.0" 200 777 "-" "Mozilla/5.0 (Windows NT 10.0; Win64; x64) AppleWebKit/537.36 (KHTML, like Gecko) Chrome/88.0.4240.193 Safari/537.36"
34.140.101.3 - - [12/Sep/2025:17:37:22 +0700] "POST //xmlrpc.php HTTP/1.0" 200 777 "-" "Mozilla/5.0 (Windows NT 10.0; Win64; x64) AppleWebKit/537.36 (KHTML, like Gecko) Chrome/88.0.4240.193 Safari/537.36"
34.140.101.3 - - [12/Sep/2025:17:37:23 +0700] "POST //xmlrpc.php HTTP/1.0" 200 777 "-" "Mozilla/5.0 (Windows NT 10.0; Win64; x64) AppleWebKit/537.36 (KHTML, like Gecko) Chrome/88.0.4240.193 Safari/537.36"
34.140.101.3 - - [12/Sep/2025:17:37:25 +0700] "POST //xmlrpc.php HTTP/1.0" 200 777 "-" "Mozilla/5.0 (Windows NT 10.0; Win64; x64) AppleWebKit/537.36 (KHTML, like Gecko) Chrome/88.0.4240.193 Safari/537.36"
34.140.101.3 - - [12/Sep/2025:17:37:26 +0700] "POST //xmlrpc.php HTTP/1.0" 200 777 "-" "Mozilla/5.0 (Windows NT 10.0; Win64; x64) AppleWebKit/537.36 (KHTML, like Gecko) Chrome/88.0.4240.193 Safari/537.36"
34.140.101.3 - - [12/Sep/2025:17:37:27 +0700] "POST //xmlrpc.php HTTP/1.0" 200 777 "-" "Mozilla/5.0 (Windows NT 10.0; Win64; x64) AppleWebKit/537.36 (KHTML, like Gecko) Chrome/88.0.4240.193 Safari/537.36"
34.140.101.3 - - [12/Sep/2025:17:37:29 +0700] "POST //xmlrpc.php HTTP/1.0" 200 777 "-" "Mozilla/5.0 (Windows NT 10.0; Win64; x64) AppleWebKit/537.36 (KHTML, like Gecko) Chrome/88.0.4240.193 Safari/537.36"
34.140.101.3 - - [12/Sep/2025:17:37:30 +0700] "POST //xmlrpc.php HTTP/1.0" 200 777 "-" "Mozilla/5.0 (Windows NT 10.0; Win64; x64) AppleWebKit/537.36 (KHTML, like Gecko) Chrome/88.0.4240.193 Safari/537.36"
34.140.101.3 - - [12/Sep/2025:17:37:31 +0700] "POST //xmlrpc.php HTTP/1.0" 200 777 "-" "Mozilla/5.0 (Windows NT 10.0; Win64; x64) AppleWebKit/537.36 (KHTML, like Gecko) Chrome/88.0.4240.193 Safari/537.36"
34.140.101.3 - - [12/Sep/2025:17:37:33 +0700] "POST //xmlrpc.php HTTP/1.0" 200 777 "-" "Mozilla/5.0 (Windows NT 10.0; Win64; x64) AppleWebKit/537.36 (KHTML, like Gecko) Chrome/88.0.4240.193 Safari/537.36"
34.140.101.3 - - [12/Sep/2025:17:37:34 +0700] "POST //xmlrpc.php HTTP/1.0" 200 777 "-" "Mozilla/5.0 (Windows NT 10.0; Win64; x64) AppleWebKit/537.36 (KHTML, like Gecko) Chrome/88.0.4240.193 Safari/537.36"
34.140.101.3 - - [12/Sep/2025:17:37:36 +0700] "POST //xmlrpc.php HTTP/1.0" 200 777 "-" "Mozilla/5.0 (Windows NT 10.0; Win64; x64) AppleWebKit/537.36 (KHTML, like Gecko) Chrome/88.0.4240.193 Safari/537.36"
34.140.101.3 - - [12/Sep/2025:17:37:37 +0700] "POST //xmlrpc.php HTTP/1.0" 200 777 "-" "Mozilla/5.0 (Windows NT 10.0; Win64; x64) AppleWebKit/537.36 (KHTML, like Gecko) Chrome/88.0.4240.193 Safari/537.36"
34.140.101.3 - - [12/Sep/2025:17:37:39 +0700] "POST //xmlrpc.php HTTP/1.0" 200 777 "-" "Mozilla/5.0 (Windows NT 10.0; Win64; x64) AppleWebKit/537.36 (KHTML, like Gecko) Chrome/88.0.4240.193 Safari/537.36"
34.140.101.3 - - [12/Sep/2025:17:37:40 +0700] "POST //xmlrpc.php HTTP/1.0" 200 777 "-" "Mozilla/5.0 (Windows NT 10.0; Win64; x64) AppleWebKit/537.36 (KHTML, like Gecko) Chrome/88.0.4240.193 Safari/537.36"
34.140.101.3 - - [12/Sep/2025:17:37:41 +0700] "POST //xmlrpc.php HTTP/1.0" 200 777 "-" "Mozilla/5.0 (Windows NT 10.0; Win64; x64) AppleWebKit/537.36 (KHTML, like Gecko) Chrome/88.0.4240.193 Safari/537.36"
34.140.101.3 - - [12/Sep/2025:17:37:42 +0700] "POST //xmlrpc.php HTTP/1.0" 200 777 "-" "Mozilla/5.0 (Windows NT 10.0; Win64; x64) AppleWebKit/537.36 (KHTML, like Gecko) Chrome/88.0.4240.193 Safari/537.36"
