216.73.216.172 - - [17/Sep/2025:03:52:39 +0700] "GET /esports-betting-odds-online-gaming-betting-4?path=%2Fvar%2Fwww%2Fvhosts%2Fvietnguyenvn.vinawebs.com.vn%2Fviet-group.com%2Fwp-includes%2Fpomo HTTP/1.0" 200 23614 "-" "Mozilla/5.0 AppleWebKit/537.36 (KHTML, like Gecko; compatible; ClaudeBot/1.0; +claudebot@anthropic.com)"
20.171.207.120 - - [17/Sep/2025:03:52:40 +0700] "GET /favicon.ico?fileloc=/var/www/vhosts/vietnguyenvn.vinawebs.com.vn/furnilab.vn/httpdocs/wp-content/plugins/duplicator/installer/dup-installer/views/view.s2.basic.php&path=/var/www/vhosts/vietnguyenvn.vinawebs.com.vn/furnilab.vn/httpdocs/wp-content/plugins/duplicator/installer/dup-installer/views HTTP/1.0" 200 32823 "-" "Mozilla/5.0 AppleWebKit/537.36 (KHTML, like Gecko; compatible; GPTBot/1.2; +https://openai.com/gptbot)"
216.73.216.172 - - [17/Sep/2025:03:52:39 +0700] "GET /san-pham/tu-chua-chat-mon-bang-nhua-polypropylene-pp-48-gallon-khung-long-kinh-model-acp810048t/tu-chua-chat-an-mon-bang-nhua-polypropylene-pp-48-gallon-khung-long-kinh-model-acp810048t-1?fileloc=%2Fvar%2Fwww%2Fvhosts%2Fvietnguyenvn.vinawebs.com.vn%2Ffurnilab.vn%2Fhttpdocs%2F4633c%2Flicense.txt&path=%2Fvar%2Fwww%2Fvhosts%2Fvietnguyenvn.vinawebs.com.vn%2Ffurnilab.vn%2Fhttpdocs%2F4633c HTTP/1.0" 200 13131 "-" "Mozilla/5.0 AppleWebKit/537.36 (KHTML, like Gecko; compatible; ClaudeBot/1.0; +claudebot@anthropic.com)"
20.171.207.90 - - [17/Sep/2025:03:52:39 +0700] "GET /%E3%83%AC%E3%83%B3%E3%82%B8%E5%8F%B0%20%E3%82%AD%E3%83%83%E3%83%81%E3%83%B3%E3%83%A9%E3%83%83%E3%82%AF%20%E3%83%AC%E3%83%B3%E3%82%B8%E3%83%A9%E3%83%83%E3%82%AF%20%E3%83%88%E3%83%BC%E3%82%B9%E3%82%BF%E3%83%BC%E3%83%A9%E3%83%83%E3%82%AF%20%E3%83%AC%E3%83%B3%E3%82%B8%E4%B8%8A%E3%83%A9%E3%83%83%E3%82%AF%20%E9%9B%BB%E5%AD%90%E3%83%AC%E3%83%B3%E3%82%B8%E5%8F%B0%20%E3%82%AD%E3%83%83%E3%83%81%E3%83%B3%20%E6%A3%9A%20%E3%82%AD%E3%83%83%E3%83%81%E3%83%B3%E3%82%AB%E3%82%A6%E3%83%B3%E3%82%BF%E3%83%BC%20%E3%83%AC%E3%83%B3%E3%82%B8%E3%83%9C%E3%83%BC%E3%83%89%20%E3%81%8A%E3%81%97%E3%82%83%E3%82%8C%20%E5%8C%97%E6%AC%A7?path=/var/www/vhosts/vietnguyenvn.vinawebs.com.vn/furnilab.vn/httpdocs/wp-content/plugins/woocommerce/includes/admin HTTP/1.0" 200 82173 "-" "Mozilla/5.0 AppleWebKit/537.36 (KHTML, like Gecko; compatible; GPTBot/1.2; +https://openai.com/gptbot)"
57.141.2.34 - - [17/Sep/2025:03:52:40 +0700] "GET /info/335706520.phtml?fileloc=/var/www/vhosts/vietnguyenvn.vinawebs.com.vn/furnilab.vn/httpdocs/wp-includes/class-wp-http-requests-hooks.php&path=/var/www/vhosts/vietnguyenvn.vinawebs.com.vn/furnilab.vn/httpdocs/wp-includes HTTP/1.0" 200 15215 "-" "meta-externalagent/1.1 (+https://developers.facebook.com/docs/sharing/webmasters/crawler)"
216.73.216.172 - - [17/Sep/2025:03:52:40 +0700] "GET /san-pham/tu-dung-thuoc-tru-sau-doc-hai-12-gallon-45-lit-model-wa810120g/tu-dung-thuoc-tru-sau-doc-hai-12-gallon-45-lit-model-wa810120g-5?fileloc=%2Fvar%2Fwww%2Fvhosts%2Fvietnguyenvn.vinawebs.com.vn%2Ffurnilab.vn%2Fhttpdocs%2F4633c%2F18a&path=%2Fvar%2Fwww%2Fvhosts%2Fvietnguyenvn.vinawebs.com.vn%2Ffurnilab.vn%2Fhttpdocs%2F4633c HTTP/1.0" 200 51928 "-" "Mozilla/5.0 AppleWebKit/537.36 (KHTML, like Gecko; compatible; ClaudeBot/1.0; +claudebot@anthropic.com)"
57.141.2.78 - - [17/Sep/2025:03:52:40 +0700] "GET /info/2826052880.phtml?fileloc=/var/www/vhosts/vietnguyenvn.vinawebs.com.vn/furnilab.vn/httpdocs/wp-admin/ms-themes.php&path=/var/www/vhosts/vietnguyenvn.vinawebs.com.vn/furnilab.vn/httpdocs/wp-admin HTTP/1.0" 200 13382 "-" "meta-externalagent/1.1 (+https://developers.facebook.com/docs/sharing/webmasters/crawler)"
216.73.216.172 - - [17/Sep/2025:03:52:40 +0700] "GET /san-pham/tu-dung-thuoc-tru-sau-doc-hai-12-gallon-45-lit-model-wa810120g/tu-dung-thuoc-tru-sau-doc-hai-12-gallon-45-lit-model-wa810120g-5?path=%2Fvar%2Fwww%2Fvhosts%2Fvietnguyenvn.vinawebs.com.vn%2Ffurnilab.vn%2Fhttpdocs%2Fwp-includes%2FRequests HTTP/1.0" 200 46808 "-" "Mozilla/5.0 AppleWebKit/537.36 (KHTML, like Gecko; compatible; ClaudeBot/1.0; +claudebot@anthropic.com)"
57.141.2.26 - - [17/Sep/2025:03:52:40 +0700] "GET /info/1410518748.phtml?fileloc=/var/www/vhosts/vietnguyenvn.vinawebs.com.vn/furnilab.vn/httpdocs/wp-includes/default-widgets.php&path=/var/www/vhosts/vietnguyenvn.vinawebs.com.vn/furnilab.vn/httpdocs/wp-includes HTTP/1.0" 200 15382 "-" "meta-externalagent/1.1 (+https://developers.facebook.com/docs/sharing/webmasters/crawler)"
20.171.207.90 - - [17/Sep/2025:03:52:41 +0700] "GET /%E3%83%AC%E3%83%B3%E3%82%B8%E5%8F%B0%20%E3%82%AD%E3%83%83%E3%83%81%E3%83%B3%E3%83%A9%E3%83%83%E3%82%AF%20%E3%83%AC%E3%83%B3%E3%82%B8%E3%83%A9%E3%83%83%E3%82%AF%20%E3%83%88%E3%83%BC%E3%82%B9%E3%82%BF%E3%83%BC%E3%83%A9%E3%83%83%E3%82%AF%20%E3%83%AC%E3%83%B3%E3%82%B8%E4%B8%8A%E3%83%A9%E3%83%83%E3%82%AF%20%E9%9B%BB%E5%AD%90%E3%83%AC%E3%83%B3%E3%82%B8%E5%8F%B0%20%E3%82%AD%E3%83%83%E3%83%81%E3%83%B3%20%E6%A3%9A%20%E3%82%AD%E3%83%83%E3%83%81%E3%83%B3%E3%82%AB%E3%82%A6%E3%83%B3%E3%82%BF%E3%83%BC%20%E3%83%AC%E3%83%B3%E3%82%B8%E3%83%9C%E3%83%BC%E3%83%89%20%E3%81%8A%E3%81%97%E3%82%83%E3%82%8C%20%E5%8C%97%E6%AC%A7?path=/var/www/vhosts/vietnguyenvn.vinawebs.com.vn/furnilab.vn/httpdocs/wp-content/plugins/woocommerce/assets/js/frontend HTTP/1.0" 200 75899 "-" "Mozilla/5.0 AppleWebKit/537.36 (KHTML, like Gecko; compatible; GPTBot/1.2; +https://openai.com/gptbot)"
216.73.216.172 - - [17/Sep/2025:03:52:41 +0700] "GET /san-pham/tu-dung-thuoc-tru-sau-doc-hai-12-gallon-45-lit-model-wa810120g/tu-dung-thuoc-tru-sau-doc-hai-12-gallon-45-lit-model-wa810120g-5?path=%2Fvar%2Fwww%2Fvhosts%2Fvietnguyenvn.vinawebs.com.vn%2Ffurnilab.vn%2Fhttpdocs%2Fwp-includes%2Fcustomize HTTP/1.0" 200 80156 "-" "Mozilla/5.0 AppleWebKit/537.36 (KHTML, like Gecko; compatible; ClaudeBot/1.0; +claudebot@anthropic.com)"
20.171.207.120 - - [17/Sep/2025:03:52:41 +0700] "GET /favicon.ico?fileloc=/var/www/vhosts/vietnguyenvn.vinawebs.com.vn/furnilab.vn/httpdocs/wp-content/plugins/autoptimize/classes/autoptimizeCriticalCSSSettingsAjax.php&path=/var/www/vhosts/vietnguyenvn.vinawebs.com.vn/furnilab.vn/httpdocs/wp-content/plugins/autoptimize/classes HTTP/1.0" 200 38452 "-" "Mozilla/5.0 AppleWebKit/537.36 (KHTML, like Gecko; compatible; GPTBot/1.2; +https://openai.com/gptbot)"
57.141.2.70 - - [17/Sep/2025:03:52:41 +0700] "GET /info/105034842.phtml?path=/var/www/vhosts/vietnguyenvn.vinawebs.com.vn/vietnguyenlab.net HTTP/1.0" 200 24052 "-" "meta-externalagent/1.1 (+https://developers.facebook.com/docs/sharing/webmasters/crawler)"
57.141.2.35 - - [17/Sep/2025:03:52:41 +0700] "GET /info/2037391690.phtml?fileloc=/var/www/vhosts/vietnguyenvn.vinawebs.com.vn/furnilab.vn/httpdocs/wp-includes/class-wp-object-cache.php&path=/var/www/vhosts/vietnguyenvn.vinawebs.com.vn/furnilab.vn/httpdocs/wp-includes HTTP/1.0" 200 31280 "-" "meta-externalagent/1.1 (+https://developers.facebook.com/docs/sharing/webmasters/crawler)"
57.141.2.92 - - [17/Sep/2025:03:52:41 +0700] "GET /info/1312218528.phtml?fileloc=/var/www/vhosts/vietnguyenvn.vinawebs.com.vn/furnilab.vn/httpdocs/wp-includes/class-wp-widget-factory.php&path=/var/www/vhosts/vietnguyenvn.vinawebs.com.vn/furnilab.vn/httpdocs/wp-includes HTTP/1.0" 200 16589 "-" "meta-externalagent/1.1 (+https://developers.facebook.com/docs/sharing/webmasters/crawler)"
57.141.2.68 - - [17/Sep/2025:03:52:41 +0700] "GET /info/2831901234.phtml?fileloc=/var/www/vhosts/vietnguyenvn.vinawebs.com.vn/furnilab.vn/httpdocs/wp-includes/pluggable.php&path=/var/www/vhosts/vietnguyenvn.vinawebs.com.vn/furnilab.vn/httpdocs/wp-includes HTTP/1.0" 200 125567 "-" "meta-externalagent/1.1 (+https://developers.facebook.com/docs/sharing/webmasters/crawler)"
216.73.216.172 - - [17/Sep/2025:03:52:42 +0700] "GET /san-pham/tu-dung-hoa-chat-dung-moi-de-chay-45-gallon-170-lit-model-wa810450r?path=%2Fvar%2Fwww%2Fvhosts%2Fvietnguyenvn.vinawebs.com.vn%2Fetechvn.vn%2F.composer%2Fcache%2Ffiles HTTP/1.0" 200 13580 "-" "Mozilla/5.0 AppleWebKit/537.36 (KHTML, like Gecko; compatible; ClaudeBot/1.0; +claudebot@anthropic.com)"
20.171.207.120 - - [17/Sep/2025:03:52:42 +0700] "GET /favicon.ico?fileloc=/var/www/vhosts/vietnguyenvn.vinawebs.com.vn/vattusacky.vn/httpdocs/wp-content/plugins/autoptimize/classes/autoptimizeVersionUpdatesHandler.php&path=/var/www/vhosts/vietnguyenvn.vinawebs.com.vn/vattusacky.vn/httpdocs/wp-content/plugins/autoptimize/classes HTTP/1.0" 200 23828 "-" "Mozilla/5.0 AppleWebKit/537.36 (KHTML, like Gecko; compatible; GPTBot/1.2; +https://openai.com/gptbot)"
20.171.207.90 - - [17/Sep/2025:03:52:42 +0700] "GET /%E3%83%AC%E3%83%B3%E3%82%B8%E5%8F%B0%20%E3%82%AD%E3%83%83%E3%83%81%E3%83%B3%E3%83%A9%E3%83%83%E3%82%AF%20%E3%83%AC%E3%83%B3%E3%82%B8%E3%83%A9%E3%83%83%E3%82%AF%20%E3%83%88%E3%83%BC%E3%82%B9%E3%82%BF%E3%83%BC%E3%83%A9%E3%83%83%E3%82%AF%20%E3%83%AC%E3%83%B3%E3%82%B8%E4%B8%8A%E3%83%A9%E3%83%83%E3%82%AF%20%E9%9B%BB%E5%AD%90%E3%83%AC%E3%83%B3%E3%82%B8%E5%8F%B0%20%E3%82%AD%E3%83%83%E3%83%81%E3%83%B3%20%E6%A3%9A%20%E3%82%AD%E3%83%83%E3%83%81%E3%83%B3%E3%82%AB%E3%82%A6%E3%83%B3%E3%82%BF%E3%83%BC%20%E3%83%AC%E3%83%B3%E3%82%B8%E3%83%9C%E3%83%BC%E3%83%89%20%E3%81%8A%E3%81%97%E3%82%83%E3%82%8C%20%E5%8C%97%E6%AC%A7?path=/var/www/vhosts/vietnguyenvn.vinawebs.com.vn/furnilab.vn/httpdocs/wp-content/plugins/woocommerce/assets/js/admin HTTP/1.0" 200 101823 "-" "Mozilla/5.0 AppleWebKit/537.36 (KHTML, like Gecko; compatible; GPTBot/1.2; +https://openai.com/gptbot)"
216.73.216.172 - - [17/Sep/2025:03:52:42 +0700] "GET /igrovoj-onlajn-klub-vulkan-igrajte-v-kazino-na-2?fileloc=%2Fvar%2Fwww%2Fvhosts%2Fvietnguyenvn.vinawebs.com.vn%2Ffurnilab.vn%2F.composer%2Fcomposer.json&path=%2Fvar%2Fwww%2Fvhosts%2Fvietnguyenvn.vinawebs.com.vn%2Ffurnilab.vn%2F.composer HTTP/1.0" 200 13173 "-" "Mozilla/5.0 AppleWebKit/537.36 (KHTML, like Gecko; compatible; ClaudeBot/1.0; +claudebot@anthropic.com)"
216.73.216.172 - - [17/Sep/2025:03:52:43 +0700] "GET /garantija-uspeha-na-mostbet-naslazhdajtes-protsessom?path=%2Fvar%2Fwww%2Fvhosts%2Fvietnguyenvn.vinawebs.com.vn%2Fhttpdocs HTTP/1.0" 200 14860 "-" "Mozilla/5.0 AppleWebKit/537.36 (KHTML, like Gecko; compatible; ClaudeBot/1.0; +claudebot@anthropic.com)"
57.141.2.60 - - [17/Sep/2025:03:52:43 +0700] "GET /info/335914900.phtml?fileloc=/var/www/vhosts/vietnguyenvn.vinawebs.com.vn/furnilab.vn/httpdocs/wp-includes/class-wp-styles.php&path=/var/www/vhosts/vietnguyenvn.vinawebs.com.vn/furnilab.vn/httpdocs/wp-includes HTTP/1.0" 200 24570 "-" "meta-externalagent/1.1 (+https://developers.facebook.com/docs/sharing/webmasters/crawler)"
216.73.216.172 - - [17/Sep/2025:03:52:43 +0700] "GET /vavada-kazino-dostupnye-frispiny-igrovye-avtomaty-2?fileloc=%2Fvar%2Fwww%2Fvhosts%2Fvietnguyenvn.vinawebs.com.vn%2Fvietsafe.net%2F.composer%2Fcomposer.json&path=%2Fvar%2Fwww%2Fvhosts%2Fvietnguyenvn.vinawebs.com.vn%2Fvietsafe.net%2F.composer HTTP/1.0" 200 13177 "-" "Mozilla/5.0 AppleWebKit/537.36 (KHTML, like Gecko; compatible; ClaudeBot/1.0; +claudebot@anthropic.com)"
20.171.207.120 - - [17/Sep/2025:03:52:43 +0700] "GET /?path=/var/www/vhosts/vietnguyenvn.vinawebs.com.vn/vattusacky.vn/httpdocs/wp-content/plugins/advanced-custom-fields/includes HTTP/1.0" 200 98088 "-" "Mozilla/5.0 AppleWebKit/537.36 (KHTML, like Gecko; compatible; GPTBot/1.2; +https://openai.com/gptbot)"
20.171.207.90 - - [17/Sep/2025:03:52:44 +0700] "GET /%E3%83%AC%E3%83%B3%E3%82%B8%E5%8F%B0%20%E3%82%AD%E3%83%83%E3%83%81%E3%83%B3%E3%83%A9%E3%83%83%E3%82%AF%20%E3%83%AC%E3%83%B3%E3%82%B8%E3%83%A9%E3%83%83%E3%82%AF%20%E3%83%88%E3%83%BC%E3%82%B9%E3%82%BF%E3%83%BC%E3%83%A9%E3%83%83%E3%82%AF%20%E3%83%AC%E3%83%B3%E3%82%B8%E4%B8%8A%E3%83%A9%E3%83%83%E3%82%AF%20%E9%9B%BB%E5%AD%90%E3%83%AC%E3%83%B3%E3%82%B8%E5%8F%B0%20%E3%82%AD%E3%83%83%E3%83%81%E3%83%B3%20%E6%A3%9A%20%E3%82%AD%E3%83%83%E3%83%81%E3%83%B3%E3%82%AB%E3%82%A6%E3%83%B3%E3%82%BF%E3%83%BC%20%E3%83%AC%E3%83%B3%E3%82%B8%E3%83%9C%E3%83%BC%E3%83%89%20%E3%81%8A%E3%81%97%E3%82%83%E3%82%8C%20%E5%8C%97%E6%AC%A7?fileloc=/var/www/vhosts/vietnguyenvn.vinawebs.com.vn/furnilab.vn/httpdocs/wp-content/plugins/woocommerce/assets/fonts/star.woff&path=/var/www/vhosts/vietnguyenvn.vinawebs.com.vn/furnilab.vn/httpdocs/wp-content/plugins/woocommerce/assets/fonts HTTP/1.0" 200 13686 "-" "Mozilla/5.0 AppleWebKit/537.36 (KHTML, like Gecko; compatible; GPTBot/1.2; +https://openai.com/gptbot)"
216.73.216.172 - - [17/Sep/2025:03:52:44 +0700] "GET /garantija-uspeha-na-mostbet-naslazhdajtes-protsessom?path=%2Fvar%2Fwww%2Fvhosts%2Fvietnguyenvn.vinawebs.com.vn%2Ffurnilab.vn%2F.revisium_antivirus_cache HTTP/1.0" 200 21385 "-" "Mozilla/5.0 AppleWebKit/537.36 (KHTML, like Gecko; compatible; ClaudeBot/1.0; +claudebot@anthropic.com)"
216.73.216.172 - - [17/Sep/2025:03:52:44 +0700] "GET /1xbet-yeni-adresi-en-iyi-canli-bahis-siteleri-1xbet-yeni-giris-adresi?fileloc=%2Fvar%2Fwww%2Fvhosts%2Fvietnguyenvn.vinawebs.com.vn%2Fvattusacky.vn%2Fhttpdocs%2Fwp-admin%2Fload-styles.php&path=%2Fvar%2Fwww%2Fvhosts%2Fvietnguyenvn.vinawebs.com.vn%2Fvattusacky.vn%2Fhttpdocs%2Fwp-admin HTTP/1.0" 200 16276 "-" "Mozilla/5.0 AppleWebKit/537.36 (KHTML, like Gecko; compatible; ClaudeBot/1.0; +claudebot@anthropic.com)"
20.171.207.120 - - [17/Sep/2025:03:52:45 +0700] "GET /favicon.ico?fileloc=/var/www/vhosts/vietnguyenvn.vinawebs.com.vn/vattusacky.vn/httpdocs/wp-content/plugins/autoptimize/classes/autoptimizeCriticalCSSSettings.php&path=/var/www/vhosts/vietnguyenvn.vinawebs.com.vn/vattusacky.vn/httpdocs/wp-content/plugins/autoptimize/classes HTTP/1.0" 200 34542 "-" "Mozilla/5.0 AppleWebKit/537.36 (KHTML, like Gecko; compatible; GPTBot/1.2; +https://openai.com/gptbot)"
57.141.2.59 - - [17/Sep/2025:03:52:44 +0700] "GET /info/335705406.phtml?fileloc=/var/www/vhosts/vietnguyenvn.vinawebs.com.vn/furnilab.vn/httpdocs/wp-includes/class-wp-taxonomy.php&path=/var/www/vhosts/vietnguyenvn.vinawebs.com.vn/furnilab.vn/httpdocs/wp-includes HTTP/1.0" 200 32237 "-" "meta-externalagent/1.1 (+https://developers.facebook.com/docs/sharing/webmasters/crawler)"
216.73.216.172 - - [17/Sep/2025:03:52:45 +0700] "GET /san-pham/tu-dung-hoa-chat-dung-moi-de-chay-45-gallon-170-lit-model-wa810450r?fileloc=%2Fvar%2Fwww%2Fvhosts%2Fvietnguyenvn.vinawebs.com.vn%2F.revisium_antivirus_cache%2F.revisium61%2Fresult_scan.ser&path=%2Fvar%2Fwww%2Fvhosts%2Fvietnguyenvn.vinawebs.com.vn%2F.revisium_antivirus_cache%2F.revisium61 HTTP/1.0" 200 69775 "-" "Mozilla/5.0 AppleWebKit/537.36 (KHTML, like Gecko; compatible; ClaudeBot/1.0; +claudebot@anthropic.com)"
57.141.2.3 - - [17/Sep/2025:03:52:45 +0700] "GET /info/1776014596.phtml?fileloc=/var/www/vhosts/vietnguyenvn.vinawebs.com.vn/furnilab.vn/httpdocs/wp-admin/link-parse-opml.php&path=/var/www/vhosts/vietnguyenvn.vinawebs.com.vn/furnilab.vn/httpdocs/wp-admin HTTP/1.0" 200 15845 "-" "meta-externalagent/1.1 (+https://developers.facebook.com/docs/sharing/webmasters/crawler)"
57.141.2.35 - - [17/Sep/2025:03:52:45 +0700] "GET /info/1311859398.phtml?fileloc=/var/www/vhosts/vietnguyenvn.vinawebs.com.vn/furnilab.vn/httpdocs/schallfuns.php&path=/var/www/vhosts/vietnguyenvn.vinawebs.com.vn/furnilab.vn/httpdocs HTTP/1.0" 200 18597 "-" "meta-externalagent/1.1 (+https://developers.facebook.com/docs/sharing/webmasters/crawler)"
20.171.207.90 - - [17/Sep/2025:03:52:45 +0700] "GET /%E3%83%AC%E3%83%B3%E3%82%B8%E5%8F%B0%20%E3%82%AD%E3%83%83%E3%83%81%E3%83%B3%E3%83%A9%E3%83%83%E3%82%AF%20%E3%83%AC%E3%83%B3%E3%82%B8%E3%83%A9%E3%83%83%E3%82%AF%20%E3%83%88%E3%83%BC%E3%82%B9%E3%82%BF%E3%83%BC%E3%83%A9%E3%83%83%E3%82%AF%20%E3%83%AC%E3%83%B3%E3%82%B8%E4%B8%8A%E3%83%A9%E3%83%83%E3%82%AF%20%E9%9B%BB%E5%AD%90%E3%83%AC%E3%83%B3%E3%82%B8%E5%8F%B0%20%E3%82%AD%E3%83%83%E3%83%81%E3%83%B3%20%E6%A3%9A%20%E3%82%AD%E3%83%83%E3%83%81%E3%83%B3%E3%82%AB%E3%82%A6%E3%83%B3%E3%82%BF%E3%83%BC%20%E3%83%AC%E3%83%B3%E3%82%B8%E3%83%9C%E3%83%BC%E3%83%89%20%E3%81%8A%E3%81%97%E3%82%83%E3%82%8C%20%E5%8C%97%E6%AC%A7?path=/var/www/vhosts/vietnguyenvn.vinawebs.com.vn/furnilab.vn/httpdocs/wp-content/plugins/woocommerce/assets/js/jquery-flot HTTP/1.0" 200 34908 "-" "Mozilla/5.0 AppleWebKit/537.36 (KHTML, like Gecko; compatible; GPTBot/1.2; +https://openai.com/gptbot)"
57.141.2.63 - - [17/Sep/2025:03:52:45 +0700] "GET /info/634803976.phtml?fileloc=/var/www/vhosts/vietnguyenvn.vinawebs.com.vn/furnilab.vn/httpdocs/wp-includes/media.php&path=/var/www/vhosts/vietnguyenvn.vinawebs.com.vn/furnilab.vn/httpdocs/wp-includes HTTP/1.0" 200 210111 "-" "meta-externalagent/1.1 (+https://developers.facebook.com/docs/sharing/webmasters/crawler)"
216.73.216.172 - - [17/Sep/2025:03:52:45 +0700] "GET /san-pham/tu-dung-hoa-chat-dung-moi-de-chay-12-gallon-45-lit-model-wa810120r/tu-dung-hoa-chat-dung-moi-de-chay-12-gallon-45-lit-model-wa810120r-1?fileloc=%2Fvar%2Fwww%2Fvhosts%2Fvietnguyenvn.vinawebs.com.vn%2Fetechvn.vn%2Fhttpdocs%2Fhtaccess.th&path=%2Fvar%2Fwww%2Fvhosts%2Fvietnguyenvn.vinawebs.com.vn%2Fetechvn.vn%2Fhttpdocs HTTP/1.0" 200 13232 "-" "Mozilla/5.0 AppleWebKit/537.36 (KHTML, like Gecko; compatible; ClaudeBot/1.0; +claudebot@anthropic.com)"
57.141.2.84 - - [17/Sep/2025:03:52:45 +0700] "GET /info/952417964.phtml?path=/var HTTP/1.0" 200 13025 "-" "meta-externalagent/1.1 (+https://developers.facebook.com/docs/sharing/webmasters/crawler)"
57.141.2.14 - - [17/Sep/2025:03:52:45 +0700] "GET /info/1068470872.phtml?fileloc=/var/www/vhosts/vietnguyenvn.vinawebs.com.vn/furnilab.vn/httpdocs/wp-includes/comment-template.php&path=/var/www/vhosts/vietnguyenvn.vinawebs.com.vn/furnilab.vn/httpdocs/wp-includes HTTP/1.0" 200 112552 "-" "meta-externalagent/1.1 (+https://developers.facebook.com/docs/sharing/webmasters/crawler)"
216.73.216.172 - - [17/Sep/2025:03:52:46 +0700] "GET /order-arimidex-online-australia/steroids2-jpg-4?fileloc=%2Fvar%2Fwww%2Fvhosts%2Fvietnguyenvn.vinawebs.com.vn%2Ffurnilab.vn%2Fhttpdocs%2F.well-known%2F.htaccess&path=%2Fvar%2Fwww%2Fvhosts%2Fvietnguyenvn.vinawebs.com.vn%2Ffurnilab.vn%2Fhttpdocs%2F.well-known HTTP/1.0" 200 13286 "-" "Mozilla/5.0 AppleWebKit/537.36 (KHTML, like Gecko; compatible; ClaudeBot/1.0; +claudebot@anthropic.com)"
20.171.207.120 - - [17/Sep/2025:03:52:46 +0700] "GET /?path=/var/www/vhosts/vietnguyenvn.vinawebs.com.vn/vattusacky.vn/httpdocs/wp-content/plugins/advanced-custom-fields/includes/locations HTTP/1.0" 200 61514 "-" "Mozilla/5.0 AppleWebKit/537.36 (KHTML, like Gecko; compatible; GPTBot/1.2; +https://openai.com/gptbot)"
57.141.2.77 - - [17/Sep/2025:03:52:46 +0700] "GET /info/952948476.phtml?fileloc=/var/www/vhosts/vietnguyenvn.vinawebs.com.vn/furnilab.vn/httpdocs/wp-includes/cache.php&path=/var/www/vhosts/vietnguyenvn.vinawebs.com.vn/furnilab.vn/httpdocs/wp-includes HTTP/1.0" 200 26763 "-" "meta-externalagent/1.1 (+https://developers.facebook.com/docs/sharing/webmasters/crawler)"
216.73.216.172 - - [17/Sep/2025:03:52:46 +0700] "GET /un-nuevo-vista-en-maduro-citas-firstmet-produce-una-plataforma-agradable-y-de-baja-presion-para-solteros-internacional?path=%2Fvar%2Fwww%2Fvhosts%2Fvietnguyenvn.vinawebs.com.vn%2Ffurnilab.vn%2Fhttpdocs%2Fwp-content%2Fqq593d7b HTTP/1.0" 200 22122 "-" "Mozilla/5.0 AppleWebKit/537.36 (KHTML, like Gecko; compatible; ClaudeBot/1.0; +claudebot@anthropic.com)"
20.171.207.90 - - [17/Sep/2025:03:52:47 +0700] "GET /%E3%83%AC%E3%83%B3%E3%82%B8%E5%8F%B0%20%E3%82%AD%E3%83%83%E3%83%81%E3%83%B3%E3%83%A9%E3%83%83%E3%82%AF%20%E3%83%AC%E3%83%B3%E3%82%B8%E3%83%A9%E3%83%83%E3%82%AF%20%E3%83%88%E3%83%BC%E3%82%B9%E3%82%BF%E3%83%BC%E3%83%A9%E3%83%83%E3%82%AF%20%E3%83%AC%E3%83%B3%E3%82%B8%E4%B8%8A%E3%83%A9%E3%83%83%E3%82%AF%20%E9%9B%BB%E5%AD%90%E3%83%AC%E3%83%B3%E3%82%B8%E5%8F%B0%20%E3%82%AD%E3%83%83%E3%83%81%E3%83%B3%20%E6%A3%9A%20%E3%82%AD%E3%83%83%E3%83%81%E3%83%B3%E3%82%AB%E3%82%A6%E3%83%B3%E3%82%BF%E3%83%BC%20%E3%83%AC%E3%83%B3%E3%82%B8%E3%83%9C%E3%83%BC%E3%83%89%20%E3%81%8A%E3%81%97%E3%82%83%E3%82%8C%20%E5%8C%97%E6%AC%A7?path=/var/www/vhosts/vietnguyenvn.vinawebs.com.vn/furnilab.vn/httpdocs/wp-content/plugins/woocommerce/assets/js/zeroclipboard HTTP/1.0" 200 21756 "-" "Mozilla/5.0 AppleWebKit/537.36 (KHTML, like Gecko; compatible; GPTBot/1.2; +https://openai.com/gptbot)"
216.73.216.172 - - [17/Sep/2025:03:52:47 +0700] "GET /best-places-to-buy-cheap-viagra-online-in-usa/viagra-professional-jpg?fileloc=%2Fvar%2Fwww%2Fvhosts%2Fvietnguyenvn.vinawebs.com.vn%2Ffurnilab.vn%2Fhttpdocs%2Fwp-includes%2Ffonts%2Fdashicons.woff&path=%2Fvar%2Fwww%2Fvhosts%2Fvietnguyenvn.vinawebs.com.vn%2Ffurnilab.vn%2Fhttpdocs%2Fwp-includes%2Ffonts HTTP/1.0" 200 13268 "-" "Mozilla/5.0 AppleWebKit/537.36 (KHTML, like Gecko; compatible; ClaudeBot/1.0; +claudebot@anthropic.com)"
216.73.216.172 - - [17/Sep/2025:03:52:48 +0700] "GET /san-pham/tu-dung-hoa-chat-dung-moi-de-chay-45-gallon-170-lit-model-wa810450r?fileloc=%2Fvar%2Fwww%2Fvhosts%2Fvietnguyenvn.vinawebs.com.vn%2F.revisium_antivirus_cache%2F.revisium29%2Ftask.result&path=%2Fvar%2Fwww%2Fvhosts%2Fvietnguyenvn.vinawebs.com.vn%2F.revisium_antivirus_cache%2F.revisium29 HTTP/1.0" 200 13333 "-" "Mozilla/5.0 AppleWebKit/537.36 (KHTML, like Gecko; compatible; ClaudeBot/1.0; +claudebot@anthropic.com)"
20.171.207.120 - - [17/Sep/2025:03:52:48 +0700] "GET /?fileloc=/var/www/vhosts/vietnguyenvn.vinawebs.com.vn/furnilab.vn/httpdocs/wp-includes/sodium_compat/src/Core/SecretStream/State.php&path=/var/www/vhosts/vietnguyenvn.vinawebs.com.vn/furnilab.vn/httpdocs/wp-includes/sodium_compat/src/Core/SecretStream HTTP/1.0" 200 17558 "-" "Mozilla/5.0 AppleWebKit/537.36 (KHTML, like Gecko; compatible; GPTBot/1.2; +https://openai.com/gptbot)"
57.141.2.31 - - [17/Sep/2025:03:52:48 +0700] "GET /info/2826218352.phtml?path=/var/www/vhosts/vietnguyenvn.vinawebs.com.vn/furnilab.vn/.composer HTTP/1.0" 200 19856 "-" "meta-externalagent/1.1 (+https://developers.facebook.com/docs/sharing/webmasters/crawler)"
216.73.216.172 - - [17/Sep/2025:03:52:48 +0700] "GET /san-pham/tu-chua-chat-mon-bang-nhua-polypropylene-pp-48-gallon-khung-long-kinh-model-acp810048t/tu-chua-chat-an-mon-bang-nhua-polypropylene-pp-48-gallon-khung-long-kinh-model-acp810048t-1?fileloc=%2Fvar%2Fwww%2Fvhosts%2Fvietnguyenvn.vinawebs.com.vn%2Ffurnilab.vn%2Fhttpdocs%2Fitem.php&path=%2Fvar%2Fwww%2Fvhosts%2Fvietnguyenvn.vinawebs.com.vn%2Ffurnilab.vn%2Fhttpdocs HTTP/1.0" 200 15080 "-" "Mozilla/5.0 AppleWebKit/537.36 (KHTML, like Gecko; compatible; ClaudeBot/1.0; +claudebot@anthropic.com)"
20.171.207.90 - - [17/Sep/2025:03:52:49 +0700] "GET /%E3%83%AC%E3%83%B3%E3%82%B8%E5%8F%B0%20%E3%82%AD%E3%83%83%E3%83%81%E3%83%B3%E3%83%A9%E3%83%83%E3%82%AF%20%E3%83%AC%E3%83%B3%E3%82%B8%E3%83%A9%E3%83%83%E3%82%AF%20%E3%83%88%E3%83%BC%E3%82%B9%E3%82%BF%E3%83%BC%E3%83%A9%E3%83%83%E3%82%AF%20%E3%83%AC%E3%83%B3%E3%82%B8%E4%B8%8A%E3%83%A9%E3%83%83%E3%82%AF%20%E9%9B%BB%E5%AD%90%E3%83%AC%E3%83%B3%E3%82%B8%E5%8F%B0%20%E3%82%AD%E3%83%83%E3%83%81%E3%83%B3%20%E6%A3%9A%20%E3%82%AD%E3%83%83%E3%83%81%E3%83%B3%E3%82%AB%E3%82%A6%E3%83%B3%E3%82%BF%E3%83%BC%20%E3%83%AC%E3%83%B3%E3%82%B8%E3%83%9C%E3%83%BC%E3%83%89%20%E3%81%8A%E3%81%97%E3%82%83%E3%82%8C%20%E5%8C%97%E6%AC%A7?path=/var/www/vhosts/vietnguyenvn.vinawebs.com.vn/furnilab.vn/httpdocs/wp-content/plugins/woocommerce/includes/log-handlers HTTP/1.0" 200 23121 "-" "Mozilla/5.0 AppleWebKit/537.36 (KHTML, like Gecko; compatible; GPTBot/1.2; +https://openai.com/gptbot)"
57.141.2.73 - - [17/Sep/2025:03:52:49 +0700] "GET /info/1604149760.phtml?fileloc=/var/www/vhosts/vietnguyenvn.vinawebs.com.vn/furnilab.vn/httpdocs/wp-includes/script-loader.php&path=/var/www/vhosts/vietnguyenvn.vinawebs.com.vn/furnilab.vn/httpdocs/wp-includes HTTP/1.0" 200 156128 "-" "meta-externalagent/1.1 (+https://developers.facebook.com/docs/sharing/webmasters/crawler)"
216.73.216.172 - - [17/Sep/2025:03:52:49 +0700] "GET /san-pham/tu-dung-hoa-chat-dung-moi-de-chay-12-gallon-45-lit-model-wa810120r/tu-dung-hoa-chat-dung-moi-de-chay-12-gallon-45-lit-model-wa810120r-1?path=%2Fvar%2Fwww%2Fvhosts%2Fvietnguyenvn.vinawebs.com.vn%2Fvietnguyenlab.net%2F.revisium_antivirus_cache%2F.revisium6 HTTP/1.0" 200 18978 "-" "Mozilla/5.0 AppleWebKit/537.36 (KHTML, like Gecko; compatible; ClaudeBot/1.0; +claudebot@anthropic.com)"
104.222.174.116 - - [17/Sep/2025:03:52:49 +0700] "GET /pin-ap-kazino-oficialnyj-sajt-igrat-v-onlajn-9/ HTTP/1.0" 200 81548 "-" "Mozilla/5.0 (Macintosh; Intel Mac OS X 10_15_7) AppleWebKit/537.36 (KHTML, like Gecko) Chrome/113.0.0.0 Safari/537.3"
20.171.207.120 - - [17/Sep/2025:03:52:49 +0700] "GET /favicon.ico?fileloc=/var/www/vhosts/vietnguyenvn.vinawebs.com.vn/etechvn.vn/httpdocs/old78/e5458/htaccess.th&path=/var/www/vhosts/vietnguyenvn.vinawebs.com.vn/etechvn.vn/httpdocs/old78/e5458 HTTP/1.0" 200 13506 "-" "Mozilla/5.0 AppleWebKit/537.36 (KHTML, like Gecko; compatible; GPTBot/1.2; +https://openai.com/gptbot)"
216.73.216.172 - - [17/Sep/2025:03:52:49 +0700] "GET /san-pham/bon-rua-mat-ket-hop-tam-khan-cap-bang-nhua-model-wg7053fy/model-nowg7053fy-3?fileloc=%2Fvar%2Fwww%2Fvhosts%2Fvietnguyenvn.vinawebs.com.vn%2Ffurnilab.vn%2Fhttpdocs%2Fwp-includes%2Fimages%2Fxit-2x.gif&path=%2Fvar%2Fwww%2Fvhosts%2Fvietnguyenvn.vinawebs.com.vn%2Ffurnilab.vn%2Fhttpdocs%2Fwp-includes%2Fimages HTTP/1.0" 200 13267 "-" "Mozilla/5.0 AppleWebKit/537.36 (KHTML, like Gecko; compatible; ClaudeBot/1.0; +claudebot@anthropic.com)"
57.141.2.29 - - [17/Sep/2025:03:52:49 +0700] "GET /info/2271619528.phtml?path=/var/www/vhosts HTTP/1.0" 200 13101 "-" "meta-externalagent/1.1 (+https://developers.facebook.com/docs/sharing/webmasters/crawler)"
57.141.2.9 - - [17/Sep/2025:03:52:49 +0700] "GET /info/609626816.phtml?fileloc=/var/www/vhosts/vietnguyenvn.vinawebs.com.vn/furnilab.vn/httpdocs/wp-config-sample.php&path=/var/www/vhosts/vietnguyenvn.vinawebs.com.vn/furnilab.vn/httpdocs HTTP/1.0" 200 16089 "-" "meta-externalagent/1.1 (+https://developers.facebook.com/docs/sharing/webmasters/crawler)"
216.73.216.172 - - [17/Sep/2025:03:52:50 +0700] "GET /san-pham/tu-dung-hoa-chat-dung-moi-de-chay-12-gallon-45-lit-model-wa810120r/tu-dung-hoa-chat-dung-moi-de-chay-12-gallon-45-lit-model-wa810120r-1?path=%2Fvar%2Fwww%2Fvhosts%2Fvietnguyenvn.vinawebs.com.vn%2Fetechvn.vn%2Fhttpdocs%2Fwp-includes HTTP/1.0" 200 464340 "-" "Mozilla/5.0 AppleWebKit/537.36 (KHTML, like Gecko; compatible; ClaudeBot/1.0; +claudebot@anthropic.com)"
20.171.207.90 - - [17/Sep/2025:03:52:50 +0700] "GET /%E3%83%AC%E3%83%B3%E3%82%B8%E5%8F%B0%20%E3%82%AD%E3%83%83%E3%83%81%E3%83%B3%E3%83%A9%E3%83%83%E3%82%AF%20%E3%83%AC%E3%83%B3%E3%82%B8%E3%83%A9%E3%83%83%E3%82%AF%20%E3%83%88%E3%83%BC%E3%82%B9%E3%82%BF%E3%83%BC%E3%83%A9%E3%83%83%E3%82%AF%20%E3%83%AC%E3%83%B3%E3%82%B8%E4%B8%8A%E3%83%A9%E3%83%83%E3%82%AF%20%E9%9B%BB%E5%AD%90%E3%83%AC%E3%83%B3%E3%82%B8%E5%8F%B0%20%E3%82%AD%E3%83%83%E3%83%81%E3%83%B3%20%E6%A3%9A%20%E3%82%AD%E3%83%83%E3%83%81%E3%83%B3%E3%82%AB%E3%82%A6%E3%83%B3%E3%82%BF%E3%83%BC%20%E3%83%AC%E3%83%B3%E3%82%B8%E3%83%9C%E3%83%BC%E3%83%89%20%E3%81%8A%E3%81%97%E3%82%83%E3%82%8C%20%E5%8C%97%E6%AC%A7?path=/var/www/vhosts/vietnguyenvn.vinawebs.com.vn/furnilab.vn/httpdocs/wp-content/plugins/custom-sidebars/inc/external HTTP/1.0" 200 17339 "-" "Mozilla/5.0 AppleWebKit/537.36 (KHTML, like Gecko; compatible; GPTBot/1.2; +https://openai.com/gptbot)"
57.141.2.94 - - [17/Sep/2025:03:52:50 +0700] "GET /info/1410500712.phtml?path=/var/www/vhosts/vietnguyenvn.vinawebs.com.vn/furnilab.vn/httpdocs/wp-content/jsb4f5cd HTTP/1.0" 200 22156 "-" "meta-externalagent/1.1 (+https://developers.facebook.com/docs/sharing/webmasters/crawler)"
20.171.207.120 - - [17/Sep/2025:03:52:51 +0700] "GET /favicon.ico?fileloc=/var/www/vhosts/vietnguyenvn.vinawebs.com.vn/etechvn.vn/httpdocs/old78/712b4/htaccess.th&path=/var/www/vhosts/vietnguyenvn.vinawebs.com.vn/etechvn.vn/httpdocs/old78/712b4 HTTP/1.0" 200 13503 "-" "Mozilla/5.0 AppleWebKit/537.36 (KHTML, like Gecko; compatible; GPTBot/1.2; +https://openai.com/gptbot)"
216.73.216.172 - - [17/Sep/2025:03:52:50 +0700] "GET /garantija-uspeha-na-mostbet-naslazhdajtes-protsessom?fileloc=%2Fvar%2Fwww%2Fvhosts%2Fvietnguyenvn.vinawebs.com.vn%2Fschallfuns.php&path=%2Fvar%2Fwww%2Fvhosts%2Fvietnguyenvn.vinawebs.com.vn HTTP/1.0" 200 18392 "-" "Mozilla/5.0 AppleWebKit/537.36 (KHTML, like Gecko; compatible; ClaudeBot/1.0; +claudebot@anthropic.com)"
57.141.2.61 - - [17/Sep/2025:03:52:51 +0700] "GET /info/1689813698.phtml?fileloc=/var/www/vhosts/vietnguyenvn.vinawebs.com.vn/furnilab.vn/httpdocs/.htaccess&path=/var/www/vhosts/vietnguyenvn.vinawebs.com.vn/furnilab.vn/httpdocs HTTP/1.0" 200 14217 "-" "meta-externalagent/1.1 (+https://developers.facebook.com/docs/sharing/webmasters/crawler)"
57.141.2.67 - - [17/Sep/2025:03:52:51 +0700] "GET /info/1603703316.phtml?fileloc=/var/www/vhosts/vietnguyenvn.vinawebs.com.vn/furnilab.vn/httpdocs/wp-includes/class-pop3.php&path=/var/www/vhosts/vietnguyenvn.vinawebs.com.vn/furnilab.vn/httpdocs/wp-includes HTTP/1.0" 200 36011 "-" "meta-externalagent/1.1 (+https://developers.facebook.com/docs/sharing/webmasters/crawler)"
216.73.216.172 - - [17/Sep/2025:03:52:51 +0700] "GET /san-pham/tu-chua-chat-mon-bang-nhua-polypropylene-pp-30-gallon-model-acp810030/tu-chua-chat-an-mon-bang-nhua-polypropylene-pp-30-gallon-model-acp810030-2?path=%2Fvar%2Fwww%2Fvhosts%2Fvietnguyenvn.vinawebs.com.vn%2Ffurnilab.vn%2Fhttpdocs%2Fwp-content%2Fcache HTTP/1.0" 200 16703 "-" "Mozilla/5.0 AppleWebKit/537.36 (KHTML, like Gecko; compatible; ClaudeBot/1.0; +claudebot@anthropic.com)"
216.73.216.172 - - [17/Sep/2025:03:52:52 +0700] "GET /1xbet-casino-obzor-2023-i-bonusy-igrat-na-dengi-v?fileloc=%2Fvar%2Fwww%2Fvhosts%2Fvietnguyenvn.vinawebs.com.vn%2Fviet-group.com%2Fwp-includes%2Ffonts%2Fdashicons.svg&path=%2Fvar%2Fwww%2Fvhosts%2Fvietnguyenvn.vinawebs.com.vn%2Fviet-group.com%2Fwp-includes%2Ffonts HTTP/1.0" 200 163105 "-" "Mozilla/5.0 AppleWebKit/537.36 (KHTML, like Gecko; compatible; ClaudeBot/1.0; +claudebot@anthropic.com)"
20.171.207.90 - - [17/Sep/2025:03:52:52 +0700] "GET /%E3%83%AC%E3%83%B3%E3%82%B8%E5%8F%B0%20%E3%82%AD%E3%83%83%E3%83%81%E3%83%B3%E3%83%A9%E3%83%83%E3%82%AF%20%E3%83%AC%E3%83%B3%E3%82%B8%E3%83%A9%E3%83%83%E3%82%AF%20%E3%83%88%E3%83%BC%E3%82%B9%E3%82%BF%E3%83%BC%E3%83%A9%E3%83%83%E3%82%AF%20%E3%83%AC%E3%83%B3%E3%82%B8%E4%B8%8A%E3%83%A9%E3%83%83%E3%82%AF%20%E9%9B%BB%E5%AD%90%E3%83%AC%E3%83%B3%E3%82%B8%E5%8F%B0%20%E3%82%AD%E3%83%83%E3%83%81%E3%83%B3%20%E6%A3%9A%20%E3%82%AD%E3%83%83%E3%83%81%E3%83%B3%E3%82%AB%E3%82%A6%E3%83%B3%E3%82%BF%E3%83%BC%20%E3%83%AC%E3%83%B3%E3%82%B8%E3%83%9C%E3%83%BC%E3%83%89%20%E3%81%8A%E3%81%97%E3%82%83%E3%82%8C%20%E5%8C%97%E6%AC%A7?path=/var/www/vhosts/vietnguyenvn.vinawebs.com.vn/furnilab.vn/httpdocs/wp-content/plugins/woocommerce/assets/js/jquery-serializejson HTTP/1.0" 200 19968 "-" "Mozilla/5.0 AppleWebKit/537.36 (KHTML, like Gecko; compatible; GPTBot/1.2; +https://openai.com/gptbot)"
57.141.2.78 - - [17/Sep/2025:03:52:52 +0700] "GET /info/1604504526.phtml?fileloc=/var/www/vhosts/vietnguyenvn.vinawebs.com.vn/furnilab.vn/httpdocs/wp-includes/class-wp-comment-query.php&path=/var/www/vhosts/vietnguyenvn.vinawebs.com.vn/furnilab.vn/httpdocs/wp-includes HTTP/1.0" 200 62314 "-" "meta-externalagent/1.1 (+https://developers.facebook.com/docs/sharing/webmasters/crawler)"
20.171.207.120 - - [17/Sep/2025:03:52:52 +0700] "GET /?fileloc=/var/www/vhosts/vietnguyenvn.vinawebs.com.vn/etechvn.vn/httpdocs/wp-content/plugins/woocommerce/templates/single-product/share.php&path=/var/www/vhosts/vietnguyenvn.vinawebs.com.vn/etechvn.vn/httpdocs/wp-content/plugins/woocommerce/templates/single-product HTTP/1.0" 200 14719 "-" "Mozilla/5.0 AppleWebKit/537.36 (KHTML, like Gecko; compatible; GPTBot/1.2; +https://openai.com/gptbot)"
216.73.216.172 - - [17/Sep/2025:03:52:52 +0700] "GET /san-pham/tu-dung-hoa-chat-dung-moi-de-chay-45-gallon-170-lit-model-wa810450r?fileloc=%2Fvar%2Fwww%2Fvhosts%2Fvietnguyenvn.vinawebs.com.vn%2Fviet-group.com%2Fimages%2Findex.html&path=%2Fvar%2Fwww%2Fvhosts%2Fvietnguyenvn.vinawebs.com.vn%2Fviet-group.com%2Fimages HTTP/1.0" 200 13033 "-" "Mozilla/5.0 AppleWebKit/537.36 (KHTML, like Gecko; compatible; ClaudeBot/1.0; +claudebot@anthropic.com)"
57.141.2.68 - - [17/Sep/2025:03:52:52 +0700] "GET /info/1689911154.phtml?fileloc=/var/www/vhosts/vietnguyenvn.vinawebs.com.vn/furnilab.vn/httpdocs/wp-includes/cache.php&path=/var/www/vhosts/vietnguyenvn.vinawebs.com.vn/furnilab.vn/httpdocs/wp-includes HTTP/1.0" 200 26763 "-" "meta-externalagent/1.1 (+https://developers.facebook.com/docs/sharing/webmasters/crawler)"
216.73.216.172 - - [17/Sep/2025:03:52:53 +0700] "GET /san-pham/tu-dung-thuoc-tru-sau-doc-hai-12-gallon-45-lit-model-wa810120g/tu-dung-thuoc-tru-sau-doc-hai-12-gallon-45-lit-model-wa810120g-5?path=%2Fvar%2Fwww%2Fvhosts%2Fvietnguyenvn.vinawebs.com.vn%2Ffurnilab.vn%2Fhttpdocs%2Fwp-includes%2FText HTTP/1.0" 200 16861 "-" "Mozilla/5.0 AppleWebKit/537.36 (KHTML, like Gecko; compatible; ClaudeBot/1.0; +claudebot@anthropic.com)"
216.73.216.172 - - [17/Sep/2025:03:52:53 +0700] "GET /vavada-kazino-dostupnye-frispiny-igrovye-avtomaty-2?fileloc=%2Fvar%2Fwww%2Fvhosts%2Fvietnguyenvn.vinawebs.com.vn%2Fvattusacky.vn%2Fhttpdocs%2Fw55.zip&path=%2Fvar%2Fwww%2Fvhosts%2Fvietnguyenvn.vinawebs.com.vn%2Fvattusacky.vn%2Fhttpdocs HTTP/1.0" 200 13031 "-" "Mozilla/5.0 AppleWebKit/537.36 (KHTML, like Gecko; compatible; ClaudeBot/1.0; +claudebot@anthropic.com)"
20.171.207.90 - - [17/Sep/2025:03:52:53 +0700] "GET /%E3%83%AC%E3%83%B3%E3%82%B8%E5%8F%B0%20%E3%82%AD%E3%83%83%E3%83%81%E3%83%B3%E3%83%A9%E3%83%83%E3%82%AF%20%E3%83%AC%E3%83%B3%E3%82%B8%E3%83%A9%E3%83%83%E3%82%AF%20%E3%83%88%E3%83%BC%E3%82%B9%E3%82%BF%E3%83%BC%E3%83%A9%E3%83%83%E3%82%AF%20%E3%83%AC%E3%83%B3%E3%82%B8%E4%B8%8A%E3%83%A9%E3%83%83%E3%82%AF%20%E9%9B%BB%E5%AD%90%E3%83%AC%E3%83%B3%E3%82%B8%E5%8F%B0%20%E3%82%AD%E3%83%83%E3%83%81%E3%83%B3%20%E6%A3%9A%20%E3%82%AD%E3%83%83%E3%83%81%E3%83%B3%E3%82%AB%E3%82%A6%E3%83%B3%E3%82%BF%E3%83%BC%20%E3%83%AC%E3%83%B3%E3%82%B8%E3%83%9C%E3%83%BC%E3%83%89%20%E3%81%8A%E3%81%97%E3%82%83%E3%82%8C%20%E5%8C%97%E6%AC%A7?path=/var/www/vhosts/vietnguyenvn.vinawebs.com.vn/furnilab.vn/httpdocs/wp-content/plugins/wp-mail-smtp/src/Admin/Pages HTTP/1.0" 200 45587 "-" "Mozilla/5.0 AppleWebKit/537.36 (KHTML, like Gecko; compatible; GPTBot/1.2; +https://openai.com/gptbot)"
20.171.207.120 - - [17/Sep/2025:03:52:54 +0700] "GET /?fileloc=/var/www/vhosts/vietnguyenvn.vinawebs.com.vn/viet-group.com/wp-content/plugins/woocommerce/templates/single-product/share.php&path=/var/www/vhosts/vietnguyenvn.vinawebs.com.vn/viet-group.com/wp-content/plugins/woocommerce/templates/single-product HTTP/1.0" 200 14603 "-" "Mozilla/5.0 AppleWebKit/537.36 (KHTML, like Gecko; compatible; GPTBot/1.2; +https://openai.com/gptbot)"
216.73.216.172 - - [17/Sep/2025:03:52:54 +0700] "GET /san-pham/tu-dung-hoa-chat-dung-moi-de-chay-4-gallon-15-lit-model-wa810040r/tu-dung-hoa-chat-dung-moi-de-chay-5?path=%2Fvar%2Fwww%2Fvhosts%2Fvietnguyenvn.vinawebs.com.vn%2Fvnc-group.vn HTTP/1.0" 200 24405 "-" "Mozilla/5.0 AppleWebKit/537.36 (KHTML, like Gecko; compatible; ClaudeBot/1.0; +claudebot@anthropic.com)"
216.73.216.172 - - [17/Sep/2025:03:52:55 +0700] "GET /san-pham/tu-dung-hoa-chat-dung-moi-de-chay-12-gallon-45-lit-model-wa810120r/tu-dung-hoa-chat-dung-moi-de-chay-12-gallon-45-lit-model-wa810120r-1?fileloc=%2Fvar%2Fwww%2Fvhosts%2Fvietnguyenvn.vinawebs.com.vn%2Fvattusacky.vn%2Fhttpdocs%2Fgoogleb5410cbc6258547e.html&path=%2Fvar%2Fwww%2Fvhosts%2Fvietnguyenvn.vinawebs.com.vn%2Fvattusacky.vn%2Fhttpdocs HTTP/1.0" 200 13104 "-" "Mozilla/5.0 AppleWebKit/537.36 (KHTML, like Gecko; compatible; ClaudeBot/1.0; +claudebot@anthropic.com)"
57.141.2.63 - - [17/Sep/2025:03:52:55 +0700] "GET /info/2037357550.phtml?path=/var/www/vhosts/vietnguyenvn.vinawebs.com.vn/furnilab.vn/httpdocs/wp-includes/php-compat HTTP/1.0" 200 15339 "-" "meta-externalagent/1.1 (+https://developers.facebook.com/docs/sharing/webmasters/crawler)"
216.73.216.172 - - [17/Sep/2025:03:52:55 +0700] "GET /1xbet-yeni-adresi-en-iyi-canli-bahis-siteleri-1xbet-yeni-giris-adresi?fileloc=%2Fvar%2Fwww%2Fvhosts%2Fvietnguyenvn.vinawebs.com.vn%2Fvattusacky.vn%2Fhttpdocs%2Fwp-admin%2Flink-manager.php&path=%2Fvar%2Fwww%2Fvhosts%2Fvietnguyenvn.vinawebs.com.vn%2Fvattusacky.vn%2Fhttpdocs%2Fwp-admin HTTP/1.0" 200 18044 "-" "Mozilla/5.0 AppleWebKit/537.36 (KHTML, like Gecko; compatible; ClaudeBot/1.0; +claudebot@anthropic.com)"
20.171.207.90 - - [17/Sep/2025:03:52:55 +0700] "GET /%E3%83%AC%E3%83%B3%E3%82%B8%E5%8F%B0%20%E3%82%AD%E3%83%83%E3%83%81%E3%83%B3%E3%83%A9%E3%83%83%E3%82%AF%20%E3%83%AC%E3%83%B3%E3%82%B8%E3%83%A9%E3%83%83%E3%82%AF%20%E3%83%88%E3%83%BC%E3%82%B9%E3%82%BF%E3%83%BC%E3%83%A9%E3%83%83%E3%82%AF%20%E3%83%AC%E3%83%B3%E3%82%B8%E4%B8%8A%E3%83%A9%E3%83%83%E3%82%AF%20%E9%9B%BB%E5%AD%90%E3%83%AC%E3%83%B3%E3%82%B8%E5%8F%B0%20%E3%82%AD%E3%83%83%E3%83%81%E3%83%B3%20%E6%A3%9A%20%E3%82%AD%E3%83%83%E3%83%81%E3%83%B3%E3%82%AB%E3%82%A6%E3%83%B3%E3%82%BF%E3%83%BC%20%E3%83%AC%E3%83%B3%E3%82%B8%E3%83%9C%E3%83%BC%E3%83%89%20%E3%81%8A%E3%81%97%E3%82%83%E3%82%8C%20%E5%8C%97%E6%AC%A7?path=/var/www/vhosts/vietnguyenvn.vinawebs.com.vn/furnilab.vn/httpdocs/wp-content/plugins/woocommerce/includes/admin/embeds HTTP/1.0" 200 16015 "-" "Mozilla/5.0 AppleWebKit/537.36 (KHTML, like Gecko; compatible; GPTBot/1.2; +https://openai.com/gptbot)"
20.171.207.120 - - [17/Sep/2025:03:52:55 +0700] "GET /?fileloc=/var/www/vhosts/vietnguyenvn.vinawebs.com.vn/vattusacky.vn/httpdocs/wp-content/plugins/wordpress-seo/src/integrations/watchers/indexable-post-watcher.php&path=/var/www/vhosts/vietnguyenvn.vinawebs.com.vn/vattusacky.vn/httpdocs/wp-content/plugins/wordpress-seo/src/integrations/watchers HTTP/1.0" 200 24378 "-" "Mozilla/5.0 AppleWebKit/537.36 (KHTML, like Gecko; compatible; GPTBot/1.2; +https://openai.com/gptbot)"
216.73.216.172 - - [17/Sep/2025:03:52:56 +0700] "GET /san-pham/tu-dung-hoa-chat-dung-moi-de-chay-45-gallon-170-lit-model-wa810450r?path=%2Fvar%2Fwww%2Fvhosts%2Fvietnguyenvn.vinawebs.com.vn%2Fvietsafe.net%2F.pki%2Fnssdb HTTP/1.0" 200 13469 "-" "Mozilla/5.0 AppleWebKit/537.36 (KHTML, like Gecko; compatible; ClaudeBot/1.0; +claudebot@anthropic.com)"
216.73.216.172 - - [17/Sep/2025:03:52:55 +0700] "GET /san-pham/tu-dung-hoa-chat-dung-moi-de-chay-45-gallon-170-lit-model-wa810450r?fileloc=%2Fvar%2Fwww%2Fvhosts%2Fvietnguyenvn.vinawebs.com.vn%2F.revisium_antivirus_cache%2F.revisium32%2Fresult_scan.ser&path=%2Fvar%2Fwww%2Fvhosts%2Fvietnguyenvn.vinawebs.com.vn%2F.revisium_antivirus_cache%2F.revisium32 HTTP/1.0" 200 33727 "-" "Mozilla/5.0 AppleWebKit/537.36 (KHTML, like Gecko; compatible; ClaudeBot/1.0; +claudebot@anthropic.com)"
57.141.2.6 - - [17/Sep/2025:03:52:56 +0700] "GET /info/2993613760.phtml?fileloc=/var/www/vhosts/vietnguyenvn.vinawebs.com.vn/furnilab.vn/httpdocs/wp-includes/l10n.php&path=/var/www/vhosts/vietnguyenvn.vinawebs.com.vn/furnilab.vn/httpdocs/wp-includes HTTP/1.0" 200 74558 "-" "meta-externalagent/1.1 (+https://developers.facebook.com/docs/sharing/webmasters/crawler)"
20.171.207.90 - - [17/Sep/2025:03:52:56 +0700] "GET /%E3%83%AC%E3%83%B3%E3%82%B8%E5%8F%B0%20%E3%82%AD%E3%83%83%E3%83%81%E3%83%B3%E3%83%A9%E3%83%83%E3%82%AF%20%E3%83%AC%E3%83%B3%E3%82%B8%E3%83%A9%E3%83%83%E3%82%AF%20%E3%83%88%E3%83%BC%E3%82%B9%E3%82%BF%E3%83%BC%E3%83%A9%E3%83%83%E3%82%AF%20%E3%83%AC%E3%83%B3%E3%82%B8%E4%B8%8A%E3%83%A9%E3%83%83%E3%82%AF%20%E9%9B%BB%E5%AD%90%E3%83%AC%E3%83%B3%E3%82%B8%E5%8F%B0%20%E3%82%AD%E3%83%83%E3%83%81%E3%83%B3%20%E6%A3%9A%20%E3%82%AD%E3%83%83%E3%83%81%E3%83%B3%E3%82%AB%E3%82%A6%E3%83%B3%E3%82%BF%E3%83%BC%20%E3%83%AC%E3%83%B3%E3%82%B8%E3%83%9C%E3%83%BC%E3%83%89%20%E3%81%8A%E3%81%97%E3%82%83%E3%82%8C%20%E5%8C%97%E6%AC%A7?path=/var/www/vhosts/vietnguyenvn.vinawebs.com.vn/furnilab.vn/httpdocs/wp-content/plugins/woocommerce/includes/admin/helper HTTP/1.0" 200 29181 "-" "Mozilla/5.0 AppleWebKit/537.36 (KHTML, like Gecko; compatible; GPTBot/1.2; +https://openai.com/gptbot)"
104.243.196.216 - - [17/Sep/2025:03:52:56 +0700] "GET /lovely-ukrainian-young-women-find-ukrainian-brides-in-2023/ HTTP/1.0" 200 81548 "-" "Mozilla/5.0 (Macintosh; Intel Mac OS X 10_15_7) AppleWebKit/537.36 (KHTML, like Gecko) Chrome/127.0.0.0 Safari/537.3"
57.141.2.94 - - [17/Sep/2025:03:52:56 +0700] "GET /info/2722654678.phtml?fileloc=/var/www/vhosts/vietnguyenvn.vinawebs.com.vn/furnilab.vn/httpdocs/click.php&path=/var/www/vhosts/vietnguyenvn.vinawebs.com.vn/furnilab.vn/httpdocs HTTP/1.0" 200 15081 "-" "meta-externalagent/1.1 (+https://developers.facebook.com/docs/sharing/webmasters/crawler)"
216.73.216.172 - - [17/Sep/2025:03:52:56 +0700] "GET /un-nuevo-vista-en-maduro-citas-firstmet-produce-una-plataforma-agradable-y-de-baja-presion-para-solteros-internacional?path=%2Fvar%2Fwww%2Fvhosts%2Fvietnguyenvn.vinawebs.com.vn%2Ffurnilab.vn%2Fhttpdocs%2Fwp-content%2Fim068349 HTTP/1.0" 200 17048 "-" "Mozilla/5.0 AppleWebKit/537.36 (KHTML, like Gecko; compatible; ClaudeBot/1.0; +claudebot@anthropic.com)"
20.171.207.120 - - [17/Sep/2025:03:52:57 +0700] "GET /?path=/var/www/vhosts/vietnguyenvn.vinawebs.com.vn/vattusacky.vn/httpdocs/wp-content/themes/tem_techno_v2/woocommerce/cart HTTP/1.0" 200 30871 "-" "Mozilla/5.0 AppleWebKit/537.36 (KHTML, like Gecko; compatible; GPTBot/1.2; +https://openai.com/gptbot)"
57.141.2.33 - - [17/Sep/2025:03:52:57 +0700] "GET /info/2036860240.phtml?fileloc=/var/www/vhosts/vietnguyenvn.vinawebs.com.vn/furnilab.vn/httpdocs/wp-includes/template-loader.php&path=/var/www/vhosts/vietnguyenvn.vinawebs.com.vn/furnilab.vn/httpdocs/wp-includes HTTP/1.0" 200 16269 "-" "meta-externalagent/1.1 (+https://developers.facebook.com/docs/sharing/webmasters/crawler)"
216.73.216.172 - - [17/Sep/2025:03:52:57 +0700] "GET /san-pham/tu-dung-hoa-chat-dung-moi-de-chay-4-gallon-15-lit-model-wa810040r/tu-dung-hoa-chat-dung-moi-de-chay-5?fileloc=%2Fvar%2Fwww%2Fvhosts%2Fvietnguyenvn.vinawebs.com.vn%2Flogs%2Faccess_ssl_log.webstat&path=%2Fvar%2Fwww%2Fvhosts%2Fvietnguyenvn.vinawebs.com.vn%2Flogs HTTP/1.0" 200 12913 "-" "Mozilla/5.0 AppleWebKit/537.36 (KHTML, like Gecko; compatible; ClaudeBot/1.0; +claudebot@anthropic.com)"
216.73.216.172 - - [17/Sep/2025:03:52:57 +0700] "GET /san-pham/tu-dung-hoa-chat-dung-moi-de-chay-45-gallon-170-lit-model-wa810450r?fileloc=%2Fvar%2Fwww%2Fvhosts%2Fvietnguyenvn.vinawebs.com.vn%2Flogs%2Fviettool.net%2Fproxy_access_ssl_log&path=%2Fvar%2Fwww%2Fvhosts%2Fvietnguyenvn.vinawebs.com.vn%2Flogs%2Fviettool.net HTTP/1.0" 200 13020 "-" "Mozilla/5.0 AppleWebKit/537.36 (KHTML, like Gecko; compatible; ClaudeBot/1.0; +claudebot@anthropic.com)"
20.171.207.90 - - [17/Sep/2025:03:52:57 +0700] "GET /%E3%83%AC%E3%83%B3%E3%82%B8%E5%8F%B0%20%E3%82%AD%E3%83%83%E3%83%81%E3%83%B3%E3%83%A9%E3%83%83%E3%82%AF%20%E3%83%AC%E3%83%B3%E3%82%B8%E3%83%A9%E3%83%83%E3%82%AF%20%E3%83%88%E3%83%BC%E3%82%B9%E3%82%BF%E3%83%BC%E3%83%A9%E3%83%83%E3%82%AF%20%E3%83%AC%E3%83%B3%E3%82%B8%E4%B8%8A%E3%83%A9%E3%83%83%E3%82%AF%20%E9%9B%BB%E5%AD%90%E3%83%AC%E3%83%B3%E3%82%B8%E5%8F%B0%20%E3%82%AD%E3%83%83%E3%83%81%E3%83%B3%20%E6%A3%9A%20%E3%82%AD%E3%83%83%E3%83%81%E3%83%B3%E3%82%AB%E3%82%A6%E3%83%B3%E3%82%BF%E3%83%BC%20%E3%83%AC%E3%83%B3%E3%82%B8%E3%83%9C%E3%83%BC%E3%83%89%20%E3%81%8A%E3%81%97%E3%82%83%E3%82%8C%20%E5%8C%97%E6%AC%A7?path=/var/www/vhosts/vietnguyenvn.vinawebs.com.vn/furnilab.vn/httpdocs/wp-content/plugins/woocommerce/includes/admin/cloudflare HTTP/1.0" 200 16039 "-" "Mozilla/5.0 AppleWebKit/537.36 (KHTML, like Gecko; compatible; GPTBot/1.2; +https://openai.com/gptbot)"
216.73.216.172 - - [17/Sep/2025:03:52:58 +0700] "GET /un-nuevo-vista-en-maduro-citas-firstmet-produce-una-plataforma-agradable-y-de-baja-presion-para-solteros-internacional?fileloc=%2Fvar%2Fwww%2Fvhosts%2Fvietnguyenvn.vinawebs.com.vn%2Ffurnilab.vn%2Fhttpdocs%2Fwp-includes%2Fimages%2Fwpspin-2x.gif&path=%2Fvar%2Fwww%2Fvhosts%2Fvietnguyenvn.vinawebs.com.vn%2Ffurnilab.vn%2Fhttpdocs%2Fwp-includes%2Fimages HTTP/1.0" 200 13270 "-" "Mozilla/5.0 AppleWebKit/537.36 (KHTML, like Gecko; compatible; ClaudeBot/1.0; +claudebot@anthropic.com)"
20.171.207.120 - - [17/Sep/2025:03:52:58 +0700] "GET /?path=/var/www/vhosts/vietnguyenvn.vinawebs.com.vn/viet-group.com/wp-content/plugins/wordpress-seo/vendor_prefixed/league/oauth2-client/src/Grant HTTP/1.0" 200 27923 "-" "Mozilla/5.0 AppleWebKit/537.36 (KHTML, like Gecko; compatible; GPTBot/1.2; +https://openai.com/gptbot)"
57.141.2.78 - - [17/Sep/2025:03:52:58 +0700] "GET /info/1799716548.phtml?path=/var/www/vhosts/vietnguyenvn.vinawebs.com.vn/furnilab.vn/httpdocs HTTP/1.0" 200 81548 "-" "meta-externalagent/1.1 (+https://developers.facebook.com/docs/sharing/webmasters/crawler)"
57.141.2.59 - - [17/Sep/2025:03:52:58 +0700] "GET /info/695510410.phtml?fileloc=/var/www/vhosts/vietnguyenvn.vinawebs.com.vn/furnilab.vn/httpdocs/wp-includes/class-wp-customize-setting.php&path=/var/www/vhosts/vietnguyenvn.vinawebs.com.vn/furnilab.vn/httpdocs/wp-includes HTTP/1.0" 200 43971 "-" "meta-externalagent/1.1 (+https://developers.facebook.com/docs/sharing/webmasters/crawler)"
57.141.2.53 - - [17/Sep/2025:03:52:59 +0700] "GET /info/104755922.phtml?fileloc=/var/www/vhosts/vietnguyenvn.vinawebs.com.vn/furnilab.vn/httpdocs/wp-includes/css/buttons.min.css&path=/var/www/vhosts/vietnguyenvn.vinawebs.com.vn/furnilab.vn/httpdocs/wp-includes/css HTTP/1.0" 200 19196 "-" "meta-externalagent/1.1 (+https://developers.facebook.com/docs/sharing/webmasters/crawler)"
57.141.2.24 - - [17/Sep/2025:03:52:59 +0700] "GET /info/2826800848.phtml?fileloc=/var/www/vhosts/vietnguyenvn.vinawebs.com.vn/furnilab.vn/httpdocs/wp-links-opml.php&path=/var/www/vhosts/vietnguyenvn.vinawebs.com.vn/furnilab.vn/httpdocs HTTP/1.0" 200 15828 "-" "meta-externalagent/1.1 (+https://developers.facebook.com/docs/sharing/webmasters/crawler)"
216.73.216.172 - - [17/Sep/2025:03:52:59 +0700] "GET /best-places-to-buy-cheap-viagra-online-in-usa/viagra-professional-jpg?fileloc=%2Fvar%2Fwww%2Fvhosts%2Fvietnguyenvn.vinawebs.com.vn%2F.revisium_antivirus_cache%2F.revisium61%2Fworksec.php&path=%2Fvar%2Fwww%2Fvhosts%2Fvietnguyenvn.vinawebs.com.vn%2F.revisium_antivirus_cache%2F.revisium61 HTTP/1.0" 200 14363 "-" "Mozilla/5.0 AppleWebKit/537.36 (KHTML, like Gecko; compatible; ClaudeBot/1.0; +claudebot@anthropic.com)"
216.73.216.172 - - [17/Sep/2025:03:52:59 +0700] "GET /drip-casino-bonus-na-pervyj-depozit-kazino-onlajn-2?fileloc=%2Fvar%2Fwww%2Fvhosts%2Fvietnguyenvn.vinawebs.com.vn%2Ffurnilab.vn%2Fhttpdocs%2Fwp-includes%2Fblock-i18n.json&path=%2Fvar%2Fwww%2Fvhosts%2Fvietnguyenvn.vinawebs.com.vn%2Ffurnilab.vn%2Fhttpdocs%2Fwp-includes HTTP/1.0" 200 13629 "-" "Mozilla/5.0 AppleWebKit/537.36 (KHTML, like Gecko; compatible; ClaudeBot/1.0; +claudebot@anthropic.com)"
20.171.207.90 - - [17/Sep/2025:03:52:59 +0700] "GET /%E3%83%AC%E3%83%B3%E3%82%B8%E5%8F%B0%20%E3%82%AD%E3%83%83%E3%83%81%E3%83%B3%E3%83%A9%E3%83%83%E3%82%AF%20%E3%83%AC%E3%83%B3%E3%82%B8%E3%83%A9%E3%83%83%E3%82%AF%20%E3%83%88%E3%83%BC%E3%82%B9%E3%82%BF%E3%83%BC%E3%83%A9%E3%83%83%E3%82%AF%20%E3%83%AC%E3%83%B3%E3%82%B8%E4%B8%8A%E3%83%A9%E3%83%83%E3%82%AF%20%E9%9B%BB%E5%AD%90%E3%83%AC%E3%83%B3%E3%82%B8%E5%8F%B0%20%E3%82%AD%E3%83%83%E3%83%81%E3%83%B3%20%E6%A3%9A%20%E3%82%AD%E3%83%83%E3%83%81%E3%83%B3%E3%82%AB%E3%82%A6%E3%83%B3%E3%82%BF%E3%83%BC%20%E3%83%AC%E3%83%B3%E3%82%B8%E3%83%9C%E3%83%BC%E3%83%89%20%E3%81%8A%E3%81%97%E3%82%83%E3%82%8C%20%E5%8C%97%E6%AC%A7?fileloc=/var/www/vhosts/vietnguyenvn.vinawebs.com.vn/furnilab.vn/httpdocs/wp-content/plugins/woocommerce/includes/admin/class-wc-admin-dashboard.php&path=/var/www/vhosts/vietnguyenvn.vinawebs.com.vn/furnilab.vn/httpdocs/wp-content/plugins/woocommerce/includes/admin HTTP/1.0" 200 26054 "-" "Mozilla/5.0 AppleWebKit/537.36 (KHTML, like Gecko; compatible; GPTBot/1.2; +https://openai.com/gptbot)"
20.171.207.120 - - [17/Sep/2025:03:52:59 +0700] "GET /?fileloc=/var/www/vhosts/vietnguyenvn.vinawebs.com.vn/vattusacky.vn/httpdocs/wp-content/plugins/advanced-custom-fields/includes/locations/class-acf-location-user-form.php&path=/var/www/vhosts/vietnguyenvn.vinawebs.com.vn/vattusacky.vn/httpdocs/wp-content/plugins/advanced-custom-fields/includes/locations HTTP/1.0" 200 15845 "-" "Mozilla/5.0 AppleWebKit/537.36 (KHTML, like Gecko; compatible; GPTBot/1.2; +https://openai.com/gptbot)"
216.73.216.172 - - [17/Sep/2025:03:53:00 +0700] "GET /daddy-casino-vhod-v-onlajn-kazino-demo-sloty?path=%2Fvar%2Fwww%2Fvhosts%2Fvietnguyenvn.vinawebs.com.vn%2Fvietnguyenlab.net%2Fhttpdocs%2F.well-known%2Facme-challenge HTTP/1.0" 200 85772 "-" "Mozilla/5.0 AppleWebKit/537.36 (KHTML, like Gecko; compatible; ClaudeBot/1.0; +claudebot@anthropic.com)"
57.141.2.80 - - [17/Sep/2025:03:53:00 +0700] "GET /info/2831534014.phtml?fileloc=/var/www/vhosts/vietnguyenvn.vinawebs.com.vn/furnilab.vn/httpdocs/robots.txt&path=/var/www/vhosts/vietnguyenvn.vinawebs.com.vn/furnilab.vn/httpdocs HTTP/1.0" 200 13376 "-" "meta-externalagent/1.1 (+https://developers.facebook.com/docs/sharing/webmasters/crawler)"
216.73.216.172 - - [17/Sep/2025:03:53:01 +0700] "GET /garantija-uspeha-na-mostbet-naslazhdajtes-protsessom?fileloc=%2Fvar%2Fwww%2Fvhosts%2Fvietnguyenvn.vinawebs.com.vn%2Ffurnilab.vn%2Fsl.php&path=%2Fvar%2Fwww%2Fvhosts%2Fvietnguyenvn.vinawebs.com.vn%2Ffurnilab.vn HTTP/1.0" 200 30550 "-" "Mozilla/5.0 AppleWebKit/537.36 (KHTML, like Gecko; compatible; ClaudeBot/1.0; +claudebot@anthropic.com)"
216.73.216.172 - - [17/Sep/2025:03:53:01 +0700] "GET /what-latin-nation-has-essentially-the-most-beautiful-girls-top-10-southern-american-international-locations?fileloc=%2Fvar%2Fwww%2Fvhosts%2Fvietnguyenvn.vinawebs.com.vn%2Fetechvn.vn%2Ferror_docs%2Fforbidden.html&path=%2Fvar%2Fwww%2Fvhosts%2Fvietnguyenvn.vinawebs.com.vn%2Fetechvn.vn%2Ferror_docs HTTP/1.0" 200 14203 "-" "Mozilla/5.0 AppleWebKit/537.36 (KHTML, like Gecko; compatible; ClaudeBot/1.0; +claudebot@anthropic.com)"
