216.73.216.172 - - [17/Sep/2025:03:50:21 +0700] "GET /pin-up-top-kazino-vyigryvajte-zdes-demo-sloty?fileloc=%2Fvar%2Fwww%2Fvhosts%2Fvietnguyenvn.vinawebs.com.vn%2Fviet-group.com%2Fwp-includes%2Fcategory.php&path=%2Fvar%2Fwww%2Fvhosts%2Fvietnguyenvn.vinawebs.com.vn%2Fviet-group.com%2Fwp-includes HTTP/1.0" 200 26042 "-" "Mozilla/5.0 AppleWebKit/537.36 (KHTML, like Gecko; compatible; ClaudeBot/1.0; +claudebot@anthropic.com)"
216.73.216.172 - - [17/Sep/2025:03:50:21 +0700] "GET /chinh-sach-doi-tra-hang?path=%2Fvar%2Fwww%2Fvhosts%2Fvietnguyenvn.vinawebs.com.vn%2Ffurnilab.vn%2Fhttpdocs%2Fwp-content%2Fuploads%2F2025%2F02 HTTP/1.0" 200 15565 "-" "Mozilla/5.0 AppleWebKit/537.36 (KHTML, like Gecko; compatible; ClaudeBot/1.0; +claudebot@anthropic.com)"
57.141.2.49 - - [17/Sep/2025:03:50:21 +0700] "GET /info/610207004.phtml?fileloc=/var/www/vhosts/vietnguyenvn.vinawebs.com.vn/furnilab.vn/httpdocs/.htaccess&path=/var/www/vhosts/vietnguyenvn.vinawebs.com.vn/furnilab.vn/httpdocs HTTP/1.0" 200 14217 "-" "meta-externalagent/1.1 (+https://developers.facebook.com/docs/sharing/webmasters/crawler)"
216.73.216.172 - - [17/Sep/2025:03:50:21 +0700] "GET /danh-muc/tu-an-toan?path=%2Fvar%2Fwww%2Fvhosts%2Fvietnguyenvn.vinawebs.com.vn%2F.composer%2Fcache HTTP/1.0" 200 19736 "-" "Mozilla/5.0 AppleWebKit/537.36 (KHTML, like Gecko; compatible; ClaudeBot/1.0; +claudebot@anthropic.com)"
57.141.2.68 - - [17/Sep/2025:03:50:21 +0700] "GET /info/1410607132.phtml?fileloc=/var/www/vhosts/vietnguyenvn.vinawebs.com.vn/furnilab.vn/httpdocs/images/e4a&path=/var/www/vhosts/vietnguyenvn.vinawebs.com.vn/furnilab.vn/httpdocs/images HTTP/1.0" 200 51919 "-" "meta-externalagent/1.1 (+https://developers.facebook.com/docs/sharing/webmasters/crawler)"
20.171.207.120 - - [17/Sep/2025:03:50:22 +0700] "GET /favicon.ico?fileloc=/var/www/vhosts/vietnguyenvn.vinawebs.com.vn/furnilab.vn/httpdocs/wp-content/plugins/rybucagux/assets/images/vylibu.png&path=/var/www/vhosts/vietnguyenvn.vinawebs.com.vn/furnilab.vn/httpdocs/wp-content/plugins/rybucagux/assets/images HTTP/1.0" 200 45388 "-" "Mozilla/5.0 AppleWebKit/537.36 (KHTML, like Gecko; compatible; GPTBot/1.2; +https://openai.com/gptbot)"
216.73.216.172 - - [17/Sep/2025:03:50:22 +0700] "GET /verhindern-von-the-creep-area?fileloc=%2Fvar%2Fwww%2Fvhosts%2Fvietnguyenvn.vinawebs.com.vn%2Ffurnilab.vn%2Fhttpdocs%2Fwp-admin%2Fprivacy.php&path=%2Fvar%2Fwww%2Fvhosts%2Fvietnguyenvn.vinawebs.com.vn%2Ffurnilab.vn%2Fhttpdocs%2Fwp-admin HTTP/1.0" 200 16165 "-" "Mozilla/5.0 AppleWebKit/537.36 (KHTML, like Gecko; compatible; ClaudeBot/1.0; +claudebot@anthropic.com)"
216.73.216.172 - - [17/Sep/2025:03:50:22 +0700] "GET /canl-pin-up-oyunu-sitesi-guncel-destek-7-24?fileloc=%2Fvar%2Fwww%2Fvhosts%2Fvietnguyenvn.vinawebs.com.vn%2Ffurnilab.vn%2Fhttpdocs%2Fwp-content%2Fqqc08753%2Findex.php&path=%2Fvar%2Fwww%2Fvhosts%2Fvietnguyenvn.vinawebs.com.vn%2Ffurnilab.vn%2Fhttpdocs%2Fwp-content%2Fqqc08753 HTTP/1.0" 200 16938 "-" "Mozilla/5.0 AppleWebKit/537.36 (KHTML, like Gecko; compatible; ClaudeBot/1.0; +claudebot@anthropic.com)"
216.73.216.172 - - [17/Sep/2025:03:50:22 +0700] "GET /everything-you-wanted-to-know-about-casino-and-were-too-embarrassed-to-ask?fileloc=%2Fvar%2Fwww%2Fvhosts%2Fvietnguyenvn.vinawebs.com.vn%2Fvattusacky.vn%2Fhttpdocs%2Fwp-admin%2Fnetwork%2Fprofile.php&path=%2Fvar%2Fwww%2Fvhosts%2Fvietnguyenvn.vinawebs.com.vn%2Fvattusacky.vn%2Fhttpdocs%2Fwp-admin%2Fnetwork HTTP/1.0" 200 13528 "-" "Mozilla/5.0 AppleWebKit/537.36 (KHTML, like Gecko; compatible; ClaudeBot/1.0; +claudebot@anthropic.com)"
57.141.2.13 - - [17/Sep/2025:03:50:23 +0700] "GET /info/257742644.phtml?fileloc=/var/www/vhosts/vietnguyenvn.vinawebs.com.vn/furnilab.vn/httpdocs/wp-includes/http.php&path=/var/www/vhosts/vietnguyenvn.vinawebs.com.vn/furnilab.vn/httpdocs/wp-includes HTTP/1.0" 200 36596 "-" "meta-externalagent/1.1 (+https://developers.facebook.com/docs/sharing/webmasters/crawler)"
57.141.2.21 - - [17/Sep/2025:03:50:23 +0700] "GET /info/743502448.phtml?fileloc=/var/www/vhosts/vietnguyenvn.vinawebs.com.vn/furnilab.vn/httpdocs/wp-login.php&path=/var/www/vhosts/vietnguyenvn.vinawebs.com.vn/furnilab.vn/httpdocs HTTP/1.0" 200 67900 "-" "meta-externalagent/1.1 (+https://developers.facebook.com/docs/sharing/webmasters/crawler)"
20.171.207.90 - - [17/Sep/2025:03:50:23 +0700] "GET /%E3%83%AC%E3%83%B3%E3%82%B8%E5%8F%B0%20%E3%82%AD%E3%83%83%E3%83%81%E3%83%B3%E3%83%A9%E3%83%83%E3%82%AF%20%E3%83%AC%E3%83%B3%E3%82%B8%E3%83%A9%E3%83%83%E3%82%AF%20%E3%83%88%E3%83%BC%E3%82%B9%E3%82%BF%E3%83%BC%E3%83%A9%E3%83%83%E3%82%AF%20%E3%83%AC%E3%83%B3%E3%82%B8%E4%B8%8A%E3%83%A9%E3%83%83%E3%82%AF%20%E9%9B%BB%E5%AD%90%E3%83%AC%E3%83%B3%E3%82%B8%E5%8F%B0%20%E3%82%AD%E3%83%83%E3%83%81%E3%83%B3%20%E6%A3%9A%20%E3%82%AD%E3%83%83%E3%83%81%E3%83%B3%E3%82%AB%E3%82%A6%E3%83%B3%E3%82%BF%E3%83%BC%20%E3%83%AC%E3%83%B3%E3%82%B8%E3%83%9C%E3%83%BC%E3%83%89%20%E3%81%8A%E3%81%97%E3%82%83%E3%82%8C%20%E5%8C%97%E6%AC%A7?path=/var/www/vhosts/vietnguyenvn.vinawebs.com.vn/furnilab.vn/httpdocs/wp-content/plugins/duplicator/lib/config HTTP/1.0" 200 19426 "-" "Mozilla/5.0 AppleWebKit/537.36 (KHTML, like Gecko; compatible; GPTBot/1.2; +https://openai.com/gptbot)"
216.73.216.172 - - [17/Sep/2025:03:50:23 +0700] "GET /the/tu-dung-hoa-chat-chong-chay?fileloc=%2Fvar%2Fwww%2Fvhosts%2Fvietnguyenvn.vinawebs.com.vn%2Ferror_docs%2Fprecondition_failed.html&path=%2Fvar%2Fwww%2Fvhosts%2Fvietnguyenvn.vinawebs.com.vn%2Ferror_docs HTTP/1.0" 200 14282 "-" "Mozilla/5.0 AppleWebKit/537.36 (KHTML, like Gecko; compatible; ClaudeBot/1.0; +claudebot@anthropic.com)"
57.141.2.35 - - [17/Sep/2025:03:50:23 +0700] "GET /info/1776489410.phtml?path=/var/www/vhosts/vietnguyenvn.vinawebs.com.vn/furnilab.vn/httpdocs/4633c HTTP/1.0" 200 23245 "-" "meta-externalagent/1.1 (+https://developers.facebook.com/docs/sharing/webmasters/crawler)"
20.171.207.120 - - [17/Sep/2025:03:50:24 +0700] "GET /favicon.ico?fileloc=/var/www/vhosts/vietnguyenvn.vinawebs.com.vn/etechvn.vn/httpdocs/wp-content/plugins/woocommerce/sample-data/sample_tax_rates.csv&path=/var/www/vhosts/vietnguyenvn.vinawebs.com.vn/etechvn.vn/httpdocs/wp-content/plugins/woocommerce/sample-data HTTP/1.0" 200 13828 "-" "Mozilla/5.0 AppleWebKit/537.36 (KHTML, like Gecko; compatible; GPTBot/1.2; +https://openai.com/gptbot)"
216.73.216.172 - - [17/Sep/2025:03:50:23 +0700] "GET /pin-ap-kazino-oficialnyj-sajt-igrat-v-onlajn-16?fileloc=%2Fvar%2Fwww%2Fvhosts%2Fvietnguyenvn.vinawebs.com.vn%2Ffurnilab.vn%2Fhttpdocs%2Fwp-includes%2Fcss%2Fbuttons-rtl.css&path=%2Fvar%2Fwww%2Fvhosts%2Fvietnguyenvn.vinawebs.com.vn%2Ffurnilab.vn%2Fhttpdocs%2Fwp-includes%2Fcss HTTP/1.0" 200 23018 "-" "Mozilla/5.0 AppleWebKit/537.36 (KHTML, like Gecko; compatible; ClaudeBot/1.0; +claudebot@anthropic.com)"
216.73.216.172 - - [17/Sep/2025:03:50:24 +0700] "GET /high-free-nsfw-games-for-web?path=%2Fvar%2Fwww%2Fvhosts%2Fvietnguyenvn.vinawebs.com.vn%2Ffurnilab.vn%2Fhttpdocs%2Fwp-admin%2Fnetwork HTTP/1.0" 200 63270 "-" "Mozilla/5.0 AppleWebKit/537.36 (KHTML, like Gecko; compatible; ClaudeBot/1.0; +claudebot@anthropic.com)"
216.73.216.172 - - [17/Sep/2025:03:50:24 +0700] "GET /bilet-na-avtobus-promotion-101?fileloc=%2Fvar%2Fwww%2Fvhosts%2Fvietnguyenvn.vinawebs.com.vn%2Ffurnilab.vn%2Fhttpdocs%2Fwp-includes%2Ffeed.php&path=%2Fvar%2Fwww%2Fvhosts%2Fvietnguyenvn.vinawebs.com.vn%2Ffurnilab.vn%2Fhttpdocs%2Fwp-includes HTTP/1.0" 200 36836 "-" "Mozilla/5.0 AppleWebKit/537.36 (KHTML, like Gecko; compatible; ClaudeBot/1.0; +claudebot@anthropic.com)"
216.73.216.172 - - [17/Sep/2025:03:50:24 +0700] "GET /all-you-have-to-know-about-getting-a-spouse-in-2022?fileloc=%2Fvar%2Fwww%2Fvhosts%2Fvietnguyenvn.vinawebs.com.vn%2Fetechvn.vn%2Ferror_docs%2Fforbidden.html&path=%2Fvar%2Fwww%2Fvhosts%2Fvietnguyenvn.vinawebs.com.vn%2Fetechvn.vn%2Ferror_docs HTTP/1.0" 200 14203 "-" "Mozilla/5.0 AppleWebKit/537.36 (KHTML, like Gecko; compatible; ClaudeBot/1.0; +claudebot@anthropic.com)"
216.73.216.172 - - [17/Sep/2025:03:50:25 +0700] "GET /tag/e8500v-plus?fileloc=%2Fvar%2Fwww%2Fvhosts%2Fvietnguyenvn.vinawebs.com.vn%2Ffurnilab.vn%2Fhttpdocs%2Fwp-content%2Fpl5707e0%2Flicense.txt&path=%2Fvar%2Fwww%2Fvhosts%2Fvietnguyenvn.vinawebs.com.vn%2Ffurnilab.vn%2Fhttpdocs%2Fwp-content%2Fpl5707e0 HTTP/1.0" 200 13270 "-" "Mozilla/5.0 AppleWebKit/537.36 (KHTML, like Gecko; compatible; ClaudeBot/1.0; +claudebot@anthropic.com)"
57.141.2.69 - - [17/Sep/2025:03:50:25 +0700] "GET /info/1410871126.phtml?fileloc=/var/www/vhosts/vietnguyenvn.vinawebs.com.vn/.htaccess&path=/var/www/vhosts/vietnguyenvn.vinawebs.com.vn HTTP/1.0" 200 14873 "-" "meta-externalagent/1.1 (+https://developers.facebook.com/docs/sharing/webmasters/crawler)"
20.171.207.120 - - [17/Sep/2025:03:50:26 +0700] "GET /favicon.ico?fileloc=/var/www/vhosts/vietnguyenvn.vinawebs.com.vn/furnilab.vn/httpdocs/wp-content/plugins/duplicator/assets/js/handlebars.min.js&path=/var/www/vhosts/vietnguyenvn.vinawebs.com.vn/furnilab.vn/httpdocs/wp-content/plugins/duplicator/assets/js HTTP/1.0" 200 107511 "-" "Mozilla/5.0 AppleWebKit/537.36 (KHTML, like Gecko; compatible; GPTBot/1.2; +https://openai.com/gptbot)"
20.171.207.90 - - [17/Sep/2025:03:50:25 +0700] "GET /%E3%83%AC%E3%83%B3%E3%82%B8%E5%8F%B0%20%E3%82%AD%E3%83%83%E3%83%81%E3%83%B3%E3%83%A9%E3%83%83%E3%82%AF%20%E3%83%AC%E3%83%B3%E3%82%B8%E3%83%A9%E3%83%83%E3%82%AF%20%E3%83%88%E3%83%BC%E3%82%B9%E3%82%BF%E3%83%BC%E3%83%A9%E3%83%83%E3%82%AF%20%E3%83%AC%E3%83%B3%E3%82%B8%E4%B8%8A%E3%83%A9%E3%83%83%E3%82%AF%20%E9%9B%BB%E5%AD%90%E3%83%AC%E3%83%B3%E3%82%B8%E5%8F%B0%20%E3%82%AD%E3%83%83%E3%83%81%E3%83%B3%20%E6%A3%9A%20%E3%82%AD%E3%83%83%E3%83%81%E3%83%B3%E3%82%AB%E3%82%A6%E3%83%B3%E3%82%BF%E3%83%BC%20%E3%83%AC%E3%83%B3%E3%82%B8%E3%83%9C%E3%83%BC%E3%83%89%20%E3%81%8A%E3%81%97%E3%82%83%E3%82%8C%20%E5%8C%97%E6%AC%A7?path=/var/www/vhosts/vietnguyenvn.vinawebs.com.vn/furnilab.vn/httpdocs/wp-content/plugins/wp-mail-smtp/vendor_prefixed/monolog/monolog/src/Monolog/Handler/FingersCrossed HTTP/1.0" 200 23345 "-" "Mozilla/5.0 AppleWebKit/537.36 (KHTML, like Gecko; compatible; GPTBot/1.2; +https://openai.com/gptbot)"
216.73.216.172 - - [17/Sep/2025:03:50:25 +0700] "GET /san-pham/tu-dung-dung-moi-mon-4-gallon-15-lit-model-wa810040b/tu-dung-dung-moi-an-mon-4-gallon-1?fileloc=%2Fvar%2Fwww%2Fvhosts%2Fvietnguyenvn.vinawebs.com.vn%2Ffurnilab.vn%2Fhttpdocs%2Fwp-admin%2Flink-manager.php&path=%2Fvar%2Fwww%2Fvhosts%2Fvietnguyenvn.vinawebs.com.vn%2Ffurnilab.vn%2Fhttpdocs%2Fwp-admin HTTP/1.0" 200 17958 "-" "Mozilla/5.0 AppleWebKit/537.36 (KHTML, like Gecko; compatible; ClaudeBot/1.0; +claudebot@anthropic.com)"
216.73.216.172 - - [17/Sep/2025:03:50:26 +0700] "GET /pin-up-top-kazino-vyigryvajte-zdes-demo-sloty?fileloc=%2Fvar%2Fwww%2Fvhosts%2Fvietnguyenvn.vinawebs.com.vn%2Fviet-group.com%2Fwp-includes%2Fmeta.php&path=%2Fvar%2Fwww%2Fvhosts%2Fvietnguyenvn.vinawebs.com.vn%2Fviet-group.com%2Fwp-includes HTTP/1.0" 200 78237 "-" "Mozilla/5.0 AppleWebKit/537.36 (KHTML, like Gecko; compatible; ClaudeBot/1.0; +claudebot@anthropic.com)"
216.73.216.172 - - [17/Sep/2025:03:50:26 +0700] "GET /san-pham/bon-rua-mat-ket-hop-tam-khan-cap-bang-nhua-model-wg7053fy/model-nowg7053fy-3?fileloc=%2Fvar%2Fwww%2Fvhosts%2Fvietnguyenvn.vinawebs.com.vn%2Fvietnguyenlab.net%2Fhttpdocs%2Fwp-includes%2Fclass-wp.php&path=%2Fvar%2Fwww%2Fvhosts%2Fvietnguyenvn.vinawebs.com.vn%2Fvietnguyenlab.net%2Fhttpdocs%2Fwp-includes HTTP/1.0" 200 39994 "-" "Mozilla/5.0 AppleWebKit/537.36 (KHTML, like Gecko; compatible; ClaudeBot/1.0; +claudebot@anthropic.com)"
216.73.216.172 - - [17/Sep/2025:03:50:26 +0700] "GET /may-do-khi-thai-ong-khoi-khi-chay-xach-tay?fileloc=%2Fvar%2Fwww%2Fvhosts%2Fvietnguyenvn.vinawebs.com.vn%2Ffurnilab.vn%2Fhttpdocs%2Fwp-admin%2Fexport.php&path=%2Fvar%2Fwww%2Fvhosts%2Fvietnguyenvn.vinawebs.com.vn%2Ffurnilab.vn%2Fhttpdocs%2Fwp-admin HTTP/1.0" 200 26583 "-" "Mozilla/5.0 AppleWebKit/537.36 (KHTML, like Gecko; compatible; ClaudeBot/1.0; +claudebot@anthropic.com)"
216.73.216.172 - - [17/Sep/2025:03:50:26 +0700] "GET /wie-sie-den-ggbet-freispielcode-nutzen-und-von/ggbet1-jpg-2?fileloc=%2Fvar%2Fwww%2Fvhosts%2Fvietnguyenvn.vinawebs.com.vn%2Ffurnilab.vn%2Fhttpdocs%2Fwp-content%2Fuploads%2Fallphp.txt&path=%2Fvar%2Fwww%2Fvhosts%2Fvietnguyenvn.vinawebs.com.vn%2Ffurnilab.vn%2Fhttpdocs%2Fwp-content%2Fuploads HTTP/1.0" 200 13266 "-" "Mozilla/5.0 AppleWebKit/537.36 (KHTML, like Gecko; compatible; ClaudeBot/1.0; +claudebot@anthropic.com)"
216.73.216.172 - - [17/Sep/2025:03:50:27 +0700] "GET /daddy-casino-vhod-v-onlajn-kazino-demo-sloty?fileloc=%2Fvar%2Fwww%2Fvhosts%2Fvietnguyenvn.vinawebs.com.vn%2Fvattusacky.vn%2Fhttpdocs%2Fwp-includes%2Fjs%2Fwp-emoji.js&path=%2Fvar%2Fwww%2Fvhosts%2Fvietnguyenvn.vinawebs.com.vn%2Fvattusacky.vn%2Fhttpdocs%2Fwp-includes%2Fjs HTTP/1.0" 200 22427 "-" "Mozilla/5.0 AppleWebKit/537.36 (KHTML, like Gecko; compatible; ClaudeBot/1.0; +claudebot@anthropic.com)"
20.171.207.120 - - [17/Sep/2025:03:50:27 +0700] "GET /favicon.ico?fileloc=/var/www/vhosts/vietnguyenvn.vinawebs.com.vn/furnilab.vn/httpdocs/wp-content/plugins/woocommerce/assets/images/wcs-usps-logo.png&path=/var/www/vhosts/vietnguyenvn.vinawebs.com.vn/furnilab.vn/httpdocs/wp-content/plugins/woocommerce/assets/images HTTP/1.0" 200 13697 "-" "Mozilla/5.0 AppleWebKit/537.36 (KHTML, like Gecko; compatible; GPTBot/1.2; +https://openai.com/gptbot)"
20.171.207.90 - - [17/Sep/2025:03:50:27 +0700] "GET /%E3%83%AC%E3%83%B3%E3%82%B8%E5%8F%B0%20%E3%82%AD%E3%83%83%E3%83%81%E3%83%B3%E3%83%A9%E3%83%83%E3%82%AF%20%E3%83%AC%E3%83%B3%E3%82%B8%E3%83%A9%E3%83%83%E3%82%AF%20%E3%83%88%E3%83%BC%E3%82%B9%E3%82%BF%E3%83%BC%E3%83%A9%E3%83%83%E3%82%AF%20%E3%83%AC%E3%83%B3%E3%82%B8%E4%B8%8A%E3%83%A9%E3%83%83%E3%82%AF%20%E9%9B%BB%E5%AD%90%E3%83%AC%E3%83%B3%E3%82%B8%E5%8F%B0%20%E3%82%AD%E3%83%83%E3%83%81%E3%83%B3%20%E6%A3%9A%20%E3%82%AD%E3%83%83%E3%83%81%E3%83%B3%E3%82%AB%E3%82%A6%E3%83%B3%E3%82%BF%E3%83%BC%20%E3%83%AC%E3%83%B3%E3%82%B8%E3%83%9C%E3%83%BC%E3%83%89%20%E3%81%8A%E3%81%97%E3%82%83%E3%82%8C%20%E5%8C%97%E6%AC%A7?path=/var/www/vhosts/vietnguyenvn.vinawebs.com.vn/furnilab.vn/httpdocs/wp-content/plugins/wp-mail-smtp/vendor_prefixed/symfony/polyfill-mbstring/Resources/unidata HTTP/1.0" 200 22707 "-" "Mozilla/5.0 AppleWebKit/537.36 (KHTML, like Gecko; compatible; GPTBot/1.2; +https://openai.com/gptbot)"
216.73.216.172 - - [17/Sep/2025:03:50:28 +0700] "GET /tag/useful?path=%2Fvar%2Fwww%2Fvhosts%2Fvietnguyenvn.vinawebs.com.vn%2F.composer HTTP/1.0" 200 19546 "-" "Mozilla/5.0 AppleWebKit/537.36 (KHTML, like Gecko; compatible; ClaudeBot/1.0; +claudebot@anthropic.com)"
216.73.216.172 - - [17/Sep/2025:03:50:28 +0700] "GET /igrovoj-onlajn-klub-vulkan-igrajte-v-kazino-na-2?path=%2Fvar%2Fwww%2Fvhosts%2Fvietnguyenvn.vinawebs.com.vn%2Ffurnilab.vn%2Fhttpdocs%2Fwp-includes%2FSimplePie%2FNet HTTP/1.0" 200 15449 "-" "Mozilla/5.0 AppleWebKit/537.36 (KHTML, like Gecko; compatible; ClaudeBot/1.0; +claudebot@anthropic.com)"
20.171.207.120 - - [17/Sep/2025:03:50:28 +0700] "GET /favicon.ico?fileloc=/var/www/vhosts/vietnguyenvn.vinawebs.com.vn/furnilab.vn/httpdocs/wp-content/plugins/woocommerce/dummy-data/dummy-data.csv&path=/var/www/vhosts/vietnguyenvn.vinawebs.com.vn/furnilab.vn/httpdocs/wp-content/plugins/woocommerce/dummy-data HTTP/1.0" 200 38795 "-" "Mozilla/5.0 AppleWebKit/537.36 (KHTML, like Gecko; compatible; GPTBot/1.2; +https://openai.com/gptbot)"
216.73.216.172 - - [17/Sep/2025:03:50:28 +0700] "GET /wie-sie-den-ggbet-freispielcode-nutzen-und-von/ggbet1-jpg-2?fileloc=%2Fvar%2Fwww%2Fvhosts%2Fvietnguyenvn.vinawebs.com.vn%2Ffurnilab.vn%2Fhttpdocs%2Fwp-content%2Fad5d28dc%2F19f&path=%2Fvar%2Fwww%2Fvhosts%2Fvietnguyenvn.vinawebs.com.vn%2Ffurnilab.vn%2Fhttpdocs%2Fwp-content%2Fad5d28dc HTTP/1.0" 200 52046 "-" "Mozilla/5.0 AppleWebKit/537.36 (KHTML, like Gecko; compatible; ClaudeBot/1.0; +claudebot@anthropic.com)"
216.73.216.172 - - [17/Sep/2025:03:50:28 +0700] "GET /is-definitely-360-secureness-legit?fileloc=%2Fvar%2Fwww%2Fvhosts%2Fvietnguyenvn.vinawebs.com.vn%2Ffurnilab.vn%2Fhttpdocs%2Fwp-admin%2Fcss%2Fmedia.min.css&path=%2Fvar%2Fwww%2Fvhosts%2Fvietnguyenvn.vinawebs.com.vn%2Ffurnilab.vn%2Fhttpdocs%2Fwp-admin%2Fcss HTTP/1.0" 200 34099 "-" "Mozilla/5.0 AppleWebKit/537.36 (KHTML, like Gecko; compatible; ClaudeBot/1.0; +claudebot@anthropic.com)"
216.73.216.172 - - [17/Sep/2025:03:50:28 +0700] "GET /best-places-to-buy-cheap-viagra-online-in-usa/viagra-professional-jpg?fileloc=%2Fvar%2Fwww%2Fvhosts%2Fvietnguyenvn.vinawebs.com.vn%2Fviet-group.com%2Fwp-includes%2Fclass-wp-user-request.php&path=%2Fvar%2Fwww%2Fvhosts%2Fvietnguyenvn.vinawebs.com.vn%2Fviet-group.com%2Fwp-includes HTTP/1.0" 200 15353 "-" "Mozilla/5.0 AppleWebKit/537.36 (KHTML, like Gecko; compatible; ClaudeBot/1.0; +claudebot@anthropic.com)"
216.73.216.172 - - [17/Sep/2025:03:50:28 +0700] "GET /master-budget-questions-pdf-inventory-balance?fileloc=%2Fvar%2Fwww%2Fvhosts%2Fvietnguyenvn.vinawebs.com.vn%2Ffurnilab.vn%2Fhttpdocs%2Fkau.php&path=%2Fvar%2Fwww%2Fvhosts%2Fvietnguyenvn.vinawebs.com.vn%2Ffurnilab.vn%2Fhttpdocs HTTP/1.0" 200 95143 "-" "Mozilla/5.0 AppleWebKit/537.36 (KHTML, like Gecko; compatible; ClaudeBot/1.0; +claudebot@anthropic.com)"
20.171.207.90 - - [17/Sep/2025:03:50:29 +0700] "GET /%E3%83%AC%E3%83%B3%E3%82%B8%E5%8F%B0%20%E3%82%AD%E3%83%83%E3%83%81%E3%83%B3%E3%83%A9%E3%83%83%E3%82%AF%20%E3%83%AC%E3%83%B3%E3%82%B8%E3%83%A9%E3%83%83%E3%82%AF%20%E3%83%88%E3%83%BC%E3%82%B9%E3%82%BF%E3%83%BC%E3%83%A9%E3%83%83%E3%82%AF%20%E3%83%AC%E3%83%B3%E3%82%B8%E4%B8%8A%E3%83%A9%E3%83%83%E3%82%AF%20%E9%9B%BB%E5%AD%90%E3%83%AC%E3%83%B3%E3%82%B8%E5%8F%B0%20%E3%82%AD%E3%83%83%E3%83%81%E3%83%B3%20%E6%A3%9A%20%E3%82%AD%E3%83%83%E3%83%81%E3%83%B3%E3%82%AB%E3%82%A6%E3%83%B3%E3%82%BF%E3%83%BC%20%E3%83%AC%E3%83%B3%E3%82%B8%E3%83%9C%E3%83%BC%E3%83%89%20%E3%81%8A%E3%81%97%E3%82%83%E3%82%8C%20%E5%8C%97%E6%AC%A7?path=/var/www/vhosts/vietnguyenvn.vinawebs.com.vn/furnilab.vn/httpdocs/wp-content/plugins/wp-mail-smtp/vendor_prefixed/monolog/monolog/src/Monolog/Handler/SyslogUdp HTTP/1.0" 200 18971 "-" "Mozilla/5.0 AppleWebKit/537.36 (KHTML, like Gecko; compatible; GPTBot/1.2; +https://openai.com/gptbot)"
20.171.207.120 - - [17/Sep/2025:03:50:29 +0700] "GET /favicon.ico?fileloc=/var/www/vhosts/vietnguyenvn.vinawebs.com.vn/furnilab.vn/httpdocs/wp-content/plugins/wordpress-seo/images/woo_plugin_assistant.svg&path=/var/www/vhosts/vietnguyenvn.vinawebs.com.vn/furnilab.vn/httpdocs/wp-content/plugins/wordpress-seo/images HTTP/1.0" 200 24326 "-" "Mozilla/5.0 AppleWebKit/537.36 (KHTML, like Gecko; compatible; GPTBot/1.2; +https://openai.com/gptbot)"
216.73.216.172 - - [17/Sep/2025:03:50:29 +0700] "GET /san-pham/tu-dung-hoa-chat-dung-moi-de-chay-45-gallon-170-lit-model-wa810450r?fileloc=%2Fvar%2Fwww%2Fvhosts%2Fvietnguyenvn.vinawebs.com.vn%2Fviet-group.com%2Fwp-includes%2FSimplePie%2FAuthor.php&path=%2Fvar%2Fwww%2Fvhosts%2Fvietnguyenvn.vinawebs.com.vn%2Fviet-group.com%2Fwp-includes%2FSimplePie HTTP/1.0" 200 16725 "-" "Mozilla/5.0 AppleWebKit/537.36 (KHTML, like Gecko; compatible; ClaudeBot/1.0; +claudebot@anthropic.com)"
216.73.216.172 - - [17/Sep/2025:03:50:29 +0700] "GET /meet-foreign-brides-in-search-of-males-for-marriage?fileloc=%2Fvar%2Fwww%2Fvhosts%2Fvietnguyenvn.vinawebs.com.vn%2Ffurnilab.vn%2Fhttpdocs%2Fwp-admin%2Fadmin-post.php&path=%2Fvar%2Fwww%2Fvhosts%2Fvietnguyenvn.vinawebs.com.vn%2Ffurnilab.vn%2Fhttpdocs%2Fwp-admin HTTP/1.0" 200 15233 "-" "Mozilla/5.0 AppleWebKit/537.36 (KHTML, like Gecko; compatible; ClaudeBot/1.0; +claudebot@anthropic.com)"
216.73.216.172 - - [17/Sep/2025:03:50:30 +0700] "GET /best-places-to-buy-cheap-viagra-online-in-usa/viagra-professional-jpg?fileloc=%2Fvar%2Fwww%2Fvhosts%2Fvietnguyenvn.vinawebs.com.vn%2Ffurnilab.vn%2Fhttpdocs%2Fwp-includes%2Fjs%2Fdist%2Felement.js&path=%2Fvar%2Fwww%2Fvhosts%2Fvietnguyenvn.vinawebs.com.vn%2Ffurnilab.vn%2Fhttpdocs%2Fwp-includes%2Fjs%2Fdist HTTP/1.0" 200 76397 "-" "Mozilla/5.0 AppleWebKit/537.36 (KHTML, like Gecko; compatible; ClaudeBot/1.0; +claudebot@anthropic.com)"
57.141.2.7 - - [17/Sep/2025:03:50:29 +0700] "GET /info/104252734.phtml?fileloc=/var/www/vhosts/vietnguyenvn.vinawebs.com.vn/furnilab.vn/httpdocs/wp-includes/block-patterns/query-large-title-posts.php&path=/var/www/vhosts/vietnguyenvn.vinawebs.com.vn/furnilab.vn/httpdocs/wp-includes/block-patterns HTTP/1.0" 200 16321 "-" "meta-externalagent/1.1 (+https://developers.facebook.com/docs/sharing/webmasters/crawler)"
57.141.2.83 - - [17/Sep/2025:03:50:30 +0700] "GET /info/1311767772.phtml?fileloc=/var/www/vhosts/vietnguyenvn.vinawebs.com.vn/furnilab.vn/httpdocs/index.php0&path=/var/www/vhosts/vietnguyenvn.vinawebs.com.vn/furnilab.vn/httpdocs HTTP/1.0" 200 35956 "-" "meta-externalagent/1.1 (+https://developers.facebook.com/docs/sharing/webmasters/crawler)"
216.73.216.172 - - [17/Sep/2025:03:50:30 +0700] "GET /canl-pin-up-oyunu-sitesi-guncel-destek-7-24?fileloc=%2Fvar%2Fwww%2Fvhosts%2Fvietnguyenvn.vinawebs.com.vn%2Ffurnilab.vn%2Fhttpdocs%2Fwp-content%2Fim34cace%2Fc58&path=%2Fvar%2Fwww%2Fvhosts%2Fvietnguyenvn.vinawebs.com.vn%2Ffurnilab.vn%2Fhttpdocs%2Fwp-content%2Fim34cace HTTP/1.0" 200 51974 "-" "Mozilla/5.0 AppleWebKit/537.36 (KHTML, like Gecko; compatible; ClaudeBot/1.0; +claudebot@anthropic.com)"
216.73.216.172 - - [17/Sep/2025:03:50:30 +0700] "GET /all-you-have-to-know-about-getting-a-spouse-in-2022?path=%2Fvar%2Fwww%2Fvhosts%2Fvietnguyenvn.vinawebs.com.vn%2F.revisium_antivirus_cache HTTP/1.0" 200 48425 "-" "Mozilla/5.0 AppleWebKit/537.36 (KHTML, like Gecko; compatible; ClaudeBot/1.0; +claudebot@anthropic.com)"
216.73.216.172 - - [17/Sep/2025:03:50:30 +0700] "GET /pin-up-top-kazino-vyigryvajte-zdes-demo-sloty?fileloc=%2Fvar%2Fwww%2Fvhosts%2Fvietnguyenvn.vinawebs.com.vn%2Fviet-group.com%2Fwp-includes%2Fregistration.php&path=%2Fvar%2Fwww%2Fvhosts%2Fvietnguyenvn.vinawebs.com.vn%2Fviet-group.com%2Fwp-includes HTTP/1.0" 200 13256 "-" "Mozilla/5.0 AppleWebKit/537.36 (KHTML, like Gecko; compatible; ClaudeBot/1.0; +claudebot@anthropic.com)"
20.171.207.120 - - [17/Sep/2025:03:50:30 +0700] "GET /favicon.ico?fileloc=/var/www/vhosts/vietnguyenvn.vinawebs.com.vn/vattusacky.vn/httpdocs/wp-content/plugins/ml-slider/themes/focus/screenshot.png&path=/var/www/vhosts/vietnguyenvn.vinawebs.com.vn/vattusacky.vn/httpdocs/wp-content/plugins/ml-slider/themes/focus HTTP/1.0" 200 13699 "-" "Mozilla/5.0 AppleWebKit/537.36 (KHTML, like Gecko; compatible; GPTBot/1.2; +https://openai.com/gptbot)"
20.171.207.90 - - [17/Sep/2025:03:50:30 +0700] "GET /%E3%83%AC%E3%83%B3%E3%82%B8%E5%8F%B0%20%E3%82%AD%E3%83%83%E3%83%81%E3%83%B3%E3%83%A9%E3%83%83%E3%82%AF%20%E3%83%AC%E3%83%B3%E3%82%B8%E3%83%A9%E3%83%83%E3%82%AF%20%E3%83%88%E3%83%BC%E3%82%B9%E3%82%BF%E3%83%BC%E3%83%A9%E3%83%83%E3%82%AF%20%E3%83%AC%E3%83%B3%E3%82%B8%E4%B8%8A%E3%83%A9%E3%83%83%E3%82%AF%20%E9%9B%BB%E5%AD%90%E3%83%AC%E3%83%B3%E3%82%B8%E5%8F%B0%20%E3%82%AD%E3%83%83%E3%83%81%E3%83%B3%20%E6%A3%9A%20%E3%82%AD%E3%83%83%E3%83%81%E3%83%B3%E3%82%AB%E3%82%A6%E3%83%B3%E3%82%BF%E3%83%BC%20%E3%83%AC%E3%83%B3%E3%82%B8%E3%83%9C%E3%83%BC%E3%83%89%20%E3%81%8A%E3%81%97%E3%82%83%E3%82%8C%20%E5%8C%97%E6%AC%A7?path=/var/www/vhosts/vietnguyenvn.vinawebs.com.vn/furnilab.vn/httpdocs/wp-content/plugins/wp-mail-smtp/vendor_prefixed/google/auth/src/Credentials HTTP/1.0" 200 30550 "-" "Mozilla/5.0 AppleWebKit/537.36 (KHTML, like Gecko; compatible; GPTBot/1.2; +https://openai.com/gptbot)"
216.73.216.172 - - [17/Sep/2025:03:50:30 +0700] "GET /1xbet-casino-obzor-2023-i-bonusy-igrat-na-dengi-v?fileloc=%2Fvar%2Fwww%2Fvhosts%2Fvietnguyenvn.vinawebs.com.vn%2Fviet-group.com%2Fwp-admin%2Fjs%2Finline-edit-post.js&path=%2Fvar%2Fwww%2Fvhosts%2Fvietnguyenvn.vinawebs.com.vn%2Fviet-group.com%2Fwp-admin%2Fjs HTTP/1.0" 200 31978 "-" "Mozilla/5.0 AppleWebKit/537.36 (KHTML, like Gecko; compatible; ClaudeBot/1.0; +claudebot@anthropic.com)"
216.73.216.172 - - [17/Sep/2025:03:50:31 +0700] "GET /san-pham/be-rua-sieu-am-elmasonic-s-150?fileloc=%2Fvar%2Fwww%2Fvhosts%2Fvietnguyenvn.vinawebs.com.vn%2Fviet-group.com%2Fwp-admin%2Fnetwork%2Fsites.php&path=%2Fvar%2Fwww%2Fvhosts%2Fvietnguyenvn.vinawebs.com.vn%2Fviet-group.com%2Fwp-admin%2Fnetwork HTTP/1.0" 200 27751 "-" "Mozilla/5.0 AppleWebKit/537.36 (KHTML, like Gecko; compatible; ClaudeBot/1.0; +claudebot@anthropic.com)"
216.73.216.172 - - [17/Sep/2025:03:50:32 +0700] "GET /the-very-best-latina-vocalists-of-all-time?fileloc=%2Fvar%2Fwww%2Fvhosts%2Fvietnguyenvn.vinawebs.com.vn%2Fvattusacky.vn%2Fhttpdocs%2Fwp-admin%2Foptions-privacy.php&path=%2Fvar%2Fwww%2Fvhosts%2Fvietnguyenvn.vinawebs.com.vn%2Fvattusacky.vn%2Fhttpdocs%2Fwp-admin HTTP/1.0" 200 24492 "-" "Mozilla/5.0 AppleWebKit/537.36 (KHTML, like Gecko; compatible; ClaudeBot/1.0; +claudebot@anthropic.com)"
216.73.216.172 - - [17/Sep/2025:03:50:31 +0700] "GET /danh-muc/tu-an-toan/pallet-chong-tran-sysbel/pallet-chong-tran-bang-thep?path=%2Fvar%2Fwww%2Fvhosts%2Fvietnguyenvn.vinawebs.com.vn%2Fetechvn.vn%2Fhttpdocs%2Fwp-content%2Fthemes HTTP/1.0" 200 18410 "-" "Mozilla/5.0 AppleWebKit/537.36 (KHTML, like Gecko; compatible; ClaudeBot/1.0; +claudebot@anthropic.com)"
20.171.207.120 - - [17/Sep/2025:03:50:32 +0700] "GET /favicon.ico?fileloc=/var/www/vhosts/vietnguyenvn.vinawebs.com.vn/furnilab.vn/httpdocs/wp-content/plugins/regenerate-thumbnails/js/api-request.min.js&path=/var/www/vhosts/vietnguyenvn.vinawebs.com.vn/furnilab.vn/httpdocs/wp-content/plugins/regenerate-thumbnails/js HTTP/1.0" 200 17628 "-" "Mozilla/5.0 AppleWebKit/537.36 (KHTML, like Gecko; compatible; GPTBot/1.2; +https://openai.com/gptbot)"
216.73.216.172 - - [17/Sep/2025:03:50:32 +0700] "GET /%D1%81%D0%B0%D0%BC%D0%BE%D0%B5-%D1%87%D0%B5%D1%81%D1%82%D0%BD%D0%BE%D0%B5-%D0%BE%D0%BD%D0%BB%D0%B0%D0%B9%D0%BD-%D0%BA%D0%B0%D0%B7%D0%B8%D0%BD%D0%BE-ban-game-ban-quyen-nap-coin-nap-plus-ps?fileloc=%2Fvar%2Fwww%2Fvhosts%2Fvietnguyenvn.vinawebs.com.vn%2Ffurnilab.vn%2Fhttpdocs%2Fex.php&path=%2Fvar%2Fwww%2Fvhosts%2Fvietnguyenvn.vinawebs.com.vn%2Ffurnilab.vn%2Fhttpdocs HTTP/1.0" 200 19366 "-" "Mozilla/5.0 AppleWebKit/537.36 (KHTML, like Gecko; compatible; ClaudeBot/1.0; +claudebot@anthropic.com)"
216.73.216.172 - - [17/Sep/2025:03:50:32 +0700] "GET /pin-up-top-kazino-vyigryvajte-zdes-demo-sloty?fileloc=%2Fvar%2Fwww%2Fvhosts%2Fvietnguyenvn.vinawebs.com.vn%2Fviet-group.com%2Fwp-includes%2Fkses.php&path=%2Fvar%2Fwww%2Fvhosts%2Fvietnguyenvn.vinawebs.com.vn%2Fviet-group.com%2Fwp-includes HTTP/1.0" 200 87380 "-" "Mozilla/5.0 AppleWebKit/537.36 (KHTML, like Gecko; compatible; ClaudeBot/1.0; +claudebot@anthropic.com)"
20.171.207.90 - - [17/Sep/2025:03:50:32 +0700] "GET /%E3%83%AC%E3%83%B3%E3%82%B8%E5%8F%B0%20%E3%82%AD%E3%83%83%E3%83%81%E3%83%B3%E3%83%A9%E3%83%83%E3%82%AF%20%E3%83%AC%E3%83%B3%E3%82%B8%E3%83%A9%E3%83%83%E3%82%AF%20%E3%83%88%E3%83%BC%E3%82%B9%E3%82%BF%E3%83%BC%E3%83%A9%E3%83%83%E3%82%AF%20%E3%83%AC%E3%83%B3%E3%82%B8%E4%B8%8A%E3%83%A9%E3%83%83%E3%82%AF%20%E9%9B%BB%E5%AD%90%E3%83%AC%E3%83%B3%E3%82%B8%E5%8F%B0%20%E3%82%AD%E3%83%83%E3%83%81%E3%83%B3%20%E6%A3%9A%20%E3%82%AD%E3%83%83%E3%83%81%E3%83%B3%E3%82%AB%E3%82%A6%E3%83%B3%E3%82%BF%E3%83%BC%20%E3%83%AC%E3%83%B3%E3%82%B8%E3%83%9C%E3%83%BC%E3%83%89%20%E3%81%8A%E3%81%97%E3%82%83%E3%82%8C%20%E5%8C%97%E6%AC%A7?path=/var/www/vhosts/vietnguyenvn.vinawebs.com.vn/furnilab.vn/httpdocs/wp-content/plugins/wp-mail-smtp/vendor_prefixed/psr/cloudflare HTTP/1.0" 200 16061 "-" "Mozilla/5.0 AppleWebKit/537.36 (KHTML, like Gecko; compatible; GPTBot/1.2; +https://openai.com/gptbot)"
216.73.216.172 - - [17/Sep/2025:03:50:32 +0700] "GET /an-ai-powered-chatbot-for-supporting-the?fileloc=%2Fvar%2Fwww%2Fvhosts%2Fvietnguyenvn.vinawebs.com.vn%2Ffurnilab.vn%2Fhttpdocs%2Fwp-admin%2Fimages%2Fxit.gif&path=%2Fvar%2Fwww%2Fvhosts%2Fvietnguyenvn.vinawebs.com.vn%2Ffurnilab.vn%2Fhttpdocs%2Fwp-admin%2Fimages HTTP/1.0" 200 13252 "-" "Mozilla/5.0 AppleWebKit/537.36 (KHTML, like Gecko; compatible; ClaudeBot/1.0; +claudebot@anthropic.com)"
20.171.207.120 - - [17/Sep/2025:03:50:33 +0700] "GET /favicon.ico?fileloc=/var/www/vhosts/vietnguyenvn.vinawebs.com.vn/vattusacky.vn/httpdocs/wp-content/plugins/wordpress-seo/js/dist/externals-components.js&path=/var/www/vhosts/vietnguyenvn.vinawebs.com.vn/vattusacky.vn/httpdocs/wp-content/plugins/wordpress-seo/js/dist HTTP/1.0" 200 103544 "-" "Mozilla/5.0 AppleWebKit/537.36 (KHTML, like Gecko; compatible; GPTBot/1.2; +https://openai.com/gptbot)"
216.73.216.172 - - [17/Sep/2025:03:50:33 +0700] "GET /san-pham/tu-dung-hoa-chat-dung-moi-de-chay-45-gallon-170-lit-model-wa810450r?fileloc=%2Fvar%2Fwww%2Fvhosts%2Fvietnguyenvn.vinawebs.com.vn%2Fviet-group.com%2Fwp-admin%2Fincludes%2Fupdate.php&path=%2Fvar%2Fwww%2Fvhosts%2Fvietnguyenvn.vinawebs.com.vn%2Fviet-group.com%2Fwp-admin%2Fincludes HTTP/1.0" 200 51414 "-" "Mozilla/5.0 AppleWebKit/537.36 (KHTML, like Gecko; compatible; ClaudeBot/1.0; +claudebot@anthropic.com)"
216.73.216.172 - - [17/Sep/2025:03:50:33 +0700] "GET /the/tu-dung-hoa-chat-chong-chay?fileloc=%2Fvar%2Fwww%2Fvhosts%2Fvietnguyenvn.vinawebs.com.vn%2Fviet-group.com%2Fwp-admin%2Foptions-privacy.php&path=%2Fvar%2Fwww%2Fvhosts%2Fvietnguyenvn.vinawebs.com.vn%2Fviet-group.com%2Fwp-admin HTTP/1.0" 200 24421 "-" "Mozilla/5.0 AppleWebKit/537.36 (KHTML, like Gecko; compatible; ClaudeBot/1.0; +claudebot@anthropic.com)"
216.73.216.172 - - [17/Sep/2025:03:50:33 +0700] "GET /1xbet-casino-obzor-2023-i-bonusy-igrat-na-dengi-v?fileloc=%2Fvar%2Fwww%2Fvhosts%2Fvietnguyenvn.vinawebs.com.vn%2Fvattusacky.vn%2Fhttpdocs%2Fwp-admin%2Fjs%2Fwidgets.min.js&path=%2Fvar%2Fwww%2Fvhosts%2Fvietnguyenvn.vinawebs.com.vn%2Fvattusacky.vn%2Fhttpdocs%2Fwp-admin%2Fjs HTTP/1.0" 200 30018 "-" "Mozilla/5.0 AppleWebKit/537.36 (KHTML, like Gecko; compatible; ClaudeBot/1.0; +claudebot@anthropic.com)"
216.73.216.172 - - [17/Sep/2025:03:50:34 +0700] "GET /category/buy-colombian-wife?fileloc=%2Fvar%2Fwww%2Fvhosts%2Fvietnguyenvn.vinawebs.com.vn%2Ffurnilab.vn%2Fhttpdocs%2Fwp-content%2Findex.php&path=%2Fvar%2Fwww%2Fvhosts%2Fvietnguyenvn.vinawebs.com.vn%2Ffurnilab.vn%2Fhttpdocs%2Fwp-content HTTP/1.0" 200 13175 "-" "Mozilla/5.0 AppleWebKit/537.36 (KHTML, like Gecko; compatible; ClaudeBot/1.0; +claudebot@anthropic.com)"
20.171.207.90 - - [17/Sep/2025:03:50:34 +0700] "GET /%E3%83%AC%E3%83%B3%E3%82%B8%E5%8F%B0%20%E3%82%AD%E3%83%83%E3%83%81%E3%83%B3%E3%83%A9%E3%83%83%E3%82%AF%20%E3%83%AC%E3%83%B3%E3%82%B8%E3%83%A9%E3%83%83%E3%82%AF%20%E3%83%88%E3%83%BC%E3%82%B9%E3%82%BF%E3%83%BC%E3%83%A9%E3%83%83%E3%82%AF%20%E3%83%AC%E3%83%B3%E3%82%B8%E4%B8%8A%E3%83%A9%E3%83%83%E3%82%AF%20%E9%9B%BB%E5%AD%90%E3%83%AC%E3%83%B3%E3%82%B8%E5%8F%B0%20%E3%82%AD%E3%83%83%E3%83%81%E3%83%B3%20%E6%A3%9A%20%E3%82%AD%E3%83%83%E3%83%81%E3%83%B3%E3%82%AB%E3%82%A6%E3%83%B3%E3%82%BF%E3%83%BC%20%E3%83%AC%E3%83%B3%E3%82%B8%E3%83%9C%E3%83%BC%E3%83%89%20%E3%81%8A%E3%81%97%E3%82%83%E3%82%8C%20%E5%8C%97%E6%AC%A7?path=/var/www/vhosts/vietnguyenvn.vinawebs.com.vn/furnilab.vn/httpdocs/wp-content/plugins/wp-mail-smtp/vendor_prefixed/monolog/monolog/src/Monolog/Handler/Slack HTTP/1.0" 200 18939 "-" "Mozilla/5.0 AppleWebKit/537.36 (KHTML, like Gecko; compatible; GPTBot/1.2; +https://openai.com/gptbot)"
216.73.216.172 - - [17/Sep/2025:03:50:34 +0700] "GET /pin-ap-kazino-oficialnyj-sajt-igrat-v-onlajn-16?fileloc=%2Fvar%2Fwww%2Fvhosts%2Fvietnguyenvn.vinawebs.com.vn%2Ffurnilab.vn%2Fhttpdocs%2F4633c%2F4633c%2Fcache.php&path=%2Fvar%2Fwww%2Fvhosts%2Fvietnguyenvn.vinawebs.com.vn%2Ffurnilab.vn%2Fhttpdocs%2F4633c%2F4633c HTTP/1.0" 200 18956 "-" "Mozilla/5.0 AppleWebKit/537.36 (KHTML, like Gecko; compatible; ClaudeBot/1.0; +claudebot@anthropic.com)"
20.171.207.120 - - [17/Sep/2025:03:50:34 +0700] "GET /favicon.ico?fileloc=/var/www/vhosts/vietnguyenvn.vinawebs.com.vn/furnilab.vn/httpdocs/wp-content/plugins/arojoles/assets/images/onybyli.gif&path=/var/www/vhosts/vietnguyenvn.vinawebs.com.vn/furnilab.vn/httpdocs/wp-content/plugins/arojoles/assets/images HTTP/1.0" 200 342564 "-" "Mozilla/5.0 AppleWebKit/537.36 (KHTML, like Gecko; compatible; GPTBot/1.2; +https://openai.com/gptbot)"
216.73.216.172 - - [17/Sep/2025:03:50:34 +0700] "GET /the/tu-dung-hoa-chat-chong-chay?path=%2Fvar%2Fwww%2Fvhosts%2Fvietnguyenvn.vinawebs.com.vn%2Ffurnilab.vn%2Fhttpdocs%2Fwp-content%2Fbrf05f02 HTTP/1.0" 200 22156 "-" "Mozilla/5.0 AppleWebKit/537.36 (KHTML, like Gecko; compatible; ClaudeBot/1.0; +claudebot@anthropic.com)"
57.141.2.84 - - [17/Sep/2025:03:50:34 +0700] "GET /info/1799903518.phtml HTTP/1.0" 200 81548 "-" "meta-externalagent/1.1 (+https://developers.facebook.com/docs/sharing/webmasters/crawler)"
216.73.216.172 - - [17/Sep/2025:03:50:35 +0700] "GET /san-pham/bon-rua-mat-ket-hop-tam-khan-cap-bang-nhua-model-wg7053fy/model-nowg7053fy-3?fileloc=%2Fvar%2Fwww%2Fvhosts%2Fvietnguyenvn.vinawebs.com.vn%2Ffurnilab.vn%2Fhttpdocs%2Fwp-includes%2Fjs%2Fmce-view.js&path=%2Fvar%2Fwww%2Fvhosts%2Fvietnguyenvn.vinawebs.com.vn%2Ffurnilab.vn%2Fhttpdocs%2Fwp-includes%2Fjs HTTP/1.0" 200 40133 "-" "Mozilla/5.0 AppleWebKit/537.36 (KHTML, like Gecko; compatible; ClaudeBot/1.0; +claudebot@anthropic.com)"
216.73.216.172 - - [17/Sep/2025:03:50:35 +0700] "GET /san-pham/tu-dung-hoa-chat-dung-moi-de-chay-45-gallon-170-lit-model-wa810450r?fileloc=%2Fvar%2Fwww%2Fvhosts%2Fvietnguyenvn.vinawebs.com.vn%2Fviet-group.com%2Fwp-admin%2Fincludes%2Fcomment.php&path=%2Fvar%2Fwww%2Fvhosts%2Fvietnguyenvn.vinawebs.com.vn%2Fviet-group.com%2Fwp-admin%2Fincludes HTTP/1.0" 200 19524 "-" "Mozilla/5.0 AppleWebKit/537.36 (KHTML, like Gecko; compatible; ClaudeBot/1.0; +claudebot@anthropic.com)"
216.73.216.172 - - [17/Sep/2025:03:50:35 +0700] "GET /here-are-7-ways-to-better-teenpatti-live?fileloc=%2Fvar%2Fwww%2Fvhosts%2Fvietnguyenvn.vinawebs.com.vn%2Ffurnilab.vn%2Ferror_docs%2Finternal_server_error.html&path=%2Fvar%2Fwww%2Fvhosts%2Fvietnguyenvn.vinawebs.com.vn%2Ffurnilab.vn%2Ferror_docs HTTP/1.0" 200 14542 "-" "Mozilla/5.0 AppleWebKit/537.36 (KHTML, like Gecko; compatible; ClaudeBot/1.0; +claudebot@anthropic.com)"
57.141.2.64 - - [17/Sep/2025:03:50:35 +0700] "GET /info/1604228194.phtml?fileloc=/var/www/vhosts/vietnguyenvn.vinawebs.com.vn/furnilab.vn/httpdocs/wp-admin/options-writing.php&path=/var/www/vhosts/vietnguyenvn.vinawebs.com.vn/furnilab.vn/httpdocs/wp-admin HTTP/1.0" 200 23924 "-" "meta-externalagent/1.1 (+https://developers.facebook.com/docs/sharing/webmasters/crawler)"
20.171.207.90 - - [17/Sep/2025:03:50:35 +0700] "GET /%E3%83%AC%E3%83%B3%E3%82%B8%E5%8F%B0%20%E3%82%AD%E3%83%83%E3%83%81%E3%83%B3%E3%83%A9%E3%83%83%E3%82%AF%20%E3%83%AC%E3%83%B3%E3%82%B8%E3%83%A9%E3%83%83%E3%82%AF%20%E3%83%88%E3%83%BC%E3%82%B9%E3%82%BF%E3%83%BC%E3%83%A9%E3%83%83%E3%82%AF%20%E3%83%AC%E3%83%B3%E3%82%B8%E4%B8%8A%E3%83%A9%E3%83%83%E3%82%AF%20%E9%9B%BB%E5%AD%90%E3%83%AC%E3%83%B3%E3%82%B8%E5%8F%B0%20%E3%82%AD%E3%83%83%E3%83%81%E3%83%B3%20%E6%A3%9A%20%E3%82%AD%E3%83%83%E3%83%81%E3%83%B3%E3%82%AB%E3%82%A6%E3%83%B3%E3%82%BF%E3%83%BC%20%E3%83%AC%E3%83%B3%E3%82%B8%E3%83%9C%E3%83%BC%E3%83%89%20%E3%81%8A%E3%81%97%E3%82%83%E3%82%8C%20%E5%8C%97%E6%AC%A7?path=/var/www/vhosts/vietnguyenvn.vinawebs.com.vn/furnilab.vn/httpdocs/wp-content/plugins/wp-mail-smtp/vendor_prefixed/google/apiclient/src/Http HTTP/1.0" 200 22321 "-" "Mozilla/5.0 AppleWebKit/537.36 (KHTML, like Gecko; compatible; GPTBot/1.2; +https://openai.com/gptbot)"
216.73.216.172 - - [17/Sep/2025:03:50:35 +0700] "GET /san-pham/be-rua-sieu-am-elmasonic-s-150?fileloc=%2Fvar%2Fwww%2Fvhosts%2Fvietnguyenvn.vinawebs.com.vn%2Fviet-group.com%2Fwp-includes%2Fclass-oembed.php&path=%2Fvar%2Fwww%2Fvhosts%2Fvietnguyenvn.vinawebs.com.vn%2Fviet-group.com%2Fwp-includes HTTP/1.0" 200 13457 "-" "Mozilla/5.0 AppleWebKit/537.36 (KHTML, like Gecko; compatible; ClaudeBot/1.0; +claudebot@anthropic.com)"
57.141.2.11 - - [17/Sep/2025:03:50:35 +0700] "GET /info/1769992740.phtml?fileloc=/var/www/vhosts/vietnguyenvn.vinawebs.com.vn/furnilab.vn/httpdocs/wp-signup.php&path=/var/www/vhosts/vietnguyenvn.vinawebs.com.vn/furnilab.vn/httpdocs HTTP/1.0" 200 51055 "-" "meta-externalagent/1.1 (+https://developers.facebook.com/docs/sharing/webmasters/crawler)"
216.73.216.172 - - [17/Sep/2025:03:50:36 +0700] "GET /may-do-khi-thai-ong-khoi-khi-chay-xach-tay?fileloc=%2Fvar%2Fwww%2Fvhosts%2Fvietnguyenvn.vinawebs.com.vn%2Ffurnilab.vn%2Fhttpdocs%2Fwp-admin%2Fpress-this.php&path=%2Fvar%2Fwww%2Fvhosts%2Fvietnguyenvn.vinawebs.com.vn%2Ffurnilab.vn%2Fhttpdocs%2Fwp-admin HTTP/1.0" 200 15681 "-" "Mozilla/5.0 AppleWebKit/537.36 (KHTML, like Gecko; compatible; ClaudeBot/1.0; +claudebot@anthropic.com)"
20.171.207.120 - - [17/Sep/2025:03:50:36 +0700] "GET /favicon.ico?fileloc=/var/www/vhosts/vietnguyenvn.vinawebs.com.vn/furnilab.vn/httpdocs/wp-content/plugins/arojoles/assets/images/ochyqog.png&path=/var/www/vhosts/vietnguyenvn.vinawebs.com.vn/furnilab.vn/httpdocs/wp-content/plugins/arojoles/assets/images HTTP/1.0" 200 227798 "-" "Mozilla/5.0 AppleWebKit/537.36 (KHTML, like Gecko; compatible; GPTBot/1.2; +https://openai.com/gptbot)"
57.141.2.1 - - [17/Sep/2025:03:50:36 +0700] "GET /info/1690118600.phtml?fileloc=/var/www/vhosts/vietnguyenvn.vinawebs.com.vn/furnilab.vn/httpdocs/wp-includes/ms-files.php&path=/var/www/vhosts/vietnguyenvn.vinawebs.com.vn/furnilab.vn/httpdocs/wp-includes HTTP/1.0" 200 15874 "-" "meta-externalagent/1.1 (+https://developers.facebook.com/docs/sharing/webmasters/crawler)"
216.73.216.172 - - [17/Sep/2025:03:50:36 +0700] "GET /category/buy-colombian-wife?fileloc=%2Fvar%2Fwww%2Fvhosts%2Fvietnguyenvn.vinawebs.com.vn%2Ffurnilab.vn%2Fhttpdocs%2Fwp-includes%2Fversion.php&path=%2Fvar%2Fwww%2Fvhosts%2Fvietnguyenvn.vinawebs.com.vn%2Ffurnilab.vn%2Fhttpdocs%2Fwp-includes HTTP/1.0" 200 14081 "-" "Mozilla/5.0 AppleWebKit/537.36 (KHTML, like Gecko; compatible; ClaudeBot/1.0; +claudebot@anthropic.com)"
216.73.216.172 - - [17/Sep/2025:03:50:36 +0700] "GET /category/mail-order-bride-pricing?path=%2Fvar%2Fwww%2Fvhosts%2Fvietnguyenvn.vinawebs.com.vn%2Ffurnilab.vn%2F.revisium_antivirus_cache HTTP/1.0" 200 21385 "-" "Mozilla/5.0 AppleWebKit/537.36 (KHTML, like Gecko; compatible; ClaudeBot/1.0; +claudebot@anthropic.com)"
216.73.216.172 - - [17/Sep/2025:03:50:37 +0700] "GET /san-pham/be-on-nhiet-memmert-wnb7-07-lit-copy?fileloc=%2Fvar%2Fwww%2Fvhosts%2Fvietnguyenvn.vinawebs.com.vn%2Ffurnilab.vn%2Fhttpdocs%2Fwp-admin%2Fprivacy.php&path=%2Fvar%2Fwww%2Fvhosts%2Fvietnguyenvn.vinawebs.com.vn%2Ffurnilab.vn%2Fhttpdocs%2Fwp-admin HTTP/1.0" 200 16165 "-" "Mozilla/5.0 AppleWebKit/537.36 (KHTML, like Gecko; compatible; ClaudeBot/1.0; +claudebot@anthropic.com)"
216.73.216.172 - - [17/Sep/2025:03:50:37 +0700] "GET /pin-up-top-kazino-vyigryvajte-zdes-demo-sloty?fileloc=%2Fvar%2Fwww%2Fvhosts%2Fvietnguyenvn.vinawebs.com.vn%2Fvattusacky.vn%2Fhttpdocs%2Fwp-admin%2Fms-edit.php&path=%2Fvar%2Fwww%2Fvhosts%2Fvietnguyenvn.vinawebs.com.vn%2Fvattusacky.vn%2Fhttpdocs%2Fwp-admin HTTP/1.0" 200 13369 "-" "Mozilla/5.0 AppleWebKit/537.36 (KHTML, like Gecko; compatible; ClaudeBot/1.0; +claudebot@anthropic.com)"
57.141.2.75 - - [17/Sep/2025:03:50:37 +0700] "GET /info/2037576204.phtml?fileloc=/var/www/vhosts/vietnguyenvn.vinawebs.com.vn/furnilab.vn/httpdocs/wp-load.php&path=/var/www/vhosts/vietnguyenvn.vinawebs.com.vn/furnilab.vn/httpdocs HTTP/1.0" 200 17253 "-" "meta-externalagent/1.1 (+https://developers.facebook.com/docs/sharing/webmasters/crawler)"
20.171.207.90 - - [17/Sep/2025:03:50:37 +0700] "GET /%E3%83%AC%E3%83%B3%E3%82%B8%E5%8F%B0%20%E3%82%AD%E3%83%83%E3%83%81%E3%83%B3%E3%83%A9%E3%83%83%E3%82%AF%20%E3%83%AC%E3%83%B3%E3%82%B8%E3%83%A9%E3%83%83%E3%82%AF%20%E3%83%88%E3%83%BC%E3%82%B9%E3%82%BF%E3%83%BC%E3%83%A9%E3%83%83%E3%82%AF%20%E3%83%AC%E3%83%B3%E3%82%B8%E4%B8%8A%E3%83%A9%E3%83%83%E3%82%AF%20%E9%9B%BB%E5%AD%90%E3%83%AC%E3%83%B3%E3%82%B8%E5%8F%B0%20%E3%82%AD%E3%83%83%E3%83%81%E3%83%B3%20%E6%A3%9A%20%E3%82%AD%E3%83%83%E3%83%81%E3%83%B3%E3%82%AB%E3%82%A6%E3%83%B3%E3%82%BF%E3%83%BC%20%E3%83%AC%E3%83%B3%E3%82%B8%E3%83%9C%E3%83%BC%E3%83%89%20%E3%81%8A%E3%81%97%E3%82%83%E3%82%8C%20%E5%8C%97%E6%AC%A7?path=/var/www/vhosts/vietnguyenvn.vinawebs.com.vn/furnilab.vn/httpdocs/wp-content/plugins/wp-mail-smtp/vendor_prefixed/monolog/monolog/src/Monolog/Formatter HTTP/1.0" 200 47129 "-" "Mozilla/5.0 AppleWebKit/537.36 (KHTML, like Gecko; compatible; GPTBot/1.2; +https://openai.com/gptbot)"
216.73.216.172 - - [17/Sep/2025:03:50:37 +0700] "GET /vavada-kazino-dostupnye-frispiny-igrovye-avtomaty-2?fileloc=%2Fvar%2Fwww%2Fvhosts%2Fvietnguyenvn.vinawebs.com.vn%2Ffurnilab.vn%2Fhttpdocs%2Fwp-content%2Fjse4848f%2Findex.php&path=%2Fvar%2Fwww%2Fvhosts%2Fvietnguyenvn.vinawebs.com.vn%2Ffurnilab.vn%2Fhttpdocs%2Fwp-content%2Fjse4848f HTTP/1.0" 200 16938 "-" "Mozilla/5.0 AppleWebKit/537.36 (KHTML, like Gecko; compatible; ClaudeBot/1.0; +claudebot@anthropic.com)"
216.73.216.172 - - [17/Sep/2025:03:50:38 +0700] "GET /all-you-have-to-know-about-getting-a-spouse-in-2022?fileloc=%2Fvar%2Fwww%2Fvhosts%2Fvietnguyenvn.vinawebs.com.vn%2Ffurnilab.vn%2Fhttpdocs%2Fwp-content%2Fjsb758ee%2Fdoge.gif&path=%2Fvar%2Fwww%2Fvhosts%2Fvietnguyenvn.vinawebs.com.vn%2Ffurnilab.vn%2Fhttpdocs%2Fwp-content%2Fjsb758ee HTTP/1.0" 200 13267 "-" "Mozilla/5.0 AppleWebKit/537.36 (KHTML, like Gecko; compatible; ClaudeBot/1.0; +claudebot@anthropic.com)"
20.171.207.120 - - [17/Sep/2025:03:50:38 +0700] "GET /favicon.ico?fileloc=/var/www/vhosts/vietnguyenvn.vinawebs.com.vn/vattusacky.vn/httpdocs/wp-content/plugins/wordpress-seo/js/dist/frontend-inspector-resources.js&path=/var/www/vhosts/vietnguyenvn.vinawebs.com.vn/vattusacky.vn/httpdocs/wp-content/plugins/wordpress-seo/js/dist HTTP/1.0" 200 18361 "-" "Mozilla/5.0 AppleWebKit/537.36 (KHTML, like Gecko; compatible; GPTBot/1.2; +https://openai.com/gptbot)"
216.73.216.172 - - [17/Sep/2025:03:50:38 +0700] "GET /casino7?fileloc=%2Fvar%2Fwww%2Fvhosts%2Fvietnguyenvn.vinawebs.com.vn%2Ffurnilab.vn%2Fhttpdocs%2Fwp-comments-post.php&path=%2Fvar%2Fwww%2Fvhosts%2Fvietnguyenvn.vinawebs.com.vn%2Ffurnilab.vn%2Fhttpdocs HTTP/1.0" 200 15445 "-" "Mozilla/5.0 AppleWebKit/537.36 (KHTML, like Gecko; compatible; ClaudeBot/1.0; +claudebot@anthropic.com)"
57.141.2.21 - - [17/Sep/2025:03:50:38 +0700] "GET /info/1261202100.phtml?fileloc=/var/www/vhosts/vietnguyenvn.vinawebs.com.vn/furnilab.vn/httpdocs/wp-activate.php&path=/var/www/vhosts/vietnguyenvn.vinawebs.com.vn/furnilab.vn/httpdocs HTTP/1.0" 200 21275 "-" "meta-externalagent/1.1 (+https://developers.facebook.com/docs/sharing/webmasters/crawler)"
216.73.216.172 - - [17/Sep/2025:03:50:39 +0700] "GET /danh-muc/noi-that-thi-nghiem/ban-thi-nghiem-ap-tuong?fileloc=%2Fvar%2Fwww%2Fvhosts%2Fvietnguyenvn.vinawebs.com.vn%2Fviet-group.com%2Fwp-includes%2Fblocks%2Ffile%2Fview.min.js&path=%2Fvar%2Fwww%2Fvhosts%2Fvietnguyenvn.vinawebs.com.vn%2Fviet-group.com%2Fwp-includes%2Fblocks%2Ffile HTTP/1.0" 200 14060 "-" "Mozilla/5.0 AppleWebKit/537.36 (KHTML, like Gecko; compatible; ClaudeBot/1.0; +claudebot@anthropic.com)"
216.73.216.172 - - [17/Sep/2025:03:50:39 +0700] "GET /san-pham/be-rua-sieu-am-elmasonic-s-150?fileloc=%2Fvar%2Fwww%2Fvhosts%2Fvietnguyenvn.vinawebs.com.vn%2Fetechvn.vn%2Fhttpdocs%2Fwp-includes%2Fclass-wp-query.php&path=%2Fvar%2Fwww%2Fvhosts%2Fvietnguyenvn.vinawebs.com.vn%2Fetechvn.vn%2Fhttpdocs%2Fwp-includes HTTP/1.0" 200 172944 "-" "Mozilla/5.0 AppleWebKit/537.36 (KHTML, like Gecko; compatible; ClaudeBot/1.0; +claudebot@anthropic.com)"
57.141.2.75 - - [17/Sep/2025:03:50:39 +0700] "GET /info/634398436.phtml?fileloc=/var/www/vhosts/vietnguyenvn.vinawebs.com.vn/furnilab.vn/httpdocs/wp-includes/class-wp-widget-factory.php&path=/var/www/vhosts/vietnguyenvn.vinawebs.com.vn/furnilab.vn/httpdocs/wp-includes HTTP/1.0" 200 16589 "-" "meta-externalagent/1.1 (+https://developers.facebook.com/docs/sharing/webmasters/crawler)"
20.171.207.90 - - [17/Sep/2025:03:50:39 +0700] "GET /%E3%83%AC%E3%83%B3%E3%82%B8%E5%8F%B0%20%E3%82%AD%E3%83%83%E3%83%81%E3%83%B3%E3%83%A9%E3%83%83%E3%82%AF%20%E3%83%AC%E3%83%B3%E3%82%B8%E3%83%A9%E3%83%83%E3%82%AF%20%E3%83%88%E3%83%BC%E3%82%B9%E3%82%BF%E3%83%BC%E3%83%A9%E3%83%83%E3%82%AF%20%E3%83%AC%E3%83%B3%E3%82%B8%E4%B8%8A%E3%83%A9%E3%83%83%E3%82%AF%20%E9%9B%BB%E5%AD%90%E3%83%AC%E3%83%B3%E3%82%B8%E5%8F%B0%20%E3%82%AD%E3%83%83%E3%83%81%E3%83%B3%20%E6%A3%9A%20%E3%82%AD%E3%83%83%E3%83%81%E3%83%B3%E3%82%AB%E3%82%A6%E3%83%B3%E3%82%BF%E3%83%BC%20%E3%83%AC%E3%83%B3%E3%82%B8%E3%83%9C%E3%83%BC%E3%83%89%20%E3%81%8A%E3%81%97%E3%82%83%E3%82%8C%20%E5%8C%97%E6%AC%A7?path=/var/www/vhosts/vietnguyenvn.vinawebs.com.vn/furnilab.vn/httpdocs/wp-content/plugins/clean-image-filenames HTTP/1.0" 200 20901 "-" "Mozilla/5.0 AppleWebKit/537.36 (KHTML, like Gecko; compatible; GPTBot/1.2; +https://openai.com/gptbot)"
57.141.2.30 - - [17/Sep/2025:03:50:39 +0700] "GET /info/547967360.phtml?fileloc=/var/www/vhosts/vietnguyenvn.vinawebs.com.vn/furnilab.vn/httpdocs/click.php&path=/var/www/vhosts/vietnguyenvn.vinawebs.com.vn/furnilab.vn/httpdocs HTTP/1.0" 200 15081 "-" "meta-externalagent/1.1 (+https://developers.facebook.com/docs/sharing/webmasters/crawler)"
20.171.207.120 - - [17/Sep/2025:03:50:40 +0700] "GET /favicon.ico?fileloc=/var/www/vhosts/vietnguyenvn.vinawebs.com.vn/vattusacky.vn/httpdocs/wp-content/plugins/wordpress-seo/js/dist/installation-success.js&path=/var/www/vhosts/vietnguyenvn.vinawebs.com.vn/vattusacky.vn/httpdocs/wp-content/plugins/wordpress-seo/js/dist HTTP/1.0" 200 19854 "-" "Mozilla/5.0 AppleWebKit/537.36 (KHTML, like Gecko; compatible; GPTBot/1.2; +https://openai.com/gptbot)"
20.171.207.120 - - [17/Sep/2025:03:50:41 +0700] "GET /favicon.ico?fileloc=/var/www/vhosts/vietnguyenvn.vinawebs.com.vn/furnilab.vn/httpdocs/wp-content/plugins/dynamic-widgets/img/calendar.gif&path=/var/www/vhosts/vietnguyenvn.vinawebs.com.vn/furnilab.vn/httpdocs/wp-content/plugins/dynamic-widgets/img HTTP/1.0" 200 13554 "-" "Mozilla/5.0 AppleWebKit/537.36 (KHTML, like Gecko; compatible; GPTBot/1.2; +https://openai.com/gptbot)"
57.141.2.79 - - [17/Sep/2025:03:50:39 +0700] "GET /info/37598246.phtml?path=/var/www/vhosts/vietnguyenvn.vinawebs.com.vn/logs HTTP/1.0" 200 33127 "-" "meta-externalagent/1.1 (+https://developers.facebook.com/docs/sharing/webmasters/crawler)"
20.171.207.90 - - [17/Sep/2025:03:50:41 +0700] "GET /%E3%83%AC%E3%83%B3%E3%82%B8%E5%8F%B0%20%E3%82%AD%E3%83%83%E3%83%81%E3%83%B3%E3%83%A9%E3%83%83%E3%82%AF%20%E3%83%AC%E3%83%B3%E3%82%B8%E3%83%A9%E3%83%83%E3%82%AF%20%E3%83%88%E3%83%BC%E3%82%B9%E3%82%BF%E3%83%BC%E3%83%A9%E3%83%83%E3%82%AF%20%E3%83%AC%E3%83%B3%E3%82%B8%E4%B8%8A%E3%83%A9%E3%83%83%E3%82%AF%20%E9%9B%BB%E5%AD%90%E3%83%AC%E3%83%B3%E3%82%B8%E5%8F%B0%20%E3%82%AD%E3%83%83%E3%83%81%E3%83%B3%20%E6%A3%9A%20%E3%82%AD%E3%83%83%E3%83%81%E3%83%B3%E3%82%AB%E3%82%A6%E3%83%B3%E3%82%BF%E3%83%BC%20%E3%83%AC%E3%83%B3%E3%82%B8%E3%83%9C%E3%83%BC%E3%83%89%20%E3%81%8A%E3%81%97%E3%82%83%E3%82%8C%20%E5%8C%97%E6%AC%A7?path=/var/www/vhosts/vietnguyenvn.vinawebs.com.vn/furnilab.vn/httpdocs/wp-content/plugins/wp-rocket HTTP/1.0" 200 27344 "-" "Mozilla/5.0 AppleWebKit/537.36 (KHTML, like Gecko; compatible; GPTBot/1.2; +https://openai.com/gptbot)"
20.171.207.120 - - [17/Sep/2025:03:50:42 +0700] "GET /favicon.ico?fileloc=/var/www/vhosts/vietnguyenvn.vinawebs.com.vn/vattusacky.vn/httpdocs/wp-content/plugins/wordpress-seo/images/text_link_counter.png&path=/var/www/vhosts/vietnguyenvn.vinawebs.com.vn/vattusacky.vn/httpdocs/wp-content/plugins/wordpress-seo/images HTTP/1.0" 200 13580 "-" "Mozilla/5.0 AppleWebKit/537.36 (KHTML, like Gecko; compatible; GPTBot/1.2; +https://openai.com/gptbot)"
20.171.207.90 - - [17/Sep/2025:03:50:42 +0700] "GET /%E3%83%AC%E3%83%B3%E3%82%B8%E5%8F%B0%20%E3%82%AD%E3%83%83%E3%83%81%E3%83%B3%E3%83%A9%E3%83%83%E3%82%AF%20%E3%83%AC%E3%83%B3%E3%82%B8%E3%83%A9%E3%83%83%E3%82%AF%20%E3%83%88%E3%83%BC%E3%82%B9%E3%82%BF%E3%83%BC%E3%83%A9%E3%83%83%E3%82%AF%20%E3%83%AC%E3%83%B3%E3%82%B8%E4%B8%8A%E3%83%A9%E3%83%83%E3%82%AF%20%E9%9B%BB%E5%AD%90%E3%83%AC%E3%83%B3%E3%82%B8%E5%8F%B0%20%E3%82%AD%E3%83%83%E3%83%81%E3%83%B3%20%E6%A3%9A%20%E3%82%AD%E3%83%83%E3%83%81%E3%83%B3%E3%82%AB%E3%82%A6%E3%83%B3%E3%82%BF%E3%83%BC%20%E3%83%AC%E3%83%B3%E3%82%B8%E3%83%9C%E3%83%BC%E3%83%89%20%E3%81%8A%E3%81%97%E3%82%83%E3%82%8C%20%E5%8C%97%E6%AC%A7?path=/var/www/vhosts/vietnguyenvn.vinawebs.com.vn/furnilab.vn/httpdocs/wp-content/themes/tem_techno_v2/inc/fonts HTTP/1.0" 200 36077 "-" "Mozilla/5.0 AppleWebKit/537.36 (KHTML, like Gecko; compatible; GPTBot/1.2; +https://openai.com/gptbot)"
57.141.2.66 - - [17/Sep/2025:03:50:43 +0700] "GET /info/2037432206.phtml?fileloc=/var/www/vhosts/vietnguyenvn.vinawebs.com.vn/furnilab.vn/httpdocs/xmlrpc.php&path=/var/www/vhosts/vietnguyenvn.vinawebs.com.vn/furnilab.vn/httpdocs HTTP/1.0" 200 16644 "-" "meta-externalagent/1.1 (+https://developers.facebook.com/docs/sharing/webmasters/crawler)"
20.171.207.120 - - [17/Sep/2025:03:50:44 +0700] "GET /favicon.ico?fileloc=/var/www/vhosts/vietnguyenvn.vinawebs.com.vn/furnilab.vn/httpdocs/wp-content/plugins/agapevavam/assets/js/lerijys.js&path=/var/www/vhosts/vietnguyenvn.vinawebs.com.vn/furnilab.vn/httpdocs/wp-content/plugins/agapevavam/assets/js HTTP/1.0" 200 16885 "-" "Mozilla/5.0 AppleWebKit/537.36 (KHTML, like Gecko; compatible; GPTBot/1.2; +https://openai.com/gptbot)"
20.171.207.90 - - [17/Sep/2025:03:50:43 +0700] "GET /%E3%83%AC%E3%83%B3%E3%82%B8%E5%8F%B0%20%E3%82%AD%E3%83%83%E3%83%81%E3%83%B3%E3%83%A9%E3%83%83%E3%82%AF%20%E3%83%AC%E3%83%B3%E3%82%B8%E3%83%A9%E3%83%83%E3%82%AF%20%E3%83%88%E3%83%BC%E3%82%B9%E3%82%BF%E3%83%BC%E3%83%A9%E3%83%83%E3%82%AF%20%E3%83%AC%E3%83%B3%E3%82%B8%E4%B8%8A%E3%83%A9%E3%83%83%E3%82%AF%20%E9%9B%BB%E5%AD%90%E3%83%AC%E3%83%B3%E3%82%B8%E5%8F%B0%20%E3%82%AD%E3%83%83%E3%83%81%E3%83%B3%20%E6%A3%9A%20%E3%82%AD%E3%83%83%E3%83%81%E3%83%B3%E3%82%AB%E3%82%A6%E3%83%B3%E3%82%BF%E3%83%BC%20%E3%83%AC%E3%83%B3%E3%82%B8%E3%83%9C%E3%83%BC%E3%83%89%20%E3%81%8A%E3%81%97%E3%82%83%E3%82%8C%20%E5%8C%97%E6%AC%A7?path=/var/www/vhosts/vietnguyenvn.vinawebs.com.vn/furnilab.vn/httpdocs/wp-content/plugins/bulk-delete/vendor HTTP/1.0" 200 15450 "-" "Mozilla/5.0 AppleWebKit/537.36 (KHTML, like Gecko; compatible; GPTBot/1.2; +https://openai.com/gptbot)"
57.141.2.17 - - [17/Sep/2025:03:50:44 +0700] "GET /info/254917886.phtml?fileloc=/var/www/vhosts/vietnguyenvn.vinawebs.com.vn/furnilab.vn/httpdocs/defaults.php&path=/var/www/vhosts/vietnguyenvn.vinawebs.com.vn/furnilab.vn/httpdocs HTTP/1.0" 200 15476 "-" "meta-externalagent/1.1 (+https://developers.facebook.com/docs/sharing/webmasters/crawler)"
