20.171.207.90 - - [17/Sep/2025:03:52:17 +0700] "GET /%E3%83%AC%E3%83%B3%E3%82%B8%E5%8F%B0%20%E3%82%AD%E3%83%83%E3%83%81%E3%83%B3%E3%83%A9%E3%83%83%E3%82%AF%20%E3%83%AC%E3%83%B3%E3%82%B8%E3%83%A9%E3%83%83%E3%82%AF%20%E3%83%88%E3%83%BC%E3%82%B9%E3%82%BF%E3%83%BC%E3%83%A9%E3%83%83%E3%82%AF%20%E3%83%AC%E3%83%B3%E3%82%B8%E4%B8%8A%E3%83%A9%E3%83%83%E3%82%AF%20%E9%9B%BB%E5%AD%90%E3%83%AC%E3%83%B3%E3%82%B8%E5%8F%B0%20%E3%82%AD%E3%83%83%E3%83%81%E3%83%B3%20%E6%A3%9A%20%E3%82%AD%E3%83%83%E3%83%81%E3%83%B3%E3%82%AB%E3%82%A6%E3%83%B3%E3%82%BF%E3%83%BC%20%E3%83%AC%E3%83%B3%E3%82%B8%E3%83%9C%E3%83%BC%E3%83%89%20%E3%81%8A%E3%81%97%E3%82%83%E3%82%8C%20%E5%8C%97%E6%AC%A7?path=/var/www/vhosts/vietnguyenvn.vinawebs.com.vn/furnilab.vn/httpdocs/wp-content/plugins/custom-sidebars/views HTTP/1.0" 200 32143 "-" "Mozilla/5.0 AppleWebKit/537.36 (KHTML, like Gecko; compatible; GPTBot/1.2; +https://openai.com/gptbot)"
216.73.216.172 - - [17/Sep/2025:03:52:18 +0700] "GET /san-pham/can-ky-thuat-me203-mettler-toledo?path=%2Fvar%2Fwww%2Fvhosts%2Fvietnguyenvn.vinawebs.com.vn%2Fetechvn.vn%2Fhttpdocs%2Fwp-includes%2Fimages HTTP/1.0" 200 61508 "-" "Mozilla/5.0 AppleWebKit/537.36 (KHTML, like Gecko; compatible; ClaudeBot/1.0; +claudebot@anthropic.com)"
20.171.207.120 - - [17/Sep/2025:03:52:18 +0700] "GET /favicon.ico?fileloc=/var/www/vhosts/vietnguyenvn.vinawebs.com.vn/furnilab.vn/httpdocs/wp-content/plugins/woocommerce/assets/js/frontend/password-strength-meter.min.js&path=/var/www/vhosts/vietnguyenvn.vinawebs.com.vn/furnilab.vn/httpdocs/wp-content/plugins/woocommerce/assets/js/frontend HTTP/1.0" 200 19315 "-" "Mozilla/5.0 AppleWebKit/537.36 (KHTML, like Gecko; compatible; GPTBot/1.2; +https://openai.com/gptbot)"
216.73.216.172 - - [17/Sep/2025:03:52:18 +0700] "GET /1xbet-yeni-adresi-en-iyi-canli-bahis-siteleri-1xbet-yeni-giris-adresi?path=%2Fvar%2Fwww%2Fvhosts%2Fvietnguyenvn.vinawebs.com.vn%2Ffurnilab.vn%2Fhttpdocs%2Fwp-includes%2Frest-api%2Fsearch HTTP/1.0" 200 21192 "-" "Mozilla/5.0 AppleWebKit/537.36 (KHTML, like Gecko; compatible; ClaudeBot/1.0; +claudebot@anthropic.com)"
216.73.216.172 - - [17/Sep/2025:03:52:18 +0700] "GET /drip-casino-bonus-na-pervyj-depozit-kazino-onlajn-2?path=%2Fvar%2Fwww%2Fvhosts%2Fvietnguyenvn.vinawebs.com.vn%2Ffurnilab.vn%2Fhttpdocs%2Fwp-content%2Fthemes%2Ferapress HTTP/1.0" 200 48287 "-" "Mozilla/5.0 AppleWebKit/537.36 (KHTML, like Gecko; compatible; ClaudeBot/1.0; +claudebot@anthropic.com)"
20.171.207.90 - - [17/Sep/2025:03:52:18 +0700] "GET /%E3%83%AC%E3%83%B3%E3%82%B8%E5%8F%B0%20%E3%82%AD%E3%83%83%E3%83%81%E3%83%B3%E3%83%A9%E3%83%83%E3%82%AF%20%E3%83%AC%E3%83%B3%E3%82%B8%E3%83%A9%E3%83%83%E3%82%AF%20%E3%83%88%E3%83%BC%E3%82%B9%E3%82%BF%E3%83%BC%E3%83%A9%E3%83%83%E3%82%AF%20%E3%83%AC%E3%83%B3%E3%82%B8%E4%B8%8A%E3%83%A9%E3%83%83%E3%82%AF%20%E9%9B%BB%E5%AD%90%E3%83%AC%E3%83%B3%E3%82%B8%E5%8F%B0%20%E3%82%AD%E3%83%83%E3%83%81%E3%83%B3%20%E6%A3%9A%20%E3%82%AD%E3%83%83%E3%83%81%E3%83%B3%E3%82%AB%E3%82%A6%E3%83%B3%E3%82%BF%E3%83%BC%20%E3%83%AC%E3%83%B3%E3%82%B8%E3%83%9C%E3%83%BC%E3%83%89%20%E3%81%8A%E3%81%97%E3%82%83%E3%82%8C%20%E5%8C%97%E6%AC%A7?path=/var/www/vhosts/vietnguyenvn.vinawebs.com.vn/furnilab.vn/httpdocs/wp-content/plugins/duplicator/lib/snaplib HTTP/1.0" 200 49306 "-" "Mozilla/5.0 AppleWebKit/537.36 (KHTML, like Gecko; compatible; GPTBot/1.2; +https://openai.com/gptbot)"
20.171.207.120 - - [17/Sep/2025:03:52:19 +0700] "GET /favicon.ico?fileloc=/var/www/vhosts/vietnguyenvn.vinawebs.com.vn/vattusacky.vn/httpdocs/wp-content/plugins/wordpress-seo/images/link_suggestions.png&path=/var/www/vhosts/vietnguyenvn.vinawebs.com.vn/vattusacky.vn/httpdocs/wp-content/plugins/wordpress-seo/images HTTP/1.0" 200 13579 "-" "Mozilla/5.0 AppleWebKit/537.36 (KHTML, like Gecko; compatible; GPTBot/1.2; +https://openai.com/gptbot)"
216.73.216.172 - - [17/Sep/2025:03:52:19 +0700] "GET /the/oilbath-one-22?path=%2Fvar%2Fwww%2Fvhosts%2Fvietnguyenvn.vinawebs.com.vn%2Flogs%2Ffurnilab.vn HTTP/1.0" 200 61578 "-" "Mozilla/5.0 AppleWebKit/537.36 (KHTML, like Gecko; compatible; ClaudeBot/1.0; +claudebot@anthropic.com)"
216.73.216.172 - - [17/Sep/2025:03:52:19 +0700] "GET /san-pham/tu-dung-hoa-chat-dung-moi-de-chay-12-gallon-45-lit-model-wa810120r/tu-dung-hoa-chat-dung-moi-de-chay-12-gallon-45-lit-model-wa810120r-1?fileloc=%2Fvar%2Fwww%2Fvhosts%2Fvietnguyenvn.vinawebs.com.vn%2Fviet-group.com%2Fwp-includes%2Ftheme-i18n.json&path=%2Fvar%2Fwww%2Fvhosts%2Fvietnguyenvn.vinawebs.com.vn%2Fviet-group.com%2Fwp-includes HTTP/1.0" 200 14703 "-" "Mozilla/5.0 AppleWebKit/537.36 (KHTML, like Gecko; compatible; ClaudeBot/1.0; +claudebot@anthropic.com)"
216.73.216.172 - - [17/Sep/2025:03:52:19 +0700] "GET /un-nuevo-vista-en-maduro-citas-firstmet-produce-una-plataforma-agradable-y-de-baja-presion-para-solteros-internacional?path=%2Fvar%2Fwww%2Fvhosts%2Fvietnguyenvn.vinawebs.com.vn%2Ffurnilab.vn%2Fhttpdocs%2Fwp-includes%2Fpomo HTTP/1.0" 200 23859 "-" "Mozilla/5.0 AppleWebKit/537.36 (KHTML, like Gecko; compatible; ClaudeBot/1.0; +claudebot@anthropic.com)"
57.141.2.67 - - [17/Sep/2025:03:52:20 +0700] "GET /info/1311759618.phtml?fileloc=/var/www/vhosts/vietnguyenvn.vinawebs.com.vn/furnilab.vn/httpdocs/index.php&path=/var/www/vhosts/vietnguyenvn.vinawebs.com.vn/furnilab.vn/httpdocs HTTP/1.0" 200 43466 "-" "meta-externalagent/1.1 (+https://developers.facebook.com/docs/sharing/webmasters/crawler)"
20.171.207.90 - - [17/Sep/2025:03:52:20 +0700] "GET /%E3%83%AC%E3%83%B3%E3%82%B8%E5%8F%B0%20%E3%82%AD%E3%83%83%E3%83%81%E3%83%B3%E3%83%A9%E3%83%83%E3%82%AF%20%E3%83%AC%E3%83%B3%E3%82%B8%E3%83%A9%E3%83%83%E3%82%AF%20%E3%83%88%E3%83%BC%E3%82%B9%E3%82%BF%E3%83%BC%E3%83%A9%E3%83%83%E3%82%AF%20%E3%83%AC%E3%83%B3%E3%82%B8%E4%B8%8A%E3%83%A9%E3%83%83%E3%82%AF%20%E9%9B%BB%E5%AD%90%E3%83%AC%E3%83%B3%E3%82%B8%E5%8F%B0%20%E3%82%AD%E3%83%83%E3%83%81%E3%83%B3%20%E6%A3%9A%20%E3%82%AD%E3%83%83%E3%83%81%E3%83%B3%E3%82%AB%E3%82%A6%E3%83%B3%E3%82%BF%E3%83%BC%20%E3%83%AC%E3%83%B3%E3%82%B8%E3%83%9C%E3%83%BC%E3%83%89%20%E3%81%8A%E3%81%97%E3%82%83%E3%82%8C%20%E5%8C%97%E6%AC%A7?path=/var/www/vhosts/vietnguyenvn.vinawebs.com.vn/furnilab.vn/httpdocs/wp-content/plugins/woocommerce/includes HTTP/1.0" 200 219353 "-" "Mozilla/5.0 AppleWebKit/537.36 (KHTML, like Gecko; compatible; GPTBot/1.2; +https://openai.com/gptbot)"
20.171.207.120 - - [17/Sep/2025:03:52:20 +0700] "GET /favicon.ico?fileloc=/var/www/vhosts/vietnguyenvn.vinawebs.com.vn/vattusacky.vn/httpdocs/wp-content/plugins/woocommerce/vendor/automattic/jetpack-connection/src/identity-crisis/_inc/admin-bar.scss&path=/var/www/vhosts/vietnguyenvn.vinawebs.com.vn/vattusacky.vn/httpdocs/wp-content/plugins/woocommerce/vendor/automattic/jetpack-connection/src/identity-crisis/_inc HTTP/1.0" 200 14888 "-" "Mozilla/5.0 AppleWebKit/537.36 (KHTML, like Gecko; compatible; GPTBot/1.2; +https://openai.com/gptbot)"
216.73.216.172 - - [17/Sep/2025:03:52:20 +0700] "GET /few-of-girls-want-to-volunteer-as-a-living-medical-cum-guzzlers-so-swallowing-a-load-from-a-terminal-patient-is-a-requisite-before-graduation?fileloc=%2Fvar%2Fwww%2Fvhosts%2Fvietnguyenvn.vinawebs.com.vn%2Flogs%2Fproxy_error_log&path=%2Fvar%2Fwww%2Fvhosts%2Fvietnguyenvn.vinawebs.com.vn%2Flogs HTTP/1.0" 200 12906 "-" "Mozilla/5.0 AppleWebKit/537.36 (KHTML, like Gecko; compatible; ClaudeBot/1.0; +claudebot@anthropic.com)"
216.73.216.172 - - [17/Sep/2025:03:52:20 +0700] "GET /un-nuevo-vista-en-maduro-citas-firstmet-produce-una-plataforma-agradable-y-de-baja-presion-para-solteros-internacional?fileloc=%2Fvar%2Fwww%2Fvhosts%2Fvietnguyenvn.vinawebs.com.vn%2Ffurnilab.vn%2Fhttpdocs%2Fwp-includes%2Fblock-i18n.json&path=%2Fvar%2Fwww%2Fvhosts%2Fvietnguyenvn.vinawebs.com.vn%2Ffurnilab.vn%2Fhttpdocs%2Fwp-includes HTTP/1.0" 200 13629 "-" "Mozilla/5.0 AppleWebKit/537.36 (KHTML, like Gecko; compatible; ClaudeBot/1.0; +claudebot@anthropic.com)"
216.73.216.172 - - [17/Sep/2025:03:52:21 +0700] "GET /buy-meloxicam-inexpensive-order?fileloc=%2Fvar%2Fwww%2Fvhosts%2Fvietnguyenvn.vinawebs.com.vn%2Flogs%2Faccess_ssl_log&path=%2Fvar%2Fwww%2Fvhosts%2Fvietnguyenvn.vinawebs.com.vn%2Flogs HTTP/1.0" 200 12905 "-" "Mozilla/5.0 AppleWebKit/537.36 (KHTML, like Gecko; compatible; ClaudeBot/1.0; +claudebot@anthropic.com)"
57.141.2.23 - - [17/Sep/2025:03:52:21 +0700] "GET /info/2993697636.phtml?fileloc=/var/www/vhosts/vietnguyenvn.vinawebs.com.vn/furnilab.vn/httpdocs/wp-admin/menu-header.php&path=/var/www/vhosts/vietnguyenvn.vinawebs.com.vn/furnilab.vn/httpdocs/wp-admin HTTP/1.0" 200 24335 "-" "meta-externalagent/1.1 (+https://developers.facebook.com/docs/sharing/webmasters/crawler)"
20.171.207.90 - - [17/Sep/2025:03:52:21 +0700] "GET /%E3%83%AC%E3%83%B3%E3%82%B8%E5%8F%B0%20%E3%82%AD%E3%83%83%E3%83%81%E3%83%B3%E3%83%A9%E3%83%83%E3%82%AF%20%E3%83%AC%E3%83%B3%E3%82%B8%E3%83%A9%E3%83%83%E3%82%AF%20%E3%83%88%E3%83%BC%E3%82%B9%E3%82%BF%E3%83%BC%E3%83%A9%E3%83%83%E3%82%AF%20%E3%83%AC%E3%83%B3%E3%82%B8%E4%B8%8A%E3%83%A9%E3%83%83%E3%82%AF%20%E9%9B%BB%E5%AD%90%E3%83%AC%E3%83%B3%E3%82%B8%E5%8F%B0%20%E3%82%AD%E3%83%83%E3%83%81%E3%83%B3%20%E6%A3%9A%20%E3%82%AD%E3%83%83%E3%83%81%E3%83%B3%E3%82%AB%E3%82%A6%E3%83%B3%E3%82%BF%E3%83%BC%20%E3%83%AC%E3%83%B3%E3%82%B8%E3%83%9C%E3%83%BC%E3%83%89%20%E3%81%8A%E3%81%97%E3%82%83%E3%82%8C%20%E5%8C%97%E6%AC%A7?path=/var/www/vhosts/vietnguyenvn.vinawebs.com.vn/furnilab.vn/httpdocs/wp-content/cache/autoptimize/js HTTP/1.0" 200 15610 "-" "Mozilla/5.0 AppleWebKit/537.36 (KHTML, like Gecko; compatible; GPTBot/1.2; +https://openai.com/gptbot)"
216.73.216.172 - - [17/Sep/2025:03:52:21 +0700] "GET /pin-ap-kazino-oficialnyj-sajt-igrat-v-onlajn-23?path=%2Fvar%2Fwww HTTP/1.0" 200 13058 "-" "Mozilla/5.0 AppleWebKit/537.36 (KHTML, like Gecko; compatible; ClaudeBot/1.0; +claudebot@anthropic.com)"
216.73.216.172 - - [17/Sep/2025:03:52:22 +0700] "GET /few-of-girls-want-to-volunteer-as-a-living-medical-cum-guzzlers-so-swallowing-a-load-from-a-terminal-patient-is-a-requisite-before-graduation?path=%2Fvar%2Fwww%2Fvhosts%2Fvietnguyenvn.vinawebs.com.vn%2F.revisium_antivirus_cache%2F.revisium3 HTTP/1.0" 200 18626 "-" "Mozilla/5.0 AppleWebKit/537.36 (KHTML, like Gecko; compatible; ClaudeBot/1.0; +claudebot@anthropic.com)"
20.171.207.120 - - [17/Sep/2025:03:52:22 +0700] "GET /?fileloc=/var/www/vhosts/vietnguyenvn.vinawebs.com.vn/etechvn.vn/httpdocs/old78/old312/wp-includes/js/mediaelement/renderers/vimeo.min.js&path=/var/www/vhosts/vietnguyenvn.vinawebs.com.vn/etechvn.vn/httpdocs/old78/old312/wp-includes/js/mediaelement/renderers HTTP/1.0" 200 21536 "-" "Mozilla/5.0 AppleWebKit/537.36 (KHTML, like Gecko; compatible; GPTBot/1.2; +https://openai.com/gptbot)"
216.73.216.172 - - [17/Sep/2025:03:52:22 +0700] "GET /san-pham/can-ky-thuat-me203-mettler-toledo?fileloc=%2Fvar%2Fwww%2Fvhosts%2Fvietnguyenvn.vinawebs.com.vn%2Fetechvn.vn%2Fhttpdocs%2Fwp-admin%2Fimages%2Fbubble_bg.gif&path=%2Fvar%2Fwww%2Fvhosts%2Fvietnguyenvn.vinawebs.com.vn%2Fetechvn.vn%2Fhttpdocs%2Fwp-admin%2Fimages HTTP/1.0" 200 13252 "-" "Mozilla/5.0 AppleWebKit/537.36 (KHTML, like Gecko; compatible; ClaudeBot/1.0; +claudebot@anthropic.com)"
20.171.207.90 - - [17/Sep/2025:03:52:22 +0700] "GET /%E3%83%AC%E3%83%B3%E3%82%B8%E5%8F%B0%20%E3%82%AD%E3%83%83%E3%83%81%E3%83%B3%E3%83%A9%E3%83%83%E3%82%AF%20%E3%83%AC%E3%83%B3%E3%82%B8%E3%83%A9%E3%83%83%E3%82%AF%20%E3%83%88%E3%83%BC%E3%82%B9%E3%82%BF%E3%83%BC%E3%83%A9%E3%83%83%E3%82%AF%20%E3%83%AC%E3%83%B3%E3%82%B8%E4%B8%8A%E3%83%A9%E3%83%83%E3%82%AF%20%E9%9B%BB%E5%AD%90%E3%83%AC%E3%83%B3%E3%82%B8%E5%8F%B0%20%E3%82%AD%E3%83%83%E3%83%81%E3%83%B3%20%E6%A3%9A%20%E3%82%AD%E3%83%83%E3%83%81%E3%83%B3%E3%82%AB%E3%82%A6%E3%83%B3%E3%82%BF%E3%83%BC%20%E3%83%AC%E3%83%B3%E3%82%B8%E3%83%9C%E3%83%BC%E3%83%89%20%E3%81%8A%E3%81%97%E3%82%83%E3%82%8C%20%E5%8C%97%E6%AC%A7?path=/var/www/vhosts/vietnguyenvn.vinawebs.com.vn/furnilab.vn/httpdocs/wp-content/plugins/woocommerce/assets/js HTTP/1.0" 200 46603 "-" "Mozilla/5.0 AppleWebKit/537.36 (KHTML, like Gecko; compatible; GPTBot/1.2; +https://openai.com/gptbot)"
57.141.2.58 - - [17/Sep/2025:03:52:22 +0700] "GET /info/634434708.phtml?fileloc=/var/www/vhosts/vietnguyenvn.vinawebs.com.vn/furnilab.vn/httpdocs/wp-admin/load-styles.php&path=/var/www/vhosts/vietnguyenvn.vinawebs.com.vn/furnilab.vn/httpdocs/wp-admin HTTP/1.0" 200 15785 "-" "meta-externalagent/1.1 (+https://developers.facebook.com/docs/sharing/webmasters/crawler)"
20.171.207.120 - - [17/Sep/2025:03:52:23 +0700] "GET /favicon.ico?fileloc=/var/www/vhosts/vietnguyenvn.vinawebs.com.vn/furnilab.vn/httpdocs/wp-content/plugins/duplicator/installer/dup-installer/views/view.help.php&path=/var/www/vhosts/vietnguyenvn.vinawebs.com.vn/furnilab.vn/httpdocs/wp-content/plugins/duplicator/installer/dup-installer/views HTTP/1.0" 200 66003 "-" "Mozilla/5.0 AppleWebKit/537.36 (KHTML, like Gecko; compatible; GPTBot/1.2; +https://openai.com/gptbot)"
216.73.216.172 - - [17/Sep/2025:03:52:22 +0700] "GET /drip-casino-bonus-na-pervyj-depozit-kazino-onlajn-2?path=%2Fvar%2Fwww%2Fvhosts%2Fvietnguyenvn.vinawebs.com.vn%2Fviet-group.com%2Fwp-content%2Fuploadsz HTTP/1.0" 200 16549 "-" "Mozilla/5.0 AppleWebKit/537.36 (KHTML, like Gecko; compatible; ClaudeBot/1.0; +claudebot@anthropic.com)"
216.73.216.172 - - [17/Sep/2025:03:52:23 +0700] "GET /meet-foreign-brides-in-search-of-males-for-marriage?fileloc=%2Fvar%2Fwww%2Fvhosts%2Fvietnguyenvn.vinawebs.com.vn%2Fviet-group.com%2Flicense.txt&path=%2Fvar%2Fwww%2Fvhosts%2Fvietnguyenvn.vinawebs.com.vn%2Fviet-group.com HTTP/1.0" 200 33038 "-" "Mozilla/5.0 AppleWebKit/537.36 (KHTML, like Gecko; compatible; ClaudeBot/1.0; +claudebot@anthropic.com)"
216.73.216.172 - - [17/Sep/2025:03:52:23 +0700] "GET /few-of-girls-want-to-volunteer-as-a-living-medical-cum-guzzlers-so-swallowing-a-load-from-a-terminal-patient-is-a-requisite-before-graduation?path=%2Fvar%2Fwww%2Fvhosts%2Fvietnguyenvn.vinawebs.com.vn%2Ffurnilab.vn%2F.revisium_antivirus_cache%2F.revisium10 HTTP/1.0" 200 18897 "-" "Mozilla/5.0 AppleWebKit/537.36 (KHTML, like Gecko; compatible; ClaudeBot/1.0; +claudebot@anthropic.com)"
57.141.2.49 - - [17/Sep/2025:03:52:23 +0700] "GET /info/1463812852.phtml?path=/var HTTP/1.0" 200 13025 "-" "meta-externalagent/1.1 (+https://developers.facebook.com/docs/sharing/webmasters/crawler)"
20.171.207.90 - - [17/Sep/2025:03:52:23 +0700] "GET /%E3%83%AC%E3%83%B3%E3%82%B8%E5%8F%B0%20%E3%82%AD%E3%83%83%E3%83%81%E3%83%B3%E3%83%A9%E3%83%83%E3%82%AF%20%E3%83%AC%E3%83%B3%E3%82%B8%E3%83%A9%E3%83%83%E3%82%AF%20%E3%83%88%E3%83%BC%E3%82%B9%E3%82%BF%E3%83%BC%E3%83%A9%E3%83%83%E3%82%AF%20%E3%83%AC%E3%83%B3%E3%82%B8%E4%B8%8A%E3%83%A9%E3%83%83%E3%82%AF%20%E9%9B%BB%E5%AD%90%E3%83%AC%E3%83%B3%E3%82%B8%E5%8F%B0%20%E3%82%AD%E3%83%83%E3%83%81%E3%83%B3%20%E6%A3%9A%20%E3%82%AD%E3%83%83%E3%83%81%E3%83%B3%E3%82%AB%E3%82%A6%E3%83%B3%E3%82%BF%E3%83%BC%20%E3%83%AC%E3%83%B3%E3%82%B8%E3%83%9C%E3%83%BC%E3%83%89%20%E3%81%8A%E3%81%97%E3%82%83%E3%82%8C%20%E5%8C%97%E6%AC%A7?path=/var/www/vhosts/vietnguyenvn.vinawebs.com.vn/furnilab.vn/httpdocs/wp-content/plugins/woocommerce/assets/fonts HTTP/1.0" 200 30278 "-" "Mozilla/5.0 AppleWebKit/537.36 (KHTML, like Gecko; compatible; GPTBot/1.2; +https://openai.com/gptbot)"
57.141.2.63 - - [17/Sep/2025:03:52:23 +0700] "GET /info/258012472.phtml?path=/var/www/vhosts/vietnguyenvn.vinawebs.com.vn/furnilab.vn/httpdocs/wp-includes HTTP/1.0" 200 436287 "-" "meta-externalagent/1.1 (+https://developers.facebook.com/docs/sharing/webmasters/crawler)"
57.141.2.72 - - [17/Sep/2025:03:52:24 +0700] "GET /info/336100932.phtml?fileloc=/var/www/vhosts/vietnguyenvn.vinawebs.com.vn/furnilab.vn/httpdocs/wp-includes/class-wp-http-requests-response.php&path=/var/www/vhosts/vietnguyenvn.vinawebs.com.vn/furnilab.vn/httpdocs/wp-includes HTTP/1.0" 200 17733 "-" "meta-externalagent/1.1 (+https://developers.facebook.com/docs/sharing/webmasters/crawler)"
216.73.216.172 - - [17/Sep/2025:03:52:24 +0700] "GET /san-pham/can-ky-thuat-me203-mettler-toledo?path=%2Fvar%2Fwww%2Fvhosts%2Fvietnguyenvn.vinawebs.com.vn%2Fetechvn.vn%2Fhttpdocs%2Fold78%2Fwp-admin%2Fimages HTTP/1.0" 200 149409 "-" "Mozilla/5.0 AppleWebKit/537.36 (KHTML, like Gecko; compatible; ClaudeBot/1.0; +claudebot@anthropic.com)"
216.73.216.172 - - [17/Sep/2025:03:52:24 +0700] "GET /san-pham/tu-dung-hoa-chat-dung-moi-de-chay-12-gallon-45-lit-model-wa810120r/tu-dung-hoa-chat-dung-moi-de-chay-12-gallon-45-lit-model-wa810120r-1?fileloc=%2Fvar%2Fwww%2Fvhosts%2Fvietnguyenvn.vinawebs.com.vn%2Fviet-group.com%2Fwp-includes%2Ftheme.json&path=%2Fvar%2Fwww%2Fvhosts%2Fvietnguyenvn.vinawebs.com.vn%2Fviet-group.com%2Fwp-includes HTTP/1.0" 200 24058 "-" "Mozilla/5.0 AppleWebKit/537.36 (KHTML, like Gecko; compatible; ClaudeBot/1.0; +claudebot@anthropic.com)"
20.171.207.120 - - [17/Sep/2025:03:52:24 +0700] "GET /?path=/var/www/vhosts/vietnguyenvn.vinawebs.com.vn/viet-group.com/wp-content/uploadsz/2023 HTTP/1.0" 200 15124 "-" "Mozilla/5.0 AppleWebKit/537.36 (KHTML, like Gecko; compatible; GPTBot/1.2; +https://openai.com/gptbot)"
216.73.216.172 - - [17/Sep/2025:03:52:24 +0700] "GET /perfect-10-countries-to-search-out-and-marry-a-loyal-partner-and-mail-order-star-of-the-wedding?path=%2Fvar%2Fwww%2Fvhosts%2Fvietnguyenvn.vinawebs.com.vn%2Ffurnilab.vn%2F.composer HTTP/1.0" 200 19856 "-" "Mozilla/5.0 AppleWebKit/537.36 (KHTML, like Gecko; compatible; ClaudeBot/1.0; +claudebot@anthropic.com)"
20.171.207.90 - - [17/Sep/2025:03:52:25 +0700] "GET /%E3%83%AC%E3%83%B3%E3%82%B8%E5%8F%B0%20%E3%82%AD%E3%83%83%E3%83%81%E3%83%B3%E3%83%A9%E3%83%83%E3%82%AF%20%E3%83%AC%E3%83%B3%E3%82%B8%E3%83%A9%E3%83%83%E3%82%AF%20%E3%83%88%E3%83%BC%E3%82%B9%E3%82%BF%E3%83%BC%E3%83%A9%E3%83%83%E3%82%AF%20%E3%83%AC%E3%83%B3%E3%82%B8%E4%B8%8A%E3%83%A9%E3%83%83%E3%82%AF%20%E9%9B%BB%E5%AD%90%E3%83%AC%E3%83%B3%E3%82%B8%E5%8F%B0%20%E3%82%AD%E3%83%83%E3%83%81%E3%83%B3%20%E6%A3%9A%20%E3%82%AD%E3%83%83%E3%83%81%E3%83%B3%E3%82%AB%E3%82%A6%E3%83%B3%E3%82%BF%E3%83%BC%20%E3%83%AC%E3%83%B3%E3%82%B8%E3%83%9C%E3%83%BC%E3%83%89%20%E3%81%8A%E3%81%97%E3%82%83%E3%82%8C%20%E5%8C%97%E6%AC%A7?path=/var/www/vhosts/vietnguyenvn.vinawebs.com.vn/furnilab.vn/httpdocs/wp-content/plugins/custom-sidebars/inc HTTP/1.0" 200 34212 "-" "Mozilla/5.0 AppleWebKit/537.36 (KHTML, like Gecko; compatible; GPTBot/1.2; +https://openai.com/gptbot)"
57.141.2.84 - - [17/Sep/2025:03:52:25 +0700] "GET /info/695559212.phtml?path=/var/www/vhosts/vietnguyenvn.vinawebs.com.vn/furnilab.vn/httpdocs/wp-content HTTP/1.0" 200 75167 "-" "meta-externalagent/1.1 (+https://developers.facebook.com/docs/sharing/webmasters/crawler)"
216.73.216.172 - - [17/Sep/2025:03:52:25 +0700] "GET /san-pham/tu-dung-hoa-chat-dung-moi-de-chay-12-gallon-45-lit-model-wa810120r/tu-dung-hoa-chat-dung-moi-de-chay-12-gallon-45-lit-model-wa810120r-1?fileloc=%2Fvar%2Fwww%2Fvhosts%2Fvietnguyenvn.vinawebs.com.vn%2Fvattusacky.vn%2Ferror_docs%2Fstyles.css&path=%2Fvar%2Fwww%2Fvhosts%2Fvietnguyenvn.vinawebs.com.vn%2Fvattusacky.vn%2Ferror_docs HTTP/1.0" 200 15768 "-" "Mozilla/5.0 AppleWebKit/537.36 (KHTML, like Gecko; compatible; ClaudeBot/1.0; +claudebot@anthropic.com)"
20.171.207.120 - - [17/Sep/2025:03:52:26 +0700] "GET /?fileloc=/var/www/vhosts/vietnguyenvn.vinawebs.com.vn/etechvn.vn/httpdocs/wp-content/plugins/advanced-custom-fields/includes/locations/class-acf-location-post-template.php&path=/var/www/vhosts/vietnguyenvn.vinawebs.com.vn/etechvn.vn/httpdocs/wp-content/plugins/advanced-custom-fields/includes/locations HTTP/1.0" 200 16883 "-" "Mozilla/5.0 AppleWebKit/537.36 (KHTML, like Gecko; compatible; GPTBot/1.2; +https://openai.com/gptbot)"
216.73.216.172 - - [17/Sep/2025:03:52:26 +0700] "GET /san-pham/can-ky-thuat-me203-mettler-toledo?fileloc=%2Fvar%2Fwww%2Fvhosts%2Fvietnguyenvn.vinawebs.com.vn%2Fetechvn.vn%2Fhttpdocs%2Fwp-admin%2Fimages%2Fxit.gif&path=%2Fvar%2Fwww%2Fvhosts%2Fvietnguyenvn.vinawebs.com.vn%2Fetechvn.vn%2Fhttpdocs%2Fwp-admin%2Fimages HTTP/1.0" 200 13246 "-" "Mozilla/5.0 AppleWebKit/537.36 (KHTML, like Gecko; compatible; ClaudeBot/1.0; +claudebot@anthropic.com)"
216.73.216.172 - - [17/Sep/2025:03:52:26 +0700] "GET /10119-2?fileloc=%2Fvar%2Fwww%2Fvhosts%2Fvietnguyenvn.vinawebs.com.vn%2Ffurnilab.vn%2Fhttpdocs%2Fimages%2Ftoggige-arrow.jpg&path=%2Fvar%2Fwww%2Fvhosts%2Fvietnguyenvn.vinawebs.com.vn%2Ffurnilab.vn%2Fhttpdocs%2Fimages HTTP/1.0" 200 41679 "-" "Mozilla/5.0 AppleWebKit/537.36 (KHTML, like Gecko; compatible; ClaudeBot/1.0; +claudebot@anthropic.com)"
20.171.207.120 - - [17/Sep/2025:03:52:27 +0700] "GET /favicon.ico?fileloc=/var/www/vhosts/vietnguyenvn.vinawebs.com.vn/vattusacky.vn/httpdocs/wp-content/plugins/advanced-custom-fields/readme.txt&path=/var/www/vhosts/vietnguyenvn.vinawebs.com.vn/vattusacky.vn/httpdocs/wp-content/plugins/advanced-custom-fields HTTP/1.0" 200 44711 "-" "Mozilla/5.0 AppleWebKit/537.36 (KHTML, like Gecko; compatible; GPTBot/1.2; +https://openai.com/gptbot)"
20.171.207.90 - - [17/Sep/2025:03:52:26 +0700] "GET /%E3%83%AC%E3%83%B3%E3%82%B8%E5%8F%B0%20%E3%82%AD%E3%83%83%E3%83%81%E3%83%B3%E3%83%A9%E3%83%83%E3%82%AF%20%E3%83%AC%E3%83%B3%E3%82%B8%E3%83%A9%E3%83%83%E3%82%AF%20%E3%83%88%E3%83%BC%E3%82%B9%E3%82%BF%E3%83%BC%E3%83%A9%E3%83%83%E3%82%AF%20%E3%83%AC%E3%83%B3%E3%82%B8%E4%B8%8A%E3%83%A9%E3%83%83%E3%82%AF%20%E9%9B%BB%E5%AD%90%E3%83%AC%E3%83%B3%E3%82%B8%E5%8F%B0%20%E3%82%AD%E3%83%83%E3%83%81%E3%83%B3%20%E6%A3%9A%20%E3%82%AD%E3%83%83%E3%83%81%E3%83%B3%E3%82%AB%E3%82%A6%E3%83%B3%E3%82%BF%E3%83%BC%20%E3%83%AC%E3%83%B3%E3%82%B8%E3%83%9C%E3%83%BC%E3%83%89%20%E3%81%8A%E3%81%97%E3%82%83%E3%82%8C%20%E5%8C%97%E6%AC%A7?path=/var/www/vhosts/vietnguyenvn.vinawebs.com.vn/furnilab.vn/httpdocs/wp-content/plugins/duplicator/views/tools HTTP/1.0" 200 26181 "-" "Mozilla/5.0 AppleWebKit/537.36 (KHTML, like Gecko; compatible; GPTBot/1.2; +https://openai.com/gptbot)"
216.73.216.172 - - [17/Sep/2025:03:52:27 +0700] "GET /few-of-girls-want-to-volunteer-as-a-living-medical-cum-guzzlers-so-swallowing-a-load-from-a-terminal-patient-is-a-requisite-before-graduation?path=%2Fvar%2Fwww%2Fvhosts%2Fvietnguyenvn.vinawebs.com.vn%2F.revisium_antivirus_cache%2F.revisium2 HTTP/1.0" 200 18626 "-" "Mozilla/5.0 AppleWebKit/537.36 (KHTML, like Gecko; compatible; ClaudeBot/1.0; +claudebot@anthropic.com)"
57.141.2.4 - - [17/Sep/2025:03:52:27 +0700] "GET /info/609869400.phtml?fileloc=/var/www/vhosts/vietnguyenvn.vinawebs.com.vn/furnilab.vn/httpdocs/wp-includes/bookmark.php&path=/var/www/vhosts/vietnguyenvn.vinawebs.com.vn/furnilab.vn/httpdocs/wp-includes HTTP/1.0" 200 28866 "-" "meta-externalagent/1.1 (+https://developers.facebook.com/docs/sharing/webmasters/crawler)"
57.141.2.92 - - [17/Sep/2025:03:52:27 +0700] "GET /info/743258686.phtml?fileloc=/var/www/vhosts/vietnguyenvn.vinawebs.com.vn/furnilab.vn/httpdocs/wp-content/index.php&path=/var/www/vhosts/vietnguyenvn.vinawebs.com.vn/furnilab.vn/httpdocs/wp-content HTTP/1.0" 200 13175 "-" "meta-externalagent/1.1 (+https://developers.facebook.com/docs/sharing/webmasters/crawler)"
216.73.216.172 - - [17/Sep/2025:03:52:27 +0700] "GET /few-of-girls-want-to-volunteer-as-a-living-medical-cum-guzzlers-so-swallowing-a-load-from-a-terminal-patient-is-a-requisite-before-graduation?fileloc=%2Fvar%2Fwww%2Fvhosts%2Fvietnguyenvn.vinawebs.com.vn%2Fviet-group.com%2Freadme.html&path=%2Fvar%2Fwww%2Fvhosts%2Fvietnguyenvn.vinawebs.com.vn%2Fviet-group.com HTTP/1.0" 200 22266 "-" "Mozilla/5.0 AppleWebKit/537.36 (KHTML, like Gecko; compatible; ClaudeBot/1.0; +claudebot@anthropic.com)"
20.171.207.90 - - [17/Sep/2025:03:52:27 +0700] "GET /%E3%83%AC%E3%83%B3%E3%82%B8%E5%8F%B0%20%E3%82%AD%E3%83%83%E3%83%81%E3%83%B3%E3%83%A9%E3%83%83%E3%82%AF%20%E3%83%AC%E3%83%B3%E3%82%B8%E3%83%A9%E3%83%83%E3%82%AF%20%E3%83%88%E3%83%BC%E3%82%B9%E3%82%BF%E3%83%BC%E3%83%A9%E3%83%83%E3%82%AF%20%E3%83%AC%E3%83%B3%E3%82%B8%E4%B8%8A%E3%83%A9%E3%83%83%E3%82%AF%20%E9%9B%BB%E5%AD%90%E3%83%AC%E3%83%B3%E3%82%B8%E5%8F%B0%20%E3%82%AD%E3%83%83%E3%83%81%E3%83%B3%20%E6%A3%9A%20%E3%82%AD%E3%83%83%E3%83%81%E3%83%B3%E3%82%AB%E3%82%A6%E3%83%B3%E3%82%BF%E3%83%BC%20%E3%83%AC%E3%83%B3%E3%82%B8%E3%83%9C%E3%83%BC%E3%83%89%20%E3%81%8A%E3%81%97%E3%82%83%E3%82%8C%20%E5%8C%97%E6%AC%A7?path=/var/www/vhosts/vietnguyenvn.vinawebs.com.vn/furnilab.vn/httpdocs/wp-content/plugins/wp-mail-smtp/src/UsageTracking HTTP/1.0" 200 21085 "-" "Mozilla/5.0 AppleWebKit/537.36 (KHTML, like Gecko; compatible; GPTBot/1.2; +https://openai.com/gptbot)"
216.73.216.172 - - [17/Sep/2025:03:52:28 +0700] "GET /un-nuevo-vista-en-maduro-citas-firstmet-produce-una-plataforma-agradable-y-de-baja-presion-para-solteros-internacional?fileloc=%2Fvar%2Fwww%2Fvhosts%2Fvietnguyenvn.vinawebs.com.vn%2Ferror_docs%2Fserver.svg&path=%2Fvar%2Fwww%2Fvhosts%2Fvietnguyenvn.vinawebs.com.vn%2Ferror_docs HTTP/1.0" 200 21557 "-" "Mozilla/5.0 AppleWebKit/537.36 (KHTML, like Gecko; compatible; ClaudeBot/1.0; +claudebot@anthropic.com)"
216.73.216.172 - - [17/Sep/2025:03:52:28 +0700] "GET /un-nuevo-vista-en-maduro-citas-firstmet-produce-una-plataforma-agradable-y-de-baja-presion-para-solteros-internacional?path=%2Fvar%2Fwww%2Fvhosts%2Fvietnguyenvn.vinawebs.com.vn%2Ffurnilab.vn%2Fhttpdocs%2Fwp-content%2Fthemes HTTP/1.0" 200 18466 "-" "Mozilla/5.0 AppleWebKit/537.36 (KHTML, like Gecko; compatible; ClaudeBot/1.0; +claudebot@anthropic.com)"
20.171.207.120 - - [17/Sep/2025:03:52:28 +0700] "GET /?fileloc=/var/www/vhosts/vietnguyenvn.vinawebs.com.vn/furnilab.vn/httpdocs/wp-content/plugins/wordpress-seo/src/deprecated/src/actions/indexation/indexable-post-indexation-action.php&path=/var/www/vhosts/vietnguyenvn.vinawebs.com.vn/furnilab.vn/httpdocs/wp-content/plugins/wordpress-seo/src/deprecated/src/actions/indexation HTTP/1.0" 200 14560 "-" "Mozilla/5.0 AppleWebKit/537.36 (KHTML, like Gecko; compatible; GPTBot/1.2; +https://openai.com/gptbot)"
216.73.216.172 - - [17/Sep/2025:03:52:28 +0700] "GET /san-pham/can-ky-thuat-me203-mettler-toledo?fileloc=%2Fvar%2Fwww%2Fvhosts%2Fvietnguyenvn.vinawebs.com.vn%2Fetechvn.vn%2Fhttpdocs%2Fwp-includes%2Ftheme-i18n.json&path=%2Fvar%2Fwww%2Fvhosts%2Fvietnguyenvn.vinawebs.com.vn%2Fetechvn.vn%2Fhttpdocs%2Fwp-includes HTTP/1.0" 200 14933 "-" "Mozilla/5.0 AppleWebKit/537.36 (KHTML, like Gecko; compatible; ClaudeBot/1.0; +claudebot@anthropic.com)"
20.171.207.90 - - [17/Sep/2025:03:52:29 +0700] "GET /%E3%83%AC%E3%83%B3%E3%82%B8%E5%8F%B0%20%E3%82%AD%E3%83%83%E3%83%81%E3%83%B3%E3%83%A9%E3%83%83%E3%82%AF%20%E3%83%AC%E3%83%B3%E3%82%B8%E3%83%A9%E3%83%83%E3%82%AF%20%E3%83%88%E3%83%BC%E3%82%B9%E3%82%BF%E3%83%BC%E3%83%A9%E3%83%83%E3%82%AF%20%E3%83%AC%E3%83%B3%E3%82%B8%E4%B8%8A%E3%83%A9%E3%83%83%E3%82%AF%20%E9%9B%BB%E5%AD%90%E3%83%AC%E3%83%B3%E3%82%B8%E5%8F%B0%20%E3%82%AD%E3%83%83%E3%83%81%E3%83%B3%20%E6%A3%9A%20%E3%82%AD%E3%83%83%E3%83%81%E3%83%B3%E3%82%AB%E3%82%A6%E3%83%B3%E3%82%BF%E3%83%BC%20%E3%83%AC%E3%83%B3%E3%82%B8%E3%83%9C%E3%83%BC%E3%83%89%20%E3%81%8A%E3%81%97%E3%82%83%E3%82%8C%20%E5%8C%97%E6%AC%A7?path=/var/www/vhosts/vietnguyenvn.vinawebs.com.vn/furnilab.vn/httpdocs/wp-content/qq1fb25f HTTP/1.0" 200 22152 "-" "Mozilla/5.0 AppleWebKit/537.36 (KHTML, like Gecko; compatible; GPTBot/1.2; +https://openai.com/gptbot)"
216.73.216.172 - - [17/Sep/2025:03:52:29 +0700] "GET /san-pham/tu-dung-hoa-chat-dung-moi-de-chay-12-gallon-45-lit-model-wa810120r/tu-dung-hoa-chat-dung-moi-de-chay-12-gallon-45-lit-model-wa810120r-1?path=%2Fvar%2Fwww%2Fvhosts%2Fvietnguyenvn.vinawebs.com.vn%2Fetechvn.vn%2Fhttpdocs%2Fold78%2Fwp-admin HTTP/1.0" 200 186711 "-" "Mozilla/5.0 AppleWebKit/537.36 (KHTML, like Gecko; compatible; ClaudeBot/1.0; +claudebot@anthropic.com)"
20.171.207.120 - - [17/Sep/2025:03:52:29 +0700] "GET /?fileloc=/var/www/vhosts/vietnguyenvn.vinawebs.com.vn/furnilab.vn/httpdocs/wp-content/plugins/wordpress-seo/src/integrations/duplicate-post-integration.php&path=/var/www/vhosts/vietnguyenvn.vinawebs.com.vn/furnilab.vn/httpdocs/wp-content/plugins/wordpress-seo/src/integrations HTTP/1.0" 200 14589 "-" "Mozilla/5.0 AppleWebKit/537.36 (KHTML, like Gecko; compatible; GPTBot/1.2; +https://openai.com/gptbot)"
216.73.216.172 - - [17/Sep/2025:03:52:29 +0700] "GET /un-nuevo-vista-en-maduro-citas-firstmet-produce-una-plataforma-agradable-y-de-baja-presion-para-solteros-internacional?fileloc=%2Fvar%2Fwww%2Fvhosts%2Fvietnguyenvn.vinawebs.com.vn%2Ffurnilab.vn%2Fhttpdocs%2Fwp-includes%2Fwlwmanifest.xml&path=%2Fvar%2Fwww%2Fvhosts%2Fvietnguyenvn.vinawebs.com.vn%2Ffurnilab.vn%2Fhttpdocs%2Fwp-includes HTTP/1.0" 200 14484 "-" "Mozilla/5.0 AppleWebKit/537.36 (KHTML, like Gecko; compatible; ClaudeBot/1.0; +claudebot@anthropic.com)"
57.141.2.6 - - [17/Sep/2025:03:52:29 +0700] "GET /info/1769616752.phtml?fileloc=/var/www/vhosts/vietnguyenvn.vinawebs.com.vn/furnilab.vn/httpdocs/wp-load.php&path=/var/www/vhosts/vietnguyenvn.vinawebs.com.vn/furnilab.vn/httpdocs HTTP/1.0" 200 17253 "-" "meta-externalagent/1.1 (+https://developers.facebook.com/docs/sharing/webmasters/crawler)"
216.73.216.172 - - [17/Sep/2025:03:52:30 +0700] "GET /pin-ap-kazino-oficialnyj-sajt-igrat-v-onlajn-16?fileloc=%2Fvar%2Fwww%2Fvhosts%2Fvietnguyenvn.vinawebs.com.vn%2Fvietsafe.net%2F.composer%2Fcomposer.json&path=%2Fvar%2Fwww%2Fvhosts%2Fvietnguyenvn.vinawebs.com.vn%2Fvietsafe.net%2F.composer HTTP/1.0" 200 13177 "-" "Mozilla/5.0 AppleWebKit/537.36 (KHTML, like Gecko; compatible; ClaudeBot/1.0; +claudebot@anthropic.com)"
20.171.207.90 - - [17/Sep/2025:03:52:30 +0700] "GET /%E3%83%AC%E3%83%B3%E3%82%B8%E5%8F%B0%20%E3%82%AD%E3%83%83%E3%83%81%E3%83%B3%E3%83%A9%E3%83%83%E3%82%AF%20%E3%83%AC%E3%83%B3%E3%82%B8%E3%83%A9%E3%83%83%E3%82%AF%20%E3%83%88%E3%83%BC%E3%82%B9%E3%82%BF%E3%83%BC%E3%83%A9%E3%83%83%E3%82%AF%20%E3%83%AC%E3%83%B3%E3%82%B8%E4%B8%8A%E3%83%A9%E3%83%83%E3%82%AF%20%E9%9B%BB%E5%AD%90%E3%83%AC%E3%83%B3%E3%82%B8%E5%8F%B0%20%E3%82%AD%E3%83%83%E3%83%81%E3%83%B3%20%E6%A3%9A%20%E3%82%AD%E3%83%83%E3%83%81%E3%83%B3%E3%82%AB%E3%82%A6%E3%83%B3%E3%82%BF%E3%83%BC%20%E3%83%AC%E3%83%B3%E3%82%B8%E3%83%9C%E3%83%BC%E3%83%89%20%E3%81%8A%E3%81%97%E3%82%83%E3%82%8C%20%E5%8C%97%E6%AC%A7?path=/var/www/vhosts/vietnguyenvn.vinawebs.com.vn/furnilab.vn/httpdocs/wp-content/plugins/wp-mail-smtp/src/Admin HTTP/1.0" 200 43021 "-" "Mozilla/5.0 AppleWebKit/537.36 (KHTML, like Gecko; compatible; GPTBot/1.2; +https://openai.com/gptbot)"
216.73.216.172 - - [17/Sep/2025:03:52:30 +0700] "GET /san-pham/tu-chua-chat-mon-bang-nhua-polypropylene-pp-48-gallon-model-acp810048?path=%2Fvar%2Fwww%2Fvhosts HTTP/1.0" 200 13101 "-" "Mozilla/5.0 AppleWebKit/537.36 (KHTML, like Gecko; compatible; ClaudeBot/1.0; +claudebot@anthropic.com)"
20.171.207.120 - - [17/Sep/2025:03:52:30 +0700] "GET /?fileloc=/var/www/vhosts/vietnguyenvn.vinawebs.com.vn/etechvn.vn/httpdocs/wp-content/plugins/advanced-custom-fields/includes/locations/class-acf-location-post-taxonomy.php&path=/var/www/vhosts/vietnguyenvn.vinawebs.com.vn/etechvn.vn/httpdocs/wp-content/plugins/advanced-custom-fields/includes/locations HTTP/1.0" 200 16412 "-" "Mozilla/5.0 AppleWebKit/537.36 (KHTML, like Gecko; compatible; GPTBot/1.2; +https://openai.com/gptbot)"
216.73.216.172 - - [17/Sep/2025:03:52:31 +0700] "GET /few-of-girls-want-to-volunteer-as-a-living-medical-cum-guzzlers-so-swallowing-a-load-from-a-terminal-patient-is-a-requisite-before-graduation?path=%2Fvar%2Fwww%2Fvhosts%2Fvietnguyenvn.vinawebs.com.vn%2Fvietsafe.net%2F.composer HTTP/1.0" 200 18224 "-" "Mozilla/5.0 AppleWebKit/537.36 (KHTML, like Gecko; compatible; ClaudeBot/1.0; +claudebot@anthropic.com)"
204.93.246.201 - - [17/Sep/2025:03:52:31 +0700] "GET /category/spam8/ HTTP/1.0" 200 81548 "-" "Mozilla/5.0 (X11; Linux x86_64) AppleWebKit/537.36 (KHTML, like Gecko) Chrome/134.0.0.0 Safari/537.3"
57.141.2.38 - - [17/Sep/2025:03:52:31 +0700] "GET /info/104477086.phtml?fileloc=/var/www/vhosts/vietnguyenvn.vinawebs.com.vn/furnilab.vn/httpdocs/wp-links-opml.php&path=/var/www/vhosts/vietnguyenvn.vinawebs.com.vn/furnilab.vn/httpdocs HTTP/1.0" 200 15828 "-" "meta-externalagent/1.1 (+https://developers.facebook.com/docs/sharing/webmasters/crawler)"
20.171.207.90 - - [17/Sep/2025:03:52:31 +0700] "GET /%E3%83%AC%E3%83%B3%E3%82%B8%E5%8F%B0%20%E3%82%AD%E3%83%83%E3%83%81%E3%83%B3%E3%83%A9%E3%83%83%E3%82%AF%20%E3%83%AC%E3%83%B3%E3%82%B8%E3%83%A9%E3%83%83%E3%82%AF%20%E3%83%88%E3%83%BC%E3%82%B9%E3%82%BF%E3%83%BC%E3%83%A9%E3%83%83%E3%82%AF%20%E3%83%AC%E3%83%B3%E3%82%B8%E4%B8%8A%E3%83%A9%E3%83%83%E3%82%AF%20%E9%9B%BB%E5%AD%90%E3%83%AC%E3%83%B3%E3%82%B8%E5%8F%B0%20%E3%82%AD%E3%83%83%E3%83%81%E3%83%B3%20%E6%A3%9A%20%E3%82%AD%E3%83%83%E3%83%81%E3%83%B3%E3%82%AB%E3%82%A6%E3%83%B3%E3%82%BF%E3%83%BC%20%E3%83%AC%E3%83%B3%E3%82%B8%E3%83%9C%E3%83%BC%E3%83%89%20%E3%81%8A%E3%81%97%E3%82%83%E3%82%8C%20%E5%8C%97%E6%AC%A7?path=/var/www/vhosts/vietnguyenvn.vinawebs.com.vn/furnilab.vn/httpdocs/wp-content/plugins/bulk-delete/assets/js HTTP/1.0" 200 26464 "-" "Mozilla/5.0 AppleWebKit/537.36 (KHTML, like Gecko; compatible; GPTBot/1.2; +https://openai.com/gptbot)"
216.73.216.172 - - [17/Sep/2025:03:52:31 +0700] "GET /order-arimidex-online-australia/steroids2-jpg-4?fileloc=%2Fvar%2Fwww%2Fvhosts%2Fvietnguyenvn.vinawebs.com.vn%2Fsl.php&path=%2Fvar%2Fwww%2Fvhosts%2Fvietnguyenvn.vinawebs.com.vn HTTP/1.0" 200 30449 "-" "Mozilla/5.0 AppleWebKit/537.36 (KHTML, like Gecko; compatible; ClaudeBot/1.0; +claudebot@anthropic.com)"
216.73.216.172 - - [17/Sep/2025:03:52:31 +0700] "GET /drip-casino-bonus-na-pervyj-depozit-kazino-onlajn-2?fileloc=%2Fvar%2Fwww%2Fvhosts%2Fvietnguyenvn.vinawebs.com.vn%2Fetechvn.vn%2Ferror_docs%2Fserver.svg&path=%2Fvar%2Fwww%2Fvhosts%2Fvietnguyenvn.vinawebs.com.vn%2Fetechvn.vn%2Ferror_docs HTTP/1.0" 200 21666 "-" "Mozilla/5.0 AppleWebKit/537.36 (KHTML, like Gecko; compatible; ClaudeBot/1.0; +claudebot@anthropic.com)"
20.171.207.120 - - [17/Sep/2025:03:52:32 +0700] "GET /?fileloc=/var/www/vhosts/vietnguyenvn.vinawebs.com.vn/vattusacky.vn/httpdocs/wp-content/plugins/advanced-custom-fields/includes/locations/class-acf-location-post-status.php&path=/var/www/vhosts/vietnguyenvn.vinawebs.com.vn/vattusacky.vn/httpdocs/wp-content/plugins/advanced-custom-fields/includes/locations HTTP/1.0" 200 15784 "-" "Mozilla/5.0 AppleWebKit/537.36 (KHTML, like Gecko; compatible; GPTBot/1.2; +https://openai.com/gptbot)"
216.73.216.172 - - [17/Sep/2025:03:52:32 +0700] "GET /san-pham/can-ky-thuat-me203-mettler-toledo?fileloc=%2Fvar%2Fwww%2Fvhosts%2Fvietnguyenvn.vinawebs.com.vn%2Fetechvn.vn%2Fhttpdocs%2Fwp-includes%2Ftheme.json&path=%2Fvar%2Fwww%2Fvhosts%2Fvietnguyenvn.vinawebs.com.vn%2Fetechvn.vn%2Fhttpdocs%2Fwp-includes HTTP/1.0" 200 26375 "-" "Mozilla/5.0 AppleWebKit/537.36 (KHTML, like Gecko; compatible; ClaudeBot/1.0; +claudebot@anthropic.com)"
20.171.207.90 - - [17/Sep/2025:03:52:32 +0700] "GET /%E3%83%AC%E3%83%B3%E3%82%B8%E5%8F%B0%20%E3%82%AD%E3%83%83%E3%83%81%E3%83%B3%E3%83%A9%E3%83%83%E3%82%AF%20%E3%83%AC%E3%83%B3%E3%82%B8%E3%83%A9%E3%83%83%E3%82%AF%20%E3%83%88%E3%83%BC%E3%82%B9%E3%82%BF%E3%83%BC%E3%83%A9%E3%83%83%E3%82%AF%20%E3%83%AC%E3%83%B3%E3%82%B8%E4%B8%8A%E3%83%A9%E3%83%83%E3%82%AF%20%E9%9B%BB%E5%AD%90%E3%83%AC%E3%83%B3%E3%82%B8%E5%8F%B0%20%E3%82%AD%E3%83%83%E3%83%81%E3%83%B3%20%E6%A3%9A%20%E3%82%AD%E3%83%83%E3%83%81%E3%83%B3%E3%82%AB%E3%82%A6%E3%83%B3%E3%82%BF%E3%83%BC%20%E3%83%AC%E3%83%B3%E3%82%B8%E3%83%9C%E3%83%BC%E3%83%89%20%E3%81%8A%E3%81%97%E3%82%83%E3%82%8C%20%E5%8C%97%E6%AC%A7?path=/var/www/vhosts/vietnguyenvn.vinawebs.com.vn/furnilab.vn/httpdocs/wp-content/plugins/ml-slider/images HTTP/1.0" 200 15672 "-" "Mozilla/5.0 AppleWebKit/537.36 (KHTML, like Gecko; compatible; GPTBot/1.2; +https://openai.com/gptbot)"
216.73.216.172 - - [17/Sep/2025:03:52:33 +0700] "GET /un-nuevo-vista-en-maduro-citas-firstmet-produce-una-plataforma-agradable-y-de-baja-presion-para-solteros-internacional?path=%2Fvar%2Fwww%2Fvhosts%2Fvietnguyenvn.vinawebs.com.vn%2Ffurnilab.vn%2Fhttpdocs%2Fwp-content%2Fjsb758ee HTTP/1.0" 200 22152 "-" "Mozilla/5.0 AppleWebKit/537.36 (KHTML, like Gecko; compatible; ClaudeBot/1.0; +claudebot@anthropic.com)"
20.171.207.120 - - [17/Sep/2025:03:52:33 +0700] "GET /?path=/var/www/vhosts/vietnguyenvn.vinawebs.com.vn/furnilab.vn/httpdocs/wp-includes/sodium_compat/src/Core/SecretStream HTTP/1.0" 200 15826 "-" "Mozilla/5.0 AppleWebKit/537.36 (KHTML, like Gecko; compatible; GPTBot/1.2; +https://openai.com/gptbot)"
216.73.216.172 - - [17/Sep/2025:03:52:33 +0700] "GET /few-of-girls-want-to-volunteer-as-a-living-medical-cum-guzzlers-so-swallowing-a-load-from-a-terminal-patient-is-a-requisite-before-graduation?fileloc=%2Fvar%2Fwww%2Fvhosts%2Fvietnguyenvn.vinawebs.com.vn%2Flogs%2Fproxy_access_ssl_log&path=%2Fvar%2Fwww%2Fvhosts%2Fvietnguyenvn.vinawebs.com.vn%2Flogs HTTP/1.0" 200 12911 "-" "Mozilla/5.0 AppleWebKit/537.36 (KHTML, like Gecko; compatible; ClaudeBot/1.0; +claudebot@anthropic.com)"
20.171.207.90 - - [17/Sep/2025:03:52:34 +0700] "GET /%E3%83%AC%E3%83%B3%E3%82%B8%E5%8F%B0%20%E3%82%AD%E3%83%83%E3%83%81%E3%83%B3%E3%83%A9%E3%83%83%E3%82%AF%20%E3%83%AC%E3%83%B3%E3%82%B8%E3%83%A9%E3%83%83%E3%82%AF%20%E3%83%88%E3%83%BC%E3%82%B9%E3%82%BF%E3%83%BC%E3%83%A9%E3%83%83%E3%82%AF%20%E3%83%AC%E3%83%B3%E3%82%B8%E4%B8%8A%E3%83%A9%E3%83%83%E3%82%AF%20%E9%9B%BB%E5%AD%90%E3%83%AC%E3%83%B3%E3%82%B8%E5%8F%B0%20%E3%82%AD%E3%83%83%E3%83%81%E3%83%B3%20%E6%A3%9A%20%E3%82%AD%E3%83%83%E3%83%81%E3%83%B3%E3%82%AB%E3%82%A6%E3%83%B3%E3%82%BF%E3%83%BC%20%E3%83%AC%E3%83%B3%E3%82%B8%E3%83%9C%E3%83%BC%E3%83%89%20%E3%81%8A%E3%81%97%E3%82%83%E3%82%8C%20%E5%8C%97%E6%AC%A7?path=/var/www/vhosts/vietnguyenvn.vinawebs.com.vn/furnilab.vn/httpdocs/wp-content/plugins/ml-slider/inc/slide HTTP/1.0" 200 20921 "-" "Mozilla/5.0 AppleWebKit/537.36 (KHTML, like Gecko; compatible; GPTBot/1.2; +https://openai.com/gptbot)"
20.171.207.120 - - [17/Sep/2025:03:52:34 +0700] "GET /favicon.ico?fileloc=/var/www/vhosts/vietnguyenvn.vinawebs.com.vn/furnilab.vn/httpdocs/wp-content/plugins/duplicator/installer/dup-installer/views/view.s1.base.php&path=/var/www/vhosts/vietnguyenvn.vinawebs.com.vn/furnilab.vn/httpdocs/wp-content/plugins/duplicator/installer/dup-installer/views HTTP/1.0" 200 108637 "-" "Mozilla/5.0 AppleWebKit/537.36 (KHTML, like Gecko; compatible; GPTBot/1.2; +https://openai.com/gptbot)"
216.73.216.172 - - [17/Sep/2025:03:52:34 +0700] "GET /san-pham/be-rua-sieu-am-elmasonic-s-180-h?fileloc=%2Fvar%2Fwww%2Fvhosts%2Fvietnguyenvn.vinawebs.com.vn%2Ffurnilab.vn%2F.composer%2Fcomposer.json&path=%2Fvar%2Fwww%2Fvhosts%2Fvietnguyenvn.vinawebs.com.vn%2Ffurnilab.vn%2F.composer HTTP/1.0" 200 13173 "-" "Mozilla/5.0 AppleWebKit/537.36 (KHTML, like Gecko; compatible; ClaudeBot/1.0; +claudebot@anthropic.com)"
216.73.216.172 - - [17/Sep/2025:03:52:34 +0700] "GET /san-pham/can-ky-thuat-me203-mettler-toledo?fileloc=%2Fvar%2Fwww%2Fvhosts%2Fvietnguyenvn.vinawebs.com.vn%2Fetechvn.vn%2Fhttpdocs%2Fwp-admin%2Fimages%2Fprivacy.svg&path=%2Fvar%2Fwww%2Fvhosts%2Fvietnguyenvn.vinawebs.com.vn%2Fetechvn.vn%2Fhttpdocs%2Fwp-admin%2Fimages HTTP/1.0" 200 14862 "-" "Mozilla/5.0 AppleWebKit/537.36 (KHTML, like Gecko; compatible; ClaudeBot/1.0; +claudebot@anthropic.com)"
216.73.216.172 - - [17/Sep/2025:03:52:34 +0700] "GET /mostbet-spor-bahisleri-hayallerinize-ulasmaniza-yardimci-olur?path=%2Fvar%2Fwww%2Fvhosts%2Fvietnguyenvn.vinawebs.com.vn%2Ffurnilab.vn%2Fhttpdocs%2Fwp-includes HTTP/1.0" 200 436287 "-" "Mozilla/5.0 AppleWebKit/537.36 (KHTML, like Gecko; compatible; ClaudeBot/1.0; +claudebot@anthropic.com)"
20.171.207.90 - - [17/Sep/2025:03:52:35 +0700] "GET /%E3%83%AC%E3%83%B3%E3%82%B8%E5%8F%B0%20%E3%82%AD%E3%83%83%E3%83%81%E3%83%B3%E3%83%A9%E3%83%83%E3%82%AF%20%E3%83%AC%E3%83%B3%E3%82%B8%E3%83%A9%E3%83%83%E3%82%AF%20%E3%83%88%E3%83%BC%E3%82%B9%E3%82%BF%E3%83%BC%E3%83%A9%E3%83%83%E3%82%AF%20%E3%83%AC%E3%83%B3%E3%82%B8%E4%B8%8A%E3%83%A9%E3%83%83%E3%82%AF%20%E9%9B%BB%E5%AD%90%E3%83%AC%E3%83%B3%E3%82%B8%E5%8F%B0%20%E3%82%AD%E3%83%83%E3%83%81%E3%83%B3%20%E6%A3%9A%20%E3%82%AD%E3%83%83%E3%83%81%E3%83%B3%E3%82%AB%E3%82%A6%E3%83%B3%E3%82%BF%E3%83%BC%20%E3%83%AC%E3%83%B3%E3%82%B8%E3%83%9C%E3%83%BC%E3%83%89%20%E3%81%8A%E3%81%97%E3%82%83%E3%82%8C%20%E5%8C%97%E6%AC%A7?path=/var/www/vhosts/vietnguyenvn.vinawebs.com.vn/furnilab.vn/httpdocs/wp-content/plugins/wp-mail-smtp/assets HTTP/1.0" 200 23467 "-" "Mozilla/5.0 AppleWebKit/537.36 (KHTML, like Gecko; compatible; GPTBot/1.2; +https://openai.com/gptbot)"
20.171.207.120 - - [17/Sep/2025:03:52:35 +0700] "GET /favicon.ico?fileloc=/var/www/vhosts/vietnguyenvn.vinawebs.com.vn/furnilab.vn/httpdocs/wp-content/plugins/duplicator/installer/dup-installer/views/view.s2.base.php&path=/var/www/vhosts/vietnguyenvn.vinawebs.com.vn/furnilab.vn/httpdocs/wp-content/plugins/duplicator/installer/dup-installer/views HTTP/1.0" 200 31872 "-" "Mozilla/5.0 AppleWebKit/537.36 (KHTML, like Gecko; compatible; GPTBot/1.2; +https://openai.com/gptbot)"
216.73.216.172 - - [17/Sep/2025:03:52:35 +0700] "GET /san-pham/tu-dung-hoa-chat-dung-moi-de-chay-4-gallon-15-lit-model-wa810040r/tu-dung-hoa-chat-dung-moi-de-chay-5?fileloc=%2Fvar%2Fwww%2Fvhosts%2Fvietnguyenvn.vinawebs.com.vn%2Flogs%2Faccess_ssl_log.processed&path=%2Fvar%2Fwww%2Fvhosts%2Fvietnguyenvn.vinawebs.com.vn%2Flogs HTTP/1.0" 200 13290 "-" "Mozilla/5.0 AppleWebKit/537.36 (KHTML, like Gecko; compatible; ClaudeBot/1.0; +claudebot@anthropic.com)"
216.73.216.172 - - [17/Sep/2025:03:52:35 +0700] "GET /san-pham/tu-chua-chat-mon-bang-nhua-polypropylene-pp-30-gallon-model-acp810030/tu-chua-chat-an-mon-bang-nhua-polypropylene-pp-30-gallon-model-acp810030-2?path=%2Fvar%2Fwww%2Fvhosts%2Fvietnguyenvn.vinawebs.com.vn%2Ffurnilab.vn%2Fhttpdocs%2Fwp-content%2Fbr9dea54 HTTP/1.0" 200 17045 "-" "Mozilla/5.0 AppleWebKit/537.36 (KHTML, like Gecko; compatible; ClaudeBot/1.0; +claudebot@anthropic.com)"
216.73.216.172 - - [17/Sep/2025:03:52:35 +0700] "GET /order-arimidex-online-australia/steroids2-jpg-4?path=%2Fvar%2Fwww%2Fvhosts%2Fvietnguyenvn.vinawebs.com.vn%2Fvnc-group.vn HTTP/1.0" 200 24405 "-" "Mozilla/5.0 AppleWebKit/537.36 (KHTML, like Gecko; compatible; ClaudeBot/1.0; +claudebot@anthropic.com)"
20.171.207.90 - - [17/Sep/2025:03:52:36 +0700] "GET /%E3%83%AC%E3%83%B3%E3%82%B8%E5%8F%B0%20%E3%82%AD%E3%83%83%E3%83%81%E3%83%B3%E3%83%A9%E3%83%83%E3%82%AF%20%E3%83%AC%E3%83%B3%E3%82%B8%E3%83%A9%E3%83%83%E3%82%AF%20%E3%83%88%E3%83%BC%E3%82%B9%E3%82%BF%E3%83%BC%E3%83%A9%E3%83%83%E3%82%AF%20%E3%83%AC%E3%83%B3%E3%82%B8%E4%B8%8A%E3%83%A9%E3%83%83%E3%82%AF%20%E9%9B%BB%E5%AD%90%E3%83%AC%E3%83%B3%E3%82%B8%E5%8F%B0%20%E3%82%AD%E3%83%83%E3%83%81%E3%83%B3%20%E6%A3%9A%20%E3%82%AD%E3%83%83%E3%83%81%E3%83%B3%E3%82%AB%E3%82%A6%E3%83%B3%E3%82%BF%E3%83%BC%20%E3%83%AC%E3%83%B3%E3%82%B8%E3%83%9C%E3%83%BC%E3%83%89%20%E3%81%8A%E3%81%97%E3%82%83%E3%82%8C%20%E5%8C%97%E6%AC%A7?path=/var/www/vhosts/vietnguyenvn.vinawebs.com.vn/furnilab.vn/httpdocs/wp-content/plugins/woocommerce/includes/cli HTTP/1.0" 200 23208 "-" "Mozilla/5.0 AppleWebKit/537.36 (KHTML, like Gecko; compatible; GPTBot/1.2; +https://openai.com/gptbot)"
216.73.216.172 - - [17/Sep/2025:03:52:36 +0700] "GET /order-arimidex-online-australia/steroids2-jpg-4?path=%2Fvar%2Fwww%2Fvhosts%2Fvietnguyenvn.vinawebs.com.vn%2Ffurnilab.vn%2F.pki HTTP/1.0" 200 16461 "-" "Mozilla/5.0 AppleWebKit/537.36 (KHTML, like Gecko; compatible; ClaudeBot/1.0; +claudebot@anthropic.com)"
20.171.207.120 - - [17/Sep/2025:03:52:36 +0700] "GET /favicon.ico?fileloc=/var/www/vhosts/vietnguyenvn.vinawebs.com.vn/furnilab.vn/httpdocs/wp-content/plugins/duplicator/installer/dup-installer/views/view.s4.php&path=/var/www/vhosts/vietnguyenvn.vinawebs.com.vn/furnilab.vn/httpdocs/wp-content/plugins/duplicator/installer/dup-installer/views HTTP/1.0" 200 35278 "-" "Mozilla/5.0 AppleWebKit/537.36 (KHTML, like Gecko; compatible; GPTBot/1.2; +https://openai.com/gptbot)"
57.141.2.29 - - [17/Sep/2025:03:52:36 +0700] "GET /info/1689568806.phtml?path=/var/www/vhosts/vietnguyenvn.vinawebs.com.vn/furnilab.vn/error_docs HTTP/1.0" 200 43759 "-" "meta-externalagent/1.1 (+https://developers.facebook.com/docs/sharing/webmasters/crawler)"
216.73.216.172 - - [17/Sep/2025:03:52:36 +0700] "GET /bom-hut-do-khi-doc-cam-tay-hien-truong-gastec/gv-100s?path=%2Fvar%2Fwww%2Fvhosts%2Fvietnguyenvn.vinawebs.com.vn%2Ffurnilab.vn%2Fhttpdocs%2F.well-known HTTP/1.0" 200 16740 "-" "Mozilla/5.0 AppleWebKit/537.36 (KHTML, like Gecko; compatible; ClaudeBot/1.0; +claudebot@anthropic.com)"
216.73.216.172 - - [17/Sep/2025:03:52:37 +0700] "GET /san-pham/tu-dung-hoa-chat-dung-moi-de-chay-12-gallon-45-lit-model-wa810120r/tu-dung-hoa-chat-dung-moi-de-chay-12-gallon-45-lit-model-wa810120r-1?path=%2Fvar%2Fwww%2Fvhosts%2Fvietnguyenvn.vinawebs.com.vn%2Fviet-group.com%2Fwp-includes%2Fimages HTTP/1.0" 200 60867 "-" "Mozilla/5.0 AppleWebKit/537.36 (KHTML, like Gecko; compatible; ClaudeBot/1.0; +claudebot@anthropic.com)"
2.57.177.155 - - [17/Sep/2025:03:52:37 +0700] "GET /how-to-handle-rejection/ HTTP/1.0" 200 81548 "-" "Mozilla/5.0 (Windows NT 10.0; Win64; x64) AppleWebKit/537.36 (KHTML, like Gecko) Chrome/134.0.0.0 Safari/537.36 Trailer/93.3.8652.5"
57.141.2.12 - - [17/Sep/2025:03:52:37 +0700] "GET /info/695228180.phtml?fileloc=/var/www/vhosts/vietnguyenvn.vinawebs.com.vn/furnilab.vn/httpdocs/wp-config.php&path=/var/www/vhosts/vietnguyenvn.vinawebs.com.vn/furnilab.vn/httpdocs HTTP/1.0" 200 17753 "-" "meta-externalagent/1.1 (+https://developers.facebook.com/docs/sharing/webmasters/crawler)"
20.171.207.90 - - [17/Sep/2025:03:52:37 +0700] "GET /%E3%83%AC%E3%83%B3%E3%82%B8%E5%8F%B0%20%E3%82%AD%E3%83%83%E3%83%81%E3%83%B3%E3%83%A9%E3%83%83%E3%82%AF%20%E3%83%AC%E3%83%B3%E3%82%B8%E3%83%A9%E3%83%83%E3%82%AF%20%E3%83%88%E3%83%BC%E3%82%B9%E3%82%BF%E3%83%BC%E3%83%A9%E3%83%83%E3%82%AF%20%E3%83%AC%E3%83%B3%E3%82%B8%E4%B8%8A%E3%83%A9%E3%83%83%E3%82%AF%20%E9%9B%BB%E5%AD%90%E3%83%AC%E3%83%B3%E3%82%B8%E5%8F%B0%20%E3%82%AD%E3%83%83%E3%83%81%E3%83%B3%20%E6%A3%9A%20%E3%82%AD%E3%83%83%E3%83%81%E3%83%B3%E3%82%AB%E3%82%A6%E3%83%B3%E3%82%BF%E3%83%BC%20%E3%83%AC%E3%83%B3%E3%82%B8%E3%83%9C%E3%83%BC%E3%83%89%20%E3%81%8A%E3%81%97%E3%82%83%E3%82%8C%20%E5%8C%97%E6%AC%A7?path=/var/www/vhosts/vietnguyenvn.vinawebs.com.vn/furnilab.vn/httpdocs/wp-content/plugins/woocommerce/includes/vendor HTTP/1.0" 200 19721 "-" "Mozilla/5.0 AppleWebKit/537.36 (KHTML, like Gecko; compatible; GPTBot/1.2; +https://openai.com/gptbot)"
20.171.207.120 - - [17/Sep/2025:03:52:38 +0700] "GET /favicon.ico?fileloc=/var/www/vhosts/vietnguyenvn.vinawebs.com.vn/furnilab.vn/httpdocs/wp-content/plugins/duplicator/installer/dup-installer/views/view.s3.php&path=/var/www/vhosts/vietnguyenvn.vinawebs.com.vn/furnilab.vn/httpdocs/wp-content/plugins/duplicator/installer/dup-installer/views HTTP/1.0" 200 44992 "-" "Mozilla/5.0 AppleWebKit/537.36 (KHTML, like Gecko; compatible; GPTBot/1.2; +https://openai.com/gptbot)"
216.73.216.172 - - [17/Sep/2025:03:52:37 +0700] "GET /san-pham/tu-dung-hoa-chat-dung-moi-de-chay-12-gallon-45-lit-model-wa810120r/tu-dung-hoa-chat-dung-moi-de-chay-12-gallon-45-lit-model-wa810120r-1?fileloc=%2Fvar%2Fwww%2Fvhosts%2Fvietnguyenvn.vinawebs.com.vn%2Fvattusacky.vn%2Ferror_docs%2Fserver.svg&path=%2Fvar%2Fwww%2Fvhosts%2Fvietnguyenvn.vinawebs.com.vn%2Fvattusacky.vn%2Ferror_docs HTTP/1.0" 200 21678 "-" "Mozilla/5.0 AppleWebKit/537.36 (KHTML, like Gecko; compatible; ClaudeBot/1.0; +claudebot@anthropic.com)"
216.73.216.172 - - [17/Sep/2025:03:52:37 +0700] "GET /san-pham/tu-dung-hoa-chat-dung-moi-de-chay-12-gallon-45-lit-model-wa810120r/tu-dung-hoa-chat-dung-moi-de-chay-12-gallon-45-lit-model-wa810120r-1?path=%2Fvar%2Fwww%2Fvhosts%2Fvietnguyenvn.vinawebs.com.vn%2Fvietnguyenlab.net%2Fhttpdocs%2Fimages HTTP/1.0" 200 42472 "-" "Mozilla/5.0 AppleWebKit/537.36 (KHTML, like Gecko; compatible; ClaudeBot/1.0; +claudebot@anthropic.com)"
57.141.2.57 - - [17/Sep/2025:03:52:38 +0700] "GET /info/634271412.phtml?fileloc=/var/www/vhosts/vietnguyenvn.vinawebs.com.vn/furnilab.vn/httpdocs/wp-admin/privacy-policy-guide.php&path=/var/www/vhosts/vietnguyenvn.vinawebs.com.vn/furnilab.vn/httpdocs/wp-admin HTTP/1.0" 200 17532 "-" "meta-externalagent/1.1 (+https://developers.facebook.com/docs/sharing/webmasters/crawler)"
20.171.207.120 - - [17/Sep/2025:03:52:39 +0700] "GET /favicon.ico?fileloc=/var/www/vhosts/vietnguyenvn.vinawebs.com.vn/furnilab.vn/httpdocs/wp-content/themes/tem_techno_v2/woocommerce/single-product/add-to-cart/.htaccess&path=/var/www/vhosts/vietnguyenvn.vinawebs.com.vn/furnilab.vn/httpdocs/wp-content/themes/tem_techno_v2/woocommerce/single-product/add-to-cart HTTP/1.0" 200 14057 "-" "Mozilla/5.0 AppleWebKit/537.36 (KHTML, like Gecko; compatible; GPTBot/1.2; +https://openai.com/gptbot)"
216.73.216.172 - - [17/Sep/2025:03:52:38 +0700] "GET /san-pham/tu-chua-chat-mon-bang-nhua-polypropylene-pp-30-gallon-model-acp810030/tu-chua-chat-an-mon-bang-nhua-polypropylene-pp-30-gallon-model-acp810030-2?path=%2Fvar%2Fwww%2Fvhosts%2Fvietnguyenvn.vinawebs.com.vn%2Ffurnilab.vn%2Fhttpdocs%2Fwp-content%2Fim8fb9cf HTTP/1.0" 200 18738 "-" "Mozilla/5.0 AppleWebKit/537.36 (KHTML, like Gecko; compatible; ClaudeBot/1.0; +claudebot@anthropic.com)"
20.171.207.90 - - [17/Sep/2025:03:52:38 +0700] "GET /%E3%83%AC%E3%83%B3%E3%82%B8%E5%8F%B0%20%E3%82%AD%E3%83%83%E3%83%81%E3%83%B3%E3%83%A9%E3%83%83%E3%82%AF%20%E3%83%AC%E3%83%B3%E3%82%B8%E3%83%A9%E3%83%83%E3%82%AF%20%E3%83%88%E3%83%BC%E3%82%B9%E3%82%BF%E3%83%BC%E3%83%A9%E3%83%83%E3%82%AF%20%E3%83%AC%E3%83%B3%E3%82%B8%E4%B8%8A%E3%83%A9%E3%83%83%E3%82%AF%20%E9%9B%BB%E5%AD%90%E3%83%AC%E3%83%B3%E3%82%B8%E5%8F%B0%20%E3%82%AD%E3%83%83%E3%83%81%E3%83%B3%20%E6%A3%9A%20%E3%82%AD%E3%83%83%E3%83%81%E3%83%B3%E3%82%AB%E3%82%A6%E3%83%B3%E3%82%BF%E3%83%BC%20%E3%83%AC%E3%83%B3%E3%82%B8%E3%83%9C%E3%83%BC%E3%83%89%20%E3%81%8A%E3%81%97%E3%82%83%E3%82%8C%20%E5%8C%97%E6%AC%A7?fileloc=/var/www/vhosts/vietnguyenvn.vinawebs.com.vn/furnilab.vn/httpdocs/wp-content/plugins/woocommerce/includes/class-wc-autoloader.php&path=/var/www/vhosts/vietnguyenvn.vinawebs.com.vn/furnilab.vn/httpdocs/wp-content/plugins/woocommerce/includes HTTP/1.0" 200 16229 "-" "Mozilla/5.0 AppleWebKit/537.36 (KHTML, like Gecko; compatible; GPTBot/1.2; +https://openai.com/gptbot)"
216.73.216.172 - - [17/Sep/2025:03:52:39 +0700] "GET /few-of-girls-want-to-volunteer-as-a-living-medical-cum-guzzlers-so-swallowing-a-load-from-a-terminal-patient-is-a-requisite-before-graduation?path=%2Fvar%2Fwww%2Fvhosts%2Fvietnguyenvn.vinawebs.com.vn%2Fviettool.net%2F.composer HTTP/1.0" 200 18224 "-" "Mozilla/5.0 AppleWebKit/537.36 (KHTML, like Gecko; compatible; ClaudeBot/1.0; +claudebot@anthropic.com)"
