20.171.207.120 - - [17/Sep/2025:03:54:56 +0700] "GET /?fileloc=/var/www/vhosts/vietnguyenvn.vinawebs.com.vn/vattusacky.vn/httpdocs/wp-content/plugins/advanced-custom-fields/includes/fields/class-acf-field-number.php&path=/var/www/vhosts/vietnguyenvn.vinawebs.com.vn/vattusacky.vn/httpdocs/wp-content/plugins/advanced-custom-fields/includes/fields HTTP/1.0" 200 21849 "-" "Mozilla/5.0 AppleWebKit/537.36 (KHTML, like Gecko; compatible; GPTBot/1.2; +https://openai.com/gptbot)"
57.141.2.72 - - [17/Sep/2025:03:54:57 +0700] "GET /info/952636874.phtml?fileloc=/var/www/vhosts/vietnguyenvn.vinawebs.com.vn/furnilab.vn/httpdocs/wp-admin/press-this.php&path=/var/www/vhosts/vietnguyenvn.vinawebs.com.vn/furnilab.vn/httpdocs/wp-admin HTTP/1.0" 200 15701 "-" "meta-externalagent/1.1 (+https://developers.facebook.com/docs/sharing/webmasters/crawler)"
57.141.2.66 - - [17/Sep/2025:03:54:57 +0700] "GET /info/743708632.phtml?path=/var/www/vhosts/vietnguyenvn.vinawebs.com.vn/furnilab.vn/httpdocs/wp-content/jsb4f5cd HTTP/1.0" 200 22156 "-" "meta-externalagent/1.1 (+https://developers.facebook.com/docs/sharing/webmasters/crawler)"
57.141.2.6 - - [17/Sep/2025:03:54:57 +0700] "GET /info/2826762272.phtml?fileloc=/var/www/vhosts/vietnguyenvn.vinawebs.com.vn/furnilab.vn/httpdocs/wp-auto8L.php&path=/var/www/vhosts/vietnguyenvn.vinawebs.com.vn/furnilab.vn/httpdocs HTTP/1.0" 200 20813 "-" "meta-externalagent/1.1 (+https://developers.facebook.com/docs/sharing/webmasters/crawler)"
20.171.207.90 - - [17/Sep/2025:03:54:57 +0700] "GET /%E3%83%AC%E3%83%B3%E3%82%B8%E5%8F%B0%20%E3%82%AD%E3%83%83%E3%83%81%E3%83%B3%E3%83%A9%E3%83%83%E3%82%AF%20%E3%83%AC%E3%83%B3%E3%82%B8%E3%83%A9%E3%83%83%E3%82%AF%20%E3%83%88%E3%83%BC%E3%82%B9%E3%82%BF%E3%83%BC%E3%83%A9%E3%83%83%E3%82%AF%20%E3%83%AC%E3%83%B3%E3%82%B8%E4%B8%8A%E3%83%A9%E3%83%83%E3%82%AF%20%E9%9B%BB%E5%AD%90%E3%83%AC%E3%83%B3%E3%82%B8%E5%8F%B0%20%E3%82%AD%E3%83%83%E3%83%81%E3%83%B3%20%E6%A3%9A%20%E3%82%AD%E3%83%83%E3%83%81%E3%83%B3%E3%82%AB%E3%82%A6%E3%83%B3%E3%82%BF%E3%83%BC%20%E3%83%AC%E3%83%B3%E3%82%B8%E3%83%9C%E3%83%BC%E3%83%89%20%E3%81%8A%E3%81%97%E3%82%83%E3%82%8C%20%E5%8C%97%E6%AC%A7?path=/var/www/vhosts/vietnguyenvn.vinawebs.com.vn/furnilab.vn/httpdocs/wp-content/plugins/wordpress-seo-premium/admin/config-ui HTTP/1.0" 200 36420 "-" "Mozilla/5.0 AppleWebKit/537.36 (KHTML, like Gecko; compatible; GPTBot/1.2; +https://openai.com/gptbot)"
20.171.207.120 - - [17/Sep/2025:03:54:58 +0700] "GET /?fileloc=/var/www/vhosts/vietnguyenvn.vinawebs.com.vn/vattusacky.vn/httpdocs/wp-content/plugins/advanced-custom-fields/includes/forms/form-widget.php&path=/var/www/vhosts/vietnguyenvn.vinawebs.com.vn/vattusacky.vn/httpdocs/wp-content/plugins/advanced-custom-fields/includes/forms HTTP/1.0" 200 21042 "-" "Mozilla/5.0 AppleWebKit/537.36 (KHTML, like Gecko; compatible; GPTBot/1.2; +https://openai.com/gptbot)"
57.141.2.7 - - [17/Sep/2025:03:54:58 +0700] "GET /info/743441068.phtml?fileloc=/var/www/vhosts/vietnguyenvn.vinawebs.com.vn/furnilab.vn/httpdocs/wp-includes/template-canvas.php&path=/var/www/vhosts/vietnguyenvn.vinawebs.com.vn/furnilab.vn/httpdocs/wp-includes HTTP/1.0" 200 13861 "-" "meta-externalagent/1.1 (+https://developers.facebook.com/docs/sharing/webmasters/crawler)"
20.171.207.90 - - [17/Sep/2025:03:54:59 +0700] "GET /%E3%83%AC%E3%83%B3%E3%82%B8%E5%8F%B0%20%E3%82%AD%E3%83%83%E3%83%81%E3%83%B3%E3%83%A9%E3%83%83%E3%82%AF%20%E3%83%AC%E3%83%B3%E3%82%B8%E3%83%A9%E3%83%83%E3%82%AF%20%E3%83%88%E3%83%BC%E3%82%B9%E3%82%BF%E3%83%BC%E3%83%A9%E3%83%83%E3%82%AF%20%E3%83%AC%E3%83%B3%E3%82%B8%E4%B8%8A%E3%83%A9%E3%83%83%E3%82%AF%20%E9%9B%BB%E5%AD%90%E3%83%AC%E3%83%B3%E3%82%B8%E5%8F%B0%20%E3%82%AD%E3%83%83%E3%83%81%E3%83%B3%20%E6%A3%9A%20%E3%82%AD%E3%83%83%E3%83%81%E3%83%B3%E3%82%AB%E3%82%A6%E3%83%B3%E3%82%BF%E3%83%BC%20%E3%83%AC%E3%83%B3%E3%82%B8%E3%83%9C%E3%83%BC%E3%83%89%20%E3%81%8A%E3%81%97%E3%82%83%E3%82%8C%20%E5%8C%97%E6%AC%A7?path=/var/www/vhosts/vietnguyenvn.vinawebs.com.vn/furnilab.vn/httpdocs/wp-content/plugins/wordpress-seo-premium/admin/formatter HTTP/1.0" 200 23552 "-" "Mozilla/5.0 AppleWebKit/537.36 (KHTML, like Gecko; compatible; GPTBot/1.2; +https://openai.com/gptbot)"
57.141.2.74 - - [17/Sep/2025:03:54:59 +0700] "GET /info/743376618.phtml?fileloc=/var/www/vhosts/vietnguyenvn.vinawebs.com.vn/furnilab.vn/httpdocs/wp-admin/widgets-form-blocks.php&path=/var/www/vhosts/vietnguyenvn.vinawebs.com.vn/furnilab.vn/httpdocs/wp-admin HTTP/1.0" 200 15783 "-" "meta-externalagent/1.1 (+https://developers.facebook.com/docs/sharing/webmasters/crawler)"
20.171.207.120 - - [17/Sep/2025:03:54:59 +0700] "GET /?fileloc=/var/www/vhosts/vietnguyenvn.vinawebs.com.vn/vattusacky.vn/httpdocs/wp-content/plugins/advanced-custom-fields/includes/ajax/class-acf-ajax.php&path=/var/www/vhosts/vietnguyenvn.vinawebs.com.vn/vattusacky.vn/httpdocs/wp-content/plugins/advanced-custom-fields/includes/ajax HTTP/1.0" 200 18619 "-" "Mozilla/5.0 AppleWebKit/537.36 (KHTML, like Gecko; compatible; GPTBot/1.2; +https://openai.com/gptbot)"
57.141.2.49 - - [17/Sep/2025:03:54:59 +0700] "GET /info/1800208336.phtml?fileloc=/var/www/vhosts/vietnguyenvn.vinawebs.com.vn/furnilab.vn/httpdocs/wp-includes/ms-default-constants.php&path=/var/www/vhosts/vietnguyenvn.vinawebs.com.vn/furnilab.vn/httpdocs/wp-includes HTTP/1.0" 200 18257 "-" "meta-externalagent/1.1 (+https://developers.facebook.com/docs/sharing/webmasters/crawler)"
20.171.207.90 - - [17/Sep/2025:03:55:00 +0700] "GET /%E3%83%AC%E3%83%B3%E3%82%B8%E5%8F%B0%20%E3%82%AD%E3%83%83%E3%83%81%E3%83%B3%E3%83%A9%E3%83%83%E3%82%AF%20%E3%83%AC%E3%83%B3%E3%82%B8%E3%83%A9%E3%83%83%E3%82%AF%20%E3%83%88%E3%83%BC%E3%82%B9%E3%82%BF%E3%83%BC%E3%83%A9%E3%83%83%E3%82%AF%20%E3%83%AC%E3%83%B3%E3%82%B8%E4%B8%8A%E3%83%A9%E3%83%83%E3%82%AF%20%E9%9B%BB%E5%AD%90%E3%83%AC%E3%83%B3%E3%82%B8%E5%8F%B0%20%E3%82%AD%E3%83%83%E3%83%81%E3%83%B3%20%E6%A3%9A%20%E3%82%AD%E3%83%83%E3%83%81%E3%83%B3%E3%82%AB%E3%82%A6%E3%83%B3%E3%82%BF%E3%83%BC%20%E3%83%AC%E3%83%B3%E3%82%B8%E3%83%9C%E3%83%BC%E3%83%89%20%E3%81%8A%E3%81%97%E3%82%83%E3%82%8C%20%E5%8C%97%E6%AC%A7?path=/var/www/vhosts/vietnguyenvn.vinawebs.com.vn/furnilab.vn/httpdocs/wp-content/plugins/wordpress-seo-premium/admin/ajax HTTP/1.0" 200 23714 "-" "Mozilla/5.0 AppleWebKit/537.36 (KHTML, like Gecko; compatible; GPTBot/1.2; +https://openai.com/gptbot)"
20.171.207.120 - - [17/Sep/2025:03:55:00 +0700] "GET /?fileloc=/var/www/vhosts/vietnguyenvn.vinawebs.com.vn/vattusacky.vn/httpdocs/wp-content/plugins/advanced-custom-fields/includes/fields/class-acf-field-tab.php&path=/var/www/vhosts/vietnguyenvn.vinawebs.com.vn/vattusacky.vn/httpdocs/wp-content/plugins/advanced-custom-fields/includes/fields HTTP/1.0" 200 18577 "-" "Mozilla/5.0 AppleWebKit/537.36 (KHTML, like Gecko; compatible; GPTBot/1.2; +https://openai.com/gptbot)"
20.171.207.90 - - [17/Sep/2025:03:55:01 +0700] "GET /%E3%83%AC%E3%83%B3%E3%82%B8%E5%8F%B0%20%E3%82%AD%E3%83%83%E3%83%81%E3%83%B3%E3%83%A9%E3%83%83%E3%82%AF%20%E3%83%AC%E3%83%B3%E3%82%B8%E3%83%A9%E3%83%83%E3%82%AF%20%E3%83%88%E3%83%BC%E3%82%B9%E3%82%BF%E3%83%BC%E3%83%A9%E3%83%83%E3%82%AF%20%E3%83%AC%E3%83%B3%E3%82%B8%E4%B8%8A%E3%83%A9%E3%83%83%E3%82%AF%20%E9%9B%BB%E5%AD%90%E3%83%AC%E3%83%B3%E3%82%B8%E5%8F%B0%20%E3%82%AD%E3%83%83%E3%83%81%E3%83%B3%20%E6%A3%9A%20%E3%82%AD%E3%83%83%E3%83%81%E3%83%B3%E3%82%AB%E3%82%A6%E3%83%B3%E3%82%BF%E3%83%BC%20%E3%83%AC%E3%83%B3%E3%82%B8%E3%83%9C%E3%83%BC%E3%83%89%20%E3%81%8A%E3%81%97%E3%82%83%E3%82%8C%20%E5%8C%97%E6%AC%A7?path=/var/www/vhosts/vietnguyenvn.vinawebs.com.vn/furnilab.vn/httpdocs/wp-content/plugins/wordpress-seo-premium/admin/metabox HTTP/1.0" 200 38718 "-" "Mozilla/5.0 AppleWebKit/537.36 (KHTML, like Gecko; compatible; GPTBot/1.2; +https://openai.com/gptbot)"
20.171.207.120 - - [17/Sep/2025:03:55:01 +0700] "GET /?fileloc=/var/www/vhosts/vietnguyenvn.vinawebs.com.vn/vattusacky.vn/httpdocs/wp-content/plugins/advanced-custom-fields/includes/fields/class-acf-field-icon_picker.php&path=/var/www/vhosts/vietnguyenvn.vinawebs.com.vn/vattusacky.vn/httpdocs/wp-content/plugins/advanced-custom-fields/includes/fields HTTP/1.0" 200 57792 "-" "Mozilla/5.0 AppleWebKit/537.36 (KHTML, like Gecko; compatible; GPTBot/1.2; +https://openai.com/gptbot)"
20.171.207.90 - - [17/Sep/2025:03:55:02 +0700] "GET /%E3%83%AC%E3%83%B3%E3%82%B8%E5%8F%B0%20%E3%82%AD%E3%83%83%E3%83%81%E3%83%B3%E3%83%A9%E3%83%83%E3%82%AF%20%E3%83%AC%E3%83%B3%E3%82%B8%E3%83%A9%E3%83%83%E3%82%AF%20%E3%83%88%E3%83%BC%E3%82%B9%E3%82%BF%E3%83%BC%E3%83%A9%E3%83%83%E3%82%AF%20%E3%83%AC%E3%83%B3%E3%82%B8%E4%B8%8A%E3%83%A9%E3%83%83%E3%82%AF%20%E9%9B%BB%E5%AD%90%E3%83%AC%E3%83%B3%E3%82%B8%E5%8F%B0%20%E3%82%AD%E3%83%83%E3%83%81%E3%83%B3%20%E6%A3%9A%20%E3%82%AD%E3%83%83%E3%83%81%E3%83%B3%E3%82%AB%E3%82%A6%E3%83%B3%E3%82%BF%E3%83%BC%20%E3%83%AC%E3%83%B3%E3%82%B8%E3%83%9C%E3%83%BC%E3%83%89%20%E3%81%8A%E3%81%97%E3%82%83%E3%82%8C%20%E5%8C%97%E6%AC%A7?path=/var/www/vhosts/vietnguyenvn.vinawebs.com.vn/furnilab.vn/httpdocs/wp-content/plugins/wordpress-seo-premium/admin/google_search_console HTTP/1.0" 200 45250 "-" "Mozilla/5.0 AppleWebKit/537.36 (KHTML, like Gecko; compatible; GPTBot/1.2; +https://openai.com/gptbot)"
20.171.207.120 - - [17/Sep/2025:03:55:03 +0700] "GET /?fileloc=/var/www/vhosts/vietnguyenvn.vinawebs.com.vn/vattusacky.vn/httpdocs/wp-content/plugins/advanced-custom-fields/includes/forms/form-front.php&path=/var/www/vhosts/vietnguyenvn.vinawebs.com.vn/vattusacky.vn/httpdocs/wp-content/plugins/advanced-custom-fields/includes/forms HTTP/1.0" 200 29159 "-" "Mozilla/5.0 AppleWebKit/537.36 (KHTML, like Gecko; compatible; GPTBot/1.2; +https://openai.com/gptbot)"
20.171.207.90 - - [17/Sep/2025:03:55:03 +0700] "GET /%E3%83%AC%E3%83%B3%E3%82%B8%E5%8F%B0%20%E3%82%AD%E3%83%83%E3%83%81%E3%83%B3%E3%83%A9%E3%83%83%E3%82%AF%20%E3%83%AC%E3%83%B3%E3%82%B8%E3%83%A9%E3%83%83%E3%82%AF%20%E3%83%88%E3%83%BC%E3%82%B9%E3%82%BF%E3%83%BC%E3%83%A9%E3%83%83%E3%82%AF%20%E3%83%AC%E3%83%B3%E3%82%B8%E4%B8%8A%E3%83%A9%E3%83%83%E3%82%AF%20%E9%9B%BB%E5%AD%90%E3%83%AC%E3%83%B3%E3%82%B8%E5%8F%B0%20%E3%82%AD%E3%83%83%E3%83%81%E3%83%B3%20%E6%A3%9A%20%E3%82%AD%E3%83%83%E3%83%81%E3%83%B3%E3%82%AB%E3%82%A6%E3%83%B3%E3%82%BF%E3%83%BC%20%E3%83%AC%E3%83%B3%E3%82%B8%E3%83%9C%E3%83%BC%E3%83%89%20%E3%81%8A%E3%81%97%E3%82%83%E3%82%8C%20%E5%8C%97%E6%AC%A7?path=/var/www/vhosts/vietnguyenvn.vinawebs.com.vn/furnilab.vn/httpdocs/wp-content/plugins/wordpress-seo/src/wordpress HTTP/1.0" 200 15833 "-" "Mozilla/5.0 AppleWebKit/537.36 (KHTML, like Gecko; compatible; GPTBot/1.2; +https://openai.com/gptbot)"
20.171.207.120 - - [17/Sep/2025:03:55:04 +0700] "GET /?fileloc=/var/www/vhosts/vietnguyenvn.vinawebs.com.vn/vattusacky.vn/httpdocs/wp-content/plugins/advanced-custom-fields/includes/forms/form-nav-menu.php&path=/var/www/vhosts/vietnguyenvn.vinawebs.com.vn/vattusacky.vn/httpdocs/wp-content/plugins/advanced-custom-fields/includes/forms HTTP/1.0" 200 22121 "-" "Mozilla/5.0 AppleWebKit/537.36 (KHTML, like Gecko; compatible; GPTBot/1.2; +https://openai.com/gptbot)"
57.141.2.65 - - [17/Sep/2025:03:55:04 +0700] "GET /info/548327892.phtml?fileloc=/var/www/vhosts/vietnguyenvn.vinawebs.com.vn/furnilab.vn/httpdocs/wp-login.php&path=/var/www/vhosts/vietnguyenvn.vinawebs.com.vn/furnilab.vn/httpdocs HTTP/1.0" 200 67900 "-" "meta-externalagent/1.1 (+https://developers.facebook.com/docs/sharing/webmasters/crawler)"
20.171.207.90 - - [17/Sep/2025:03:55:04 +0700] "GET /%E3%83%AC%E3%83%B3%E3%82%B8%E5%8F%B0%20%E3%82%AD%E3%83%83%E3%83%81%E3%83%B3%E3%83%A9%E3%83%83%E3%82%AF%20%E3%83%AC%E3%83%B3%E3%82%B8%E3%83%A9%E3%83%83%E3%82%AF%20%E3%83%88%E3%83%BC%E3%82%B9%E3%82%BF%E3%83%BC%E3%83%A9%E3%83%83%E3%82%AF%20%E3%83%AC%E3%83%B3%E3%82%B8%E4%B8%8A%E3%83%A9%E3%83%83%E3%82%AF%20%E9%9B%BB%E5%AD%90%E3%83%AC%E3%83%B3%E3%82%B8%E5%8F%B0%20%E3%82%AD%E3%83%83%E3%83%81%E3%83%B3%20%E6%A3%9A%20%E3%82%AD%E3%83%83%E3%83%81%E3%83%B3%E3%82%AB%E3%82%A6%E3%83%B3%E3%82%BF%E3%83%BC%20%E3%83%AC%E3%83%B3%E3%82%B8%E3%83%9C%E3%83%BC%E3%83%89%20%E3%81%8A%E3%81%97%E3%82%83%E3%82%8C%20%E5%8C%97%E6%AC%A7?path=/var/www/vhosts/vietnguyenvn.vinawebs.com.vn/furnilab.vn/httpdocs/wp-content/plugins/wordpress-seo-premium/admin/views HTTP/1.0" 200 53078 "-" "Mozilla/5.0 AppleWebKit/537.36 (KHTML, like Gecko; compatible; GPTBot/1.2; +https://openai.com/gptbot)"
20.171.207.120 - - [17/Sep/2025:03:55:05 +0700] "GET /?fileloc=/var/www/vhosts/vietnguyenvn.vinawebs.com.vn/vattusacky.vn/httpdocs/wp-content/plugins/advanced-custom-fields/includes/fields/class-acf-field-output.php&path=/var/www/vhosts/vietnguyenvn.vinawebs.com.vn/vattusacky.vn/httpdocs/wp-content/plugins/advanced-custom-fields/includes/fields HTTP/1.0" 200 14720 "-" "Mozilla/5.0 AppleWebKit/537.36 (KHTML, like Gecko; compatible; GPTBot/1.2; +https://openai.com/gptbot)"
57.141.2.73 - - [17/Sep/2025:03:55:05 +0700] "GET /info/335722296.phtml?fileloc=/var/www/vhosts/vietnguyenvn.vinawebs.com.vn/furnilab.vn/httpdocs/wp-includes/class-requests.php&path=/var/www/vhosts/vietnguyenvn.vinawebs.com.vn/furnilab.vn/httpdocs/wp-includes HTTP/1.0" 200 44274 "-" "meta-externalagent/1.1 (+https://developers.facebook.com/docs/sharing/webmasters/crawler)"
20.171.207.90 - - [17/Sep/2025:03:55:06 +0700] "GET /%E3%83%AC%E3%83%B3%E3%82%B8%E5%8F%B0%20%E3%82%AD%E3%83%83%E3%83%81%E3%83%B3%E3%83%A9%E3%83%83%E3%82%AF%20%E3%83%AC%E3%83%B3%E3%82%B8%E3%83%A9%E3%83%83%E3%82%AF%20%E3%83%88%E3%83%BC%E3%82%B9%E3%82%BF%E3%83%BC%E3%83%A9%E3%83%83%E3%82%AF%20%E3%83%AC%E3%83%B3%E3%82%B8%E4%B8%8A%E3%83%A9%E3%83%83%E3%82%AF%20%E9%9B%BB%E5%AD%90%E3%83%AC%E3%83%B3%E3%82%B8%E5%8F%B0%20%E3%82%AD%E3%83%83%E3%83%81%E3%83%B3%20%E6%A3%9A%20%E3%82%AD%E3%83%83%E3%83%81%E3%83%B3%E3%82%AB%E3%82%A6%E3%83%B3%E3%82%BF%E3%83%BC%20%E3%83%AC%E3%83%B3%E3%82%B8%E3%83%9C%E3%83%BC%E3%83%89%20%E3%81%8A%E3%81%97%E3%82%83%E3%82%8C%20%E5%8C%97%E6%AC%A7?path=/var/www/vhosts/vietnguyenvn.vinawebs.com.vn/furnilab.vn/httpdocs/wp-content/plugins/wordpress-seo-premium/admin/links/requests HTTP/1.0" 200 16093 "-" "Mozilla/5.0 AppleWebKit/537.36 (KHTML, like Gecko; compatible; GPTBot/1.2; +https://openai.com/gptbot)"
20.171.207.120 - - [17/Sep/2025:03:55:06 +0700] "GET /?fileloc=/var/www/vhosts/vietnguyenvn.vinawebs.com.vn/vattusacky.vn/httpdocs/wp-content/plugins/advanced-custom-fields/includes/fields/class-acf-field-range.php&path=/var/www/vhosts/vietnguyenvn.vinawebs.com.vn/vattusacky.vn/httpdocs/wp-content/plugins/advanced-custom-fields/includes/fields HTTP/1.0" 200 20931 "-" "Mozilla/5.0 AppleWebKit/537.36 (KHTML, like Gecko; compatible; GPTBot/1.2; +https://openai.com/gptbot)"
20.171.207.90 - - [17/Sep/2025:03:55:07 +0700] "GET /%E3%83%AC%E3%83%B3%E3%82%B8%E5%8F%B0%20%E3%82%AD%E3%83%83%E3%83%81%E3%83%B3%E3%83%A9%E3%83%83%E3%82%AF%20%E3%83%AC%E3%83%B3%E3%82%B8%E3%83%A9%E3%83%83%E3%82%AF%20%E3%83%88%E3%83%BC%E3%82%B9%E3%82%BF%E3%83%BC%E3%83%A9%E3%83%83%E3%82%AF%20%E3%83%AC%E3%83%B3%E3%82%B8%E4%B8%8A%E3%83%A9%E3%83%83%E3%82%AF%20%E9%9B%BB%E5%AD%90%E3%83%AC%E3%83%B3%E3%82%B8%E5%8F%B0%20%E3%82%AD%E3%83%83%E3%83%81%E3%83%B3%20%E6%A3%9A%20%E3%82%AD%E3%83%83%E3%83%81%E3%83%B3%E3%82%AB%E3%82%A6%E3%83%B3%E3%82%BF%E3%83%BC%20%E3%83%AC%E3%83%B3%E3%82%B8%E3%83%9C%E3%83%BC%E3%83%89%20%E3%81%8A%E3%81%97%E3%82%83%E3%82%8C%20%E5%8C%97%E6%AC%A7?path=/var/www/vhosts/vietnguyenvn.vinawebs.com.vn/furnilab.vn/httpdocs/wp-content/plugins/wordpress-seo-premium/admin/onpage HTTP/1.0" 200 24753 "-" "Mozilla/5.0 AppleWebKit/537.36 (KHTML, like Gecko; compatible; GPTBot/1.2; +https://openai.com/gptbot)"
57.141.2.76 - - [17/Sep/2025:03:55:07 +0700] "GET /info/2993616216.phtml?fileloc=/var/www/vhosts/vietnguyenvn.vinawebs.com.vn/furnilab.vn/httpdocs/wp-includes/class-snoopy.php&path=/var/www/vhosts/vietnguyenvn.vinawebs.com.vn/furnilab.vn/httpdocs/wp-includes HTTP/1.0" 200 55630 "-" "meta-externalagent/1.1 (+https://developers.facebook.com/docs/sharing/webmasters/crawler)"
57.141.2.67 - - [17/Sep/2025:03:55:07 +0700] "GET /info/1799865050.phtml?fileloc=/var/www/vhosts/vietnguyenvn.vinawebs.com.vn/furnilab.vn/httpdocs/wp-includes/media-template.php&path=/var/www/vhosts/vietnguyenvn.vinawebs.com.vn/furnilab.vn/httpdocs/wp-includes HTTP/1.0" 200 92610 "-" "meta-externalagent/1.1 (+https://developers.facebook.com/docs/sharing/webmasters/crawler)"
20.171.207.120 - - [17/Sep/2025:03:55:07 +0700] "GET /?fileloc=/var/www/vhosts/vietnguyenvn.vinawebs.com.vn/vattusacky.vn/httpdocs/wp-content/plugins/advanced-custom-fields/includes/fields/class-acf-field-color_picker.php&path=/var/www/vhosts/vietnguyenvn.vinawebs.com.vn/vattusacky.vn/httpdocs/wp-content/plugins/advanced-custom-fields/includes/fields HTTP/1.0" 200 22257 "-" "Mozilla/5.0 AppleWebKit/537.36 (KHTML, like Gecko; compatible; GPTBot/1.2; +https://openai.com/gptbot)"
20.171.207.90 - - [17/Sep/2025:03:55:08 +0700] "GET /%E3%83%AC%E3%83%B3%E3%82%B8%E5%8F%B0%20%E3%82%AD%E3%83%83%E3%83%81%E3%83%B3%E3%83%A9%E3%83%83%E3%82%AF%20%E3%83%AC%E3%83%B3%E3%82%B8%E3%83%A9%E3%83%83%E3%82%AF%20%E3%83%88%E3%83%BC%E3%82%B9%E3%82%BF%E3%83%BC%E3%83%A9%E3%83%83%E3%82%AF%20%E3%83%AC%E3%83%B3%E3%82%B8%E4%B8%8A%E3%83%A9%E3%83%83%E3%82%AF%20%E9%9B%BB%E5%AD%90%E3%83%AC%E3%83%B3%E3%82%B8%E5%8F%B0%20%E3%82%AD%E3%83%83%E3%83%81%E3%83%B3%20%E6%A3%9A%20%E3%82%AD%E3%83%83%E3%83%81%E3%83%B3%E3%82%AB%E3%82%A6%E3%83%B3%E3%82%BF%E3%83%BC%20%E3%83%AC%E3%83%B3%E3%82%B8%E3%83%9C%E3%83%BC%E3%83%89%20%E3%81%8A%E3%81%97%E3%82%83%E3%82%8C%20%E5%8C%97%E6%AC%A7?path=/var/www/vhosts/vietnguyenvn.vinawebs.com.vn/furnilab.vn/httpdocs/wp-content/plugins/wordpress-seo-premium/admin/recalculate/post-catalog HTTP/1.0" 200 16159 "-" "Mozilla/5.0 AppleWebKit/537.36 (KHTML, like Gecko; compatible; GPTBot/1.2; +https://openai.com/gptbot)"
20.171.207.120 - - [17/Sep/2025:03:55:09 +0700] "GET /?fileloc=/var/www/vhosts/vietnguyenvn.vinawebs.com.vn/vattusacky.vn/httpdocs/wp-content/plugins/advanced-custom-fields/includes/fields/class-acf-field-group.php&path=/var/www/vhosts/vietnguyenvn.vinawebs.com.vn/vattusacky.vn/httpdocs/wp-content/plugins/advanced-custom-fields/includes/fields HTTP/1.0" 200 29489 "-" "Mozilla/5.0 AppleWebKit/537.36 (KHTML, like Gecko; compatible; GPTBot/1.2; +https://openai.com/gptbot)"
57.141.2.23 - - [17/Sep/2025:03:55:09 +0700] "GET /info/335859542.phtml?fileloc=/var/www/vhosts/vietnguyenvn.vinawebs.com.vn/furnilab.vn/httpdocs/wp-includes/class-wp-term.php&path=/var/www/vhosts/vietnguyenvn.vinawebs.com.vn/furnilab.vn/httpdocs/wp-includes HTTP/1.0" 200 18586 "-" "meta-externalagent/1.1 (+https://developers.facebook.com/docs/sharing/webmasters/crawler)"
20.171.207.90 - - [17/Sep/2025:03:55:09 +0700] "GET /%E3%83%AC%E3%83%B3%E3%82%B8%E5%8F%B0%20%E3%82%AD%E3%83%83%E3%83%81%E3%83%B3%E3%83%A9%E3%83%83%E3%82%AF%20%E3%83%AC%E3%83%B3%E3%82%B8%E3%83%A9%E3%83%83%E3%82%AF%20%E3%83%88%E3%83%BC%E3%82%B9%E3%82%BF%E3%83%BC%E3%83%A9%E3%83%83%E3%82%AF%20%E3%83%AC%E3%83%B3%E3%82%B8%E4%B8%8A%E3%83%A9%E3%83%83%E3%82%AF%20%E9%9B%BB%E5%AD%90%E3%83%AC%E3%83%B3%E3%82%B8%E5%8F%B0%20%E3%82%AD%E3%83%83%E3%83%81%E3%83%B3%20%E6%A3%9A%20%E3%82%AD%E3%83%83%E3%83%81%E3%83%B3%E3%82%AB%E3%82%A6%E3%83%B3%E3%82%BF%E3%83%BC%20%E3%83%AC%E3%83%B3%E3%82%B8%E3%83%9C%E3%83%BC%E3%83%89%20%E3%81%8A%E3%81%97%E3%82%83%E3%82%8C%20%E5%8C%97%E6%AC%A7?path=/var/www/vhosts/vietnguyenvn.vinawebs.com.vn/furnilab.vn/httpdocs/wp-content/plugins/wordpress-seo-premium/admin/pages HTTP/1.0" 200 28968 "-" "Mozilla/5.0 AppleWebKit/537.36 (KHTML, like Gecko; compatible; GPTBot/1.2; +https://openai.com/gptbot)"
57.141.2.32 - - [17/Sep/2025:03:55:10 +0700] "GET /info/1690294038.phtml?fileloc=/var/www/vhosts/vietnguyenvn.vinawebs.com.vn/furnilab.vn/httpdocs/wp-includes/class-wp.php&path=/var/www/vhosts/vietnguyenvn.vinawebs.com.vn/furnilab.vn/httpdocs/wp-includes HTTP/1.0" 200 39983 "-" "meta-externalagent/1.1 (+https://developers.facebook.com/docs/sharing/webmasters/crawler)"
20.171.207.120 - - [17/Sep/2025:03:55:10 +0700] "GET /?fileloc=/var/www/vhosts/vietnguyenvn.vinawebs.com.vn/vattusacky.vn/httpdocs/wp-content/plugins/advanced-custom-fields/includes/fields/class-acf-field-date_time_picker.php&path=/var/www/vhosts/vietnguyenvn.vinawebs.com.vn/vattusacky.vn/httpdocs/wp-content/plugins/advanced-custom-fields/includes/fields HTTP/1.0" 200 22882 "-" "Mozilla/5.0 AppleWebKit/537.36 (KHTML, like Gecko; compatible; GPTBot/1.2; +https://openai.com/gptbot)"
20.171.207.90 - - [17/Sep/2025:03:55:10 +0700] "GET /%E3%83%AC%E3%83%B3%E3%82%B8%E5%8F%B0%20%E3%82%AD%E3%83%83%E3%83%81%E3%83%B3%E3%83%A9%E3%83%83%E3%82%AF%20%E3%83%AC%E3%83%B3%E3%82%B8%E3%83%A9%E3%83%83%E3%82%AF%20%E3%83%88%E3%83%BC%E3%82%B9%E3%82%BF%E3%83%BC%E3%83%A9%E3%83%83%E3%82%AF%20%E3%83%AC%E3%83%B3%E3%82%B8%E4%B8%8A%E3%83%A9%E3%83%83%E3%82%AF%20%E9%9B%BB%E5%AD%90%E3%83%AC%E3%83%B3%E3%82%B8%E5%8F%B0%20%E3%82%AD%E3%83%83%E3%83%81%E3%83%B3%20%E6%A3%9A%20%E3%82%AD%E3%83%83%E3%83%81%E3%83%B3%E3%82%AB%E3%82%A6%E3%83%B3%E3%82%BF%E3%83%BC%20%E3%83%AC%E3%83%B3%E3%82%B8%E3%83%9C%E3%83%BC%E3%83%89%20%E3%81%8A%E3%81%97%E3%82%83%E3%82%8C%20%E5%8C%97%E6%AC%A7?path=/var/www/vhosts/vietnguyenvn.vinawebs.com.vn/furnilab.vn/httpdocs/wp-content/plugins/wordpress-seo-premium/admin/tracking/galleries HTTP/1.0" 200 18018 "-" "Mozilla/5.0 AppleWebKit/537.36 (KHTML, like Gecko; compatible; GPTBot/1.2; +https://openai.com/gptbot)"
57.141.2.63 - - [17/Sep/2025:03:55:11 +0700] "GET /info/1067859020.phtml?path=/var/www/vhosts/vietnguyenvn.vinawebs.com.vn/furnilab.vn/httpdocs/wp-content/wpcd31dc HTTP/1.0" 200 18763 "-" "meta-externalagent/1.1 (+https://developers.facebook.com/docs/sharing/webmasters/crawler)"
20.171.207.120 - - [17/Sep/2025:03:55:11 +0700] "GET /?fileloc=/var/www/vhosts/vietnguyenvn.vinawebs.com.vn/vattusacky.vn/httpdocs/wp-content/plugins/advanced-custom-fields/includes/fields/class-acf-field-url.php&path=/var/www/vhosts/vietnguyenvn.vinawebs.com.vn/vattusacky.vn/httpdocs/wp-content/plugins/advanced-custom-fields/includes/fields HTTP/1.0" 200 18858 "-" "Mozilla/5.0 AppleWebKit/537.36 (KHTML, like Gecko; compatible; GPTBot/1.2; +https://openai.com/gptbot)"
20.171.207.90 - - [17/Sep/2025:03:55:11 +0700] "GET /%E3%83%AC%E3%83%B3%E3%82%B8%E5%8F%B0%20%E3%82%AD%E3%83%83%E3%83%81%E3%83%B3%E3%83%A9%E3%83%83%E3%82%AF%20%E3%83%AC%E3%83%B3%E3%82%B8%E3%83%A9%E3%83%83%E3%82%AF%20%E3%83%88%E3%83%BC%E3%82%B9%E3%82%BF%E3%83%BC%E3%83%A9%E3%83%83%E3%82%AF%20%E3%83%AC%E3%83%B3%E3%82%B8%E4%B8%8A%E3%83%A9%E3%83%83%E3%82%AF%20%E9%9B%BB%E5%AD%90%E3%83%AC%E3%83%B3%E3%82%B8%E5%8F%B0%20%E3%82%AD%E3%83%83%E3%83%81%E3%83%B3%20%E6%A3%9A%20%E3%82%AD%E3%83%83%E3%83%81%E3%83%B3%E3%82%AB%E3%82%A6%E3%83%B3%E3%82%BF%E3%83%BC%20%E3%83%AC%E3%83%B3%E3%82%B8%E3%83%9C%E3%83%BC%E3%83%89%20%E3%81%8A%E3%81%97%E3%82%83%E3%82%8C%20%E5%8C%97%E6%AC%A7?path=/var/www/vhosts/vietnguyenvn.vinawebs.com.vn/furnilab.vn/httpdocs/wp-content/plugins/wordpress-seo-premium/admin/import/post-catalog HTTP/1.0" 200 16124 "-" "Mozilla/5.0 AppleWebKit/537.36 (KHTML, like Gecko; compatible; GPTBot/1.2; +https://openai.com/gptbot)"
57.141.2.66 - - [17/Sep/2025:03:55:12 +0700] "GET /info/1463333386.phtml?fileloc=/var/www/vhosts/vietnguyenvn.vinawebs.com.vn/furnilab.vn/httpdocs/wp-includes/class-requests.php&path=/var/www/vhosts/vietnguyenvn.vinawebs.com.vn/furnilab.vn/httpdocs/wp-includes HTTP/1.0" 200 44274 "-" "meta-externalagent/1.1 (+https://developers.facebook.com/docs/sharing/webmasters/crawler)"
57.141.2.59 - - [17/Sep/2025:03:55:12 +0700] "GET /info/1068412802.phtml HTTP/1.0" 200 81548 "-" "meta-externalagent/1.1 (+https://developers.facebook.com/docs/sharing/webmasters/crawler)"
57.141.2.25 - - [17/Sep/2025:03:55:12 +0700] "GET /info/1775927538.phtml?fileloc=/var/www/vhosts/vietnguyenvn.vinawebs.com.vn/furnilab.vn/httpdocs/wp-includes/ms-functions.php&path=/var/www/vhosts/vietnguyenvn.vinawebs.com.vn/furnilab.vn/httpdocs/wp-includes HTTP/1.0" 200 105934 "-" "meta-externalagent/1.1 (+https://developers.facebook.com/docs/sharing/webmasters/crawler)"
20.171.207.120 - - [17/Sep/2025:03:55:12 +0700] "GET /?fileloc=/var/www/vhosts/vietnguyenvn.vinawebs.com.vn/vattusacky.vn/httpdocs/wp-content/plugins/advanced-custom-fields/includes/fields/class-acf-field-select.php&path=/var/www/vhosts/vietnguyenvn.vinawebs.com.vn/vattusacky.vn/httpdocs/wp-content/plugins/advanced-custom-fields/includes/fields HTTP/1.0" 200 33805 "-" "Mozilla/5.0 AppleWebKit/537.36 (KHTML, like Gecko; compatible; GPTBot/1.2; +https://openai.com/gptbot)"
57.141.2.31 - - [17/Sep/2025:03:55:13 +0700] "GET /info/1690192142.phtml?fileloc=/var/www/vhosts/vietnguyenvn.vinawebs.com.vn/furnilab.vn/httpdocs/wp-includes/session.php&path=/var/www/vhosts/vietnguyenvn.vinawebs.com.vn/furnilab.vn/httpdocs/wp-includes HTTP/1.0" 200 13410 "-" "meta-externalagent/1.1 (+https://developers.facebook.com/docs/sharing/webmasters/crawler)"
20.171.207.90 - - [17/Sep/2025:03:55:13 +0700] "GET /%E3%83%AC%E3%83%B3%E3%82%B8%E5%8F%B0%20%E3%82%AD%E3%83%83%E3%83%81%E3%83%B3%E3%83%A9%E3%83%83%E3%82%AF%20%E3%83%AC%E3%83%B3%E3%82%B8%E3%83%A9%E3%83%83%E3%82%AF%20%E3%83%88%E3%83%BC%E3%82%B9%E3%82%BF%E3%83%BC%E3%83%A9%E3%83%83%E3%82%AF%20%E3%83%AC%E3%83%B3%E3%82%B8%E4%B8%8A%E3%83%A9%E3%83%83%E3%82%AF%20%E9%9B%BB%E5%AD%90%E3%83%AC%E3%83%B3%E3%82%B8%E5%8F%B0%20%E3%82%AD%E3%83%83%E3%83%81%E3%83%B3%20%E6%A3%9A%20%E3%82%AD%E3%83%83%E3%83%81%E3%83%B3%E3%82%AB%E3%82%A6%E3%83%B3%E3%82%BF%E3%83%BC%20%E3%83%AC%E3%83%B3%E3%82%B8%E3%83%9C%E3%83%BC%E3%83%89%20%E3%81%8A%E3%81%97%E3%82%83%E3%82%8C%20%E5%8C%97%E6%AC%A7?path=/var/www/vhosts/vietnguyenvn.vinawebs.com.vn/furnilab.vn/httpdocs/wp-content/plugins/wordpress-seo-premium/admin/import/galleries HTTP/1.0" 200 16077 "-" "Mozilla/5.0 AppleWebKit/537.36 (KHTML, like Gecko; compatible; GPTBot/1.2; +https://openai.com/gptbot)"
20.171.207.120 - - [17/Sep/2025:03:55:13 +0700] "GET /?fileloc=/var/www/vhosts/vietnguyenvn.vinawebs.com.vn/vattusacky.vn/httpdocs/wp-content/plugins/advanced-custom-fields/includes/fields/class-acf-field-link.php&path=/var/www/vhosts/vietnguyenvn.vinawebs.com.vn/vattusacky.vn/httpdocs/wp-content/plugins/advanced-custom-fields/includes/fields HTTP/1.0" 200 21192 "-" "Mozilla/5.0 AppleWebKit/537.36 (KHTML, like Gecko; compatible; GPTBot/1.2; +https://openai.com/gptbot)"
57.141.2.86 - - [17/Sep/2025:03:55:14 +0700] "GET /info/1604080886.phtml?fileloc=/var/www/vhosts/vietnguyenvn.vinawebs.com.vn/furnilab.vn/httpdocs/wp-blog-header.php&path=/var/www/vhosts/vietnguyenvn.vinawebs.com.vn/furnilab.vn/httpdocs HTTP/1.0" 200 13388 "-" "meta-externalagent/1.1 (+https://developers.facebook.com/docs/sharing/webmasters/crawler)"
20.171.207.90 - - [17/Sep/2025:03:55:14 +0700] "GET /%E3%83%AC%E3%83%B3%E3%82%B8%E5%8F%B0%20%E3%82%AD%E3%83%83%E3%83%81%E3%83%B3%E3%83%A9%E3%83%83%E3%82%AF%20%E3%83%AC%E3%83%B3%E3%82%B8%E3%83%A9%E3%83%83%E3%82%AF%20%E3%83%88%E3%83%BC%E3%82%B9%E3%82%BF%E3%83%BC%E3%83%A9%E3%83%83%E3%82%AF%20%E3%83%AC%E3%83%B3%E3%82%B8%E4%B8%8A%E3%83%A9%E3%83%83%E3%82%AF%20%E9%9B%BB%E5%AD%90%E3%83%AC%E3%83%B3%E3%82%B8%E5%8F%B0%20%E3%82%AD%E3%83%83%E3%83%81%E3%83%B3%20%E6%A3%9A%20%E3%82%AD%E3%83%83%E3%83%81%E3%83%B3%E3%82%AB%E3%82%A6%E3%83%B3%E3%82%BF%E3%83%BC%20%E3%83%AC%E3%83%B3%E3%82%B8%E3%83%9C%E3%83%BC%E3%83%89%20%E3%81%8A%E3%81%97%E3%82%83%E3%82%8C%20%E5%8C%97%E6%AC%A7?path=/var/www/vhosts/vietnguyenvn.vinawebs.com.vn/furnilab.vn/httpdocs/wp-content/plugins/wordpress-seo-premium/admin/recalculate/cloudflare HTTP/1.0" 200 16147 "-" "Mozilla/5.0 AppleWebKit/537.36 (KHTML, like Gecko; compatible; GPTBot/1.2; +https://openai.com/gptbot)"
57.141.2.82 - - [17/Sep/2025:03:55:14 +0700] "GET /info/1689926950.phtml?fileloc=/var/www/vhosts/vietnguyenvn.vinawebs.com.vn/furnilab.vn/httpdocs/wp-includes/bookmark-template.php&path=/var/www/vhosts/vietnguyenvn.vinawebs.com.vn/furnilab.vn/httpdocs/wp-includes HTTP/1.0" 200 26742 "-" "meta-externalagent/1.1 (+https://developers.facebook.com/docs/sharing/webmasters/crawler)"
57.141.2.19 - - [17/Sep/2025:03:55:14 +0700] "GET /info/1463546402.phtml?fileloc=/var/www/vhosts/vietnguyenvn.vinawebs.com.vn/furnilab.vn/httpdocs/wp-includes/class-wp-block-styles-registry.php&path=/var/www/vhosts/vietnguyenvn.vinawebs.com.vn/furnilab.vn/httpdocs/wp-includes HTTP/1.0" 200 19146 "-" "meta-externalagent/1.1 (+https://developers.facebook.com/docs/sharing/webmasters/crawler)"
57.141.2.13 - - [17/Sep/2025:03:55:14 +0700] "GET /info/695418716.phtml?fileloc=/var/www/vhosts/vietnguyenvn.vinawebs.com.vn/furnilab.vn/httpdocs/wp-admin/export-personal-data.php&path=/var/www/vhosts/vietnguyenvn.vinawebs.com.vn/furnilab.vn/httpdocs/wp-admin HTTP/1.0" 200 22340 "-" "meta-externalagent/1.1 (+https://developers.facebook.com/docs/sharing/webmasters/crawler)"
20.171.207.120 - - [17/Sep/2025:03:55:15 +0700] "GET /?fileloc=/var/www/vhosts/vietnguyenvn.vinawebs.com.vn/vattusacky.vn/httpdocs/wp-content/plugins/advanced-custom-fields/includes/fields/class-acf-field-checkbox.php&path=/var/www/vhosts/vietnguyenvn.vinawebs.com.vn/vattusacky.vn/httpdocs/wp-content/plugins/advanced-custom-fields/includes/fields HTTP/1.0" 200 29097 "-" "Mozilla/5.0 AppleWebKit/537.36 (KHTML, like Gecko; compatible; GPTBot/1.2; +https://openai.com/gptbot)"
20.171.207.90 - - [17/Sep/2025:03:55:15 +0700] "GET /%E3%83%AC%E3%83%B3%E3%82%B8%E5%8F%B0%20%E3%82%AD%E3%83%83%E3%83%81%E3%83%B3%E3%83%A9%E3%83%83%E3%82%AF%20%E3%83%AC%E3%83%B3%E3%82%B8%E3%83%A9%E3%83%83%E3%82%AF%20%E3%83%88%E3%83%BC%E3%82%B9%E3%82%BF%E3%83%BC%E3%83%A9%E3%83%83%E3%82%AF%20%E3%83%AC%E3%83%B3%E3%82%B8%E4%B8%8A%E3%83%A9%E3%83%83%E3%82%AF%20%E9%9B%BB%E5%AD%90%E3%83%AC%E3%83%B3%E3%82%B8%E5%8F%B0%20%E3%82%AD%E3%83%83%E3%83%81%E3%83%B3%20%E6%A3%9A%20%E3%82%AD%E3%83%83%E3%83%81%E3%83%B3%E3%82%AB%E3%82%A6%E3%83%B3%E3%82%BF%E3%83%BC%20%E3%83%AC%E3%83%B3%E3%82%B8%E3%83%9C%E3%83%BC%E3%83%89%20%E3%81%8A%E3%81%97%E3%82%83%E3%82%8C%20%E5%8C%97%E6%AC%A7?path=/var/www/vhosts/vietnguyenvn.vinawebs.com.vn/furnilab.vn/httpdocs/wp-content/plugins/wordpress-seo-premium/admin/config-ui/i18ns HTTP/1.0" 200 16103 "-" "Mozilla/5.0 AppleWebKit/537.36 (KHTML, like Gecko; compatible; GPTBot/1.2; +https://openai.com/gptbot)"
20.171.207.120 - - [17/Sep/2025:03:55:16 +0700] "GET /?fileloc=/var/www/vhosts/vietnguyenvn.vinawebs.com.vn/vattusacky.vn/httpdocs/wp-content/plugins/advanced-custom-fields/includes/fields/class-acf-field-button-group.php&path=/var/www/vhosts/vietnguyenvn.vinawebs.com.vn/vattusacky.vn/httpdocs/wp-content/plugins/advanced-custom-fields/includes/fields HTTP/1.0" 200 21958 "-" "Mozilla/5.0 AppleWebKit/537.36 (KHTML, like Gecko; compatible; GPTBot/1.2; +https://openai.com/gptbot)"
20.171.207.90 - - [17/Sep/2025:03:55:16 +0700] "GET /%E3%83%AC%E3%83%B3%E3%82%B8%E5%8F%B0%20%E3%82%AD%E3%83%83%E3%83%81%E3%83%B3%E3%83%A9%E3%83%83%E3%82%AF%20%E3%83%AC%E3%83%B3%E3%82%B8%E3%83%A9%E3%83%83%E3%82%AF%20%E3%83%88%E3%83%BC%E3%82%B9%E3%82%BF%E3%83%BC%E3%83%A9%E3%83%83%E3%82%AF%20%E3%83%AC%E3%83%B3%E3%82%B8%E4%B8%8A%E3%83%A9%E3%83%83%E3%82%AF%20%E9%9B%BB%E5%AD%90%E3%83%AC%E3%83%B3%E3%82%B8%E5%8F%B0%20%E3%82%AD%E3%83%83%E3%83%81%E3%83%B3%20%E6%A3%9A%20%E3%82%AD%E3%83%83%E3%83%81%E3%83%B3%E3%82%AB%E3%82%A6%E3%83%B3%E3%82%BF%E3%83%BC%20%E3%83%AC%E3%83%B3%E3%82%B8%E3%83%9C%E3%83%BC%E3%83%89%20%E3%81%8A%E3%81%97%E3%82%83%E3%82%8C%20%E5%8C%97%E6%AC%A7?path=/var/www/vhosts/vietnguyenvn.vinawebs.com.vn/furnilab.vn/httpdocs/wp-content/plugins/wordpress-seo-premium/admin/metabox/galleries HTTP/1.0" 200 18036 "-" "Mozilla/5.0 AppleWebKit/537.36 (KHTML, like Gecko; compatible; GPTBot/1.2; +https://openai.com/gptbot)"
20.171.207.120 - - [17/Sep/2025:03:55:17 +0700] "GET /?fileloc=/var/www/vhosts/vietnguyenvn.vinawebs.com.vn/vattusacky.vn/httpdocs/wp-content/plugins/advanced-custom-fields/includes/fields/class-acf-field-text.php&path=/var/www/vhosts/vietnguyenvn.vinawebs.com.vn/vattusacky.vn/httpdocs/wp-content/plugins/advanced-custom-fields/includes/fields HTTP/1.0" 200 19645 "-" "Mozilla/5.0 AppleWebKit/537.36 (KHTML, like Gecko; compatible; GPTBot/1.2; +https://openai.com/gptbot)"
20.171.207.90 - - [17/Sep/2025:03:55:17 +0700] "GET /%E3%83%AC%E3%83%B3%E3%82%B8%E5%8F%B0%20%E3%82%AD%E3%83%83%E3%83%81%E3%83%B3%E3%83%A9%E3%83%83%E3%82%AF%20%E3%83%AC%E3%83%B3%E3%82%B8%E3%83%A9%E3%83%83%E3%82%AF%20%E3%83%88%E3%83%BC%E3%82%B9%E3%82%BF%E3%83%BC%E3%83%A9%E3%83%83%E3%82%AF%20%E3%83%AC%E3%83%B3%E3%82%B8%E4%B8%8A%E3%83%A9%E3%83%83%E3%82%AF%20%E9%9B%BB%E5%AD%90%E3%83%AC%E3%83%B3%E3%82%B8%E5%8F%B0%20%E3%82%AD%E3%83%83%E3%83%81%E3%83%B3%20%E6%A3%9A%20%E3%82%AD%E3%83%83%E3%83%81%E3%83%B3%E3%82%AB%E3%82%A6%E3%83%B3%E3%82%BF%E3%83%BC%20%E3%83%AC%E3%83%B3%E3%82%B8%E3%83%9C%E3%83%BC%E3%83%89%20%E3%81%8A%E3%81%97%E3%82%83%E3%82%8C%20%E5%8C%97%E6%AC%A7?path=/var/www/vhosts/vietnguyenvn.vinawebs.com.vn/furnilab.vn/httpdocs/wp-content/plugins/duplicator/assets/js/post-catalog HTTP/1.0" 200 16005 "-" "Mozilla/5.0 AppleWebKit/537.36 (KHTML, like Gecko; compatible; GPTBot/1.2; +https://openai.com/gptbot)"
216.73.216.172 - - [17/Sep/2025:03:55:18 +0700] "GET /bitstarz-casino-25-zatoeni-zdarma-bitstarz?fileloc=%2Fvar%2Fwww%2Fvhosts%2Fvietnguyenvn.vinawebs.com.vn%2Fetechvn.vn%2Fhttpdocs%2Fold78%2F76521%2Ftext.php&path=%2Fvar%2Fwww%2Fvhosts%2Fvietnguyenvn.vinawebs.com.vn%2Fetechvn.vn%2Fhttpdocs%2Fold78%2F76521 HTTP/1.0" 200 14785 "-" "Mozilla/5.0 AppleWebKit/537.36 (KHTML, like Gecko; compatible; ClaudeBot/1.0; +claudebot@anthropic.com)"
216.73.216.172 - - [17/Sep/2025:03:55:18 +0700] "GET /san-pham/be-rua-sieu-am-elmasonic-s-150?path=%2Fvar%2Fwww%2Fvhosts%2Fvietnguyenvn.vinawebs.com.vn%2Fvattusacky.vn%2Fhttpdocs%2Fwp-includes%2Fblocks%2Fwidget-group HTTP/1.0" 200 15510 "-" "Mozilla/5.0 AppleWebKit/537.36 (KHTML, like Gecko; compatible; ClaudeBot/1.0; +claudebot@anthropic.com)"
216.73.216.172 - - [17/Sep/2025:03:55:18 +0700] "GET /san-pham/tu-dung-hoa-chat-dung-moi-de-chay-45-gallon-170-lit-model-wa810450r?fileloc=%2Fvar%2Fwww%2Fvhosts%2Fvietnguyenvn.vinawebs.com.vn%2Fvattusacky.vn%2Fhttpdocs%2Fwp-admin%2Fcss%2Frevisions-rtl.css&path=%2Fvar%2Fwww%2Fvhosts%2Fvietnguyenvn.vinawebs.com.vn%2Fvattusacky.vn%2Fhttpdocs%2Fwp-admin%2Fcss HTTP/1.0" 200 23620 "-" "Mozilla/5.0 AppleWebKit/537.36 (KHTML, like Gecko; compatible; ClaudeBot/1.0; +claudebot@anthropic.com)"
20.171.207.120 - - [17/Sep/2025:03:55:18 +0700] "GET /?fileloc=/var/www/vhosts/vietnguyenvn.vinawebs.com.vn/vattusacky.vn/httpdocs/wp-content/plugins/advanced-custom-fields/includes/fields/class-acf-field-email.php&path=/var/www/vhosts/vietnguyenvn.vinawebs.com.vn/vattusacky.vn/httpdocs/wp-content/plugins/advanced-custom-fields/includes/fields HTTP/1.0" 200 19206 "-" "Mozilla/5.0 AppleWebKit/537.36 (KHTML, like Gecko; compatible; GPTBot/1.2; +https://openai.com/gptbot)"
57.141.2.32 - - [17/Sep/2025:03:55:18 +0700] "GET /info/743047850.phtml?fileloc=/var/www/vhosts/vietnguyenvn.vinawebs.com.vn/furnilab.vn/httpdocs/wp-includes/wlwmanifest.xml&path=/var/www/vhosts/vietnguyenvn.vinawebs.com.vn/furnilab.vn/httpdocs/wp-includes HTTP/1.0" 200 14484 "-" "meta-externalagent/1.1 (+https://developers.facebook.com/docs/sharing/webmasters/crawler)"
57.141.2.77 - - [17/Sep/2025:03:55:18 +0700] "GET /info/1689845462.phtml?path=/var/www/vhosts/vietnguyenvn.vinawebs.com.vn/furnilab.vn/httpdocs HTTP/1.0" 200 81548 "-" "meta-externalagent/1.1 (+https://developers.facebook.com/docs/sharing/webmasters/crawler)"
20.171.207.90 - - [17/Sep/2025:03:55:18 +0700] "GET /%E3%83%AC%E3%83%B3%E3%82%B8%E5%8F%B0%20%E3%82%AD%E3%83%83%E3%83%81%E3%83%B3%E3%83%A9%E3%83%83%E3%82%AF%20%E3%83%AC%E3%83%B3%E3%82%B8%E3%83%A9%E3%83%83%E3%82%AF%20%E3%83%88%E3%83%BC%E3%82%B9%E3%82%BF%E3%83%BC%E3%83%A9%E3%83%83%E3%82%AF%20%E3%83%AC%E3%83%B3%E3%82%B8%E4%B8%8A%E3%83%A9%E3%83%83%E3%82%AF%20%E9%9B%BB%E5%AD%90%E3%83%AC%E3%83%B3%E3%82%B8%E5%8F%B0%20%E3%82%AD%E3%83%83%E3%83%81%E3%83%B3%20%E6%A3%9A%20%E3%82%AD%E3%83%83%E3%83%81%E3%83%B3%E3%82%AB%E3%82%A6%E3%83%B3%E3%82%BF%E3%83%BC%20%E3%83%AC%E3%83%B3%E3%82%B8%E3%83%9C%E3%83%BC%E3%83%89%20%E3%81%8A%E3%81%97%E3%82%83%E3%82%8C%20%E5%8C%97%E6%AC%A7?path=/var/www/vhosts/vietnguyenvn.vinawebs.com.vn/furnilab.vn/httpdocs/wp-content/plugins/wordpress-seo-premium/admin/config-ui/components HTTP/1.0" 200 26231 "-" "Mozilla/5.0 AppleWebKit/537.36 (KHTML, like Gecko; compatible; GPTBot/1.2; +https://openai.com/gptbot)"
216.73.216.172 - - [17/Sep/2025:03:55:19 +0700] "GET /1xbet-yeni-adresi-en-iyi-canli-bahis-siteleri-1xbet-yeni-giris-adresi?fileloc=%2Fvar%2Fwww%2Fvhosts%2Fvietnguyenvn.vinawebs.com.vn%2Ffurnilab.vn%2Fhttpdocs%2Fwp-includes%2Fjs%2Fdist%2Fi18n.min.js&path=%2Fvar%2Fwww%2Fvhosts%2Fvietnguyenvn.vinawebs.com.vn%2Ffurnilab.vn%2Fhttpdocs%2Fwp-includes%2Fjs%2Fdist HTTP/1.0" 200 25394 "-" "Mozilla/5.0 AppleWebKit/537.36 (KHTML, like Gecko; compatible; ClaudeBot/1.0; +claudebot@anthropic.com)"
57.141.2.58 - - [17/Sep/2025:03:55:19 +0700] "GET /info/1689568806.phtml?fileloc=/var/www/vhosts/vietnguyenvn.vinawebs.com.vn/furnilab.vn/httpdocs/wp-includes/class.wp-dependencies.php&path=/var/www/vhosts/vietnguyenvn.vinawebs.com.vn/furnilab.vn/httpdocs/wp-includes HTTP/1.0" 200 13539 "-" "meta-externalagent/1.1 (+https://developers.facebook.com/docs/sharing/webmasters/crawler)"
216.73.216.172 - - [17/Sep/2025:03:55:19 +0700] "GET /san-pham/can-ky-thuat-me203-mettler-toledo?fileloc=%2Fvar%2Fwww%2Fvhosts%2Fvietnguyenvn.vinawebs.com.vn%2Fvattusacky.vn%2Fhttpdocs%2Fwp-admin%2Fcustom-background.php&path=%2Fvar%2Fwww%2Fvhosts%2Fvietnguyenvn.vinawebs.com.vn%2Fvattusacky.vn%2Fhttpdocs%2Fwp-admin HTTP/1.0" 200 13652 "-" "Mozilla/5.0 AppleWebKit/537.36 (KHTML, like Gecko; compatible; ClaudeBot/1.0; +claudebot@anthropic.com)"
20.171.207.120 - - [17/Sep/2025:03:55:19 +0700] "GET /?fileloc=/var/www/vhosts/vietnguyenvn.vinawebs.com.vn/vattusacky.vn/httpdocs/wp-content/plugins/advanced-custom-fields/includes/fields/class-acf-field.php&path=/var/www/vhosts/vietnguyenvn.vinawebs.com.vn/vattusacky.vn/httpdocs/wp-content/plugins/advanced-custom-fields/includes/fields HTTP/1.0" 200 27339 "-" "Mozilla/5.0 AppleWebKit/537.36 (KHTML, like Gecko; compatible; GPTBot/1.2; +https://openai.com/gptbot)"
216.73.216.172 - - [17/Sep/2025:03:55:19 +0700] "GET /what-latin-nation-has-essentially-the-most-beautiful-girls-top-10-southern-american-international-locations?fileloc=%2Fvar%2Fwww%2Fvhosts%2Fvietnguyenvn.vinawebs.com.vn%2Fviet-group.com%2Fwp-includes%2Fclass-wp-network-query.php&path=%2Fvar%2Fwww%2Fvhosts%2Fvietnguyenvn.vinawebs.com.vn%2Fviet-group.com%2Fwp-includes HTTP/1.0" 200 33210 "-" "Mozilla/5.0 AppleWebKit/537.36 (KHTML, like Gecko; compatible; ClaudeBot/1.0; +claudebot@anthropic.com)"
57.141.2.77 - - [17/Sep/2025:03:55:20 +0700] "GET /info/743317694.phtml?path=/var/www/vhosts/vietnguyenvn.vinawebs.com.vn/furnilab.vn/error_docs HTTP/1.0" 200 43759 "-" "meta-externalagent/1.1 (+https://developers.facebook.com/docs/sharing/webmasters/crawler)"
20.171.207.90 - - [17/Sep/2025:03:55:20 +0700] "GET /%E3%83%AC%E3%83%B3%E3%82%B8%E5%8F%B0%20%E3%82%AD%E3%83%83%E3%83%81%E3%83%B3%E3%83%A9%E3%83%83%E3%82%AF%20%E3%83%AC%E3%83%B3%E3%82%B8%E3%83%A9%E3%83%83%E3%82%AF%20%E3%83%88%E3%83%BC%E3%82%B9%E3%82%BF%E3%83%BC%E3%83%A9%E3%83%83%E3%82%AF%20%E3%83%AC%E3%83%B3%E3%82%B8%E4%B8%8A%E3%83%A9%E3%83%83%E3%82%AF%20%E9%9B%BB%E5%AD%90%E3%83%AC%E3%83%B3%E3%82%B8%E5%8F%B0%20%E3%82%AD%E3%83%83%E3%83%81%E3%83%B3%20%E6%A3%9A%20%E3%82%AD%E3%83%83%E3%83%81%E3%83%B3%E3%82%AB%E3%82%A6%E3%83%B3%E3%82%BF%E3%83%BC%20%E3%83%AC%E3%83%B3%E3%82%B8%E3%83%9C%E3%83%BC%E3%83%89%20%E3%81%8A%E3%81%97%E3%82%83%E3%82%8C%20%E5%8C%97%E6%AC%A7?path=/var/www/vhosts/vietnguyenvn.vinawebs.com.vn/furnilab.vn/httpdocs/wp-content/plugins/wordpress-seo-premium/admin/config-ui/fields HTTP/1.0" 200 73768 "-" "Mozilla/5.0 AppleWebKit/537.36 (KHTML, like Gecko; compatible; GPTBot/1.2; +https://openai.com/gptbot)"
216.73.216.172 - - [17/Sep/2025:03:55:20 +0700] "GET /perfect-10-countries-to-search-out-and-marry-a-loyal-partner-and-mail-order-star-of-the-wedding?path=%2Fvar%2Fwww%2Fvhosts%2Fvietnguyenvn.vinawebs.com.vn%2Ffurnilab.vn%2Fhttpdocs%2Fwp-includes%2Fcustomize HTTP/1.0" 200 80156 "-" "Mozilla/5.0 AppleWebKit/537.36 (KHTML, like Gecko; compatible; ClaudeBot/1.0; +claudebot@anthropic.com)"
216.73.216.172 - - [17/Sep/2025:03:55:21 +0700] "GET /pin-up-top-kazino-vyigryvajte-zdes-demo-sloty?path=%2Fvar%2Fwww%2Fvhosts%2Fvietnguyenvn.vinawebs.com.vn%2Fviet-group.com%2Fwp-content%2Fuploads%2F2022%2F12 HTTP/1.0" 200 13718 "-" "Mozilla/5.0 AppleWebKit/537.36 (KHTML, like Gecko; compatible; ClaudeBot/1.0; +claudebot@anthropic.com)"
20.171.207.120 - - [17/Sep/2025:03:55:21 +0700] "GET /?fileloc=/var/www/vhosts/vietnguyenvn.vinawebs.com.vn/vattusacky.vn/httpdocs/wp-content/plugins/advanced-custom-fields/includes/fields/class-acf-field-oembed.php&path=/var/www/vhosts/vietnguyenvn.vinawebs.com.vn/vattusacky.vn/httpdocs/wp-content/plugins/advanced-custom-fields/includes/fields HTTP/1.0" 200 21541 "-" "Mozilla/5.0 AppleWebKit/537.36 (KHTML, like Gecko; compatible; GPTBot/1.2; +https://openai.com/gptbot)"
216.73.216.172 - - [17/Sep/2025:03:55:21 +0700] "GET /1xbet-casino-obzor-2023-i-bonusy-igrat-na-dengi-v?path=%2Fvar%2Fwww%2Fvhosts%2Fvietnguyenvn.vinawebs.com.vn%2Fvattusacky.vn%2Fhttpdocs%2Fwp-includes%2Frest-api%2Fsearch HTTP/1.0" 200 21236 "-" "Mozilla/5.0 AppleWebKit/537.36 (KHTML, like Gecko; compatible; ClaudeBot/1.0; +claudebot@anthropic.com)"
20.171.207.90 - - [17/Sep/2025:03:55:21 +0700] "GET /%E3%83%AC%E3%83%B3%E3%82%B8%E5%8F%B0%20%E3%82%AD%E3%83%83%E3%83%81%E3%83%B3%E3%83%A9%E3%83%83%E3%82%AF%20%E3%83%AC%E3%83%B3%E3%82%B8%E3%83%A9%E3%83%83%E3%82%AF%20%E3%83%88%E3%83%BC%E3%82%B9%E3%82%BF%E3%83%BC%E3%83%A9%E3%83%83%E3%82%AF%20%E3%83%AC%E3%83%B3%E3%82%B8%E4%B8%8A%E3%83%A9%E3%83%83%E3%82%AF%20%E9%9B%BB%E5%AD%90%E3%83%AC%E3%83%B3%E3%82%B8%E5%8F%B0%20%E3%82%AD%E3%83%83%E3%83%81%E3%83%B3%20%E6%A3%9A%20%E3%82%AD%E3%83%83%E3%83%81%E3%83%B3%E3%82%AB%E3%82%A6%E3%83%B3%E3%82%BF%E3%83%BC%20%E3%83%AC%E3%83%B3%E3%82%B8%E3%83%9C%E3%83%BC%E3%83%89%20%E3%81%8A%E3%81%97%E3%82%83%E3%82%8C%20%E5%8C%97%E6%AC%A7?path=/var/www/vhosts/vietnguyenvn.vinawebs.com.vn/furnilab.vn/httpdocs/wp-content/plugins/wordpress-seo-premium/admin/google_search_console/views HTTP/1.0" 200 20176 "-" "Mozilla/5.0 AppleWebKit/537.36 (KHTML, like Gecko; compatible; GPTBot/1.2; +https://openai.com/gptbot)"
216.73.216.172 - - [17/Sep/2025:03:55:22 +0700] "GET /danh-muc/tu-an-toan/pallet-chong-tran-sysbel/';txt%20+=%20'%3C'%20+%20node.getAttribute('src'?fileloc=%2Fvar%2Fwww%2Fvhosts%2Fvietnguyenvn.vinawebs.com.vn%2Ferror_docs%2F.htaccess&path=%2Fvar%2Fwww%2Fvhosts%2Fvietnguyenvn.vinawebs.com.vn%2Ferror_docs HTTP/1.0" 200 13933 "-" "Mozilla/5.0 AppleWebKit/537.36 (KHTML, like Gecko; compatible; ClaudeBot/1.0; +claudebot@anthropic.com)"
216.73.216.172 - - [17/Sep/2025:03:55:22 +0700] "GET /san-pham/tu-chua-chat-mon-bang-nhua-polypropylene-pp-48-gallon-khung-long-kinh-model-acp810048t/tu-chua-chat-an-mon-bang-nhua-polypropylene-pp-48-gallon-khung-long-kinh-model-acp810048t-1?fileloc=%2Fvar%2Fwww%2Fvhosts%2Fvietnguyenvn.vinawebs.com.vn%2Ffurnilab.vn%2Fhttpdocs%2Fwp-admin%2Fjs%2Fsvg-painter.js&path=%2Fvar%2Fwww%2Fvhosts%2Fvietnguyenvn.vinawebs.com.vn%2Ffurnilab.vn%2Fhttpdocs%2Fwp-admin%2Fjs HTTP/1.0" 200 18981 "-" "Mozilla/5.0 AppleWebKit/537.36 (KHTML, like Gecko; compatible; ClaudeBot/1.0; +claudebot@anthropic.com)"
20.171.207.120 - - [17/Sep/2025:03:55:23 +0700] "GET /?fileloc=/var/www/vhosts/vietnguyenvn.vinawebs.com.vn/vattusacky.vn/httpdocs/wp-content/plugins/advanced-custom-fields/includes/fields/class-acf-field-file.php&path=/var/www/vhosts/vietnguyenvn.vinawebs.com.vn/vattusacky.vn/httpdocs/wp-content/plugins/advanced-custom-fields/includes/fields HTTP/1.0" 200 27721 "-" "Mozilla/5.0 AppleWebKit/537.36 (KHTML, like Gecko; compatible; GPTBot/1.2; +https://openai.com/gptbot)"
216.73.216.172 - - [17/Sep/2025:03:55:22 +0700] "GET /daddy-casino-vhod-v-onlajn-kazino-demo-sloty?fileloc=%2Fvar%2Fwww%2Fvhosts%2Fvietnguyenvn.vinawebs.com.vn%2Fetechvn.vn%2Fhttpdocs%2Fwp-admin%2Ftheme-install.php&path=%2Fvar%2Fwww%2Fvhosts%2Fvietnguyenvn.vinawebs.com.vn%2Fetechvn.vn%2Fhttpdocs%2Fwp-admin HTTP/1.0" 200 41706 "-" "Mozilla/5.0 AppleWebKit/537.36 (KHTML, like Gecko; compatible; ClaudeBot/1.0; +claudebot@anthropic.com)"
20.171.207.90 - - [17/Sep/2025:03:55:23 +0700] "GET /%E3%83%AC%E3%83%B3%E3%82%B8%E5%8F%B0%20%E3%82%AD%E3%83%83%E3%83%81%E3%83%B3%E3%83%A9%E3%83%83%E3%82%AF%20%E3%83%AC%E3%83%B3%E3%82%B8%E3%83%A9%E3%83%83%E3%82%AF%20%E3%83%88%E3%83%BC%E3%82%B9%E3%82%BF%E3%83%BC%E3%83%A9%E3%83%83%E3%82%AF%20%E3%83%AC%E3%83%B3%E3%82%B8%E4%B8%8A%E3%83%A9%E3%83%83%E3%82%AF%20%E9%9B%BB%E5%AD%90%E3%83%AC%E3%83%B3%E3%82%B8%E5%8F%B0%20%E3%82%AD%E3%83%83%E3%83%81%E3%83%B3%20%E6%A3%9A%20%E3%82%AD%E3%83%83%E3%83%81%E3%83%B3%E3%82%AB%E3%82%A6%E3%83%B3%E3%82%BF%E3%83%BC%20%E3%83%AC%E3%83%B3%E3%82%B8%E3%83%9C%E3%83%BC%E3%83%89%20%E3%81%8A%E3%81%97%E3%82%83%E3%82%8C%20%E5%8C%97%E6%AC%A7?path=/var/www/vhosts/vietnguyenvn.vinawebs.com.vn/furnilab.vn/httpdocs/wp-content/plugins/wordpress-seo-premium/admin/views/audits HTTP/1.0" 200 16081 "-" "Mozilla/5.0 AppleWebKit/537.36 (KHTML, like Gecko; compatible; GPTBot/1.2; +https://openai.com/gptbot)"
216.73.216.172 - - [17/Sep/2025:03:55:23 +0700] "GET /casinoguru-com?fileloc=%2Fvar%2Fwww%2Fvhosts%2Fvietnguyenvn.vinawebs.com.vn%2F.revisium_antivirus_cache%2F.revisium1%2Fresult_scan.ser&path=%2Fvar%2Fwww%2Fvhosts%2Fvietnguyenvn.vinawebs.com.vn%2F.revisium_antivirus_cache%2F.revisium1 HTTP/1.0" 200 13176 "-" "Mozilla/5.0 AppleWebKit/537.36 (KHTML, like Gecko; compatible; ClaudeBot/1.0; +claudebot@anthropic.com)"
57.141.2.32 - - [17/Sep/2025:03:55:23 +0700] "GET /info/573233160.phtml?fileloc=/var/www/vhosts/vietnguyenvn.vinawebs.com.vn/furnilab.vn/httpdocs/xmlrpc.php&path=/var/www/vhosts/vietnguyenvn.vinawebs.com.vn/furnilab.vn/httpdocs HTTP/1.0" 200 16644 "-" "meta-externalagent/1.1 (+https://developers.facebook.com/docs/sharing/webmasters/crawler)"
216.73.216.172 - - [17/Sep/2025:03:55:23 +0700] "GET /san-pham/can-ky-thuat-me203-mettler-toledo?fileloc=%2Fvar%2Fwww%2Fvhosts%2Fvietnguyenvn.vinawebs.com.vn%2Fvattusacky.vn%2Fhttpdocs%2Fwp-admin%2Fcss%2Fforms-rtl.css&path=%2Fvar%2Fwww%2Fvhosts%2Fvietnguyenvn.vinawebs.com.vn%2Fvattusacky.vn%2Fhttpdocs%2Fwp-admin%2Fcss HTTP/1.0" 200 52102 "-" "Mozilla/5.0 AppleWebKit/537.36 (KHTML, like Gecko; compatible; ClaudeBot/1.0; +claudebot@anthropic.com)"
216.73.216.172 - - [17/Sep/2025:03:55:24 +0700] "GET /daddy-casino-vhod-v-onlajn-kazino-demo-sloty?fileloc=%2Fvar%2Fwww%2Fvhosts%2Fvietnguyenvn.vinawebs.com.vn%2Fetechvn.vn%2Fhttpdocs%2Fwp-admin%2Fupload.php&path=%2Fvar%2Fwww%2Fvhosts%2Fvietnguyenvn.vinawebs.com.vn%2Fetechvn.vn%2Fhttpdocs%2Fwp-admin HTTP/1.0" 200 29595 "-" "Mozilla/5.0 AppleWebKit/537.36 (KHTML, like Gecko; compatible; ClaudeBot/1.0; +claudebot@anthropic.com)"
20.171.207.90 - - [17/Sep/2025:03:55:24 +0700] "GET /%E3%83%AC%E3%83%B3%E3%82%B8%E5%8F%B0%20%E3%82%AD%E3%83%83%E3%83%81%E3%83%B3%E3%83%A9%E3%83%83%E3%82%AF%20%E3%83%AC%E3%83%B3%E3%82%B8%E3%83%A9%E3%83%83%E3%82%AF%20%E3%83%88%E3%83%BC%E3%82%B9%E3%82%BF%E3%83%BC%E3%83%A9%E3%83%83%E3%82%AF%20%E3%83%AC%E3%83%B3%E3%82%B8%E4%B8%8A%E3%83%A9%E3%83%83%E3%82%AF%20%E9%9B%BB%E5%AD%90%E3%83%AC%E3%83%B3%E3%82%B8%E5%8F%B0%20%E3%82%AD%E3%83%83%E3%83%81%E3%83%B3%20%E6%A3%9A%20%E3%82%AD%E3%83%83%E3%83%81%E3%83%B3%E3%82%AB%E3%82%A6%E3%83%B3%E3%82%BF%E3%83%BC%20%E3%83%AC%E3%83%B3%E3%82%B8%E3%83%9C%E3%83%BC%E3%83%89%20%E3%81%8A%E3%81%97%E3%82%83%E3%82%8C%20%E5%8C%97%E6%AC%A7?path=/var/www/vhosts/vietnguyenvn.vinawebs.com.vn/furnilab.vn/httpdocs/wp-content/plugins/wordpress-seo-premium/admin/views/galleries HTTP/1.0" 200 16099 "-" "Mozilla/5.0 AppleWebKit/537.36 (KHTML, like Gecko; compatible; GPTBot/1.2; +https://openai.com/gptbot)"
216.73.216.172 - - [17/Sep/2025:03:55:24 +0700] "GET /wie-viele-geld-wie-viel-geld-sollte-man-fur-den/bitcoin-jpg-6?fileloc=%2Fvar%2Fwww%2Fvhosts%2Fvietnguyenvn.vinawebs.com.vn%2Ffurnilab.vn%2Fhttpdocs%2Fsearch.php&path=%2Fvar%2Fwww%2Fvhosts%2Fvietnguyenvn.vinawebs.com.vn%2Ffurnilab.vn%2Fhttpdocs HTTP/1.0" 200 14722 "-" "Mozilla/5.0 AppleWebKit/537.36 (KHTML, like Gecko; compatible; ClaudeBot/1.0; +claudebot@anthropic.com)"
20.171.207.120 - - [17/Sep/2025:03:55:24 +0700] "GET /?fileloc=/var/www/vhosts/vietnguyenvn.vinawebs.com.vn/vattusacky.vn/httpdocs/wp-content/plugins/advanced-custom-fields/includes/fields/class-acf-field-google-map.php&path=/var/www/vhosts/vietnguyenvn.vinawebs.com.vn/vattusacky.vn/httpdocs/wp-content/plugins/advanced-custom-fields/includes/fields HTTP/1.0" 200 23682 "-" "Mozilla/5.0 AppleWebKit/537.36 (KHTML, like Gecko; compatible; GPTBot/1.2; +https://openai.com/gptbot)"
216.73.216.172 - - [17/Sep/2025:03:55:24 +0700] "GET /1xbet-casino-obzor-2023-i-bonusy-igrat-na-dengi-v?fileloc=%2Fvar%2Fwww%2Fvhosts%2Fvietnguyenvn.vinawebs.com.vn%2Fvattusacky.vn%2Fhttpdocs%2Fwp-admin%2Fms-edit.php&path=%2Fvar%2Fwww%2Fvhosts%2Fvietnguyenvn.vinawebs.com.vn%2Fvattusacky.vn%2Fhttpdocs%2Fwp-admin HTTP/1.0" 200 13369 "-" "Mozilla/5.0 AppleWebKit/537.36 (KHTML, like Gecko; compatible; ClaudeBot/1.0; +claudebot@anthropic.com)"
216.73.216.172 - - [17/Sep/2025:03:55:25 +0700] "GET /vavada-kazino-dostupnye-frispiny-igrovye-avtomaty-2?path=%2Fvar%2Fwww%2Fvhosts%2Fvietnguyenvn.vinawebs.com.vn%2Fetechvn.vn%2Fhttpdocs%2Fwp-content%2Fuploads%2F2024%2F08 HTTP/1.0" 200 13824 "-" "Mozilla/5.0 AppleWebKit/537.36 (KHTML, like Gecko; compatible; ClaudeBot/1.0; +claudebot@anthropic.com)"
216.73.216.172 - - [17/Sep/2025:03:55:25 +0700] "GET /san-pham/can-ky-thuat-me203-mettler-toledo?fileloc=%2Fvar%2Fwww%2Fvhosts%2Fvietnguyenvn.vinawebs.com.vn%2Fetechvn.vn%2Fhttpdocs%2Fwp-admin%2Flink.php&path=%2Fvar%2Fwww%2Fvhosts%2Fvietnguyenvn.vinawebs.com.vn%2Fetechvn.vn%2Fhttpdocs%2Fwp-admin HTTP/1.0" 200 16147 "-" "Mozilla/5.0 AppleWebKit/537.36 (KHTML, like Gecko; compatible; ClaudeBot/1.0; +claudebot@anthropic.com)"
