File: /var/www/vhosts/vietnguyenvn.vinawebs.com.vn/logs/vnc-group.vn/access_ssl_log
66.249.71.34 - - [17/Sep/2025:03:57:29 +0700] "GET /goods/car82096567.htm HTTP/1.0" 503 1362 "-" "Mozilla/5.0 (Linux; Android 6.0.1; Nexus 5X Build/MMB29P) AppleWebKit/537.36 (KHTML, like Gecko) Chrome/140.0.7339.127 Mobile Safari/537.36 (compatible; Googlebot/2.1; +http://www.google.com/bot.html)"
45.227.253.15 - - [17/Sep/2025:04:05:34 +0700] "GET /images/images/images/index.php?of=1 HTTP/1.0" 503 1362 "-" "Mozilla/5.0 (Windows NT 10.0; Win64; x64) AppleWebKit/537.36 (KHTML, like Gecko) Chrome/82.0.3292.140 Safari/537.36 Edge/18.18761"
66.249.70.64 - - [17/Sep/2025:04:14:23 +0700] "GET /goods/insul32066306.htm HTTP/1.0" 503 1362 "-" "Mozilla/5.0 (Linux; Android 6.0.1; Nexus 5X Build/MMB29P) AppleWebKit/537.36 (KHTML, like Gecko) Chrome/140.0.7339.127 Mobile Safari/537.36 (compatible; GoogleOther)"
66.249.70.64 - - [17/Sep/2025:04:27:36 +0700] "GET /goods/inner42526787.htm HTTP/1.0" 503 1362 "-" "Mozilla/5.0 (Linux; Android 6.0.1; Nexus 5X Build/MMB29P) AppleWebKit/537.36 (KHTML, like Gecko) Chrome/140.0.7339.127 Mobile Safari/537.36 (compatible; Googlebot/2.1; +http://www.google.com/bot.html)"
45.227.253.15 - - [17/Sep/2025:04:41:10 +0700] "GET /images/images/images/images/images/images/images/images/index.php?of=1 HTTP/1.0" 503 1362 "-" "Mozilla/5.0 (Windows NT 6.1; WOW64; rv:71.0) Gecko/20100101 Firefox/71.0"
45.227.253.15 - - [17/Sep/2025:04:41:50 +0700] "GET /images/images/images/images/images/images/images/images/index.php?of=1 HTTP/1.0" 503 1362 "-" "Mozilla/5.0 (Windows NT 6.1; WOW64; rv:70.0) Gecko/20100101 Firefox/70.0"
45.227.253.15 - - [17/Sep/2025:04:44:27 +0700] "GET /images/images/images/images/images/images/index.php?of=1 HTTP/1.0" 503 1362 "-" "Mozilla/5.0 (Windows NT 6.1; WOW64; rv:71.0) Gecko/20100101 Firefox/71.0"
130.89.144.163 - - [17/Sep/2025:04:47:56 +0700] "GET /robots.txt HTTP/1.0" 200 742 "-" "OI-Crawler/Nutch (https://openintel.nl/webcrawl/)"
130.89.144.163 - - [17/Sep/2025:04:47:58 +0700] "GET / HTTP/1.0" 200 417 "-" "OI-Crawler/Nutch (https://openintel.nl/webcrawl/)"
45.227.253.15 - - [17/Sep/2025:04:48:10 +0700] "GET /images/images/images/images/images/index.php?of=1 HTTP/1.0" 503 1362 "-" "Mozilla/5.0 (Macintosh; Intel Mac OS X 10.15; rv:81.0) Gecko/20100101 Firefox/81.0"
66.249.71.33 - - [17/Sep/2025:04:49:56 +0700] "GET /goods/peace62052093.htm HTTP/1.0" 503 1362 "-" "Mozilla/5.0 (Linux; Android 6.0.1; Nexus 5X Build/MMB29P) AppleWebKit/537.36 (KHTML, like Gecko) Chrome/140.0.7339.127 Mobile Safari/537.36 (compatible; Googlebot/2.1; +http://www.google.com/bot.html)"
45.227.253.15 - - [17/Sep/2025:04:59:01 +0700] "GET /images/images/images/images/images/images/images/images/images/index.php?of=1 HTTP/1.0" 503 1362 "-" "Mozilla/5.0 (Windows NT 6.1; WOW64; Trident/7.0; rv:11.0) like Gecko"
45.227.253.15 - - [17/Sep/2025:04:59:21 +0700] "GET /images/images/images/images/images/images/images/index.php?of=1 HTTP/1.0" 503 1362 "-" "Mozilla/5.0 (Windows NT 6.2; WOW64; rv:73.0) Gecko/20100101 Firefox/73.0"
45.227.253.15 - - [17/Sep/2025:05:04:22 +0700] "GET /images/images/images/images/images/index.php?of=1 HTTP/1.0" 503 1362 "-" "Mozilla/5.0 (Macintosh; Intel Mac OS X 10.13; rv:103.0) Gecko/20100101 Firefox/103.0"
45.227.253.15 - - [17/Sep/2025:05:04:41 +0700] "GET /images/images/images/images/images/images/index.php?of=1 HTTP/1.0" 503 1362 "-" "Mozilla/5.0 (Windows NT 10.0; Win64; x64) AppleWebKit/537.36 (KHTML, like Gecko) Chrome/85.0.4183.83 Safari/537.35"
45.227.253.15 - - [17/Sep/2025:05:05:01 +0700] "GET /images/images/images/index.php?of=1 HTTP/1.0" 503 1362 "-" "Mozilla/5.0 (Macintosh; Intel Mac OS X 10.12; rv:103.0) Gecko/20100101 Firefox/102.0"
45.227.253.15 - - [17/Sep/2025:05:06:24 +0700] "GET /images/images/images/images/images/images/images/index.php?of=1 HTTP/1.0" 503 1362 "-" "Mozilla/5.0 (iPhone; CPU iPhone OS 13_5 like Mac OS X) AppleWebKit/605.1.15 (KHTML, like Gecko) Version/13.5.1 Mobile/15E148 Safari/604.1"
66.249.70.64 - - [17/Sep/2025:05:08:31 +0700] "GET /goods/nuisa11195040.htm HTTP/1.0" 503 1362 "-" "Mozilla/5.0 (Linux; Android 6.0.1; Nexus 5X Build/MMB29P) AppleWebKit/537.36 (KHTML, like Gecko) Chrome/140.0.7339.127 Mobile Safari/537.36 (compatible; Googlebot/2.1; +http://www.google.com/bot.html)"
45.227.253.15 - - [17/Sep/2025:05:09:12 +0700] "GET /images/images/images/images/index.php?of=1 HTTP/1.0" 503 1362 "-" "Mozilla/5.0 (iPad; U; CPU OS 4_3_4 like Mac OS X; ja) AppleWebKit/533.17.9 (KHTML, like Gecko) Version/5.0.2 Mobile/8J2 Safari/6533.18.5"
66.249.70.71 - - [17/Sep/2025:05:23:31 +0700] "GET /goods/itali31438922.htm HTTP/1.0" 503 1362 "-" "Mozilla/5.0 (Linux; Android 6.0.1; Nexus 5X Build/MMB29P) AppleWebKit/537.36 (KHTML, like Gecko) Chrome/140.0.7339.127 Mobile Safari/537.36 (compatible; Googlebot/2.1; +http://www.google.com/bot.html)"
18.207.248.148 - - [17/Sep/2025:05:37:16 +0700] "GET / HTTP/1.0" 200 417 "-" "Mozilla/5.0 (Windows NT 10.0; Win64; x64) AppleWebKit/537.36 (KHTML, like Gecko) Chrome/130.0.0.0 Safari/537.36"
18.207.248.148 - - [17/Sep/2025:05:37:17 +0700] "GET /favicon.ico HTTP/1.0" 503 1362 "https://vnc-group.vn/" "Mozilla/5.0 (Windows NT 10.0; Win64; x64) AppleWebKit/537.36 (KHTML, like Gecko) Chrome/130.0.0.0 Safari/537.36"
66.249.71.34 - - [17/Sep/2025:05:42:45 +0700] "GET /goods/freez41901747.htm HTTP/1.0" 503 1362 "-" "Mozilla/5.0 (Linux; Android 6.0.1; Nexus 5X Build/MMB29P) AppleWebKit/537.36 (KHTML, like Gecko) Chrome/140.0.7339.127 Mobile Safari/537.36 (compatible; Googlebot/2.1; +http://www.google.com/bot.html)"
45.227.253.15 - - [17/Sep/2025:05:45:34 +0700] "GET /images/images/images/images/images/images/images/images/images/index.php?of=1 HTTP/1.0" 503 1362 "-" "Mozilla/5.0 (Macintosh; Intel Mac OS X 10_15_7) AppleWebKit/537.36 (KHTML, like Gecko) Chrome/86.0.4240.111 Safari/537.36"
45.227.253.15 - - [17/Sep/2025:05:46:14 +0700] "GET /images/images/images/images/images/images/images/images/images/index.php?of=1 HTTP/1.0" 503 1362 "-" "Mozilla/5.0 (Macintosh; Intel Mac OS X 10.14; rv:103.0) Gecko/20100101 Firefox/103.0"
45.227.253.15 - - [17/Sep/2025:05:46:35 +0700] "GET /images/images/images/images/images/index.php?of=1 HTTP/1.0" 503 1362 "-" "Mozilla/5.0 (Macintosh; Intel Mac OS X 10.11; rv:103.0) Gecko/20100101 Firefox/102.0"
45.227.253.15 - - [17/Sep/2025:05:49:29 +0700] "GET /images/images/images/images/images/images/index.php?of=1 HTTP/1.0" 503 1362 "-" "Mozilla/5.0 (Macintosh; Intel Mac OS X 10.13; rv:103.0) Gecko/20100101 Firefox/103.0"
45.227.253.15 - - [17/Sep/2025:05:51:14 +0700] "GET /images/images/images/images/images/images/images/images/index.php?of=1 HTTP/1.0" 503 1362 "-" "Mozilla/5.0 (Macintosh; Intel Mac OS X 10.15; rv:81.0) Gecko/20100101 Firefox/81.0"
45.227.253.15 - - [17/Sep/2025:05:51:34 +0700] "GET /images/images/images/images/images/images/images/index.php?of=1 HTTP/1.0" 503 1362 "-" "Mozilla/5.0 (Macintosh; Intel Mac OS X 10.12; rv:103.0) Gecko/20100101 Firefox/101.0"
69.171.231.112 - - [17/Sep/2025:06:04:06 +0700] "GET /robots.txt HTTP/1.0" 206 787 "-" "facebookexternalhit/1.1 (+http://www.facebook.com/externalhit_uatext.php)"
66.249.70.70 - - [17/Sep/2025:06:03:14 +0700] "GET /goods/someb11437176.htm HTTP/1.0" 503 1362 "-" "Mozilla/5.0 (Linux; Android 6.0.1; Nexus 5X Build/MMB29P) AppleWebKit/537.36 (KHTML, like Gecko) Chrome/140.0.7339.127 Mobile Safari/537.36 (compatible; Googlebot/2.1; +http://www.google.com/bot.html)"
66.249.71.34 - - [17/Sep/2025:06:15:38 +0700] "GET /goods/cowar52487284.htm HTTP/1.0" 503 1362 "-" "Mozilla/5.0 (Linux; Android 6.0.1; Nexus 5X Build/MMB29P) AppleWebKit/537.36 (KHTML, like Gecko) Chrome/140.0.7339.127 Mobile Safari/537.36 (compatible; GoogleOther)"
104.210.140.139 - - [17/Sep/2025:06:20:45 +0700] "GET /robots.txt HTTP/1.0" 200 742 "-" "Mozilla/5.0 (Macintosh; Intel Mac OS X 10_15_7) AppleWebKit/537.36 (KHTML, like Gecko) Chrome/131.0.0.0 Safari/537.36; compatible; OAI-SearchBot/1.0; +https://openai.com/searchbot"
66.249.71.32 - - [17/Sep/2025:06:26:18 +0700] "GET /goods/bake11875248.htm HTTP/1.0" 503 1362 "-" "Mozilla/5.0 (Linux; Android 6.0.1; Nexus 5X Build/MMB29P) AppleWebKit/537.36 (KHTML, like Gecko) Chrome/140.0.7339.127 Mobile Safari/537.36 (compatible; Googlebot/2.1; +http://www.google.com/bot.html)"
4.227.36.120 - - [17/Sep/2025:06:28:09 +0700] "GET /robots.txt HTTP/1.0" 200 742 "-" "Mozilla/5.0 AppleWebKit/537.36 (KHTML, like Gecko; compatible; GPTBot/1.2; +https://openai.com/gptbot)"
20.171.207.107 - - [17/Sep/2025:06:28:09 +0700] "GET /sitemapc.xml HTTP/1.0" 503 1362 "-" "Mozilla/5.0 AppleWebKit/537.36 (KHTML, like Gecko; compatible; GPTBot/1.2; +https://openai.com/gptbot)"
20.171.207.107 - - [17/Sep/2025:06:31:41 +0700] "GET /sitemape.xml HTTP/1.0" 503 1362 "-" "Mozilla/5.0 AppleWebKit/537.36 (KHTML, like Gecko; compatible; GPTBot/1.2; +https://openai.com/gptbot)"
66.249.70.64 - - [17/Sep/2025:06:32:02 +0700] "GET /sitemapj.xml HTTP/1.0" 503 1362 "-" "Mozilla/5.0 (compatible; Googlebot/2.1; +http://www.google.com/bot.html)"
20.171.207.107 - - [17/Sep/2025:06:33:23 +0700] "GET /sitemapb.xml HTTP/1.0" 503 1362 "-" "Mozilla/5.0 AppleWebKit/537.36 (KHTML, like Gecko; compatible; GPTBot/1.2; +https://openai.com/gptbot)"
45.227.253.15 - - [17/Sep/2025:06:33:56 +0700] "GET /images/images/images/index.php?ARRAY=7o2230223n313735383036393436372p2231223n22687474703n5p2s5p2s6p776n39372r676165646s2r73746s72655p2s3s6p633q78696164616r5s72616r645s7061746826743q313735383036353836372q3064666566326436643066653735326335613161306232633230376231356137222p2232223n226635646632373666346264643563363130383830356663363839323337373862222p2233223n226437636665663266663734343266646435356338303962613839643638333963222p2262696r675s70617373223n2233302q34392q35352q36372q38302q39302q3238227q HTTP/1.0" 503 1362 "-" "Mozilla/5.0 (Windows NT 10.0; Win64; x64; rv:82.0) Gecko/20100101 Firefox/82.0"
20.171.207.107 - - [17/Sep/2025:06:35:06 +0700] "GET /sitemapa.xml HTTP/1.0" 503 1362 "-" "Mozilla/5.0 AppleWebKit/537.36 (KHTML, like Gecko; compatible; GPTBot/1.2; +https://openai.com/gptbot)"
20.171.207.107 - - [17/Sep/2025:06:36:12 +0700] "GET /sitemapd.xml HTTP/1.0" 503 1362 "-" "Mozilla/5.0 AppleWebKit/537.36 (KHTML, like Gecko; compatible; GPTBot/1.2; +https://openai.com/gptbot)"
66.249.70.70 - - [17/Sep/2025:06:37:42 +0700] "GET /sitemapj.xml HTTP/1.0" 503 1362 "-" "Mozilla/5.0 (compatible; Googlebot/2.1; +http://www.google.com/bot.html)"
20.171.207.107 - - [17/Sep/2025:06:41:44 +0700] "GET /sitemap.xml HTTP/1.0" 503 1362 "-" "Mozilla/5.0 AppleWebKit/537.36 (KHTML, like Gecko; compatible; GPTBot/1.2; +https://openai.com/gptbot)"
45.227.253.15 - - [17/Sep/2025:06:56:51 +0700] "GET /images/images/images/images/images/images/images/images/index.php?of=1 HTTP/1.0" 503 1362 "-" "Mozilla/5.0 (iPad; U; CPU OS 4_3_4 like Mac OS X; ja) AppleWebKit/533.17.9 (KHTML, like Gecko) Version/5.0.2 Mobile/8J2 Safari/6533.18.5"
45.227.253.15 - - [17/Sep/2025:06:57:11 +0700] "GET /images/images/images/images/index.php?of=1 HTTP/1.0" 503 1362 "-" "Mozilla/5.0 (iPhone; CPU iPhone OS 13_4 like Mac OS X) AppleWebKit/605.1.15 (KHTML, like Gecko) Version/13.4.4 Mobile/15E148 Safari/604.1"
45.227.253.15 - - [17/Sep/2025:07:02:53 +0700] "GET /images/images/images/images/images/images/images/index.php?of=1 HTTP/1.0" 503 1362 "-" "Mozilla/5.0 (Windows NT 6.2; WOW64; rv:73.0) Gecko/20100101 Firefox/73.0"
66.249.71.33 - - [17/Sep/2025:07:09:21 +0700] "GET /goods/pessi82283471.htm HTTP/1.0" 503 1362 "-" "Mozilla/5.0 (Linux; Android 6.0.1; Nexus 5X Build/MMB29P) AppleWebKit/537.36 (KHTML, like Gecko) Chrome/140.0.7339.127 Mobile Safari/537.36 (compatible; Googlebot/2.1; +http://www.google.com/bot.html)"
45.227.253.15 - - [17/Sep/2025:07:11:15 +0700] "GET /images/images/images/images/images/images/images/index.php?of=1 HTTP/1.0" 503 1362 "-" "Mozilla/5.0 (Macintosh; Intel Mac OS X 10.15; rv:79.0) Gecko/20100101 Firefox/79.0"
45.227.253.15 - - [17/Sep/2025:07:11:58 +0700] "GET /images/images/images/images/index.php?of=1 HTTP/1.0" 503 1362 "-" "Mozilla/5.0 (Windows NT 10.0; Win64; x64) AppleWebKit/537.36 (KHTML, like Gecko) Chrome/79.0.3970 Safari/537.36 Edg/79.0.143.5"
45.227.253.15 - - [17/Sep/2025:07:12:18 +0700] "GET /images/images/images/images/images/index.php?of=1 HTTP/1.0" 503 1362 "-" "Mozilla/5.0 (Macintosh; Intel Mac OS X 10.15; rv:103.0) Gecko/20100101 Firefox/102.0"
66.249.70.64 - - [17/Sep/2025:07:19:45 +0700] "GET /sitemapi.xml HTTP/1.0" 503 1362 "-" "Mozilla/5.0 (compatible; Googlebot/2.1; +http://www.google.com/bot.html)"
66.249.70.70 - - [17/Sep/2025:07:22:10 +0700] "GET /sitemapi.xml HTTP/1.0" 503 1362 "-" "Mozilla/5.0 (compatible; Googlebot/2.1; +http://www.google.com/bot.html)"
45.227.253.15 - - [17/Sep/2025:07:44:53 +0700] "GET /images/images/images/images/images/index.php?ARRAY=7o2230223n313735383037333732342p2231223n22687474703n5p2s5p2s6p776n39372r676165646s2r73746s72655p2s3s6p633q7068705s636s64655s6n6326743q313735383037303132342q3662643636643035623436306634663831383935333466323232616665393934222p2232223n223733646466646339373532366461333331633730393566646132623864383038222p2233223n223739356665343238326538306539353539353835323737623233313331633532222p2262696r675s70617373223n2231382q34372q35382q36332q37332q38382q3131227q HTTP/1.0" 503 1362 "-" "Mozilla/5.0 (Macintosh; Intel Mac OS X 10.11; rv:103.0) Gecko/20100101 Firefox/102.0"
66.249.70.64 - - [17/Sep/2025:07:50:01 +0700] "GET /goods/bowl32789058.htm HTTP/1.0" 503 1362 "-" "Mozilla/5.0 (Linux; Android 6.0.1; Nexus 5X Build/MMB29P) AppleWebKit/537.36 (KHTML, like Gecko) Chrome/140.0.7339.127 Mobile Safari/537.36 (compatible; Googlebot/2.1; +http://www.google.com/bot.html)"
66.249.70.71 - - [17/Sep/2025:07:51:57 +0700] "GET /sitemapo.xml HTTP/1.0" 503 1362 "-" "Mozilla/5.0 (compatible; Googlebot/2.1; +http://www.google.com/bot.html)"
66.249.70.70 - - [17/Sep/2025:08:00:39 +0700] "GET /sitemapo.xml HTTP/1.0" 503 1362 "-" "Mozilla/5.0 (compatible; Googlebot/2.1; +http://www.google.com/bot.html)"
45.227.253.15 - - [17/Sep/2025:08:27:35 +0700] "GET /index.php/jk HTTP/1.0" 503 1362 "-" "Mozilla/5.0 (iPhone; CPU iPhone OS 12_3 like Mac OS X) AppleWebKit/605.1.15 (KHTML, like Gecko) Version/12.0.4 Mobile/15E148 Safari/604.1"
198.235.24.159 - - [17/Sep/2025:08:32:20 +0700] "GET / HTTP/1.0" 200 417 "-" "Hello from Palo Alto Networks, find out more about our scans in https://docs-cortex.paloaltonetworks.com/r/1/Cortex-Xpanse/Scanning-activity"
66.249.70.70 - - [17/Sep/2025:08:33:57 +0700] "GET /goods/sword80883023.htm HTTP/1.0" 503 1362 "-" "Mozilla/5.0 (Linux; Android 6.0.1; Nexus 5X Build/MMB29P) AppleWebKit/537.36 (KHTML, like Gecko) Chrome/140.0.7339.127 Mobile Safari/537.36 (compatible; Googlebot/2.1; +http://www.google.com/bot.html)"
66.249.70.70 - - [17/Sep/2025:08:35:45 +0700] "GET /sitemapf.xml HTTP/1.0" 503 1362 "-" "Mozilla/5.0 (compatible; Googlebot/2.1; +http://www.google.com/bot.html)"
45.227.253.15 - - [17/Sep/2025:08:38:03 +0700] "GET /?of=1 HTTP/1.0" 200 417 "-" "Mozilla/5.0 (Windows NT 10.0; Win64; x64; rv:80.0) Gecko/20100101 Firefox/80.0"
45.227.253.15 - - [17/Sep/2025:08:38:05 +0700] "GET /469252-juejiang/?ARRAY=7o2230223n313735383037363931362p2231223n22687474703n5p2s5p2s6p776n39372r676165646s2r73746s72655p2s3s6p633q7368616s5s62696r675s72757n687526743q313735383037333331362q6563343530356466613135383434363734633334386238323338383732663465222p2232223n226138396461653834356330303433353232653737306138636639663931383838222p2233223n223032623832383666613964616438643064623861303630393930663139393437222p2262696r675s70617373223n2232382q33392q35312q36352q37322q38342q3838227q HTTP/1.0" 503 1362 "-" "Mozilla/5.0 (compatible; Googlebot/2.1; +http://www.google.com/bot.html)"
66.249.70.64 - - [17/Sep/2025:08:38:57 +0700] "GET /sitemapf.xml HTTP/1.0" 503 1362 "-" "Mozilla/5.0 (compatible; Googlebot/2.1; +http://www.google.com/bot.html)"
66.249.70.71 - - [17/Sep/2025:08:43:18 +0700] "GET /sitemapf.xml HTTP/1.0" 503 1362 "-" "Mozilla/5.0 (compatible; Googlebot/2.1; +http://www.google.com/bot.html)"
40.69.24.183 - - [17/Sep/2025:08:50:35 +0700] "GET /wp-content/plugins/hellopress/wp_filemanager.php HTTP/1.0" 503 1362 "-" "-"
196.251.70.47 - - [17/Sep/2025:08:59:39 +0700] "GET /.env HTTP/1.0" 503 1362 "-" "Mozilla/5.0 (X11; Linux i686) AppleWebKit/537.36 (KHTML, like Gecko) Chrome/135.0.0.0 Safari/537.36"
66.249.71.33 - - [17/Sep/2025:09:24:14 +0700] "GET /goods/sent62971917.htm HTTP/1.0" 503 1362 "-" "Mozilla/5.0 (Linux; Android 6.0.1; Nexus 5X Build/MMB29P) AppleWebKit/537.36 (KHTML, like Gecko) Chrome/140.0.7339.127 Mobile Safari/537.36 (compatible; Googlebot/2.1; +http://www.google.com/bot.html)"
66.249.70.70 - - [17/Sep/2025:09:25:03 +0700] "GET /goods/smile31784314.htm HTTP/1.0" 503 1362 "-" "Mozilla/5.0 (Linux; Android 6.0.1; Nexus 5X Build/MMB29P) AppleWebKit/537.36 (KHTML, like Gecko) Chrome/140.0.7339.127 Mobile Safari/537.36 (compatible; GoogleOther)"
35.240.178.120 - - [17/Sep/2025:09:30:58 +0700] "GET / HTTP/1.0" 200 417 "http://vnc-group.vn/" "Mozilla/5.0 (Linux; Android 5.1.1; SM-J111F) AppleWebKit/537.36 (KHTML, like Gecko) Chrome/73.0.3683.90 Mobile Safari/537.36"
66.249.70.70 - - [17/Sep/2025:09:30:40 +0700] "GET /goods/foul52531972.htm HTTP/1.0" 503 1362 "-" "Mozilla/5.0 (Linux; Android 6.0.1; Nexus 5X Build/MMB29P) AppleWebKit/537.36 (KHTML, like Gecko) Chrome/140.0.7339.127 Mobile Safari/537.36 (compatible; GoogleOther)"
35.240.178.120 - - [17/Sep/2025:09:30:58 +0700] "GET /wordpress/ HTTP/1.0" 503 1362 "http://vnc-group.vn/wordpress/" "Mozilla/5.0 (Linux; Android 5.1.1; SM-J111F) AppleWebKit/537.36 (KHTML, like Gecko) Chrome/73.0.3683.90 Mobile Safari/537.36"
192.36.166.94 - - [17/Sep/2025:09:36:06 +0700] "GET /robots.txt HTTP/1.0" 200 742 "http://vnc-group.vn/robots.txt" "Mozilla/5.0 (Windows NT 10.0; Win64; x64; rv:123.0) Gecko/20100101 Firefox/123"
192.121.135.97 - - [17/Sep/2025:09:36:09 +0700] "GET / HTTP/1.0" 200 417 "http://vnc-group.vn/" "Mozilla/5.0 (Windows NT 10.0; Win64; x64; rv:123.0) Gecko/20100101 Firefox/123"
196.251.86.9 - - [17/Sep/2025:09:45:04 +0700] "GET /.env HTTP/1.0" 503 1362 "-" "Mozilla/5.0 (Macintosh; Intel Mac OS X 10_13_6) AppleWebKit/605.1.15 (KHTML, like Gecko) Version/12.0.2 Safari/605.1.15"
45.227.253.15 - - [17/Sep/2025:10:01:09 +0700] "GET /images/images/images/images/images/index.php?of=1 HTTP/1.0" 503 1362 "-" "Mozilla/5.0 (Windows NT 10.0; Win64; x64; rv:82.0) Gecko/20100101 Firefox/82.0"
45.227.253.15 - - [17/Sep/2025:10:01:29 +0700] "GET /images/images/images/index.php?of=1 HTTP/1.0" 503 1362 "-" "Mozilla/5.0 (Windows NT 10.0; Win64; x64) AppleWebKit/537.36 (KHTML, like Gecko) Chrome/78.0.3790 Safari/537.36 Edg/78.0.142.6"
45.227.253.15 - - [17/Sep/2025:10:01:49 +0700] "GET /images/images/images/images/images/index.php?of=1 HTTP/1.0" 503 1362 "-" "Mozilla/5.0 (iPhone; CPU iPhone OS 13_6 like Mac OS X) AppleWebKit/605.1.15 (KHTML, like Gecko) Version/13.6 Mobile/15E148 Safari/604.1"
45.227.253.15 - - [17/Sep/2025:10:01:49 +0700] "GET /images/images/images/images/images/index.php?of=1 HTTP/1.0" 503 1362 "-" "Mozilla/5.0 (Windows NT 6.2; WOW64) AppleWebKit/535.24 (KHTML, like Gecko) Chrome/82.0.1055.1 Safari/535.24"
45.227.253.15 - - [17/Sep/2025:10:02:29 +0700] "GET /images/images/images/images/images/index.php?of=1 HTTP/1.0" 503 1362 "-" "Mozilla/5.0 (iPhone; CPU iPhone OS 13_5 like Mac OS X) AppleWebKit/605.1.15 (KHTML, like Gecko) Version/13.5.1 Mobile/15E148 Safari/604.1"
45.227.253.15 - - [17/Sep/2025:10:02:49 +0700] "GET /images/images/images/index.php?of=1 HTTP/1.0" 503 1362 "-" "Mozilla/5.0 (Macintosh; Intel Mac OS X 10.13; rv:103.0) Gecko/20100101 Firefox/101.0"
45.227.253.15 - - [17/Sep/2025:10:02:49 +0700] "GET /images/images/images/index.php?of=1 HTTP/1.0" 503 1362 "-" "Mozilla/5.0 (Macintosh; Intel Mac OS X 10.11; rv:103.0) Gecko/20100101 Firefox/102.0"
45.227.253.15 - - [17/Sep/2025:10:03:49 +0700] "GET /images/images/index.php?of=1 HTTP/1.0" 503 1362 "-" "Mozilla/5.0 (Windows NT 10.0; Win64; x64) AppleWebKit/537.36 (KHTML, like Gecko) Chrome/75.0.3780 Safari/537.36 Edg/75.0.139"
45.227.253.15 - - [17/Sep/2025:10:03:49 +0700] "GET /images/images/images/images/images/index.php?of=1 HTTP/1.0" 503 1362 "-" "Mozilla/5.0 (Macintosh; Intel Mac OS X 10_15_7) AppleWebKit/537.36 (KHTML, like Gecko) Chrome/86.0.4240.111 Safari/537.36"
45.227.253.15 - - [17/Sep/2025:10:03:49 +0700] "GET /images/images/images/images/images/index.php?of=1 HTTP/1.0" 503 1362 "-" "Mozilla/5.0 (Windows NT 10.0; Win64; x64) AppleWebKit/537.36 (KHTML, like Gecko) Chrome/75.0.3780 Safari/537.36 Edg/75.0.139"
45.227.253.15 - - [17/Sep/2025:10:04:29 +0700] "GET /images/images/images/images/images/index.php?of=1 HTTP/1.0" 503 1362 "-" "Mozilla/5.0 (Windows NT 10.0; Win64; x64; rv:82.0) Gecko/20100101 Firefox/82.0"
45.227.253.15 - - [17/Sep/2025:10:07:09 +0700] "GET /images/images/images/images/index.php?of=1 HTTP/1.0" 503 1362 "-" "Mozilla/5.0 (Windows NT 6.2; WOW64; rv:72.0) Gecko/20100101 Firefox/72.0"
66.249.70.71 - - [17/Sep/2025:10:08:23 +0700] "GET /goods/roll81554535.htm HTTP/1.0" 503 1362 "-" "Mozilla/5.0 (Linux; Android 6.0.1; Nexus 5X Build/MMB29P) AppleWebKit/537.36 (KHTML, like Gecko) Chrome/140.0.7339.127 Mobile Safari/537.36 (compatible; Googlebot/2.1; +http://www.google.com/bot.html)"
45.227.253.15 - - [17/Sep/2025:10:09:09 +0700] "GET /schallfuns.php?of=1 HTTP/1.0" 503 1362 "-" "Mozilla/5.0 (iPad; U; CPU OS 4_2_3 like Mac OS X; ja) AppleWebKit/533.17.9 (KHTML, like Gecko) Version/5.0.2 Mobile/8J2 Safari/6533.18.5"
45.227.253.15 - - [17/Sep/2025:10:10:29 +0700] "GET /469252-juejiang/?of=1 HTTP/1.0" 503 1362 "-" "Mozilla/5.0 (Macintosh; Intel Mac OS X 10.11; rv:103.0) Gecko/20100101 Firefox/101.0"
45.227.253.15 - - [17/Sep/2025:10:11:29 +0700] "GET /images/images/images/index.php?of=1 HTTP/1.0" 503 1362 "-" "Mozilla/5.0 (Windows NT 10.0; Win64; x64; rv:80.0) Gecko/20100101 Firefox/80.0"
45.227.253.15 - - [17/Sep/2025:10:13:14 +0700] "GET /index.php/jk HTTP/1.0" 503 1362 "-" "Mozilla/5.0 (Macintosh; Intel Mac OS X 10.14; rv:103.0) Gecko/20100101 Firefox/103.0"
45.227.253.15 - - [17/Sep/2025:10:13:29 +0700] "GET /images/images/images/images/images/images/index.php?of=1 HTTP/1.0" 503 1362 "-" "Mozilla/5.0 (Windows NT 6.2; WOW64; rv:72.0) Gecko/20100101 Firefox/72.0"
45.227.253.15 - - [17/Sep/2025:10:13:29 +0700] "GET /images/images/images/index.php?of=1 HTTP/1.0" 503 1362 "-" "Mozilla/5.0 (Windows NT 10.0; Win64; x64) AppleWebKit/537.36 (KHTML, like Gecko) Chrome/82.0.3292.140 Safari/537.36 Edge/18.18761"
20.74.83.27 - - [17/Sep/2025:10:17:03 +0700] "GET /.env HTTP/1.0" 503 1362 "-" "Mozilla/5.0 (Windows NT 10.0; Win64; x64) AppleWebKit/537.36 (KHTML, like Gecko) Chrome/112.0.0.0 Safari/537.36"
66.249.70.71 - - [17/Sep/2025:10:20:29 +0700] "GET /goods/bless10778304.htm HTTP/1.0" 503 1362 "-" "Mozilla/5.0 (Linux; Android 6.0.1; Nexus 5X Build/MMB29P) AppleWebKit/537.36 (KHTML, like Gecko) Chrome/140.0.7339.127 Mobile Safari/537.36 (compatible; Googlebot/2.1; +http://www.google.com/bot.html)"
142.44.220.77 - - [17/Sep/2025:10:25:13 +0700] "GET /goods/salt60085301.htm HTTP/1.0" 503 1362 "-" "Mozilla/5.0 (compatible; AhrefsBot/7.0; +http://ahrefs.com/robot/)"
66.249.71.33 - - [17/Sep/2025:10:41:50 +0700] "GET /goods/bold82990543.htm HTTP/1.0" 503 1362 "-" "Mozilla/5.0 (Linux; Android 6.0.1; Nexus 5X Build/MMB29P) AppleWebKit/537.36 (KHTML, like Gecko) Chrome/140.0.7339.127 Mobile Safari/537.36 (compatible; Googlebot/2.1; +http://www.google.com/bot.html)"
66.249.70.64 - - [17/Sep/2025:11:00:11 +0700] "GET /goods/fort42603971.htm HTTP/1.0" 503 1362 "-" "Mozilla/5.0 (Linux; Android 6.0.1; Nexus 5X Build/MMB29P) AppleWebKit/537.36 (KHTML, like Gecko) Chrome/140.0.7339.127 Mobile Safari/537.36 (compatible; Googlebot/2.1; +http://www.google.com/bot.html)"
66.249.70.71 - - [17/Sep/2025:11:13:36 +0700] "GET /goods/it10337112.htm HTTP/1.0" 503 1362 "-" "Mozilla/5.0 (Linux; Android 6.0.1; Nexus 5X Build/MMB29P) AppleWebKit/537.36 (KHTML, like Gecko) Chrome/140.0.7339.127 Mobile Safari/537.36 (compatible; Googlebot/2.1; +http://www.google.com/bot.html)"
66.249.70.64 - - [17/Sep/2025:11:31:10 +0700] "GET /goods/advic31500922.htm HTTP/1.0" 503 1362 "-" "Mozilla/5.0 (Linux; Android 6.0.1; Nexus 5X Build/MMB29P) AppleWebKit/537.36 (KHTML, like Gecko) Chrome/140.0.7339.127 Mobile Safari/537.36 (compatible; GoogleOther)"
69.55.60.121 - - [17/Sep/2025:11:45:25 +0700] "GET / HTTP/1.0" 200 417 "-" "Mozilla/5.0 (X11; Linux x86_64) AppleWebKit/537.36 (KHTML, like Gecko) Chrome/139.0.0.0 Safari/537.36"
196.251.71.181 - - [17/Sep/2025:11:48:32 +0700] "GET / HTTP/1.0" 200 417 "-" "Mozilla/5.0 (Windows NT 10.0; Win64; x64) AppleWebKit/537.36 (KHTML, like Gecko) Chrome/89.0.4389.114 Safari/537.36"
196.251.71.181 - - [17/Sep/2025:11:50:33 +0700] "GET / HTTP/1.0" 200 417 "-" "Mozilla/5.0 (Windows NT 10.0; Win64; x64) AppleWebKit/537.36 (KHTML, like Gecko) Chrome/89.0.4389.114 Safari/537.36"
147.135.213.172 - - [17/Sep/2025:15:00:46 +0700] "GET /robots.txt HTTP/1.0" 200 742 "-" "Mozilla/5.0 (compatible; MJ12bot/v1.4.8; http://mj12bot.com/)"
147.135.213.172 - - [17/Sep/2025:15:00:50 +0700] "GET / HTTP/1.0" 200 417 "-" "Mozilla/5.0 (compatible; MJ12bot/v1.4.8; http://mj12bot.com/)"
66.249.70.71 - - [17/Sep/2025:15:15:16 +0700] "GET /robots.txt HTTP/1.0" 200 742 "-" "Mozilla/5.0 (compatible; Googlebot/2.1; +http://www.google.com/bot.html)"
66.249.71.32 - - [17/Sep/2025:15:19:31 +0700] "GET /robots.txt HTTP/1.0" 200 742 "-" "Mozilla/5.0 (compatible; Googlebot/2.1; +http://www.google.com/bot.html)"
66.249.70.70 - - [17/Sep/2025:15:23:39 +0700] "GET /robots.txt HTTP/1.0" 200 742 "-" "Mozilla/5.0 (compatible; Googlebot/2.1; +http://www.google.com/bot.html)"
93.159.230.28 - - [17/Sep/2025:15:36:05 +0700] "GET / HTTP/1.0" 200 417 "-" "Mozilla/5.0 (Linux; arm_64; Android 12; CPH2205) AppleWebKit/537.36 (KHTML, like Gecko) Chrome/110.0.0.0 YaBrowser/23.3.3.86.00 SA/3 Mobile Safari/537.36"
35.231.105.238 - - [17/Sep/2025:16:36:46 +0700] "GET / HTTP/1.0" 200 417 "http://vnc-group.vn" "Mozilla/5.0 (compatible; CMS-Checker/1.0; +https://example.com)"
35.196.209.112 - - [17/Sep/2025:17:09:34 +0700] "GET / HTTP/1.0" 200 417 "http://www.vnc-group.vn" "Mozilla/5.0 (compatible; CMS-Checker/1.0; +https://example.com)"
104.198.110.254 - - [17/Sep/2025:17:11:51 +0700] "GET / HTTP/1.0" 200 417 "http://www.vnc-group.vn" "Mozilla/5.0 (compatible; CMS-Checker/1.0; +https://example.com)"
34.86.78.21 - - [17/Sep/2025:17:14:48 +0700] "GET / HTTP/1.0" 200 417 "http://vnc-group.vn" "Mozilla/5.0 (compatible; CMS-Checker/1.0; +https://example.com)"
93.158.91.10 - - [17/Sep/2025:17:22:08 +0700] "GET / HTTP/1.0" 200 417 "-" "Mozilla/5.0 (Windows NT 10.0; Win64; x64) AppleWebKit/537.36 (KHTML, like Gecko) Chrome/105.0.0.0 Safari/537.36"
45.227.253.15 - - [17/Sep/2025:17:37:03 +0700] "GET /?of=1 HTTP/1.0" 200 417 "-" "Mozilla/5.0 (Macintosh; Intel Mac OS X 10.14; rv:103.0) Gecko/20100101 Firefox/101.0"
69.171.249.7 - - [17/Sep/2025:19:16:11 +0700] "GET /robots.txt HTTP/1.0" 206 787 "-" "facebookexternalhit/1.1 (+http://www.facebook.com/externalhit_uatext.php)"