46.250.171.94 - - [11/Sep/2025:05:19:40 +0700] "GET /wp-content/plugins/yith-woocommerce-wishlist/assets/css/style.css?ver=2.2.1 HTTP/1.0" 200 440 "https://etechvn.vn/danh-muc/san-pham-khac/?orderby=menu_order&product_count=32&product_order=asc" "Mozilla/5.0 (Macintosh; Intel Mac OS X 10_14_6) AppleWebKit/537.36 (KHTML, like Gecko) Chrome/129.0.0.0 Safari/537.36"
46.250.171.94 - - [11/Sep/2025:05:19:40 +0700] "GET /wp-content/plugins/woocommerce/assets/css/prettyPhoto.css?ver=3.3.4 HTTP/1.0" 200 432 "https://etechvn.vn/danh-muc/san-pham-khac/?orderby=menu_order&product_count=32&product_order=asc" "Mozilla/5.0 (Macintosh; Intel Mac OS X 10_14_6) AppleWebKit/537.36 (KHTML, like Gecko) Chrome/129.0.0.0 Safari/537.36"
46.250.171.94 - - [11/Sep/2025:05:19:40 +0700] "GET /wp-content/plugins/yith-woocommerce-wishlist/assets/css/font-awesome.min.css?ver=4.7.0 HTTP/1.0" 200 451 "https://etechvn.vn/danh-muc/san-pham-khac/?orderby=menu_order&product_count=32&product_order=asc" "Mozilla/5.0 (Macintosh; Intel Mac OS X 10_14_6) AppleWebKit/537.36 (KHTML, like Gecko) Chrome/129.0.0.0 Safari/537.36"
46.250.171.94 - - [11/Sep/2025:05:19:40 +0700] "GET /wp-content/themes/techno_shop/lib/plugins/currency-converter/assets/css/converter.css?ver=6.6.2 HTTP/1.0" 200 882 "https://etechvn.vn/danh-muc/san-pham-khac/?orderby=menu_order&product_count=32&product_order=asc" "Mozilla/5.0 (Macintosh; Intel Mac OS X 10_14_6) AppleWebKit/537.36 (KHTML, like Gecko) Chrome/129.0.0.0 Safari/537.36"
46.250.171.94 - - [11/Sep/2025:05:19:40 +0700] "GET /wp-content/plugins/yith-woocommerce-wishlist/assets/css/jquery.selectBox.css?ver=1.2.0 HTTP/1.0" 200 451 "https://etechvn.vn/danh-muc/san-pham-khac/?orderby=menu_order&product_count=32&product_order=asc" "Mozilla/5.0 (Macintosh; Intel Mac OS X 10_14_6) AppleWebKit/537.36 (KHTML, like Gecko) Chrome/129.0.0.0 Safari/537.36"
46.250.171.94 - - [11/Sep/2025:05:19:40 +0700] "GET /wp-content/themes/techno_shop/css/bootstrap.min.css HTTP/1.0" 200 426 "https://etechvn.vn/danh-muc/san-pham-khac/?orderby=menu_order&product_count=32&product_order=asc" "Mozilla/5.0 (Macintosh; Intel Mac OS X 10_14_6) AppleWebKit/537.36 (KHTML, like Gecko) Chrome/129.0.0.0 Safari/537.36"
46.250.171.94 - - [11/Sep/2025:05:19:40 +0700] "GET /wp-content/themes/techno_shop/css/flexslider.css HTTP/1.0" 200 423 "https://etechvn.vn/danh-muc/san-pham-khac/?orderby=menu_order&product_count=32&product_order=asc" "Mozilla/5.0 (Macintosh; Intel Mac OS X 10_14_6) AppleWebKit/537.36 (KHTML, like Gecko) Chrome/129.0.0.0 Safari/537.36"
46.250.171.94 - - [11/Sep/2025:05:19:40 +0700] "GET /wp-content/themes/techno_shop/style.css HTTP/1.0" 200 414 "https://etechvn.vn/danh-muc/san-pham-khac/?orderby=menu_order&product_count=32&product_order=asc" "Mozilla/5.0 (Macintosh; Intel Mac OS X 10_14_6) AppleWebKit/537.36 (KHTML, like Gecko) Chrome/129.0.0.0 Safari/537.36"
46.250.171.94 - - [11/Sep/2025:05:19:40 +0700] "GET /wp-content/themes/techno_shop/css/slick.css HTTP/1.0" 200 418 "https://etechvn.vn/danh-muc/san-pham-khac/?orderby=menu_order&product_count=32&product_order=asc" "Mozilla/5.0 (Macintosh; Intel Mac OS X 10_14_6) AppleWebKit/537.36 (KHTML, like Gecko) Chrome/129.0.0.0 Safari/537.36"
46.250.171.94 - - [11/Sep/2025:05:19:40 +0700] "GET /wp-content/themes/techno_shop/css/jquery.fancybox.css HTTP/1.0" 200 428 "https://etechvn.vn/danh-muc/san-pham-khac/?orderby=menu_order&product_count=32&product_order=asc" "Mozilla/5.0 (Macintosh; Intel Mac OS X 10_14_6) AppleWebKit/537.36 (KHTML, like Gecko) Chrome/129.0.0.0 Safari/537.36"
46.250.171.94 - - [11/Sep/2025:05:19:40 +0700] "GET /wp-content/themes/techno_shop/css/app-blue.css HTTP/1.0" 200 421 "https://etechvn.vn/danh-muc/san-pham-khac/?orderby=menu_order&product_count=32&product_order=asc" "Mozilla/5.0 (Macintosh; Intel Mac OS X 10_14_6) AppleWebKit/537.36 (KHTML, like Gecko) Chrome/129.0.0.0 Safari/537.36"
46.250.171.94 - - [11/Sep/2025:05:19:40 +0700] "GET /wp-content/themes/techno_shop/css/app-responsive.css HTTP/1.0" 200 427 "https://etechvn.vn/danh-muc/san-pham-khac/?orderby=menu_order&product_count=32&product_order=asc" "Mozilla/5.0 (Macintosh; Intel Mac OS X 10_14_6) AppleWebKit/537.36 (KHTML, like Gecko) Chrome/129.0.0.0 Safari/537.36"
46.250.171.94 - - [11/Sep/2025:05:19:40 +0700] "GET /wp-includes/js/jquery/jquery.min.js?ver=3.7.1 HTTP/1.0" 200 424 "https://etechvn.vn/danh-muc/san-pham-khac/?orderby=menu_order&product_count=32&product_order=asc" "Mozilla/5.0 (Macintosh; Intel Mac OS X 10_14_6) AppleWebKit/537.36 (KHTML, like Gecko) Chrome/129.0.0.0 Safari/537.36"
46.250.171.94 - - [11/Sep/2025:05:19:40 +0700] "GET /wp-includes/js/jquery/jquery-migrate.min.js?ver=3.4.1 HTTP/1.0" 200 432 "https://etechvn.vn/danh-muc/san-pham-khac/?orderby=menu_order&product_count=32&product_order=asc" "Mozilla/5.0 (Macintosh; Intel Mac OS X 10_14_6) AppleWebKit/537.36 (KHTML, like Gecko) Chrome/129.0.0.0 Safari/537.36"
46.250.171.94 - - [11/Sep/2025:05:19:40 +0700] "GET /wp-content/plugins/revslider/public/assets/js/jquery.themepunch.tools.min.js?ver=5.3.1.5 HTTP/1.0" 200 465 "https://etechvn.vn/danh-muc/san-pham-khac/?orderby=menu_order&product_count=32&product_order=asc" "Mozilla/5.0 (Macintosh; Intel Mac OS X 10_14_6) AppleWebKit/537.36 (KHTML, like Gecko) Chrome/129.0.0.0 Safari/537.36"
46.250.171.94 - - [11/Sep/2025:05:19:40 +0700] "GET /wp-content/plugins/revslider/public/assets/js/jquery.themepunch.revolution.min.js?ver=5.3.1.5 HTTP/1.0" 200 470 "https://etechvn.vn/danh-muc/san-pham-khac/?orderby=menu_order&product_count=32&product_order=asc" "Mozilla/5.0 (Macintosh; Intel Mac OS X 10_14_6) AppleWebKit/537.36 (KHTML, like Gecko) Chrome/129.0.0.0 Safari/537.36"
46.250.171.94 - - [11/Sep/2025:05:19:40 +0700] "GET /wp-content/plugins/twist/assets/slick.min.js?ver=1.3 HTTP/1.0" 200 433 "https://etechvn.vn/danh-muc/san-pham-khac/?orderby=menu_order&product_count=32&product_order=asc" "Mozilla/5.0 (Macintosh; Intel Mac OS X 10_14_6) AppleWebKit/537.36 (KHTML, like Gecko) Chrome/129.0.0.0 Safari/537.36"
46.250.171.94 - - [11/Sep/2025:05:19:40 +0700] "GET /wp-content/plugins/twist/assets/venobox.min.js?ver=1.3 HTTP/1.0" 200 435 "https://etechvn.vn/danh-muc/san-pham-khac/?orderby=menu_order&product_count=32&product_order=asc" "Mozilla/5.0 (Macintosh; Intel Mac OS X 10_14_6) AppleWebKit/537.36 (KHTML, like Gecko) Chrome/129.0.0.0 Safari/537.36"
46.250.171.94 - - [11/Sep/2025:05:19:40 +0700] "GET /wp-content/plugins/woocommerce/assets/js/frontend/add-to-cart.min.js?ver=3.3.4 HTTP/1.0" 200 457 "https://etechvn.vn/danh-muc/san-pham-khac/?orderby=menu_order&product_count=32&product_order=asc" "Mozilla/5.0 (Macintosh; Intel Mac OS X 10_14_6) AppleWebKit/537.36 (KHTML, like Gecko) Chrome/129.0.0.0 Safari/537.36"
46.250.171.94 - - [11/Sep/2025:05:19:40 +0700] "GET /wp-content/plugins/js_composer/assets/js/vendors/woocommerce-add-to-cart.js?ver=5.0.1 HTTP/1.0" 200 1358 "https://etechvn.vn/danh-muc/san-pham-khac/?orderby=menu_order&product_count=32&product_order=asc" "Mozilla/5.0 (Macintosh; Intel Mac OS X 10_14_6) AppleWebKit/537.36 (KHTML, like Gecko) Chrome/129.0.0.0 Safari/537.36"
46.250.171.94 - - [11/Sep/2025:05:19:40 +0700] "GET /wp-content/themes/techno_shop/js/modernizr-2.6.2.min.js HTTP/1.0" 200 444 "https://etechvn.vn/danh-muc/san-pham-khac/?orderby=menu_order&product_count=32&product_order=asc" "Mozilla/5.0 (Macintosh; Intel Mac OS X 10_14_6) AppleWebKit/537.36 (KHTML, like Gecko) Chrome/129.0.0.0 Safari/537.36"
166.108.225.188 - - [11/Sep/2025:05:19:40 +0700] "GET /danh-muc/san-pham-khac/?orderby=menu_order&product_count=32&product_order=asc HTTP/1.0" 200 113044 "-" "Mozilla/5.0 (Windows NT 10.0; Win64; x64) AppleWebKit/537.36 (KHTML, like Gecko) Chrome/129.0.0.0 Safari/537.36"
46.250.171.94 - - [11/Sep/2025:05:19:41 +0700] "GET /wp-content/plugins/contact-form-7/includes/js/scripts.js?ver=5.1.3 HTTP/1.0" 200 445 "https://etechvn.vn/danh-muc/san-pham-khac/?orderby=menu_order&product_count=32&product_order=asc" "Mozilla/5.0 (Macintosh; Intel Mac OS X 10_14_6) AppleWebKit/537.36 (KHTML, like Gecko) Chrome/129.0.0.0 Safari/537.36"
166.108.225.188 - - [11/Sep/2025:05:19:42 +0700] "GET /wp-includes/css/dist/block-library/style.min.css?ver=6.6.2 HTTP/1.0" 200 423 "https://etechvn.vn/danh-muc/san-pham-khac/?orderby=menu_order&product_count=32&product_order=asc" "Mozilla/5.0 (Windows NT 10.0; Win64; x64) AppleWebKit/537.36 (KHTML, like Gecko) Chrome/129.0.0.0 Safari/537.36"
166.108.225.188 - - [11/Sep/2025:05:19:42 +0700] "GET /wp-content/plugins/contact-form-7/includes/css/styles.css?ver=5.1.3 HTTP/1.0" 200 432 "https://etechvn.vn/danh-muc/san-pham-khac/?orderby=menu_order&product_count=32&product_order=asc" "Mozilla/5.0 (Windows NT 10.0; Win64; x64) AppleWebKit/537.36 (KHTML, like Gecko) Chrome/129.0.0.0 Safari/537.36"
166.108.225.188 - - [11/Sep/2025:05:19:42 +0700] "GET /wp-content/plugins/revslider/public/assets/css/settings.css?ver=5.3.1.5 HTTP/1.0" 200 434 "https://etechvn.vn/danh-muc/san-pham-khac/?orderby=menu_order&product_count=32&product_order=asc" "Mozilla/5.0 (Windows NT 10.0; Win64; x64) AppleWebKit/537.36 (KHTML, like Gecko) Chrome/129.0.0.0 Safari/537.36"
166.108.225.188 - - [11/Sep/2025:05:19:42 +0700] "GET /wp-includes/css/dashicons.min.css?ver=6.6.2 HTTP/1.0" 200 408 "https://etechvn.vn/danh-muc/san-pham-khac/?orderby=menu_order&product_count=32&product_order=asc" "Mozilla/5.0 (Windows NT 10.0; Win64; x64) AppleWebKit/537.36 (KHTML, like Gecko) Chrome/129.0.0.0 Safari/537.36"
166.108.225.188 - - [11/Sep/2025:05:19:42 +0700] "GET /wp-content/plugins/twist/assets/slick-theme.css?ver=1.3 HTTP/1.0" 200 422 "https://etechvn.vn/danh-muc/san-pham-khac/?orderby=menu_order&product_count=32&product_order=asc" "Mozilla/5.0 (Windows NT 10.0; Win64; x64) AppleWebKit/537.36 (KHTML, like Gecko) Chrome/129.0.0.0 Safari/537.36"
166.108.225.188 - - [11/Sep/2025:05:19:42 +0700] "GET /wp-content/plugins/twist/assets/twist.css?ver=1.3 HTTP/1.0" 200 416 "https://etechvn.vn/danh-muc/san-pham-khac/?orderby=menu_order&product_count=32&product_order=asc" "Mozilla/5.0 (Windows NT 10.0; Win64; x64) AppleWebKit/537.36 (KHTML, like Gecko) Chrome/129.0.0.0 Safari/537.36"
166.108.225.188 - - [11/Sep/2025:05:19:42 +0700] "GET /wp-content/plugins/woocommerce/assets/css/woocommerce-layout.css?ver=3.3.4 HTTP/1.0" 200 439 "https://etechvn.vn/danh-muc/san-pham-khac/?orderby=menu_order&product_count=32&product_order=asc" "Mozilla/5.0 (Windows NT 10.0; Win64; x64) AppleWebKit/537.36 (KHTML, like Gecko) Chrome/129.0.0.0 Safari/537.36"
166.108.225.188 - - [11/Sep/2025:05:19:42 +0700] "GET /wp-content/plugins/woocommerce/assets/css/woocommerce-smallscreen.css?ver=3.3.4 HTTP/1.0" 200 444 "https://etechvn.vn/danh-muc/san-pham-khac/?orderby=menu_order&product_count=32&product_order=asc" "Mozilla/5.0 (Windows NT 10.0; Win64; x64) AppleWebKit/537.36 (KHTML, like Gecko) Chrome/129.0.0.0 Safari/537.36"
166.108.225.188 - - [11/Sep/2025:05:19:42 +0700] "GET /wp-content/plugins/woocommerce/assets/css/woocommerce.css?ver=3.3.4 HTTP/1.0" 200 432 "https://etechvn.vn/danh-muc/san-pham-khac/?orderby=menu_order&product_count=32&product_order=asc" "Mozilla/5.0 (Windows NT 10.0; Win64; x64) AppleWebKit/537.36 (KHTML, like Gecko) Chrome/129.0.0.0 Safari/537.36"
166.108.225.188 - - [11/Sep/2025:05:19:42 +0700] "GET /wp-content/plugins/yith-woocommerce-compare/assets/css/colorbox.css?ver=6.6.2 HTTP/1.0" 200 442 "https://etechvn.vn/danh-muc/san-pham-khac/?orderby=menu_order&product_count=32&product_order=asc" "Mozilla/5.0 (Windows NT 10.0; Win64; x64) AppleWebKit/537.36 (KHTML, like Gecko) Chrome/129.0.0.0 Safari/537.36"
166.108.225.188 - - [11/Sep/2025:05:19:42 +0700] "GET /wp-content/plugins/yith-woocommerce-wishlist/assets/css/font-awesome.min.css?ver=4.7.0 HTTP/1.0" 200 451 "https://etechvn.vn/danh-muc/san-pham-khac/?orderby=menu_order&product_count=32&product_order=asc" "Mozilla/5.0 (Windows NT 10.0; Win64; x64) AppleWebKit/537.36 (KHTML, like Gecko) Chrome/129.0.0.0 Safari/537.36"
166.108.225.188 - - [11/Sep/2025:05:19:42 +0700] "GET /wp-content/themes/techno_shop/lib/plugins/currency-converter/assets/css/converter.css?ver=6.6.2 HTTP/1.0" 200 882 "https://etechvn.vn/danh-muc/san-pham-khac/?orderby=menu_order&product_count=32&product_order=asc" "Mozilla/5.0 (Windows NT 10.0; Win64; x64) AppleWebKit/537.36 (KHTML, like Gecko) Chrome/129.0.0.0 Safari/537.36"
166.108.225.188 - - [11/Sep/2025:05:19:42 +0700] "GET /wp-content/themes/techno_shop/css/bootstrap.min.css HTTP/1.0" 200 426 "https://etechvn.vn/danh-muc/san-pham-khac/?orderby=menu_order&product_count=32&product_order=asc" "Mozilla/5.0 (Windows NT 10.0; Win64; x64) AppleWebKit/537.36 (KHTML, like Gecko) Chrome/129.0.0.0 Safari/537.36"
166.108.225.188 - - [11/Sep/2025:05:19:42 +0700] "GET /wp-content/plugins/woocommerce/assets/css/prettyPhoto.css?ver=3.3.4 HTTP/1.0" 200 432 "https://etechvn.vn/danh-muc/san-pham-khac/?orderby=menu_order&product_count=32&product_order=asc" "Mozilla/5.0 (Windows NT 10.0; Win64; x64) AppleWebKit/537.36 (KHTML, like Gecko) Chrome/129.0.0.0 Safari/537.36"
166.108.225.188 - - [11/Sep/2025:05:19:42 +0700] "GET /wp-content/plugins/yith-woocommerce-wishlist/assets/css/jquery.selectBox.css?ver=1.2.0 HTTP/1.0" 200 451 "https://etechvn.vn/danh-muc/san-pham-khac/?orderby=menu_order&product_count=32&product_order=asc" "Mozilla/5.0 (Windows NT 10.0; Win64; x64) AppleWebKit/537.36 (KHTML, like Gecko) Chrome/129.0.0.0 Safari/537.36"
166.108.225.188 - - [11/Sep/2025:05:19:42 +0700] "GET /wp-content/themes/techno_shop/css/flexslider.css HTTP/1.0" 200 423 "https://etechvn.vn/danh-muc/san-pham-khac/?orderby=menu_order&product_count=32&product_order=asc" "Mozilla/5.0 (Windows NT 10.0; Win64; x64) AppleWebKit/537.36 (KHTML, like Gecko) Chrome/129.0.0.0 Safari/537.36"
166.108.225.188 - - [11/Sep/2025:05:19:42 +0700] "GET /wp-content/plugins/yith-woocommerce-wishlist/assets/css/style.css?ver=2.2.1 HTTP/1.0" 200 440 "https://etechvn.vn/danh-muc/san-pham-khac/?orderby=menu_order&product_count=32&product_order=asc" "Mozilla/5.0 (Windows NT 10.0; Win64; x64) AppleWebKit/537.36 (KHTML, like Gecko) Chrome/129.0.0.0 Safari/537.36"
46.250.171.94 - - [11/Sep/2025:05:19:42 +0700] "GET /wp-content/plugins/woocommerce/assets/js/jquery-blockui/jquery.blockUI.min.js?ver=2.70 HTTP/1.0" 200 466 "https://etechvn.vn/danh-muc/san-pham-khac/?orderby=menu_order&product_count=32&product_order=asc" "Mozilla/5.0 (Macintosh; Intel Mac OS X 10_14_6) AppleWebKit/537.36 (KHTML, like Gecko) Chrome/129.0.0.0 Safari/537.36"
166.108.225.188 - - [11/Sep/2025:05:19:42 +0700] "GET /wp-content/themes/techno_shop/style.css HTTP/1.0" 200 414 "https://etechvn.vn/danh-muc/san-pham-khac/?orderby=menu_order&product_count=32&product_order=asc" "Mozilla/5.0 (Windows NT 10.0; Win64; x64) AppleWebKit/537.36 (KHTML, like Gecko) Chrome/129.0.0.0 Safari/537.36"
166.108.225.188 - - [11/Sep/2025:05:19:42 +0700] "GET /wp-content/themes/techno_shop/css/slick.css HTTP/1.0" 200 418 "https://etechvn.vn/danh-muc/san-pham-khac/?orderby=menu_order&product_count=32&product_order=asc" "Mozilla/5.0 (Windows NT 10.0; Win64; x64) AppleWebKit/537.36 (KHTML, like Gecko) Chrome/129.0.0.0 Safari/537.36"
46.250.171.94 - - [11/Sep/2025:05:19:42 +0700] "GET /wp-content/plugins/woocommerce/assets/js/js-cookie/js.cookie.min.js?ver=2.1.4 HTTP/1.0" 200 456 "https://etechvn.vn/danh-muc/san-pham-khac/?orderby=menu_order&product_count=32&product_order=asc" "Mozilla/5.0 (Macintosh; Intel Mac OS X 10_14_6) AppleWebKit/537.36 (KHTML, like Gecko) Chrome/129.0.0.0 Safari/537.36"
166.108.225.188 - - [11/Sep/2025:05:19:42 +0700] "GET /wp-content/themes/techno_shop/css/jquery.fancybox.css HTTP/1.0" 200 428 "https://etechvn.vn/danh-muc/san-pham-khac/?orderby=menu_order&product_count=32&product_order=asc" "Mozilla/5.0 (Windows NT 10.0; Win64; x64) AppleWebKit/537.36 (KHTML, like Gecko) Chrome/129.0.0.0 Safari/537.36"
166.108.225.188 - - [11/Sep/2025:05:19:42 +0700] "GET /wp-content/themes/techno_shop/css/app-responsive.css HTTP/1.0" 200 427 "https://etechvn.vn/danh-muc/san-pham-khac/?orderby=menu_order&product_count=32&product_order=asc" "Mozilla/5.0 (Windows NT 10.0; Win64; x64) AppleWebKit/537.36 (KHTML, like Gecko) Chrome/129.0.0.0 Safari/537.36"
166.108.225.188 - - [11/Sep/2025:05:19:42 +0700] "GET /wp-includes/js/jquery/jquery.min.js?ver=3.7.1 HTTP/1.0" 200 424 "https://etechvn.vn/danh-muc/san-pham-khac/?orderby=menu_order&product_count=32&product_order=asc" "Mozilla/5.0 (Windows NT 10.0; Win64; x64) AppleWebKit/537.36 (KHTML, like Gecko) Chrome/129.0.0.0 Safari/537.36"
166.108.225.188 - - [11/Sep/2025:05:19:42 +0700] "GET /wp-content/themes/techno_shop/css/app-blue.css HTTP/1.0" 200 421 "https://etechvn.vn/danh-muc/san-pham-khac/?orderby=menu_order&product_count=32&product_order=asc" "Mozilla/5.0 (Windows NT 10.0; Win64; x64) AppleWebKit/537.36 (KHTML, like Gecko) Chrome/129.0.0.0 Safari/537.36"
166.108.225.188 - - [11/Sep/2025:05:19:42 +0700] "GET /wp-includes/js/jquery/jquery-migrate.min.js?ver=3.4.1 HTTP/1.0" 200 432 "https://etechvn.vn/danh-muc/san-pham-khac/?orderby=menu_order&product_count=32&product_order=asc" "Mozilla/5.0 (Windows NT 10.0; Win64; x64) AppleWebKit/537.36 (KHTML, like Gecko) Chrome/129.0.0.0 Safari/537.36"
46.250.171.94 - - [11/Sep/2025:05:19:42 +0700] "GET /wp-content/plugins/woocommerce/assets/js/frontend/cart-fragments.min.js?ver=3.3.4 HTTP/1.0" 200 460 "https://etechvn.vn/danh-muc/san-pham-khac/?orderby=menu_order&product_count=32&product_order=asc" "Mozilla/5.0 (Macintosh; Intel Mac OS X 10_14_6) AppleWebKit/537.36 (KHTML, like Gecko) Chrome/129.0.0.0 Safari/537.36"
46.250.171.94 - - [11/Sep/2025:05:19:42 +0700] "GET /wp-content/plugins/woocommerce/assets/js/frontend/woocommerce.min.js?ver=3.3.4 HTTP/1.0" 200 1025 "https://etechvn.vn/danh-muc/san-pham-khac/?orderby=menu_order&product_count=32&product_order=asc" "Mozilla/5.0 (Macintosh; Intel Mac OS X 10_14_6) AppleWebKit/537.36 (KHTML, like Gecko) Chrome/129.0.0.0 Safari/537.36"
166.108.225.188 - - [11/Sep/2025:05:19:42 +0700] "GET /wp-content/plugins/revslider/public/assets/js/jquery.themepunch.tools.min.js?ver=5.3.1.5 HTTP/1.0" 200 465 "https://etechvn.vn/danh-muc/san-pham-khac/?orderby=menu_order&product_count=32&product_order=asc" "Mozilla/5.0 (Windows NT 10.0; Win64; x64) AppleWebKit/537.36 (KHTML, like Gecko) Chrome/129.0.0.0 Safari/537.36"
166.108.225.188 - - [11/Sep/2025:05:19:42 +0700] "GET /wp-content/plugins/revslider/public/assets/js/jquery.themepunch.revolution.min.js?ver=5.3.1.5 HTTP/1.0" 200 470 "https://etechvn.vn/danh-muc/san-pham-khac/?orderby=menu_order&product_count=32&product_order=asc" "Mozilla/5.0 (Windows NT 10.0; Win64; x64) AppleWebKit/537.36 (KHTML, like Gecko) Chrome/129.0.0.0 Safari/537.36"
46.250.171.94 - - [11/Sep/2025:05:19:42 +0700] "GET /wp-content/plugins/yith-woocommerce-compare/assets/js/woocompare.min.js?ver=2.3.0 HTTP/1.0" 200 460 "https://etechvn.vn/danh-muc/san-pham-khac/?orderby=menu_order&product_count=32&product_order=asc" "Mozilla/5.0 (Macintosh; Intel Mac OS X 10_14_6) AppleWebKit/537.36 (KHTML, like Gecko) Chrome/129.0.0.0 Safari/537.36"
166.108.225.188 - - [11/Sep/2025:05:19:42 +0700] "GET /wp-content/plugins/woocommerce/assets/js/frontend/add-to-cart.min.js?ver=3.3.4 HTTP/1.0" 200 457 "https://etechvn.vn/danh-muc/san-pham-khac/?orderby=menu_order&product_count=32&product_order=asc" "Mozilla/5.0 (Windows NT 10.0; Win64; x64) AppleWebKit/537.36 (KHTML, like Gecko) Chrome/129.0.0.0 Safari/537.36"
166.108.225.188 - - [11/Sep/2025:05:19:42 +0700] "GET /wp-content/plugins/twist/assets/slick.min.js?ver=1.3 HTTP/1.0" 200 433 "https://etechvn.vn/danh-muc/san-pham-khac/?orderby=menu_order&product_count=32&product_order=asc" "Mozilla/5.0 (Windows NT 10.0; Win64; x64) AppleWebKit/537.36 (KHTML, like Gecko) Chrome/129.0.0.0 Safari/537.36"
166.108.225.188 - - [11/Sep/2025:05:19:42 +0700] "GET /wp-content/plugins/twist/assets/venobox.min.js?ver=1.3 HTTP/1.0" 200 435 "https://etechvn.vn/danh-muc/san-pham-khac/?orderby=menu_order&product_count=32&product_order=asc" "Mozilla/5.0 (Windows NT 10.0; Win64; x64) AppleWebKit/537.36 (KHTML, like Gecko) Chrome/129.0.0.0 Safari/537.36"
46.250.171.94 - - [11/Sep/2025:05:19:42 +0700] "GET /wp-content/plugins/yith-woocommerce-compare/assets/js/jquery.colorbox-min.js?ver=1.4.21 HTTP/1.0" 200 465 "https://etechvn.vn/danh-muc/san-pham-khac/?orderby=menu_order&product_count=32&product_order=asc" "Mozilla/5.0 (Macintosh; Intel Mac OS X 10_14_6) AppleWebKit/537.36 (KHTML, like Gecko) Chrome/129.0.0.0 Safari/537.36"
46.250.171.94 - - [11/Sep/2025:05:19:42 +0700] "GET /wp-content/plugins/woocommerce/assets/js/prettyPhoto/jquery.prettyPhoto.min.js?ver=3.1.6 HTTP/1.0" 200 467 "https://etechvn.vn/danh-muc/san-pham-khac/?orderby=menu_order&product_count=32&product_order=asc" "Mozilla/5.0 (Macintosh; Intel Mac OS X 10_14_6) AppleWebKit/537.36 (KHTML, like Gecko) Chrome/129.0.0.0 Safari/537.36"
166.108.225.188 - - [11/Sep/2025:05:19:42 +0700] "GET /wp-content/themes/techno_shop/js/modernizr-2.6.2.min.js HTTP/1.0" 200 444 "https://etechvn.vn/danh-muc/san-pham-khac/?orderby=menu_order&product_count=32&product_order=asc" "Mozilla/5.0 (Windows NT 10.0; Win64; x64) AppleWebKit/537.36 (KHTML, like Gecko) Chrome/129.0.0.0 Safari/537.36"
166.108.225.188 - - [11/Sep/2025:05:19:42 +0700] "GET /wp-content/plugins/js_composer/assets/js/vendors/woocommerce-add-to-cart.js?ver=5.0.1 HTTP/1.0" 200 1358 "https://etechvn.vn/danh-muc/san-pham-khac/?orderby=menu_order&product_count=32&product_order=asc" "Mozilla/5.0 (Windows NT 10.0; Win64; x64) AppleWebKit/537.36 (KHTML, like Gecko) Chrome/129.0.0.0 Safari/537.36"
46.250.171.94 - - [11/Sep/2025:05:19:42 +0700] "GET /wp-content/plugins/yith-woocommerce-wishlist/assets/js/jquery.selectBox.min.js?ver=1.2.0 HTTP/1.0" 200 467 "https://etechvn.vn/danh-muc/san-pham-khac/?orderby=menu_order&product_count=32&product_order=asc" "Mozilla/5.0 (Macintosh; Intel Mac OS X 10_14_6) AppleWebKit/537.36 (KHTML, like Gecko) Chrome/129.0.0.0 Safari/537.36"
46.250.171.94 - - [11/Sep/2025:05:19:42 +0700] "GET /wp-content/plugins/yith-woocommerce-wishlist/assets/js/jquery.yith-wcwl.js?ver=2.2.1 HTTP/1.0" 200 463 "https://etechvn.vn/danh-muc/san-pham-khac/?orderby=menu_order&product_count=32&product_order=asc" "Mozilla/5.0 (Macintosh; Intel Mac OS X 10_14_6) AppleWebKit/537.36 (KHTML, like Gecko) Chrome/129.0.0.0 Safari/537.36"
46.250.171.94 - - [11/Sep/2025:05:19:42 +0700] "GET /wp-content/themes/techno_shop/lib/plugins/currency-converter/assets/js/money.min.js HTTP/1.0" 200 472 "https://etechvn.vn/danh-muc/san-pham-khac/?orderby=menu_order&product_count=32&product_order=asc" "Mozilla/5.0 (Macintosh; Intel Mac OS X 10_14_6) AppleWebKit/537.36 (KHTML, like Gecko) Chrome/129.0.0.0 Safari/537.36"
46.250.171.94 - - [11/Sep/2025:05:19:42 +0700] "GET /wp-content/themes/techno_shop/lib/plugins/currency-converter/assets/js/accounting.min.js HTTP/1.0" 200 477 "https://etechvn.vn/danh-muc/san-pham-khac/?orderby=menu_order&product_count=32&product_order=asc" "Mozilla/5.0 (Macintosh; Intel Mac OS X 10_14_6) AppleWebKit/537.36 (KHTML, like Gecko) Chrome/129.0.0.0 Safari/537.36"
46.250.171.94 - - [11/Sep/2025:05:19:42 +0700] "GET /wp-content/plugins/woocommerce/assets/js/jquery-cookie/jquery.cookie.min.js?ver=1.4.1 HTTP/1.0" 200 464 "https://etechvn.vn/danh-muc/san-pham-khac/?orderby=menu_order&product_count=32&product_order=asc" "Mozilla/5.0 (Macintosh; Intel Mac OS X 10_14_6) AppleWebKit/537.36 (KHTML, like Gecko) Chrome/129.0.0.0 Safari/537.36"
46.250.171.94 - - [11/Sep/2025:05:19:42 +0700] "GET /wp-content/plugins/sw_woocommerce/js/category-ajax.js HTTP/1.0" 200 442 "https://etechvn.vn/danh-muc/san-pham-khac/?orderby=menu_order&product_count=32&product_order=asc" "Mozilla/5.0 (Macintosh; Intel Mac OS X 10_14_6) AppleWebKit/537.36 (KHTML, like Gecko) Chrome/129.0.0.0 Safari/537.36"
46.250.171.94 - - [11/Sep/2025:05:19:42 +0700] "GET /wp-content/themes/techno_shop/lib/plugins/currency-converter/assets/js/conversion.min.js HTTP/1.0" 200 477 "https://etechvn.vn/danh-muc/san-pham-khac/?orderby=menu_order&product_count=32&product_order=asc" "Mozilla/5.0 (Macintosh; Intel Mac OS X 10_14_6) AppleWebKit/537.36 (KHTML, like Gecko) Chrome/129.0.0.0 Safari/537.36"
46.250.171.94 - - [11/Sep/2025:05:19:42 +0700] "GET /wp-content/themes/techno_shop/js/jquery.countdown.min.js HTTP/1.0" 200 445 "https://etechvn.vn/danh-muc/san-pham-khac/?orderby=menu_order&product_count=32&product_order=asc" "Mozilla/5.0 (Macintosh; Intel Mac OS X 10_14_6) AppleWebKit/537.36 (KHTML, like Gecko) Chrome/129.0.0.0 Safari/537.36"
46.250.171.94 - - [11/Sep/2025:05:19:42 +0700] "GET /wp-content/themes/techno_shop/js/jquery.fancybox.pack.js HTTP/1.0" 200 445 "https://etechvn.vn/danh-muc/san-pham-khac/?orderby=menu_order&product_count=32&product_order=asc" "Mozilla/5.0 (Macintosh; Intel Mac OS X 10_14_6) AppleWebKit/537.36 (KHTML, like Gecko) Chrome/129.0.0.0 Safari/537.36"
46.250.171.94 - - [11/Sep/2025:05:19:42 +0700] "GET /wp-content/themes/techno_shop/js/jquery.circliful.min.js HTTP/1.0" 200 445 "https://etechvn.vn/danh-muc/san-pham-khac/?orderby=menu_order&product_count=32&product_order=asc" "Mozilla/5.0 (Macintosh; Intel Mac OS X 10_14_6) AppleWebKit/537.36 (KHTML, like Gecko) Chrome/129.0.0.0 Safari/537.36"
46.250.171.94 - - [11/Sep/2025:05:19:42 +0700] "GET /wp-content/themes/techno_shop/js/masonry.pkgd.min.js HTTP/1.0" 200 441 "https://etechvn.vn/danh-muc/san-pham-khac/?orderby=menu_order&product_count=32&product_order=asc" "Mozilla/5.0 (Macintosh; Intel Mac OS X 10_14_6) AppleWebKit/537.36 (KHTML, like Gecko) Chrome/129.0.0.0 Safari/537.36"
46.250.171.94 - - [11/Sep/2025:05:19:42 +0700] "GET /wp-content/plugins/sw_woocommerce/js/jquery.countdown.min.js HTTP/1.0" 200 449 "https://etechvn.vn/danh-muc/san-pham-khac/?orderby=menu_order&product_count=32&product_order=asc" "Mozilla/5.0 (Macintosh; Intel Mac OS X 10_14_6) AppleWebKit/537.36 (KHTML, like Gecko) Chrome/129.0.0.0 Safari/537.36"
46.250.171.94 - - [11/Sep/2025:05:19:42 +0700] "GET /wp-content/themes/techno_shop/js/cloud-zoom.1.0.2.min.js HTTP/1.0" 200 445 "https://etechvn.vn/danh-muc/san-pham-khac/?orderby=menu_order&product_count=32&product_order=asc" "Mozilla/5.0 (Macintosh; Intel Mac OS X 10_14_6) AppleWebKit/537.36 (KHTML, like Gecko) Chrome/129.0.0.0 Safari/537.36"
46.250.171.94 - - [11/Sep/2025:05:19:42 +0700] "GET /wp-content/themes/techno_shop/js/bootstrap.min.js HTTP/1.0" 200 438 "https://etechvn.vn/danh-muc/san-pham-khac/?orderby=menu_order&product_count=32&product_order=asc" "Mozilla/5.0 (Macintosh; Intel Mac OS X 10_14_6) AppleWebKit/537.36 (KHTML, like Gecko) Chrome/129.0.0.0 Safari/537.36"
46.250.171.94 - - [11/Sep/2025:05:19:42 +0700] "GET /wp-content/themes/techno_shop/js/number-polyfill.min.js HTTP/1.0" 200 444 "https://etechvn.vn/danh-muc/san-pham-khac/?orderby=menu_order&product_count=32&product_order=asc" "Mozilla/5.0 (Macintosh; Intel Mac OS X 10_14_6) AppleWebKit/537.36 (KHTML, like Gecko) Chrome/129.0.0.0 Safari/537.36"
46.250.171.94 - - [11/Sep/2025:05:19:42 +0700] "GET /wp-content/themes/techno_shop/js/jquery.counterup.js HTTP/1.0" 200 441 "https://etechvn.vn/danh-muc/san-pham-khac/?orderby=menu_order&product_count=32&product_order=asc" "Mozilla/5.0 (Macintosh; Intel Mac OS X 10_14_6) AppleWebKit/537.36 (KHTML, like Gecko) Chrome/129.0.0.0 Safari/537.36"
46.250.171.94 - - [11/Sep/2025:05:19:42 +0700] "GET /wp-includes/js/jquery/ui/mouse.min.js?ver=1.13.3 HTTP/1.0" 200 426 "https://etechvn.vn/danh-muc/san-pham-khac/?orderby=menu_order&product_count=32&product_order=asc" "Mozilla/5.0 (Macintosh; Intel Mac OS X 10_14_6) AppleWebKit/537.36 (KHTML, like Gecko) Chrome/129.0.0.0 Safari/537.36"
46.250.171.94 - - [11/Sep/2025:05:19:42 +0700] "GET /wp-content/themes/techno_shop/js/wc-quantity-increment.min.js HTTP/1.0" 200 1169 "https://etechvn.vn/danh-muc/san-pham-khac/?orderby=menu_order&product_count=32&product_order=asc" "Mozilla/5.0 (Macintosh; Intel Mac OS X 10_14_6) AppleWebKit/537.36 (KHTML, like Gecko) Chrome/129.0.0.0 Safari/537.36"
46.250.171.94 - - [11/Sep/2025:05:19:42 +0700] "GET /wp-includes/js/jquery/ui/core.min.js?ver=1.13.3 HTTP/1.0" 200 425 "https://etechvn.vn/danh-muc/san-pham-khac/?orderby=menu_order&product_count=32&product_order=asc" "Mozilla/5.0 (Macintosh; Intel Mac OS X 10_14_6) AppleWebKit/537.36 (KHTML, like Gecko) Chrome/129.0.0.0 Safari/537.36"
46.250.171.94 - - [11/Sep/2025:05:19:42 +0700] "GET /wp-content/themes/techno_shop/js/plugins.js HTTP/1.0" 200 432 "https://etechvn.vn/danh-muc/san-pham-khac/?orderby=menu_order&product_count=32&product_order=asc" "Mozilla/5.0 (Macintosh; Intel Mac OS X 10_14_6) AppleWebKit/537.36 (KHTML, like Gecko) Chrome/129.0.0.0 Safari/537.36"
46.250.171.94 - - [11/Sep/2025:05:19:42 +0700] "GET /wp-content/themes/techno_shop/js/megamenu.js HTTP/1.0" 200 433 "https://etechvn.vn/danh-muc/san-pham-khac/?orderby=menu_order&product_count=32&product_order=asc" "Mozilla/5.0 (Macintosh; Intel Mac OS X 10_14_6) AppleWebKit/537.36 (KHTML, like Gecko) Chrome/129.0.0.0 Safari/537.36"
46.250.171.94 - - [11/Sep/2025:05:19:42 +0700] "GET /wp-content/themes/techno_shop/js/main.js HTTP/1.0" 200 429 "https://etechvn.vn/danh-muc/san-pham-khac/?orderby=menu_order&product_count=32&product_order=asc" "Mozilla/5.0 (Macintosh; Intel Mac OS X 10_14_6) AppleWebKit/537.36 (KHTML, like Gecko) Chrome/129.0.0.0 Safari/537.36"
46.250.171.94 - - [11/Sep/2025:05:19:42 +0700] "GET /wp-content/themes/techno_shop/js/jquery.flexslider-min.js HTTP/1.0" 200 446 "https://etechvn.vn/danh-muc/san-pham-khac/?orderby=menu_order&product_count=32&product_order=asc" "Mozilla/5.0 (Macintosh; Intel Mac OS X 10_14_6) AppleWebKit/537.36 (KHTML, like Gecko) Chrome/129.0.0.0 Safari/537.36"
46.250.171.94 - - [11/Sep/2025:05:19:42 +0700] "GET /wp-content/plugins/sw_woocommerce/js/slick.min.js HTTP/1.0" 200 438 "https://etechvn.vn/danh-muc/san-pham-khac/?orderby=menu_order&product_count=32&product_order=asc" "Mozilla/5.0 (Macintosh; Intel Mac OS X 10_14_6) AppleWebKit/537.36 (KHTML, like Gecko) Chrome/129.0.0.0 Safari/537.36"
46.250.171.94 - - [11/Sep/2025:05:19:42 +0700] "GET /wp-includes/js/jquery/ui/slider.min.js?ver=1.13.3 HTTP/1.0" 200 427 "https://etechvn.vn/danh-muc/san-pham-khac/?orderby=menu_order&product_count=32&product_order=asc" "Mozilla/5.0 (Macintosh; Intel Mac OS X 10_14_6) AppleWebKit/537.36 (KHTML, like Gecko) Chrome/129.0.0.0 Safari/537.36"
46.250.171.94 - - [11/Sep/2025:05:19:42 +0700] "GET /wp-content/plugins/woocommerce/assets/js/jquery-ui-touch-punch/jquery-ui-touch-punch.min.js?ver=3.3.4 HTTP/1.0" 200 480 "https://etechvn.vn/danh-muc/san-pham-khac/?orderby=menu_order&product_count=32&product_order=asc" "Mozilla/5.0 (Macintosh; Intel Mac OS X 10_14_6) AppleWebKit/537.36 (KHTML, like Gecko) Chrome/129.0.0.0 Safari/537.36"
46.250.171.94 - - [11/Sep/2025:05:19:42 +0700] "GET /wp-content/plugins/woocommerce/assets/js/accounting/accounting.min.js?ver=0.4.2 HTTP/1.0" 200 458 "https://etechvn.vn/danh-muc/san-pham-khac/?orderby=menu_order&product_count=32&product_order=asc" "Mozilla/5.0 (Macintosh; Intel Mac OS X 10_14_6) AppleWebKit/537.36 (KHTML, like Gecko) Chrome/129.0.0.0 Safari/537.36"
46.250.171.94 - - [11/Sep/2025:05:19:42 +0700] "GET /wp-content/plugins/woocommerce/assets/js/frontend/price-slider.min.js?ver=3.3.4 HTTP/1.0" 200 458 "https://etechvn.vn/danh-muc/san-pham-khac/?orderby=menu_order&product_count=32&product_order=asc" "Mozilla/5.0 (Macintosh; Intel Mac OS X 10_14_6) AppleWebKit/537.36 (KHTML, like Gecko) Chrome/129.0.0.0 Safari/537.36"
166.108.225.188 - - [11/Sep/2025:05:19:43 +0700] "GET /wp-content/plugins/contact-form-7/includes/js/scripts.js?ver=5.1.3 HTTP/1.0" 200 445 "https://etechvn.vn/danh-muc/san-pham-khac/?orderby=menu_order&product_count=32&product_order=asc" "Mozilla/5.0 (Windows NT 10.0; Win64; x64) AppleWebKit/537.36 (KHTML, like Gecko) Chrome/129.0.0.0 Safari/537.36"
166.108.225.188 - - [11/Sep/2025:05:19:43 +0700] "GET /wp-content/plugins/woocommerce/assets/js/jquery-blockui/jquery.blockUI.min.js?ver=2.70 HTTP/1.0" 200 466 "https://etechvn.vn/danh-muc/san-pham-khac/?orderby=menu_order&product_count=32&product_order=asc" "Mozilla/5.0 (Windows NT 10.0; Win64; x64) AppleWebKit/537.36 (KHTML, like Gecko) Chrome/129.0.0.0 Safari/537.36"
166.108.225.188 - - [11/Sep/2025:05:19:43 +0700] "GET /wp-content/plugins/woocommerce/assets/js/js-cookie/js.cookie.min.js?ver=2.1.4 HTTP/1.0" 200 456 "https://etechvn.vn/danh-muc/san-pham-khac/?orderby=menu_order&product_count=32&product_order=asc" "Mozilla/5.0 (Windows NT 10.0; Win64; x64) AppleWebKit/537.36 (KHTML, like Gecko) Chrome/129.0.0.0 Safari/537.36"
166.108.225.188 - - [11/Sep/2025:05:19:43 +0700] "GET /wp-content/plugins/woocommerce/assets/js/frontend/woocommerce.min.js?ver=3.3.4 HTTP/1.0" 200 1025 "https://etechvn.vn/danh-muc/san-pham-khac/?orderby=menu_order&product_count=32&product_order=asc" "Mozilla/5.0 (Windows NT 10.0; Win64; x64) AppleWebKit/537.36 (KHTML, like Gecko) Chrome/129.0.0.0 Safari/537.36"
166.108.225.188 - - [11/Sep/2025:05:19:43 +0700] "GET /wp-content/plugins/woocommerce/assets/js/frontend/cart-fragments.min.js?ver=3.3.4 HTTP/1.0" 200 460 "https://etechvn.vn/danh-muc/san-pham-khac/?orderby=menu_order&product_count=32&product_order=asc" "Mozilla/5.0 (Windows NT 10.0; Win64; x64) AppleWebKit/537.36 (KHTML, like Gecko) Chrome/129.0.0.0 Safari/537.36"
166.108.225.188 - - [11/Sep/2025:05:19:43 +0700] "GET /wp-content/plugins/yith-woocommerce-compare/assets/js/woocompare.min.js?ver=2.3.0 HTTP/1.0" 200 460 "https://etechvn.vn/danh-muc/san-pham-khac/?orderby=menu_order&product_count=32&product_order=asc" "Mozilla/5.0 (Windows NT 10.0; Win64; x64) AppleWebKit/537.36 (KHTML, like Gecko) Chrome/129.0.0.0 Safari/537.36"
166.108.225.188 - - [11/Sep/2025:05:19:43 +0700] "GET /wp-content/plugins/yith-woocommerce-wishlist/assets/js/jquery.selectBox.min.js?ver=1.2.0 HTTP/1.0" 200 467 "https://etechvn.vn/danh-muc/san-pham-khac/?orderby=menu_order&product_count=32&product_order=asc" "Mozilla/5.0 (Windows NT 10.0; Win64; x64) AppleWebKit/537.36 (KHTML, like Gecko) Chrome/129.0.0.0 Safari/537.36"
166.108.225.188 - - [11/Sep/2025:05:19:43 +0700] "GET /wp-content/plugins/yith-woocommerce-compare/assets/js/jquery.colorbox-min.js?ver=1.4.21 HTTP/1.0" 200 465 "https://etechvn.vn/danh-muc/san-pham-khac/?orderby=menu_order&product_count=32&product_order=asc" "Mozilla/5.0 (Windows NT 10.0; Win64; x64) AppleWebKit/537.36 (KHTML, like Gecko) Chrome/129.0.0.0 Safari/537.36"
166.108.225.188 - - [11/Sep/2025:05:19:43 +0700] "GET /wp-content/plugins/woocommerce/assets/js/prettyPhoto/jquery.prettyPhoto.min.js?ver=3.1.6 HTTP/1.0" 200 467 "https://etechvn.vn/danh-muc/san-pham-khac/?orderby=menu_order&product_count=32&product_order=asc" "Mozilla/5.0 (Windows NT 10.0; Win64; x64) AppleWebKit/537.36 (KHTML, like Gecko) Chrome/129.0.0.0 Safari/537.36"
166.108.225.188 - - [11/Sep/2025:05:19:43 +0700] "GET /wp-content/plugins/yith-woocommerce-wishlist/assets/js/jquery.yith-wcwl.js?ver=2.2.1 HTTP/1.0" 200 463 "https://etechvn.vn/danh-muc/san-pham-khac/?orderby=menu_order&product_count=32&product_order=asc" "Mozilla/5.0 (Windows NT 10.0; Win64; x64) AppleWebKit/537.36 (KHTML, like Gecko) Chrome/129.0.0.0 Safari/537.36"
166.108.225.188 - - [11/Sep/2025:05:19:43 +0700] "GET /wp-content/themes/techno_shop/lib/plugins/currency-converter/assets/js/money.min.js HTTP/1.0" 200 472 "https://etechvn.vn/danh-muc/san-pham-khac/?orderby=menu_order&product_count=32&product_order=asc" "Mozilla/5.0 (Windows NT 10.0; Win64; x64) AppleWebKit/537.36 (KHTML, like Gecko) Chrome/129.0.0.0 Safari/537.36"
166.108.225.188 - - [11/Sep/2025:05:19:43 +0700] "GET /wp-content/themes/techno_shop/lib/plugins/currency-converter/assets/js/accounting.min.js HTTP/1.0" 200 477 "https://etechvn.vn/danh-muc/san-pham-khac/?orderby=menu_order&product_count=32&product_order=asc" "Mozilla/5.0 (Windows NT 10.0; Win64; x64) AppleWebKit/537.36 (KHTML, like Gecko) Chrome/129.0.0.0 Safari/537.36"
166.108.225.188 - - [11/Sep/2025:05:19:43 +0700] "GET /wp-content/plugins/woocommerce/assets/js/jquery-cookie/jquery.cookie.min.js?ver=1.4.1 HTTP/1.0" 200 464 "https://etechvn.vn/danh-muc/san-pham-khac/?orderby=menu_order&product_count=32&product_order=asc" "Mozilla/5.0 (Windows NT 10.0; Win64; x64) AppleWebKit/537.36 (KHTML, like Gecko) Chrome/129.0.0.0 Safari/537.36"
166.108.225.188 - - [11/Sep/2025:05:19:43 +0700] "GET /wp-content/themes/techno_shop/lib/plugins/currency-converter/assets/js/conversion.min.js HTTP/1.0" 200 477 "https://etechvn.vn/danh-muc/san-pham-khac/?orderby=menu_order&product_count=32&product_order=asc" "Mozilla/5.0 (Windows NT 10.0; Win64; x64) AppleWebKit/537.36 (KHTML, like Gecko) Chrome/129.0.0.0 Safari/537.36"
166.108.225.188 - - [11/Sep/2025:05:19:43 +0700] "GET /wp-content/plugins/sw_woocommerce/js/jquery.countdown.min.js HTTP/1.0" 200 449 "https://etechvn.vn/danh-muc/san-pham-khac/?orderby=menu_order&product_count=32&product_order=asc" "Mozilla/5.0 (Windows NT 10.0; Win64; x64) AppleWebKit/537.36 (KHTML, like Gecko) Chrome/129.0.0.0 Safari/537.36"
166.108.225.188 - - [11/Sep/2025:05:19:43 +0700] "GET /wp-content/plugins/sw_woocommerce/js/category-ajax.js HTTP/1.0" 200 442 "https://etechvn.vn/danh-muc/san-pham-khac/?orderby=menu_order&product_count=32&product_order=asc" "Mozilla/5.0 (Windows NT 10.0; Win64; x64) AppleWebKit/537.36 (KHTML, like Gecko) Chrome/129.0.0.0 Safari/537.36"
166.108.225.188 - - [11/Sep/2025:05:19:43 +0700] "GET /wp-content/plugins/sw_woocommerce/js/slick.min.js HTTP/1.0" 200 438 "https://etechvn.vn/danh-muc/san-pham-khac/?orderby=menu_order&product_count=32&product_order=asc" "Mozilla/5.0 (Windows NT 10.0; Win64; x64) AppleWebKit/537.36 (KHTML, like Gecko) Chrome/129.0.0.0 Safari/537.36"
166.108.225.188 - - [11/Sep/2025:05:19:43 +0700] "GET /wp-content/themes/techno_shop/js/jquery.fancybox.pack.js HTTP/1.0" 200 445 "https://etechvn.vn/danh-muc/san-pham-khac/?orderby=menu_order&product_count=32&product_order=asc" "Mozilla/5.0 (Windows NT 10.0; Win64; x64) AppleWebKit/537.36 (KHTML, like Gecko) Chrome/129.0.0.0 Safari/537.36"
166.108.225.188 - - [11/Sep/2025:05:19:43 +0700] "GET /wp-content/themes/techno_shop/js/jquery.countdown.min.js HTTP/1.0" 200 445 "https://etechvn.vn/danh-muc/san-pham-khac/?orderby=menu_order&product_count=32&product_order=asc" "Mozilla/5.0 (Windows NT 10.0; Win64; x64) AppleWebKit/537.36 (KHTML, like Gecko) Chrome/129.0.0.0 Safari/537.36"
166.108.225.188 - - [11/Sep/2025:05:19:43 +0700] "GET /wp-content/themes/techno_shop/js/jquery.counterup.js HTTP/1.0" 200 441 "https://etechvn.vn/danh-muc/san-pham-khac/?orderby=menu_order&product_count=32&product_order=asc" "Mozilla/5.0 (Windows NT 10.0; Win64; x64) AppleWebKit/537.36 (KHTML, like Gecko) Chrome/129.0.0.0 Safari/537.36"
166.108.225.188 - - [11/Sep/2025:05:19:43 +0700] "GET /wp-content/themes/techno_shop/js/jquery.circliful.min.js HTTP/1.0" 200 445 "https://etechvn.vn/danh-muc/san-pham-khac/?orderby=menu_order&product_count=32&product_order=asc" "Mozilla/5.0 (Windows NT 10.0; Win64; x64) AppleWebKit/537.36 (KHTML, like Gecko) Chrome/129.0.0.0 Safari/537.36"
166.108.225.188 - - [11/Sep/2025:05:19:43 +0700] "GET /wp-content/themes/techno_shop/js/jquery.flexslider-min.js HTTP/1.0" 200 446 "https://etechvn.vn/danh-muc/san-pham-khac/?orderby=menu_order&product_count=32&product_order=asc" "Mozilla/5.0 (Windows NT 10.0; Win64; x64) AppleWebKit/537.36 (KHTML, like Gecko) Chrome/129.0.0.0 Safari/537.36"
166.108.225.188 - - [11/Sep/2025:05:19:44 +0700] "GET /wp-content/themes/techno_shop/js/cloud-zoom.1.0.2.min.js HTTP/1.0" 200 445 "https://etechvn.vn/danh-muc/san-pham-khac/?orderby=menu_order&product_count=32&product_order=asc" "Mozilla/5.0 (Windows NT 10.0; Win64; x64) AppleWebKit/537.36 (KHTML, like Gecko) Chrome/129.0.0.0 Safari/537.36"
166.108.225.188 - - [11/Sep/2025:05:19:44 +0700] "GET /wp-content/themes/techno_shop/js/masonry.pkgd.min.js HTTP/1.0" 200 441 "https://etechvn.vn/danh-muc/san-pham-khac/?orderby=menu_order&product_count=32&product_order=asc" "Mozilla/5.0 (Windows NT 10.0; Win64; x64) AppleWebKit/537.36 (KHTML, like Gecko) Chrome/129.0.0.0 Safari/537.36"
166.108.225.188 - - [11/Sep/2025:05:19:44 +0700] "GET /wp-content/themes/techno_shop/js/wc-quantity-increment.min.js HTTP/1.0" 200 1169 "https://etechvn.vn/danh-muc/san-pham-khac/?orderby=menu_order&product_count=32&product_order=asc" "Mozilla/5.0 (Windows NT 10.0; Win64; x64) AppleWebKit/537.36 (KHTML, like Gecko) Chrome/129.0.0.0 Safari/537.36"
166.108.225.188 - - [11/Sep/2025:05:19:44 +0700] "GET /wp-content/themes/techno_shop/js/megamenu.js HTTP/1.0" 200 433 "https://etechvn.vn/danh-muc/san-pham-khac/?orderby=menu_order&product_count=32&product_order=asc" "Mozilla/5.0 (Windows NT 10.0; Win64; x64) AppleWebKit/537.36 (KHTML, like Gecko) Chrome/129.0.0.0 Safari/537.36"
166.108.225.188 - - [11/Sep/2025:05:19:44 +0700] "GET /wp-content/themes/techno_shop/js/plugins.js HTTP/1.0" 200 432 "https://etechvn.vn/danh-muc/san-pham-khac/?orderby=menu_order&product_count=32&product_order=asc" "Mozilla/5.0 (Windows NT 10.0; Win64; x64) AppleWebKit/537.36 (KHTML, like Gecko) Chrome/129.0.0.0 Safari/537.36"
166.108.225.188 - - [11/Sep/2025:05:19:44 +0700] "GET /wp-content/themes/techno_shop/js/bootstrap.min.js HTTP/1.0" 200 438 "https://etechvn.vn/danh-muc/san-pham-khac/?orderby=menu_order&product_count=32&product_order=asc" "Mozilla/5.0 (Windows NT 10.0; Win64; x64) AppleWebKit/537.36 (KHTML, like Gecko) Chrome/129.0.0.0 Safari/537.36"
166.108.225.188 - - [11/Sep/2025:05:19:44 +0700] "GET /wp-content/themes/techno_shop/js/main.js HTTP/1.0" 200 429 "https://etechvn.vn/danh-muc/san-pham-khac/?orderby=menu_order&product_count=32&product_order=asc" "Mozilla/5.0 (Windows NT 10.0; Win64; x64) AppleWebKit/537.36 (KHTML, like Gecko) Chrome/129.0.0.0 Safari/537.36"
166.108.225.188 - - [11/Sep/2025:05:19:44 +0700] "GET /wp-content/themes/techno_shop/js/number-polyfill.min.js HTTP/1.0" 200 444 "https://etechvn.vn/danh-muc/san-pham-khac/?orderby=menu_order&product_count=32&product_order=asc" "Mozilla/5.0 (Windows NT 10.0; Win64; x64) AppleWebKit/537.36 (KHTML, like Gecko) Chrome/129.0.0.0 Safari/537.36"
166.108.225.188 - - [11/Sep/2025:05:19:44 +0700] "GET /wp-includes/js/jquery/ui/core.min.js?ver=1.13.3 HTTP/1.0" 200 425 "https://etechvn.vn/danh-muc/san-pham-khac/?orderby=menu_order&product_count=32&product_order=asc" "Mozilla/5.0 (Windows NT 10.0; Win64; x64) AppleWebKit/537.36 (KHTML, like Gecko) Chrome/129.0.0.0 Safari/537.36"
166.108.225.188 - - [11/Sep/2025:05:19:44 +0700] "GET /wp-includes/js/jquery/ui/mouse.min.js?ver=1.13.3 HTTP/1.0" 200 426 "https://etechvn.vn/danh-muc/san-pham-khac/?orderby=menu_order&product_count=32&product_order=asc" "Mozilla/5.0 (Windows NT 10.0; Win64; x64) AppleWebKit/537.36 (KHTML, like Gecko) Chrome/129.0.0.0 Safari/537.36"
166.108.225.188 - - [11/Sep/2025:05:19:44 +0700] "GET /wp-content/plugins/woocommerce/assets/js/jquery-ui-touch-punch/jquery-ui-touch-punch.min.js?ver=3.3.4 HTTP/1.0" 200 480 "https://etechvn.vn/danh-muc/san-pham-khac/?orderby=menu_order&product_count=32&product_order=asc" "Mozilla/5.0 (Windows NT 10.0; Win64; x64) AppleWebKit/537.36 (KHTML, like Gecko) Chrome/129.0.0.0 Safari/537.36"
166.108.225.188 - - [11/Sep/2025:05:19:44 +0700] "GET /wp-includes/js/jquery/ui/slider.min.js?ver=1.13.3 HTTP/1.0" 200 427 "https://etechvn.vn/danh-muc/san-pham-khac/?orderby=menu_order&product_count=32&product_order=asc" "Mozilla/5.0 (Windows NT 10.0; Win64; x64) AppleWebKit/537.36 (KHTML, like Gecko) Chrome/129.0.0.0 Safari/537.36"
166.108.225.188 - - [11/Sep/2025:05:19:44 +0700] "GET /wp-content/plugins/woocommerce/assets/js/frontend/price-slider.min.js?ver=3.3.4 HTTP/1.0" 200 458 "https://etechvn.vn/danh-muc/san-pham-khac/?orderby=menu_order&product_count=32&product_order=asc" "Mozilla/5.0 (Windows NT 10.0; Win64; x64) AppleWebKit/537.36 (KHTML, like Gecko) Chrome/129.0.0.0 Safari/537.36"
166.108.225.188 - - [11/Sep/2025:05:19:44 +0700] "GET /wp-content/plugins/woocommerce/assets/js/accounting/accounting.min.js?ver=0.4.2 HTTP/1.0" 200 458 "https://etechvn.vn/danh-muc/san-pham-khac/?orderby=menu_order&product_count=32&product_order=asc" "Mozilla/5.0 (Windows NT 10.0; Win64; x64) AppleWebKit/537.36 (KHTML, like Gecko) Chrome/129.0.0.0 Safari/537.36"
46.250.171.94 - - [11/Sep/2025:05:19:43 +0700] "POST /?wc-ajax=get_refreshed_fragments HTTP/1.0" 200 1185 "https://etechvn.vn/danh-muc/san-pham-khac/?orderby=menu_order&product_count=32&product_order=asc" "Mozilla/5.0 (Macintosh; Intel Mac OS X 10_14_6) AppleWebKit/537.36 (KHTML, like Gecko) Chrome/129.0.0.0 Safari/537.36"
46.250.171.94 - - [11/Sep/2025:05:19:43 +0700] "GET /wp-json/contact-form-7/v1/contact-forms/497/refill HTTP/1.0" 200 677 "https://etechvn.vn/danh-muc/san-pham-khac/?orderby=menu_order&product_count=32&product_order=asc" "Mozilla/5.0 (Macintosh; Intel Mac OS X 10_14_6) AppleWebKit/537.36 (KHTML, like Gecko) Chrome/129.0.0.0 Safari/537.36"
166.108.225.188 - - [11/Sep/2025:05:19:45 +0700] "GET /wp-json/contact-form-7/v1/contact-forms/497/refill HTTP/1.0" 200 677 "https://etechvn.vn/danh-muc/san-pham-khac/?orderby=menu_order&product_count=32&product_order=asc" "Mozilla/5.0 (Windows NT 10.0; Win64; x64) AppleWebKit/537.36 (KHTML, like Gecko) Chrome/129.0.0.0 Safari/537.36"
166.108.225.188 - - [11/Sep/2025:05:19:45 +0700] "POST /?wc-ajax=get_refreshed_fragments HTTP/1.0" 200 1185 "https://etechvn.vn/danh-muc/san-pham-khac/?orderby=menu_order&product_count=32&product_order=asc" "Mozilla/5.0 (Windows NT 10.0; Win64; x64) AppleWebKit/537.36 (KHTML, like Gecko) Chrome/129.0.0.0 Safari/537.36"
167.94.138.163 - - [11/Sep/2025:05:20:18 +0700] "GET / HTTP/1.0" 200 301472 "-" "Mozilla/5.0 (compatible; CensysInspect/1.1; +https://about.censys.io/)"
167.94.138.163 - - [11/Sep/2025:05:20:25 +0700] "GET /wp-content/uploads/2019/07/icon-etech.png HTTP/1.0" 200 417 "-" "Mozilla/5.0 (compatible; CensysInspect/1.1; +https://about.censys.io/)"
167.94.138.163 - - [11/Sep/2025:05:20:30 +0700] "GET /wp-content/uploads/2019/07/icon-etech-100x100.png HTTP/1.0" 200 425 "-" "Mozilla/5.0 (compatible; CensysInspect/1.1; +https://about.censys.io/)"
167.94.138.163 - - [11/Sep/2025:05:20:33 +0700] "GET /favicon.ico HTTP/1.0" 302 592 "-" "Mozilla/5.0 (compatible; CensysInspect/1.1; +https://about.censys.io/)"
198.244.226.154 - - [11/Sep/2025:05:20:33 +0700] "GET /danh-muc/he-thong-giam-sat-ozone-trong-nuoc-khi/?orderby=popularity HTTP/1.0" 200 112864 "-" "Mozilla/5.0 (compatible; AhrefsBot/7.0; +http://ahrefs.com/robot/)"
167.94.138.163 - - [11/Sep/2025:05:20:40 +0700] "GET /wp-content/uploads/2019/07/icon-etech-100x100.png HTTP/1.0" 200 425 "https://etechvn.vn/favicon.ico" "Mozilla/5.0 (compatible; CensysInspect/1.1; +https://about.censys.io/)"
167.94.138.163 - - [11/Sep/2025:05:21:15 +0700] "GET / HTTP/1.0" 200 301444 "-" "Mozilla/5.0 (compatible; CensysInspect/1.1; +https://about.censys.io/)"
40.77.167.243 - - [11/Sep/2025:05:21:20 +0700] "GET /danh-muc/he-thong-canh-bao-giam-sat-nhiet-do-do-am/he-thong-giam-sat-nhiet-do-va-do-am-phong-may-chu/?product_order=asc&orderby=rating&product_count=64 HTTP/1.0" 200 114628 "-" "Mozilla/5.0 AppleWebKit/537.36 (KHTML, like Gecko; compatible; bingbot/2.0; +http://www.bing.com/bingbot.htm) Chrome/116.0.1938.76 Safari/537.36"
111.119.233.205 - - [11/Sep/2025:05:25:45 +0700] "GET /danh-muc/san-pham-khac?orderby=menu_order&product_count=32&product_order=asc HTTP/1.0" 301 472 "-" "Mozilla/5.0 (iPhone; CPU iPhone OS 16_0 like Mac OS X) AppleWebKit/605.1.15 (KHTML, like Gecko) Version/18.0 Mobile/15E148 Safari/604.1"
111.119.233.205 - - [11/Sep/2025:05:25:45 +0700] "GET /danh-muc/san-pham-khac/?orderby=menu_order&product_count=32&product_order=asc HTTP/1.0" 200 113044 "-" "Mozilla/5.0 (iPhone; CPU iPhone OS 16_0 like Mac OS X) AppleWebKit/605.1.15 (KHTML, like Gecko) Version/18.0 Mobile/15E148 Safari/604.1"
111.119.233.205 - - [11/Sep/2025:05:25:47 +0700] "GET /wp-content/plugins/contact-form-7/includes/css/styles.css?ver=5.1.3 HTTP/1.0" 200 432 "https://etechvn.vn/danh-muc/san-pham-khac/?orderby=menu_order&product_count=32&product_order=asc" "Mozilla/5.0 (iPhone; CPU iPhone OS 16_0 like Mac OS X) AppleWebKit/605.1.15 (KHTML, like Gecko) Version/18.0 Mobile/15E148 Safari/604.1"
111.119.233.205 - - [11/Sep/2025:05:25:47 +0700] "GET /wp-includes/css/dist/block-library/style.min.css?ver=6.6.2 HTTP/1.0" 200 423 "https://etechvn.vn/danh-muc/san-pham-khac/?orderby=menu_order&product_count=32&product_order=asc" "Mozilla/5.0 (iPhone; CPU iPhone OS 16_0 like Mac OS X) AppleWebKit/605.1.15 (KHTML, like Gecko) Version/18.0 Mobile/15E148 Safari/604.1"
111.119.233.205 - - [11/Sep/2025:05:25:47 +0700] "GET /wp-content/plugins/revslider/public/assets/css/settings.css?ver=5.3.1.5 HTTP/1.0" 200 434 "https://etechvn.vn/danh-muc/san-pham-khac/?orderby=menu_order&product_count=32&product_order=asc" "Mozilla/5.0 (iPhone; CPU iPhone OS 16_0 like Mac OS X) AppleWebKit/605.1.15 (KHTML, like Gecko) Version/18.0 Mobile/15E148 Safari/604.1"
111.119.233.205 - - [11/Sep/2025:05:25:47 +0700] "GET /wp-includes/css/dashicons.min.css?ver=6.6.2 HTTP/1.0" 200 408 "https://etechvn.vn/danh-muc/san-pham-khac/?orderby=menu_order&product_count=32&product_order=asc" "Mozilla/5.0 (iPhone; CPU iPhone OS 16_0 like Mac OS X) AppleWebKit/605.1.15 (KHTML, like Gecko) Version/18.0 Mobile/15E148 Safari/604.1"
111.119.233.205 - - [11/Sep/2025:05:25:47 +0700] "GET /wp-content/plugins/twist/assets/slick-theme.css?ver=1.3 HTTP/1.0" 200 422 "https://etechvn.vn/danh-muc/san-pham-khac/?orderby=menu_order&product_count=32&product_order=asc" "Mozilla/5.0 (iPhone; CPU iPhone OS 16_0 like Mac OS X) AppleWebKit/605.1.15 (KHTML, like Gecko) Version/18.0 Mobile/15E148 Safari/604.1"
