144.76.68.14 - - [16/Sep/2025:07:42:19 +0700] "GET /my-account/lost-password/ HTTP/1.0" 200 77023 "-" "serpstatbot/2.1 (advanced backlink tracking bot; https://serpstatbot.com/; abuse@serpstatbot.com)"
40.77.167.2 - - [16/Sep/2025:07:42:29 +0700] "GET /danh-muc/he-thong-giam-sat-moi-truong-nuoc-thuy-san/?product_brand HTTP/1.0" 200 113073 "-" "Mozilla/5.0 AppleWebKit/537.36 (KHTML, like Gecko; compatible; bingbot/2.0; +http://www.bing.com/bingbot.htm) Chrome/116.0.1938.76 Safari/537.36"
40.77.167.2 - - [16/Sep/2025:07:42:30 +0700] "GET /danh-muc/he-thong-giam-sat-canh-bao-dieu-khien-trong-nong-nghiep/?product_count=32&product_order=asc&orderby=rating HTTP/1.0" 200 113986 "-" "Mozilla/5.0 AppleWebKit/537.36 (KHTML, like Gecko; compatible; bingbot/2.0; +http://www.bing.com/bingbot.htm) Chrome/116.0.1938.76 Safari/537.36"
144.76.68.14 - - [16/Sep/2025:07:42:36 +0700] "GET /my-account/ HTTP/1.0" 200 76896 "-" "serpstatbot/2.1 (advanced backlink tracking bot; https://serpstatbot.com/; abuse@serpstatbot.com)"
58.186.121.251 - - [16/Sep/2025:07:42:48 +0700] "GET /login HTTP/1.0" 302 551 "-" "Mozilla/5.0 (Windows NT 10.0; Win64; x64) AppleWebKit/537.36 (KHTML, like Gecko) Chrome/140.0.0.0 Safari/537.36"
58.186.121.251 - - [16/Sep/2025:07:42:49 +0700] "GET /wp-login.php HTTP/1.0" 200 6956 "-" "Mozilla/5.0 (Windows NT 10.0; Win64; x64) AppleWebKit/537.36 (KHTML, like Gecko) Chrome/140.0.0.0 Safari/537.36"
144.76.68.14 - - [16/Sep/2025:07:42:54 +0700] "GET /gioi-thieu-chung/su-menh-tam-nhin/ HTTP/1.0" 200 96876 "-" "serpstatbot/2.1 (advanced backlink tracking bot; https://serpstatbot.com/; abuse@serpstatbot.com)"
58.186.121.251 - - [16/Sep/2025:07:42:59 +0700] "GET /wp-login.php HTTP/1.0" 200 10425 "-" "Mozilla/5.0 (Windows NT 10.0; Win64; x64) AppleWebKit/537.36 (KHTML, like Gecko) Chrome/140.0.0.0 Safari/537.36"
58.186.121.251 - - [16/Sep/2025:07:43:00 +0700] "GET /wp-includes/css/dashicons.min.css?ver=6.6.2 HTTP/1.0" 200 408 "https://etechvn.vn/wp-login.php" "Mozilla/5.0 (Windows NT 10.0; Win64; x64) AppleWebKit/537.36 (KHTML, like Gecko) Chrome/140.0.0.0 Safari/537.36"
58.186.121.251 - - [16/Sep/2025:07:43:00 +0700] "GET /wp-admin/css/forms.min.css?ver=6.6.2 HTTP/1.0" 200 401 "https://etechvn.vn/wp-login.php" "Mozilla/5.0 (Windows NT 10.0; Win64; x64) AppleWebKit/537.36 (KHTML, like Gecko) Chrome/140.0.0.0 Safari/537.36"
58.186.121.251 - - [16/Sep/2025:07:43:00 +0700] "GET /wp-includes/css/buttons.min.css?ver=6.6.2 HTTP/1.0" 200 406 "https://etechvn.vn/wp-login.php" "Mozilla/5.0 (Windows NT 10.0; Win64; x64) AppleWebKit/537.36 (KHTML, like Gecko) Chrome/140.0.0.0 Safari/537.36"
58.186.121.251 - - [16/Sep/2025:07:43:00 +0700] "GET /wp-admin/css/l10n.min.css?ver=6.6.2 HTTP/1.0" 200 400 "https://etechvn.vn/wp-login.php" "Mozilla/5.0 (Windows NT 10.0; Win64; x64) AppleWebKit/537.36 (KHTML, like Gecko) Chrome/140.0.0.0 Safari/537.36"
58.186.121.251 - - [16/Sep/2025:07:43:00 +0700] "GET /wp-admin/css/login.min.css?ver=6.6.2 HTTP/1.0" 200 401 "https://etechvn.vn/wp-login.php" "Mozilla/5.0 (Windows NT 10.0; Win64; x64) AppleWebKit/537.36 (KHTML, like Gecko) Chrome/140.0.0.0 Safari/537.36"
58.186.121.251 - - [16/Sep/2025:07:43:00 +0700] "GET /wp-includes/js/jquery/jquery-migrate.min.js?ver=3.4.1 HTTP/1.0" 200 432 "https://etechvn.vn/wp-login.php" "Mozilla/5.0 (Windows NT 10.0; Win64; x64) AppleWebKit/537.36 (KHTML, like Gecko) Chrome/140.0.0.0 Safari/537.36"
58.186.121.251 - - [16/Sep/2025:07:43:00 +0700] "GET /wp-includes/js/jquery/jquery.min.js?ver=3.7.1 HTTP/1.0" 200 424 "https://etechvn.vn/wp-login.php" "Mozilla/5.0 (Windows NT 10.0; Win64; x64) AppleWebKit/537.36 (KHTML, like Gecko) Chrome/140.0.0.0 Safari/537.36"
58.186.121.251 - - [16/Sep/2025:07:43:00 +0700] "GET /wp-admin/js/password-strength-meter.min.js?ver=6.6.2 HTTP/1.0" 200 431 "https://etechvn.vn/wp-login.php" "Mozilla/5.0 (Windows NT 10.0; Win64; x64) AppleWebKit/537.36 (KHTML, like Gecko) Chrome/140.0.0.0 Safari/537.36"
58.186.121.251 - - [16/Sep/2025:07:43:00 +0700] "GET /wp-includes/js/zxcvbn-async.min.js?ver=1.0 HTTP/1.0" 200 814 "https://etechvn.vn/wp-login.php" "Mozilla/5.0 (Windows NT 10.0; Win64; x64) AppleWebKit/537.36 (KHTML, like Gecko) Chrome/140.0.0.0 Safari/537.36"
58.186.121.251 - - [16/Sep/2025:07:43:00 +0700] "GET /wp-includes/js/dist/i18n.min.js?ver=5e580eb46a90c2b997e6 HTTP/1.0" 200 420 "https://etechvn.vn/wp-login.php" "Mozilla/5.0 (Windows NT 10.0; Win64; x64) AppleWebKit/537.36 (KHTML, like Gecko) Chrome/140.0.0.0 Safari/537.36"
58.186.121.251 - - [16/Sep/2025:07:43:00 +0700] "GET /wp-includes/js/dist/hooks.min.js?ver=2810c76e705dd1a53b18 HTTP/1.0" 200 421 "https://etechvn.vn/wp-login.php" "Mozilla/5.0 (Windows NT 10.0; Win64; x64) AppleWebKit/537.36 (KHTML, like Gecko) Chrome/140.0.0.0 Safari/537.36"
58.186.121.251 - - [16/Sep/2025:07:43:00 +0700] "GET /wp-includes/js/underscore.min.js?ver=1.13.4 HTTP/1.0" 200 421 "https://etechvn.vn/wp-login.php" "Mozilla/5.0 (Windows NT 10.0; Win64; x64) AppleWebKit/537.36 (KHTML, like Gecko) Chrome/140.0.0.0 Safari/537.36"
58.186.121.251 - - [16/Sep/2025:07:43:00 +0700] "GET /wp-includes/js/wp-util.min.js?ver=6.6.2 HTTP/1.0" 200 418 "https://etechvn.vn/wp-login.php" "Mozilla/5.0 (Windows NT 10.0; Win64; x64) AppleWebKit/537.36 (KHTML, like Gecko) Chrome/140.0.0.0 Safari/537.36"
58.186.121.251 - - [16/Sep/2025:07:43:00 +0700] "GET /wp-admin/js/user-profile.min.js?ver=6.6.2 HTTP/1.0" 200 420 "https://etechvn.vn/wp-login.php" "Mozilla/5.0 (Windows NT 10.0; Win64; x64) AppleWebKit/537.36 (KHTML, like Gecko) Chrome/140.0.0.0 Safari/537.36"
58.186.121.251 - - [16/Sep/2025:07:43:00 +0700] "GET /wp-includes/js/zxcvbn.min.js HTTP/1.0" 200 417 "https://etechvn.vn/wp-login.php" "Mozilla/5.0 (Windows NT 10.0; Win64; x64) AppleWebKit/537.36 (KHTML, like Gecko) Chrome/140.0.0.0 Safari/537.36"
58.186.121.251 - - [16/Sep/2025:07:43:00 +0700] "GET /wp-content/uploads/2019/07/icon-etech-100x100.png HTTP/1.0" 200 425 "https://etechvn.vn/wp-login.php" "Mozilla/5.0 (Windows NT 10.0; Win64; x64) AppleWebKit/537.36 (KHTML, like Gecko) Chrome/140.0.0.0 Safari/537.36"
58.186.121.251 - - [16/Sep/2025:07:43:02 +0700] "POST /wp-login.php HTTP/1.0" 302 1378 "https://etechvn.vn/wp-login.php" "Mozilla/5.0 (Windows NT 10.0; Win64; x64) AppleWebKit/537.36 (KHTML, like Gecko) Chrome/140.0.0.0 Safari/537.36"
58.186.121.251 - - [16/Sep/2025:07:43:03 +0700] "GET /wp-login.php?redirect_to=https%3A%2F%2Fetechvn.vn%2Fwp-admin%2F&action=confirm_admin_email&wp_lang=vi HTTP/1.0" 200 6554 "https://etechvn.vn/wp-login.php" "Mozilla/5.0 (Windows NT 10.0; Win64; x64) AppleWebKit/537.36 (KHTML, like Gecko) Chrome/140.0.0.0 Safari/537.36"
58.186.121.251 - - [16/Sep/2025:07:43:09 +0700] "POST /wp-login.php?action=confirm_admin_email HTTP/1.0" 302 701 "https://etechvn.vn/wp-login.php?redirect_to=https%3A%2F%2Fetechvn.vn%2Fwp-admin%2F&action=confirm_admin_email&wp_lang=vi" "Mozilla/5.0 (Windows NT 10.0; Win64; x64) AppleWebKit/537.36 (KHTML, like Gecko) Chrome/140.0.0.0 Safari/537.36"
58.186.121.251 - - [16/Sep/2025:07:43:10 +0700] "GET /wp-admin/ HTTP/1.0" 200 255893 "https://etechvn.vn/wp-login.php?redirect_to=https%3A%2F%2Fetechvn.vn%2Fwp-admin%2F&action=confirm_admin_email&wp_lang=vi" "Mozilla/5.0 (Windows NT 10.0; Win64; x64) AppleWebKit/537.36 (KHTML, like Gecko) Chrome/140.0.0.0 Safari/537.36"
58.186.121.251 - - [16/Sep/2025:07:43:13 +0700] "GET /wp-content/themes/techno_shop/lib/admin/js/widget-options.js HTTP/1.0" 200 1135 "https://etechvn.vn/wp-admin/" "Mozilla/5.0 (Windows NT 10.0; Win64; x64) AppleWebKit/537.36 (KHTML, like Gecko) Chrome/140.0.0.0 Safari/537.36"
58.186.121.251 - - [16/Sep/2025:07:43:13 +0700] "GET /wp-admin/load-scripts.php?c=1&load%5Bchunk_0%5D=jquery-core,jquery-migrate,jquery-ui-core,utils,moxiejs,plupload&ver=6.6.2 HTTP/1.0" 200 228765 "https://etechvn.vn/wp-admin/" "Mozilla/5.0 (Windows NT 10.0; Win64; x64) AppleWebKit/537.36 (KHTML, like Gecko) Chrome/140.0.0.0 Safari/537.36"
58.186.121.251 - - [16/Sep/2025:07:43:13 +0700] "GET /wp-admin/load-styles.php?c=1&dir=ltr&load%5Bchunk_0%5D=dashicons,wp-jquery-ui-dialog,admin-bar,site-health,common,forms,admin-menu,dashboard,list-tables,edit,revisions,media,themes,ab&load%5Bchunk_1%5D=out,nav-menus,wp-pointer,widgets,site-icon,l10n,buttons,wp-auth-check,wp-color-picker,media-views&ver=6.6.2 HTTP/1.0" 200 456665 "https://etechvn.vn/wp-admin/" "Mozilla/5.0 (Windows NT 10.0; Win64; x64) AppleWebKit/537.36 (KHTML, like Gecko) Chrome/140.0.0.0 Safari/537.36"
58.186.121.251 - - [16/Sep/2025:07:43:13 +0700] "GET /wp-includes/js/jquery/ui/datepicker.min.js?ver=1.13.3 HTTP/1.0" 200 431 "https://etechvn.vn/wp-admin/" "Mozilla/5.0 (Windows NT 10.0; Win64; x64) AppleWebKit/537.36 (KHTML, like Gecko) Chrome/140.0.0.0 Safari/537.36"
58.186.121.251 - - [16/Sep/2025:07:43:13 +0700] "GET /wp-content/plugins/woocommerce/assets/js/jquery-flot/jquery.flot.min.js?ver=3.3.4 HTTP/1.0" 200 460 "https://etechvn.vn/wp-admin/" "Mozilla/5.0 (Windows NT 10.0; Win64; x64) AppleWebKit/537.36 (KHTML, like Gecko) Chrome/140.0.0.0 Safari/537.36"
58.186.121.251 - - [16/Sep/2025:07:43:13 +0700] "GET /wp-content/plugins/woocommerce/assets/js/admin/reports.min.js?ver=3.3.4 HTTP/1.0" 200 450 "https://etechvn.vn/wp-admin/" "Mozilla/5.0 (Windows NT 10.0; Win64; x64) AppleWebKit/537.36 (KHTML, like Gecko) Chrome/140.0.0.0 Safari/537.36"
58.186.121.251 - - [16/Sep/2025:07:43:13 +0700] "GET /wp-content/plugins/woocommerce/assets/js/jquery-flot/jquery.flot.resize.min.js?ver=3.3.4 HTTP/1.0" 200 467 "https://etechvn.vn/wp-admin/" "Mozilla/5.0 (Windows NT 10.0; Win64; x64) AppleWebKit/537.36 (KHTML, like Gecko) Chrome/140.0.0.0 Safari/537.36"
144.76.68.14 - - [16/Sep/2025:07:43:12 +0700] "GET /gioi-thieu-chung/khuyen-mai/ HTTP/1.0" 200 81972 "-" "serpstatbot/2.1 (advanced backlink tracking bot; https://serpstatbot.com/; abuse@serpstatbot.com)"
58.186.121.251 - - [16/Sep/2025:07:43:13 +0700] "GET /wp-content/plugins/woocommerce/assets/js/jquery-flot/jquery.flot.time.min.js?ver=3.3.4 HTTP/1.0" 200 465 "https://etechvn.vn/wp-admin/" "Mozilla/5.0 (Windows NT 10.0; Win64; x64) AppleWebKit/537.36 (KHTML, like Gecko) Chrome/140.0.0.0 Safari/537.36"
58.186.121.251 - - [16/Sep/2025:07:43:13 +0700] "GET /wp-content/plugins/woocommerce/assets/js/jquery-flot/jquery.flot.pie.min.js?ver=3.3.4 HTTP/1.0" 200 464 "https://etechvn.vn/wp-admin/" "Mozilla/5.0 (Windows NT 10.0; Win64; x64) AppleWebKit/537.36 (KHTML, like Gecko) Chrome/140.0.0.0 Safari/537.36"
58.186.121.251 - - [16/Sep/2025:07:43:13 +0700] "GET /wp-content/plugins/woocommerce/assets/js/jquery-flot/jquery.flot.stack.min.js?ver=3.3.4 HTTP/1.0" 200 466 "https://etechvn.vn/wp-admin/" "Mozilla/5.0 (Windows NT 10.0; Win64; x64) AppleWebKit/537.36 (KHTML, like Gecko) Chrome/140.0.0.0 Safari/537.36"
58.186.121.251 - - [16/Sep/2025:07:43:13 +0700] "GET /wp-content/plugins/yith-woocommerce-bulk-product-editing/plugin-fw/assets/images/yith-icon.svg HTTP/1.0" 200 474 "https://etechvn.vn/wp-admin/" "Mozilla/5.0 (Windows NT 10.0; Win64; x64) AppleWebKit/537.36 (KHTML, like Gecko) Chrome/140.0.0.0 Safari/537.36"
58.186.121.251 - - [16/Sep/2025:07:43:13 +0700] "GET /wp-content/plugins/js_composer/assets/vc/visual_composer.png HTTP/1.0" 200 861 "https://etechvn.vn/wp-admin/" "Mozilla/5.0 (Windows NT 10.0; Win64; x64) AppleWebKit/537.36 (KHTML, like Gecko) Chrome/140.0.0.0 Safari/537.36"
58.186.121.251 - - [16/Sep/2025:07:43:13 +0700] "GET /wp-content/plugins/mailchimp-for-wp/assets/img/icon.png HTTP/1.0" 200 1267 "https://etechvn.vn/wp-admin/" "Mozilla/5.0 (Windows NT 10.0; Win64; x64) AppleWebKit/537.36 (KHTML, like Gecko) Chrome/140.0.0.0 Safari/537.36"
58.186.121.251 - - [16/Sep/2025:07:43:13 +0700] "GET /wp-admin/js/common.min.js?ver=6.6.2 HTTP/1.0" 200 414 "https://etechvn.vn/wp-admin/" "Mozilla/5.0 (Windows NT 10.0; Win64; x64) AppleWebKit/537.36 (KHTML, like Gecko) Chrome/140.0.0.0 Safari/537.36"
58.186.121.251 - - [16/Sep/2025:07:43:13 +0700] "GET /wp-admin/load-scripts.php?c=1&load%5Bchunk_0%5D=jquery-ui-mouse,jquery-ui-resizable,jquery-ui-draggable,jquery-ui-controlgroup,jquery-ui-checkboxradio,jquery-ui-button,jquery-u&load%5Bchunk_1%5D=i-dialog,wpdialogs,hoverIntent,wp-hooks&ver=6.6.2 HTTP/1.0" 200 75551 "https://etechvn.vn/wp-admin/" "Mozilla/5.0 (Windows NT 10.0; Win64; x64) AppleWebKit/537.36 (KHTML, like Gecko) Chrome/140.0.0.0 Safari/537.36"
58.186.121.251 - - [16/Sep/2025:07:43:13 +0700] "GET /wp-includes/js/hoverintent-js.min.js?ver=2.2.1 HTTP/1.0" 200 425 "https://etechvn.vn/wp-admin/" "Mozilla/5.0 (Windows NT 10.0; Win64; x64) AppleWebKit/537.36 (KHTML, like Gecko) Chrome/140.0.0.0 Safari/537.36"
58.186.121.251 - - [16/Sep/2025:07:43:13 +0700] "GET /wp-includes/js/admin-bar.min.js?ver=6.6.2 HTTP/1.0" 200 420 "https://etechvn.vn/wp-admin/" "Mozilla/5.0 (Windows NT 10.0; Win64; x64) AppleWebKit/537.36 (KHTML, like Gecko) Chrome/140.0.0.0 Safari/537.36"
58.186.121.251 - - [16/Sep/2025:07:43:14 +0700] "GET /wp-includes/js/clipboard.min.js?ver=2.0.11 HTTP/1.0" 200 420 "https://etechvn.vn/wp-admin/" "Mozilla/5.0 (Windows NT 10.0; Win64; x64) AppleWebKit/537.36 (KHTML, like Gecko) Chrome/140.0.0.0 Safari/537.36"
58.186.121.251 - - [16/Sep/2025:07:43:14 +0700] "GET /wp-includes/js/dist/a11y.min.js?ver=d90eebea464f6c09bfd5 HTTP/1.0" 200 420 "https://etechvn.vn/wp-admin/" "Mozilla/5.0 (Windows NT 10.0; Win64; x64) AppleWebKit/537.36 (KHTML, like Gecko) Chrome/140.0.0.0 Safari/537.36"
58.186.121.251 - - [16/Sep/2025:07:43:14 +0700] "GET /wp-includes/js/dist/dom-ready.min.js?ver=f77871ff7694fffea381 HTTP/1.0" 200 920 "https://etechvn.vn/wp-admin/" "Mozilla/5.0 (Windows NT 10.0; Win64; x64) AppleWebKit/537.36 (KHTML, like Gecko) Chrome/140.0.0.0 Safari/537.36"
58.186.121.251 - - [16/Sep/2025:07:43:14 +0700] "GET /wp-includes/js/dist/url.min.js?ver=36ae0e4dd9043bb8749b HTTP/1.0" 200 419 "https://etechvn.vn/wp-admin/" "Mozilla/5.0 (Windows NT 10.0; Win64; x64) AppleWebKit/537.36 (KHTML, like Gecko) Chrome/140.0.0.0 Safari/537.36"
58.186.121.251 - - [16/Sep/2025:07:43:14 +0700] "GET /wp-includes/js/api-request.min.js?ver=6.6.2 HTTP/1.0" 200 1487 "https://etechvn.vn/wp-admin/" "Mozilla/5.0 (Windows NT 10.0; Win64; x64) AppleWebKit/537.36 (KHTML, like Gecko) Chrome/140.0.0.0 Safari/537.36"
58.186.121.251 - - [16/Sep/2025:07:43:14 +0700] "GET /wp-includes/js/wp-ajax-response.min.js?ver=6.6.2 HTTP/1.0" 200 427 "https://etechvn.vn/wp-admin/" "Mozilla/5.0 (Windows NT 10.0; Win64; x64) AppleWebKit/537.36 (KHTML, like Gecko) Chrome/140.0.0.0 Safari/537.36"
58.186.121.251 - - [16/Sep/2025:07:43:14 +0700] "GET /wp-admin/js/site-health.min.js?ver=6.6.2 HTTP/1.0" 200 419 "https://etechvn.vn/wp-admin/" "Mozilla/5.0 (Windows NT 10.0; Win64; x64) AppleWebKit/537.36 (KHTML, like Gecko) Chrome/140.0.0.0 Safari/537.36"
58.186.121.251 - - [16/Sep/2025:07:43:14 +0700] "GET /wp-includes/js/jquery/jquery.color.min.js?ver=2.2.0 HTTP/1.0" 200 430 "https://etechvn.vn/wp-admin/" "Mozilla/5.0 (Windows NT 10.0; Win64; x64) AppleWebKit/537.36 (KHTML, like Gecko) Chrome/140.0.0.0 Safari/537.36"
58.186.121.251 - - [16/Sep/2025:07:43:14 +0700] "GET /wp-includes/js/wp-lists.min.js?ver=6.6.2 HTTP/1.0" 200 419 "https://etechvn.vn/wp-admin/" "Mozilla/5.0 (Windows NT 10.0; Win64; x64) AppleWebKit/537.36 (KHTML, like Gecko) Chrome/140.0.0.0 Safari/537.36"
58.186.121.251 - - [16/Sep/2025:07:43:14 +0700] "GET /wp-includes/js/quicktags.min.js?ver=6.6.2 HTTP/1.0" 200 420 "https://etechvn.vn/wp-admin/" "Mozilla/5.0 (Windows NT 10.0; Win64; x64) AppleWebKit/537.36 (KHTML, like Gecko) Chrome/140.0.0.0 Safari/537.36"
58.186.121.251 - - [16/Sep/2025:07:43:14 +0700] "GET /wp-includes/js/jquery/jquery.query.js?ver=2.2.3 HTTP/1.0" 200 426 "https://etechvn.vn/wp-admin/" "Mozilla/5.0 (Windows NT 10.0; Win64; x64) AppleWebKit/537.36 (KHTML, like Gecko) Chrome/140.0.0.0 Safari/537.36"
58.186.121.251 - - [16/Sep/2025:07:43:14 +0700] "GET /wp-admin/js/edit-comments.min.js?ver=6.6.2 HTTP/1.0" 200 421 "https://etechvn.vn/wp-admin/" "Mozilla/5.0 (Windows NT 10.0; Win64; x64) AppleWebKit/537.36 (KHTML, like Gecko) Chrome/140.0.0.0 Safari/537.36"
58.186.121.251 - - [16/Sep/2025:07:43:14 +0700] "GET /wp-includes/js/jquery/ui/sortable.min.js?ver=1.13.3 HTTP/1.0" 200 429 "https://etechvn.vn/wp-admin/" "Mozilla/5.0 (Windows NT 10.0; Win64; x64) AppleWebKit/537.36 (KHTML, like Gecko) Chrome/140.0.0.0 Safari/537.36"
58.186.121.251 - - [16/Sep/2025:07:43:14 +0700] "GET /wp-admin/js/postbox.min.js?ver=6.6.2 HTTP/1.0" 200 415 "https://etechvn.vn/wp-admin/" "Mozilla/5.0 (Windows NT 10.0; Win64; x64) AppleWebKit/537.36 (KHTML, like Gecko) Chrome/140.0.0.0 Safari/537.36"
58.186.121.251 - - [16/Sep/2025:07:43:14 +0700] "GET /wp-includes/js/dist/vendor/moment.min.js?ver=2.29.4 HTTP/1.0" 200 429 "https://etechvn.vn/wp-admin/" "Mozilla/5.0 (Windows NT 10.0; Win64; x64) AppleWebKit/537.36 (KHTML, like Gecko) Chrome/140.0.0.0 Safari/537.36"
58.186.121.251 - - [16/Sep/2025:07:43:14 +0700] "GET /wp-includes/js/dist/deprecated.min.js?ver=e1f84915c5e8ae38964c HTTP/1.0" 200 1147 "https://etechvn.vn/wp-admin/" "Mozilla/5.0 (Windows NT 10.0; Win64; x64) AppleWebKit/537.36 (KHTML, like Gecko) Chrome/140.0.0.0 Safari/537.36"
58.186.121.251 - - [16/Sep/2025:07:43:14 +0700] "GET /wp-includes/js/dist/date.min.js?ver=aaca6387d1cf924acc51 HTTP/1.0" 200 420 "https://etechvn.vn/wp-admin/" "Mozilla/5.0 (Windows NT 10.0; Win64; x64) AppleWebKit/537.36 (KHTML, like Gecko) Chrome/140.0.0.0 Safari/537.36"
58.186.121.251 - - [16/Sep/2025:07:43:14 +0700] "GET /wp-admin/js/dashboard.min.js?ver=6.6.2 HTTP/1.0" 200 417 "https://etechvn.vn/wp-admin/" "Mozilla/5.0 (Windows NT 10.0; Win64; x64) AppleWebKit/537.36 (KHTML, like Gecko) Chrome/140.0.0.0 Safari/537.36"
58.186.121.251 - - [16/Sep/2025:07:43:14 +0700] "GET /wp-includes/js/thickbox/thickbox.js?ver=3.1-20121105 HTTP/1.0" 200 424 "https://etechvn.vn/wp-admin/" "Mozilla/5.0 (Windows NT 10.0; Win64; x64) AppleWebKit/537.36 (KHTML, like Gecko) Chrome/140.0.0.0 Safari/537.36"
58.186.121.251 - - [16/Sep/2025:07:43:14 +0700] "GET /wp-admin/js/plugin-install.min.js?ver=6.6.2 HTTP/1.0" 200 422 "https://etechvn.vn/wp-admin/" "Mozilla/5.0 (Windows NT 10.0; Win64; x64) AppleWebKit/537.36 (KHTML, like Gecko) Chrome/140.0.0.0 Safari/537.36"
58.186.121.251 - - [16/Sep/2025:07:43:14 +0700] "GET /wp-includes/js/wp-sanitize.min.js?ver=6.6.2 HTTP/1.0" 200 921 "https://etechvn.vn/wp-admin/" "Mozilla/5.0 (Windows NT 10.0; Win64; x64) AppleWebKit/537.36 (KHTML, like Gecko) Chrome/140.0.0.0 Safari/537.36"
58.186.121.251 - - [16/Sep/2025:07:43:14 +0700] "GET /wp-admin/js/updates.min.js?ver=6.6.2 HTTP/1.0" 200 415 "https://etechvn.vn/wp-admin/" "Mozilla/5.0 (Windows NT 10.0; Win64; x64) AppleWebKit/537.36 (KHTML, like Gecko) Chrome/140.0.0.0 Safari/537.36"
58.186.121.251 - - [16/Sep/2025:07:43:14 +0700] "GET /wp-includes/js/shortcode.min.js?ver=6.6.2 HTTP/1.0" 200 420 "https://etechvn.vn/wp-admin/" "Mozilla/5.0 (Windows NT 10.0; Win64; x64) AppleWebKit/537.36 (KHTML, like Gecko) Chrome/140.0.0.0 Safari/537.36"
58.186.121.251 - - [16/Sep/2025:07:43:14 +0700] "GET /wp-admin/js/media-upload.min.js?ver=6.6.2 HTTP/1.0" 200 420 "https://etechvn.vn/wp-admin/" "Mozilla/5.0 (Windows NT 10.0; Win64; x64) AppleWebKit/537.36 (KHTML, like Gecko) Chrome/140.0.0.0 Safari/537.36"
58.186.121.251 - - [16/Sep/2025:07:43:14 +0700] "GET /wp-admin/js/svg-painter.js?ver=6.6.2 HTTP/1.0" 200 415 "https://etechvn.vn/wp-admin/" "Mozilla/5.0 (Windows NT 10.0; Win64; x64) AppleWebKit/537.36 (KHTML, like Gecko) Chrome/140.0.0.0 Safari/537.36"
58.186.121.251 - - [16/Sep/2025:07:43:14 +0700] "GET /wp-includes/js/heartbeat.min.js?ver=6.6.2 HTTP/1.0" 200 420 "https://etechvn.vn/wp-admin/" "Mozilla/5.0 (Windows NT 10.0; Win64; x64) AppleWebKit/537.36 (KHTML, like Gecko) Chrome/140.0.0.0 Safari/537.36"
58.186.121.251 - - [16/Sep/2025:07:43:14 +0700] "GET /wp-includes/js/wp-auth-check.min.js?ver=6.6.2 HTTP/1.0" 200 424 "https://etechvn.vn/wp-admin/" "Mozilla/5.0 (Windows NT 10.0; Win64; x64) AppleWebKit/537.36 (KHTML, like Gecko) Chrome/140.0.0.0 Safari/537.36"
58.186.121.251 - - [16/Sep/2025:07:43:14 +0700] "GET /wp-includes/js/jquery/ui/slider.min.js?ver=1.13.3 HTTP/1.0" 200 427 "https://etechvn.vn/wp-admin/" "Mozilla/5.0 (Windows NT 10.0; Win64; x64) AppleWebKit/537.36 (KHTML, like Gecko) Chrome/140.0.0.0 Safari/537.36"
58.186.121.251 - - [16/Sep/2025:07:43:14 +0700] "GET /wp-includes/js/jquery/jquery.ui.touch-punch.js?ver=0.2.2 HTTP/1.0" 200 435 "https://etechvn.vn/wp-admin/" "Mozilla/5.0 (Windows NT 10.0; Win64; x64) AppleWebKit/537.36 (KHTML, like Gecko) Chrome/140.0.0.0 Safari/537.36"
58.186.121.251 - - [16/Sep/2025:07:43:14 +0700] "GET /wp-admin/js/iris.min.js?ver=1.1.1 HTTP/1.0" 200 412 "https://etechvn.vn/wp-admin/" "Mozilla/5.0 (Windows NT 10.0; Win64; x64) AppleWebKit/537.36 (KHTML, like Gecko) Chrome/140.0.0.0 Safari/537.36"
58.186.121.251 - - [16/Sep/2025:07:43:14 +0700] "GET /wp-admin/js/color-picker.min.js?ver=6.6.2 HTTP/1.0" 200 420 "https://etechvn.vn/wp-admin/" "Mozilla/5.0 (Windows NT 10.0; Win64; x64) AppleWebKit/537.36 (KHTML, like Gecko) Chrome/140.0.0.0 Safari/537.36"
58.186.121.251 - - [16/Sep/2025:07:43:14 +0700] "GET /wp-includes/js/backbone.min.js?ver=1.5.0 HTTP/1.0" 200 419 "https://etechvn.vn/wp-admin/" "Mozilla/5.0 (Windows NT 10.0; Win64; x64) AppleWebKit/537.36 (KHTML, like Gecko) Chrome/140.0.0.0 Safari/537.36"
58.186.121.251 - - [16/Sep/2025:07:43:14 +0700] "GET /wp-includes/js/wp-backbone.min.js?ver=6.6.2 HTTP/1.0" 200 422 "https://etechvn.vn/wp-admin/" "Mozilla/5.0 (Windows NT 10.0; Win64; x64) AppleWebKit/537.36 (KHTML, like Gecko) Chrome/140.0.0.0 Safari/537.36"
58.186.121.251 - - [16/Sep/2025:07:43:14 +0700] "GET /wp-includes/js/media-models.min.js?ver=6.6.2 HTTP/1.0" 200 423 "https://etechvn.vn/wp-admin/" "Mozilla/5.0 (Windows NT 10.0; Win64; x64) AppleWebKit/537.36 (KHTML, like Gecko) Chrome/140.0.0.0 Safari/537.36"
58.186.121.251 - - [16/Sep/2025:07:43:14 +0700] "GET /wp-includes/js/plupload/wp-plupload.min.js?ver=6.6.2 HTTP/1.0" 200 431 "https://etechvn.vn/wp-admin/" "Mozilla/5.0 (Windows NT 10.0; Win64; x64) AppleWebKit/537.36 (KHTML, like Gecko) Chrome/140.0.0.0 Safari/537.36"
58.186.121.251 - - [16/Sep/2025:07:43:14 +0700] "GET /wp-includes/js/mediaelement/mediaelement-and-player.min.js?ver=4.2.17 HTTP/1.0" 200 447 "https://etechvn.vn/wp-admin/" "Mozilla/5.0 (Windows NT 10.0; Win64; x64) AppleWebKit/537.36 (KHTML, like Gecko) Chrome/140.0.0.0 Safari/537.36"
58.186.121.251 - - [16/Sep/2025:07:43:14 +0700] "GET /wp-includes/js/mediaelement/mediaelement-migrate.min.js?ver=6.6.2 HTTP/1.0" 200 444 "https://etechvn.vn/wp-admin/" "Mozilla/5.0 (Windows NT 10.0; Win64; x64) AppleWebKit/537.36 (KHTML, like Gecko) Chrome/140.0.0.0 Safari/537.36"
58.186.121.251 - - [16/Sep/2025:07:43:14 +0700] "GET /wp-includes/js/media-views.min.js?ver=6.6.2 HTTP/1.0" 200 422 "https://etechvn.vn/wp-admin/" "Mozilla/5.0 (Windows NT 10.0; Win64; x64) AppleWebKit/537.36 (KHTML, like Gecko) Chrome/140.0.0.0 Safari/537.36"
58.186.121.251 - - [16/Sep/2025:07:43:14 +0700] "GET /wp-includes/js/mediaelement/wp-mediaelement.min.js?ver=6.6.2 HTTP/1.0" 200 439 "https://etechvn.vn/wp-admin/" "Mozilla/5.0 (Windows NT 10.0; Win64; x64) AppleWebKit/537.36 (KHTML, like Gecko) Chrome/140.0.0.0 Safari/537.36"
58.186.121.251 - - [16/Sep/2025:07:43:14 +0700] "GET /wp-includes/js/media-editor.min.js?ver=6.6.2 HTTP/1.0" 200 423 "https://etechvn.vn/wp-admin/" "Mozilla/5.0 (Windows NT 10.0; Win64; x64) AppleWebKit/537.36 (KHTML, like Gecko) Chrome/140.0.0.0 Safari/537.36"
58.186.121.251 - - [16/Sep/2025:07:43:14 +0700] "GET /wp-includes/js/media-audiovideo.min.js?ver=6.6.2 HTTP/1.0" 200 427 "https://etechvn.vn/wp-admin/" "Mozilla/5.0 (Windows NT 10.0; Win64; x64) AppleWebKit/537.36 (KHTML, like Gecko) Chrome/140.0.0.0 Safari/537.36"
58.186.121.251 - - [16/Sep/2025:07:43:14 +0700] "GET /wp-includes/js/mce-view.min.js?ver=6.6.2 HTTP/1.0" 200 419 "https://etechvn.vn/wp-admin/" "Mozilla/5.0 (Windows NT 10.0; Win64; x64) AppleWebKit/537.36 (KHTML, like Gecko) Chrome/140.0.0.0 Safari/537.36"
58.186.121.251 - - [16/Sep/2025:07:43:14 +0700] "GET /wp-includes/js/imgareaselect/jquery.imgareaselect.min.js?ver=6.6.2 HTTP/1.0" 200 445 "https://etechvn.vn/wp-admin/" "Mozilla/5.0 (Windows NT 10.0; Win64; x64) AppleWebKit/537.36 (KHTML, like Gecko) Chrome/140.0.0.0 Safari/537.36"
58.186.121.251 - - [16/Sep/2025:07:43:14 +0700] "GET /wp-admin/js/image-edit.min.js?ver=6.6.2 HTTP/1.0" 200 418 "https://etechvn.vn/wp-admin/" "Mozilla/5.0 (Windows NT 10.0; Win64; x64) AppleWebKit/537.36 (KHTML, like Gecko) Chrome/140.0.0.0 Safari/537.36"
58.186.121.251 - - [16/Sep/2025:07:43:14 +0700] "GET /wp-includes/js/dist/vendor/wp-polyfill.min.js?ver=3.15.0 HTTP/1.0" 200 434 "https://etechvn.vn/wp-admin/" "Mozilla/5.0 (Windows NT 10.0; Win64; x64) AppleWebKit/537.36 (KHTML, like Gecko) Chrome/140.0.0.0 Safari/537.36"
58.186.121.251 - - [16/Sep/2025:07:43:14 +0700] "GET /wp-content/plugins/wordpress-seo/js/dist/commons-1160.min.js?ver=11.6 HTTP/1.0" 200 449 "https://etechvn.vn/wp-admin/" "Mozilla/5.0 (Windows NT 10.0; Win64; x64) AppleWebKit/537.36 (KHTML, like Gecko) Chrome/140.0.0.0 Safari/537.36"
58.186.121.251 - - [16/Sep/2025:07:43:14 +0700] "GET /wp-content/plugins/wordpress-seo/js/dist/wp-seo-admin-global-1160.min.js?ver=11.6 HTTP/1.0" 200 461 "https://etechvn.vn/wp-admin/" "Mozilla/5.0 (Windows NT 10.0; Win64; x64) AppleWebKit/537.36 (KHTML, like Gecko) Chrome/140.0.0.0 Safari/537.36"
58.186.121.251 - - [16/Sep/2025:07:43:14 +0700] "GET /wp-includes/js/wp-api.min.js?ver=6.6.2 HTTP/1.0" 200 417 "https://etechvn.vn/wp-admin/" "Mozilla/5.0 (Windows NT 10.0; Win64; x64) AppleWebKit/537.36 (KHTML, like Gecko) Chrome/140.0.0.0 Safari/537.36"
58.186.121.251 - - [16/Sep/2025:07:43:14 +0700] "GET /wp-content/plugins/wordpress-seo/js/dist/wp-seo-api-1160.min.js?ver=11.6 HTTP/1.0" 200 1152 "https://etechvn.vn/wp-admin/" "Mozilla/5.0 (Windows NT 10.0; Win64; x64) AppleWebKit/537.36 (KHTML, like Gecko) Chrome/140.0.0.0 Safari/537.36"
58.186.121.251 - - [16/Sep/2025:07:43:14 +0700] "GET /wp-includes/js/dist/vendor/react.min.js?ver=18.3.1 HTTP/1.0" 200 428 "https://etechvn.vn/wp-admin/" "Mozilla/5.0 (Windows NT 10.0; Win64; x64) AppleWebKit/537.36 (KHTML, like Gecko) Chrome/140.0.0.0 Safari/537.36"
58.186.121.251 - - [16/Sep/2025:07:43:14 +0700] "GET /wp-includes/js/dist/vendor/react-dom.min.js?ver=18.3.1 HTTP/1.0" 200 432 "https://etechvn.vn/wp-admin/" "Mozilla/5.0 (Windows NT 10.0; Win64; x64) AppleWebKit/537.36 (KHTML, like Gecko) Chrome/140.0.0.0 Safari/537.36"
58.186.121.251 - - [16/Sep/2025:07:43:14 +0700] "GET /wp-includes/js/dist/element.min.js?ver=cb762d190aebbec25b27 HTTP/1.0" 200 423 "https://etechvn.vn/wp-admin/" "Mozilla/5.0 (Windows NT 10.0; Win64; x64) AppleWebKit/537.36 (KHTML, like Gecko) Chrome/140.0.0.0 Safari/537.36"
58.186.121.251 - - [16/Sep/2025:07:43:14 +0700] "GET /wp-includes/js/dist/escape-html.min.js?ver=6561a406d2d232a6fbd2 HTTP/1.0" 200 1464 "https://etechvn.vn/wp-admin/" "Mozilla/5.0 (Windows NT 10.0; Win64; x64) AppleWebKit/537.36 (KHTML, like Gecko) Chrome/140.0.0.0 Safari/537.36"
58.186.121.251 - - [16/Sep/2025:07:43:14 +0700] "GET /wp-includes/js/dist/vendor/lodash.min.js?ver=4.17.21 HTTP/1.0" 200 429 "https://etechvn.vn/wp-admin/" "Mozilla/5.0 (Windows NT 10.0; Win64; x64) AppleWebKit/537.36 (KHTML, like Gecko) Chrome/140.0.0.0 Safari/537.36"
58.186.121.251 - - [16/Sep/2025:07:43:14 +0700] "GET /wp-content/plugins/wordpress-seo/js/dist/styled-components-1160.min.js?ver=11.6 HTTP/1.0" 200 459 "https://etechvn.vn/wp-admin/" "Mozilla/5.0 (Windows NT 10.0; Win64; x64) AppleWebKit/537.36 (KHTML, like Gecko) Chrome/140.0.0.0 Safari/537.36"
58.186.121.251 - - [16/Sep/2025:07:43:14 +0700] "GET /wp-content/plugins/wordpress-seo/js/dist/analysis-1160.min.js?ver=11.6 HTTP/1.0" 200 450 "https://etechvn.vn/wp-admin/" "Mozilla/5.0 (Windows NT 10.0; Win64; x64) AppleWebKit/537.36 (KHTML, like Gecko) Chrome/140.0.0.0 Safari/537.36"
58.186.121.251 - - [16/Sep/2025:07:43:15 +0700] "GET /wp-content/plugins/wordpress-seo/js/dist/components-1160.min.js?ver=11.6 HTTP/1.0" 200 452 "https://etechvn.vn/wp-admin/" "Mozilla/5.0 (Windows NT 10.0; Win64; x64) AppleWebKit/537.36 (KHTML, like Gecko) Chrome/140.0.0.0 Safari/537.36"
58.186.121.251 - - [16/Sep/2025:07:43:15 +0700] "GET /wp-content/plugins/wordpress-seo/js/dist/wp-seo-dashboard-widget-1160.min.js?ver=11.6 HTTP/1.0" 200 465 "https://etechvn.vn/wp-admin/" "Mozilla/5.0 (Windows NT 10.0; Win64; x64) AppleWebKit/537.36 (KHTML, like Gecko) Chrome/140.0.0.0 Safari/537.36"
58.186.121.251 - - [16/Sep/2025:07:43:15 +0700] "GET /wp-content/themes/techno_shop/lib/admin/js/field_upload.js?ver=1757983392 HTTP/1.0" 200 447 "https://etechvn.vn/wp-admin/" "Mozilla/5.0 (Windows NT 10.0; Win64; x64) AppleWebKit/537.36 (KHTML, like Gecko) Chrome/140.0.0.0 Safari/537.36"
58.186.121.251 - - [16/Sep/2025:07:43:15 +0700] "GET /wp-content/plugins/yith-woocommerce-bulk-product-editing/plugin-fw/assets/js/yith-dashboard.min.js?ver=1.0.0 HTTP/1.0" 200 1092 "https://etechvn.vn/wp-admin/" "Mozilla/5.0 (Windows NT 10.0; Win64; x64) AppleWebKit/537.36 (KHTML, like Gecko) Chrome/140.0.0.0 Safari/537.36"
58.186.121.251 - - [16/Sep/2025:07:43:15 +0700] "GET /wp-includes/js/wp-emoji-release.min.js?ver=6.6.2 HTTP/1.0" 200 427 "https://etechvn.vn/wp-admin/" "Mozilla/5.0 (Windows NT 10.0; Win64; x64) AppleWebKit/537.36 (KHTML, like Gecko) Chrome/140.0.0.0 Safari/537.36"
58.186.121.251 - - [16/Sep/2025:07:43:15 +0700] "GET /wp-includes/js/thickbox/loadingAnimation.gif HTTP/1.0" 200 420 "https://etechvn.vn/wp-admin/" "Mozilla/5.0 (Windows NT 10.0; Win64; x64) AppleWebKit/537.36 (KHTML, like Gecko) Chrome/140.0.0.0 Safari/537.36"
58.186.121.251 - - [16/Sep/2025:07:43:14 +0700] "GET /wp-json/wp/v2/ HTTP/1.0" 200 252910 "https://etechvn.vn/wp-admin/" "Mozilla/5.0 (Windows NT 10.0; Win64; x64) AppleWebKit/537.36 (KHTML, like Gecko) Chrome/140.0.0.0 Safari/537.36"
58.186.121.251 - - [16/Sep/2025:07:43:15 +0700] "GET /wp-json/yoast/v1/ryte HTTP/1.0" 200 1259 "https://etechvn.vn/wp-admin/" "Mozilla/5.0 (Windows NT 10.0; Win64; x64) AppleWebKit/537.36 (KHTML, like Gecko) Chrome/140.0.0.0 Safari/537.36"
58.186.121.251 - - [16/Sep/2025:07:43:15 +0700] "GET /wp-json/yoast/v1/statistics HTTP/1.0" 200 1863 "https://etechvn.vn/wp-admin/" "Mozilla/5.0 (Windows NT 10.0; Win64; x64) AppleWebKit/537.36 (KHTML, like Gecko) Chrome/140.0.0.0 Safari/537.36"
144.76.68.14 - - [16/Sep/2025:07:43:26 +0700] "GET /gioi-thieu-chung/hop-tac-dau-tu/ HTTP/1.0" 200 97931 "-" "serpstatbot/2.1 (advanced backlink tracking bot; https://serpstatbot.com/; abuse@serpstatbot.com)"
144.76.68.14 - - [16/Sep/2025:07:43:42 +0700] "GET /gioi-thieu-chung/ho-tro-ky-thuat/ HTTP/1.0" 200 82233 "-" "serpstatbot/2.1 (advanced backlink tracking bot; https://serpstatbot.com/; abuse@serpstatbot.com)"
58.186.121.251 - - [16/Sep/2025:07:43:54 +0700] "GET / HTTP/1.0" 200 301433 "-" "WhatsApp/2"
144.76.68.14 - - [16/Sep/2025:07:43:58 +0700] "GET /gioi-thieu-chung/gioi-thieu-chung/ HTTP/1.0" 200 93953 "-" "serpstatbot/2.1 (advanced backlink tracking bot; https://serpstatbot.com/; abuse@serpstatbot.com)"
58.186.121.251 - - [16/Sep/2025:07:44:15 +0700] "POST /wp-admin/admin-ajax.php HTTP/1.0" 200 839 "https://etechvn.vn/wp-admin/" "Mozilla/5.0 (Windows NT 10.0; Win64; x64) AppleWebKit/537.36 (KHTML, like Gecko) Chrome/140.0.0.0 Safari/537.36"
144.76.68.14 - - [16/Sep/2025:07:44:20 +0700] "GET /gioi-thieu-chung/giao-hang/ HTTP/1.0" 200 82136 "-" "serpstatbot/2.1 (advanced backlink tracking bot; https://serpstatbot.com/; abuse@serpstatbot.com)"
144.76.68.14 - - [16/Sep/2025:07:44:30 +0700] "GET /gioi-thieu-chung/dao-tao-chuyen-giao/ HTTP/1.0" 200 82279 "-" "serpstatbot/2.1 (advanced backlink tracking bot; https://serpstatbot.com/; abuse@serpstatbot.com)"
58.186.121.251 - - [16/Sep/2025:07:44:38 +0700] "GET /wp-admin/admin.php?page=wpcf7-integration HTTP/1.0" 200 178408 "https://etechvn.vn/wp-admin/" "Mozilla/5.0 (Windows NT 10.0; Win64; x64) AppleWebKit/537.36 (KHTML, like Gecko) Chrome/140.0.0.0 Safari/537.36"
58.186.121.251 - - [16/Sep/2025:07:44:39 +0700] "GET /wp-admin/load-styles.php?c=1&dir=ltr&load%5Bchunk_0%5D=dashicons,wp-jquery-ui-dialog,admin-bar,common,forms,admin-menu,dashboard,list-tables,edit,revisions,media,themes,about,nav-menu&load%5Bchunk_1%5D=s,wp-pointer,widgets,site-icon,l10n,buttons,wp-auth-check,wp-color-picker,media-views&ver=6.6.2 HTTP/1.0" 200 451461 "https://etechvn.vn/wp-admin/admin.php?page=wpcf7-integration" "Mozilla/5.0 (Windows NT 10.0; Win64; x64) AppleWebKit/537.36 (KHTML, like Gecko) Chrome/140.0.0.0 Safari/537.36"
58.186.121.251 - - [16/Sep/2025:07:44:39 +0700] "GET /wp-admin/load-scripts.php?c=1&load%5Bchunk_0%5D=jquery-core,jquery-migrate,utils,moxiejs,plupload&ver=6.6.2 HTTP/1.0" 200 207242 "https://etechvn.vn/wp-admin/admin.php?page=wpcf7-integration" "Mozilla/5.0 (Windows NT 10.0; Win64; x64) AppleWebKit/537.36 (KHTML, like Gecko) Chrome/140.0.0.0 Safari/537.36"
58.186.121.251 - - [16/Sep/2025:07:44:39 +0700] "GET /wp-admin/load-scripts.php?c=1&load%5Bchunk_0%5D=jquery-ui-core,jquery-ui-mouse,jquery-ui-resizable,jquery-ui-draggable,jquery-ui-controlgroup,jquery-ui-checkboxradio,jquery-ui-&load%5Bchunk_1%5D=button,jquery-ui-dialog,wpdialogs,hoverIntent,wp-hooks&ver=6.6.2 HTTP/1.0" 200 97074 "https://etechvn.vn/wp-admin/admin.php?page=wpcf7-integration" "Mozilla/5.0 (Windows NT 10.0; Win64; x64) AppleWebKit/537.36 (KHTML, like Gecko) Chrome/140.0.0.0 Safari/537.36"
58.186.121.251 - - [16/Sep/2025:07:44:40 +0700] "GET /wp-includes/js/jquery/ui/tabs.min.js?ver=1.13.3 HTTP/1.0" 200 425 "https://etechvn.vn/wp-admin/admin.php?page=wpcf7-integration" "Mozilla/5.0 (Windows NT 10.0; Win64; x64) AppleWebKit/537.36 (KHTML, like Gecko) Chrome/140.0.0.0 Safari/537.36"
58.186.121.251 - - [16/Sep/2025:07:44:40 +0700] "GET /wp-content/plugins/contact-form-7/admin/js/scripts.js?ver=5.1.3 HTTP/1.0" 200 442 "https://etechvn.vn/wp-admin/admin.php?page=wpcf7-integration" "Mozilla/5.0 (Windows NT 10.0; Win64; x64) AppleWebKit/537.36 (KHTML, like Gecko) Chrome/140.0.0.0 Safari/537.36"
58.186.121.251 - - [16/Sep/2025:07:44:40 +0700] "GET /wp-content/plugins/contact-form-7/admin/js/tag-generator.js?ver=5.1.3 HTTP/1.0" 200 448 "https://etechvn.vn/wp-admin/admin.php?page=wpcf7-integration" "Mozilla/5.0 (Windows NT 10.0; Win64; x64) AppleWebKit/537.36 (KHTML, like Gecko) Chrome/140.0.0.0 Safari/537.36"
58.186.121.251 - - [16/Sep/2025:07:44:40 +0700] "GET /wp-content/themes/techno_shop/lib/admin/js/field_upload.js?ver=1757983479 HTTP/1.0" 200 447 "https://etechvn.vn/wp-admin/admin.php?page=wpcf7-integration" "Mozilla/5.0 (Windows NT 10.0; Win64; x64) AppleWebKit/537.36 (KHTML, like Gecko) Chrome/140.0.0.0 Safari/537.36"
58.186.121.251 - - [16/Sep/2025:07:44:42 +0700] "GET /wp-admin/admin.php?page=wpcf7-integration&service=recaptcha&action=setup HTTP/1.0" 200 178613 "https://etechvn.vn/wp-admin/admin.php?page=wpcf7-integration" "Mozilla/5.0 (Windows NT 10.0; Win64; x64) AppleWebKit/537.36 (KHTML, like Gecko) Chrome/140.0.0.0 Safari/537.36"
58.186.121.251 - - [16/Sep/2025:07:44:43 +0700] "GET /wp-content/themes/techno_shop/lib/admin/js/field_upload.js?ver=1757983483 HTTP/1.0" 200 447 "https://etechvn.vn/wp-admin/admin.php?page=wpcf7-integration&service=recaptcha&action=setup" "Mozilla/5.0 (Windows NT 10.0; Win64; x64) AppleWebKit/537.36 (KHTML, like Gecko) Chrome/140.0.0.0 Safari/537.36"
144.76.68.14 - - [16/Sep/2025:07:44:56 +0700] "GET /gioi-thieu-chung/co-hoi-nghe-nghiep/ HTTP/1.0" 200 82314 "-" "serpstatbot/2.1 (advanced backlink tracking bot; https://serpstatbot.com/; abuse@serpstatbot.com)"
58.186.121.251 - - [16/Sep/2025:07:44:56 +0700] "POST /wp-admin/admin.php?page=wpcf7-integration&service=recaptcha&action=setup HTTP/1.0" 302 746 "https://etechvn.vn/wp-admin/admin.php?page=wpcf7-integration&service=recaptcha&action=setup" "Mozilla/5.0 (Windows NT 10.0; Win64; x64) AppleWebKit/537.36 (KHTML, like Gecko) Chrome/140.0.0.0 Safari/537.36"
58.186.121.251 - - [16/Sep/2025:07:44:57 +0700] "GET /wp-admin/admin.php?page=wpcf7-integration&service=recaptcha&message=success HTTP/1.0" 200 178757 "https://etechvn.vn/wp-admin/admin.php?page=wpcf7-integration&service=recaptcha&action=setup" "Mozilla/5.0 (Windows NT 10.0; Win64; x64) AppleWebKit/537.36 (KHTML, like Gecko) Chrome/140.0.0.0 Safari/537.36"
58.186.121.251 - - [16/Sep/2025:07:44:58 +0700] "GET /wp-content/themes/techno_shop/lib/admin/js/field_upload.js?ver=1757983498 HTTP/1.0" 200 447 "https://etechvn.vn/wp-admin/admin.php?page=wpcf7-integration&service=recaptcha&message=success" "Mozilla/5.0 (Windows NT 10.0; Win64; x64) AppleWebKit/537.36 (KHTML, like Gecko) Chrome/140.0.0.0 Safari/537.36"
58.186.121.251 - - [16/Sep/2025:07:45:15 +0700] "POST /wp-admin/admin-ajax.php HTTP/1.0" 200 839 "https://etechvn.vn/wp-admin/" "Mozilla/5.0 (Windows NT 10.0; Win64; x64) AppleWebKit/537.36 (KHTML, like Gecko) Chrome/140.0.0.0 Safari/537.36"
144.76.68.14 - - [16/Sep/2025:07:45:16 +0700] "GET /gioi-thieu-chung/chinh-sach-ban-hang/ HTTP/1.0" 200 83880 "-" "serpstatbot/2.1 (advanced backlink tracking bot; https://serpstatbot.com/; abuse@serpstatbot.com)"
144.76.68.14 - - [16/Sep/2025:07:45:33 +0700] "GET /gioi-thieu-chung/bao-ve-thong-tin-ca-nhan/ HTTP/1.0" 200 84052 "-" "serpstatbot/2.1 (advanced backlink tracking bot; https://serpstatbot.com/; abuse@serpstatbot.com)"
144.76.68.14 - - [16/Sep/2025:07:45:47 +0700] "GET /gio-hang/ HTTP/1.0" 200 121179 "-" "serpstatbot/2.1 (advanced backlink tracking bot; https://serpstatbot.com/; abuse@serpstatbot.com)"
58.186.121.251 - - [16/Sep/2025:07:45:59 +0700] "POST /wp-admin/admin-ajax.php HTTP/1.0" 200 839 "https://etechvn.vn/wp-admin/admin.php?page=wpcf7-integration&service=recaptcha" "Mozilla/5.0 (Windows NT 10.0; Win64; x64) AppleWebKit/537.36 (KHTML, like Gecko) Chrome/140.0.0.0 Safari/537.36"
144.76.68.14 - - [16/Sep/2025:07:46:02 +0700] "GET /danh-muc/san-pham-khac/ HTTP/1.0" 200 113471 "-" "serpstatbot/2.1 (advanced backlink tracking bot; https://serpstatbot.com/; abuse@serpstatbot.com)"
144.76.68.14 - - [16/Sep/2025:07:46:20 +0700] "GET /danh-muc/he-thong-quan-trac-thoi-tiet-khi-tuong-thuy-van/ HTTP/1.0" 200 114306 "-" "serpstatbot/2.1 (advanced backlink tracking bot; https://serpstatbot.com/; abuse@serpstatbot.com)"
58.186.121.251 - - [16/Sep/2025:07:46:20 +0700] "GET / HTTP/1.0" 200 302919 "-" "WhatsApp/2"
144.76.68.14 - - [16/Sep/2025:07:46:33 +0700] "GET /danh-muc/he-thong-quan-trac-nuoc-thai-tu-dong/ HTTP/1.0" 200 114050 "-" "serpstatbot/2.1 (advanced backlink tracking bot; https://serpstatbot.com/; abuse@serpstatbot.com)"
144.76.68.14 - - [16/Sep/2025:07:46:49 +0700] "GET /danh-muc/he-thong-quan-trac-khi-thai-tu-dong/?product_order=desc HTTP/1.0" 200 114446 "-" "serpstatbot/2.1 (advanced backlink tracking bot; https://serpstatbot.com/; abuse@serpstatbot.com)"
144.76.68.14 - - [16/Sep/2025:07:47:05 +0700] "GET /danh-muc/he-thong-quan-trac-khi-thai-tu-dong/?product_count=96 HTTP/1.0" 200 114338 "-" "serpstatbot/2.1 (advanced backlink tracking bot; https://serpstatbot.com/; abuse@serpstatbot.com)"
58.186.121.251 - - [16/Sep/2025:07:47:16 +0700] "POST /wp-admin/admin-ajax.php HTTP/1.0" 200 839 "https://etechvn.vn/wp-admin/" "Mozilla/5.0 (Windows NT 10.0; Win64; x64) AppleWebKit/537.36 (KHTML, like Gecko) Chrome/140.0.0.0 Safari/537.36"
144.76.68.14 - - [16/Sep/2025:07:47:22 +0700] "GET /danh-muc/he-thong-quan-trac-khi-thai-tu-dong/?product_count=64 HTTP/1.0" 200 114338 "-" "serpstatbot/2.1 (advanced backlink tracking bot; https://serpstatbot.com/; abuse@serpstatbot.com)"
144.76.68.14 - - [16/Sep/2025:07:47:39 +0700] "GET /danh-muc/he-thong-quan-trac-khi-thai-tu-dong/?product_count=32 HTTP/1.0" 200 114338 "-" "serpstatbot/2.1 (advanced backlink tracking bot; https://serpstatbot.com/; abuse@serpstatbot.com)"
144.76.68.14 - - [16/Sep/2025:07:47:54 +0700] "GET /danh-muc/he-thong-quan-trac-khi-thai-tu-dong/?product_brand= HTTP/1.0" 200 114378 "-" "serpstatbot/2.1 (advanced backlink tracking bot; https://serpstatbot.com/; abuse@serpstatbot.com)"
58.186.121.251 - - [16/Sep/2025:07:47:59 +0700] "POST /wp-admin/admin-ajax.php HTTP/1.0" 200 839 "https://etechvn.vn/wp-admin/admin.php?page=wpcf7-integration&service=recaptcha" "Mozilla/5.0 (Windows NT 10.0; Win64; x64) AppleWebKit/537.36 (KHTML, like Gecko) Chrome/140.0.0.0 Safari/537.36"
144.76.68.14 - - [16/Sep/2025:07:48:08 +0700] "GET /danh-muc/he-thong-quan-trac-khi-thai-tu-dong/?orderby=rating HTTP/1.0" 200 114242 "-" "serpstatbot/2.1 (advanced backlink tracking bot; https://serpstatbot.com/; abuse@serpstatbot.com)"
144.76.68.14 - - [16/Sep/2025:07:48:22 +0700] "GET /danh-muc/he-thong-quan-trac-khi-thai-tu-dong/?orderby=price HTTP/1.0" 200 114228 "-" "serpstatbot/2.1 (advanced backlink tracking bot; https://serpstatbot.com/; abuse@serpstatbot.com)"
144.76.68.14 - - [16/Sep/2025:07:48:37 +0700] "GET /danh-muc/he-thong-quan-trac-khi-thai-tu-dong/?orderby=popularity HTTP/1.0" 200 114298 "-" "serpstatbot/2.1 (advanced backlink tracking bot; https://serpstatbot.com/; abuse@serpstatbot.com)"
144.76.68.14 - - [16/Sep/2025:07:48:51 +0700] "GET /danh-muc/he-thong-quan-trac-khi-thai-tu-dong/?orderby=menu_order HTTP/1.0" 200 114298 "-" "serpstatbot/2.1 (advanced backlink tracking bot; https://serpstatbot.com/; abuse@serpstatbot.com)"
58.186.121.251 - - [16/Sep/2025:07:48:53 +0700] "POST /wp-admin/admin-ajax.php HTTP/1.0" 200 839 "https://etechvn.vn/wp-admin/" "Mozilla/5.0 (Windows NT 10.0; Win64; x64) AppleWebKit/537.36 (KHTML, like Gecko) Chrome/140.0.0.0 Safari/537.36"
144.76.68.14 - - [16/Sep/2025:07:49:06 +0700] "GET /danh-muc/he-thong-quan-trac-khi-thai-tu-dong/?orderby=date HTTP/1.0" 200 114214 "-" "serpstatbot/2.1 (advanced backlink tracking bot; https://serpstatbot.com/; abuse@serpstatbot.com)"
144.76.68.14 - - [16/Sep/2025:07:49:19 +0700] "GET /danh-muc/he-thong-quan-trac-khi-thai-tu-dong/ HTTP/1.0" 200 114012 "-" "serpstatbot/2.1 (advanced backlink tracking bot; https://serpstatbot.com/; abuse@serpstatbot.com)"
144.76.68.14 - - [16/Sep/2025:07:49:34 +0700] "GET /danh-muc/he-thong-giam-sat-quan-tac-bui-pm2-5-online/?product_order=desc HTTP/1.0" 200 114587 "-" "serpstatbot/2.1 (advanced backlink tracking bot; https://serpstatbot.com/; abuse@serpstatbot.com)"
144.76.68.14 - - [16/Sep/2025:07:49:50 +0700] "GET /danh-muc/he-thong-giam-sat-quan-tac-bui-pm2-5-online/?product_order=asc HTTP/1.0" 200 114569 "-" "serpstatbot/2.1 (advanced backlink tracking bot; https://serpstatbot.com/; abuse@serpstatbot.com)"
144.76.68.14 - - [16/Sep/2025:07:50:06 +0700] "GET /danh-muc/he-thong-giam-sat-quan-tac-bui-pm2-5-online/?product_count=96&product_order=desc HTTP/1.0" 200 114923 "-" "serpstatbot/2.1 (advanced backlink tracking bot; https://serpstatbot.com/; abuse@serpstatbot.com)"
144.76.68.14 - - [16/Sep/2025:07:50:21 +0700] "GET /danh-muc/he-thong-giam-sat-quan-tac-bui-pm2-5-online/?product_count=96 HTTP/1.0" 200 114479 "-" "serpstatbot/2.1 (advanced backlink tracking bot; https://serpstatbot.com/; abuse@serpstatbot.com)"
144.76.68.14 - - [16/Sep/2025:07:50:37 +0700] "GET /danh-muc/he-thong-giam-sat-quan-tac-bui-pm2-5-online/?product_count=64&product_order=desc HTTP/1.0" 200 114923 "-" "serpstatbot/2.1 (advanced backlink tracking bot; https://serpstatbot.com/; abuse@serpstatbot.com)"
144.76.68.14 - - [16/Sep/2025:07:50:55 +0700] "GET /danh-muc/he-thong-giam-sat-quan-tac-bui-pm2-5-online/?product_count=64 HTTP/1.0" 200 114479 "-" "serpstatbot/2.1 (advanced backlink tracking bot; https://serpstatbot.com/; abuse@serpstatbot.com)"
144.76.68.14 - - [16/Sep/2025:07:51:09 +0700] "GET /danh-muc/he-thong-giam-sat-quan-tac-bui-pm2-5-online/?product_count=32&product_order=desc HTTP/1.0" 200 114923 "-" "serpstatbot/2.1 (advanced backlink tracking bot; https://serpstatbot.com/; abuse@serpstatbot.com)"
144.76.68.14 - - [16/Sep/2025:07:51:26 +0700] "GET /danh-muc/he-thong-giam-sat-quan-tac-bui-pm2-5-online/?product_count=32 HTTP/1.0" 200 114479 "-" "serpstatbot/2.1 (advanced backlink tracking bot; https://serpstatbot.com/; abuse@serpstatbot.com)"
144.76.68.14 - - [16/Sep/2025:07:51:42 +0700] "GET /danh-muc/he-thong-giam-sat-quan-tac-bui-pm2-5-online/?product_brand= HTTP/1.0" 200 114519 "-" "serpstatbot/2.1 (advanced backlink tracking bot; https://serpstatbot.com/; abuse@serpstatbot.com)"
144.76.68.14 - - [16/Sep/2025:07:51:58 +0700] "GET /danh-muc/he-thong-giam-sat-quan-tac-bui-pm2-5-online/?orderby=rating&product_order=desc HTTP/1.0" 200 114827 "-" "serpstatbot/2.1 (advanced backlink tracking bot; https://serpstatbot.com/; abuse@serpstatbot.com)"
144.76.68.14 - - [16/Sep/2025:07:52:14 +0700] "GET /danh-muc/he-thong-giam-sat-quan-tac-bui-pm2-5-online/?orderby=rating HTTP/1.0" 200 114383 "-" "serpstatbot/2.1 (advanced backlink tracking bot; https://serpstatbot.com/; abuse@serpstatbot.com)"
144.76.68.14 - - [16/Sep/2025:07:52:29 +0700] "GET /danh-muc/he-thong-giam-sat-quan-tac-bui-pm2-5-online/?orderby=price&product_order=desc HTTP/1.0" 200 114784 "-" "serpstatbot/2.1 (advanced backlink tracking bot; https://serpstatbot.com/; abuse@serpstatbot.com)"
144.76.68.14 - - [16/Sep/2025:07:52:46 +0700] "GET /danh-muc/he-thong-giam-sat-quan-tac-bui-pm2-5-online/?orderby=price HTTP/1.0" 200 114369 "-" "serpstatbot/2.1 (advanced backlink tracking bot; https://serpstatbot.com/; abuse@serpstatbot.com)"
144.76.68.14 - - [16/Sep/2025:07:53:02 +0700] "GET /danh-muc/he-thong-giam-sat-quan-tac-bui-pm2-5-online/?orderby=popularity&product_order=desc HTTP/1.0" 200 114883 "-" "serpstatbot/2.1 (advanced backlink tracking bot; https://serpstatbot.com/; abuse@serpstatbot.com)"
144.76.68.14 - - [16/Sep/2025:07:53:18 +0700] "GET /danh-muc/he-thong-giam-sat-quan-tac-bui-pm2-5-online/?orderby=popularity HTTP/1.0" 200 114439 "-" "serpstatbot/2.1 (advanced backlink tracking bot; https://serpstatbot.com/; abuse@serpstatbot.com)"
144.76.68.14 - - [16/Sep/2025:07:53:33 +0700] "GET /danh-muc/he-thong-giam-sat-quan-tac-bui-pm2-5-online/?orderby=menu_order&product_order=desc HTTP/1.0" 200 114883 "-" "serpstatbot/2.1 (advanced backlink tracking bot; https://serpstatbot.com/; abuse@serpstatbot.com)"
144.76.68.14 - - [16/Sep/2025:07:53:50 +0700] "GET /danh-muc/he-thong-giam-sat-quan-tac-bui-pm2-5-online/?orderby=menu_order HTTP/1.0" 200 114439 "-" "serpstatbot/2.1 (advanced backlink tracking bot; https://serpstatbot.com/; abuse@serpstatbot.com)"
144.76.68.14 - - [16/Sep/2025:07:54:06 +0700] "GET /danh-muc/he-thong-giam-sat-quan-tac-bui-pm2-5-online/?orderby=date&product_order=desc HTTP/1.0" 200 114799 "-" "serpstatbot/2.1 (advanced backlink tracking bot; https://serpstatbot.com/; abuse@serpstatbot.com)"
144.76.68.14 - - [16/Sep/2025:07:54:21 +0700] "GET /danh-muc/he-thong-giam-sat-quan-tac-bui-pm2-5-online/?orderby=date HTTP/1.0" 200 114355 "-" "serpstatbot/2.1 (advanced backlink tracking bot; https://serpstatbot.com/; abuse@serpstatbot.com)"
144.76.68.14 - - [16/Sep/2025:07:54:36 +0700] "GET /danh-muc/he-thong-giam-sat-quan-tac-bui-pm2-5-online/?add_to_wishlist=10262&product_order=desc HTTP/1.0" 200 115245 "-" "serpstatbot/2.1 (advanced backlink tracking bot; https://serpstatbot.com/; abuse@serpstatbot.com)"
144.76.68.14 - - [16/Sep/2025:07:54:51 +0700] "GET /danh-muc/he-thong-giam-sat-quan-tac-bui-pm2-5-online/?add_to_wishlist=10262&product_count=96 HTTP/1.0" 200 115166 "-" "serpstatbot/2.1 (advanced backlink tracking bot; https://serpstatbot.com/; abuse@serpstatbot.com)"
144.76.68.14 - - [16/Sep/2025:07:55:08 +0700] "GET /danh-muc/he-thong-giam-sat-quan-tac-bui-pm2-5-online/?add_to_wishlist=10262&product_count=64 HTTP/1.0" 200 115166 "-" "serpstatbot/2.1 (advanced backlink tracking bot; https://serpstatbot.com/; abuse@serpstatbot.com)"
144.76.68.14 - - [16/Sep/2025:07:55:21 +0700] "GET /danh-muc/he-thong-giam-sat-quan-tac-bui-pm2-5-online/?add_to_wishlist=10262&product_count=32 HTTP/1.0" 200 115166 "-" "serpstatbot/2.1 (advanced backlink tracking bot; https://serpstatbot.com/; abuse@serpstatbot.com)"
144.76.68.14 - - [16/Sep/2025:07:55:35 +0700] "GET /danh-muc/he-thong-giam-sat-quan-tac-bui-pm2-5-online/?add_to_wishlist=10262&orderby=rating&product_order=desc HTTP/1.0" 200 115485 "-" "serpstatbot/2.1 (advanced backlink tracking bot; https://serpstatbot.com/; abuse@serpstatbot.com)"
144.76.68.14 - - [16/Sep/2025:07:55:53 +0700] "GET /danh-muc/he-thong-giam-sat-quan-tac-bui-pm2-5-online/?add_to_wishlist=10262&orderby=rating&product_count=96 HTTP/1.0" 200 115406 "-" "serpstatbot/2.1 (advanced backlink tracking bot; https://serpstatbot.com/; abuse@serpstatbot.com)"
144.76.68.14 - - [16/Sep/2025:07:56:14 +0700] "GET /danh-muc/he-thong-giam-sat-quan-tac-bui-pm2-5-online/?add_to_wishlist=10262&orderby=rating&product_count=64 HTTP/1.0" 200 115406 "-" "serpstatbot/2.1 (advanced backlink tracking bot; https://serpstatbot.com/; abuse@serpstatbot.com)"
144.76.68.14 - - [16/Sep/2025:07:56:21 +0700] "GET /danh-muc/he-thong-giam-sat-quan-tac-bui-pm2-5-online/?add_to_wishlist=10262&orderby=rating&product_count=32 HTTP/1.0" 200 115406 "-" "serpstatbot/2.1 (advanced backlink tracking bot; https://serpstatbot.com/; abuse@serpstatbot.com)"
144.76.68.14 - - [16/Sep/2025:07:56:35 +0700] "GET /danh-muc/he-thong-giam-sat-quan-tac-bui-pm2-5-online/?add_to_wishlist=10262&orderby=rating HTTP/1.0" 200 115070 "-" "serpstatbot/2.1 (advanced backlink tracking bot; https://serpstatbot.com/; abuse@serpstatbot.com)"
144.76.68.14 - - [16/Sep/2025:07:56:50 +0700] "GET /danh-muc/he-thong-giam-sat-quan-tac-bui-pm2-5-online/?add_to_wishlist=10262&orderby=price HTTP/1.0" 200 115056 "-" "serpstatbot/2.1 (advanced backlink tracking bot; https://serpstatbot.com/; abuse@serpstatbot.com)"
144.76.68.14 - - [16/Sep/2025:07:57:04 +0700] "GET /danh-muc/he-thong-giam-sat-quan-tac-bui-pm2-5-online/?add_to_wishlist=10262&orderby=popularity&product_order=desc HTTP/1.0" 200 115541 "-" "serpstatbot/2.1 (advanced backlink tracking bot; https://serpstatbot.com/; abuse@serpstatbot.com)"
